156.59.198.136 - - [17/Jan/2025:01:02:41 +0100] "GET /ed.activities.at/stats/lang/awstats-th.txt HTTP/1.0" 404 303 "-" "Mozilla/5.0 (Linux; Android 5.0) AppleWebKit/537.36 (KHTML, like Gecko) Mobile Safari/537.36 (compatible; Bytespider; spider-feedback@bytedance.com)"
156.59.198.135 - - [17/Jan/2025:01:06:40 +0100] "GET /renault.activities.at/htdocs/binaries/10444274.pdf HTTP/1.0" 404 311 "-" "Mozilla/5.0 (Linux; Android 5.0) AppleWebKit/537.36 (KHTML, like Gecko) Mobile Safari/537.36 (compatible; Bytespider; spider-feedback@bytedance.com)"
114.178.94.85 - - [17/Jan/2025:01:24:02 +0100] "GET / HTTP/1.0" 200 423 "-" "curl/7.88.1"
156.59.198.135 - - [17/Jan/2025:01:26:43 +0100] "GET /renault.activities.at/htdocs/binaries/10004943.pdf HTTP/1.0" 404 311 "-" "Mozilla/5.0 (Linux; Android 5.0) AppleWebKit/537.36 (KHTML, like Gecko) Mobile Safari/537.36 (compatible; Bytespider; spider-feedback@bytedance.com)"
164.52.24.188 - - [17/Jan/2025:01:30:02 +0100] "\x16\x03\x01\x02" 400 383 "-" "-"
164.52.24.188 - - [17/Jan/2025:01:30:23 +0100] "GET / HTTP/1.1" 200 423 "-" "Mozilla/5.0 (Windows NT 10.0; Win64; x64) AppleWebKit/537.36 (KHTML, like Gecko) Chrome/114.0.0.0 Safari/537.36"
156.59.198.136 - - [17/Jan/2025:01:30:43 +0100] "GET /ed.activities.at/stats/lang/awstats-nl.txt HTTP/1.0" 404 304 "-" "Mozilla/5.0 (Linux; Android 5.0) AppleWebKit/537.36 (KHTML, like Gecko) Mobile Safari/537.36 (compatible; Bytespider; spider-feedback@bytedance.com)"
46.19.138.234 - - [17/Jan/2025:01:31:13 +0100] "GET / HTTP/1.1" 200 274 "-" "Mozilla/5.0 (Windows NT 10.0; Win64; x64) AppleWebKit/537.36 (KHTML, like Gecko) Chrome/90.0.4430.85 Safari/537.36 Edg/90.0.818.46"
156.59.198.136 - - [17/Jan/2025:01:40:44 +0100] "GET /hausegger.activities.at/stats/lang/awstats-nn.txt HTTP/1.0" 404 308 "-" "Mozilla/5.0 (Linux; Android 5.0) AppleWebKit/537.36 (KHTML, like Gecko) Mobile Safari/537.36 (compatible; Bytespider; spider-feedback@bytedance.com)"
156.59.198.136 - - [17/Jan/2025:01:44:44 +0100] "GET /renault.activities.at/htdocs/export/xml/data/orders/202011031403_RenOrder.xml HTTP/1.0" 404 329 "-" "Mozilla/5.0 (Linux; Android 5.0) AppleWebKit/537.36 (KHTML, like Gecko) Mobile Safari/537.36 (compatible; Bytespider; spider-feedback@bytedance.com)"
156.59.198.135 - - [17/Jan/2025:02:04:45 +0100] "GET /renault.activities.at/htdocs/export/xml/data/orders/202110151003_RenOrder.xml HTTP/1.0" 404 328 "-" "Mozilla/5.0 (Linux; Android 5.0) AppleWebKit/537.36 (KHTML, like Gecko) Mobile Safari/537.36 (compatible; Bytespider; spider-feedback@bytedance.com)"
156.59.198.135 - - [17/Jan/2025:02:08:45 +0100] "GET /renault.activities.at/htdocs/export/xml/data/orders/202103231103_RenOrder.xml HTTP/1.0" 404 328 "-" "Mozilla/5.0 (Linux; Android 5.0) AppleWebKit/537.36 (KHTML, like Gecko) Mobile Safari/537.36 (compatible; Bytespider; spider-feedback@bytedance.com)"
206.168.34.68 - - [17/Jan/2025:02:12:41 +0100] "GET / HTTP/1.1" 200 423 "-" "-"
156.59.198.136 - - [17/Jan/2025:02:12:46 +0100] "GET /ed.activities.at/stats/lang/awstats-mk.txt HTTP/1.0" 404 304 "-" "Mozilla/5.0 (Linux; Android 5.0) AppleWebKit/537.36 (KHTML, like Gecko) Mobile Safari/537.36 (compatible; Bytespider; spider-feedback@bytedance.com)"
206.168.34.68 - - [17/Jan/2025:02:12:49 +0100] "GET / HTTP/1.1" 200 274 "-" "Mozilla/5.0 (compatible; CensysInspect/1.1; +https://about.censys.io/)"
206.168.34.68 - - [17/Jan/2025:02:12:51 +0100] "GET /activities.ico HTTP/1.1" 200 1406 "-" "Mozilla/5.0 (compatible; CensysInspect/1.1; +https://about.censys.io/)"
206.168.34.68 - - [17/Jan/2025:02:12:52 +0100] "GET /favicon.ico HTTP/1.1" 404 284 "-" "Mozilla/5.0 (compatible; CensysInspect/1.1; +https://about.censys.io/)"
206.168.34.68 - - [17/Jan/2025:02:12:53 +0100] "PRI * HTTP/2.0" 400 383 "-" "-"
87.120.115.34 - - [17/Jan/2025:02:17:51 +0100] "GET /.env HTTP/1.1" 404 280 "-" "Mozilla/5.0 (Macintosh; Intel Mac OS X 10_15_7) AppleWebKit/605.1.15 (KHTML, like Gecko) Version/17.2 Safari/605.3.17"
5.101.6.194 - - [17/Jan/2025:02:31:01 +0100] "GET / HTTP/1.0" 200 423 "-" "Mozilla/5.0 (Linux; U; Android 2.3.4; en-us; BNTV250 Build/GINGERBREAD) AppleWebKit/533.1 (KHTML, like Gecko) Version/4.0 Safari/533.1"
5.101.0.66 - - [17/Jan/2025:02:31:20 +0100] "GET /server-status HTTP/1.1" 403 286 "-" "Go-http-client/1.1"
5.101.0.66 - - [17/Jan/2025:02:31:20 +0100] "\x16\x03\x01\x05\xa8\x01" 400 383 "-" "-"
5.101.0.66 - - [17/Jan/2025:02:31:20 +0100] "GET /aaa9 HTTP/1.1" 404 280 "-" "Mozilla/5.0 (Windows NT 10.0; Win64; x64) AppleWebKit/537.36 (KHTML, like Gecko) Chrome/70.0.3538.77 Safari/537.36"
5.101.0.66 - - [17/Jan/2025:02:31:21 +0100] "\x16\x03\x01\x05\xa8\x01" 400 383 "-" "-"
5.101.0.66 - - [17/Jan/2025:02:31:21 +0100] "GET /aab9 HTTP/1.1" 404 280 "-" "Mozilla/5.0 (Windows NT 10.0; Win64; x64) AppleWebKit/537.36 (KHTML, like Gecko) Chrome/70.0.3538.77 Safari/537.36"
95.214.55.226 - - [17/Jan/2025:02:34:33 +0100] "GET / HTTP/1.1" 200 423 "-" "-"
104.152.52.236 - - [17/Jan/2025:02:39:45 +0100] "GET / HTTP/1.0" 200 423 "-" "masscan/1.3 (https://github.com/robertdavidgraham/masscan)"
156.59.198.136 - - [17/Jan/2025:02:52:38 +0100] "GET /renault.activities.at/htdocs/pinEdit/editor/help/userhelp-Dateien/image026.jpg HTTP/1.0" 404 327 "-" "Mozilla/5.0 (Linux; Android 5.0) AppleWebKit/537.36 (KHTML, like Gecko) Mobile Safari/537.36 (compatible; Bytespider; spider-feedback@bytedance.com)"
156.59.198.136 - - [17/Jan/2025:02:56:39 +0100] "GET /renault.activities.at/htdocs/binaries/10231944.pdf HTTP/1.0" 404 311 "-" "Mozilla/5.0 (Linux; Android 5.0) AppleWebKit/537.36 (KHTML, like Gecko) Mobile Safari/537.36 (compatible; Bytespider; spider-feedback@bytedance.com)"
156.59.198.136 - - [17/Jan/2025:03:00:39 +0100] "GET /renault.activities.at/htdocs/export/xml/data/orders/201911251703_RenOrder.xml HTTP/1.0" 404 329 "-" "Mozilla/5.0 (Linux; Android 5.0) AppleWebKit/537.36 (KHTML, like Gecko) Mobile Safari/537.36 (compatible; Bytespider; spider-feedback@bytedance.com)"
156.59.198.135 - - [17/Jan/2025:03:14:54 +0100] "GET /ed.activities.at/stats/lang/awstats-sk.txt HTTP/1.0" 404 304 "-" "Mozilla/5.0 (Linux; Android 5.0) AppleWebKit/537.36 (KHTML, like Gecko) Mobile Safari/537.36 (compatible; Bytespider; spider-feedback@bytedance.com)"
5.181.190.248 - - [17/Jan/2025:03:16:25 +0100] "GET /cgi-bin/luci/;stok=/locale?form=country&operation=read HTTP/1.1" 404 371 "-" "-"
156.59.198.135 - - [17/Jan/2025:03:18:54 +0100] "GET /renault.activities.at/htdocs/export/xml/data/orders/201910091303_RenOrder.xml HTTP/1.0" 404 328 "-" "Mozilla/5.0 (Linux; Android 5.0) AppleWebKit/537.36 (KHTML, like Gecko) Mobile Safari/537.36 (compatible; Bytespider; spider-feedback@bytedance.com)"
198.235.24.38 - - [17/Jan/2025:03:28:15 +0100] "\x16\x03\x01" 400 383 "-" "-"
198.235.24.38 - - [17/Jan/2025:03:28:15 +0100] "\x16\x03\x01" 400 383 "-" "-"
185.16.39.104 - - [17/Jan/2025:03:30:31 +0100] "GET / HTTP/1.1" 200 274 "-" "Mozilla/5.0 (Windows NT 10.0; Win64; x64) AppleWebKit/537.36 (KHTML, like Gecko) Chrome/90.0.4430.85 Safari/537.36 Edg/90.0.818.46"
156.59.198.136 - - [17/Jan/2025:03:32:32 +0100] "GET /renault.activities.at/htdocs/dompdf-master/www/test/images/png/pal_bk_notrns.png HTTP/1.0" 404 330 "-" "Mozilla/5.0 (Linux; Android 5.0) AppleWebKit/537.36 (KHTML, like Gecko) Mobile Safari/537.36 (compatible; Bytespider; spider-feedback@bytedance.com)"
156.59.198.136 - - [17/Jan/2025:03:36:33 +0100] "GET /renault.activities.at/htdocs/pinEdit/editor/help/userhelp-Dateien/image123.jpg HTTP/1.0" 404 328 "-" "Mozilla/5.0 (Linux; Android 5.0) AppleWebKit/537.36 (KHTML, like Gecko) Mobile Safari/537.36 (compatible; Bytespider; spider-feedback@bytedance.com)"
156.59.198.136 - - [17/Jan/2025:03:44:00 +0100] "GET /renault.activities.at/htdocs/binaries/10661192.pdf HTTP/1.0" 404 311 "-" "Mozilla/5.0 (Linux; Android 5.0) AppleWebKit/537.36 (KHTML, like Gecko) Mobile Safari/537.36 (compatible; Bytespider; spider-feedback@bytedance.com)"
156.59.198.135 - - [17/Jan/2025:03:48:00 +0100] "GET /ed.activities.at/stats/lang/awstats-cn.txt HTTP/1.0" 404 304 "-" "Mozilla/5.0 (Linux; Android 5.0) AppleWebKit/537.36 (KHTML, like Gecko) Mobile Safari/537.36 (compatible; Bytespider; spider-feedback@bytedance.com)"
95.214.55.185 - - [17/Jan/2025:03:50:39 +0100] "GET / HTTP/1.1" 200 274 "-" "Mozilla/5.0 (Windows NT 10.0; Win64; x64) AppleWebKit/537.36 (KHTML, like Gecko) Chrome/90.0.4430.85 Safari/537.36 Edg/90.0.818.46"
156.59.198.135 - - [17/Jan/2025:03:52:00 +0100] "GET /renault.activities.at/htdocs/export/xml/data/orders/202005141203_RenOrder.xml HTTP/1.0" 404 329 "-" "Mozilla/5.0 (Linux; Android 5.0) AppleWebKit/537.36 (KHTML, like Gecko) Mobile Safari/537.36 (compatible; Bytespider; spider-feedback@bytedance.com)"
139.162.71.210 - - [17/Jan/2025:03:57:25 +0100] "GET / HTTP/1.1" 200 274 "-" "Mozilla/5.0 zgrab/0.x"
193.34.212.75 - - [17/Jan/2025:04:09:55 +0100] "GET / HTTP/1.1" 200 274 "-" "Mozilla/5.0 (Windows NT 10.0; Win64; x64) AppleWebKit/537.36 (KHTML, like Gecko) Chrome/90.0.4430.85 Safari/537.36 Edg/90.0.818.46"
185.196.220.253 - - [17/Jan/2025:04:13:19 +0100] "GET / HTTP/1.1" 200 423 "-" "Hello World"
156.59.198.136 - - [17/Jan/2025:04:13:31 +0100] "GET /ed.activities.at/stats/lang/awstats-cy.txt HTTP/1.0" 404 304 "-" "Mozilla/5.0 (Linux; Android 5.0) AppleWebKit/537.36 (KHTML, like Gecko) Mobile Safari/537.36 (compatible; Bytespider; spider-feedback@bytedance.com)"
31.13.224.222 - - [17/Jan/2025:04:33:12 +0100] "GET /.env HTTP/1.1" 404 280 "-" "Mozilla/5.0 (Linux; Android 9; SM-G960U1) AppleWebKit/537.36 (KHTML, like Gecko) Chrome/76.0.3809.111 Mobile Safari/537.36"
185.16.39.104 - - [17/Jan/2025:04:36:56 +0100] "GET / HTTP/1.1" 200 274 "-" "Mozilla/5.0 (Windows NT 10.0; Win64; x64) AppleWebKit/537.36 (KHTML, like Gecko) Chrome/90.0.4430.85 Safari/537.36 Edg/90.0.818.46"
95.214.55.226 - - [17/Jan/2025:04:44:36 +0100] "GET / HTTP/1.1" 200 423 "-" "-"
45.94.31.93 - - [17/Jan/2025:04:59:32 +0100] "\x16\x03\x01\x01\x18\x01" 400 383 "-" "-"
45.94.31.93 - - [17/Jan/2025:04:59:32 +0100] "\x16\x03\x01\x01\x18\x01" 400 383 "-" "-"
156.59.198.136 - - [17/Jan/2025:05:15:32 +0100] "GET /renault.activities.at/htdocs/binaries/10462863.pdf HTTP/1.0" 404 312 "-" "Mozilla/5.0 (Linux; Android 5.0) AppleWebKit/537.36 (KHTML, like Gecko) Mobile Safari/537.36 (compatible; Bytespider; spider-feedback@bytedance.com)"
156.59.198.136 - - [17/Jan/2025:05:49:04 +0100] "GET /renault.activities.at/htdocs/export/xml/data/orders/202006081203_RenOrder.xml HTTP/1.0" 404 329 "-" "Mozilla/5.0 (Linux; Android 5.0) AppleWebKit/537.36 (KHTML, like Gecko) Mobile Safari/537.36 (compatible; Bytespider; spider-feedback@bytedance.com)"
205.210.31.132 - - [17/Jan/2025:05:50:00 +0100] "GET / HTTP/1.1" 200 423 "-" "Expanse, a Palo Alto Networks company, searches across the global IPv4 space multiple times per day to identify customers' presences on the Internet. If you would like to be excluded from our scans, please send IP addresses/domains to: scaninfo@paloaltonetworks.com"
156.59.198.135 - - [17/Jan/2025:05:53:04 +0100] "GET /docs/ecommlogistics/belege/STORNORE17-00010.PDF HTTP/1.0" 404 311 "-" "Mozilla/5.0 (Linux; Android 5.0) AppleWebKit/537.36 (KHTML, like Gecko) Mobile Safari/537.36 (compatible; Bytespider; spider-feedback@bytedance.com)"
179.43.191.146 - - [17/Jan/2025:05:57:34 +0100] "GET / HTTP/1.1" 200 274 "-" "Mozilla/5.0 (Windows NT 10.0; Win64; x64) AppleWebKit/537.36 (KHTML, like Gecko) Chrome/90.0.4430.85 Safari/537.36 Edg/90.0.818.46"
146.247.186.78 - - [17/Jan/2025:06:00:06 +0100] "GET /heh.php HTTP/1.1" 404 296 "www.google.com" "Mozlila/5.0 (Linux; Android 7.0; SM-G892A Bulid/NRD90M; wv) AppleWebKit/537.36 (KHTML, like Gecko) Version/4.0 Chrome/60.0.3112.107 Moblie Safari/537.36"
92.255.57.58 - - [17/Jan/2025:06:04:47 +0100] "GET /?XDEBUG_SESSION_START=phpstorm HTTP/1.1" 200 274 "-" "Mozilla/5.0 (Windows NT 10.0; Win64; x64) AppleWebKit/537.36 (KHTML, like Gecko) Chrome/78.0.3904.108 Safari/537.36"
47.128.44.248 - - [17/Jan/2025:06:05:06 +0100] "GET /robots.txt HTTP/1.1" 404 284 "-" "Mozilla/5.0 (Linux; Android 5.0) AppleWebKit/537.36 (KHTML, like Gecko) Mobile Safari/537.36 (compatible; Bytespider; spider-feedback@bytedance.com)"
5.181.190.248 - - [17/Jan/2025:06:12:57 +0100] "GET /cgi-bin/luci/;stok=/locale?form=country&operation=read HTTP/1.1" 404 371 "-" "-"
156.59.198.135 - - [17/Jan/2025:06:17:06 +0100] "GET /renault.activities.at/htdocs/pinEdit/editor/config/toolbar%20quick%20mode.txt HTTP/1.0" 404 325 "-" "Mozilla/5.0 (Linux; Android 5.0) AppleWebKit/537.36 (KHTML, like Gecko) Mobile Safari/537.36 (compatible; Bytespider; spider-feedback@bytedance.com)"
156.59.198.136 - - [17/Jan/2025:06:21:07 +0100] "GET /renault.activities.at/htdocs/export/xml/data/orders/202106021403_RenOrder.xml HTTP/1.0" 404 328 "-" "Mozilla/5.0 (Linux; Android 5.0) AppleWebKit/537.36 (KHTML, like Gecko) Mobile Safari/537.36 (compatible; Bytespider; spider-feedback@bytedance.com)"
47.128.23.1 - - [17/Jan/2025:06:25:07 +0100] "GET /robots.txt HTTP/1.1" 404 284 "-" "Mozilla/5.0 (Linux; Android 5.0) AppleWebKit/537.36 (KHTML, like Gecko) Mobile Safari/537.36 (compatible; Bytespider; spider-feedback@bytedance.com)"
47.128.54.124 - - [17/Jan/2025:06:29:08 +0100] "GET /robots.txt HTTP/1.1" 404 284 "-" "Mozilla/5.0 (Linux; Android 5.0) AppleWebKit/537.36 (KHTML, like Gecko) Mobile Safari/537.36 (compatible; Bytespider; spider-feedback@bytedance.com)"
159.223.205.208 - - [17/Jan/2025:06:30:18 +0100] "GET /.env HTTP/1.1" 404 280 "-" "Mozilla/5.0 (compatible; Konqueror/4.5; NetBSD 5.0.2; X11; amd64; en_US) KHTML/4.5.4 (like Gecko)"
159.223.205.208 - - [17/Jan/2025:06:30:41 +0100] "GET /.env HTTP/1.1" 404 280 "-" "Mozilla/5.0 (Linux; Android 7.0; EVA-L09) AppleWebKit/537.36 (KHTML, like Gecko) Chrome/76.0.3809.111 Mobile Safari/537.36"
47.128.49.128 - - [17/Jan/2025:06:33:07 +0100] "GET /robots.txt HTTP/1.1" 404 284 "-" "Mozilla/5.0 (Linux; Android 5.0) AppleWebKit/537.36 (KHTML, like Gecko) Mobile Safari/537.36 (compatible; Bytespider; spider-feedback@bytedance.com)"
92.255.57.58 - - [17/Jan/2025:06:52:39 +0100] "GET /actuator/gateway/routes HTTP/1.1" 404 293 "-" "Mozilla/5.0 (Windows NT 10.0; Win64; x64) AppleWebKit/537.36 (KHTML, like Gecko) Chrome/78.0.3904.108 Safari/537.36"
156.59.198.135 - - [17/Jan/2025:06:53:09 +0100] "GET /renault.activities.at/htdocs/export/xml/data/orders/202108181403_RenOrder.xml HTTP/1.0" 404 329 "-" "Mozilla/5.0 (Linux; Android 5.0) AppleWebKit/537.36 (KHTML, like Gecko) Mobile Safari/537.36 (compatible; Bytespider; spider-feedback@bytedance.com)"
156.59.198.136 - - [17/Jan/2025:06:57:09 +0100] "GET /docs/ecommlogistics/belege/GS16-000001.PDF HTTP/1.0" 404 306 "-" "Mozilla/5.0 (Linux; Android 5.0) AppleWebKit/537.36 (KHTML, like Gecko) Mobile Safari/537.36 (compatible; Bytespider; spider-feedback@bytedance.com)"
156.59.198.135 - - [17/Jan/2025:07:01:10 +0100] "GET /renault.activities.at/htdocs/export/xml/data/orders/202111081703_RenOrder.xml HTTP/1.0" 404 329 "-" "Mozilla/5.0 (Linux; Android 5.0) AppleWebKit/537.36 (KHTML, like Gecko) Mobile Safari/537.36 (compatible; Bytespider; spider-feedback@bytedance.com)"
34.76.26.137 - - [17/Jan/2025:07:04:36 +0100] "GET / HTTP/1.1" 200 274 "-" "python-requests/2.32.3"
180.252.152.215 - - [17/Jan/2025:07:17:21 +0100] "GET / HTTP/1.1" 200 423 "-" "Mozilla/5.0 (Windows NT 10.0; WOW64) AppleWebKit/537.36 (KHTML, like Gecko) Chrome/52.0.2743.116 Safari/537.36"
92.255.57.58 - - [17/Jan/2025:07:22:49 +0100] "\x16\x03\x01\x05\xa8\x01" 400 383 "-" "-"
46.19.138.234 - - [17/Jan/2025:07:32:20 +0100] "GET / HTTP/1.1" 200 274 "-" "Mozilla/5.0 (Windows NT 10.0; Win64; x64) AppleWebKit/537.36 (KHTML, like Gecko) Chrome/90.0.4430.85 Safari/537.36 Edg/90.0.818.46"
156.59.198.136 - - [17/Jan/2025:07:48:07 +0100] "GET /renault.activities.at/htdocs/binaries/10004867.pdf HTTP/1.0" 404 311 "-" "Mozilla/5.0 (Linux; Android 5.0) AppleWebKit/537.36 (KHTML, like Gecko) Mobile Safari/537.36 (compatible; Bytespider; spider-feedback@bytedance.com)"
156.59.198.136 - - [17/Jan/2025:07:52:07 +0100] "GET /hausegger.activities.at/stats/lang/awstats-sr.txt HTTP/1.0" 404 308 "-" "Mozilla/5.0 (Linux; Android 5.0) AppleWebKit/537.36 (KHTML, like Gecko) Mobile Safari/537.36 (compatible; Bytespider; spider-feedback@bytedance.com)"
156.59.198.136 - - [17/Jan/2025:07:56:08 +0100] "GET /renault.activities.at/htdocs/export/xml/data/orders/202103261403_RenOrder.xml HTTP/1.0" 404 329 "-" "Mozilla/5.0 (Linux; Android 5.0) AppleWebKit/537.36 (KHTML, like Gecko) Mobile Safari/537.36 (compatible; Bytespider; spider-feedback@bytedance.com)"
213.168.249.34 - - [17/Jan/2025:08:18:37 +0100] "GET / HTTP/1.1" 200 274 "-" "Mozilla/5.0 (Windows NT 6.1; WOW64; rv:8.0) Gecko/20100101 Firefox/8.0"
213.168.249.34 - - [17/Jan/2025:08:18:37 +0100] "\x16\x03\x01" 400 383 "-" "-"
213.168.249.34 - - [17/Jan/2025:08:18:38 +0100] "\x16\x03\x01" 400 383 "-" "-"
213.168.249.34 - - [17/Jan/2025:08:18:38 +0100] "\x16\x03\x01" 400 383 "-" "-"
156.59.198.136 - - [17/Jan/2025:08:27:55 +0100] "GET /renault.activities.at/htdocs/export/xml/data/orders/202104141103_RenOrder.xml HTTP/1.0" 404 328 "-" "Mozilla/5.0 (Linux; Android 5.0) AppleWebKit/537.36 (KHTML, like Gecko) Mobile Safari/537.36 (compatible; Bytespider; spider-feedback@bytedance.com)"
206.189.130.159 - - [17/Jan/2025:08:39:15 +0100] "GET / HTTP/1.1" 200 274 "-" "Mozilla/5.0 (compatible)"
206.189.130.159 - - [17/Jan/2025:08:39:15 +0100] "GET /activities.ico HTTP/1.1" 200 1406 "http://webmail.creativecube.at/" "Mozilla/5.0 (compatible)"
206.189.130.159 - - [17/Jan/2025:08:39:16 +0100] "GET /ads.txt HTTP/1.1" 404 289 "-" "Mozilla/5.0 (compatible)"
107.175.202.145 - - [17/Jan/2025:08:41:51 +0100] "POST /boaform/admin/formLogin HTTP/1.1" 404 293 "http://212.69.160.11:80/admin/login.asp" "Mozilla/5.0 (X11; Ubuntu; Linux x86_64; rv:71.0) Gecko/20100101 Firefox/71.0"
64.56.22.177 - - [17/Jan/2025:08:44:20 +0100] "GET / HTTP/1.0" 200 423 "-" "curl/7.88.1"
45.148.10.242 - - [17/Jan/2025:08:54:29 +0100] "GET / HTTP/1.1" 200 423 "-" "-"
198.235.24.203 - - [17/Jan/2025:09:05:05 +0100] "GET / HTTP/1.1" 200 274 "-" "Expanse, a Palo Alto Networks company, searches across the global IPv4 space multiple times per day to identify customers' presences on the Internet. If you would like to be excluded from our scans, please send IP addresses/domains to: scaninfo@paloaltonetworks.com"
147.185.132.132 - - [17/Jan/2025:09:06:50 +0100] "GET / HTTP/1.0" 200 423 "-" "Expanse, a Palo Alto Networks company, searches across the global IPv4 space multiple times per day to identify customers' presences on the Internet. If you would like to be excluded from our scans, please send IP addresses/domains to: scaninfo@paloaltonetworks.com"
5.181.190.248 - - [17/Jan/2025:09:11:57 +0100] "GET /cgi-bin/luci/;stok=/locale?form=country&operation=read HTTP/1.1" 404 371 "-" "-"
156.59.198.135 - - [17/Jan/2025:09:15:10 +0100] "GET /ed.activities.at/stats/lang/awstats-it.txt HTTP/1.0" 404 303 "-" "Mozilla/5.0 (Linux; Android 5.0) AppleWebKit/537.36 (KHTML, like Gecko) Mobile Safari/537.36 (compatible; Bytespider; spider-feedback@bytedance.com)"
87.120.115.34 - - [17/Jan/2025:09:17:02 +0100] "GET /_profiler/phpinfo HTTP/1.1" 404 289 "-" "Mozilla/5.0 (Windows NT 10.0; Win64; x64; rv:76.0) Gecko/20100101 Firefox/76.0"
156.59.198.136 - - [17/Jan/2025:09:19:10 +0100] "GET /ed.activities.at/stats/lang/awstats-pt.txt HTTP/1.0" 404 303 "-" "Mozilla/5.0 (Linux; Android 5.0) AppleWebKit/537.36 (KHTML, like Gecko) Mobile Safari/537.36 (compatible; Bytespider; spider-feedback@bytedance.com)"
156.59.198.136 - - [17/Jan/2025:09:23:10 +0100] "GET /ed.activities.at/stats/lang/awstats-de.txt HTTP/1.0" 404 303 "-" "Mozilla/5.0 (Linux; Android 5.0) AppleWebKit/537.36 (KHTML, like Gecko) Mobile Safari/537.36 (compatible; Bytespider; spider-feedback@bytedance.com)"
156.59.198.135 - - [17/Jan/2025:09:27:10 +0100] "GET /hausegger.activities.at/stats/lang/awstats-cn.txt HTTP/1.0" 404 308 "-" "Mozilla/5.0 (Linux; Android 5.0) AppleWebKit/537.36 (KHTML, like Gecko) Mobile Safari/537.36 (compatible; Bytespider; spider-feedback@bytedance.com)"
162.216.150.122 - - [17/Jan/2025:09:34:58 +0100] "GET / HTTP/1.1" 200 274 "-" "Expanse, a Palo Alto Networks company, searches across the global IPv4 space multiple times per day to identify customers' presences on the Internet. If you would like to be excluded from our scans, please send IP addresses/domains to: scaninfo@paloaltonetworks.com"
156.59.198.135 - - [17/Jan/2025:09:41:25 +0100] "GET /renault.activities.at/htdocs/binaries/10279334.pdf HTTP/1.0" 404 312 "-" "Mozilla/5.0 (Linux; Android 5.0) AppleWebKit/537.36 (KHTML, like Gecko) Mobile Safari/537.36 (compatible; Bytespider; spider-feedback@bytedance.com)"
178.215.236.132 - - [17/Jan/2025:09:47:20 +0100] "GET /.env HTTP/1.1" 404 280 "-" "Mozilla/5.0 (Macintosh; Intel Mac OS X 10_14_6) AppleWebKit/537.36 (KHTML, like Gecko) Chrome/75.0.3770.142 Safari/537.36"
178.165.176.49 - - [17/Jan/2025:09:57:15 +0100] "GET /layout.php HTTP/1.1" 200 815 "-" "Mozilla/5.0 (Windows NT 10.0; Win64; x64; rv:134.0) Gecko/20100101 Firefox/134.0"
178.165.176.49 - - [17/Jan/2025:09:57:16 +0100] "GET /entry.php?id=10273 HTTP/1.1" 200 1902 "http://hausegger.activities.at/layout.php" "Mozilla/5.0 (Windows NT 10.0; Win64; x64; rv:134.0) Gecko/20100101 Firefox/134.0"
178.165.176.49 - - [17/Jan/2025:09:57:16 +0100] "GET /entry.php?id=10270 HTTP/1.1" 200 908 "http://hausegger.activities.at/layout.php" "Mozilla/5.0 (Windows NT 10.0; Win64; x64; rv:134.0) Gecko/20100101 Firefox/134.0"
178.165.176.49 - - [17/Jan/2025:09:57:16 +0100] "GET /entry.php?id=10272 HTTP/1.1" 200 1159 "http://hausegger.activities.at/layout.php" "Mozilla/5.0 (Windows NT 10.0; Win64; x64; rv:134.0) Gecko/20100101 Firefox/134.0"
178.165.176.49 - - [17/Jan/2025:09:57:16 +0100] "GET /entry.php?id=11412 HTTP/1.1" 200 1759 "http://hausegger.activities.at/layout.php" "Mozilla/5.0 (Windows NT 10.0; Win64; x64; rv:134.0) Gecko/20100101 Firefox/134.0"
178.165.176.49 - - [17/Jan/2025:09:57:16 +0100] "GET /gui/javascript/form_form.js?1737104236 HTTP/1.1" 200 16206 "http://hausegger.activities.at/entry.php?id=10272" "Mozilla/5.0 (Windows NT 10.0; Win64; x64; rv:134.0) Gecko/20100101 Firefox/134.0"
178.165.176.49 - - [17/Jan/2025:09:57:16 +0100] "GET /gui/javascript/form_form.js?1737104236 HTTP/1.1" 200 16206 "http://hausegger.activities.at/entry.php?id=10273" "Mozilla/5.0 (Windows NT 10.0; Win64; x64; rv:134.0) Gecko/20100101 Firefox/134.0"
178.165.176.49 - - [17/Jan/2025:09:57:16 +0100] "GET /gui/javascript/form_form.js?1737104236 HTTP/1.1" 200 16206 "http://hausegger.activities.at/entry.php?id=10270" "Mozilla/5.0 (Windows NT 10.0; Win64; x64; rv:134.0) Gecko/20100101 Firefox/134.0"
178.165.176.49 - - [17/Jan/2025:09:57:16 +0100] "GET /gui/javascript/form_form.js?1737104236 HTTP/1.1" 200 16206 "http://hausegger.activities.at/entry.php?id=11412" "Mozilla/5.0 (Windows NT 10.0; Win64; x64; rv:134.0) Gecko/20100101 Firefox/134.0"
178.165.176.49 - - [17/Jan/2025:09:57:16 +0100] "GET /entry.php?id=10271& HTTP/1.1" 200 934 "http://hausegger.activities.at/entry.php?id=10272" "Mozilla/5.0 (Windows NT 10.0; Win64; x64; rv:134.0) Gecko/20100101 Firefox/134.0"
178.165.176.49 - - [17/Jan/2025:09:57:16 +0100] "GET /entry.php?id=10287 HTTP/1.1" 200 2396 "http://hausegger.activities.at/entry.php?id=11412" "Mozilla/5.0 (Windows NT 10.0; Win64; x64; rv:134.0) Gecko/20100101 Firefox/134.0"
178.165.176.49 - - [17/Jan/2025:09:57:17 +0100] "GET /gui/javascript/form_form.js?1737104237 HTTP/1.1" 200 16206 "http://hausegger.activities.at/entry.php?id=10287" "Mozilla/5.0 (Windows NT 10.0; Win64; x64; rv:134.0) Gecko/20100101 Firefox/134.0"
178.165.176.49 - - [17/Jan/2025:09:57:17 +0100] "GET /entry.php?id=10270& HTTP/1.1" 200 908 "http://hausegger.activities.at/entry.php?id=10287" "Mozilla/5.0 (Windows NT 10.0; Win64; x64; rv:134.0) Gecko/20100101 Firefox/134.0"
178.165.176.49 - - [17/Jan/2025:09:57:17 +0100] "GET /entry.php?id=10273& HTTP/1.1" 200 1902 "http://hausegger.activities.at/entry.php?id=10287" "Mozilla/5.0 (Windows NT 10.0; Win64; x64; rv:134.0) Gecko/20100101 Firefox/134.0"
178.165.176.49 - - [17/Jan/2025:09:57:18 +0100] "POST /entry.php?id=10287& HTTP/1.1" 200 1967 "http://hausegger.activities.at/entry.php?id=10287" "Mozilla/5.0 (Windows NT 10.0; Win64; x64; rv:134.0) Gecko/20100101 Firefox/134.0"
178.165.176.49 - - [17/Jan/2025:09:58:22 +0100] "GET /gui/javascript/form_form.js?1737104302 HTTP/1.1" 200 16206 "http://hausegger.activities.at/entry.php?id=10287&" "Mozilla/5.0 (Windows NT 10.0; Win64; x64; rv:134.0) Gecko/20100101 Firefox/134.0"
178.165.176.49 - - [17/Jan/2025:09:58:22 +0100] "GET /entry.php?id=10271& HTTP/1.1" 200 987 "http://hausegger.activities.at/entry.php?id=10272" "Mozilla/5.0 (Windows NT 10.0; Win64; x64; rv:134.0) Gecko/20100101 Firefox/134.0"
178.165.176.49 - - [17/Jan/2025:09:58:22 +0100] "GET /entry.php?id=10273& HTTP/1.1" 200 2012 "http://hausegger.activities.at/entry.php?id=10287&" "Mozilla/5.0 (Windows NT 10.0; Win64; x64; rv:134.0) Gecko/20100101 Firefox/134.0"
178.165.176.49 - - [17/Jan/2025:09:58:22 +0100] "GET /entry.php?id=10270&__app__=10006038 HTTP/1.1" 200 2230 "http://hausegger.activities.at/entry.php?id=10273&" "Mozilla/5.0 (Windows NT 10.0; Win64; x64; rv:134.0) Gecko/20100101 Firefox/134.0"
178.165.176.49 - - [17/Jan/2025:09:58:23 +0100] "GET /gui/javascript/form_form.js?1737104303 HTTP/1.1" 200 16206 "http://hausegger.activities.at/entry.php?id=10270&__app__=10006038" "Mozilla/5.0 (Windows NT 10.0; Win64; x64; rv:134.0) Gecko/20100101 Firefox/134.0"
178.165.176.49 - - [17/Jan/2025:09:58:23 +0100] "GET /undefined HTTP/1.1" 404 289 "http://hausegger.activities.at/entry.php?id=10270&__app__=10006038" "Mozilla/5.0 (Windows NT 10.0; Win64; x64; rv:134.0) Gecko/20100101 Firefox/134.0"
178.165.176.49 - - [17/Jan/2025:09:58:23 +0100] "GET /framework/webfx/style/toolbar/images/cbback.gif HTTP/1.1" 404 318 "http://hausegger.activities.at/framework/webfx/style/toolbar/cb2.css" "Mozilla/5.0 (Windows NT 10.0; Win64; x64; rv:134.0) Gecko/20100101 Firefox/134.0"
178.165.176.49 - - [17/Jan/2025:09:59:23 +0100] "GET /entry.php?id=10271&&ser=104302 HTTP/1.1" 200 988 "http://hausegger.activities.at/entry.php?id=10271&" "Mozilla/5.0 (Windows NT 10.0; Win64; x64; rv:134.0) Gecko/20100101 Firefox/134.0"
178.165.176.49 - - [17/Jan/2025:09:59:23 +0100] "GET /gui/javascript/form_form.js?1737104363 HTTP/1.1" 200 16206 "http://hausegger.activities.at/entry.php?id=10271&&ser=104302" "Mozilla/5.0 (Windows NT 10.0; Win64; x64; rv:134.0) Gecko/20100101 Firefox/134.0"
178.165.176.49 - - [17/Jan/2025:10:00:23 +0100] "GET /entry.php?id=10271&&ser=104363 HTTP/1.1" 200 987 "http://hausegger.activities.at/entry.php?id=10271&&ser=104302" "Mozilla/5.0 (Windows NT 10.0; Win64; x64; rv:134.0) Gecko/20100101 Firefox/134.0"
178.165.176.49 - - [17/Jan/2025:10:00:23 +0100] "GET /gui/javascript/form_form.js?1737104423 HTTP/1.1" 200 16206 "http://hausegger.activities.at/entry.php?id=10271&&ser=104363" "Mozilla/5.0 (Windows NT 10.0; Win64; x64; rv:134.0) Gecko/20100101 Firefox/134.0"
178.165.176.49 - - [17/Jan/2025:10:01:23 +0100] "GET /entry.php?id=10271&&ser=104423 HTTP/1.1" 200 987 "http://hausegger.activities.at/entry.php?id=10271&&ser=104363" "Mozilla/5.0 (Windows NT 10.0; Win64; x64; rv:134.0) Gecko/20100101 Firefox/134.0"
178.165.176.49 - - [17/Jan/2025:10:01:23 +0100] "GET /gui/javascript/form_form.js?1737104483 HTTP/1.1" 200 16206 "http://hausegger.activities.at/entry.php?id=10271&&ser=104423" "Mozilla/5.0 (Windows NT 10.0; Win64; x64; rv:134.0) Gecko/20100101 Firefox/134.0"
178.165.176.49 - - [17/Jan/2025:10:02:26 +0100] "GET /entry.php?id=10271&&ser=104483 HTTP/1.1" 200 987 "http://hausegger.activities.at/entry.php?id=10271&&ser=104423" "Mozilla/5.0 (Windows NT 10.0; Win64; x64; rv:134.0) Gecko/20100101 Firefox/134.0"
178.165.176.49 - - [17/Jan/2025:10:02:27 +0100] "GET /gui/javascript/form_form.js?1737104547 HTTP/1.1" 200 16206 "http://hausegger.activities.at/entry.php?id=10271&&ser=104483" "Mozilla/5.0 (Windows NT 10.0; Win64; x64; rv:134.0) Gecko/20100101 Firefox/134.0"
156.59.198.136 - - [17/Jan/2025:10:03:24 +0100] "GET /docs/ecommlogistics/belege/STORNORE16-000008.PDF HTTP/1.0" 404 311 "-" "Mozilla/5.0 (Linux; Android 5.0) AppleWebKit/537.36 (KHTML, like Gecko) Mobile Safari/537.36 (compatible; Bytespider; spider-feedback@bytedance.com)"
178.165.176.49 - - [17/Jan/2025:10:03:27 +0100] "GET /entry.php?id=10271&&ser=104547 HTTP/1.1" 200 987 "http://hausegger.activities.at/entry.php?id=10271&&ser=104483" "Mozilla/5.0 (Windows NT 10.0; Win64; x64; rv:134.0) Gecko/20100101 Firefox/134.0"
178.165.176.49 - - [17/Jan/2025:10:03:27 +0100] "GET /gui/javascript/form_form.js?1737104607 HTTP/1.1" 200 16206 "http://hausegger.activities.at/entry.php?id=10271&&ser=104547" "Mozilla/5.0 (Windows NT 10.0; Win64; x64; rv:134.0) Gecko/20100101 Firefox/134.0"
178.165.176.49 - - [17/Jan/2025:10:04:27 +0100] "GET /entry.php?id=10271&&ser=104607 HTTP/1.1" 200 987 "http://hausegger.activities.at/entry.php?id=10271&&ser=104547" "Mozilla/5.0 (Windows NT 10.0; Win64; x64; rv:134.0) Gecko/20100101 Firefox/134.0"
178.165.176.49 - - [17/Jan/2025:10:04:27 +0100] "GET /gui/javascript/form_form.js?1737104667 HTTP/1.1" 200 16206 "http://hausegger.activities.at/entry.php?id=10271&&ser=104607" "Mozilla/5.0 (Windows NT 10.0; Win64; x64; rv:134.0) Gecko/20100101 Firefox/134.0"
178.165.176.49 - - [17/Jan/2025:10:05:27 +0100] "GET /entry.php?id=10271&&ser=104667 HTTP/1.1" 200 988 "http://hausegger.activities.at/entry.php?id=10271&&ser=104607" "Mozilla/5.0 (Windows NT 10.0; Win64; x64; rv:134.0) Gecko/20100101 Firefox/134.0"
178.165.176.49 - - [17/Jan/2025:10:05:28 +0100] "GET /gui/javascript/form_form.js?1737104727 HTTP/1.1" 200 16206 "http://hausegger.activities.at/entry.php?id=10271&&ser=104667" "Mozilla/5.0 (Windows NT 10.0; Win64; x64; rv:134.0) Gecko/20100101 Firefox/134.0"
178.165.176.49 - - [17/Jan/2025:10:06:28 +0100] "GET /entry.php?id=10271&&ser=104727 HTTP/1.1" 200 987 "http://hausegger.activities.at/entry.php?id=10271&&ser=104667" "Mozilla/5.0 (Windows NT 10.0; Win64; x64; rv:134.0) Gecko/20100101 Firefox/134.0"
178.165.176.49 - - [17/Jan/2025:10:06:28 +0100] "GET /gui/javascript/form_form.js?1737104788 HTTP/1.1" 200 16206 "http://hausegger.activities.at/entry.php?id=10271&&ser=104727" "Mozilla/5.0 (Windows NT 10.0; Win64; x64; rv:134.0) Gecko/20100101 Firefox/134.0"
156.59.198.136 - - [17/Jan/2025:10:07:25 +0100] "GET /renault.activities.at/htdocs/export/xml/data/orders/202109241603_RenOrder.xml HTTP/1.0" 404 329 "-" "Mozilla/5.0 (Linux; Android 5.0) AppleWebKit/537.36 (KHTML, like Gecko) Mobile Safari/537.36 (compatible; Bytespider; spider-feedback@bytedance.com)"
178.165.176.49 - - [17/Jan/2025:10:07:28 +0100] "GET /entry.php?id=10271&&ser=104788 HTTP/1.1" 200 987 "http://hausegger.activities.at/entry.php?id=10271&&ser=104727" "Mozilla/5.0 (Windows NT 10.0; Win64; x64; rv:134.0) Gecko/20100101 Firefox/134.0"
178.165.176.49 - - [17/Jan/2025:10:07:28 +0100] "GET /gui/javascript/form_form.js?1737104848 HTTP/1.1" 200 16206 "http://hausegger.activities.at/entry.php?id=10271&&ser=104788" "Mozilla/5.0 (Windows NT 10.0; Win64; x64; rv:134.0) Gecko/20100101 Firefox/134.0"
178.165.176.49 - - [17/Jan/2025:10:08:28 +0100] "GET /entry.php?id=10271&&ser=104848 HTTP/1.1" 200 987 "http://hausegger.activities.at/entry.php?id=10271&&ser=104788" "Mozilla/5.0 (Windows NT 10.0; Win64; x64; rv:134.0) Gecko/20100101 Firefox/134.0"
178.165.176.49 - - [17/Jan/2025:10:08:28 +0100] "GET /gui/javascript/form_form.js?1737104908 HTTP/1.1" 200 16206 "http://hausegger.activities.at/entry.php?id=10271&&ser=104848" "Mozilla/5.0 (Windows NT 10.0; Win64; x64; rv:134.0) Gecko/20100101 Firefox/134.0"
178.165.176.49 - - [17/Jan/2025:10:09:29 +0100] "GET /entry.php?id=10271&&ser=104908 HTTP/1.1" 200 987 "http://hausegger.activities.at/entry.php?id=10271&&ser=104848" "Mozilla/5.0 (Windows NT 10.0; Win64; x64; rv:134.0) Gecko/20100101 Firefox/134.0"
178.165.176.49 - - [17/Jan/2025:10:09:29 +0100] "GET /gui/javascript/form_form.js?1737104969 HTTP/1.1" 200 16206 "http://hausegger.activities.at/entry.php?id=10271&&ser=104908" "Mozilla/5.0 (Windows NT 10.0; Win64; x64; rv:134.0) Gecko/20100101 Firefox/134.0"
178.165.176.49 - - [17/Jan/2025:10:10:29 +0100] "GET /entry.php?id=10271&&ser=104969 HTTP/1.1" 200 987 "http://hausegger.activities.at/entry.php?id=10271&&ser=104908" "Mozilla/5.0 (Windows NT 10.0; Win64; x64; rv:134.0) Gecko/20100101 Firefox/134.0"
178.165.176.49 - - [17/Jan/2025:10:10:29 +0100] "GET /gui/javascript/form_form.js?1737105029 HTTP/1.1" 200 16206 "http://hausegger.activities.at/entry.php?id=10271&&ser=104969" "Mozilla/5.0 (Windows NT 10.0; Win64; x64; rv:134.0) Gecko/20100101 Firefox/134.0"
178.165.176.49 - - [17/Jan/2025:10:11:29 +0100] "GET /entry.php?id=10271&&ser=105029 HTTP/1.1" 200 987 "http://hausegger.activities.at/entry.php?id=10271&&ser=104969" "Mozilla/5.0 (Windows NT 10.0; Win64; x64; rv:134.0) Gecko/20100101 Firefox/134.0"
178.165.176.49 - - [17/Jan/2025:10:11:29 +0100] "GET /gui/javascript/form_form.js?1737105089 HTTP/1.1" 200 16206 "http://hausegger.activities.at/entry.php?id=10271&&ser=105029" "Mozilla/5.0 (Windows NT 10.0; Win64; x64; rv:134.0) Gecko/20100101 Firefox/134.0"
178.165.176.49 - - [17/Jan/2025:10:12:29 +0100] "GET /entry.php?id=10271&&ser=105089 HTTP/1.1" 200 988 "http://hausegger.activities.at/entry.php?id=10271&&ser=105029" "Mozilla/5.0 (Windows NT 10.0; Win64; x64; rv:134.0) Gecko/20100101 Firefox/134.0"
178.165.176.49 - - [17/Jan/2025:10:12:30 +0100] "GET /gui/javascript/form_form.js?1737105150 HTTP/1.1" 200 16206 "http://hausegger.activities.at/entry.php?id=10271&&ser=105089" "Mozilla/5.0 (Windows NT 10.0; Win64; x64; rv:134.0) Gecko/20100101 Firefox/134.0"
178.165.176.49 - - [17/Jan/2025:10:13:30 +0100] "GET /entry.php?id=10271&&ser=105150 HTTP/1.1" 200 987 "http://hausegger.activities.at/entry.php?id=10271&&ser=105089" "Mozilla/5.0 (Windows NT 10.0; Win64; x64; rv:134.0) Gecko/20100101 Firefox/134.0"
178.165.176.49 - - [17/Jan/2025:10:13:30 +0100] "GET /gui/javascript/form_form.js?1737105210 HTTP/1.1" 200 16206 "http://hausegger.activities.at/entry.php?id=10271&&ser=105150" "Mozilla/5.0 (Windows NT 10.0; Win64; x64; rv:134.0) Gecko/20100101 Firefox/134.0"
178.165.176.49 - - [17/Jan/2025:10:14:30 +0100] "GET /entry.php?id=10271&&ser=105210 HTTP/1.1" 200 987 "http://hausegger.activities.at/entry.php?id=10271&&ser=105150" "Mozilla/5.0 (Windows NT 10.0; Win64; x64; rv:134.0) Gecko/20100101 Firefox/134.0"
178.165.176.49 - - [17/Jan/2025:10:14:30 +0100] "GET /gui/javascript/form_form.js?1737105270 HTTP/1.1" 200 16206 "http://hausegger.activities.at/entry.php?id=10271&&ser=105210" "Mozilla/5.0 (Windows NT 10.0; Win64; x64; rv:134.0) Gecko/20100101 Firefox/134.0"
178.165.176.49 - - [17/Jan/2025:10:15:30 +0100] "GET /entry.php?id=10271&&ser=105270 HTTP/1.1" 200 988 "http://hausegger.activities.at/entry.php?id=10271&&ser=105210" "Mozilla/5.0 (Windows NT 10.0; Win64; x64; rv:134.0) Gecko/20100101 Firefox/134.0"
178.165.176.49 - - [17/Jan/2025:10:15:30 +0100] "GET /gui/javascript/form_form.js?1737105330 HTTP/1.1" 200 16206 "http://hausegger.activities.at/entry.php?id=10271&&ser=105270" "Mozilla/5.0 (Windows NT 10.0; Win64; x64; rv:134.0) Gecko/20100101 Firefox/134.0"
178.165.176.49 - - [17/Jan/2025:10:16:31 +0100] "GET /entry.php?id=10271&&ser=105330 HTTP/1.1" 200 987 "http://hausegger.activities.at/entry.php?id=10271&&ser=105270" "Mozilla/5.0 (Windows NT 10.0; Win64; x64; rv:134.0) Gecko/20100101 Firefox/134.0"
178.165.176.49 - - [17/Jan/2025:10:16:31 +0100] "GET /gui/javascript/form_form.js?1737105391 HTTP/1.1" 200 16206 "http://hausegger.activities.at/entry.php?id=10271&&ser=105330" "Mozilla/5.0 (Windows NT 10.0; Win64; x64; rv:134.0) Gecko/20100101 Firefox/134.0"
178.165.176.49 - - [17/Jan/2025:10:17:31 +0100] "GET /entry.php?id=10271&&ser=105391 HTTP/1.1" 200 987 "http://hausegger.activities.at/entry.php?id=10271&&ser=105330" "Mozilla/5.0 (Windows NT 10.0; Win64; x64; rv:134.0) Gecko/20100101 Firefox/134.0"
178.165.176.49 - - [17/Jan/2025:10:17:31 +0100] "GET /gui/javascript/form_form.js?1737105451 HTTP/1.1" 200 16206 "http://hausegger.activities.at/entry.php?id=10271&&ser=105391" "Mozilla/5.0 (Windows NT 10.0; Win64; x64; rv:134.0) Gecko/20100101 Firefox/134.0"
178.165.176.49 - - [17/Jan/2025:10:18:31 +0100] "GET /entry.php?id=10271&&ser=105451 HTTP/1.1" 200 987 "http://hausegger.activities.at/entry.php?id=10271&&ser=105391" "Mozilla/5.0 (Windows NT 10.0; Win64; x64; rv:134.0) Gecko/20100101 Firefox/134.0"
178.165.176.49 - - [17/Jan/2025:10:18:31 +0100] "GET /gui/javascript/form_form.js?1737105511 HTTP/1.1" 200 16206 "http://hausegger.activities.at/entry.php?id=10271&&ser=105451" "Mozilla/5.0 (Windows NT 10.0; Win64; x64; rv:134.0) Gecko/20100101 Firefox/134.0"
178.165.176.49 - - [17/Jan/2025:10:19:31 +0100] "GET /entry.php?id=10271&&ser=105511 HTTP/1.1" 200 988 "http://hausegger.activities.at/entry.php?id=10271&&ser=105451" "Mozilla/5.0 (Windows NT 10.0; Win64; x64; rv:134.0) Gecko/20100101 Firefox/134.0"
178.165.176.49 - - [17/Jan/2025:10:19:32 +0100] "GET /gui/javascript/form_form.js?1737105572 HTTP/1.1" 200 16206 "http://hausegger.activities.at/entry.php?id=10271&&ser=105511" "Mozilla/5.0 (Windows NT 10.0; Win64; x64; rv:134.0) Gecko/20100101 Firefox/134.0"
178.165.176.49 - - [17/Jan/2025:10:20:32 +0100] "GET /entry.php?id=10271&&ser=105572 HTTP/1.1" 200 987 "http://hausegger.activities.at/entry.php?id=10271&&ser=105511" "Mozilla/5.0 (Windows NT 10.0; Win64; x64; rv:134.0) Gecko/20100101 Firefox/134.0"
178.165.176.49 - - [17/Jan/2025:10:20:32 +0100] "GET /gui/javascript/form_form.js?1737105632 HTTP/1.1" 200 16206 "http://hausegger.activities.at/entry.php?id=10271&&ser=105572" "Mozilla/5.0 (Windows NT 10.0; Win64; x64; rv:134.0) Gecko/20100101 Firefox/134.0"
178.165.176.49 - - [17/Jan/2025:10:21:32 +0100] "GET /entry.php?id=10271&&ser=105632 HTTP/1.1" 200 987 "http://hausegger.activities.at/entry.php?id=10271&&ser=105572" "Mozilla/5.0 (Windows NT 10.0; Win64; x64; rv:134.0) Gecko/20100101 Firefox/134.0"
178.165.176.49 - - [17/Jan/2025:10:21:32 +0100] "GET /gui/javascript/form_form.js?1737105692 HTTP/1.1" 200 16206 "http://hausegger.activities.at/entry.php?id=10271&&ser=105632" "Mozilla/5.0 (Windows NT 10.0; Win64; x64; rv:134.0) Gecko/20100101 Firefox/134.0"
178.165.176.49 - - [17/Jan/2025:10:22:32 +0100] "GET /entry.php?id=10271&&ser=105692 HTTP/1.1" 200 988 "http://hausegger.activities.at/entry.php?id=10271&&ser=105632" "Mozilla/5.0 (Windows NT 10.0; Win64; x64; rv:134.0) Gecko/20100101 Firefox/134.0"
178.165.176.49 - - [17/Jan/2025:10:22:33 +0100] "GET /gui/javascript/form_form.js?1737105752 HTTP/1.1" 200 16206 "http://hausegger.activities.at/entry.php?id=10271&&ser=105692" "Mozilla/5.0 (Windows NT 10.0; Win64; x64; rv:134.0) Gecko/20100101 Firefox/134.0"
178.165.176.49 - - [17/Jan/2025:10:23:33 +0100] "GET /entry.php?id=10271&&ser=105752 HTTP/1.1" 200 987 "http://hausegger.activities.at/entry.php?id=10271&&ser=105692" "Mozilla/5.0 (Windows NT 10.0; Win64; x64; rv:134.0) Gecko/20100101 Firefox/134.0"
178.165.176.49 - - [17/Jan/2025:10:23:33 +0100] "GET /gui/javascript/form_form.js?1737105813 HTTP/1.1" 200 16206 "http://hausegger.activities.at/entry.php?id=10271&&ser=105752" "Mozilla/5.0 (Windows NT 10.0; Win64; x64; rv:134.0) Gecko/20100101 Firefox/134.0"
178.165.176.49 - - [17/Jan/2025:10:24:33 +0100] "GET /entry.php?id=10271&&ser=105813 HTTP/1.1" 200 987 "http://hausegger.activities.at/entry.php?id=10271&&ser=105752" "Mozilla/5.0 (Windows NT 10.0; Win64; x64; rv:134.0) Gecko/20100101 Firefox/134.0"
178.165.176.49 - - [17/Jan/2025:10:24:33 +0100] "GET /gui/javascript/form_form.js?1737105873 HTTP/1.1" 200 16206 "http://hausegger.activities.at/entry.php?id=10271&&ser=105813" "Mozilla/5.0 (Windows NT 10.0; Win64; x64; rv:134.0) Gecko/20100101 Firefox/134.0"
178.165.176.49 - - [17/Jan/2025:10:25:33 +0100] "GET /entry.php?id=10271&&ser=105873 HTTP/1.1" 200 988 "http://hausegger.activities.at/entry.php?id=10271&&ser=105813" "Mozilla/5.0 (Windows NT 10.0; Win64; x64; rv:134.0) Gecko/20100101 Firefox/134.0"
178.165.176.49 - - [17/Jan/2025:10:25:33 +0100] "GET /gui/javascript/form_form.js?1737105933 HTTP/1.1" 200 16206 "http://hausegger.activities.at/entry.php?id=10271&&ser=105873" "Mozilla/5.0 (Windows NT 10.0; Win64; x64; rv:134.0) Gecko/20100101 Firefox/134.0"
178.165.176.49 - - [17/Jan/2025:10:26:34 +0100] "GET /entry.php?id=10271&&ser=105933 HTTP/1.1" 200 987 "http://hausegger.activities.at/entry.php?id=10271&&ser=105873" "Mozilla/5.0 (Windows NT 10.0; Win64; x64; rv:134.0) Gecko/20100101 Firefox/134.0"
178.165.176.49 - - [17/Jan/2025:10:26:34 +0100] "GET /gui/javascript/form_form.js?1737105994 HTTP/1.1" 200 16206 "http://hausegger.activities.at/entry.php?id=10271&&ser=105933" "Mozilla/5.0 (Windows NT 10.0; Win64; x64; rv:134.0) Gecko/20100101 Firefox/134.0"
178.165.176.49 - - [17/Jan/2025:10:27:34 +0100] "GET /entry.php?id=10271&&ser=105994 HTTP/1.1" 200 987 "http://hausegger.activities.at/entry.php?id=10271&&ser=105933" "Mozilla/5.0 (Windows NT 10.0; Win64; x64; rv:134.0) Gecko/20100101 Firefox/134.0"
178.165.176.49 - - [17/Jan/2025:10:27:34 +0100] "GET /gui/javascript/form_form.js?1737106054 HTTP/1.1" 200 16206 "http://hausegger.activities.at/entry.php?id=10271&&ser=105994" "Mozilla/5.0 (Windows NT 10.0; Win64; x64; rv:134.0) Gecko/20100101 Firefox/134.0"
178.165.176.49 - - [17/Jan/2025:10:28:34 +0100] "GET /entry.php?id=10271&&ser=106054 HTTP/1.1" 200 986 "http://hausegger.activities.at/entry.php?id=10271&&ser=105994" "Mozilla/5.0 (Windows NT 10.0; Win64; x64; rv:134.0) Gecko/20100101 Firefox/134.0"
178.165.176.49 - - [17/Jan/2025:10:28:34 +0100] "GET /gui/javascript/form_form.js?1737106114 HTTP/1.1" 200 16206 "http://hausegger.activities.at/entry.php?id=10271&&ser=106054" "Mozilla/5.0 (Windows NT 10.0; Win64; x64; rv:134.0) Gecko/20100101 Firefox/134.0"
178.165.176.49 - - [17/Jan/2025:10:29:34 +0100] "GET /entry.php?id=10271&&ser=106114 HTTP/1.1" 200 987 "http://hausegger.activities.at/entry.php?id=10271&&ser=106054" "Mozilla/5.0 (Windows NT 10.0; Win64; x64; rv:134.0) Gecko/20100101 Firefox/134.0"
178.165.176.49 - - [17/Jan/2025:10:29:35 +0100] "GET /gui/javascript/form_form.js?1737106175 HTTP/1.1" 200 16206 "http://hausegger.activities.at/entry.php?id=10271&&ser=106114" "Mozilla/5.0 (Windows NT 10.0; Win64; x64; rv:134.0) Gecko/20100101 Firefox/134.0"
178.165.176.49 - - [17/Jan/2025:10:30:35 +0100] "GET /entry.php?id=10271&&ser=106175 HTTP/1.1" 200 986 "http://hausegger.activities.at/entry.php?id=10271&&ser=106114" "Mozilla/5.0 (Windows NT 10.0; Win64; x64; rv:134.0) Gecko/20100101 Firefox/134.0"
178.165.176.49 - - [17/Jan/2025:10:30:35 +0100] "GET /gui/javascript/form_form.js?1737106235 HTTP/1.1" 200 16206 "http://hausegger.activities.at/entry.php?id=10271&&ser=106175" "Mozilla/5.0 (Windows NT 10.0; Win64; x64; rv:134.0) Gecko/20100101 Firefox/134.0"
178.165.176.49 - - [17/Jan/2025:10:31:35 +0100] "GET /entry.php?id=10271&&ser=106235 HTTP/1.1" 200 987 "http://hausegger.activities.at/entry.php?id=10271&&ser=106175" "Mozilla/5.0 (Windows NT 10.0; Win64; x64; rv:134.0) Gecko/20100101 Firefox/134.0"
178.165.176.49 - - [17/Jan/2025:10:31:35 +0100] "GET /gui/javascript/form_form.js?1737106295 HTTP/1.1" 200 16206 "http://hausegger.activities.at/entry.php?id=10271&&ser=106235" "Mozilla/5.0 (Windows NT 10.0; Win64; x64; rv:134.0) Gecko/20100101 Firefox/134.0"
178.165.176.49 - - [17/Jan/2025:10:32:35 +0100] "GET /entry.php?id=10271&&ser=106295 HTTP/1.1" 200 988 "http://hausegger.activities.at/entry.php?id=10271&&ser=106235" "Mozilla/5.0 (Windows NT 10.0; Win64; x64; rv:134.0) Gecko/20100101 Firefox/134.0"
178.165.176.49 - - [17/Jan/2025:10:32:35 +0100] "GET /gui/javascript/form_form.js?1737106355 HTTP/1.1" 200 16206 "http://hausegger.activities.at/entry.php?id=10271&&ser=106295" "Mozilla/5.0 (Windows NT 10.0; Win64; x64; rv:134.0) Gecko/20100101 Firefox/134.0"
178.165.176.49 - - [17/Jan/2025:10:33:36 +0100] "GET /entry.php?id=10271&&ser=106355 HTTP/1.1" 200 987 "http://hausegger.activities.at/entry.php?id=10271&&ser=106295" "Mozilla/5.0 (Windows NT 10.0; Win64; x64; rv:134.0) Gecko/20100101 Firefox/134.0"
178.165.176.49 - - [17/Jan/2025:10:33:36 +0100] "GET /gui/javascript/form_form.js?1737106416 HTTP/1.1" 200 16206 "http://hausegger.activities.at/entry.php?id=10271&&ser=106355" "Mozilla/5.0 (Windows NT 10.0; Win64; x64; rv:134.0) Gecko/20100101 Firefox/134.0"
178.165.176.49 - - [17/Jan/2025:10:34:36 +0100] "GET /entry.php?id=10271&&ser=106416 HTTP/1.1" 200 987 "http://hausegger.activities.at/entry.php?id=10271&&ser=106355" "Mozilla/5.0 (Windows NT 10.0; Win64; x64; rv:134.0) Gecko/20100101 Firefox/134.0"
178.165.176.49 - - [17/Jan/2025:10:34:36 +0100] "GET /gui/javascript/form_form.js?1737106476 HTTP/1.1" 200 16206 "http://hausegger.activities.at/entry.php?id=10271&&ser=106416" "Mozilla/5.0 (Windows NT 10.0; Win64; x64; rv:134.0) Gecko/20100101 Firefox/134.0"
178.165.176.49 - - [17/Jan/2025:10:35:36 +0100] "GET /entry.php?id=10271&&ser=106476 HTTP/1.1" 200 987 "http://hausegger.activities.at/entry.php?id=10271&&ser=106416" "Mozilla/5.0 (Windows NT 10.0; Win64; x64; rv:134.0) Gecko/20100101 Firefox/134.0"
178.165.176.49 - - [17/Jan/2025:10:35:36 +0100] "GET /gui/javascript/form_form.js?1737106536 HTTP/1.1" 200 16206 "http://hausegger.activities.at/entry.php?id=10271&&ser=106476" "Mozilla/5.0 (Windows NT 10.0; Win64; x64; rv:134.0) Gecko/20100101 Firefox/134.0"
178.165.176.49 - - [17/Jan/2025:10:36:37 +0100] "GET /entry.php?id=10271&&ser=106536 HTTP/1.1" 200 987 "http://hausegger.activities.at/entry.php?id=10271&&ser=106476" "Mozilla/5.0 (Windows NT 10.0; Win64; x64; rv:134.0) Gecko/20100101 Firefox/134.0"
178.165.176.49 - - [17/Jan/2025:10:36:37 +0100] "GET /gui/javascript/form_form.js?1737106597 HTTP/1.1" 200 16206 "http://hausegger.activities.at/entry.php?id=10271&&ser=106536" "Mozilla/5.0 (Windows NT 10.0; Win64; x64; rv:134.0) Gecko/20100101 Firefox/134.0"
178.165.176.49 - - [17/Jan/2025:10:37:37 +0100] "GET /entry.php?id=10271&&ser=106597 HTTP/1.1" 200 986 "http://hausegger.activities.at/entry.php?id=10271&&ser=106536" "Mozilla/5.0 (Windows NT 10.0; Win64; x64; rv:134.0) Gecko/20100101 Firefox/134.0"
178.165.176.49 - - [17/Jan/2025:10:37:37 +0100] "GET /gui/javascript/form_form.js?1737106657 HTTP/1.1" 200 16206 "http://hausegger.activities.at/entry.php?id=10271&&ser=106597" "Mozilla/5.0 (Windows NT 10.0; Win64; x64; rv:134.0) Gecko/20100101 Firefox/134.0"
178.165.176.49 - - [17/Jan/2025:10:38:37 +0100] "GET /entry.php?id=10271&&ser=106657 HTTP/1.1" 200 987 "http://hausegger.activities.at/entry.php?id=10271&&ser=106597" "Mozilla/5.0 (Windows NT 10.0; Win64; x64; rv:134.0) Gecko/20100101 Firefox/134.0"
178.165.176.49 - - [17/Jan/2025:10:38:37 +0100] "GET /gui/javascript/form_form.js?1737106717 HTTP/1.1" 200 16206 "http://hausegger.activities.at/entry.php?id=10271&&ser=106657" "Mozilla/5.0 (Windows NT 10.0; Win64; x64; rv:134.0) Gecko/20100101 Firefox/134.0"
156.59.198.135 - - [17/Jan/2025:10:39:19 +0100] "GET /renault.activities.at/htdocs/pinEdit/editor/help/userhelp-Dateien/image073.jpg HTTP/1.0" 404 329 "-" "Mozilla/5.0 (Linux; Android 5.0) AppleWebKit/537.36 (KHTML, like Gecko) Mobile Safari/537.36 (compatible; Bytespider; spider-feedback@bytedance.com)"
178.165.176.49 - - [17/Jan/2025:10:39:37 +0100] "GET /entry.php?id=10271&&ser=106717 HTTP/1.1" 200 987 "http://hausegger.activities.at/entry.php?id=10271&&ser=106657" "Mozilla/5.0 (Windows NT 10.0; Win64; x64; rv:134.0) Gecko/20100101 Firefox/134.0"
178.165.176.49 - - [17/Jan/2025:10:39:38 +0100] "GET /gui/javascript/form_form.js?1737106777 HTTP/1.1" 200 16206 "http://hausegger.activities.at/entry.php?id=10271&&ser=106717" "Mozilla/5.0 (Windows NT 10.0; Win64; x64; rv:134.0) Gecko/20100101 Firefox/134.0"
178.165.176.49 - - [17/Jan/2025:10:40:38 +0100] "GET /entry.php?id=10271&&ser=106777 HTTP/1.1" 200 986 "http://hausegger.activities.at/entry.php?id=10271&&ser=106717" "Mozilla/5.0 (Windows NT 10.0; Win64; x64; rv:134.0) Gecko/20100101 Firefox/134.0"
178.165.176.49 - - [17/Jan/2025:10:40:38 +0100] "GET /gui/javascript/form_form.js?1737106838 HTTP/1.1" 200 16206 "http://hausegger.activities.at/entry.php?id=10271&&ser=106777" "Mozilla/5.0 (Windows NT 10.0; Win64; x64; rv:134.0) Gecko/20100101 Firefox/134.0"
178.165.176.49 - - [17/Jan/2025:10:41:38 +0100] "GET /entry.php?id=10271&&ser=106838 HTTP/1.1" 200 986 "http://hausegger.activities.at/entry.php?id=10271&&ser=106777" "Mozilla/5.0 (Windows NT 10.0; Win64; x64; rv:134.0) Gecko/20100101 Firefox/134.0"
178.165.176.49 - - [17/Jan/2025:10:41:38 +0100] "GET /gui/javascript/form_form.js?1737106898 HTTP/1.1" 200 16206 "http://hausegger.activities.at/entry.php?id=10271&&ser=106838" "Mozilla/5.0 (Windows NT 10.0; Win64; x64; rv:134.0) Gecko/20100101 Firefox/134.0"
178.165.176.49 - - [17/Jan/2025:10:42:38 +0100] "GET /entry.php?id=10271&&ser=106898 HTTP/1.1" 200 987 "http://hausegger.activities.at/entry.php?id=10271&&ser=106838" "Mozilla/5.0 (Windows NT 10.0; Win64; x64; rv:134.0) Gecko/20100101 Firefox/134.0"
178.165.176.49 - - [17/Jan/2025:10:42:38 +0100] "GET /gui/javascript/form_form.js?1737106958 HTTP/1.1" 200 16206 "http://hausegger.activities.at/entry.php?id=10271&&ser=106898" "Mozilla/5.0 (Windows NT 10.0; Win64; x64; rv:134.0) Gecko/20100101 Firefox/134.0"
178.165.176.49 - - [17/Jan/2025:10:43:39 +0100] "GET /entry.php?id=10271&&ser=106958 HTTP/1.1" 200 987 "http://hausegger.activities.at/entry.php?id=10271&&ser=106898" "Mozilla/5.0 (Windows NT 10.0; Win64; x64; rv:134.0) Gecko/20100101 Firefox/134.0"
178.165.176.49 - - [17/Jan/2025:10:43:39 +0100] "GET /gui/javascript/form_form.js?1737107019 HTTP/1.1" 200 16206 "http://hausegger.activities.at/entry.php?id=10271&&ser=106958" "Mozilla/5.0 (Windows NT 10.0; Win64; x64; rv:134.0) Gecko/20100101 Firefox/134.0"
