178.165.186.69 - - [23/Jan/2025:16:05:24 +0100] "GET /entry.php?id=10271&&ser=644664 HTTP/1.1" 200 987 "http://hausegger.activities.at/entry.php?id=10271&&ser=644603" "Mozilla/5.0 (Windows NT 10.0; Win64; x64; rv:134.0) Gecko/20100101 Firefox/134.0"
178.165.186.69 - - [23/Jan/2025:16:05:24 +0100] "GET /gui/javascript/form_form.js?1737644724 HTTP/1.1" 200 16206 "http://hausegger.activities.at/entry.php?id=10271&&ser=644664" "Mozilla/5.0 (Windows NT 10.0; Win64; x64; rv:134.0) Gecko/20100101 Firefox/134.0"
70.61.139.2 - - [23/Jan/2025:16:05:49 +0100] "GET / HTTP/1.0" 200 423 "-" "Mozilla/5.0 (Linux; U; Android 4.0.3; ko-kr; LG-L160L Build/IML74K) AppleWebkit/534.30 (KHTML, like Gecko) Version/4.0 Mobile Safari/534.30"
178.165.186.69 - - [23/Jan/2025:16:06:24 +0100] "GET /entry.php?id=10271&&ser=644724 HTTP/1.1" 200 986 "http://hausegger.activities.at/entry.php?id=10271&&ser=644664" "Mozilla/5.0 (Windows NT 10.0; Win64; x64; rv:134.0) Gecko/20100101 Firefox/134.0"
178.165.186.69 - - [23/Jan/2025:16:06:24 +0100] "GET /gui/javascript/form_form.js?1737644784 HTTP/1.1" 200 16206 "http://hausegger.activities.at/entry.php?id=10271&&ser=644724" "Mozilla/5.0 (Windows NT 10.0; Win64; x64; rv:134.0) Gecko/20100101 Firefox/134.0"
178.165.186.69 - - [23/Jan/2025:16:07:24 +0100] "GET /entry.php?id=10271&&ser=644784 HTTP/1.1" 200 987 "http://hausegger.activities.at/entry.php?id=10271&&ser=644724" "Mozilla/5.0 (Windows NT 10.0; Win64; x64; rv:134.0) Gecko/20100101 Firefox/134.0"
178.165.186.69 - - [23/Jan/2025:16:07:25 +0100] "GET /gui/javascript/form_form.js?1737644845 HTTP/1.1" 200 16206 "http://hausegger.activities.at/entry.php?id=10271&&ser=644784" "Mozilla/5.0 (Windows NT 10.0; Win64; x64; rv:134.0) Gecko/20100101 Firefox/134.0"
178.165.186.69 - - [23/Jan/2025:16:08:25 +0100] "GET /entry.php?id=10271&&ser=644845 HTTP/1.1" 200 987 "http://hausegger.activities.at/entry.php?id=10271&&ser=644784" "Mozilla/5.0 (Windows NT 10.0; Win64; x64; rv:134.0) Gecko/20100101 Firefox/134.0"
178.165.186.69 - - [23/Jan/2025:16:08:25 +0100] "GET /gui/javascript/form_form.js?1737644905 HTTP/1.1" 200 16206 "http://hausegger.activities.at/entry.php?id=10271&&ser=644845" "Mozilla/5.0 (Windows NT 10.0; Win64; x64; rv:134.0) Gecko/20100101 Firefox/134.0"
178.165.186.69 - - [23/Jan/2025:16:09:25 +0100] "GET /entry.php?id=10271&&ser=644905 HTTP/1.1" 200 987 "http://hausegger.activities.at/entry.php?id=10271&&ser=644845" "Mozilla/5.0 (Windows NT 10.0; Win64; x64; rv:134.0) Gecko/20100101 Firefox/134.0"
178.165.186.69 - - [23/Jan/2025:16:09:25 +0100] "GET /gui/javascript/form_form.js?1737644965 HTTP/1.1" 200 16206 "http://hausegger.activities.at/entry.php?id=10271&&ser=644905" "Mozilla/5.0 (Windows NT 10.0; Win64; x64; rv:134.0) Gecko/20100101 Firefox/134.0"
178.165.186.69 - - [23/Jan/2025:16:10:25 +0100] "GET /entry.php?id=10271&&ser=644965 HTTP/1.1" 200 987 "http://hausegger.activities.at/entry.php?id=10271&&ser=644905" "Mozilla/5.0 (Windows NT 10.0; Win64; x64; rv:134.0) Gecko/20100101 Firefox/134.0"
178.165.186.69 - - [23/Jan/2025:16:10:25 +0100] "GET /gui/javascript/form_form.js?1737645025 HTTP/1.1" 200 16206 "http://hausegger.activities.at/entry.php?id=10271&&ser=644965" "Mozilla/5.0 (Windows NT 10.0; Win64; x64; rv:134.0) Gecko/20100101 Firefox/134.0"
152.32.247.22 - - [23/Jan/2025:16:10:39 +0100] "GET / HTTP/1.1" 200 423 "-" "curl/7.29.0"
152.32.247.22 - - [23/Jan/2025:16:10:40 +0100] "\x16\x03\x01" 400 383 "-" "-"
152.32.247.22 - - [23/Jan/2025:16:10:41 +0100] "t3 12.1.2" 400 383 "-" "-"
156.59.198.135 - - [23/Jan/2025:16:10:47 +0100] "GET /ed.activities.at/stats/lang/awstats-ar.txt HTTP/1.0" 404 304 "-" "Mozilla/5.0 (Linux; Android 5.0) AppleWebKit/537.36 (KHTML, like Gecko) Mobile Safari/537.36 (compatible; Bytespider; spider-feedback@bytedance.com)"
178.165.186.69 - - [23/Jan/2025:16:11:26 +0100] "GET /entry.php?id=10271&&ser=645025 HTTP/1.1" 200 987 "http://hausegger.activities.at/entry.php?id=10271&&ser=644965" "Mozilla/5.0 (Windows NT 10.0; Win64; x64; rv:134.0) Gecko/20100101 Firefox/134.0"
178.165.186.69 - - [23/Jan/2025:16:11:26 +0100] "GET /gui/javascript/form_form.js?1737645086 HTTP/1.1" 200 16206 "http://hausegger.activities.at/entry.php?id=10271&&ser=645025" "Mozilla/5.0 (Windows NT 10.0; Win64; x64; rv:134.0) Gecko/20100101 Firefox/134.0"
5.181.190.248 - - [23/Jan/2025:16:11:58 +0100] "GET / HTTP/1.1" 200 423 "-" "-"
178.165.186.69 - - [23/Jan/2025:16:12:26 +0100] "GET /entry.php?id=10271&&ser=645086 HTTP/1.1" 200 987 "http://hausegger.activities.at/entry.php?id=10271&&ser=645025" "Mozilla/5.0 (Windows NT 10.0; Win64; x64; rv:134.0) Gecko/20100101 Firefox/134.0"
178.165.186.69 - - [23/Jan/2025:16:12:26 +0100] "GET /gui/javascript/form_form.js?1737645146 HTTP/1.1" 200 16206 "http://hausegger.activities.at/entry.php?id=10271&&ser=645086" "Mozilla/5.0 (Windows NT 10.0; Win64; x64; rv:134.0) Gecko/20100101 Firefox/134.0"
178.165.186.69 - - [23/Jan/2025:16:13:30 +0100] "GET /entry.php?id=10271&&ser=645146 HTTP/1.1" 200 987 "http://hausegger.activities.at/entry.php?id=10271&&ser=645086" "Mozilla/5.0 (Windows NT 10.0; Win64; x64; rv:134.0) Gecko/20100101 Firefox/134.0"
178.165.186.69 - - [23/Jan/2025:16:13:30 +0100] "GET /gui/javascript/form_form.js?1737645210 HTTP/1.1" 200 16206 "http://hausegger.activities.at/entry.php?id=10271&&ser=645146" "Mozilla/5.0 (Windows NT 10.0; Win64; x64; rv:134.0) Gecko/20100101 Firefox/134.0"
178.165.186.69 - - [23/Jan/2025:16:14:30 +0100] "GET /entry.php?id=10271&&ser=645210 HTTP/1.1" 200 987 "http://hausegger.activities.at/entry.php?id=10271&&ser=645146" "Mozilla/5.0 (Windows NT 10.0; Win64; x64; rv:134.0) Gecko/20100101 Firefox/134.0"
178.165.186.69 - - [23/Jan/2025:16:14:30 +0100] "GET /gui/styles/tmplDefault.css HTTP/1.1" 200 2135 "http://hausegger.activities.at/entry.php?id=10271&&ser=645210" "Mozilla/5.0 (Windows NT 10.0; Win64; x64; rv:134.0) Gecko/20100101 Firefox/134.0"
178.165.186.69 - - [23/Jan/2025:16:14:30 +0100] "GET /gui/javascript/jquery/jquery-tooltip/jquery.tooltip.min.js HTTP/1.1" 304 - "http://hausegger.activities.at/entry.php?id=10271&&ser=645210" "Mozilla/5.0 (Windows NT 10.0; Win64; x64; rv:134.0) Gecko/20100101 Firefox/134.0"
178.165.186.69 - - [23/Jan/2025:16:14:30 +0100] "GET /gui/javascript/form_form.js?1737645270 HTTP/1.1" 200 16206 "http://hausegger.activities.at/entry.php?id=10271&&ser=645210" "Mozilla/5.0 (Windows NT 10.0; Win64; x64; rv:134.0) Gecko/20100101 Firefox/134.0"
109.194.243.110 - - [23/Jan/2025:16:14:39 +0100] "GET / HTTP/1.0" 200 423 "http://triadian.castlegem.co.uk/" "Mozilla/5.0 (Windows NT 10.0; Win64; x64) AppleWebKit/537.36 (KHTML, like Gecko) Chrome/103.0.5042.0 Safari/537.36"
178.165.186.69 - - [23/Jan/2025:16:15:30 +0100] "GET /entry.php?id=10271&&ser=645270 HTTP/1.1" 200 988 "http://hausegger.activities.at/entry.php?id=10271&&ser=645210" "Mozilla/5.0 (Windows NT 10.0; Win64; x64; rv:134.0) Gecko/20100101 Firefox/134.0"
178.165.186.69 - - [23/Jan/2025:16:15:31 +0100] "GET /gui/javascript/form_form.js?1737645330 HTTP/1.1" 200 16206 "http://hausegger.activities.at/entry.php?id=10271&&ser=645270" "Mozilla/5.0 (Windows NT 10.0; Win64; x64; rv:134.0) Gecko/20100101 Firefox/134.0"
152.32.173.15 - - [23/Jan/2025:16:15:46 +0100] "GET / HTTP/1.1" 200 274 "-" "Mozilla/5.0 (X11; Linux x86_64) AppleWebKit/580.37 (KHTML, like Gecko) Chrome/94.0.1421 Safari/537.36"
152.32.173.15 - - [23/Jan/2025:16:15:46 +0100] "GET /activities.ico HTTP/1.1" 200 1406 "-" "Go-http-client/1.1"
152.32.173.15 - - [23/Jan/2025:16:15:47 +0100] "GET /robots.txt HTTP/1.1" 404 284 "-" "Go-http-client/1.1"
152.32.173.15 - - [23/Jan/2025:16:15:47 +0100] "GET /sitemap.xml HTTP/1.1" 404 285 "-" "Go-http-client/1.1"
178.165.186.69 - - [23/Jan/2025:16:16:31 +0100] "GET /entry.php?id=10271&&ser=645330 HTTP/1.1" 200 987 "http://hausegger.activities.at/entry.php?id=10271&&ser=645270" "Mozilla/5.0 (Windows NT 10.0; Win64; x64; rv:134.0) Gecko/20100101 Firefox/134.0"
178.165.186.69 - - [23/Jan/2025:16:16:31 +0100] "GET /gui/javascript/form_form.js?1737645391 HTTP/1.1" 200 16206 "http://hausegger.activities.at/entry.php?id=10271&&ser=645330" "Mozilla/5.0 (Windows NT 10.0; Win64; x64; rv:134.0) Gecko/20100101 Firefox/134.0"
178.165.186.69 - - [23/Jan/2025:16:17:31 +0100] "GET /entry.php?id=10271&&ser=645391 HTTP/1.1" 200 988 "http://hausegger.activities.at/entry.php?id=10271&&ser=645330" "Mozilla/5.0 (Windows NT 10.0; Win64; x64; rv:134.0) Gecko/20100101 Firefox/134.0"
178.165.186.69 - - [23/Jan/2025:16:17:31 +0100] "GET /gui/javascript/form_form.js?1737645451 HTTP/1.1" 200 16206 "http://hausegger.activities.at/entry.php?id=10271&&ser=645391" "Mozilla/5.0 (Windows NT 10.0; Win64; x64; rv:134.0) Gecko/20100101 Firefox/134.0"
178.165.186.69 - - [23/Jan/2025:16:18:31 +0100] "GET /entry.php?id=10271&&ser=645451 HTTP/1.1" 200 987 "http://hausegger.activities.at/entry.php?id=10271&&ser=645391" "Mozilla/5.0 (Windows NT 10.0; Win64; x64; rv:134.0) Gecko/20100101 Firefox/134.0"
178.165.186.69 - - [23/Jan/2025:16:18:31 +0100] "GET /gui/javascript/form_form.js?1737645511 HTTP/1.1" 200 16206 "http://hausegger.activities.at/entry.php?id=10271&&ser=645451" "Mozilla/5.0 (Windows NT 10.0; Win64; x64; rv:134.0) Gecko/20100101 Firefox/134.0"
178.165.186.69 - - [23/Jan/2025:16:19:32 +0100] "GET /entry.php?id=10271&&ser=645511 HTTP/1.1" 200 988 "http://hausegger.activities.at/entry.php?id=10271&&ser=645451" "Mozilla/5.0 (Windows NT 10.0; Win64; x64; rv:134.0) Gecko/20100101 Firefox/134.0"
178.165.186.69 - - [23/Jan/2025:16:19:32 +0100] "GET /gui/javascript/form_form.js?1737645572 HTTP/1.1" 200 16206 "http://hausegger.activities.at/entry.php?id=10271&&ser=645511" "Mozilla/5.0 (Windows NT 10.0; Win64; x64; rv:134.0) Gecko/20100101 Firefox/134.0"
178.165.186.69 - - [23/Jan/2025:16:20:32 +0100] "GET /entry.php?id=10271&&ser=645572 HTTP/1.1" 200 987 "http://hausegger.activities.at/entry.php?id=10271&&ser=645511" "Mozilla/5.0 (Windows NT 10.0; Win64; x64; rv:134.0) Gecko/20100101 Firefox/134.0"
178.165.186.69 - - [23/Jan/2025:16:20:32 +0100] "GET /gui/javascript/form_form.js?1737645632 HTTP/1.1" 200 16206 "http://hausegger.activities.at/entry.php?id=10271&&ser=645572" "Mozilla/5.0 (Windows NT 10.0; Win64; x64; rv:134.0) Gecko/20100101 Firefox/134.0"
178.165.186.69 - - [23/Jan/2025:16:21:32 +0100] "GET /entry.php?id=10271&&ser=645632 HTTP/1.1" 200 987 "http://hausegger.activities.at/entry.php?id=10271&&ser=645572" "Mozilla/5.0 (Windows NT 10.0; Win64; x64; rv:134.0) Gecko/20100101 Firefox/134.0"
178.165.186.69 - - [23/Jan/2025:16:21:32 +0100] "GET /gui/javascript/form_form.js?1737645692 HTTP/1.1" 200 16206 "http://hausegger.activities.at/entry.php?id=10271&&ser=645632" "Mozilla/5.0 (Windows NT 10.0; Win64; x64; rv:134.0) Gecko/20100101 Firefox/134.0"
178.165.186.69 - - [23/Jan/2025:16:22:33 +0100] "GET /entry.php?id=10271&&ser=645692 HTTP/1.1" 200 988 "http://hausegger.activities.at/entry.php?id=10271&&ser=645632" "Mozilla/5.0 (Windows NT 10.0; Win64; x64; rv:134.0) Gecko/20100101 Firefox/134.0"
178.165.186.69 - - [23/Jan/2025:16:22:33 +0100] "GET /gui/javascript/form_form.js?1737645753 HTTP/1.1" 200 16206 "http://hausegger.activities.at/entry.php?id=10271&&ser=645692" "Mozilla/5.0 (Windows NT 10.0; Win64; x64; rv:134.0) Gecko/20100101 Firefox/134.0"
178.165.186.69 - - [23/Jan/2025:16:23:33 +0100] "GET /entry.php?id=10271&&ser=645753 HTTP/1.1" 200 987 "http://hausegger.activities.at/entry.php?id=10271&&ser=645692" "Mozilla/5.0 (Windows NT 10.0; Win64; x64; rv:134.0) Gecko/20100101 Firefox/134.0"
178.165.186.69 - - [23/Jan/2025:16:23:33 +0100] "GET /gui/javascript/form_form.js?1737645813 HTTP/1.1" 200 16206 "http://hausegger.activities.at/entry.php?id=10271&&ser=645753" "Mozilla/5.0 (Windows NT 10.0; Win64; x64; rv:134.0) Gecko/20100101 Firefox/134.0"
178.165.186.69 - - [23/Jan/2025:16:24:33 +0100] "GET /entry.php?id=10271&&ser=645813 HTTP/1.1" 200 987 "http://hausegger.activities.at/entry.php?id=10271&&ser=645753" "Mozilla/5.0 (Windows NT 10.0; Win64; x64; rv:134.0) Gecko/20100101 Firefox/134.0"
178.165.186.69 - - [23/Jan/2025:16:24:33 +0100] "GET /gui/javascript/form_form.js?1737645873 HTTP/1.1" 200 16206 "http://hausegger.activities.at/entry.php?id=10271&&ser=645813" "Mozilla/5.0 (Windows NT 10.0; Win64; x64; rv:134.0) Gecko/20100101 Firefox/134.0"
178.165.186.69 - - [23/Jan/2025:16:25:33 +0100] "GET /entry.php?id=10271&&ser=645873 HTTP/1.1" 200 988 "http://hausegger.activities.at/entry.php?id=10271&&ser=645813" "Mozilla/5.0 (Windows NT 10.0; Win64; x64; rv:134.0) Gecko/20100101 Firefox/134.0"
178.165.186.69 - - [23/Jan/2025:16:25:34 +0100] "GET /gui/javascript/form_form.js?1737645933 HTTP/1.1" 200 16206 "http://hausegger.activities.at/entry.php?id=10271&&ser=645873" "Mozilla/5.0 (Windows NT 10.0; Win64; x64; rv:134.0) Gecko/20100101 Firefox/134.0"
178.165.186.69 - - [23/Jan/2025:16:26:34 +0100] "GET /entry.php?id=10271&&ser=645933 HTTP/1.1" 200 987 "http://hausegger.activities.at/entry.php?id=10271&&ser=645873" "Mozilla/5.0 (Windows NT 10.0; Win64; x64; rv:134.0) Gecko/20100101 Firefox/134.0"
178.165.186.69 - - [23/Jan/2025:16:26:34 +0100] "GET /gui/javascript/form_form.js?1737645994 HTTP/1.1" 200 16206 "http://hausegger.activities.at/entry.php?id=10271&&ser=645933" "Mozilla/5.0 (Windows NT 10.0; Win64; x64; rv:134.0) Gecko/20100101 Firefox/134.0"
178.165.186.69 - - [23/Jan/2025:16:27:34 +0100] "GET /entry.php?id=10271&&ser=645994 HTTP/1.1" 200 987 "http://hausegger.activities.at/entry.php?id=10271&&ser=645933" "Mozilla/5.0 (Windows NT 10.0; Win64; x64; rv:134.0) Gecko/20100101 Firefox/134.0"
178.165.186.69 - - [23/Jan/2025:16:27:34 +0100] "GET /gui/javascript/form_form.js?1737646054 HTTP/1.1" 200 16206 "http://hausegger.activities.at/entry.php?id=10271&&ser=645994" "Mozilla/5.0 (Windows NT 10.0; Win64; x64; rv:134.0) Gecko/20100101 Firefox/134.0"
178.165.186.69 - - [23/Jan/2025:16:28:34 +0100] "GET /entry.php?id=10271&&ser=646054 HTTP/1.1" 200 987 "http://hausegger.activities.at/entry.php?id=10271&&ser=645994" "Mozilla/5.0 (Windows NT 10.0; Win64; x64; rv:134.0) Gecko/20100101 Firefox/134.0"
178.165.186.69 - - [23/Jan/2025:16:28:34 +0100] "GET /gui/javascript/form_form.js?1737646114 HTTP/1.1" 200 16206 "http://hausegger.activities.at/entry.php?id=10271&&ser=646054" "Mozilla/5.0 (Windows NT 10.0; Win64; x64; rv:134.0) Gecko/20100101 Firefox/134.0"
178.165.186.69 - - [23/Jan/2025:16:29:35 +0100] "GET /entry.php?id=10271&&ser=646114 HTTP/1.1" 200 987 "http://hausegger.activities.at/entry.php?id=10271&&ser=646054" "Mozilla/5.0 (Windows NT 10.0; Win64; x64; rv:134.0) Gecko/20100101 Firefox/134.0"
178.165.186.69 - - [23/Jan/2025:16:29:35 +0100] "GET /gui/javascript/form_form.js?1737646175 HTTP/1.1" 200 16206 "http://hausegger.activities.at/entry.php?id=10271&&ser=646114" "Mozilla/5.0 (Windows NT 10.0; Win64; x64; rv:134.0) Gecko/20100101 Firefox/134.0"
178.165.186.69 - - [23/Jan/2025:16:30:35 +0100] "GET /entry.php?id=10271&&ser=646175 HTTP/1.1" 200 987 "http://hausegger.activities.at/entry.php?id=10271&&ser=646114" "Mozilla/5.0 (Windows NT 10.0; Win64; x64; rv:134.0) Gecko/20100101 Firefox/134.0"
178.165.186.69 - - [23/Jan/2025:16:30:35 +0100] "GET /gui/javascript/form_form.js?1737646235 HTTP/1.1" 200 16206 "http://hausegger.activities.at/entry.php?id=10271&&ser=646175" "Mozilla/5.0 (Windows NT 10.0; Win64; x64; rv:134.0) Gecko/20100101 Firefox/134.0"
178.165.186.69 - - [23/Jan/2025:16:31:35 +0100] "GET /entry.php?id=10271&&ser=646235 HTTP/1.1" 200 987 "http://hausegger.activities.at/entry.php?id=10271&&ser=646175" "Mozilla/5.0 (Windows NT 10.0; Win64; x64; rv:134.0) Gecko/20100101 Firefox/134.0"
178.165.186.69 - - [23/Jan/2025:16:31:35 +0100] "GET /gui/javascript/form_form.js?1737646295 HTTP/1.1" 200 16206 "http://hausegger.activities.at/entry.php?id=10271&&ser=646235" "Mozilla/5.0 (Windows NT 10.0; Win64; x64; rv:134.0) Gecko/20100101 Firefox/134.0"
178.165.186.69 - - [23/Jan/2025:16:32:35 +0100] "GET /entry.php?id=10271&&ser=646295 HTTP/1.1" 200 987 "http://hausegger.activities.at/entry.php?id=10271&&ser=646235" "Mozilla/5.0 (Windows NT 10.0; Win64; x64; rv:134.0) Gecko/20100101 Firefox/134.0"
178.165.186.69 - - [23/Jan/2025:16:32:36 +0100] "GET /gui/javascript/form_form.js?1737646356 HTTP/1.1" 200 16206 "http://hausegger.activities.at/entry.php?id=10271&&ser=646295" "Mozilla/5.0 (Windows NT 10.0; Win64; x64; rv:134.0) Gecko/20100101 Firefox/134.0"
178.165.186.69 - - [23/Jan/2025:16:33:36 +0100] "GET /entry.php?id=10271&&ser=646356 HTTP/1.1" 200 987 "http://hausegger.activities.at/entry.php?id=10271&&ser=646295" "Mozilla/5.0 (Windows NT 10.0; Win64; x64; rv:134.0) Gecko/20100101 Firefox/134.0"
178.165.186.69 - - [23/Jan/2025:16:33:36 +0100] "GET /gui/javascript/form_form.js?1737646416 HTTP/1.1" 200 16206 "http://hausegger.activities.at/entry.php?id=10271&&ser=646356" "Mozilla/5.0 (Windows NT 10.0; Win64; x64; rv:134.0) Gecko/20100101 Firefox/134.0"
178.165.186.69 - - [23/Jan/2025:16:34:36 +0100] "GET /entry.php?id=10271&&ser=646416 HTTP/1.1" 200 987 "http://hausegger.activities.at/entry.php?id=10271&&ser=646356" "Mozilla/5.0 (Windows NT 10.0; Win64; x64; rv:134.0) Gecko/20100101 Firefox/134.0"
178.165.186.69 - - [23/Jan/2025:16:34:36 +0100] "GET /gui/javascript/form_form.js?1737646476 HTTP/1.1" 200 16206 "http://hausegger.activities.at/entry.php?id=10271&&ser=646416" "Mozilla/5.0 (Windows NT 10.0; Win64; x64; rv:134.0) Gecko/20100101 Firefox/134.0"
178.165.186.69 - - [23/Jan/2025:16:35:36 +0100] "GET /entry.php?id=10271&&ser=646476 HTTP/1.1" 200 987 "http://hausegger.activities.at/entry.php?id=10271&&ser=646416" "Mozilla/5.0 (Windows NT 10.0; Win64; x64; rv:134.0) Gecko/20100101 Firefox/134.0"
178.165.186.69 - - [23/Jan/2025:16:35:36 +0100] "GET /gui/javascript/form_form.js?1737646536 HTTP/1.1" 200 16206 "http://hausegger.activities.at/entry.php?id=10271&&ser=646476" "Mozilla/5.0 (Windows NT 10.0; Win64; x64; rv:134.0) Gecko/20100101 Firefox/134.0"
178.165.186.69 - - [23/Jan/2025:16:36:37 +0100] "GET /entry.php?id=10271&&ser=646536 HTTP/1.1" 200 987 "http://hausegger.activities.at/entry.php?id=10271&&ser=646476" "Mozilla/5.0 (Windows NT 10.0; Win64; x64; rv:134.0) Gecko/20100101 Firefox/134.0"
178.165.186.69 - - [23/Jan/2025:16:36:37 +0100] "GET /gui/javascript/form_form.js?1737646597 HTTP/1.1" 200 16206 "http://hausegger.activities.at/entry.php?id=10271&&ser=646536" "Mozilla/5.0 (Windows NT 10.0; Win64; x64; rv:134.0) Gecko/20100101 Firefox/134.0"
146.19.24.168 - - [23/Jan/2025:16:37:27 +0100] "GET / HTTP/1.1" 200 423 "-" "-"
178.165.186.69 - - [23/Jan/2025:16:37:37 +0100] "GET /entry.php?id=10271&&ser=646597 HTTP/1.1" 200 987 "http://hausegger.activities.at/entry.php?id=10271&&ser=646536" "Mozilla/5.0 (Windows NT 10.0; Win64; x64; rv:134.0) Gecko/20100101 Firefox/134.0"
178.165.186.69 - - [23/Jan/2025:16:37:37 +0100] "GET /gui/javascript/form_form.js?1737646657 HTTP/1.1" 200 16206 "http://hausegger.activities.at/entry.php?id=10271&&ser=646597" "Mozilla/5.0 (Windows NT 10.0; Win64; x64; rv:134.0) Gecko/20100101 Firefox/134.0"
178.165.186.69 - - [23/Jan/2025:16:38:37 +0100] "GET /entry.php?id=10271&&ser=646657 HTTP/1.1" 200 988 "http://hausegger.activities.at/entry.php?id=10271&&ser=646597" "Mozilla/5.0 (Windows NT 10.0; Win64; x64; rv:134.0) Gecko/20100101 Firefox/134.0"
178.165.186.69 - - [23/Jan/2025:16:38:37 +0100] "GET /gui/javascript/form_form.js?1737646717 HTTP/1.1" 200 16206 "http://hausegger.activities.at/entry.php?id=10271&&ser=646657" "Mozilla/5.0 (Windows NT 10.0; Win64; x64; rv:134.0) Gecko/20100101 Firefox/134.0"
178.165.186.69 - - [23/Jan/2025:16:39:38 +0100] "GET /entry.php?id=10271&&ser=646717 HTTP/1.1" 200 988 "http://hausegger.activities.at/entry.php?id=10271&&ser=646657" "Mozilla/5.0 (Windows NT 10.0; Win64; x64; rv:134.0) Gecko/20100101 Firefox/134.0"
178.165.186.69 - - [23/Jan/2025:16:39:38 +0100] "GET /gui/javascript/form_form.js?1737646778 HTTP/1.1" 200 16206 "http://hausegger.activities.at/entry.php?id=10271&&ser=646717" "Mozilla/5.0 (Windows NT 10.0; Win64; x64; rv:134.0) Gecko/20100101 Firefox/134.0"
109.194.243.110 - - [23/Jan/2025:16:40:08 +0100] "GET / HTTP/1.0" 200 423 "-" "Mozilla/5.0 (Windows NT 6.3; Win64; x64) AppleWebKit/537.36 (KHTML, like Gecko) Chrome/75.0.3770.100 Safari/537.36"
178.165.186.69 - - [23/Jan/2025:16:40:38 +0100] "GET /entry.php?id=10271&&ser=646778 HTTP/1.1" 200 987 "http://hausegger.activities.at/entry.php?id=10271&&ser=646717" "Mozilla/5.0 (Windows NT 10.0; Win64; x64; rv:134.0) Gecko/20100101 Firefox/134.0"
178.165.186.69 - - [23/Jan/2025:16:40:38 +0100] "GET /gui/javascript/form_form.js?1737646838 HTTP/1.1" 200 16206 "http://hausegger.activities.at/entry.php?id=10271&&ser=646778" "Mozilla/5.0 (Windows NT 10.0; Win64; x64; rv:134.0) Gecko/20100101 Firefox/134.0"
178.165.186.69 - - [23/Jan/2025:16:41:38 +0100] "GET /entry.php?id=10271&&ser=646838 HTTP/1.1" 200 987 "http://hausegger.activities.at/entry.php?id=10271&&ser=646778" "Mozilla/5.0 (Windows NT 10.0; Win64; x64; rv:134.0) Gecko/20100101 Firefox/134.0"
178.165.186.69 - - [23/Jan/2025:16:41:38 +0100] "GET /gui/javascript/form_form.js?1737646898 HTTP/1.1" 200 16206 "http://hausegger.activities.at/entry.php?id=10271&&ser=646838" "Mozilla/5.0 (Windows NT 10.0; Win64; x64; rv:134.0) Gecko/20100101 Firefox/134.0"
156.59.198.136 - - [23/Jan/2025:16:42:02 +0100] "GET /renault.activities.at/htdocs/binaries/10015817.pdf HTTP/1.0" 404 311 "-" "Mozilla/5.0 (Linux; Android 5.0) AppleWebKit/537.36 (KHTML, like Gecko) Mobile Safari/537.36 (compatible; Bytespider; spider-feedback@bytedance.com)"
178.165.186.69 - - [23/Jan/2025:16:42:39 +0100] "GET /entry.php?id=10271&&ser=646898 HTTP/1.1" 200 987 "http://hausegger.activities.at/entry.php?id=10271&&ser=646838" "Mozilla/5.0 (Windows NT 10.0; Win64; x64; rv:134.0) Gecko/20100101 Firefox/134.0"
178.165.186.69 - - [23/Jan/2025:16:42:39 +0100] "GET /gui/javascript/form_form.js?1737646959 HTTP/1.1" 200 16206 "http://hausegger.activities.at/entry.php?id=10271&&ser=646898" "Mozilla/5.0 (Windows NT 10.0; Win64; x64; rv:134.0) Gecko/20100101 Firefox/134.0"
178.165.186.69 - - [23/Jan/2025:16:43:39 +0100] "GET /entry.php?id=10271&&ser=646959 HTTP/1.1" 200 987 "http://hausegger.activities.at/entry.php?id=10271&&ser=646898" "Mozilla/5.0 (Windows NT 10.0; Win64; x64; rv:134.0) Gecko/20100101 Firefox/134.0"
178.165.186.69 - - [23/Jan/2025:16:43:39 +0100] "GET /gui/javascript/form_form.js?1737647019 HTTP/1.1" 200 16206 "http://hausegger.activities.at/entry.php?id=10271&&ser=646959" "Mozilla/5.0 (Windows NT 10.0; Win64; x64; rv:134.0) Gecko/20100101 Firefox/134.0"
185.196.220.253 - - [23/Jan/2025:16:43:40 +0100] "GET / HTTP/1.1" 200 423 "-" "Hello World"
178.165.186.69 - - [23/Jan/2025:16:44:39 +0100] "GET /entry.php?id=10271&&ser=647019 HTTP/1.1" 200 988 "http://hausegger.activities.at/entry.php?id=10271&&ser=646959" "Mozilla/5.0 (Windows NT 10.0; Win64; x64; rv:134.0) Gecko/20100101 Firefox/134.0"
178.165.186.69 - - [23/Jan/2025:16:44:39 +0100] "GET /gui/javascript/form_form.js?1737647079 HTTP/1.1" 200 16206 "http://hausegger.activities.at/entry.php?id=10271&&ser=647019" "Mozilla/5.0 (Windows NT 10.0; Win64; x64; rv:134.0) Gecko/20100101 Firefox/134.0"
178.165.186.69 - - [23/Jan/2025:16:45:39 +0100] "GET /entry.php?id=10271&&ser=647079 HTTP/1.1" 200 987 "http://hausegger.activities.at/entry.php?id=10271&&ser=647019" "Mozilla/5.0 (Windows NT 10.0; Win64; x64; rv:134.0) Gecko/20100101 Firefox/134.0"
178.165.186.69 - - [23/Jan/2025:16:45:39 +0100] "GET /gui/javascript/form_form.js?1737647139 HTTP/1.1" 200 16206 "http://hausegger.activities.at/entry.php?id=10271&&ser=647079" "Mozilla/5.0 (Windows NT 10.0; Win64; x64; rv:134.0) Gecko/20100101 Firefox/134.0"
156.59.198.135 - - [23/Jan/2025:16:46:02 +0100] "GET /renault.activities.at/htdocs/export/xml/data/orders/202103151203_RenOrder.xml HTTP/1.0" 404 328 "-" "Mozilla/5.0 (Linux; Android 5.0) AppleWebKit/537.36 (KHTML, like Gecko) Mobile Safari/537.36 (compatible; Bytespider; spider-feedback@bytedance.com)"
178.165.186.69 - - [23/Jan/2025:16:46:40 +0100] "GET /entry.php?id=10271&&ser=647139 HTTP/1.1" 200 987 "http://hausegger.activities.at/entry.php?id=10271&&ser=647079" "Mozilla/5.0 (Windows NT 10.0; Win64; x64; rv:134.0) Gecko/20100101 Firefox/134.0"
178.165.186.69 - - [23/Jan/2025:16:46:40 +0100] "GET /gui/javascript/form_form.js?1737647200 HTTP/1.1" 200 16206 "http://hausegger.activities.at/entry.php?id=10271&&ser=647139" "Mozilla/5.0 (Windows NT 10.0; Win64; x64; rv:134.0) Gecko/20100101 Firefox/134.0"
178.165.186.69 - - [23/Jan/2025:16:47:40 +0100] "GET /entry.php?id=10271&&ser=647200 HTTP/1.1" 200 987 "http://hausegger.activities.at/entry.php?id=10271&&ser=647139" "Mozilla/5.0 (Windows NT 10.0; Win64; x64; rv:134.0) Gecko/20100101 Firefox/134.0"
178.165.186.69 - - [23/Jan/2025:16:47:40 +0100] "GET /gui/javascript/form_form.js?1737647260 HTTP/1.1" 200 16206 "http://hausegger.activities.at/entry.php?id=10271&&ser=647200" "Mozilla/5.0 (Windows NT 10.0; Win64; x64; rv:134.0) Gecko/20100101 Firefox/134.0"
178.165.186.69 - - [23/Jan/2025:16:48:40 +0100] "GET /entry.php?id=10271&&ser=647260 HTTP/1.1" 200 986 "http://hausegger.activities.at/entry.php?id=10271&&ser=647200" "Mozilla/5.0 (Windows NT 10.0; Win64; x64; rv:134.0) Gecko/20100101 Firefox/134.0"
178.165.186.69 - - [23/Jan/2025:16:48:40 +0100] "GET /gui/javascript/form_form.js?1737647320 HTTP/1.1" 200 16206 "http://hausegger.activities.at/entry.php?id=10271&&ser=647260" "Mozilla/5.0 (Windows NT 10.0; Win64; x64; rv:134.0) Gecko/20100101 Firefox/134.0"
178.165.186.69 - - [23/Jan/2025:16:49:41 +0100] "GET /entry.php?id=10271&&ser=647320 HTTP/1.1" 200 986 "http://hausegger.activities.at/entry.php?id=10271&&ser=647260" "Mozilla/5.0 (Windows NT 10.0; Win64; x64; rv:134.0) Gecko/20100101 Firefox/134.0"
178.165.186.69 - - [23/Jan/2025:16:49:41 +0100] "GET /gui/javascript/form_form.js?1737647381 HTTP/1.1" 200 16206 "http://hausegger.activities.at/entry.php?id=10271&&ser=647320" "Mozilla/5.0 (Windows NT 10.0; Win64; x64; rv:134.0) Gecko/20100101 Firefox/134.0"
178.165.186.69 - - [23/Jan/2025:16:50:41 +0100] "GET /entry.php?id=10271&&ser=647381 HTTP/1.1" 200 986 "http://hausegger.activities.at/entry.php?id=10271&&ser=647320" "Mozilla/5.0 (Windows NT 10.0; Win64; x64; rv:134.0) Gecko/20100101 Firefox/134.0"
178.165.186.69 - - [23/Jan/2025:16:50:41 +0100] "GET /gui/javascript/form_form.js?1737647441 HTTP/1.1" 200 16206 "http://hausegger.activities.at/entry.php?id=10271&&ser=647381" "Mozilla/5.0 (Windows NT 10.0; Win64; x64; rv:134.0) Gecko/20100101 Firefox/134.0"
178.165.186.69 - - [23/Jan/2025:16:51:41 +0100] "GET /entry.php?id=10271&&ser=647441 HTTP/1.1" 200 987 "http://hausegger.activities.at/entry.php?id=10271&&ser=647381" "Mozilla/5.0 (Windows NT 10.0; Win64; x64; rv:134.0) Gecko/20100101 Firefox/134.0"
178.165.186.69 - - [23/Jan/2025:16:51:41 +0100] "GET /gui/javascript/form_form.js?1737647501 HTTP/1.1" 200 16206 "http://hausegger.activities.at/entry.php?id=10271&&ser=647441" "Mozilla/5.0 (Windows NT 10.0; Win64; x64; rv:134.0) Gecko/20100101 Firefox/134.0"
64.62.156.29 - - [23/Jan/2025:16:51:45 +0100] "GET / HTTP/1.1" 200 274 "-" "Mozilla/5.0 (Windows NT 10.0; rv:109.0) Gecko/20100101 Firefox/109.0"
178.165.186.69 - - [23/Jan/2025:16:52:41 +0100] "GET /entry.php?id=10271&&ser=647501 HTTP/1.1" 200 987 "http://hausegger.activities.at/entry.php?id=10271&&ser=647441" "Mozilla/5.0 (Windows NT 10.0; Win64; x64; rv:134.0) Gecko/20100101 Firefox/134.0"
178.165.186.69 - - [23/Jan/2025:16:52:42 +0100] "GET /gui/javascript/form_form.js?1737647562 HTTP/1.1" 200 16206 "http://hausegger.activities.at/entry.php?id=10271&&ser=647501" "Mozilla/5.0 (Windows NT 10.0; Win64; x64; rv:134.0) Gecko/20100101 Firefox/134.0"
178.165.186.69 - - [23/Jan/2025:16:53:42 +0100] "GET /entry.php?id=10271&&ser=647562 HTTP/1.1" 200 987 "http://hausegger.activities.at/entry.php?id=10271&&ser=647501" "Mozilla/5.0 (Windows NT 10.0; Win64; x64; rv:134.0) Gecko/20100101 Firefox/134.0"
178.165.186.69 - - [23/Jan/2025:16:53:42 +0100] "GET /gui/javascript/form_form.js?1737647622 HTTP/1.1" 200 16206 "http://hausegger.activities.at/entry.php?id=10271&&ser=647562" "Mozilla/5.0 (Windows NT 10.0; Win64; x64; rv:134.0) Gecko/20100101 Firefox/134.0"
64.62.156.25 - - [23/Jan/2025:16:53:46 +0100] "GET /favicon.ico HTTP/1.1" 404 284 "-" "Mozilla/5.0 (Windows NT 10.0; Win64; x64) AppleWebKit/537.36 (KHTML, like Gecko) Chrome/109.0.0.0 Safari/537.36 Edg/109.0.1518.70"
64.62.156.32 - - [23/Jan/2025:16:54:26 +0100] "GET /geoserver/web/ HTTP/1.1" 404 284 "-" "Mozilla/5.0 (Windows NT 10.0; rv:109.0) Gecko/20100101 Firefox/109.0"
178.165.186.69 - - [23/Jan/2025:16:54:42 +0100] "GET /entry.php?id=10271&&ser=647622 HTTP/1.1" 200 987 "http://hausegger.activities.at/entry.php?id=10271&&ser=647562" "Mozilla/5.0 (Windows NT 10.0; Win64; x64; rv:134.0) Gecko/20100101 Firefox/134.0"
178.165.186.69 - - [23/Jan/2025:16:54:42 +0100] "GET /gui/javascript/form_form.js?1737647682 HTTP/1.1" 200 16206 "http://hausegger.activities.at/entry.php?id=10271&&ser=647622" "Mozilla/5.0 (Windows NT 10.0; Win64; x64; rv:134.0) Gecko/20100101 Firefox/134.0"
64.62.156.31 - - [23/Jan/2025:16:55:11 +0100] "GET /info.php HTTP/1.1" 404 283 "-" "Mozilla/5.0 (Windows NT 10.0; rv:109.0) Gecko/20100101 Firefox/109.0"
64.62.156.34 - - [23/Jan/2025:16:55:14 +0100] "GET /phpinfo.php HTTP/1.1" 200 10228 "-" "Mozilla/5.0 (X11; Linux x86_64) AppleWebKit/537.36 (KHTML, like Gecko) Chrome/124.0.0.0 Safari/537.36"
64.62.156.24 - - [23/Jan/2025:16:55:16 +0100] "GET /dashboard/phpinfo.php HTTP/1.1" 404 290 "-" "Mozilla/5.0 (iPad; CPU OS 15_7 like Mac OS X) AppleWebKit/605.1.15 (KHTML, like Gecko) Version/15.6,2 Mobile/15E148 Safari/604.1"
178.165.186.69 - - [23/Jan/2025:16:55:42 +0100] "GET /entry.php?id=10271&&ser=647682 HTTP/1.1" 200 988 "http://hausegger.activities.at/entry.php?id=10271&&ser=647622" "Mozilla/5.0 (Windows NT 10.0; Win64; x64; rv:134.0) Gecko/20100101 Firefox/134.0"
178.165.186.69 - - [23/Jan/2025:16:55:43 +0100] "GET /gui/javascript/form_form.js?1737647742 HTTP/1.1" 200 16206 "http://hausegger.activities.at/entry.php?id=10271&&ser=647682" "Mozilla/5.0 (Windows NT 10.0; Win64; x64; rv:134.0) Gecko/20100101 Firefox/134.0"
156.59.198.136 - - [23/Jan/2025:16:55:49 +0100] "GET /renault.activities.at/htdocs/pinEdit/editor/help/userhelp-Dateien/image059.jpg HTTP/1.0" 404 328 "-" "Mozilla/5.0 (Linux; Android 5.0) AppleWebKit/537.36 (KHTML, like Gecko) Mobile Safari/537.36 (compatible; Bytespider; spider-feedback@bytedance.com)"
178.165.186.69 - - [23/Jan/2025:16:56:43 +0100] "GET /entry.php?id=10271&&ser=647742 HTTP/1.1" 200 987 "http://hausegger.activities.at/entry.php?id=10271&&ser=647682" "Mozilla/5.0 (Windows NT 10.0; Win64; x64; rv:134.0) Gecko/20100101 Firefox/134.0"
178.165.186.69 - - [23/Jan/2025:16:56:43 +0100] "GET /gui/javascript/form_form.js?1737647803 HTTP/1.1" 200 16206 "http://hausegger.activities.at/entry.php?id=10271&&ser=647742" "Mozilla/5.0 (Windows NT 10.0; Win64; x64; rv:134.0) Gecko/20100101 Firefox/134.0"
178.165.186.69 - - [23/Jan/2025:16:57:43 +0100] "GET /entry.php?id=10271&&ser=647803 HTTP/1.1" 200 987 "http://hausegger.activities.at/entry.php?id=10271&&ser=647742" "Mozilla/5.0 (Windows NT 10.0; Win64; x64; rv:134.0) Gecko/20100101 Firefox/134.0"
178.165.186.69 - - [23/Jan/2025:16:57:43 +0100] "GET /gui/javascript/form_form.js?1737647863 HTTP/1.1" 200 16206 "http://hausegger.activities.at/entry.php?id=10271&&ser=647803" "Mozilla/5.0 (Windows NT 10.0; Win64; x64; rv:134.0) Gecko/20100101 Firefox/134.0"
178.165.186.69 - - [23/Jan/2025:16:58:43 +0100] "GET /entry.php?id=10271&&ser=647863 HTTP/1.1" 200 987 "http://hausegger.activities.at/entry.php?id=10271&&ser=647803" "Mozilla/5.0 (Windows NT 10.0; Win64; x64; rv:134.0) Gecko/20100101 Firefox/134.0"
178.165.186.69 - - [23/Jan/2025:16:58:43 +0100] "GET /gui/javascript/form_form.js?1737647923 HTTP/1.1" 200 16206 "http://hausegger.activities.at/entry.php?id=10271&&ser=647863" "Mozilla/5.0 (Windows NT 10.0; Win64; x64; rv:134.0) Gecko/20100101 Firefox/134.0"
178.165.186.69 - - [23/Jan/2025:16:59:44 +0100] "GET /entry.php?id=10271&&ser=647923 HTTP/1.1" 200 987 "http://hausegger.activities.at/entry.php?id=10271&&ser=647863" "Mozilla/5.0 (Windows NT 10.0; Win64; x64; rv:134.0) Gecko/20100101 Firefox/134.0"
178.165.186.69 - - [23/Jan/2025:16:59:44 +0100] "GET /gui/javascript/form_form.js?1737647984 HTTP/1.1" 200 16206 "http://hausegger.activities.at/entry.php?id=10271&&ser=647923" "Mozilla/5.0 (Windows NT 10.0; Win64; x64; rv:134.0) Gecko/20100101 Firefox/134.0"
178.165.186.69 - - [23/Jan/2025:17:00:44 +0100] "GET /entry.php?id=10271&&ser=647984 HTTP/1.1" 200 987 "http://hausegger.activities.at/entry.php?id=10271&&ser=647923" "Mozilla/5.0 (Windows NT 10.0; Win64; x64; rv:134.0) Gecko/20100101 Firefox/134.0"
178.165.186.69 - - [23/Jan/2025:17:00:44 +0100] "GET /gui/javascript/form_form.js?1737648044 HTTP/1.1" 200 16206 "http://hausegger.activities.at/entry.php?id=10271&&ser=647984" "Mozilla/5.0 (Windows NT 10.0; Win64; x64; rv:134.0) Gecko/20100101 Firefox/134.0"
178.165.186.69 - - [23/Jan/2025:17:01:44 +0100] "GET /entry.php?id=10271&&ser=648044 HTTP/1.1" 200 987 "http://hausegger.activities.at/entry.php?id=10271&&ser=647984" "Mozilla/5.0 (Windows NT 10.0; Win64; x64; rv:134.0) Gecko/20100101 Firefox/134.0"
178.165.186.69 - - [23/Jan/2025:17:01:44 +0100] "GET /gui/javascript/form_form.js?1737648104 HTTP/1.1" 200 16206 "http://hausegger.activities.at/entry.php?id=10271&&ser=648044" "Mozilla/5.0 (Windows NT 10.0; Win64; x64; rv:134.0) Gecko/20100101 Firefox/134.0"
178.165.186.69 - - [23/Jan/2025:17:02:44 +0100] "GET /entry.php?id=10271&&ser=648104 HTTP/1.1" 200 987 "http://hausegger.activities.at/entry.php?id=10271&&ser=648044" "Mozilla/5.0 (Windows NT 10.0; Win64; x64; rv:134.0) Gecko/20100101 Firefox/134.0"
178.165.186.69 - - [23/Jan/2025:17:02:45 +0100] "GET /gui/javascript/form_form.js?1737648165 HTTP/1.1" 200 16206 "http://hausegger.activities.at/entry.php?id=10271&&ser=648104" "Mozilla/5.0 (Windows NT 10.0; Win64; x64; rv:134.0) Gecko/20100101 Firefox/134.0"
178.165.186.69 - - [23/Jan/2025:17:03:45 +0100] "GET /entry.php?id=10271&&ser=648165 HTTP/1.1" 200 987 "http://hausegger.activities.at/entry.php?id=10271&&ser=648104" "Mozilla/5.0 (Windows NT 10.0; Win64; x64; rv:134.0) Gecko/20100101 Firefox/134.0"
178.165.186.69 - - [23/Jan/2025:17:03:45 +0100] "GET /gui/javascript/form_form.js?1737648225 HTTP/1.1" 200 16206 "http://hausegger.activities.at/entry.php?id=10271&&ser=648165" "Mozilla/5.0 (Windows NT 10.0; Win64; x64; rv:134.0) Gecko/20100101 Firefox/134.0"
178.165.186.69 - - [23/Jan/2025:17:04:45 +0100] "GET /entry.php?id=10271&&ser=648225 HTTP/1.1" 200 987 "http://hausegger.activities.at/entry.php?id=10271&&ser=648165" "Mozilla/5.0 (Windows NT 10.0; Win64; x64; rv:134.0) Gecko/20100101 Firefox/134.0"
178.165.186.69 - - [23/Jan/2025:17:04:45 +0100] "GET /gui/javascript/form_form.js?1737648285 HTTP/1.1" 200 16206 "http://hausegger.activities.at/entry.php?id=10271&&ser=648225" "Mozilla/5.0 (Windows NT 10.0; Win64; x64; rv:134.0) Gecko/20100101 Firefox/134.0"
178.165.186.69 - - [23/Jan/2025:17:05:45 +0100] "GET /entry.php?id=10271&&ser=648285 HTTP/1.1" 200 987 "http://hausegger.activities.at/entry.php?id=10271&&ser=648225" "Mozilla/5.0 (Windows NT 10.0; Win64; x64; rv:134.0) Gecko/20100101 Firefox/134.0"
178.165.186.69 - - [23/Jan/2025:17:05:46 +0100] "GET /gui/javascript/form_form.js?1737648345 HTTP/1.1" 200 16206 "http://hausegger.activities.at/entry.php?id=10271&&ser=648285" "Mozilla/5.0 (Windows NT 10.0; Win64; x64; rv:134.0) Gecko/20100101 Firefox/134.0"
178.165.186.69 - - [23/Jan/2025:17:06:46 +0100] "GET /entry.php?id=10271&&ser=648345 HTTP/1.1" 200 987 "http://hausegger.activities.at/entry.php?id=10271&&ser=648285" "Mozilla/5.0 (Windows NT 10.0; Win64; x64; rv:134.0) Gecko/20100101 Firefox/134.0"
178.165.186.69 - - [23/Jan/2025:17:06:46 +0100] "GET /gui/javascript/form_form.js?1737648406 HTTP/1.1" 200 16206 "http://hausegger.activities.at/entry.php?id=10271&&ser=648345" "Mozilla/5.0 (Windows NT 10.0; Win64; x64; rv:134.0) Gecko/20100101 Firefox/134.0"
178.165.186.69 - - [23/Jan/2025:17:07:46 +0100] "GET /entry.php?id=10271&&ser=648406 HTTP/1.1" 200 987 "http://hausegger.activities.at/entry.php?id=10271&&ser=648345" "Mozilla/5.0 (Windows NT 10.0; Win64; x64; rv:134.0) Gecko/20100101 Firefox/134.0"
178.165.186.69 - - [23/Jan/2025:17:07:46 +0100] "GET /gui/javascript/form_form.js?1737648466 HTTP/1.1" 200 16206 "http://hausegger.activities.at/entry.php?id=10271&&ser=648406" "Mozilla/5.0 (Windows NT 10.0; Win64; x64; rv:134.0) Gecko/20100101 Firefox/134.0"
178.165.186.69 - - [23/Jan/2025:17:08:46 +0100] "GET /entry.php?id=10271&&ser=648466 HTTP/1.1" 200 987 "http://hausegger.activities.at/entry.php?id=10271&&ser=648406" "Mozilla/5.0 (Windows NT 10.0; Win64; x64; rv:134.0) Gecko/20100101 Firefox/134.0"
178.165.186.69 - - [23/Jan/2025:17:08:46 +0100] "GET /gui/javascript/form_form.js?1737648526 HTTP/1.1" 200 16206 "http://hausegger.activities.at/entry.php?id=10271&&ser=648466" "Mozilla/5.0 (Windows NT 10.0; Win64; x64; rv:134.0) Gecko/20100101 Firefox/134.0"
178.165.186.69 - - [23/Jan/2025:17:09:47 +0100] "GET /entry.php?id=10271&&ser=648526 HTTP/1.1" 200 987 "http://hausegger.activities.at/entry.php?id=10271&&ser=648466" "Mozilla/5.0 (Windows NT 10.0; Win64; x64; rv:134.0) Gecko/20100101 Firefox/134.0"
178.165.186.69 - - [23/Jan/2025:17:09:47 +0100] "GET /gui/javascript/form_form.js?1737648587 HTTP/1.1" 200 16206 "http://hausegger.activities.at/entry.php?id=10271&&ser=648526" "Mozilla/5.0 (Windows NT 10.0; Win64; x64; rv:134.0) Gecko/20100101 Firefox/134.0"
178.165.186.69 - - [23/Jan/2025:17:10:47 +0100] "GET /entry.php?id=10271&&ser=648587 HTTP/1.1" 200 987 "http://hausegger.activities.at/entry.php?id=10271&&ser=648526" "Mozilla/5.0 (Windows NT 10.0; Win64; x64; rv:134.0) Gecko/20100101 Firefox/134.0"
178.165.186.69 - - [23/Jan/2025:17:10:47 +0100] "GET /gui/javascript/form_form.js?1737648647 HTTP/1.1" 200 16206 "http://hausegger.activities.at/entry.php?id=10271&&ser=648587" "Mozilla/5.0 (Windows NT 10.0; Win64; x64; rv:134.0) Gecko/20100101 Firefox/134.0"
178.165.186.69 - - [23/Jan/2025:17:11:47 +0100] "GET /entry.php?id=10271&&ser=648647 HTTP/1.1" 200 988 "http://hausegger.activities.at/entry.php?id=10271&&ser=648587" "Mozilla/5.0 (Windows NT 10.0; Win64; x64; rv:134.0) Gecko/20100101 Firefox/134.0"
178.165.186.69 - - [23/Jan/2025:17:11:47 +0100] "GET /gui/javascript/form_form.js?1737648707 HTTP/1.1" 200 16206 "http://hausegger.activities.at/entry.php?id=10271&&ser=648647" "Mozilla/5.0 (Windows NT 10.0; Win64; x64; rv:134.0) Gecko/20100101 Firefox/134.0"
156.59.198.136 - - [23/Jan/2025:17:11:50 +0100] "GET /renault.activities.at/htdocs/export/xml/data/orders/202011250803_RenOrder.xml HTTP/1.0" 404 328 "-" "Mozilla/5.0 (Linux; Android 5.0) AppleWebKit/537.36 (KHTML, like Gecko) Mobile Safari/537.36 (compatible; Bytespider; spider-feedback@bytedance.com)"
178.165.186.69 - - [23/Jan/2025:17:12:47 +0100] "GET /entry.php?id=10271&&ser=648707 HTTP/1.1" 200 987 "http://hausegger.activities.at/entry.php?id=10271&&ser=648647" "Mozilla/5.0 (Windows NT 10.0; Win64; x64; rv:134.0) Gecko/20100101 Firefox/134.0"
178.165.186.69 - - [23/Jan/2025:17:12:48 +0100] "GET /gui/javascript/form_form.js?1737648768 HTTP/1.1" 200 16206 "http://hausegger.activities.at/entry.php?id=10271&&ser=648707" "Mozilla/5.0 (Windows NT 10.0; Win64; x64; rv:134.0) Gecko/20100101 Firefox/134.0"
178.165.186.69 - - [23/Jan/2025:17:13:48 +0100] "GET /entry.php?id=10271&&ser=648768 HTTP/1.1" 200 987 "http://hausegger.activities.at/entry.php?id=10271&&ser=648707" "Mozilla/5.0 (Windows NT 10.0; Win64; x64; rv:134.0) Gecko/20100101 Firefox/134.0"
178.165.186.69 - - [23/Jan/2025:17:13:48 +0100] "GET /gui/javascript/form_form.js?1737648828 HTTP/1.1" 200 16206 "http://hausegger.activities.at/entry.php?id=10271&&ser=648768" "Mozilla/5.0 (Windows NT 10.0; Win64; x64; rv:134.0) Gecko/20100101 Firefox/134.0"
178.165.186.69 - - [23/Jan/2025:17:14:48 +0100] "GET /entry.php?id=10271&&ser=648828 HTTP/1.1" 200 986 "http://hausegger.activities.at/entry.php?id=10271&&ser=648768" "Mozilla/5.0 (Windows NT 10.0; Win64; x64; rv:134.0) Gecko/20100101 Firefox/134.0"
178.165.186.69 - - [23/Jan/2025:17:14:48 +0100] "GET /gui/javascript/form_form.js?1737648888 HTTP/1.1" 200 16206 "http://hausegger.activities.at/entry.php?id=10271&&ser=648828" "Mozilla/5.0 (Windows NT 10.0; Win64; x64; rv:134.0) Gecko/20100101 Firefox/134.0"
178.165.186.69 - - [23/Jan/2025:17:15:48 +0100] "GET /entry.php?id=10271&&ser=648888 HTTP/1.1" 200 987 "http://hausegger.activities.at/entry.php?id=10271&&ser=648828" "Mozilla/5.0 (Windows NT 10.0; Win64; x64; rv:134.0) Gecko/20100101 Firefox/134.0"
178.165.186.69 - - [23/Jan/2025:17:15:48 +0100] "GET /gui/javascript/form_form.js?1737648948 HTTP/1.1" 200 16206 "http://hausegger.activities.at/entry.php?id=10271&&ser=648888" "Mozilla/5.0 (Windows NT 10.0; Win64; x64; rv:134.0) Gecko/20100101 Firefox/134.0"
156.59.198.136 - - [23/Jan/2025:17:16:15 +0100] "GET /ed.activities.at/stats/lang/awstats-lv.txt HTTP/1.0" 404 304 "-" "Mozilla/5.0 (Linux; Android 5.0) AppleWebKit/537.36 (KHTML, like Gecko) Mobile Safari/537.36 (compatible; Bytespider; spider-feedback@bytedance.com)"
178.165.186.69 - - [23/Jan/2025:17:16:49 +0100] "GET /entry.php?id=10271&&ser=648948 HTTP/1.1" 200 987 "http://hausegger.activities.at/entry.php?id=10271&&ser=648888" "Mozilla/5.0 (Windows NT 10.0; Win64; x64; rv:134.0) Gecko/20100101 Firefox/134.0"
178.165.186.69 - - [23/Jan/2025:17:16:49 +0100] "GET /gui/javascript/form_form.js?1737649009 HTTP/1.1" 200 16206 "http://hausegger.activities.at/entry.php?id=10271&&ser=648948" "Mozilla/5.0 (Windows NT 10.0; Win64; x64; rv:134.0) Gecko/20100101 Firefox/134.0"
178.165.186.69 - - [23/Jan/2025:17:17:49 +0100] "GET /entry.php?id=10271&&ser=649009 HTTP/1.1" 200 987 "http://hausegger.activities.at/entry.php?id=10271&&ser=648948" "Mozilla/5.0 (Windows NT 10.0; Win64; x64; rv:134.0) Gecko/20100101 Firefox/134.0"
178.165.186.69 - - [23/Jan/2025:17:17:49 +0100] "GET /gui/javascript/form_form.js?1737649069 HTTP/1.1" 200 16206 "http://hausegger.activities.at/entry.php?id=10271&&ser=649009" "Mozilla/5.0 (Windows NT 10.0; Win64; x64; rv:134.0) Gecko/20100101 Firefox/134.0"
178.165.186.69 - - [23/Jan/2025:17:18:49 +0100] "GET /entry.php?id=10271&&ser=649069 HTTP/1.1" 200 987 "http://hausegger.activities.at/entry.php?id=10271&&ser=649009" "Mozilla/5.0 (Windows NT 10.0; Win64; x64; rv:134.0) Gecko/20100101 Firefox/134.0"
178.165.186.69 - - [23/Jan/2025:17:18:49 +0100] "GET /gui/javascript/form_form.js?1737649129 HTTP/1.1" 200 16206 "http://hausegger.activities.at/entry.php?id=10271&&ser=649069" "Mozilla/5.0 (Windows NT 10.0; Win64; x64; rv:134.0) Gecko/20100101 Firefox/134.0"
178.165.186.69 - - [23/Jan/2025:17:19:50 +0100] "GET /entry.php?id=10271&&ser=649129 HTTP/1.1" 200 987 "http://hausegger.activities.at/entry.php?id=10271&&ser=649069" "Mozilla/5.0 (Windows NT 10.0; Win64; x64; rv:134.0) Gecko/20100101 Firefox/134.0"
178.165.186.69 - - [23/Jan/2025:17:19:50 +0100] "GET /gui/javascript/form_form.js?1737649190 HTTP/1.1" 200 16206 "http://hausegger.activities.at/entry.php?id=10271&&ser=649129" "Mozilla/5.0 (Windows NT 10.0; Win64; x64; rv:134.0) Gecko/20100101 Firefox/134.0"
156.59.198.135 - - [23/Jan/2025:17:20:15 +0100] "GET /renault.activities.at/htdocs/export/xml/data/orders/202005071203_RenOrder.xml HTTP/1.0" 404 329 "-" "Mozilla/5.0 (Linux; Android 5.0) AppleWebKit/537.36 (KHTML, like Gecko) Mobile Safari/537.36 (compatible; Bytespider; spider-feedback@bytedance.com)"
5.96.147.138 - - [23/Jan/2025:17:20:25 +0100] "GET / HTTP/1.0" 200 423 "-" "-"
178.165.186.69 - - [23/Jan/2025:17:20:50 +0100] "GET /entry.php?id=10271&&ser=649190 HTTP/1.1" 200 987 "http://hausegger.activities.at/entry.php?id=10271&&ser=649129" "Mozilla/5.0 (Windows NT 10.0; Win64; x64; rv:134.0) Gecko/20100101 Firefox/134.0"
178.165.186.69 - - [23/Jan/2025:17:20:50 +0100] "GET /gui/javascript/form_form.js?1737649250 HTTP/1.1" 200 16206 "http://hausegger.activities.at/entry.php?id=10271&&ser=649190" "Mozilla/5.0 (Windows NT 10.0; Win64; x64; rv:134.0) Gecko/20100101 Firefox/134.0"
178.165.186.69 - - [23/Jan/2025:17:21:50 +0100] "GET /entry.php?id=10271&&ser=649250 HTTP/1.1" 200 987 "http://hausegger.activities.at/entry.php?id=10271&&ser=649190" "Mozilla/5.0 (Windows NT 10.0; Win64; x64; rv:134.0) Gecko/20100101 Firefox/134.0"
178.165.186.69 - - [23/Jan/2025:17:21:50 +0100] "GET /gui/javascript/form_form.js?1737649310 HTTP/1.1" 200 16206 "http://hausegger.activities.at/entry.php?id=10271&&ser=649250" "Mozilla/5.0 (Windows NT 10.0; Win64; x64; rv:134.0) Gecko/20100101 Firefox/134.0"
178.165.186.69 - - [23/Jan/2025:17:22:50 +0100] "GET /entry.php?id=10271&&ser=649310 HTTP/1.1" 200 987 "http://hausegger.activities.at/entry.php?id=10271&&ser=649250" "Mozilla/5.0 (Windows NT 10.0; Win64; x64; rv:134.0) Gecko/20100101 Firefox/134.0"
178.165.186.69 - - [23/Jan/2025:17:22:51 +0100] "GET /gui/javascript/form_form.js?1737649370 HTTP/1.1" 200 16206 "http://hausegger.activities.at/entry.php?id=10271&&ser=649310" "Mozilla/5.0 (Windows NT 10.0; Win64; x64; rv:134.0) Gecko/20100101 Firefox/134.0"
178.165.186.69 - - [23/Jan/2025:17:23:51 +0100] "GET /entry.php?id=10271&&ser=649370 HTTP/1.1" 200 987 "http://hausegger.activities.at/entry.php?id=10271&&ser=649310" "Mozilla/5.0 (Windows NT 10.0; Win64; x64; rv:134.0) Gecko/20100101 Firefox/134.0"
178.165.186.69 - - [23/Jan/2025:17:23:51 +0100] "GET /gui/javascript/form_form.js?1737649431 HTTP/1.1" 200 16206 "http://hausegger.activities.at/entry.php?id=10271&&ser=649370" "Mozilla/5.0 (Windows NT 10.0; Win64; x64; rv:134.0) Gecko/20100101 Firefox/134.0"
178.165.186.69 - - [23/Jan/2025:17:24:51 +0100] "GET /entry.php?id=10271&&ser=649431 HTTP/1.1" 200 987 "http://hausegger.activities.at/entry.php?id=10271&&ser=649370" "Mozilla/5.0 (Windows NT 10.0; Win64; x64; rv:134.0) Gecko/20100101 Firefox/134.0"
178.165.186.69 - - [23/Jan/2025:17:24:51 +0100] "GET /gui/javascript/form_form.js?1737649491 HTTP/1.1" 200 16206 "http://hausegger.activities.at/entry.php?id=10271&&ser=649431" "Mozilla/5.0 (Windows NT 10.0; Win64; x64; rv:134.0) Gecko/20100101 Firefox/134.0"
178.165.186.69 - - [23/Jan/2025:17:25:51 +0100] "GET /entry.php?id=10271&&ser=649491 HTTP/1.1" 200 990 "http://hausegger.activities.at/entry.php?id=10271&&ser=649431" "Mozilla/5.0 (Windows NT 10.0; Win64; x64; rv:134.0) Gecko/20100101 Firefox/134.0"
178.165.186.69 - - [23/Jan/2025:17:25:52 +0100] "GET /gui/javascript/form_form.js?1737649552 HTTP/1.1" 200 16206 "http://hausegger.activities.at/entry.php?id=10271&&ser=649491" "Mozilla/5.0 (Windows NT 10.0; Win64; x64; rv:134.0) Gecko/20100101 Firefox/134.0"
46.19.138.234 - - [23/Jan/2025:17:26:33 +0100] "GET / HTTP/1.1" 200 274 "-" "Mozilla/5.0 (Windows NT 10.0; Win64; x64) AppleWebKit/537.36 (KHTML, like Gecko) Chrome/90.0.4430.85 Safari/537.36 Edg/90.0.818.46"
178.165.186.69 - - [23/Jan/2025:17:26:52 +0100] "GET /entry.php?id=10271&&ser=649551 HTTP/1.1" 200 987 "http://hausegger.activities.at/entry.php?id=10271&&ser=649491" "Mozilla/5.0 (Windows NT 10.0; Win64; x64; rv:134.0) Gecko/20100101 Firefox/134.0"
178.165.186.69 - - [23/Jan/2025:17:26:52 +0100] "GET /gui/javascript/form_form.js?1737649612 HTTP/1.1" 200 16206 "http://hausegger.activities.at/entry.php?id=10271&&ser=649551" "Mozilla/5.0 (Windows NT 10.0; Win64; x64; rv:134.0) Gecko/20100101 Firefox/134.0"
178.165.186.69 - - [23/Jan/2025:17:27:52 +0100] "GET /entry.php?id=10271&&ser=649612 HTTP/1.1" 200 987 "http://hausegger.activities.at/entry.php?id=10271&&ser=649551" "Mozilla/5.0 (Windows NT 10.0; Win64; x64; rv:134.0) Gecko/20100101 Firefox/134.0"
178.165.186.69 - - [23/Jan/2025:17:27:52 +0100] "GET /gui/javascript/form_form.js?1737649672 HTTP/1.1" 200 16206 "http://hausegger.activities.at/entry.php?id=10271&&ser=649612" "Mozilla/5.0 (Windows NT 10.0; Win64; x64; rv:134.0) Gecko/20100101 Firefox/134.0"
178.165.186.69 - - [23/Jan/2025:17:28:52 +0100] "GET /entry.php?id=10271&&ser=649672 HTTP/1.1" 200 987 "http://hausegger.activities.at/entry.php?id=10271&&ser=649612" "Mozilla/5.0 (Windows NT 10.0; Win64; x64; rv:134.0) Gecko/20100101 Firefox/134.0"
178.165.186.69 - - [23/Jan/2025:17:28:52 +0100] "GET /gui/javascript/form_form.js?1737649732 HTTP/1.1" 200 16206 "http://hausegger.activities.at/entry.php?id=10271&&ser=649672" "Mozilla/5.0 (Windows NT 10.0; Win64; x64; rv:134.0) Gecko/20100101 Firefox/134.0"
216.131.114.98 - - [23/Jan/2025:17:28:54 +0100] "GET / HTTP/1.1" 200 274 "-" "Mozilla/5.0 (Macintosh; Intel Mac OS X 10_15_7) AppleWebKit/605.1.15 (KHTML, like Gecko) Version/17.3.1 Safari/605.1.1"
178.165.186.69 - - [23/Jan/2025:17:29:53 +0100] "GET /entry.php?id=10271&&ser=649732 HTTP/1.1" 200 987 "http://hausegger.activities.at/entry.php?id=10271&&ser=649672" "Mozilla/5.0 (Windows NT 10.0; Win64; x64; rv:134.0) Gecko/20100101 Firefox/134.0"
178.165.186.69 - - [23/Jan/2025:17:29:53 +0100] "GET /gui/javascript/form_form.js?1737649793 HTTP/1.1" 200 16206 "http://hausegger.activities.at/entry.php?id=10271&&ser=649732" "Mozilla/5.0 (Windows NT 10.0; Win64; x64; rv:134.0) Gecko/20100101 Firefox/134.0"
164.52.24.188 - - [23/Jan/2025:17:30:00 +0100] "\x16\x03\x01\x02" 400 383 "-" "-"
164.52.24.188 - - [23/Jan/2025:17:30:21 +0100] "GET / HTTP/1.1" 200 423 "-" "Mozilla/5.0 (Windows NT 10.0; Win64; x64) AppleWebKit/537.36 (KHTML, like Gecko) Chrome/114.0.0.0 Safari/537.36"
178.165.186.69 - - [23/Jan/2025:17:30:53 +0100] "GET /entry.php?id=10271&&ser=649793 HTTP/1.1" 200 987 "http://hausegger.activities.at/entry.php?id=10271&&ser=649732" "Mozilla/5.0 (Windows NT 10.0; Win64; x64; rv:134.0) Gecko/20100101 Firefox/134.0"
178.165.186.69 - - [23/Jan/2025:17:30:53 +0100] "GET /gui/javascript/form_form.js?1737649853 HTTP/1.1" 200 16206 "http://hausegger.activities.at/entry.php?id=10271&&ser=649793" "Mozilla/5.0 (Windows NT 10.0; Win64; x64; rv:134.0) Gecko/20100101 Firefox/134.0"
