178.165.186.69 - - [23/Jan/2025:17:31:53 +0100] "GET /entry.php?id=10271&&ser=649853 HTTP/1.1" 200 987 "http://hausegger.activities.at/entry.php?id=10271&&ser=649793" "Mozilla/5.0 (Windows NT 10.0; Win64; x64; rv:134.0) Gecko/20100101 Firefox/134.0"
178.165.186.69 - - [23/Jan/2025:17:31:53 +0100] "GET /gui/javascript/form_form.js?1737649913 HTTP/1.1" 200 16206 "http://hausegger.activities.at/entry.php?id=10271&&ser=649853" "Mozilla/5.0 (Windows NT 10.0; Win64; x64; rv:134.0) Gecko/20100101 Firefox/134.0"
178.165.186.69 - - [23/Jan/2025:17:32:54 +0100] "GET /entry.php?id=10271&&ser=649913 HTTP/1.1" 200 987 "http://hausegger.activities.at/entry.php?id=10271&&ser=649853" "Mozilla/5.0 (Windows NT 10.0; Win64; x64; rv:134.0) Gecko/20100101 Firefox/134.0"
178.165.186.69 - - [23/Jan/2025:17:32:54 +0100] "GET /gui/javascript/form_form.js?1737649974 HTTP/1.1" 200 16206 "http://hausegger.activities.at/entry.php?id=10271&&ser=649913" "Mozilla/5.0 (Windows NT 10.0; Win64; x64; rv:134.0) Gecko/20100101 Firefox/134.0"
178.165.186.69 - - [23/Jan/2025:17:33:06 +0100] "GET /entry.php?id=11237&type=10665 HTTP/1.1" 200 276 "http://hausegger.activities.at/entry.php?id=10828" "Mozilla/5.0 (Windows NT 10.0; Win64; x64; rv:134.0) Gecko/20100101 Firefox/134.0"
178.165.186.69 - - [23/Jan/2025:17:33:06 +0100] "GET /entry.php?id=10676&&title=Belegsuche HTTP/1.1" 200 1390 "http://hausegger.activities.at/entry.php?id=11237&type=10665" "Mozilla/5.0 (Windows NT 10.0; Win64; x64; rv:134.0) Gecko/20100101 Firefox/134.0"
178.165.186.69 - - [23/Jan/2025:17:33:06 +0100] "GET /gui/javascript/form_form.js?1737649986 HTTP/1.1" 200 16206 "http://hausegger.activities.at/entry.php?id=10676&&title=Belegsuche" "Mozilla/5.0 (Windows NT 10.0; Win64; x64; rv:134.0) Gecko/20100101 Firefox/134.0"
178.165.186.69 - - [23/Jan/2025:17:33:06 +0100] "GET /entry.php?id=11240&mode=document&form=10665& HTTP/1.1" 200 2673 "http://hausegger.activities.at/entry.php?id=11237&type=10665" "Mozilla/5.0 (Windows NT 10.0; Win64; x64; rv:134.0) Gecko/20100101 Firefox/134.0"
178.165.186.69 - - [23/Jan/2025:17:33:06 +0100] "GET /gui/javascript/form_bu_document_workflow.js?1737649986 HTTP/1.1" 200 4900 "http://hausegger.activities.at/entry.php?id=11240&mode=document&form=10665&" "Mozilla/5.0 (Windows NT 10.0; Win64; x64; rv:134.0) Gecko/20100101 Firefox/134.0"
178.165.186.69 - - [23/Jan/2025:17:33:06 +0100] "GET /entry.php?id=11238&mode=document&form=10665& HTTP/1.1" 200 3306 "http://hausegger.activities.at/entry.php?id=11237&type=10665" "Mozilla/5.0 (Windows NT 10.0; Win64; x64; rv:134.0) Gecko/20100101 Firefox/134.0"
178.165.186.69 - - [23/Jan/2025:17:33:06 +0100] "GET /entry.php?id=11239&mode=document&form=10665& HTTP/1.1" 200 2018 "http://hausegger.activities.at/entry.php?id=11237&type=10665" "Mozilla/5.0 (Windows NT 10.0; Win64; x64; rv:134.0) Gecko/20100101 Firefox/134.0"
178.165.186.69 - - [23/Jan/2025:17:33:06 +0100] "GET /entry.php?id=10776&form=11066&name=list& HTTP/1.1" 200 1513 "http://hausegger.activities.at/entry.php?id=11240&mode=document&form=10665&" "Mozilla/5.0 (Windows NT 10.0; Win64; x64; rv:134.0) Gecko/20100101 Firefox/134.0"
178.165.186.69 - - [23/Jan/2025:17:33:06 +0100] "GET /entry.php?id=10778&form=11066&name=list& HTTP/1.1" 200 2586 "http://hausegger.activities.at/entry.php?id=11240&mode=document&form=10665&" "Mozilla/5.0 (Windows NT 10.0; Win64; x64; rv:134.0) Gecko/20100101 Firefox/134.0"
178.165.186.69 - - [23/Jan/2025:17:33:07 +0100] "GET /gui/javascript/form_bu_document_workflow.js?1737649987 HTTP/1.1" 200 4900 "http://hausegger.activities.at/entry.php?id=11239&mode=document&form=10665&" "Mozilla/5.0 (Windows NT 10.0; Win64; x64; rv:134.0) Gecko/20100101 Firefox/134.0"
178.165.186.69 - - [23/Jan/2025:17:33:07 +0100] "GET /gui/javascript/form_form.js?1737649987 HTTP/1.1" 200 16206 "http://hausegger.activities.at/entry.php?id=11239&mode=document&form=10665&" "Mozilla/5.0 (Windows NT 10.0; Win64; x64; rv:134.0) Gecko/20100101 Firefox/134.0"
178.165.186.69 - - [23/Jan/2025:17:33:07 +0100] "GET /framework/icons/sortUp.gif HTTP/1.1" 200 53 "http://hausegger.activities.at/entry.php?id=10776&form=11066&name=list&" "Mozilla/5.0 (Windows NT 10.0; Win64; x64; rv:134.0) Gecko/20100101 Firefox/134.0"
178.165.186.69 - - [23/Jan/2025:17:33:07 +0100] "POST /entry.php?id=11240 HTTP/1.1" 200 2676 "http://hausegger.activities.at/entry.php?id=11240&mode=document&form=10665&" "Mozilla/5.0 (Windows NT 10.0; Win64; x64; rv:134.0) Gecko/20100101 Firefox/134.0"
178.165.186.69 - - [23/Jan/2025:17:33:08 +0100] "GET /gui/javascript/form_form.js?1737649988 HTTP/1.1" 200 16206 "http://hausegger.activities.at/entry.php?id=11240" "Mozilla/5.0 (Windows NT 10.0; Win64; x64; rv:134.0) Gecko/20100101 Firefox/134.0"
178.165.186.69 - - [23/Jan/2025:17:33:08 +0100] "GET /entry.php?id=10776&form=11066&name=list& HTTP/1.1" 200 1513 "http://hausegger.activities.at/entry.php?id=11240" "Mozilla/5.0 (Windows NT 10.0; Win64; x64; rv:134.0) Gecko/20100101 Firefox/134.0"
178.165.186.69 - - [23/Jan/2025:17:33:08 +0100] "GET /entry.php?id=10778&form=11066&name=list& HTTP/1.1" 200 3109 "http://hausegger.activities.at/entry.php?id=11240" "Mozilla/5.0 (Windows NT 10.0; Win64; x64; rv:134.0) Gecko/20100101 Firefox/134.0"
178.165.186.69 - - [23/Jan/2025:17:33:12 +0100] "POST /entry.php?id=10828 HTTP/1.1" 200 8731 "http://hausegger.activities.at/entry.php?id=10828" "Mozilla/5.0 (Windows NT 10.0; Win64; x64; rv:134.0) Gecko/20100101 Firefox/134.0"
178.165.186.69 - - [23/Jan/2025:17:33:12 +0100] "GET /gui/javascript/form_form.js?1737649992 HTTP/1.1" 200 16206 "http://hausegger.activities.at/entry.php?id=10828" "Mozilla/5.0 (Windows NT 10.0; Win64; x64; rv:134.0) Gecko/20100101 Firefox/134.0"
178.165.186.69 - - [23/Jan/2025:17:33:12 +0100] "GET /entry.php?id=10889&document_id=10346623& HTTP/1.1" 200 1510 "http://hausegger.activities.at/entry.php?id=10828" "Mozilla/5.0 (Windows NT 10.0; Win64; x64; rv:134.0) Gecko/20100101 Firefox/134.0"
178.165.186.69 - - [23/Jan/2025:17:33:14 +0100] "GET /entry.php?id=11270&document=10346623 HTTP/1.1" 200 1976 "http://hausegger.activities.at/entry.php?id=10828" "Mozilla/5.0 (Windows NT 10.0; Win64; x64; rv:134.0) Gecko/20100101 Firefox/134.0"
178.165.186.69 - - [23/Jan/2025:17:33:14 +0100] "GET /gui/javascript/form_bu_document.js?1737649994 HTTP/1.1" 200 2675 "http://hausegger.activities.at/entry.php?id=11270&document=10346623" "Mozilla/5.0 (Windows NT 10.0; Win64; x64; rv:134.0) Gecko/20100101 Firefox/134.0"
178.165.186.69 - - [23/Jan/2025:17:33:14 +0100] "GET /gui/javascript/form_form.js?1737649994 HTTP/1.1" 200 16206 "http://hausegger.activities.at/entry.php?id=11270&document=10346623" "Mozilla/5.0 (Windows NT 10.0; Win64; x64; rv:134.0) Gecko/20100101 Firefox/134.0"
178.165.186.69 - - [23/Jan/2025:17:33:15 +0100] "GET /entry.php?id=10877&mode=observePrint HTTP/1.1" 200 55 "http://hausegger.activities.at/entry.php?id=11270&document=10346623" "Mozilla/5.0 (Windows NT 10.0; Win64; x64; rv:134.0) Gecko/20100101 Firefox/134.0"
178.165.186.69 - - [23/Jan/2025:17:33:15 +0100] "GET /entry.php?id=11241&images=false&document=10346623 HTTP/1.1" 200 2289 "http://hausegger.activities.at/entry.php?id=11270&document=10346623" "Mozilla/5.0 (Windows NT 10.0; Win64; x64; rv:134.0) Gecko/20100101 Firefox/134.0"
178.165.186.69 - - [23/Jan/2025:17:33:54 +0100] "GET /entry.php?id=10271&&ser=649974 HTTP/1.1" 200 987 "http://hausegger.activities.at/entry.php?id=10271&&ser=649913" "Mozilla/5.0 (Windows NT 10.0; Win64; x64; rv:134.0) Gecko/20100101 Firefox/134.0"
178.165.186.69 - - [23/Jan/2025:17:33:54 +0100] "GET /gui/javascript/form_form.js?1737650034 HTTP/1.1" 200 16206 "http://hausegger.activities.at/entry.php?id=10271&&ser=649974" "Mozilla/5.0 (Windows NT 10.0; Win64; x64; rv:134.0) Gecko/20100101 Firefox/134.0"
178.165.186.69 - - [23/Jan/2025:17:34:54 +0100] "GET /entry.php?id=10271&&ser=650034 HTTP/1.1" 200 987 "http://hausegger.activities.at/entry.php?id=10271&&ser=649974" "Mozilla/5.0 (Windows NT 10.0; Win64; x64; rv:134.0) Gecko/20100101 Firefox/134.0"
178.165.186.69 - - [23/Jan/2025:17:34:54 +0100] "GET /gui/javascript/form_form.js?1737650094 HTTP/1.1" 200 16206 "http://hausegger.activities.at/entry.php?id=10271&&ser=650034" "Mozilla/5.0 (Windows NT 10.0; Win64; x64; rv:134.0) Gecko/20100101 Firefox/134.0"
178.165.186.69 - - [23/Jan/2025:17:35:54 +0100] "GET /entry.php?id=10271&&ser=650094 HTTP/1.1" 200 988 "http://hausegger.activities.at/entry.php?id=10271&&ser=650034" "Mozilla/5.0 (Windows NT 10.0; Win64; x64; rv:134.0) Gecko/20100101 Firefox/134.0"
178.165.186.69 - - [23/Jan/2025:17:35:55 +0100] "GET /gui/javascript/form_form.js?1737650154 HTTP/1.1" 200 16206 "http://hausegger.activities.at/entry.php?id=10271&&ser=650094" "Mozilla/5.0 (Windows NT 10.0; Win64; x64; rv:134.0) Gecko/20100101 Firefox/134.0"
178.165.186.69 - - [23/Jan/2025:17:36:55 +0100] "GET /entry.php?id=10271&&ser=650154 HTTP/1.1" 200 988 "http://hausegger.activities.at/entry.php?id=10271&&ser=650094" "Mozilla/5.0 (Windows NT 10.0; Win64; x64; rv:134.0) Gecko/20100101 Firefox/134.0"
178.165.186.69 - - [23/Jan/2025:17:36:55 +0100] "GET /gui/javascript/form_form.js?1737650215 HTTP/1.1" 200 16206 "http://hausegger.activities.at/entry.php?id=10271&&ser=650154" "Mozilla/5.0 (Windows NT 10.0; Win64; x64; rv:134.0) Gecko/20100101 Firefox/134.0"
178.165.186.69 - - [23/Jan/2025:17:37:55 +0100] "GET /entry.php?id=10271&&ser=650215 HTTP/1.1" 200 987 "http://hausegger.activities.at/entry.php?id=10271&&ser=650154" "Mozilla/5.0 (Windows NT 10.0; Win64; x64; rv:134.0) Gecko/20100101 Firefox/134.0"
178.165.186.69 - - [23/Jan/2025:17:37:55 +0100] "GET /gui/javascript/form_form.js?1737650275 HTTP/1.1" 200 16206 "http://hausegger.activities.at/entry.php?id=10271&&ser=650215" "Mozilla/5.0 (Windows NT 10.0; Win64; x64; rv:134.0) Gecko/20100101 Firefox/134.0"
178.165.186.69 - - [23/Jan/2025:17:38:55 +0100] "GET /entry.php?id=10271&&ser=650275 HTTP/1.1" 200 988 "http://hausegger.activities.at/entry.php?id=10271&&ser=650215" "Mozilla/5.0 (Windows NT 10.0; Win64; x64; rv:134.0) Gecko/20100101 Firefox/134.0"
178.165.186.69 - - [23/Jan/2025:17:38:55 +0100] "GET /gui/javascript/form_form.js?1737650335 HTTP/1.1" 200 16206 "http://hausegger.activities.at/entry.php?id=10271&&ser=650275" "Mozilla/5.0 (Windows NT 10.0; Win64; x64; rv:134.0) Gecko/20100101 Firefox/134.0"
178.165.186.69 - - [23/Jan/2025:17:39:56 +0100] "GET /entry.php?id=10271&&ser=650335 HTTP/1.1" 200 987 "http://hausegger.activities.at/entry.php?id=10271&&ser=650275" "Mozilla/5.0 (Windows NT 10.0; Win64; x64; rv:134.0) Gecko/20100101 Firefox/134.0"
178.165.186.69 - - [23/Jan/2025:17:39:56 +0100] "GET /gui/javascript/form_form.js?1737650396 HTTP/1.1" 200 16206 "http://hausegger.activities.at/entry.php?id=10271&&ser=650335" "Mozilla/5.0 (Windows NT 10.0; Win64; x64; rv:134.0) Gecko/20100101 Firefox/134.0"
178.165.186.69 - - [23/Jan/2025:17:40:56 +0100] "GET /entry.php?id=10271&&ser=650396 HTTP/1.1" 200 988 "http://hausegger.activities.at/entry.php?id=10271&&ser=650335" "Mozilla/5.0 (Windows NT 10.0; Win64; x64; rv:134.0) Gecko/20100101 Firefox/134.0"
178.165.186.69 - - [23/Jan/2025:17:40:56 +0100] "GET /gui/javascript/form_form.js?1737650456 HTTP/1.1" 200 16206 "http://hausegger.activities.at/entry.php?id=10271&&ser=650396" "Mozilla/5.0 (Windows NT 10.0; Win64; x64; rv:134.0) Gecko/20100101 Firefox/134.0"
178.165.186.69 - - [23/Jan/2025:17:41:56 +0100] "GET /entry.php?id=10271&&ser=650456 HTTP/1.1" 200 988 "http://hausegger.activities.at/entry.php?id=10271&&ser=650396" "Mozilla/5.0 (Windows NT 10.0; Win64; x64; rv:134.0) Gecko/20100101 Firefox/134.0"
178.165.186.69 - - [23/Jan/2025:17:41:56 +0100] "GET /gui/javascript/form_form.js?1737650516 HTTP/1.1" 200 16206 "http://hausegger.activities.at/entry.php?id=10271&&ser=650456" "Mozilla/5.0 (Windows NT 10.0; Win64; x64; rv:134.0) Gecko/20100101 Firefox/134.0"
178.165.186.69 - - [23/Jan/2025:17:42:56 +0100] "GET /entry.php?id=10271&&ser=650516 HTTP/1.1" 200 988 "http://hausegger.activities.at/entry.php?id=10271&&ser=650456" "Mozilla/5.0 (Windows NT 10.0; Win64; x64; rv:134.0) Gecko/20100101 Firefox/134.0"
178.165.186.69 - - [23/Jan/2025:17:42:57 +0100] "GET /gui/javascript/form_form.js?1737650577 HTTP/1.1" 200 16206 "http://hausegger.activities.at/entry.php?id=10271&&ser=650516" "Mozilla/5.0 (Windows NT 10.0; Win64; x64; rv:134.0) Gecko/20100101 Firefox/134.0"
178.165.186.69 - - [23/Jan/2025:17:43:16 +0100] "GET /entry.php?id=10828 HTTP/1.1" 200 9143 "http://hausegger.activities.at/entry.php?id=10270&__app__=10006038" "Mozilla/5.0 (Windows NT 10.0; Win64; x64; rv:134.0) Gecko/20100101 Firefox/134.0"
178.165.186.69 - - [23/Jan/2025:17:43:16 +0100] "GET /gui/javascript/form_form.js?1737650596 HTTP/1.1" 200 16206 "http://hausegger.activities.at/entry.php?id=10828" "Mozilla/5.0 (Windows NT 10.0; Win64; x64; rv:134.0) Gecko/20100101 Firefox/134.0"
178.165.186.69 - - [23/Jan/2025:17:43:16 +0100] "GET /entry.php?id=10889&document_id=& HTTP/1.1" 200 1510 "http://hausegger.activities.at/entry.php?id=10828" "Mozilla/5.0 (Windows NT 10.0; Win64; x64; rv:134.0) Gecko/20100101 Firefox/134.0"
178.165.186.69 - - [23/Jan/2025:17:43:57 +0100] "GET /entry.php?id=10271&&ser=650577 HTTP/1.1" 200 987 "http://hausegger.activities.at/entry.php?id=10271&&ser=650516" "Mozilla/5.0 (Windows NT 10.0; Win64; x64; rv:134.0) Gecko/20100101 Firefox/134.0"
178.165.186.69 - - [23/Jan/2025:17:43:57 +0100] "GET /gui/javascript/form_form.js?1737650637 HTTP/1.1" 200 16206 "http://hausegger.activities.at/entry.php?id=10271&&ser=650577" "Mozilla/5.0 (Windows NT 10.0; Win64; x64; rv:134.0) Gecko/20100101 Firefox/134.0"
178.165.186.69 - - [23/Jan/2025:17:44:57 +0100] "GET /entry.php?id=10271&&ser=650637 HTTP/1.1" 200 987 "http://hausegger.activities.at/entry.php?id=10271&&ser=650577" "Mozilla/5.0 (Windows NT 10.0; Win64; x64; rv:134.0) Gecko/20100101 Firefox/134.0"
178.165.186.69 - - [23/Jan/2025:17:44:57 +0100] "GET /gui/javascript/form_form.js?1737650697 HTTP/1.1" 200 16206 "http://hausegger.activities.at/entry.php?id=10271&&ser=650637" "Mozilla/5.0 (Windows NT 10.0; Win64; x64; rv:134.0) Gecko/20100101 Firefox/134.0"
178.165.186.69 - - [23/Jan/2025:17:45:57 +0100] "GET /entry.php?id=10271&&ser=650697 HTTP/1.1" 200 988 "http://hausegger.activities.at/entry.php?id=10271&&ser=650637" "Mozilla/5.0 (Windows NT 10.0; Win64; x64; rv:134.0) Gecko/20100101 Firefox/134.0"
178.165.186.69 - - [23/Jan/2025:17:45:57 +0100] "GET /gui/javascript/form_form.js?1737650757 HTTP/1.1" 200 16206 "http://hausegger.activities.at/entry.php?id=10271&&ser=650697" "Mozilla/5.0 (Windows NT 10.0; Win64; x64; rv:134.0) Gecko/20100101 Firefox/134.0"
178.165.186.69 - - [23/Jan/2025:17:46:58 +0100] "GET /entry.php?id=10271&&ser=650757 HTTP/1.1" 200 987 "http://hausegger.activities.at/entry.php?id=10271&&ser=650697" "Mozilla/5.0 (Windows NT 10.0; Win64; x64; rv:134.0) Gecko/20100101 Firefox/134.0"
178.165.186.69 - - [23/Jan/2025:17:46:58 +0100] "GET /gui/javascript/form_form.js?1737650818 HTTP/1.1" 200 16206 "http://hausegger.activities.at/entry.php?id=10271&&ser=650757" "Mozilla/5.0 (Windows NT 10.0; Win64; x64; rv:134.0) Gecko/20100101 Firefox/134.0"
178.165.186.69 - - [23/Jan/2025:17:47:58 +0100] "GET /entry.php?id=10271&&ser=650818 HTTP/1.1" 200 987 "http://hausegger.activities.at/entry.php?id=10271&&ser=650757" "Mozilla/5.0 (Windows NT 10.0; Win64; x64; rv:134.0) Gecko/20100101 Firefox/134.0"
178.165.186.69 - - [23/Jan/2025:17:47:58 +0100] "GET /gui/javascript/form_form.js?1737650878 HTTP/1.1" 200 16206 "http://hausegger.activities.at/entry.php?id=10271&&ser=650818" "Mozilla/5.0 (Windows NT 10.0; Win64; x64; rv:134.0) Gecko/20100101 Firefox/134.0"
178.165.186.69 - - [23/Jan/2025:17:48:58 +0100] "GET /entry.php?id=10271&&ser=650878 HTTP/1.1" 200 987 "http://hausegger.activities.at/entry.php?id=10271&&ser=650818" "Mozilla/5.0 (Windows NT 10.0; Win64; x64; rv:134.0) Gecko/20100101 Firefox/134.0"
178.165.186.69 - - [23/Jan/2025:17:48:58 +0100] "GET /gui/javascript/form_form.js?1737650938 HTTP/1.1" 200 16206 "http://hausegger.activities.at/entry.php?id=10271&&ser=650878" "Mozilla/5.0 (Windows NT 10.0; Win64; x64; rv:134.0) Gecko/20100101 Firefox/134.0"
178.165.186.69 - - [23/Jan/2025:17:49:59 +0100] "GET /entry.php?id=10271&&ser=650938 HTTP/1.1" 200 987 "http://hausegger.activities.at/entry.php?id=10271&&ser=650878" "Mozilla/5.0 (Windows NT 10.0; Win64; x64; rv:134.0) Gecko/20100101 Firefox/134.0"
178.165.186.69 - - [23/Jan/2025:17:49:59 +0100] "GET /gui/javascript/form_form.js?1737650999 HTTP/1.1" 200 16206 "http://hausegger.activities.at/entry.php?id=10271&&ser=650938" "Mozilla/5.0 (Windows NT 10.0; Win64; x64; rv:134.0) Gecko/20100101 Firefox/134.0"
178.165.186.69 - - [23/Jan/2025:17:50:59 +0100] "GET /entry.php?id=10271&&ser=650999 HTTP/1.1" 200 988 "http://hausegger.activities.at/entry.php?id=10271&&ser=650938" "Mozilla/5.0 (Windows NT 10.0; Win64; x64; rv:134.0) Gecko/20100101 Firefox/134.0"
178.165.186.69 - - [23/Jan/2025:17:50:59 +0100] "GET /gui/javascript/form_form.js?1737651059 HTTP/1.1" 200 16206 "http://hausegger.activities.at/entry.php?id=10271&&ser=650999" "Mozilla/5.0 (Windows NT 10.0; Win64; x64; rv:134.0) Gecko/20100101 Firefox/134.0"
178.165.186.69 - - [23/Jan/2025:17:51:59 +0100] "GET /entry.php?id=10271&&ser=651059 HTTP/1.1" 200 987 "http://hausegger.activities.at/entry.php?id=10271&&ser=650999" "Mozilla/5.0 (Windows NT 10.0; Win64; x64; rv:134.0) Gecko/20100101 Firefox/134.0"
178.165.186.69 - - [23/Jan/2025:17:51:59 +0100] "GET /gui/javascript/form_form.js?1737651119 HTTP/1.1" 200 16206 "http://hausegger.activities.at/entry.php?id=10271&&ser=651059" "Mozilla/5.0 (Windows NT 10.0; Win64; x64; rv:134.0) Gecko/20100101 Firefox/134.0"
156.59.198.136 - - [23/Jan/2025:17:52:21 +0100] "GET /renault.activities.at/htdocs/export/xml/data/orders/201908071803_RenOrder.xml HTTP/1.0" 404 329 "-" "Mozilla/5.0 (Linux; Android 5.0) AppleWebKit/537.36 (KHTML, like Gecko) Mobile Safari/537.36 (compatible; Bytespider; spider-feedback@bytedance.com)"
178.165.186.69 - - [23/Jan/2025:17:52:59 +0100] "GET /entry.php?id=10271&&ser=651119 HTTP/1.1" 200 987 "http://hausegger.activities.at/entry.php?id=10271&&ser=651059" "Mozilla/5.0 (Windows NT 10.0; Win64; x64; rv:134.0) Gecko/20100101 Firefox/134.0"
178.165.186.69 - - [23/Jan/2025:17:53:00 +0100] "GET /gui/javascript/form_form.js?1737651180 HTTP/1.1" 200 16206 "http://hausegger.activities.at/entry.php?id=10271&&ser=651119" "Mozilla/5.0 (Windows NT 10.0; Win64; x64; rv:134.0) Gecko/20100101 Firefox/134.0"
178.165.186.69 - - [23/Jan/2025:17:54:00 +0100] "GET /entry.php?id=10271&&ser=651180 HTTP/1.1" 200 987 "http://hausegger.activities.at/entry.php?id=10271&&ser=651119" "Mozilla/5.0 (Windows NT 10.0; Win64; x64; rv:134.0) Gecko/20100101 Firefox/134.0"
178.165.186.69 - - [23/Jan/2025:17:54:00 +0100] "GET /gui/javascript/form_form.js?1737651240 HTTP/1.1" 200 16206 "http://hausegger.activities.at/entry.php?id=10271&&ser=651180" "Mozilla/5.0 (Windows NT 10.0; Win64; x64; rv:134.0) Gecko/20100101 Firefox/134.0"
178.165.186.69 - - [23/Jan/2025:17:55:00 +0100] "GET /entry.php?id=10271&&ser=651240 HTTP/1.1" 200 987 "http://hausegger.activities.at/entry.php?id=10271&&ser=651180" "Mozilla/5.0 (Windows NT 10.0; Win64; x64; rv:134.0) Gecko/20100101 Firefox/134.0"
178.165.186.69 - - [23/Jan/2025:17:55:00 +0100] "GET /gui/javascript/form_form.js?1737651300 HTTP/1.1" 200 16206 "http://hausegger.activities.at/entry.php?id=10271&&ser=651240" "Mozilla/5.0 (Windows NT 10.0; Win64; x64; rv:134.0) Gecko/20100101 Firefox/134.0"
178.165.186.69 - - [23/Jan/2025:17:56:00 +0100] "GET /entry.php?id=10271&&ser=651300 HTTP/1.1" 200 987 "http://hausegger.activities.at/entry.php?id=10271&&ser=651240" "Mozilla/5.0 (Windows NT 10.0; Win64; x64; rv:134.0) Gecko/20100101 Firefox/134.0"
178.165.186.69 - - [23/Jan/2025:17:56:00 +0100] "GET /gui/javascript/form_form.js?1737651360 HTTP/1.1" 200 16206 "http://hausegger.activities.at/entry.php?id=10271&&ser=651300" "Mozilla/5.0 (Windows NT 10.0; Win64; x64; rv:134.0) Gecko/20100101 Firefox/134.0"
156.59.198.136 - - [23/Jan/2025:17:56:20 +0100] "GET /hausegger.activities.at/stats/lang/awstats-cn.txt HTTP/1.0" 404 308 "-" "Mozilla/5.0 (Linux; Android 5.0) AppleWebKit/537.36 (KHTML, like Gecko) Mobile Safari/537.36 (compatible; Bytespider; spider-feedback@bytedance.com)"
178.165.186.69 - - [23/Jan/2025:17:57:01 +0100] "GET /entry.php?id=10271&&ser=651360 HTTP/1.1" 200 987 "http://hausegger.activities.at/entry.php?id=10271&&ser=651300" "Mozilla/5.0 (Windows NT 10.0; Win64; x64; rv:134.0) Gecko/20100101 Firefox/134.0"
178.165.186.69 - - [23/Jan/2025:17:57:01 +0100] "GET /gui/javascript/form_form.js?1737651421 HTTP/1.1" 200 16206 "http://hausegger.activities.at/entry.php?id=10271&&ser=651360" "Mozilla/5.0 (Windows NT 10.0; Win64; x64; rv:134.0) Gecko/20100101 Firefox/134.0"
178.165.186.69 - - [23/Jan/2025:17:58:01 +0100] "GET /entry.php?id=10271&&ser=651421 HTTP/1.1" 200 986 "http://hausegger.activities.at/entry.php?id=10271&&ser=651360" "Mozilla/5.0 (Windows NT 10.0; Win64; x64; rv:134.0) Gecko/20100101 Firefox/134.0"
178.165.186.69 - - [23/Jan/2025:17:58:01 +0100] "GET /gui/javascript/form_form.js?1737651481 HTTP/1.1" 200 16206 "http://hausegger.activities.at/entry.php?id=10271&&ser=651421" "Mozilla/5.0 (Windows NT 10.0; Win64; x64; rv:134.0) Gecko/20100101 Firefox/134.0"
178.165.186.69 - - [23/Jan/2025:17:59:01 +0100] "GET /entry.php?id=10271&&ser=651481 HTTP/1.1" 200 987 "http://hausegger.activities.at/entry.php?id=10271&&ser=651421" "Mozilla/5.0 (Windows NT 10.0; Win64; x64; rv:134.0) Gecko/20100101 Firefox/134.0"
178.165.186.69 - - [23/Jan/2025:17:59:01 +0100] "GET /gui/javascript/form_form.js?1737651541 HTTP/1.1" 200 16206 "http://hausegger.activities.at/entry.php?id=10271&&ser=651481" "Mozilla/5.0 (Windows NT 10.0; Win64; x64; rv:134.0) Gecko/20100101 Firefox/134.0"
178.165.186.69 - - [23/Jan/2025:18:00:02 +0100] "GET /entry.php?id=10271&&ser=651541 HTTP/1.1" 200 987 "http://hausegger.activities.at/entry.php?id=10271&&ser=651481" "Mozilla/5.0 (Windows NT 10.0; Win64; x64; rv:134.0) Gecko/20100101 Firefox/134.0"
178.165.186.69 - - [23/Jan/2025:18:00:02 +0100] "GET /gui/javascript/form_form.js?1737651602 HTTP/1.1" 200 16206 "http://hausegger.activities.at/entry.php?id=10271&&ser=651541" "Mozilla/5.0 (Windows NT 10.0; Win64; x64; rv:134.0) Gecko/20100101 Firefox/134.0"
156.59.198.136 - - [23/Jan/2025:18:00:20 +0100] "GET /hausegger.activities.at/stats/lang/awstats-nn.txt HTTP/1.0" 404 308 "-" "Mozilla/5.0 (Linux; Android 5.0) AppleWebKit/537.36 (KHTML, like Gecko) Mobile Safari/537.36 (compatible; Bytespider; spider-feedback@bytedance.com)"
178.165.186.69 - - [23/Jan/2025:18:01:02 +0100] "GET /entry.php?id=10271&&ser=651602 HTTP/1.1" 200 987 "http://hausegger.activities.at/entry.php?id=10271&&ser=651541" "Mozilla/5.0 (Windows NT 10.0; Win64; x64; rv:134.0) Gecko/20100101 Firefox/134.0"
178.165.186.69 - - [23/Jan/2025:18:01:02 +0100] "GET /gui/javascript/form_form.js?1737651662 HTTP/1.1" 200 16206 "http://hausegger.activities.at/entry.php?id=10271&&ser=651602" "Mozilla/5.0 (Windows NT 10.0; Win64; x64; rv:134.0) Gecko/20100101 Firefox/134.0"
217.128.131.213 - - [23/Jan/2025:18:01:57 +0100] "GET / HTTP/1.0" 200 423 "-" "curl/7.88.1"
178.165.186.69 - - [23/Jan/2025:18:02:02 +0100] "GET /entry.php?id=10271&&ser=651662 HTTP/1.1" 200 987 "http://hausegger.activities.at/entry.php?id=10271&&ser=651602" "Mozilla/5.0 (Windows NT 10.0; Win64; x64; rv:134.0) Gecko/20100101 Firefox/134.0"
178.165.186.69 - - [23/Jan/2025:18:02:02 +0100] "GET /gui/javascript/form_form.js?1737651722 HTTP/1.1" 200 16206 "http://hausegger.activities.at/entry.php?id=10271&&ser=651662" "Mozilla/5.0 (Windows NT 10.0; Win64; x64; rv:134.0) Gecko/20100101 Firefox/134.0"
178.165.186.69 - - [23/Jan/2025:18:03:07 +0100] "GET /entry.php?id=10271&&ser=651722 HTTP/1.1" 200 988 "http://hausegger.activities.at/entry.php?id=10271&&ser=651662" "Mozilla/5.0 (Windows NT 10.0; Win64; x64; rv:134.0) Gecko/20100101 Firefox/134.0"
178.165.186.69 - - [23/Jan/2025:18:03:07 +0100] "GET /gui/javascript/form_form.js?1737651787 HTTP/1.1" 200 16206 "http://hausegger.activities.at/entry.php?id=10271&&ser=651722" "Mozilla/5.0 (Windows NT 10.0; Win64; x64; rv:134.0) Gecko/20100101 Firefox/134.0"
178.165.186.69 - - [23/Jan/2025:18:04:08 +0100] "GET /entry.php?id=10271&&ser=651787 HTTP/1.1" 200 987 "http://hausegger.activities.at/entry.php?id=10271&&ser=651722" "Mozilla/5.0 (Windows NT 10.0; Win64; x64; rv:134.0) Gecko/20100101 Firefox/134.0"
178.165.186.69 - - [23/Jan/2025:18:04:08 +0100] "GET /gui/javascript/form_form.js?1737651848 HTTP/1.1" 200 16206 "http://hausegger.activities.at/entry.php?id=10271&&ser=651787" "Mozilla/5.0 (Windows NT 10.0; Win64; x64; rv:134.0) Gecko/20100101 Firefox/134.0"
156.59.198.136 - - [23/Jan/2025:18:04:20 +0100] "GET /renault.activities.at/htdocs/export/xml/data/orders/202103311503_RenOrder.xml HTTP/1.0" 404 329 "-" "Mozilla/5.0 (Linux; Android 5.0) AppleWebKit/537.36 (KHTML, like Gecko) Mobile Safari/537.36 (compatible; Bytespider; spider-feedback@bytedance.com)"
178.165.186.69 - - [23/Jan/2025:18:05:08 +0100] "GET /entry.php?id=10271&&ser=651848 HTTP/1.1" 200 987 "http://hausegger.activities.at/entry.php?id=10271&&ser=651787" "Mozilla/5.0 (Windows NT 10.0; Win64; x64; rv:134.0) Gecko/20100101 Firefox/134.0"
178.165.186.69 - - [23/Jan/2025:18:05:08 +0100] "GET /gui/javascript/form_form.js?1737651908 HTTP/1.1" 200 16206 "http://hausegger.activities.at/entry.php?id=10271&&ser=651848" "Mozilla/5.0 (Windows NT 10.0; Win64; x64; rv:134.0) Gecko/20100101 Firefox/134.0"
178.165.186.69 - - [23/Jan/2025:18:06:08 +0100] "GET /entry.php?id=10271&&ser=651908 HTTP/1.1" 200 987 "http://hausegger.activities.at/entry.php?id=10271&&ser=651848" "Mozilla/5.0 (Windows NT 10.0; Win64; x64; rv:134.0) Gecko/20100101 Firefox/134.0"
178.165.186.69 - - [23/Jan/2025:18:06:08 +0100] "GET /gui/javascript/form_form.js?1737651968 HTTP/1.1" 200 16206 "http://hausegger.activities.at/entry.php?id=10271&&ser=651908" "Mozilla/5.0 (Windows NT 10.0; Win64; x64; rv:134.0) Gecko/20100101 Firefox/134.0"
178.165.186.69 - - [23/Jan/2025:18:07:09 +0100] "GET /entry.php?id=10271&&ser=651968 HTTP/1.1" 200 987 "http://hausegger.activities.at/entry.php?id=10271&&ser=651908" "Mozilla/5.0 (Windows NT 10.0; Win64; x64; rv:134.0) Gecko/20100101 Firefox/134.0"
178.165.186.69 - - [23/Jan/2025:18:07:09 +0100] "GET /gui/javascript/form_form.js?1737652029 HTTP/1.1" 200 16206 "http://hausegger.activities.at/entry.php?id=10271&&ser=651968" "Mozilla/5.0 (Windows NT 10.0; Win64; x64; rv:134.0) Gecko/20100101 Firefox/134.0"
178.165.186.69 - - [23/Jan/2025:18:08:09 +0100] "GET /entry.php?id=10271&&ser=652029 HTTP/1.1" 200 987 "http://hausegger.activities.at/entry.php?id=10271&&ser=651968" "Mozilla/5.0 (Windows NT 10.0; Win64; x64; rv:134.0) Gecko/20100101 Firefox/134.0"
178.165.186.69 - - [23/Jan/2025:18:08:09 +0100] "GET /gui/javascript/form_form.js?1737652089 HTTP/1.1" 200 16206 "http://hausegger.activities.at/entry.php?id=10271&&ser=652029" "Mozilla/5.0 (Windows NT 10.0; Win64; x64; rv:134.0) Gecko/20100101 Firefox/134.0"
156.59.198.135 - - [23/Jan/2025:18:08:20 +0100] "GET /renault.activities.at/htdocs/binaries/10004287.pdf HTTP/1.0" 404 311 "-" "Mozilla/5.0 (Linux; Android 5.0) AppleWebKit/537.36 (KHTML, like Gecko) Mobile Safari/537.36 (compatible; Bytespider; spider-feedback@bytedance.com)"
178.165.186.69 - - [23/Jan/2025:18:09:09 +0100] "GET /entry.php?id=10271&&ser=652089 HTTP/1.1" 200 987 "http://hausegger.activities.at/entry.php?id=10271&&ser=652029" "Mozilla/5.0 (Windows NT 10.0; Win64; x64; rv:134.0) Gecko/20100101 Firefox/134.0"
178.165.186.69 - - [23/Jan/2025:18:09:09 +0100] "GET /gui/javascript/form_form.js?1737652149 HTTP/1.1" 200 16206 "http://hausegger.activities.at/entry.php?id=10271&&ser=652089" "Mozilla/5.0 (Windows NT 10.0; Win64; x64; rv:134.0) Gecko/20100101 Firefox/134.0"
178.165.186.69 - - [23/Jan/2025:18:10:09 +0100] "GET /entry.php?id=10271&&ser=652149 HTTP/1.1" 200 987 "http://hausegger.activities.at/entry.php?id=10271&&ser=652089" "Mozilla/5.0 (Windows NT 10.0; Win64; x64; rv:134.0) Gecko/20100101 Firefox/134.0"
178.165.186.69 - - [23/Jan/2025:18:10:10 +0100] "GET /gui/javascript/form_form.js?1737652210 HTTP/1.1" 200 16206 "http://hausegger.activities.at/entry.php?id=10271&&ser=652149" "Mozilla/5.0 (Windows NT 10.0; Win64; x64; rv:134.0) Gecko/20100101 Firefox/134.0"
178.165.186.69 - - [23/Jan/2025:18:11:10 +0100] "GET /entry.php?id=10271&&ser=652210 HTTP/1.1" 200 987 "http://hausegger.activities.at/entry.php?id=10271&&ser=652149" "Mozilla/5.0 (Windows NT 10.0; Win64; x64; rv:134.0) Gecko/20100101 Firefox/134.0"
178.165.186.69 - - [23/Jan/2025:18:11:10 +0100] "GET /gui/javascript/form_form.js?1737652270 HTTP/1.1" 200 16206 "http://hausegger.activities.at/entry.php?id=10271&&ser=652210" "Mozilla/5.0 (Windows NT 10.0; Win64; x64; rv:134.0) Gecko/20100101 Firefox/134.0"
178.165.186.69 - - [23/Jan/2025:18:12:10 +0100] "GET /entry.php?id=10271&&ser=652270 HTTP/1.1" 200 987 "http://hausegger.activities.at/entry.php?id=10271&&ser=652210" "Mozilla/5.0 (Windows NT 10.0; Win64; x64; rv:134.0) Gecko/20100101 Firefox/134.0"
178.165.186.69 - - [23/Jan/2025:18:12:10 +0100] "GET /gui/javascript/form_form.js?1737652330 HTTP/1.1" 200 16206 "http://hausegger.activities.at/entry.php?id=10271&&ser=652270" "Mozilla/5.0 (Windows NT 10.0; Win64; x64; rv:134.0) Gecko/20100101 Firefox/134.0"
156.59.198.135 - - [23/Jan/2025:18:12:21 +0100] "GET /docs/contadino/2015/AG15-00017.pdf HTTP/1.0" 404 302 "-" "Mozilla/5.0 (Linux; Android 5.0) AppleWebKit/537.36 (KHTML, like Gecko) Mobile Safari/537.36 (compatible; Bytespider; spider-feedback@bytedance.com)"
178.165.186.69 - - [23/Jan/2025:18:13:16 +0100] "GET /entry.php?id=10271&&ser=652330 HTTP/1.1" 200 987 "http://hausegger.activities.at/entry.php?id=10271&&ser=652270" "Mozilla/5.0 (Windows NT 10.0; Win64; x64; rv:134.0) Gecko/20100101 Firefox/134.0"
178.165.186.69 - - [23/Jan/2025:18:13:16 +0100] "GET /gui/javascript/form_form.js?1737652396 HTTP/1.1" 200 16206 "http://hausegger.activities.at/entry.php?id=10271&&ser=652330" "Mozilla/5.0 (Windows NT 10.0; Win64; x64; rv:134.0) Gecko/20100101 Firefox/134.0"
178.165.186.69 - - [23/Jan/2025:18:14:16 +0100] "GET /entry.php?id=10271&&ser=652396 HTTP/1.1" 200 988 "http://hausegger.activities.at/entry.php?id=10271&&ser=652330" "Mozilla/5.0 (Windows NT 10.0; Win64; x64; rv:134.0) Gecko/20100101 Firefox/134.0"
178.165.186.69 - - [23/Jan/2025:18:14:16 +0100] "GET /gui/javascript/form_form.js?1737652456 HTTP/1.1" 200 16206 "http://hausegger.activities.at/entry.php?id=10271&&ser=652396" "Mozilla/5.0 (Windows NT 10.0; Win64; x64; rv:134.0) Gecko/20100101 Firefox/134.0"
178.165.186.69 - - [23/Jan/2025:18:15:16 +0100] "GET /entry.php?id=10271&&ser=652456 HTTP/1.1" 200 988 "http://hausegger.activities.at/entry.php?id=10271&&ser=652396" "Mozilla/5.0 (Windows NT 10.0; Win64; x64; rv:134.0) Gecko/20100101 Firefox/134.0"
178.165.186.69 - - [23/Jan/2025:18:15:17 +0100] "GET /gui/javascript/form_form.js?1737652516 HTTP/1.1" 200 16206 "http://hausegger.activities.at/entry.php?id=10271&&ser=652456" "Mozilla/5.0 (Windows NT 10.0; Win64; x64; rv:134.0) Gecko/20100101 Firefox/134.0"
178.165.186.69 - - [23/Jan/2025:18:16:17 +0100] "GET /entry.php?id=10271&&ser=652516 HTTP/1.1" 200 988 "http://hausegger.activities.at/entry.php?id=10271&&ser=652456" "Mozilla/5.0 (Windows NT 10.0; Win64; x64; rv:134.0) Gecko/20100101 Firefox/134.0"
178.165.186.69 - - [23/Jan/2025:18:16:17 +0100] "GET /gui/javascript/form_form.js?1737652577 HTTP/1.1" 200 16206 "http://hausegger.activities.at/entry.php?id=10271&&ser=652516" "Mozilla/5.0 (Windows NT 10.0; Win64; x64; rv:134.0) Gecko/20100101 Firefox/134.0"
156.59.198.135 - - [23/Jan/2025:18:16:21 +0100] "GET /renault.activities.at/htdocs/export/xml/data/orders/202106091003_RenOrder.xml HTTP/1.0" 404 329 "-" "Mozilla/5.0 (Linux; Android 5.0) AppleWebKit/537.36 (KHTML, like Gecko) Mobile Safari/537.36 (compatible; Bytespider; spider-feedback@bytedance.com)"
178.165.186.69 - - [23/Jan/2025:18:17:17 +0100] "GET /entry.php?id=10271&&ser=652577 HTTP/1.1" 200 987 "http://hausegger.activities.at/entry.php?id=10271&&ser=652516" "Mozilla/5.0 (Windows NT 10.0; Win64; x64; rv:134.0) Gecko/20100101 Firefox/134.0"
178.165.186.69 - - [23/Jan/2025:18:17:17 +0100] "GET /gui/javascript/form_form.js?1737652637 HTTP/1.1" 200 16206 "http://hausegger.activities.at/entry.php?id=10271&&ser=652577" "Mozilla/5.0 (Windows NT 10.0; Win64; x64; rv:134.0) Gecko/20100101 Firefox/134.0"
178.165.186.69 - - [23/Jan/2025:18:18:17 +0100] "GET /entry.php?id=10271&&ser=652637 HTTP/1.1" 200 987 "http://hausegger.activities.at/entry.php?id=10271&&ser=652577" "Mozilla/5.0 (Windows NT 10.0; Win64; x64; rv:134.0) Gecko/20100101 Firefox/134.0"
178.165.186.69 - - [23/Jan/2025:18:18:18 +0100] "GET /gui/javascript/form_form.js?1737652697 HTTP/1.1" 200 16206 "http://hausegger.activities.at/entry.php?id=10271&&ser=652637" "Mozilla/5.0 (Windows NT 10.0; Win64; x64; rv:134.0) Gecko/20100101 Firefox/134.0"
178.165.186.69 - - [23/Jan/2025:18:19:18 +0100] "GET /entry.php?id=10271&&ser=652697 HTTP/1.1" 200 988 "http://hausegger.activities.at/entry.php?id=10271&&ser=652637" "Mozilla/5.0 (Windows NT 10.0; Win64; x64; rv:134.0) Gecko/20100101 Firefox/134.0"
178.165.186.69 - - [23/Jan/2025:18:19:18 +0100] "GET /gui/javascript/form_form.js?1737652758 HTTP/1.1" 200 16206 "http://hausegger.activities.at/entry.php?id=10271&&ser=652697" "Mozilla/5.0 (Windows NT 10.0; Win64; x64; rv:134.0) Gecko/20100101 Firefox/134.0"
178.165.186.69 - - [23/Jan/2025:18:20:18 +0100] "GET /entry.php?id=10271&&ser=652758 HTTP/1.1" 200 987 "http://hausegger.activities.at/entry.php?id=10271&&ser=652697" "Mozilla/5.0 (Windows NT 10.0; Win64; x64; rv:134.0) Gecko/20100101 Firefox/134.0"
178.165.186.69 - - [23/Jan/2025:18:20:18 +0100] "GET /gui/javascript/form_form.js?1737652818 HTTP/1.1" 200 16206 "http://hausegger.activities.at/entry.php?id=10271&&ser=652758" "Mozilla/5.0 (Windows NT 10.0; Win64; x64; rv:134.0) Gecko/20100101 Firefox/134.0"
156.59.198.135 - - [23/Jan/2025:18:20:22 +0100] "GET /docs/ecommlogistics/belege/GS17-00002.PDF HTTP/1.0" 404 306 "-" "Mozilla/5.0 (Linux; Android 5.0) AppleWebKit/537.36 (KHTML, like Gecko) Mobile Safari/537.36 (compatible; Bytespider; spider-feedback@bytedance.com)"
178.165.186.69 - - [23/Jan/2025:18:21:18 +0100] "GET /entry.php?id=10271&&ser=652818 HTTP/1.1" 200 987 "http://hausegger.activities.at/entry.php?id=10271&&ser=652758" "Mozilla/5.0 (Windows NT 10.0; Win64; x64; rv:134.0) Gecko/20100101 Firefox/134.0"
178.165.186.69 - - [23/Jan/2025:18:21:18 +0100] "GET /gui/javascript/form_form.js?1737652878 HTTP/1.1" 200 16206 "http://hausegger.activities.at/entry.php?id=10271&&ser=652818" "Mozilla/5.0 (Windows NT 10.0; Win64; x64; rv:134.0) Gecko/20100101 Firefox/134.0"
178.165.186.69 - - [23/Jan/2025:18:22:19 +0100] "GET /entry.php?id=10271&&ser=652878 HTTP/1.1" 200 987 "http://hausegger.activities.at/entry.php?id=10271&&ser=652818" "Mozilla/5.0 (Windows NT 10.0; Win64; x64; rv:134.0) Gecko/20100101 Firefox/134.0"
178.165.186.69 - - [23/Jan/2025:18:22:19 +0100] "GET /gui/javascript/form_form.js?1737652939 HTTP/1.1" 200 16206 "http://hausegger.activities.at/entry.php?id=10271&&ser=652878" "Mozilla/5.0 (Windows NT 10.0; Win64; x64; rv:134.0) Gecko/20100101 Firefox/134.0"
178.165.186.69 - - [23/Jan/2025:18:23:19 +0100] "GET /entry.php?id=10271&&ser=652939 HTTP/1.1" 200 987 "http://hausegger.activities.at/entry.php?id=10271&&ser=652878" "Mozilla/5.0 (Windows NT 10.0; Win64; x64; rv:134.0) Gecko/20100101 Firefox/134.0"
178.165.186.69 - - [23/Jan/2025:18:23:19 +0100] "GET /gui/javascript/form_form.js?1737652999 HTTP/1.1" 200 16206 "http://hausegger.activities.at/entry.php?id=10271&&ser=652939" "Mozilla/5.0 (Windows NT 10.0; Win64; x64; rv:134.0) Gecko/20100101 Firefox/134.0"
178.165.186.69 - - [23/Jan/2025:18:24:19 +0100] "GET /entry.php?id=10271&&ser=652999 HTTP/1.1" 200 988 "http://hausegger.activities.at/entry.php?id=10271&&ser=652939" "Mozilla/5.0 (Windows NT 10.0; Win64; x64; rv:134.0) Gecko/20100101 Firefox/134.0"
178.165.186.69 - - [23/Jan/2025:18:24:19 +0100] "GET /gui/javascript/form_form.js?1737653059 HTTP/1.1" 200 16206 "http://hausegger.activities.at/entry.php?id=10271&&ser=652999" "Mozilla/5.0 (Windows NT 10.0; Win64; x64; rv:134.0) Gecko/20100101 Firefox/134.0"
156.59.198.135 - - [23/Jan/2025:18:24:21 +0100] "GET /renault.activities.at/htdocs/binaries/10085151.pdf HTTP/1.0" 404 310 "-" "Mozilla/5.0 (Linux; Android 5.0) AppleWebKit/537.36 (KHTML, like Gecko) Mobile Safari/537.36 (compatible; Bytespider; spider-feedback@bytedance.com)"
178.165.186.69 - - [23/Jan/2025:18:25:19 +0100] "GET /entry.php?id=10271&&ser=653059 HTTP/1.1" 200 987 "http://hausegger.activities.at/entry.php?id=10271&&ser=652999" "Mozilla/5.0 (Windows NT 10.0; Win64; x64; rv:134.0) Gecko/20100101 Firefox/134.0"
178.165.186.69 - - [23/Jan/2025:18:25:20 +0100] "GET /gui/javascript/form_form.js?1737653120 HTTP/1.1" 200 16206 "http://hausegger.activities.at/entry.php?id=10271&&ser=653059" "Mozilla/5.0 (Windows NT 10.0; Win64; x64; rv:134.0) Gecko/20100101 Firefox/134.0"
45.61.132.125 - - [23/Jan/2025:18:25:32 +0100] "GET /administrator/templates/bluestork/error.php HTTP/1.1" 404 315 "-" "Mozlila/5.0 (Linux; Android 7.0; SM-G892A Bulid/NRD90M; wv) AppleWebKit/537.36 (KHTML, like Gecko) Version/4.0 Chrome/60.0.3112.107 Moblie Safari/537.36"
45.61.132.125 - - [23/Jan/2025:18:25:41 +0100] "GET /administrator/templates/hathor/index.php HTTP/1.1" 404 315 "-" "Mozlila/5.0 (Linux; Android 7.0; SM-G892A Bulid/NRD90M; wv) AppleWebKit/537.36 (KHTML, like Gecko) Version/4.0 Chrome/60.0.3112.107 Moblie Safari/537.36"
45.61.132.125 - - [23/Jan/2025:18:25:45 +0100] "GET /administrator/templates/hathor/error.php HTTP/1.1" 404 314 "-" "Mozlila/5.0 (Linux; Android 7.0; SM-G892A Bulid/NRD90M; wv) AppleWebKit/537.36 (KHTML, like Gecko) Version/4.0 Chrome/60.0.3112.107 Moblie Safari/537.36"
45.61.132.125 - - [23/Jan/2025:18:25:50 +0100] "GET /administrator/templates/isis/index.php HTTP/1.1" 404 313 "-" "Mozlila/5.0 (Linux; Android 7.0; SM-G892A Bulid/NRD90M; wv) AppleWebKit/537.36 (KHTML, like Gecko) Version/4.0 Chrome/60.0.3112.107 Moblie Safari/537.36"
45.61.132.125 - - [23/Jan/2025:18:25:55 +0100] "GET /administrator/templates/isis/error.php HTTP/1.1" 404 313 "-" "Mozlila/5.0 (Linux; Android 7.0; SM-G892A Bulid/NRD90M; wv) AppleWebKit/537.36 (KHTML, like Gecko) Version/4.0 Chrome/60.0.3112.107 Moblie Safari/537.36"
45.61.132.125 - - [23/Jan/2025:18:25:59 +0100] "GET /modules/mod_simplefileuploadv1.3/elements/udd.php HTTP/1.1" 404 320 "-" "Mozlila/5.0 (Linux; Android 7.0; SM-G892A Bulid/NRD90M; wv) AppleWebKit/537.36 (KHTML, like Gecko) Version/4.0 Chrome/60.0.3112.107 Moblie Safari/537.36"
45.61.132.125 - - [23/Jan/2025:18:26:06 +0100] "GET /templates/beez/index.php HTTP/1.1" 404 306 "-" "Mozlila/5.0 (Linux; Android 7.0; SM-G892A Bulid/NRD90M; wv) AppleWebKit/537.36 (KHTML, like Gecko) Version/4.0 Chrome/60.0.3112.107 Moblie Safari/537.36"
45.61.132.125 - - [23/Jan/2025:18:26:10 +0100] "GET /templates/beez3/index.php HTTP/1.1" 404 307 "-" "Mozlila/5.0 (Linux; Android 7.0; SM-G892A Bulid/NRD90M; wv) AppleWebKit/537.36 (KHTML, like Gecko) Version/4.0 Chrome/60.0.3112.107 Moblie Safari/537.36"
45.61.132.125 - - [23/Jan/2025:18:26:16 +0100] "GET /templates/beez3/error.php HTTP/1.1" 404 306 "-" "Mozlila/5.0 (Linux; Android 7.0; SM-G892A Bulid/NRD90M; wv) AppleWebKit/537.36 (KHTML, like Gecko) Version/4.0 Chrome/60.0.3112.107 Moblie Safari/537.36"
45.61.132.125 - - [23/Jan/2025:18:26:18 +0100] "GET /templates/beez5/index.php HTTP/1.1" 404 307 "-" "Mozlila/5.0 (Linux; Android 7.0; SM-G892A Bulid/NRD90M; wv) AppleWebKit/537.36 (KHTML, like Gecko) Version/4.0 Chrome/60.0.3112.107 Moblie Safari/537.36"
45.61.132.125 - - [23/Jan/2025:18:26:19 +0100] "GET /templates/beez5/error.php HTTP/1.1" 404 306 "-" "Mozlila/5.0 (Linux; Android 7.0; SM-G892A Bulid/NRD90M; wv) AppleWebKit/537.36 (KHTML, like Gecko) Version/4.0 Chrome/60.0.3112.107 Moblie Safari/537.36"
178.165.186.69 - - [23/Jan/2025:18:26:20 +0100] "GET /entry.php?id=10271&&ser=653120 HTTP/1.1" 200 987 "http://hausegger.activities.at/entry.php?id=10271&&ser=653059" "Mozilla/5.0 (Windows NT 10.0; Win64; x64; rv:134.0) Gecko/20100101 Firefox/134.0"
178.165.186.69 - - [23/Jan/2025:18:26:20 +0100] "GET /gui/javascript/form_form.js?1737653180 HTTP/1.1" 200 16206 "http://hausegger.activities.at/entry.php?id=10271&&ser=653120" "Mozilla/5.0 (Windows NT 10.0; Win64; x64; rv:134.0) Gecko/20100101 Firefox/134.0"
45.61.132.125 - - [23/Jan/2025:18:26:21 +0100] "GET /templates/beez_20/index.php HTTP/1.1" 404 308 "-" "Mozlila/5.0 (Linux; Android 7.0; SM-G892A Bulid/NRD90M; wv) AppleWebKit/537.36 (KHTML, like Gecko) Version/4.0 Chrome/60.0.3112.107 Moblie Safari/537.36"
45.61.132.125 - - [23/Jan/2025:18:26:23 +0100] "GET /templates/beez_20/error.php HTTP/1.1" 404 307 "-" "Mozlila/5.0 (Linux; Android 7.0; SM-G892A Bulid/NRD90M; wv) AppleWebKit/537.36 (KHTML, like Gecko) Version/4.0 Chrome/60.0.3112.107 Moblie Safari/537.36"
45.61.132.125 - - [23/Jan/2025:18:26:26 +0100] "GET /templates/protostar/index.php HTTP/1.1" 404 308 "-" "Mozlila/5.0 (Linux; Android 7.0; SM-G892A Bulid/NRD90M; wv) AppleWebKit/537.36 (KHTML, like Gecko) Version/4.0 Chrome/60.0.3112.107 Moblie Safari/537.36"
45.61.132.125 - - [23/Jan/2025:18:26:55 +0100] "GET /templates/protostar/error.php HTTP/1.1" 404 307 "-" "Mozlila/5.0 (Linux; Android 7.0; SM-G892A Bulid/NRD90M; wv) AppleWebKit/537.36 (KHTML, like Gecko) Version/4.0 Chrome/60.0.3112.107 Moblie Safari/537.36"
45.61.132.125 - - [23/Jan/2025:18:27:01 +0100] "GET /templates/atomic/index.php HTTP/1.1" 404 306 "-" "Mozlila/5.0 (Linux; Android 7.0; SM-G892A Bulid/NRD90M; wv) AppleWebKit/537.36 (KHTML, like Gecko) Version/4.0 Chrome/60.0.3112.107 Moblie Safari/537.36"
45.61.132.125 - - [23/Jan/2025:18:27:06 +0100] "GET /templates/atomic/error.php HTTP/1.1" 404 306 "-" "Mozlila/5.0 (Linux; Android 7.0; SM-G892A Bulid/NRD90M; wv) AppleWebKit/537.36 (KHTML, like Gecko) Version/4.0 Chrome/60.0.3112.107 Moblie Safari/537.36"
45.61.132.125 - - [23/Jan/2025:18:27:09 +0100] "GET /modules/mod_simplefileuploadv1.3/elements/Clean.php HTTP/1.1" 404 321 "-" "Mozlila/5.0 (Linux; Android 7.0; SM-G892A Bulid/NRD90M; wv) AppleWebKit/537.36 (KHTML, like Gecko) Version/4.0 Chrome/60.0.3112.107 Moblie Safari/537.36"
178.165.186.69 - - [23/Jan/2025:18:27:20 +0100] "GET /entry.php?id=10271&&ser=653180 HTTP/1.1" 200 987 "http://hausegger.activities.at/entry.php?id=10271&&ser=653120" "Mozilla/5.0 (Windows NT 10.0; Win64; x64; rv:134.0) Gecko/20100101 Firefox/134.0"
178.165.186.69 - - [23/Jan/2025:18:27:20 +0100] "GET /gui/javascript/form_form.js?1737653240 HTTP/1.1" 200 16206 "http://hausegger.activities.at/entry.php?id=10271&&ser=653180" "Mozilla/5.0 (Windows NT 10.0; Win64; x64; rv:134.0) Gecko/20100101 Firefox/134.0"
178.165.186.69 - - [23/Jan/2025:18:28:20 +0100] "GET /entry.php?id=10271&&ser=653240 HTTP/1.1" 200 988 "http://hausegger.activities.at/entry.php?id=10271&&ser=653180" "Mozilla/5.0 (Windows NT 10.0; Win64; x64; rv:134.0) Gecko/20100101 Firefox/134.0"
178.165.186.69 - - [23/Jan/2025:18:28:21 +0100] "GET /gui/javascript/form_form.js?1737653300 HTTP/1.1" 200 16206 "http://hausegger.activities.at/entry.php?id=10271&&ser=653240" "Mozilla/5.0 (Windows NT 10.0; Win64; x64; rv:134.0) Gecko/20100101 Firefox/134.0"
156.59.198.136 - - [23/Jan/2025:18:28:21 +0100] "GET /renault.activities.at/htdocs/export/xml/data/orders/202006161203_RenOrder.xml HTTP/1.0" 404 329 "-" "Mozilla/5.0 (Linux; Android 5.0) AppleWebKit/537.36 (KHTML, like Gecko) Mobile Safari/537.36 (compatible; Bytespider; spider-feedback@bytedance.com)"
178.165.186.69 - - [23/Jan/2025:18:29:21 +0100] "GET /entry.php?id=10271&&ser=653300 HTTP/1.1" 200 988 "http://hausegger.activities.at/entry.php?id=10271&&ser=653240" "Mozilla/5.0 (Windows NT 10.0; Win64; x64; rv:134.0) Gecko/20100101 Firefox/134.0"
178.165.186.69 - - [23/Jan/2025:18:29:21 +0100] "GET /gui/javascript/form_form.js?1737653361 HTTP/1.1" 200 16206 "http://hausegger.activities.at/entry.php?id=10271&&ser=653300" "Mozilla/5.0 (Windows NT 10.0; Win64; x64; rv:134.0) Gecko/20100101 Firefox/134.0"
178.165.186.69 - - [23/Jan/2025:18:30:21 +0100] "GET /entry.php?id=10271&&ser=653361 HTTP/1.1" 200 987 "http://hausegger.activities.at/entry.php?id=10271&&ser=653300" "Mozilla/5.0 (Windows NT 10.0; Win64; x64; rv:134.0) Gecko/20100101 Firefox/134.0"
178.165.186.69 - - [23/Jan/2025:18:30:21 +0100] "GET /gui/javascript/form_form.js?1737653421 HTTP/1.1" 200 16206 "http://hausegger.activities.at/entry.php?id=10271&&ser=653361" "Mozilla/5.0 (Windows NT 10.0; Win64; x64; rv:134.0) Gecko/20100101 Firefox/134.0"
178.165.186.69 - - [23/Jan/2025:18:31:25 +0100] "GET /entry.php?id=10271&&ser=653421 HTTP/1.1" 200 988 "http://hausegger.activities.at/entry.php?id=10271&&ser=653361" "Mozilla/5.0 (Windows NT 10.0; Win64; x64; rv:134.0) Gecko/20100101 Firefox/134.0"
178.165.186.69 - - [23/Jan/2025:18:31:25 +0100] "GET /gui/javascript/form_form.js?1737653485 HTTP/1.1" 200 16206 "http://hausegger.activities.at/entry.php?id=10271&&ser=653421" "Mozilla/5.0 (Windows NT 10.0; Win64; x64; rv:134.0) Gecko/20100101 Firefox/134.0"
82.78.49.70 - - [23/Jan/2025:18:31:47 +0100] "GET / HTTP/1.1" 200 423 "-" "Mozilla/5.0 (Windows NT 10.0; WOW64) AppleWebKit/537.36 (KHTML, like Gecko) Chrome/52.0.2743.116 Safari/537.36"
156.59.198.135 - - [23/Jan/2025:18:32:21 +0100] "GET /hausegger.activities.at/stats/lang/awstats-sr.txt HTTP/1.0" 404 308 "-" "Mozilla/5.0 (Linux; Android 5.0) AppleWebKit/537.36 (KHTML, like Gecko) Mobile Safari/537.36 (compatible; Bytespider; spider-feedback@bytedance.com)"
178.165.186.69 - - [23/Jan/2025:18:32:26 +0100] "GET /entry.php?id=10271&&ser=653485 HTTP/1.1" 200 988 "http://hausegger.activities.at/entry.php?id=10271&&ser=653421" "Mozilla/5.0 (Windows NT 10.0; Win64; x64; rv:134.0) Gecko/20100101 Firefox/134.0"
178.165.186.69 - - [23/Jan/2025:18:32:26 +0100] "GET /gui/javascript/form_form.js?1737653546 HTTP/1.1" 200 16206 "http://hausegger.activities.at/entry.php?id=10271&&ser=653485" "Mozilla/5.0 (Windows NT 10.0; Win64; x64; rv:134.0) Gecko/20100101 Firefox/134.0"
178.165.186.69 - - [23/Jan/2025:18:33:26 +0100] "GET /entry.php?id=10271&&ser=653546 HTTP/1.1" 200 987 "http://hausegger.activities.at/entry.php?id=10271&&ser=653485" "Mozilla/5.0 (Windows NT 10.0; Win64; x64; rv:134.0) Gecko/20100101 Firefox/134.0"
178.165.186.69 - - [23/Jan/2025:18:33:26 +0100] "GET /gui/javascript/form_form.js?1737653606 HTTP/1.1" 200 16206 "http://hausegger.activities.at/entry.php?id=10271&&ser=653546" "Mozilla/5.0 (Windows NT 10.0; Win64; x64; rv:134.0) Gecko/20100101 Firefox/134.0"
178.165.186.69 - - [23/Jan/2025:18:34:30 +0100] "GET /entry.php?id=10271&&ser=653606 HTTP/1.1" 200 987 "http://hausegger.activities.at/entry.php?id=10271&&ser=653546" "Mozilla/5.0 (Windows NT 10.0; Win64; x64; rv:134.0) Gecko/20100101 Firefox/134.0"
178.165.186.69 - - [23/Jan/2025:18:34:30 +0100] "GET /gui/javascript/form_form.js?1737653670 HTTP/1.1" 200 16206 "http://hausegger.activities.at/entry.php?id=10271&&ser=653606" "Mozilla/5.0 (Windows NT 10.0; Win64; x64; rv:134.0) Gecko/20100101 Firefox/134.0"
178.165.186.69 - - [23/Jan/2025:18:35:30 +0100] "GET /entry.php?id=10271&&ser=653670 HTTP/1.1" 200 988 "http://hausegger.activities.at/entry.php?id=10271&&ser=653606" "Mozilla/5.0 (Windows NT 10.0; Win64; x64; rv:134.0) Gecko/20100101 Firefox/134.0"
178.165.186.69 - - [23/Jan/2025:18:35:31 +0100] "GET /gui/javascript/form_form.js?1737653731 HTTP/1.1" 200 16206 "http://hausegger.activities.at/entry.php?id=10271&&ser=653670" "Mozilla/5.0 (Windows NT 10.0; Win64; x64; rv:134.0) Gecko/20100101 Firefox/134.0"
156.59.198.136 - - [23/Jan/2025:18:36:21 +0100] "GET /ed.activities.at/stats/lang/awstats-mk.txt HTTP/1.0" 404 304 "-" "Mozilla/5.0 (Linux; Android 5.0) AppleWebKit/537.36 (KHTML, like Gecko) Mobile Safari/537.36 (compatible; Bytespider; spider-feedback@bytedance.com)"
178.165.186.69 - - [23/Jan/2025:18:36:31 +0100] "GET /entry.php?id=10271&&ser=653731 HTTP/1.1" 200 987 "http://hausegger.activities.at/entry.php?id=10271&&ser=653670" "Mozilla/5.0 (Windows NT 10.0; Win64; x64; rv:134.0) Gecko/20100101 Firefox/134.0"
178.165.186.69 - - [23/Jan/2025:18:36:31 +0100] "GET /gui/javascript/form_form.js?1737653791 HTTP/1.1" 200 16206 "http://hausegger.activities.at/entry.php?id=10271&&ser=653731" "Mozilla/5.0 (Windows NT 10.0; Win64; x64; rv:134.0) Gecko/20100101 Firefox/134.0"
178.165.186.69 - - [23/Jan/2025:18:37:31 +0100] "GET /entry.php?id=10271&&ser=653791 HTTP/1.1" 200 987 "http://hausegger.activities.at/entry.php?id=10271&&ser=653731" "Mozilla/5.0 (Windows NT 10.0; Win64; x64; rv:134.0) Gecko/20100101 Firefox/134.0"
178.165.186.69 - - [23/Jan/2025:18:37:31 +0100] "GET /gui/javascript/form_form.js?1737653851 HTTP/1.1" 200 16206 "http://hausegger.activities.at/entry.php?id=10271&&ser=653791" "Mozilla/5.0 (Windows NT 10.0; Win64; x64; rv:134.0) Gecko/20100101 Firefox/134.0"
178.165.186.69 - - [23/Jan/2025:18:38:32 +0100] "GET /entry.php?id=10271&&ser=653851 HTTP/1.1" 200 987 "http://hausegger.activities.at/entry.php?id=10271&&ser=653791" "Mozilla/5.0 (Windows NT 10.0; Win64; x64; rv:134.0) Gecko/20100101 Firefox/134.0"
178.165.186.69 - - [23/Jan/2025:18:38:32 +0100] "GET /gui/javascript/form_form.js?1737653912 HTTP/1.1" 200 16206 "http://hausegger.activities.at/entry.php?id=10271&&ser=653851" "Mozilla/5.0 (Windows NT 10.0; Win64; x64; rv:134.0) Gecko/20100101 Firefox/134.0"
178.165.186.69 - - [23/Jan/2025:18:39:33 +0100] "GET /entry.php?id=10271&&ser=653912 HTTP/1.1" 200 988 "http://hausegger.activities.at/entry.php?id=10271&&ser=653851" "Mozilla/5.0 (Windows NT 10.0; Win64; x64; rv:134.0) Gecko/20100101 Firefox/134.0"
