95.214.55.185 - - [30/Jan/2025:01:01:12 +0100] "GET / HTTP/1.1" 200 423 "-" "-"
156.59.198.136 - - [30/Jan/2025:01:08:37 +0100] "GET /renault.activities.at/htdocs/binaries/10197159.pdf HTTP/1.0" 404 311 "-" "Mozilla/5.0 (Linux; Android 5.0) AppleWebKit/537.36 (KHTML, like Gecko) Mobile Safari/537.36 (compatible; Bytespider; spider-feedback@bytedance.com)"
185.196.220.253 - - [30/Jan/2025:01:17:24 +0100] "GET / HTTP/1.1" 200 423 "-" "Hello World"
57.128.220.248 - - [30/Jan/2025:01:17:26 +0100] "GET / HTTP/1.1" 200 274 "-" "python-requests/2.32.3"
57.128.220.248 - - [30/Jan/2025:01:17:27 +0100] "GET / HTTP/1.1" 200 274 "-" "python-requests/2.32.3"
156.59.198.136 - - [30/Jan/2025:01:17:52 +0100] "GET /renault.activities.at/htdocs/binaries/10044340.pdf HTTP/1.0" 404 311 "-" "Mozilla/5.0 (Linux; Android 5.0) AppleWebKit/537.36 (KHTML, like Gecko) Mobile Safari/537.36 (compatible; Bytespider; spider-feedback@bytedance.com)"
156.59.198.135 - - [30/Jan/2025:01:21:53 +0100] "GET /renault.2web.at/htdocs/export/xml/data/exportArticles_20230917225211.xml HTTP/1.0" 404 325 "-" "Mozilla/5.0 (Linux; Android 5.0) AppleWebKit/537.36 (KHTML, like Gecko) Mobile Safari/537.36 (compatible; Bytespider; spider-feedback@bytedance.com)"
95.214.55.132 - - [30/Jan/2025:01:29:38 +0100] "GET / HTTP/1.1" 200 274 "-" "Mozilla/5.0 (Windows NT 10.0; Win64; x64) AppleWebKit/537.36 (KHTML, like Gecko) Chrome/90.0.4430.85 Safari/537.36 Edg/90.0.818.46"
45.148.10.242 - - [30/Jan/2025:01:34:19 +0100] "GET / HTTP/1.1" 200 423 "-" "-"
156.59.198.135 - - [30/Jan/2025:01:52:44 +0100] "GET /renault.activities.at/htdocs/pinEdit/editor/config/security.xml HTTP/1.0" 404 319 "-" "Mozilla/5.0 (Linux; Android 5.0) AppleWebKit/537.36 (KHTML, like Gecko) Mobile Safari/537.36 (compatible; Bytespider; spider-feedback@bytedance.com)"
156.59.198.136 - - [30/Jan/2025:02:03:48 +0100] "GET /renault.activities.at/htdocs/export/xml/data/orders/201910310903_RenOrder.xml HTTP/1.0" 404 328 "-" "Mozilla/5.0 (Linux; Android 5.0) AppleWebKit/537.36 (KHTML, like Gecko) Mobile Safari/537.36 (compatible; Bytespider; spider-feedback@bytedance.com)"
195.3.223.55 - - [30/Jan/2025:02:23:16 +0100] "GET / HTTP/1.1" 200 423 "-" "-"
51.81.215.68 - - [30/Jan/2025:02:35:23 +0100] "GET / HTTP/1.1" 200 423 "-" "Mozilla/5.0 (X11; Ubuntu; Linux x86_64; rv:130.0) Gecko/20100101 Firefox/130.0"
18.222.54.172 - - [30/Jan/2025:02:35:51 +0100] "GET / HTTP/1.1" 200 274 "-" "Mozilla/5.0 (Macintosh; Intel Mac OS X 10_15_7) Chrome/126.0.0.0 Safari/537.36"
18.222.54.172 - - [30/Jan/2025:02:36:37 +0100] "GET / HTTP/1.1" 200 274 "-" "Mozilla/5.0 (Macintosh; Intel Mac OS X 10_15_7) Chrome/126.0.0.0 Safari/537.36"
18.222.54.172 - - [30/Jan/2025:02:36:54 +0100] "\x16\x03\x01" 400 383 "-" "-"
64.62.197.37 - - [30/Jan/2025:02:40:43 +0100] "\x16\x03\x01" 400 383 "-" "-"
135.148.25.112 - - [30/Jan/2025:02:41:27 +0100] "GET /favicon.ico HTTP/1.1" 404 356 "-" "Mozilla/5.0 (X11; Ubuntu; Linux x86_64; rv:130.0) Gecko/20100101 Firefox/130.0"
80.82.77.202 - - [30/Jan/2025:02:43:37 +0100] "GET / HTTP/1.0" 200 423 "-" "Mozilla/5.0 (iPhone; CPU iPhone OS 12_1 like Mac OS X) AppleWebKit/605.1.15 (KHTML, like Gecko) CriOS/76.0.3809.81 Mobile/15E148 Safari/605.1"
156.59.198.136 - - [30/Jan/2025:02:44:00 +0100] "GET /renault.activities.at/htdocs/binaries/10019519.pdf HTTP/1.0" 404 310 "-" "Mozilla/5.0 (Linux; Android 5.0) AppleWebKit/537.36 (KHTML, like Gecko) Mobile Safari/537.36 (compatible; Bytespider; spider-feedback@bytedance.com)"
109.194.243.110 - - [30/Jan/2025:03:08:00 +0100] "GET / HTTP/1.0" 200 423 "-" "Mozilla/5.0 (Windows NT 6.3; Win64; x64) AppleWebKit/537.36 (KHTML, like Gecko) Chrome/75.0.3770.100 Safari/537.36"
141.255.166.90 - - [30/Jan/2025:03:11:14 +0100] "GET / HTTP/1.1" 200 423 "-" "-"
156.59.198.135 - - [30/Jan/2025:03:20:05 +0100] "GET /ed-test.2web.at/stats/lang/awstats-ro.txt HTTP/1.0" 404 302 "-" "Mozilla/5.0 (Linux; Android 5.0) AppleWebKit/537.36 (KHTML, like Gecko) Mobile Safari/537.36 (compatible; Bytespider; spider-feedback@bytedance.com)"
95.214.55.185 - - [30/Jan/2025:03:23:41 +0100] "GET / HTTP/1.1" 200 423 "-" "-"
87.120.112.20 - - [30/Jan/2025:03:26:00 +0100] "GET /.env HTTP/1.1" 404 280 "-" "Mozilla/5.0 (Linux; Android 9; Mi A1) AppleWebKit/537.36 (KHTML, like Gecko) Chrome/74.0.3729.157 Mobile Safari/537.36"
92.154.95.236 - - [30/Jan/2025:03:32:28 +0100] "GET / HTTP/1.0" 200 423 "-" "Mozilla/5.0 (Windows NT 10.0; Win64; x64) AppleWebKit/537.36 (KHTML, like Gecko) Chrome/79.0.3945.130 Safari/537.36"
195.3.223.55 - - [30/Jan/2025:03:51:45 +0100] "GET / HTTP/1.1" 200 423 "-" "-"
156.59.198.135 - - [30/Jan/2025:03:52:46 +0100] "GET /renault.activities.at/htdocs/export/xml/data/orders/202101051503_RenOrder.xml HTTP/1.0" 404 329 "-" "Mozilla/5.0 (Linux; Android 5.0) AppleWebKit/537.36 (KHTML, like Gecko) Mobile Safari/537.36 (compatible; Bytespider; spider-feedback@bytedance.com)"
109.194.243.110 - - [30/Jan/2025:03:53:59 +0100] "GET / HTTP/1.0" 200 423 "-" "Mozilla/5.0 (Windows NT 6.3; Win64; x64) AppleWebKit/537.36 (KHTML, like Gecko) Chrome/75.0.3770.100 Safari/537.36"
156.59.198.135 - - [30/Jan/2025:03:58:56 +0100] "GET /ed-test.2web.at/stats/lang/awstats-hr.txt HTTP/1.0" 404 302 "-" "Mozilla/5.0 (Linux; Android 5.0) AppleWebKit/537.36 (KHTML, like Gecko) Mobile Safari/537.36 (compatible; Bytespider; spider-feedback@bytedance.com)"
156.59.198.135 - - [30/Jan/2025:04:03:39 +0100] "GET /renault.activities.at/htdocs/binaries/10008563.pdf HTTP/1.0" 404 311 "-" "Mozilla/5.0 (Linux; Android 5.0) AppleWebKit/537.36 (KHTML, like Gecko) Mobile Safari/537.36 (compatible; Bytespider; spider-feedback@bytedance.com)"
156.59.198.136 - - [30/Jan/2025:04:17:19 +0100] "GET /ed.activities.at/etc/redirects/redirects.xls HTTP/1.0" 404 302 "-" "Mozilla/5.0 (Linux; Android 5.0) AppleWebKit/537.36 (KHTML, like Gecko) Mobile Safari/537.36 (compatible; Bytespider; spider-feedback@bytedance.com)"
156.59.198.135 - - [30/Jan/2025:04:21:19 +0100] "GET /ed-test.2web.at/stats/lang/awstats-cy.txt HTTP/1.0" 404 303 "-" "Mozilla/5.0 (Linux; Android 5.0) AppleWebKit/537.36 (KHTML, like Gecko) Mobile Safari/537.36 (compatible; Bytespider; spider-feedback@bytedance.com)"
78.153.140.224 - - [30/Jan/2025:04:26:10 +0100] "\x16\x03\x01" 400 383 "-" "-"
78.153.140.224 - - [30/Jan/2025:04:26:10 +0100] "GET /.env HTTP/1.1" 404 349 "-" "Opera/9.21 (Windows NT 5.1; U; SV1; MEGAUPLOAD 1.0; ru)"
78.153.140.224 - - [30/Jan/2025:04:26:10 +0100] "GET /.production HTTP/1.1" 404 356 "-" "Mozilla/5.0 (Windows NT 6.1) AppleWebKit/537.36 (KHTML, like Gecko) Chrome/35.0.1916.153 Safari/537.36 SE 2.X MetaSr 1.0"
78.153.140.224 - - [30/Jan/2025:04:26:10 +0100] "GET /.env.txt HTTP/1.1" 404 353 "-" "Mozilla/5.0 (Windows NT 6.3; WOW64) AppleWebKit/537.36 (KHTML, like Gecko) Chrome/49.0.2623.87 Safari/537.36 OPR/36.0.2130.66"
78.153.140.224 - - [30/Jan/2025:04:26:10 +0100] "GET /env.txt HTTP/1.1" 404 352 "-" "Mozilla/5.0 (Windows NT 6.3; Trident/7.0; rv 11.0) like Gecko"
78.153.140.224 - - [30/Jan/2025:04:26:10 +0100] "GET /.txt HTTP/1.1" 404 349 "-" "Mozilla/5.0 (Windows NT 10.0; WOW64) AppleWebKit/537.36 (KHTML, like Gecko) Chrome/46.0.2490.71 Safari/537.36"
78.153.140.224 - - [30/Jan/2025:04:26:10 +0100] "GET /env. HTTP/1.1" 404 349 "-" "Mozilla/5.0 (Windows; U; Windows NT 6.1; en-US) AppleWebKit/532.3 (KHTML, like Gecko) Chrome/4.0.223.5 Safari/532.3"
78.153.140.224 - - [30/Jan/2025:04:26:10 +0100] "GET /.env. HTTP/1.1" 404 350 "-" "Mozilla/5.0 (Linux; Android 4.3; en-us; SAMSUNG SM-P600 Build/JSS15J) AppleWebKit/537.36 (KHTML, like Gecko) Version/1.5 Chrome/28.0.1500.94 Safari/537.36"
78.153.140.224 - - [30/Jan/2025:04:26:12 +0100] "GET /p-info.php HTTP/1.1" 404 355 "-" "Mozilla/5.0 (Windows; U; Windows NT 5.2; en-US) AppleWebKit/532.9 (KHTML, like Gecko) Chrome/5.0.310.0 Safari/532.9"
78.153.140.224 - - [30/Jan/2025:04:26:14 +0100] "GET /p.php HTTP/1.1" 404 350 "-" "Mozilla/4.0 (Compatible; MSIE 8.0; Windows NT 5.2; Trident/6.0)"
78.153.140.224 - - [30/Jan/2025:04:26:14 +0100] "GET /p_info.php HTTP/1.1" 404 355 "-" "Mozilla/5.0 (X11; Linux x86_64) AppleWebKit/537.36 (KHTML, like Gecko) Chrome/50.0.2661.87 Safari/537.36 OPR/37.0.2178.32"
78.153.140.224 - - [30/Jan/2025:04:26:15 +0100] "GET /php.php HTTP/1.1" 404 352 "-" "Mozilla/5.0 (Linux; Android 6.0.1; Nexus 6P Build/MMB29P) AppleWebKit/537.36 (KHTML, like Gecko) Chrome/47.0.2526.83 Mobile)"
78.153.140.224 - - [30/Jan/2025:04:26:15 +0100] "GET /php_info.php HTTP/1.1" 404 357 "-" "Mozilla/5.0 (Linux; U; Android 4.1.2; iw-il; LG-E450f Build/JZO54K) AppleWebKit/534.30 (KHTML, like Gecko) Version/4.0 Mobile Safari/534.30"
78.153.140.224 - - [30/Jan/2025:04:26:16 +0100] "GET /secrets.yml HTTP/1.1" 404 356 "-" "Mozilla/5.0 (Macintosh; U; PPC Mac OS X; fr-fr) AppleWebKit/416.11 (KHTML, like Gecko) Safari/416.12"
78.153.140.224 - - [30/Jan/2025:04:26:17 +0100] "GET /php-details.php HTTP/1.1" 404 360 "-" "Mozilla/5.0 (Macintosh Intel Mac OS X 10_11_5) AppleWebKit/601.6.17 (KHTML, like Gecko) Version/9.1.1 Safari/601.6.17"
78.153.140.224 - - [30/Jan/2025:04:26:17 +0100] "GET /php-info.php HTTP/1.1" 404 357 "-" "Mozilla/5.0 (iPhone; CPU iPhone OS 12_1_4 like Mac OS X) AppleWebKit/605.1.15 (KHTML, like Gecko) Mobile/16D57"
78.153.140.224 - - [30/Jan/2025:04:26:18 +0100] "GET /php_details.php HTTP/1.1" 404 360 "-" "Mozilla/5.0 (Windows; U; Windows NT 6.1; pt-BR; rv:1.9.2.8) Gecko/20100722 Firefox/3.6.8 GTB7.1"
78.153.140.224 - - [30/Jan/2025:04:26:18 +0100] "GET /phpdetails.php HTTP/1.1" 404 359 "-" "Mozilla/5.0 (Linux; U; Android 2.3.3; de-de; GT-I9100 Build/GINGERBREAD) AppleWebKit/533.1 (KHTML, like Gecko) Version/4.0 Mobile Safari/533.1"
78.153.140.224 - - [30/Jan/2025:04:26:19 +0100] "GET /.secret HTTP/1.1" 404 352 "-" "Mozilla/5.0 (Linux; Android 5.1.1; SAMSUNG-SM-N920A Build/LMY47X) AppleWebKit/537.36 (KHTML, like Gecko) SamsungBrowser/3.4 Chrome/38.0.2125.102 Mobile Safari/537.36"
78.153.140.224 - - [30/Jan/2025:04:26:20 +0100] "GET /.secrets HTTP/1.1" 404 353 "-" "Mozilla/5.0 (X11; U; Linux x86_64; es-ES; rv:1.9.1.8) Gecko/20100216 Fedora/3.5.8-1.fc11 Firefox/3.5.8"
78.153.140.224 - - [30/Jan/2025:04:26:21 +0100] "GET /phpinformation.php HTTP/1.1" 404 363 "-" "Mozilla/5.0 (Windows; U; Windows NT 6.1; en-US) AppleWebKit/532.5 (KHTML, like Gecko) Chrome/4.0.249.0 Safari/532.5"
78.153.140.224 - - [30/Jan/2025:04:26:22 +0100] "GET /phpinformations.php HTTP/1.1" 404 364 "-" "Mozilla/4.0 (compatible; MSIE 7.0; Windows NT 6.2; WOW64; Trident/6.0; .NET4.0E; .NET4.0C; .NET CLR 3.5.30729; .NET CLR 2.0.50727; .NET CLR 3.0.30729; HPDTDFJS)"
78.153.140.224 - - [30/Jan/2025:04:26:23 +0100] "GET /../.env HTTP/1.1" 400 373 "-" "Mozilla/5.0 (Windows NT 6.1) AppleWebKit/537.36 (KHTML, like Gecko) Chrome/59.0.3071.115 Safari/537.36"
78.153.140.224 - - [30/Jan/2025:04:26:23 +0100] "GET /!.env HTTP/1.1" 404 350 "-" "Mozilla/4.0 (compatible; MSIE 8.0; Windows NT 5.1; Trident/4.0; FCTB100815; .NET CLR 1.1.4322; .NET CLR 2.0.50727; .NET CLR 3.0.04506.30; .NET CLR 3.0.4506.2152; .NET CLR 3.5.30729; BOIE8;ENUS)"
78.153.140.224 - - [30/Jan/2025:04:26:24 +0100] "GET /aws.env HTTP/1.1" 404 352 "-" "Opera/9.63 (Windows NT 6.1; U; en) Presto/2.1.1"
78.153.140.224 - - [30/Jan/2025:04:26:24 +0100] "GET /kyc/.env HTTP/1.1" 404 353 "-" "Mozilla/5.0 (Windows; U; Windows NT 6.0; es-ES; rv:1.8.1.14) Gecko/20080404 Firefox/2.0.0.13"
78.153.140.224 - - [30/Jan/2025:04:26:24 +0100] "GET /temp/.env HTTP/1.1" 404 354 "-" "Mozilla/5.0 (X11; CrOS armv7l 7390.68.0) AppleWebKit/537.36 (KHTML, like Gecko) Chrome/46.0.2490.82 Safari/537.36"
78.153.140.224 - - [30/Jan/2025:04:26:24 +0100] "GET /logs/.env HTTP/1.1" 404 354 "-" "Opera/9.00 (Windows NT 5.0; U; en)"
78.153.140.224 - - [30/Jan/2025:04:26:25 +0100] "GET /setup/.env HTTP/1.1" 404 355 "-" "Mozilla/5.0 (Linux; Android 5.1; A37f Build/LMY47V) AppleWebKit/537.36 (KHTML, like Gecko) Chrome/43.0.2357.93 Mobile Safari/537.36"
78.153.140.224 - - [30/Jan/2025:04:26:25 +0100] "GET /httpd/.env HTTP/1.1" 404 355 "-" "Mozilla/4.0 (compatible; MSIE 7.0; Windows NT 5.1; Trident/4.0; .NET CLR 1.1.4322; .NET CLR 2.0.50727; .NET CLR 3.0.04506.30; .NET CLR 3.0.4506.2152; .NET CLR 3.5.30729; MDDR; MS STORE DMC2.6.3411.2)"
78.153.140.224 - - [30/Jan/2025:04:26:25 +0100] "GET /bin/.env HTTP/1.1" 404 353 "-" "Mozilla/5.0 (Windows NT 6.1; WOW64) AppleWebKit/537.36 (KHTML, like Gecko) Chrome/57.0.2987.133 Safari/537.36"
78.153.140.224 - - [30/Jan/2025:04:26:25 +0100] "GET /twilio/.env HTTP/1.1" 404 356 "-" "Mozilla/5.0 (Linux; Android 5.0.1; SAMSUNG SCH-I545 4G Build/LRX22C) AppleWebKit/537.36 (KHTML, like Gecko) SamsungBrowser/2.1 Chrome/34.0.1847.76 Mobile Safari/537.36"
78.153.140.224 - - [30/Jan/2025:04:26:26 +0100] "GET /legal/.env HTTP/1.1" 404 355 "-" "Mozilla/5.0 (Linux; Android 5.1; Z812 Build/LMY47O; wv) AppleWebKit/537.36 (KHTML, like Gecko) Version/4.0 Chrome/42.0.2311.137 Mobile Safari/537.36"
78.153.140.224 - - [30/Jan/2025:04:26:26 +0100] "GET /themes/.env HTTP/1.1" 404 356 "-" "Mozilla/5.0 (Windows NT 6.2) AppleWebKit/537.36 (KHTML, like Gecko) Chrome/45.0.2454.85 Safari/537.36"
78.153.140.224 - - [30/Jan/2025:04:26:26 +0100] "GET /wwwroot/.env HTTP/1.1" 404 357 "-" "Mozilla/5.0 (Macintosh; Intel Mac OS X 10_12_6) AppleWebKit/604.5.6 (KHTML, like Gecko) Version/11.0.3 Safari/604.5.6"
78.153.140.224 - - [30/Jan/2025:04:26:27 +0100] "GET /configs/.env HTTP/1.1" 404 357 "-" "Mozilla/4.0 (compatible; MSIE 7.0; Windows NT 6.1; Win64; x64; Trident/4.0; .NET CLR 2.0.50727; SLCC2; .NET CLR 3.5.30729; .NET CLR 3.0.30729; Media Center PC 6.0)"
78.153.140.224 - - [30/Jan/2025:04:26:27 +0100] "GET /www-data/.env HTTP/1.1" 404 358 "-" "Mozilla/5.0 (Windows NT 6.1; rv:27.3) Gecko/20130101 Firefox/27.3"
78.153.140.224 - - [30/Jan/2025:04:26:27 +0100] "GET /sql/.env HTTP/1.1" 404 353 "-" "Mozilla/5.0 (Windows; U; Windows NT 6.1; ko-KR) AppleWebKit/531.21.8 (KHTML, like Gecko) Version/4.0.4 Safari/531.21.10"
92.154.95.236 - - [30/Jan/2025:04:31:48 +0100] "GET / HTTP/1.1" 200 274 "-" "Mozilla/5.0 (Windows NT 10.0; Win64; x64) AppleWebKit/537.36 (KHTML, like Gecko) Chrome/79.0.3945.130 Safari/537.36"
92.154.95.236 - - [30/Jan/2025:04:31:59 +0100] "GET /owa/auth/logon.aspx HTTP/1.1" 404 291 "-" "Mozilla/5.0 (Windows NT 10.0; Win64; x64) AppleWebKit/537.36 (KHTML, like Gecko) Chrome/79.0.3945.130 Safari/537.36"
92.154.95.236 - - [30/Jan/2025:04:32:10 +0100] "GET /.git/index HTTP/1.1" 404 285 "-" "Mozilla/5.0 (Windows NT 10.0; Win64; x64) AppleWebKit/537.36 (KHTML, like Gecko) Chrome/79.0.3945.130 Safari/537.36"
92.154.95.236 - - [30/Jan/2025:04:32:21 +0100] "GET /favicon.ico HTTP/1.1" 404 284 "-" "Mozilla/5.0 (Windows NT 10.0; Win64; x64) AppleWebKit/537.36 (KHTML, like Gecko) Chrome/79.0.3945.130 Safari/537.36"
92.154.95.236 - - [30/Jan/2025:04:32:33 +0100] "GET /centreon/ HTTP/1.1" 404 282 "-" "Mozilla/5.0 (Windows NT 10.0; Win64; x64) AppleWebKit/537.36 (KHTML, like Gecko) Chrome/79.0.3945.130 Safari/537.36"
92.154.95.236 - - [30/Jan/2025:04:32:53 +0100] "GET /.well-known/security.txt HTTP/1.1" 404 295 "-" "Mozilla/5.0 ANSSI security.txt fetch (https://www.cert.ssi.gouv.fr/scans/)"
156.59.198.135 - - [30/Jan/2025:04:49:08 +0100] "GET /ed-test.2web.at/stats/lang/awstats-tw.txt HTTP/1.0" 404 302 "-" "Mozilla/5.0 (Linux; Android 5.0) AppleWebKit/537.36 (KHTML, like Gecko) Mobile Safari/537.36 (compatible; Bytespider; spider-feedback@bytedance.com)"
156.59.198.136 - - [30/Jan/2025:04:53:08 +0100] "GET /ed-test.2web.at/stats/lang/awstats-cn.txt HTTP/1.0" 404 302 "-" "Mozilla/5.0 (Linux; Android 5.0) AppleWebKit/537.36 (KHTML, like Gecko) Mobile Safari/537.36 (compatible; Bytespider; spider-feedback@bytedance.com)"
141.255.166.90 - - [30/Jan/2025:04:56:13 +0100] "GET / HTTP/1.1" 200 423 "-" "-"
156.59.198.135 - - [30/Jan/2025:04:57:08 +0100] "GET /renault.activities.at/htdocs/pinEdit/editor/help/userhelp-Dateien/image141.jpg HTTP/1.0" 404 327 "-" "Mozilla/5.0 (Linux; Android 5.0) AppleWebKit/537.36 (KHTML, like Gecko) Mobile Safari/537.36 (compatible; Bytespider; spider-feedback@bytedance.com)"
213.32.32.89 - - [30/Jan/2025:04:57:35 +0100] "\x16\x03\x03\x01\xa6\x01" 400 383 "-" "-"
213.32.32.89 - - [30/Jan/2025:04:57:38 +0100] "GET / HTTP/1.1" 200 423 "-" "Mozilla/5.0 (X11; Ubuntu; Linux x86_64; rv:130.0) Gecko/20100101 Firefox/130.0"
54.38.100.145 - - [30/Jan/2025:05:03:30 +0100] "\x16\x03\x03\x01\xa6\x01" 400 383 "-" "-"
54.38.100.147 - - [30/Jan/2025:05:03:31 +0100] "GET /favicon.ico HTTP/1.1" 404 356 "-" "Mozilla/5.0 (X11; Ubuntu; Linux x86_64; rv:130.0) Gecko/20100101 Firefox/130.0"
195.3.223.55 - - [30/Jan/2025:05:06:12 +0100] "GET / HTTP/1.1" 200 423 "-" "-"
156.59.198.135 - - [30/Jan/2025:05:11:40 +0100] "GET /ed-test.2web.at/stats/lang/awstats-lv.txt HTTP/1.0" 404 303 "-" "Mozilla/5.0 (Linux; Android 5.0) AppleWebKit/537.36 (KHTML, like Gecko) Mobile Safari/537.36 (compatible; Bytespider; spider-feedback@bytedance.com)"
156.59.198.136 - - [30/Jan/2025:05:15:41 +0100] "GET /renault.activities.at/htdocs/binaries/10006727.doc HTTP/1.0" 404 311 "-" "Mozilla/5.0 (Linux; Android 5.0) AppleWebKit/537.36 (KHTML, like Gecko) Mobile Safari/537.36 (compatible; Bytespider; spider-feedback@bytedance.com)"
156.59.198.135 - - [30/Jan/2025:05:20:34 +0100] "GET /ed-test.2web.at/stats/lang/awstats-th.txt HTTP/1.0" 404 302 "-" "Mozilla/5.0 (Linux; Android 5.0) AppleWebKit/537.36 (KHTML, like Gecko) Mobile Safari/537.36 (compatible; Bytespider; spider-feedback@bytedance.com)"
156.59.198.135 - - [30/Jan/2025:05:24:34 +0100] "GET /renault.2web.at/htdocs/binaries/10006727.doc HTTP/1.0" 404 307 "-" "Mozilla/5.0 (Linux; Android 5.0) AppleWebKit/537.36 (KHTML, like Gecko) Mobile Safari/537.36 (compatible; Bytespider; spider-feedback@bytedance.com)"
85.31.47.103 - - [30/Jan/2025:05:27:01 +0100] "GET /.env HTTP/1.1" 404 280 "-" "Mozilla/5.0 (X11; Linux x86_64) AppleWebKit/537.36 (KHTML, like Gecko) Chrome/81.0.4044.129 Safari/537.36"
156.59.198.135 - - [30/Jan/2025:05:43:56 +0100] "GET /renault.activities.at/htdocs/export/xml/data/orders/201910141103_RenOrder.xml HTTP/1.0" 404 328 "-" "Mozilla/5.0 (Linux; Android 5.0) AppleWebKit/537.36 (KHTML, like Gecko) Mobile Safari/537.36 (compatible; Bytespider; spider-feedback@bytedance.com)"
156.59.198.136 - - [30/Jan/2025:05:52:55 +0100] "GET /renault.activities.at/htdocs/binaries/10665041.pdf HTTP/1.0" 404 311 "-" "Mozilla/5.0 (Linux; Android 5.0) AppleWebKit/537.36 (KHTML, like Gecko) Mobile Safari/537.36 (compatible; Bytespider; spider-feedback@bytedance.com)"
185.196.220.253 - - [30/Jan/2025:06:00:13 +0100] "GET / HTTP/1.1" 200 423 "-" "Hello World"
156.59.198.135 - - [30/Jan/2025:06:08:56 +0100] "GET /renault.activities.at/htdocs/export/xml/data/orders/201912160803_RenOrder.xml HTTP/1.0" 404 329 "-" "Mozilla/5.0 (Linux; Android 5.0) AppleWebKit/537.36 (KHTML, like Gecko) Mobile Safari/537.36 (compatible; Bytespider; spider-feedback@bytedance.com)"
95.214.55.185 - - [30/Jan/2025:06:11:44 +0100] "GET / HTTP/1.1" 200 423 "-" "-"
109.194.243.110 - - [30/Jan/2025:06:12:35 +0100] "GET / HTTP/1.0" 200 423 "-" "Mozilla/5.0 (Windows NT 6.3; Win64; x64) AppleWebKit/537.36 (KHTML, like Gecko) Chrome/75.0.3770.100 Safari/537.36"
156.59.198.135 - - [30/Jan/2025:06:12:56 +0100] "GET /renault.2web.at/htdocs/binaries/10126849.xls HTTP/1.0" 404 308 "-" "Mozilla/5.0 (Linux; Android 5.0) AppleWebKit/537.36 (KHTML, like Gecko) Mobile Safari/537.36 (compatible; Bytespider; spider-feedback@bytedance.com)"
45.156.128.130 - - [30/Jan/2025:06:13:45 +0100] "GET / HTTP/1.1" 200 274 "-" "Mozilla/5.0 (Windows NT 10.0; Win64; x64) AppleWebKit/537.36 (KHTML, like Gecko) Chrome/60.0.3112.113 Safari/537.36"
156.59.198.135 - - [30/Jan/2025:06:16:57 +0100] "GET /renault.activities.at/htdocs/pinEdit/editor/help/userhelp-Dateien/colorschememapping.xml HTTP/1.0" 404 333 "-" "Mozilla/5.0 (Linux; Android 5.0) AppleWebKit/537.36 (KHTML, like Gecko) Mobile Safari/537.36 (compatible; Bytespider; spider-feedback@bytedance.com)"
156.59.198.136 - - [30/Jan/2025:06:20:57 +0100] "GET /ed-test.2web.at/stats/lang/awstats-dk.txt HTTP/1.0" 404 303 "-" "Mozilla/5.0 (Linux; Android 5.0) AppleWebKit/537.36 (KHTML, like Gecko) Mobile Safari/537.36 (compatible; Bytespider; spider-feedback@bytedance.com)"
156.59.198.135 - - [30/Jan/2025:06:24:57 +0100] "GET /renault.activities.at/htdocs/pinEdit/editor/help/userhelp-Dateien/filelist.xml HTTP/1.0" 404 326 "-" "Mozilla/5.0 (Linux; Android 5.0) AppleWebKit/537.36 (KHTML, like Gecko) Mobile Safari/537.36 (compatible; Bytespider; spider-feedback@bytedance.com)"
146.19.24.168 - - [30/Jan/2025:06:28:56 +0100] "GET / HTTP/1.1" 200 423 "-" "-"
179.43.191.146 - - [30/Jan/2025:06:35:27 +0100] "GET / HTTP/1.1" 200 274 "-" "Mozilla/5.0 (Windows NT 10.0; Win64; x64) AppleWebKit/537.36 (KHTML, like Gecko) Chrome/90.0.4430.85 Safari/537.36 Edg/90.0.818.46"
45.148.10.242 - - [30/Jan/2025:06:42:33 +0100] "GET / HTTP/1.1" 200 423 "-" "-"
95.214.55.43 - - [30/Jan/2025:06:47:01 +0100] "GET / HTTP/1.1" 200 274 "-" "Mozilla/5.0 (Windows NT 10.0; Win64; x64) AppleWebKit/537.36 (KHTML, like Gecko) Chrome/90.0.4430.85 Safari/537.36 Edg/90.0.818.46"
156.59.198.136 - - [30/Jan/2025:06:48:17 +0100] "GET /ed-test.2web.at/stats/lang/awstats-id.txt HTTP/1.0" 404 302 "-" "Mozilla/5.0 (Linux; Android 5.0) AppleWebKit/537.36 (KHTML, like Gecko) Mobile Safari/537.36 (compatible; Bytespider; spider-feedback@bytedance.com)"
156.59.198.136 - - [30/Jan/2025:06:52:17 +0100] "GET /renault.activities.at/htdocs/binaries/10451228.pdf HTTP/1.0" 404 311 "-" "Mozilla/5.0 (Linux; Android 5.0) AppleWebKit/537.36 (KHTML, like Gecko) Mobile Safari/537.36 (compatible; Bytespider; spider-feedback@bytedance.com)"
156.59.198.136 - - [30/Jan/2025:06:56:18 +0100] "GET /renault.activities.at/htdocs/activities/framework/webfx/javascript/tinymce/langs/readme.md HTTP/1.0" 404 334 "-" "Mozilla/5.0 (Linux; Android 5.0) AppleWebKit/537.36 (KHTML, like Gecko) Mobile Safari/537.36 (compatible; Bytespider; spider-feedback@bytedance.com)"
13.83.42.182 - - [30/Jan/2025:06:58:25 +0100] "GET /hudson HTTP/1.1" 404 280 "-" "Mozilla/5.0 zgrab/0.x"
156.59.198.135 - - [30/Jan/2025:07:00:18 +0100] "GET /renault.activities.at/htdocs/export/xml/data/orders/202106241403_RenOrder.xml HTTP/1.0" 404 329 "-" "Mozilla/5.0 (Linux; Android 5.0) AppleWebKit/537.36 (KHTML, like Gecko) Mobile Safari/537.36 (compatible; Bytespider; spider-feedback@bytedance.com)"
80.82.77.202 - - [30/Jan/2025:07:03:12 +0100] "\x16\x03\x02\x01o\x01" 400 383 "-" "-"
95.214.55.185 - - [30/Jan/2025:07:12:19 +0100] "GET / HTTP/1.1" 200 423 "-" "-"
156.59.198.136 - - [30/Jan/2025:07:19:09 +0100] "GET /renault.2web.at/htdocs/binaries/10656106.doc HTTP/1.0" 404 306 "-" "Mozilla/5.0 (Linux; Android 5.0) AppleWebKit/537.36 (KHTML, like Gecko) Mobile Safari/537.36 (compatible; Bytespider; spider-feedback@bytedance.com)"
156.59.198.136 - - [30/Jan/2025:07:23:09 +0100] "GET /renault.activities.at/htdocs/binaries/renault-/rs-74-2016winter-check-und-service-tageanmeldungdoc.doc HTTP/1.0" 404 341 "-" "Mozilla/5.0 (Linux; Android 5.0) AppleWebKit/537.36 (KHTML, like Gecko) Mobile Safari/537.36 (compatible; Bytespider; spider-feedback@bytedance.com)"
185.242.226.116 - - [30/Jan/2025:07:30:32 +0100] "GET / HTTP/1.1" 200 274 "-" "Mozilla/5.0 (Windows NT 10.0; Win64; x64) AppleWebKit/537.36 (KHTML, like Gecko) Chrome/88.0.4324.190 Safari/537.36"
195.3.223.55 - - [30/Jan/2025:07:36:18 +0100] "GET / HTTP/1.1" 200 423 "-" "-"
198.235.24.124 - - [30/Jan/2025:07:38:59 +0100] "\x16\x03\x01" 400 383 "-" "-"
198.235.24.124 - - [30/Jan/2025:07:39:00 +0100] "\x16\x03\x01" 400 383 "-" "-"
156.59.198.135 - - [30/Jan/2025:07:47:05 +0100] "GET /renault.activities.at/htdocs/activities/framework/KoolControls/KoolImageView/styles/hay/hay.xml HTTP/1.0" 404 335 "-" "Mozilla/5.0 (Linux; Android 5.0) AppleWebKit/537.36 (KHTML, like Gecko) Mobile Safari/537.36 (compatible; Bytespider; spider-feedback@bytedance.com)"
156.59.198.136 - - [30/Jan/2025:07:54:21 +0100] "GET /ed-test.2web.at/stats/lang/awstats-eu.txt HTTP/1.0" 404 302 "-" "Mozilla/5.0 (Linux; Android 5.0) AppleWebKit/537.36 (KHTML, like Gecko) Mobile Safari/537.36 (compatible; Bytespider; spider-feedback@bytedance.com)"
147.185.132.103 - - [30/Jan/2025:07:55:22 +0100] "GET / HTTP/1.0" 200 423 "-" "Expanse, a Palo Alto Networks company, searches across the global IPv4 space multiple times per day to identify customers' presences on the Internet. If you would like to be excluded from our scans, please send IP addresses/domains to: scaninfo@paloaltonetworks.com"
170.64.186.221 - - [30/Jan/2025:08:02:04 +0100] "GET / HTTP/1.1" 200 274 "-" "Mozilla/5.0 (Windows NT 10.0; Win64; x64) AppleWebKit/537.36 (KHTML, like Gecko) Chrome/66.0.3359.158 Safari/537.36"
146.19.24.168 - - [30/Jan/2025:08:06:05 +0100] "GET / HTTP/1.1" 200 423 "-" "-"
141.255.166.90 - - [30/Jan/2025:08:22:34 +0100] "GET / HTTP/1.1" 200 423 "-" "-"
95.214.55.132 - - [30/Jan/2025:08:40:39 +0100] "GET / HTTP/1.1" 200 274 "-" "Mozilla/5.0 (Windows NT 10.0; Win64; x64) AppleWebKit/537.36 (KHTML, like Gecko) Chrome/90.0.4430.85 Safari/537.36 Edg/90.0.818.46"
156.59.198.135 - - [30/Jan/2025:08:48:28 +0100] "GET /renault.2web.at/htdocs/binaries/10231946.doc HTTP/1.0" 404 307 "-" "Mozilla/5.0 (Linux; Android 5.0) AppleWebKit/537.36 (KHTML, like Gecko) Mobile Safari/537.36 (compatible; Bytespider; spider-feedback@bytedance.com)"
47.128.126.155 - - [30/Jan/2025:08:52:28 +0100] "GET /robots.txt HTTP/1.1" 404 284 "-" "Mozilla/5.0 (Linux; Android 5.0) AppleWebKit/537.36 (KHTML, like Gecko) Mobile Safari/537.36 (compatible; Bytespider; spider-feedback@bytedance.com)"
45.95.147.253 - - [30/Jan/2025:08:55:07 +0100] "GET / HTTP/1.0" 200 423 "-" "ivre-masscan/1.3 https://github.com/robertdavidgraham/"
47.128.59.43 - - [30/Jan/2025:09:00:29 +0100] "GET /robots.txt HTTP/1.1" 404 284 "-" "Mozilla/5.0 (Linux; Android 5.0) AppleWebKit/537.36 (KHTML, like Gecko) Mobile Safari/537.36 (compatible; Bytespider; spider-feedback@bytedance.com)"
156.59.198.135 - - [30/Jan/2025:09:04:28 +0100] "GET /ed-test.2web.at/stats/lang/awstats-gr.txt HTTP/1.0" 404 303 "-" "Mozilla/5.0 (Linux; Android 5.0) AppleWebKit/537.36 (KHTML, like Gecko) Mobile Safari/537.36 (compatible; Bytespider; spider-feedback@bytedance.com)"
195.3.223.55 - - [30/Jan/2025:09:17:46 +0100] "GET / HTTP/1.1" 200 423 "-" "-"
146.19.24.168 - - [30/Jan/2025:09:27:27 +0100] "GET / HTTP/1.1" 200 423 "-" "-"
45.144.212.139 - - [30/Jan/2025:09:27:48 +0100] "GET /.env HTTP/1.1" 404 280 "-" "Mozilla/5.0 (Linux; Android 7.0; LGUS997 Build/NRD90U) AppleWebKit/537.36 (KHTML, like Gecko) Chrome/59.0.3071.125 Mobile Safari/537.36"
178.165.186.69 - - [30/Jan/2025:09:32:29 +0100] "GET /layout.php HTTP/1.1" 200 815 "-" "Mozilla/5.0 (Windows NT 10.0; Win64; x64; rv:134.0) Gecko/20100101 Firefox/134.0"
178.165.186.69 - - [30/Jan/2025:09:32:30 +0100] "GET /entry.php?id=10273 HTTP/1.1" 200 1903 "http://hausegger.activities.at/layout.php" "Mozilla/5.0 (Windows NT 10.0; Win64; x64; rv:134.0) Gecko/20100101 Firefox/134.0"
178.165.186.69 - - [30/Jan/2025:09:32:30 +0100] "GET /entry.php?id=10270 HTTP/1.1" 200 909 "http://hausegger.activities.at/layout.php" "Mozilla/5.0 (Windows NT 10.0; Win64; x64; rv:134.0) Gecko/20100101 Firefox/134.0"
178.165.186.69 - - [30/Jan/2025:09:32:30 +0100] "GET /entry.php?id=10272 HTTP/1.1" 200 1161 "http://hausegger.activities.at/layout.php" "Mozilla/5.0 (Windows NT 10.0; Win64; x64; rv:134.0) Gecko/20100101 Firefox/134.0"
178.165.186.69 - - [30/Jan/2025:09:32:30 +0100] "GET /entry.php?id=11412 HTTP/1.1" 200 1759 "http://hausegger.activities.at/layout.php" "Mozilla/5.0 (Windows NT 10.0; Win64; x64; rv:134.0) Gecko/20100101 Firefox/134.0"
178.165.186.69 - - [30/Jan/2025:09:32:30 +0100] "GET /gui/javascript/jquery/css/gui-themes/custom.min.css HTTP/1.1" 200 5618 "http://hausegger.activities.at/entry.php?id=10273" "Mozilla/5.0 (Windows NT 10.0; Win64; x64; rv:134.0) Gecko/20100101 Firefox/134.0"
178.165.186.69 - - [30/Jan/2025:09:32:30 +0100] "GET /gui/javascript/form_form.js?1738225950 HTTP/1.1" 200 16206 "http://hausegger.activities.at/entry.php?id=10272" "Mozilla/5.0 (Windows NT 10.0; Win64; x64; rv:134.0) Gecko/20100101 Firefox/134.0"
178.165.186.69 - - [30/Jan/2025:09:32:30 +0100] "GET /gui/javascript/form_form.js?1738225950 HTTP/1.1" 200 16206 "http://hausegger.activities.at/entry.php?id=10273" "Mozilla/5.0 (Windows NT 10.0; Win64; x64; rv:134.0) Gecko/20100101 Firefox/134.0"
178.165.186.69 - - [30/Jan/2025:09:32:30 +0100] "GET /gui/javascript/form_form.js?1738225950 HTTP/1.1" 200 16206 "http://hausegger.activities.at/entry.php?id=10270" "Mozilla/5.0 (Windows NT 10.0; Win64; x64; rv:134.0) Gecko/20100101 Firefox/134.0"
178.165.186.69 - - [30/Jan/2025:09:32:30 +0100] "GET /gui/javascript/form_form.js?1738225950 HTTP/1.1" 200 16206 "http://hausegger.activities.at/entry.php?id=11412" "Mozilla/5.0 (Windows NT 10.0; Win64; x64; rv:134.0) Gecko/20100101 Firefox/134.0"
178.165.186.69 - - [30/Jan/2025:09:32:31 +0100] "GET /entry.php?id=10271& HTTP/1.1" 200 934 "http://hausegger.activities.at/entry.php?id=10272" "Mozilla/5.0 (Windows NT 10.0; Win64; x64; rv:134.0) Gecko/20100101 Firefox/134.0"
178.165.186.69 - - [30/Jan/2025:09:32:31 +0100] "GET /gui/javascript/form_form.js?1738225951 HTTP/1.1" 200 16206 "http://hausegger.activities.at/entry.php?id=10271&" "Mozilla/5.0 (Windows NT 10.0; Win64; x64; rv:134.0) Gecko/20100101 Firefox/134.0"
178.165.186.69 - - [30/Jan/2025:09:32:31 +0100] "GET /entry.php?id=10287 HTTP/1.1" 200 2410 "http://hausegger.activities.at/entry.php?id=11412" "Mozilla/5.0 (Windows NT 10.0; Win64; x64; rv:134.0) Gecko/20100101 Firefox/134.0"
178.165.186.69 - - [30/Jan/2025:09:32:31 +0100] "GET /entry.php?id=10273& HTTP/1.1" 200 1902 "http://hausegger.activities.at/entry.php?id=10287" "Mozilla/5.0 (Windows NT 10.0; Win64; x64; rv:134.0) Gecko/20100101 Firefox/134.0"
178.165.186.69 - - [30/Jan/2025:09:32:31 +0100] "GET /entry.php?id=10270& HTTP/1.1" 200 909 "http://hausegger.activities.at/entry.php?id=10287" "Mozilla/5.0 (Windows NT 10.0; Win64; x64; rv:134.0) Gecko/20100101 Firefox/134.0"
178.165.186.69 - - [30/Jan/2025:09:32:36 +0100] "POST /entry.php?id=10287& HTTP/1.1" 200 1967 "http://hausegger.activities.at/entry.php?id=10287" "Mozilla/5.0 (Windows NT 10.0; Win64; x64; rv:134.0) Gecko/20100101 Firefox/134.0"
178.165.186.69 - - [30/Jan/2025:09:33:40 +0100] "GET /gui/javascript/form_form.js?1738226019 HTTP/1.1" 200 16206 "http://hausegger.activities.at/entry.php?id=10287&" "Mozilla/5.0 (Windows NT 10.0; Win64; x64; rv:134.0) Gecko/20100101 Firefox/134.0"
178.165.186.69 - - [30/Jan/2025:09:33:40 +0100] "GET /entry.php?id=10273& HTTP/1.1" 200 2012 "http://hausegger.activities.at/entry.php?id=10287&" "Mozilla/5.0 (Windows NT 10.0; Win64; x64; rv:134.0) Gecko/20100101 Firefox/134.0"
178.165.186.69 - - [30/Jan/2025:09:33:40 +0100] "GET /gui/javascript/form_form.js?1738226020 HTTP/1.1" 200 16206 "http://hausegger.activities.at/entry.php?id=10273&" "Mozilla/5.0 (Windows NT 10.0; Win64; x64; rv:134.0) Gecko/20100101 Firefox/134.0"
178.165.186.69 - - [30/Jan/2025:09:33:40 +0100] "GET /entry.php?id=10270&__app__=10006038 HTTP/1.1" 200 2230 "http://hausegger.activities.at/entry.php?id=10273&" "Mozilla/5.0 (Windows NT 10.0; Win64; x64; rv:134.0) Gecko/20100101 Firefox/134.0"
178.165.186.69 - - [30/Jan/2025:09:33:40 +0100] "GET /entry.php?id=10271& HTTP/1.1" 200 986 "http://hausegger.activities.at/entry.php?id=10272" "Mozilla/5.0 (Windows NT 10.0; Win64; x64; rv:134.0) Gecko/20100101 Firefox/134.0"
178.165.186.69 - - [30/Jan/2025:09:33:40 +0100] "GET /undefined HTTP/1.1" 404 289 "http://hausegger.activities.at/entry.php?id=10270&__app__=10006038" "Mozilla/5.0 (Windows NT 10.0; Win64; x64; rv:134.0) Gecko/20100101 Firefox/134.0"
178.165.186.69 - - [30/Jan/2025:09:33:41 +0100] "GET /framework/webfx/style/toolbar/images/cbback.gif HTTP/1.1" 404 318 "http://hausegger.activities.at/framework/webfx/style/toolbar/cb2.css" "Mozilla/5.0 (Windows NT 10.0; Win64; x64; rv:134.0) Gecko/20100101 Firefox/134.0"
178.165.186.69 - - [30/Jan/2025:09:34:40 +0100] "GET /entry.php?id=10271&&ser=226020 HTTP/1.1" 200 987 "http://hausegger.activities.at/entry.php?id=10271&" "Mozilla/5.0 (Windows NT 10.0; Win64; x64; rv:134.0) Gecko/20100101 Firefox/134.0"
178.165.186.69 - - [30/Jan/2025:09:34:40 +0100] "GET /gui/javascript/form_form.js?1738226080 HTTP/1.1" 200 16206 "http://hausegger.activities.at/entry.php?id=10271&&ser=226020" "Mozilla/5.0 (Windows NT 10.0; Win64; x64; rv:134.0) Gecko/20100101 Firefox/134.0"
178.165.186.69 - - [30/Jan/2025:09:35:40 +0100] "GET /entry.php?id=10271&&ser=226080 HTTP/1.1" 200 987 "http://hausegger.activities.at/entry.php?id=10271&&ser=226020" "Mozilla/5.0 (Windows NT 10.0; Win64; x64; rv:134.0) Gecko/20100101 Firefox/134.0"
178.165.186.69 - - [30/Jan/2025:09:35:41 +0100] "GET /gui/javascript/form_form.js?1738226140 HTTP/1.1" 200 16206 "http://hausegger.activities.at/entry.php?id=10271&&ser=226080" "Mozilla/5.0 (Windows NT 10.0; Win64; x64; rv:134.0) Gecko/20100101 Firefox/134.0"
178.165.186.69 - - [30/Jan/2025:09:36:41 +0100] "GET /entry.php?id=10271&&ser=226140 HTTP/1.1" 200 986 "http://hausegger.activities.at/entry.php?id=10271&&ser=226080" "Mozilla/5.0 (Windows NT 10.0; Win64; x64; rv:134.0) Gecko/20100101 Firefox/134.0"
178.165.186.69 - - [30/Jan/2025:09:36:41 +0100] "GET /gui/javascript/form_form.js?1738226201 HTTP/1.1" 200 16206 "http://hausegger.activities.at/entry.php?id=10271&&ser=226140" "Mozilla/5.0 (Windows NT 10.0; Win64; x64; rv:134.0) Gecko/20100101 Firefox/134.0"
178.165.186.69 - - [30/Jan/2025:09:37:41 +0100] "GET /entry.php?id=10271&&ser=226201 HTTP/1.1" 200 986 "http://hausegger.activities.at/entry.php?id=10271&&ser=226140" "Mozilla/5.0 (Windows NT 10.0; Win64; x64; rv:134.0) Gecko/20100101 Firefox/134.0"
178.165.186.69 - - [30/Jan/2025:09:37:42 +0100] "GET /gui/javascript/form_form.js?1738226261 HTTP/1.1" 200 16206 "http://hausegger.activities.at/entry.php?id=10271&&ser=226201" "Mozilla/5.0 (Windows NT 10.0; Win64; x64; rv:134.0) Gecko/20100101 Firefox/134.0"
178.165.186.69 - - [30/Jan/2025:09:38:42 +0100] "GET /entry.php?id=10271&&ser=226261 HTTP/1.1" 200 987 "http://hausegger.activities.at/entry.php?id=10271&&ser=226201" "Mozilla/5.0 (Windows NT 10.0; Win64; x64; rv:134.0) Gecko/20100101 Firefox/134.0"
178.165.186.69 - - [30/Jan/2025:09:38:42 +0100] "GET /gui/javascript/form_form.js?1738226322 HTTP/1.1" 200 16206 "http://hausegger.activities.at/entry.php?id=10271&&ser=226261" "Mozilla/5.0 (Windows NT 10.0; Win64; x64; rv:134.0) Gecko/20100101 Firefox/134.0"
178.165.186.69 - - [30/Jan/2025:09:39:42 +0100] "GET /entry.php?id=10271&&ser=226322 HTTP/1.1" 200 986 "http://hausegger.activities.at/entry.php?id=10271&&ser=226261" "Mozilla/5.0 (Windows NT 10.0; Win64; x64; rv:134.0) Gecko/20100101 Firefox/134.0"
178.165.186.69 - - [30/Jan/2025:09:39:42 +0100] "GET /gui/javascript/form_form.js?1738226382 HTTP/1.1" 200 16206 "http://hausegger.activities.at/entry.php?id=10271&&ser=226322" "Mozilla/5.0 (Windows NT 10.0; Win64; x64; rv:134.0) Gecko/20100101 Firefox/134.0"
178.165.186.69 - - [30/Jan/2025:09:40:43 +0100] "GET /entry.php?id=10271&&ser=226382 HTTP/1.1" 200 987 "http://hausegger.activities.at/entry.php?id=10271&&ser=226322" "Mozilla/5.0 (Windows NT 10.0; Win64; x64; rv:134.0) Gecko/20100101 Firefox/134.0"
178.165.186.69 - - [30/Jan/2025:09:40:43 +0100] "GET /gui/javascript/form_form.js?1738226443 HTTP/1.1" 200 16206 "http://hausegger.activities.at/entry.php?id=10271&&ser=226382" "Mozilla/5.0 (Windows NT 10.0; Win64; x64; rv:134.0) Gecko/20100101 Firefox/134.0"
185.196.220.253 - - [30/Jan/2025:09:41:24 +0100] "GET / HTTP/1.1" 200 423 "-" "Hello World"
178.165.186.69 - - [30/Jan/2025:09:41:43 +0100] "GET /entry.php?id=10271&&ser=226443 HTTP/1.1" 200 987 "http://hausegger.activities.at/entry.php?id=10271&&ser=226382" "Mozilla/5.0 (Windows NT 10.0; Win64; x64; rv:134.0) Gecko/20100101 Firefox/134.0"
178.165.186.69 - - [30/Jan/2025:09:41:43 +0100] "GET /gui/javascript/form_form.js?1738226503 HTTP/1.1" 200 16206 "http://hausegger.activities.at/entry.php?id=10271&&ser=226443" "Mozilla/5.0 (Windows NT 10.0; Win64; x64; rv:134.0) Gecko/20100101 Firefox/134.0"
178.165.186.69 - - [30/Jan/2025:09:42:44 +0100] "GET /entry.php?id=10271&&ser=226503 HTTP/1.1" 200 987 "http://hausegger.activities.at/entry.php?id=10271&&ser=226443" "Mozilla/5.0 (Windows NT 10.0; Win64; x64; rv:134.0) Gecko/20100101 Firefox/134.0"
178.165.186.69 - - [30/Jan/2025:09:42:44 +0100] "GET /gui/javascript/form_form.js?1738226564 HTTP/1.1" 200 16206 "http://hausegger.activities.at/entry.php?id=10271&&ser=226503" "Mozilla/5.0 (Windows NT 10.0; Win64; x64; rv:134.0) Gecko/20100101 Firefox/134.0"
156.59.198.136 - - [30/Jan/2025:09:42:55 +0100] "GET /renault.activities.at/htdocs/binaries/10008643.pdf HTTP/1.0" 404 311 "-" "Mozilla/5.0 (Linux; Android 5.0) AppleWebKit/537.36 (KHTML, like Gecko) Mobile Safari/537.36 (compatible; Bytespider; spider-feedback@bytedance.com)"
178.165.186.69 - - [30/Jan/2025:09:43:45 +0100] "GET /entry.php?id=10271&&ser=226564 HTTP/1.1" 200 987 "http://hausegger.activities.at/entry.php?id=10271&&ser=226503" "Mozilla/5.0 (Windows NT 10.0; Win64; x64; rv:134.0) Gecko/20100101 Firefox/134.0"
178.165.186.69 - - [30/Jan/2025:09:43:45 +0100] "GET /gui/javascript/form_form.js?1738226625 HTTP/1.1" 200 16206 "http://hausegger.activities.at/entry.php?id=10271&&ser=226564" "Mozilla/5.0 (Windows NT 10.0; Win64; x64; rv:134.0) Gecko/20100101 Firefox/134.0"
178.165.186.69 - - [30/Jan/2025:09:44:45 +0100] "GET /entry.php?id=10271&&ser=226625 HTTP/1.1" 200 987 "http://hausegger.activities.at/entry.php?id=10271&&ser=226564" "Mozilla/5.0 (Windows NT 10.0; Win64; x64; rv:134.0) Gecko/20100101 Firefox/134.0"
178.165.186.69 - - [30/Jan/2025:09:44:45 +0100] "GET /gui/javascript/form_form.js?1738226685 HTTP/1.1" 200 16206 "http://hausegger.activities.at/entry.php?id=10271&&ser=226625" "Mozilla/5.0 (Windows NT 10.0; Win64; x64; rv:134.0) Gecko/20100101 Firefox/134.0"
178.165.186.69 - - [30/Jan/2025:09:45:45 +0100] "GET /entry.php?id=10271&&ser=226685 HTTP/1.1" 200 987 "http://hausegger.activities.at/entry.php?id=10271&&ser=226625" "Mozilla/5.0 (Windows NT 10.0; Win64; x64; rv:134.0) Gecko/20100101 Firefox/134.0"
178.165.186.69 - - [30/Jan/2025:09:45:45 +0100] "GET /gui/javascript/form_form.js?1738226745 HTTP/1.1" 200 16206 "http://hausegger.activities.at/entry.php?id=10271&&ser=226685" "Mozilla/5.0 (Windows NT 10.0; Win64; x64; rv:134.0) Gecko/20100101 Firefox/134.0"
178.165.186.69 - - [30/Jan/2025:09:46:45 +0100] "GET /entry.php?id=10271&&ser=226745 HTTP/1.1" 200 987 "http://hausegger.activities.at/entry.php?id=10271&&ser=226685" "Mozilla/5.0 (Windows NT 10.0; Win64; x64; rv:134.0) Gecko/20100101 Firefox/134.0"
178.165.186.69 - - [30/Jan/2025:09:46:46 +0100] "GET /gui/javascript/form_form.js?1738226806 HTTP/1.1" 200 16206 "http://hausegger.activities.at/entry.php?id=10271&&ser=226745" "Mozilla/5.0 (Windows NT 10.0; Win64; x64; rv:134.0) Gecko/20100101 Firefox/134.0"
178.165.186.69 - - [30/Jan/2025:09:47:46 +0100] "GET /entry.php?id=10271&&ser=226806 HTTP/1.1" 200 987 "http://hausegger.activities.at/entry.php?id=10271&&ser=226745" "Mozilla/5.0 (Windows NT 10.0; Win64; x64; rv:134.0) Gecko/20100101 Firefox/134.0"
178.165.186.69 - - [30/Jan/2025:09:47:46 +0100] "GET /gui/javascript/form_form.js?1738226866 HTTP/1.1" 200 16206 "http://hausegger.activities.at/entry.php?id=10271&&ser=226806" "Mozilla/5.0 (Windows NT 10.0; Win64; x64; rv:134.0) Gecko/20100101 Firefox/134.0"
178.165.186.69 - - [30/Jan/2025:09:48:46 +0100] "GET /entry.php?id=10271&&ser=226866 HTTP/1.1" 200 987 "http://hausegger.activities.at/entry.php?id=10271&&ser=226806" "Mozilla/5.0 (Windows NT 10.0; Win64; x64; rv:134.0) Gecko/20100101 Firefox/134.0"
178.165.186.69 - - [30/Jan/2025:09:48:46 +0100] "GET /gui/javascript/form_form.js?1738226926 HTTP/1.1" 200 16206 "http://hausegger.activities.at/entry.php?id=10271&&ser=226866" "Mozilla/5.0 (Windows NT 10.0; Win64; x64; rv:134.0) Gecko/20100101 Firefox/134.0"
178.165.186.69 - - [30/Jan/2025:09:49:16 +0100] "GET /entry.php?id=10828 HTTP/1.1" 200 9141 "http://hausegger.activities.at/entry.php?id=10270&__app__=10006038" "Mozilla/5.0 (Windows NT 10.0; Win64; x64; rv:134.0) Gecko/20100101 Firefox/134.0"
178.165.186.69 - - [30/Jan/2025:09:49:17 +0100] "GET /gui/javascript/form_form.js?1738226957 HTTP/1.1" 200 16206 "http://hausegger.activities.at/entry.php?id=10828" "Mozilla/5.0 (Windows NT 10.0; Win64; x64; rv:134.0) Gecko/20100101 Firefox/134.0"
178.165.186.69 - - [30/Jan/2025:09:49:17 +0100] "GET /entry.php?id=10889&document_id=& HTTP/1.1" 200 1508 "http://hausegger.activities.at/entry.php?id=10828" "Mozilla/5.0 (Windows NT 10.0; Win64; x64; rv:134.0) Gecko/20100101 Firefox/134.0"
178.165.186.69 - - [30/Jan/2025:09:49:47 +0100] "GET /entry.php?id=10271&&ser=226926 HTTP/1.1" 200 986 "http://hausegger.activities.at/entry.php?id=10271&&ser=226866" "Mozilla/5.0 (Windows NT 10.0; Win64; x64; rv:134.0) Gecko/20100101 Firefox/134.0"
178.165.186.69 - - [30/Jan/2025:09:49:47 +0100] "GET /gui/javascript/form_form.js?1738226987 HTTP/1.1" 200 16206 "http://hausegger.activities.at/entry.php?id=10271&&ser=226926" "Mozilla/5.0 (Windows NT 10.0; Win64; x64; rv:134.0) Gecko/20100101 Firefox/134.0"
178.165.186.69 - - [30/Jan/2025:09:50:47 +0100] "GET /entry.php?id=10271&&ser=226987 HTTP/1.1" 200 987 "http://hausegger.activities.at/entry.php?id=10271&&ser=226926" "Mozilla/5.0 (Windows NT 10.0; Win64; x64; rv:134.0) Gecko/20100101 Firefox/134.0"
178.165.186.69 - - [30/Jan/2025:09:50:48 +0100] "GET /gui/javascript/form_form.js?1738227048 HTTP/1.1" 200 16206 "http://hausegger.activities.at/entry.php?id=10271&&ser=226987" "Mozilla/5.0 (Windows NT 10.0; Win64; x64; rv:134.0) Gecko/20100101 Firefox/134.0"
178.165.186.69 - - [30/Jan/2025:09:51:48 +0100] "GET /entry.php?id=10271&&ser=227048 HTTP/1.1" 200 987 "http://hausegger.activities.at/entry.php?id=10271&&ser=226987" "Mozilla/5.0 (Windows NT 10.0; Win64; x64; rv:134.0) Gecko/20100101 Firefox/134.0"
178.165.186.69 - - [30/Jan/2025:09:51:48 +0100] "GET /gui/javascript/form_form.js?1738227108 HTTP/1.1" 200 16206 "http://hausegger.activities.at/entry.php?id=10271&&ser=227048" "Mozilla/5.0 (Windows NT 10.0; Win64; x64; rv:134.0) Gecko/20100101 Firefox/134.0"
178.165.186.69 - - [30/Jan/2025:09:52:48 +0100] "GET /entry.php?id=10271&&ser=227108 HTTP/1.1" 200 987 "http://hausegger.activities.at/entry.php?id=10271&&ser=227048" "Mozilla/5.0 (Windows NT 10.0; Win64; x64; rv:134.0) Gecko/20100101 Firefox/134.0"
178.165.186.69 - - [30/Jan/2025:09:52:48 +0100] "GET /gui/javascript/form_form.js?1738227168 HTTP/1.1" 200 16206 "http://hausegger.activities.at/entry.php?id=10271&&ser=227108" "Mozilla/5.0 (Windows NT 10.0; Win64; x64; rv:134.0) Gecko/20100101 Firefox/134.0"
178.165.186.69 - - [30/Jan/2025:09:53:48 +0100] "GET /entry.php?id=10271&&ser=227168 HTTP/1.1" 200 987 "http://hausegger.activities.at/entry.php?id=10271&&ser=227108" "Mozilla/5.0 (Windows NT 10.0; Win64; x64; rv:134.0) Gecko/20100101 Firefox/134.0"
178.165.186.69 - - [30/Jan/2025:09:53:48 +0100] "GET /gui/javascript/form_form.js?1738227228 HTTP/1.1" 200 16206 "http://hausegger.activities.at/entry.php?id=10271&&ser=227168" "Mozilla/5.0 (Windows NT 10.0; Win64; x64; rv:134.0) Gecko/20100101 Firefox/134.0"
178.165.186.69 - - [30/Jan/2025:09:54:49 +0100] "GET /entry.php?id=10271&&ser=227228 HTTP/1.1" 200 987 "http://hausegger.activities.at/entry.php?id=10271&&ser=227168" "Mozilla/5.0 (Windows NT 10.0; Win64; x64; rv:134.0) Gecko/20100101 Firefox/134.0"
178.165.186.69 - - [30/Jan/2025:09:54:49 +0100] "GET /gui/javascript/form_form.js?1738227289 HTTP/1.1" 200 16206 "http://hausegger.activities.at/entry.php?id=10271&&ser=227228" "Mozilla/5.0 (Windows NT 10.0; Win64; x64; rv:134.0) Gecko/20100101 Firefox/134.0"
178.165.186.69 - - [30/Jan/2025:09:55:49 +0100] "GET /entry.php?id=10271&&ser=227289 HTTP/1.1" 200 987 "http://hausegger.activities.at/entry.php?id=10271&&ser=227228" "Mozilla/5.0 (Windows NT 10.0; Win64; x64; rv:134.0) Gecko/20100101 Firefox/134.0"
178.165.186.69 - - [30/Jan/2025:09:55:49 +0100] "GET /gui/javascript/form_form.js?1738227349 HTTP/1.1" 200 16206 "http://hausegger.activities.at/entry.php?id=10271&&ser=227289" "Mozilla/5.0 (Windows NT 10.0; Win64; x64; rv:134.0) Gecko/20100101 Firefox/134.0"
178.165.186.69 - - [30/Jan/2025:09:56:49 +0100] "GET /entry.php?id=10271&&ser=227349 HTTP/1.1" 200 986 "http://hausegger.activities.at/entry.php?id=10271&&ser=227289" "Mozilla/5.0 (Windows NT 10.0; Win64; x64; rv:134.0) Gecko/20100101 Firefox/134.0"
178.165.186.69 - - [30/Jan/2025:09:56:49 +0100] "GET /gui/javascript/form_form.js?1738227409 HTTP/1.1" 200 16206 "http://hausegger.activities.at/entry.php?id=10271&&ser=227349" "Mozilla/5.0 (Windows NT 10.0; Win64; x64; rv:134.0) Gecko/20100101 Firefox/134.0"
178.165.186.69 - - [30/Jan/2025:09:57:50 +0100] "GET /entry.php?id=10271&&ser=227409 HTTP/1.1" 200 986 "http://hausegger.activities.at/entry.php?id=10271&&ser=227349" "Mozilla/5.0 (Windows NT 10.0; Win64; x64; rv:134.0) Gecko/20100101 Firefox/134.0"
178.165.186.69 - - [30/Jan/2025:09:57:50 +0100] "GET /gui/javascript/form_form.js?1738227470 HTTP/1.1" 200 16206 "http://hausegger.activities.at/entry.php?id=10271&&ser=227409" "Mozilla/5.0 (Windows NT 10.0; Win64; x64; rv:134.0) Gecko/20100101 Firefox/134.0"
178.165.186.69 - - [30/Jan/2025:09:58:50 +0100] "GET /entry.php?id=10271&&ser=227470 HTTP/1.1" 200 987 "http://hausegger.activities.at/entry.php?id=10271&&ser=227409" "Mozilla/5.0 (Windows NT 10.0; Win64; x64; rv:134.0) Gecko/20100101 Firefox/134.0"
178.165.186.69 - - [30/Jan/2025:09:58:50 +0100] "GET /gui/javascript/form_form.js?1738227530 HTTP/1.1" 200 16206 "http://hausegger.activities.at/entry.php?id=10271&&ser=227470" "Mozilla/5.0 (Windows NT 10.0; Win64; x64; rv:134.0) Gecko/20100101 Firefox/134.0"
178.165.186.69 - - [30/Jan/2025:09:59:50 +0100] "GET /entry.php?id=10271&&ser=227530 HTTP/1.1" 200 987 "http://hausegger.activities.at/entry.php?id=10271&&ser=227470" "Mozilla/5.0 (Windows NT 10.0; Win64; x64; rv:134.0) Gecko/20100101 Firefox/134.0"
178.165.186.69 - - [30/Jan/2025:09:59:50 +0100] "GET /gui/javascript/form_form.js?1738227590 HTTP/1.1" 200 16206 "http://hausegger.activities.at/entry.php?id=10271&&ser=227530" "Mozilla/5.0 (Windows NT 10.0; Win64; x64; rv:134.0) Gecko/20100101 Firefox/134.0"
156.59.198.135 - - [30/Jan/2025:10:00:44 +0100] "GET /renault.activities.at/htdocs/activities/framework/webfx/javascript/flot/CONTRIBUTING.md HTTP/1.0" 404 335 "-" "Mozilla/5.0 (Linux; Android 5.0) AppleWebKit/537.36 (KHTML, like Gecko) Mobile Safari/537.36 (compatible; Bytespider; spider-feedback@bytedance.com)"
178.165.186.69 - - [30/Jan/2025:10:00:50 +0100] "GET /entry.php?id=10271&&ser=227590 HTTP/1.1" 200 987 "http://hausegger.activities.at/entry.php?id=10271&&ser=227530" "Mozilla/5.0 (Windows NT 10.0; Win64; x64; rv:134.0) Gecko/20100101 Firefox/134.0"
178.165.186.69 - - [30/Jan/2025:10:00:51 +0100] "GET /gui/javascript/form_form.js?1738227651 HTTP/1.1" 200 16206 "http://hausegger.activities.at/entry.php?id=10271&&ser=227590" "Mozilla/5.0 (Windows NT 10.0; Win64; x64; rv:134.0) Gecko/20100101 Firefox/134.0"
178.165.186.69 - - [30/Jan/2025:10:01:51 +0100] "GET /entry.php?id=10271&&ser=227651 HTTP/1.1" 200 986 "http://hausegger.activities.at/entry.php?id=10271&&ser=227590" "Mozilla/5.0 (Windows NT 10.0; Win64; x64; rv:134.0) Gecko/20100101 Firefox/134.0"
178.165.186.69 - - [30/Jan/2025:10:01:51 +0100] "GET /gui/javascript/form_form.js?1738227711 HTTP/1.1" 200 16206 "http://hausegger.activities.at/entry.php?id=10271&&ser=227651" "Mozilla/5.0 (Windows NT 10.0; Win64; x64; rv:134.0) Gecko/20100101 Firefox/134.0"
178.165.186.69 - - [30/Jan/2025:10:02:51 +0100] "GET /entry.php?id=10271&&ser=227711 HTTP/1.1" 200 987 "http://hausegger.activities.at/entry.php?id=10271&&ser=227651" "Mozilla/5.0 (Windows NT 10.0; Win64; x64; rv:134.0) Gecko/20100101 Firefox/134.0"
178.165.186.69 - - [30/Jan/2025:10:02:51 +0100] "GET /gui/javascript/form_form.js?1738227771 HTTP/1.1" 200 16206 "http://hausegger.activities.at/entry.php?id=10271&&ser=227711" "Mozilla/5.0 (Windows NT 10.0; Win64; x64; rv:134.0) Gecko/20100101 Firefox/134.0"
178.165.186.69 - - [30/Jan/2025:10:03:51 +0100] "GET /entry.php?id=10271&&ser=227771 HTTP/1.1" 200 986 "http://hausegger.activities.at/entry.php?id=10271&&ser=227711" "Mozilla/5.0 (Windows NT 10.0; Win64; x64; rv:134.0) Gecko/20100101 Firefox/134.0"
178.165.186.69 - - [30/Jan/2025:10:03:51 +0100] "GET /gui/javascript/form_form.js?1738227831 HTTP/1.1" 200 16206 "http://hausegger.activities.at/entry.php?id=10271&&ser=227771" "Mozilla/5.0 (Windows NT 10.0; Win64; x64; rv:134.0) Gecko/20100101 Firefox/134.0"
156.59.198.136 - - [30/Jan/2025:10:04:45 +0100] "GET /renault.activities.at/htdocs/export/xml/data/orders/202004211503_RenOrder.xml HTTP/1.0" 404 329 "-" "Mozilla/5.0 (Linux; Android 5.0) AppleWebKit/537.36 (KHTML, like Gecko) Mobile Safari/537.36 (compatible; Bytespider; spider-feedback@bytedance.com)"
178.165.186.69 - - [30/Jan/2025:10:04:52 +0100] "GET /entry.php?id=10271&&ser=227831 HTTP/1.1" 200 987 "http://hausegger.activities.at/entry.php?id=10271&&ser=227771" "Mozilla/5.0 (Windows NT 10.0; Win64; x64; rv:134.0) Gecko/20100101 Firefox/134.0"
178.165.186.69 - - [30/Jan/2025:10:04:52 +0100] "GET /gui/javascript/form_form.js?1738227892 HTTP/1.1" 200 16206 "http://hausegger.activities.at/entry.php?id=10271&&ser=227831" "Mozilla/5.0 (Windows NT 10.0; Win64; x64; rv:134.0) Gecko/20100101 Firefox/134.0"
178.165.186.69 - - [30/Jan/2025:10:05:52 +0100] "GET /entry.php?id=10271&&ser=227892 HTTP/1.1" 200 987 "http://hausegger.activities.at/entry.php?id=10271&&ser=227831" "Mozilla/5.0 (Windows NT 10.0; Win64; x64; rv:134.0) Gecko/20100101 Firefox/134.0"
178.165.186.69 - - [30/Jan/2025:10:05:52 +0100] "GET /gui/javascript/form_form.js?1738227952 HTTP/1.1" 200 16206 "http://hausegger.activities.at/entry.php?id=10271&&ser=227892" "Mozilla/5.0 (Windows NT 10.0; Win64; x64; rv:134.0) Gecko/20100101 Firefox/134.0"
