185.196.220.253 - - [30/Jan/2025:13:02:02 +0100] "GET / HTTP/1.1" 200 423 "-" "Hello World"
178.165.186.69 - - [30/Jan/2025:13:02:55 +0100] "GET /entry.php?id=10271&&ser=238515 HTTP/1.1" 200 987 "http://hausegger.activities.at/entry.php?id=10271&&ser=238455" "Mozilla/5.0 (Windows NT 10.0; Win64; x64; rv:134.0) Gecko/20100101 Firefox/134.0"
178.165.186.69 - - [30/Jan/2025:13:02:56 +0100] "GET /gui/javascript/form_form.js?1738238575 HTTP/1.1" 200 16206 "http://hausegger.activities.at/entry.php?id=10271&&ser=238515" "Mozilla/5.0 (Windows NT 10.0; Win64; x64; rv:134.0) Gecko/20100101 Firefox/134.0"
178.165.186.69 - - [30/Jan/2025:13:03:56 +0100] "GET /entry.php?id=10271&&ser=238575 HTTP/1.1" 200 987 "http://hausegger.activities.at/entry.php?id=10271&&ser=238515" "Mozilla/5.0 (Windows NT 10.0; Win64; x64; rv:134.0) Gecko/20100101 Firefox/134.0"
178.165.186.69 - - [30/Jan/2025:13:03:56 +0100] "GET /gui/javascript/form_form.js?1738238636 HTTP/1.1" 200 16206 "http://hausegger.activities.at/entry.php?id=10271&&ser=238575" "Mozilla/5.0 (Windows NT 10.0; Win64; x64; rv:134.0) Gecko/20100101 Firefox/134.0"
178.165.186.69 - - [30/Jan/2025:13:04:56 +0100] "GET /entry.php?id=10271&&ser=238636 HTTP/1.1" 200 987 "http://hausegger.activities.at/entry.php?id=10271&&ser=238575" "Mozilla/5.0 (Windows NT 10.0; Win64; x64; rv:134.0) Gecko/20100101 Firefox/134.0"
178.165.186.69 - - [30/Jan/2025:13:04:56 +0100] "GET /gui/javascript/form_form.js?1738238696 HTTP/1.1" 200 16206 "http://hausegger.activities.at/entry.php?id=10271&&ser=238636" "Mozilla/5.0 (Windows NT 10.0; Win64; x64; rv:134.0) Gecko/20100101 Firefox/134.0"
156.59.198.135 - - [30/Jan/2025:13:05:43 +0100] "GET /renault.2web.at/htdocs/binaries/renault-/rs-129-fr.doc HTTP/1.0" 404 310 "-" "Mozilla/5.0 (Linux; Android 5.0) AppleWebKit/537.36 (KHTML, like Gecko) Mobile Safari/537.36 (compatible; Bytespider; spider-feedback@bytedance.com)"
178.165.186.69 - - [30/Jan/2025:13:05:56 +0100] "GET /entry.php?id=10271&&ser=238696 HTTP/1.1" 200 987 "http://hausegger.activities.at/entry.php?id=10271&&ser=238636" "Mozilla/5.0 (Windows NT 10.0; Win64; x64; rv:134.0) Gecko/20100101 Firefox/134.0"
178.165.186.69 - - [30/Jan/2025:13:05:56 +0100] "GET /gui/javascript/form_form.js?1738238756 HTTP/1.1" 200 16206 "http://hausegger.activities.at/entry.php?id=10271&&ser=238696" "Mozilla/5.0 (Windows NT 10.0; Win64; x64; rv:134.0) Gecko/20100101 Firefox/134.0"
178.165.186.69 - - [30/Jan/2025:13:06:57 +0100] "GET /entry.php?id=10271&&ser=238756 HTTP/1.1" 200 986 "http://hausegger.activities.at/entry.php?id=10271&&ser=238696" "Mozilla/5.0 (Windows NT 10.0; Win64; x64; rv:134.0) Gecko/20100101 Firefox/134.0"
178.165.186.69 - - [30/Jan/2025:13:06:57 +0100] "GET /gui/javascript/form_form.js?1738238817 HTTP/1.1" 200 16206 "http://hausegger.activities.at/entry.php?id=10271&&ser=238756" "Mozilla/5.0 (Windows NT 10.0; Win64; x64; rv:134.0) Gecko/20100101 Firefox/134.0"
178.165.186.69 - - [30/Jan/2025:13:07:57 +0100] "GET /entry.php?id=10271&&ser=238817 HTTP/1.1" 200 986 "http://hausegger.activities.at/entry.php?id=10271&&ser=238756" "Mozilla/5.0 (Windows NT 10.0; Win64; x64; rv:134.0) Gecko/20100101 Firefox/134.0"
178.165.186.69 - - [30/Jan/2025:13:07:57 +0100] "GET /gui/javascript/form_form.js?1738238877 HTTP/1.1" 200 16206 "http://hausegger.activities.at/entry.php?id=10271&&ser=238817" "Mozilla/5.0 (Windows NT 10.0; Win64; x64; rv:134.0) Gecko/20100101 Firefox/134.0"
178.165.186.69 - - [30/Jan/2025:13:08:57 +0100] "GET /entry.php?id=10271&&ser=238877 HTTP/1.1" 200 987 "http://hausegger.activities.at/entry.php?id=10271&&ser=238817" "Mozilla/5.0 (Windows NT 10.0; Win64; x64; rv:134.0) Gecko/20100101 Firefox/134.0"
178.165.186.69 - - [30/Jan/2025:13:08:57 +0100] "GET /gui/javascript/form_form.js?1738238937 HTTP/1.1" 200 16206 "http://hausegger.activities.at/entry.php?id=10271&&ser=238877" "Mozilla/5.0 (Windows NT 10.0; Win64; x64; rv:134.0) Gecko/20100101 Firefox/134.0"
178.165.186.69 - - [30/Jan/2025:13:09:58 +0100] "GET /entry.php?id=10271&&ser=238937 HTTP/1.1" 200 987 "http://hausegger.activities.at/entry.php?id=10271&&ser=238877" "Mozilla/5.0 (Windows NT 10.0; Win64; x64; rv:134.0) Gecko/20100101 Firefox/134.0"
178.165.186.69 - - [30/Jan/2025:13:09:58 +0100] "GET /gui/javascript/form_form.js?1738238998 HTTP/1.1" 200 16206 "http://hausegger.activities.at/entry.php?id=10271&&ser=238937" "Mozilla/5.0 (Windows NT 10.0; Win64; x64; rv:134.0) Gecko/20100101 Firefox/134.0"
178.165.186.69 - - [30/Jan/2025:13:10:58 +0100] "GET /entry.php?id=10271&&ser=238998 HTTP/1.1" 200 987 "http://hausegger.activities.at/entry.php?id=10271&&ser=238937" "Mozilla/5.0 (Windows NT 10.0; Win64; x64; rv:134.0) Gecko/20100101 Firefox/134.0"
178.165.186.69 - - [30/Jan/2025:13:10:58 +0100] "GET /gui/javascript/form_form.js?1738239058 HTTP/1.1" 200 16206 "http://hausegger.activities.at/entry.php?id=10271&&ser=238998" "Mozilla/5.0 (Windows NT 10.0; Win64; x64; rv:134.0) Gecko/20100101 Firefox/134.0"
178.165.186.69 - - [30/Jan/2025:13:11:58 +0100] "GET /entry.php?id=10271&&ser=239058 HTTP/1.1" 200 986 "http://hausegger.activities.at/entry.php?id=10271&&ser=238998" "Mozilla/5.0 (Windows NT 10.0; Win64; x64; rv:134.0) Gecko/20100101 Firefox/134.0"
178.165.186.69 - - [30/Jan/2025:13:11:58 +0100] "GET /gui/javascript/form_form.js?1738239118 HTTP/1.1" 200 16206 "http://hausegger.activities.at/entry.php?id=10271&&ser=239058" "Mozilla/5.0 (Windows NT 10.0; Win64; x64; rv:134.0) Gecko/20100101 Firefox/134.0"
178.165.186.69 - - [30/Jan/2025:13:12:58 +0100] "GET /entry.php?id=10271&&ser=239118 HTTP/1.1" 200 987 "http://hausegger.activities.at/entry.php?id=10271&&ser=239058" "Mozilla/5.0 (Windows NT 10.0; Win64; x64; rv:134.0) Gecko/20100101 Firefox/134.0"
178.165.186.69 - - [30/Jan/2025:13:12:59 +0100] "GET /gui/javascript/form_form.js?1738239179 HTTP/1.1" 200 16206 "http://hausegger.activities.at/entry.php?id=10271&&ser=239118" "Mozilla/5.0 (Windows NT 10.0; Win64; x64; rv:134.0) Gecko/20100101 Firefox/134.0"
178.165.186.69 - - [30/Jan/2025:13:13:59 +0100] "GET /entry.php?id=10271&&ser=239179 HTTP/1.1" 200 986 "http://hausegger.activities.at/entry.php?id=10271&&ser=239118" "Mozilla/5.0 (Windows NT 10.0; Win64; x64; rv:134.0) Gecko/20100101 Firefox/134.0"
178.165.186.69 - - [30/Jan/2025:13:13:59 +0100] "GET /gui/javascript/form_form.js?1738239239 HTTP/1.1" 200 16206 "http://hausegger.activities.at/entry.php?id=10271&&ser=239179" "Mozilla/5.0 (Windows NT 10.0; Win64; x64; rv:134.0) Gecko/20100101 Firefox/134.0"
178.165.186.69 - - [30/Jan/2025:13:14:59 +0100] "GET /entry.php?id=10271&&ser=239239 HTTP/1.1" 200 987 "http://hausegger.activities.at/entry.php?id=10271&&ser=239179" "Mozilla/5.0 (Windows NT 10.0; Win64; x64; rv:134.0) Gecko/20100101 Firefox/134.0"
178.165.186.69 - - [30/Jan/2025:13:14:59 +0100] "GET /gui/javascript/form_form.js?1738239299 HTTP/1.1" 200 16206 "http://hausegger.activities.at/entry.php?id=10271&&ser=239239" "Mozilla/5.0 (Windows NT 10.0; Win64; x64; rv:134.0) Gecko/20100101 Firefox/134.0"
178.165.186.69 - - [30/Jan/2025:13:15:59 +0100] "GET /entry.php?id=10271&&ser=239299 HTTP/1.1" 200 987 "http://hausegger.activities.at/entry.php?id=10271&&ser=239239" "Mozilla/5.0 (Windows NT 10.0; Win64; x64; rv:134.0) Gecko/20100101 Firefox/134.0"
178.165.186.69 - - [30/Jan/2025:13:16:00 +0100] "GET /gui/javascript/form_form.js?1738239359 HTTP/1.1" 200 16206 "http://hausegger.activities.at/entry.php?id=10271&&ser=239299" "Mozilla/5.0 (Windows NT 10.0; Win64; x64; rv:134.0) Gecko/20100101 Firefox/134.0"
178.165.186.69 - - [30/Jan/2025:13:17:00 +0100] "GET /entry.php?id=10271&&ser=239359 HTTP/1.1" 200 987 "http://hausegger.activities.at/entry.php?id=10271&&ser=239299" "Mozilla/5.0 (Windows NT 10.0; Win64; x64; rv:134.0) Gecko/20100101 Firefox/134.0"
178.165.186.69 - - [30/Jan/2025:13:17:00 +0100] "GET /gui/javascript/form_form.js?1738239420 HTTP/1.1" 200 16206 "http://hausegger.activities.at/entry.php?id=10271&&ser=239359" "Mozilla/5.0 (Windows NT 10.0; Win64; x64; rv:134.0) Gecko/20100101 Firefox/134.0"
178.165.186.69 - - [30/Jan/2025:13:18:00 +0100] "GET /entry.php?id=10271&&ser=239420 HTTP/1.1" 200 986 "http://hausegger.activities.at/entry.php?id=10271&&ser=239359" "Mozilla/5.0 (Windows NT 10.0; Win64; x64; rv:134.0) Gecko/20100101 Firefox/134.0"
178.165.186.69 - - [30/Jan/2025:13:18:00 +0100] "GET /gui/javascript/form_form.js?1738239480 HTTP/1.1" 200 16206 "http://hausegger.activities.at/entry.php?id=10271&&ser=239420" "Mozilla/5.0 (Windows NT 10.0; Win64; x64; rv:134.0) Gecko/20100101 Firefox/134.0"
178.165.186.69 - - [30/Jan/2025:13:19:00 +0100] "GET /entry.php?id=10271&&ser=239480 HTTP/1.1" 200 987 "http://hausegger.activities.at/entry.php?id=10271&&ser=239420" "Mozilla/5.0 (Windows NT 10.0; Win64; x64; rv:134.0) Gecko/20100101 Firefox/134.0"
178.165.186.69 - - [30/Jan/2025:13:19:00 +0100] "GET /gui/javascript/form_form.js?1738239540 HTTP/1.1" 200 16206 "http://hausegger.activities.at/entry.php?id=10271&&ser=239480" "Mozilla/5.0 (Windows NT 10.0; Win64; x64; rv:134.0) Gecko/20100101 Firefox/134.0"
178.165.186.69 - - [30/Jan/2025:13:20:01 +0100] "GET /entry.php?id=10271&&ser=239540 HTTP/1.1" 200 986 "http://hausegger.activities.at/entry.php?id=10271&&ser=239480" "Mozilla/5.0 (Windows NT 10.0; Win64; x64; rv:134.0) Gecko/20100101 Firefox/134.0"
178.165.186.69 - - [30/Jan/2025:13:20:01 +0100] "GET /gui/javascript/form_form.js?1738239601 HTTP/1.1" 200 16206 "http://hausegger.activities.at/entry.php?id=10271&&ser=239540" "Mozilla/5.0 (Windows NT 10.0; Win64; x64; rv:134.0) Gecko/20100101 Firefox/134.0"
178.165.186.69 - - [30/Jan/2025:13:21:01 +0100] "GET /entry.php?id=10271&&ser=239601 HTTP/1.1" 200 986 "http://hausegger.activities.at/entry.php?id=10271&&ser=239540" "Mozilla/5.0 (Windows NT 10.0; Win64; x64; rv:134.0) Gecko/20100101 Firefox/134.0"
178.165.186.69 - - [30/Jan/2025:13:21:01 +0100] "GET /gui/javascript/form_form.js?1738239661 HTTP/1.1" 200 16206 "http://hausegger.activities.at/entry.php?id=10271&&ser=239601" "Mozilla/5.0 (Windows NT 10.0; Win64; x64; rv:134.0) Gecko/20100101 Firefox/134.0"
156.59.198.136 - - [30/Jan/2025:13:21:24 +0100] "GET /renault.activities.at/htdocs/activities/framework/webfx/javascript/flot/FAQ.md HTTP/1.0" 404 327 "-" "Mozilla/5.0 (Linux; Android 5.0) AppleWebKit/537.36 (KHTML, like Gecko) Mobile Safari/537.36 (compatible; Bytespider; spider-feedback@bytedance.com)"
178.165.186.69 - - [30/Jan/2025:13:22:01 +0100] "GET /entry.php?id=10271&&ser=239661 HTTP/1.1" 200 986 "http://hausegger.activities.at/entry.php?id=10271&&ser=239601" "Mozilla/5.0 (Windows NT 10.0; Win64; x64; rv:134.0) Gecko/20100101 Firefox/134.0"
178.165.186.69 - - [30/Jan/2025:13:22:01 +0100] "GET /gui/javascript/form_form.js?1738239721 HTTP/1.1" 200 16206 "http://hausegger.activities.at/entry.php?id=10271&&ser=239661" "Mozilla/5.0 (Windows NT 10.0; Win64; x64; rv:134.0) Gecko/20100101 Firefox/134.0"
178.165.186.69 - - [30/Jan/2025:13:23:01 +0100] "GET /entry.php?id=10271&&ser=239721 HTTP/1.1" 200 987 "http://hausegger.activities.at/entry.php?id=10271&&ser=239661" "Mozilla/5.0 (Windows NT 10.0; Win64; x64; rv:134.0) Gecko/20100101 Firefox/134.0"
178.165.186.69 - - [30/Jan/2025:13:23:02 +0100] "GET /gui/javascript/form_form.js?1738239782 HTTP/1.1" 200 16206 "http://hausegger.activities.at/entry.php?id=10271&&ser=239721" "Mozilla/5.0 (Windows NT 10.0; Win64; x64; rv:134.0) Gecko/20100101 Firefox/134.0"
178.165.186.69 - - [30/Jan/2025:13:24:02 +0100] "GET /entry.php?id=10271&&ser=239782 HTTP/1.1" 200 987 "http://hausegger.activities.at/entry.php?id=10271&&ser=239721" "Mozilla/5.0 (Windows NT 10.0; Win64; x64; rv:134.0) Gecko/20100101 Firefox/134.0"
178.165.186.69 - - [30/Jan/2025:13:24:02 +0100] "GET /gui/javascript/form_form.js?1738239842 HTTP/1.1" 200 16206 "http://hausegger.activities.at/entry.php?id=10271&&ser=239782" "Mozilla/5.0 (Windows NT 10.0; Win64; x64; rv:134.0) Gecko/20100101 Firefox/134.0"
178.165.186.69 - - [30/Jan/2025:13:25:02 +0100] "GET /entry.php?id=10271&&ser=239842 HTTP/1.1" 200 987 "http://hausegger.activities.at/entry.php?id=10271&&ser=239782" "Mozilla/5.0 (Windows NT 10.0; Win64; x64; rv:134.0) Gecko/20100101 Firefox/134.0"
178.165.186.69 - - [30/Jan/2025:13:25:02 +0100] "GET /gui/javascript/form_form.js?1738239902 HTTP/1.1" 200 16206 "http://hausegger.activities.at/entry.php?id=10271&&ser=239842" "Mozilla/5.0 (Windows NT 10.0; Win64; x64; rv:134.0) Gecko/20100101 Firefox/134.0"
95.214.55.185 - - [30/Jan/2025:13:25:50 +0100] "GET / HTTP/1.1" 200 423 "-" "-"
178.165.186.69 - - [30/Jan/2025:13:26:02 +0100] "GET /entry.php?id=10271&&ser=239902 HTTP/1.1" 200 987 "http://hausegger.activities.at/entry.php?id=10271&&ser=239842" "Mozilla/5.0 (Windows NT 10.0; Win64; x64; rv:134.0) Gecko/20100101 Firefox/134.0"
178.165.186.69 - - [30/Jan/2025:13:26:02 +0100] "GET /gui/javascript/form_form.js?1738239962 HTTP/1.1" 200 16206 "http://hausegger.activities.at/entry.php?id=10271&&ser=239902" "Mozilla/5.0 (Windows NT 10.0; Win64; x64; rv:134.0) Gecko/20100101 Firefox/134.0"
178.165.186.69 - - [30/Jan/2025:13:27:03 +0100] "GET /entry.php?id=10271&&ser=239962 HTTP/1.1" 200 986 "http://hausegger.activities.at/entry.php?id=10271&&ser=239902" "Mozilla/5.0 (Windows NT 10.0; Win64; x64; rv:134.0) Gecko/20100101 Firefox/134.0"
178.165.186.69 - - [30/Jan/2025:13:27:03 +0100] "GET /gui/javascript/form_form.js?1738240023 HTTP/1.1" 200 16206 "http://hausegger.activities.at/entry.php?id=10271&&ser=239962" "Mozilla/5.0 (Windows NT 10.0; Win64; x64; rv:134.0) Gecko/20100101 Firefox/134.0"
178.165.186.69 - - [30/Jan/2025:13:28:03 +0100] "GET /entry.php?id=10271&&ser=240023 HTTP/1.1" 200 987 "http://hausegger.activities.at/entry.php?id=10271&&ser=239962" "Mozilla/5.0 (Windows NT 10.0; Win64; x64; rv:134.0) Gecko/20100101 Firefox/134.0"
178.165.186.69 - - [30/Jan/2025:13:28:03 +0100] "GET /gui/javascript/form_form.js?1738240083 HTTP/1.1" 200 16206 "http://hausegger.activities.at/entry.php?id=10271&&ser=240023" "Mozilla/5.0 (Windows NT 10.0; Win64; x64; rv:134.0) Gecko/20100101 Firefox/134.0"
178.165.186.69 - - [30/Jan/2025:13:29:03 +0100] "GET /entry.php?id=10271&&ser=240083 HTTP/1.1" 200 987 "http://hausegger.activities.at/entry.php?id=10271&&ser=240023" "Mozilla/5.0 (Windows NT 10.0; Win64; x64; rv:134.0) Gecko/20100101 Firefox/134.0"
178.165.186.69 - - [30/Jan/2025:13:29:03 +0100] "GET /gui/javascript/form_form.js?1738240143 HTTP/1.1" 200 16206 "http://hausegger.activities.at/entry.php?id=10271&&ser=240083" "Mozilla/5.0 (Windows NT 10.0; Win64; x64; rv:134.0) Gecko/20100101 Firefox/134.0"
178.165.186.69 - - [30/Jan/2025:13:30:03 +0100] "GET /entry.php?id=10271&&ser=240143 HTTP/1.1" 200 986 "http://hausegger.activities.at/entry.php?id=10271&&ser=240083" "Mozilla/5.0 (Windows NT 10.0; Win64; x64; rv:134.0) Gecko/20100101 Firefox/134.0"
178.165.186.69 - - [30/Jan/2025:13:30:04 +0100] "GET /gui/javascript/form_form.js?1738240204 HTTP/1.1" 200 16206 "http://hausegger.activities.at/entry.php?id=10271&&ser=240143" "Mozilla/5.0 (Windows NT 10.0; Win64; x64; rv:134.0) Gecko/20100101 Firefox/134.0"
178.165.186.69 - - [30/Jan/2025:13:31:04 +0100] "GET /entry.php?id=10271&&ser=240204 HTTP/1.1" 200 987 "http://hausegger.activities.at/entry.php?id=10271&&ser=240143" "Mozilla/5.0 (Windows NT 10.0; Win64; x64; rv:134.0) Gecko/20100101 Firefox/134.0"
178.165.186.69 - - [30/Jan/2025:13:31:04 +0100] "GET /gui/javascript/form_form.js?1738240264 HTTP/1.1" 200 16206 "http://hausegger.activities.at/entry.php?id=10271&&ser=240204" "Mozilla/5.0 (Windows NT 10.0; Win64; x64; rv:134.0) Gecko/20100101 Firefox/134.0"
178.165.186.69 - - [30/Jan/2025:13:32:04 +0100] "GET /entry.php?id=10271&&ser=240264 HTTP/1.1" 200 987 "http://hausegger.activities.at/entry.php?id=10271&&ser=240204" "Mozilla/5.0 (Windows NT 10.0; Win64; x64; rv:134.0) Gecko/20100101 Firefox/134.0"
178.165.186.69 - - [30/Jan/2025:13:32:04 +0100] "GET /gui/javascript/form_form.js?1738240324 HTTP/1.1" 200 16206 "http://hausegger.activities.at/entry.php?id=10271&&ser=240264" "Mozilla/5.0 (Windows NT 10.0; Win64; x64; rv:134.0) Gecko/20100101 Firefox/134.0"
178.165.186.69 - - [30/Jan/2025:13:33:04 +0100] "GET /entry.php?id=10271&&ser=240324 HTTP/1.1" 200 987 "http://hausegger.activities.at/entry.php?id=10271&&ser=240264" "Mozilla/5.0 (Windows NT 10.0; Win64; x64; rv:134.0) Gecko/20100101 Firefox/134.0"
178.165.186.69 - - [30/Jan/2025:13:33:04 +0100] "GET /gui/javascript/form_form.js?1738240384 HTTP/1.1" 200 16206 "http://hausegger.activities.at/entry.php?id=10271&&ser=240324" "Mozilla/5.0 (Windows NT 10.0; Win64; x64; rv:134.0) Gecko/20100101 Firefox/134.0"
178.165.186.69 - - [30/Jan/2025:13:34:05 +0100] "GET /entry.php?id=10271&&ser=240384 HTTP/1.1" 200 987 "http://hausegger.activities.at/entry.php?id=10271&&ser=240324" "Mozilla/5.0 (Windows NT 10.0; Win64; x64; rv:134.0) Gecko/20100101 Firefox/134.0"
178.165.186.69 - - [30/Jan/2025:13:34:05 +0100] "GET /gui/javascript/form_form.js?1738240445 HTTP/1.1" 200 16206 "http://hausegger.activities.at/entry.php?id=10271&&ser=240384" "Mozilla/5.0 (Windows NT 10.0; Win64; x64; rv:134.0) Gecko/20100101 Firefox/134.0"
178.165.186.69 - - [30/Jan/2025:13:35:05 +0100] "GET /entry.php?id=10271&&ser=240445 HTTP/1.1" 200 987 "http://hausegger.activities.at/entry.php?id=10271&&ser=240384" "Mozilla/5.0 (Windows NT 10.0; Win64; x64; rv:134.0) Gecko/20100101 Firefox/134.0"
178.165.186.69 - - [30/Jan/2025:13:35:05 +0100] "GET /gui/javascript/form_form.js?1738240505 HTTP/1.1" 200 16206 "http://hausegger.activities.at/entry.php?id=10271&&ser=240445" "Mozilla/5.0 (Windows NT 10.0; Win64; x64; rv:134.0) Gecko/20100101 Firefox/134.0"
156.59.198.135 - - [30/Jan/2025:13:35:56 +0100] "GET /renault.activities.at/htdocs/pinEdit/editor/help/userhelp-Dateien/image139.jpg HTTP/1.0" 404 328 "-" "Mozilla/5.0 (Linux; Android 5.0) AppleWebKit/537.36 (KHTML, like Gecko) Mobile Safari/537.36 (compatible; Bytespider; spider-feedback@bytedance.com)"
178.165.186.69 - - [30/Jan/2025:13:36:05 +0100] "GET /entry.php?id=10271&&ser=240505 HTTP/1.1" 200 988 "http://hausegger.activities.at/entry.php?id=10271&&ser=240445" "Mozilla/5.0 (Windows NT 10.0; Win64; x64; rv:134.0) Gecko/20100101 Firefox/134.0"
178.165.186.69 - - [30/Jan/2025:13:36:05 +0100] "GET /gui/javascript/form_form.js?1738240565 HTTP/1.1" 200 16206 "http://hausegger.activities.at/entry.php?id=10271&&ser=240505" "Mozilla/5.0 (Windows NT 10.0; Win64; x64; rv:134.0) Gecko/20100101 Firefox/134.0"
178.165.186.69 - - [30/Jan/2025:13:37:06 +0100] "GET /entry.php?id=10271&&ser=240565 HTTP/1.1" 200 987 "http://hausegger.activities.at/entry.php?id=10271&&ser=240505" "Mozilla/5.0 (Windows NT 10.0; Win64; x64; rv:134.0) Gecko/20100101 Firefox/134.0"
178.165.186.69 - - [30/Jan/2025:13:37:06 +0100] "GET /gui/javascript/form_form.js?1738240626 HTTP/1.1" 200 16206 "http://hausegger.activities.at/entry.php?id=10271&&ser=240565" "Mozilla/5.0 (Windows NT 10.0; Win64; x64; rv:134.0) Gecko/20100101 Firefox/134.0"
178.165.186.69 - - [30/Jan/2025:13:38:06 +0100] "GET /entry.php?id=10271&&ser=240626 HTTP/1.1" 200 987 "http://hausegger.activities.at/entry.php?id=10271&&ser=240565" "Mozilla/5.0 (Windows NT 10.0; Win64; x64; rv:134.0) Gecko/20100101 Firefox/134.0"
178.165.186.69 - - [30/Jan/2025:13:38:06 +0100] "GET /gui/javascript/form_form.js?1738240686 HTTP/1.1" 200 16206 "http://hausegger.activities.at/entry.php?id=10271&&ser=240626" "Mozilla/5.0 (Windows NT 10.0; Win64; x64; rv:134.0) Gecko/20100101 Firefox/134.0"
178.165.186.69 - - [30/Jan/2025:13:39:06 +0100] "GET /entry.php?id=10271&&ser=240686 HTTP/1.1" 200 987 "http://hausegger.activities.at/entry.php?id=10271&&ser=240626" "Mozilla/5.0 (Windows NT 10.0; Win64; x64; rv:134.0) Gecko/20100101 Firefox/134.0"
178.165.186.69 - - [30/Jan/2025:13:39:06 +0100] "GET /gui/javascript/form_form.js?1738240746 HTTP/1.1" 200 16206 "http://hausegger.activities.at/entry.php?id=10271&&ser=240686" "Mozilla/5.0 (Windows NT 10.0; Win64; x64; rv:134.0) Gecko/20100101 Firefox/134.0"
178.165.186.69 - - [30/Jan/2025:13:40:07 +0100] "GET /entry.php?id=10271&&ser=240746 HTTP/1.1" 200 987 "http://hausegger.activities.at/entry.php?id=10271&&ser=240686" "Mozilla/5.0 (Windows NT 10.0; Win64; x64; rv:134.0) Gecko/20100101 Firefox/134.0"
178.165.186.69 - - [30/Jan/2025:13:40:07 +0100] "GET /gui/javascript/form_form.js?1738240807 HTTP/1.1" 200 16206 "http://hausegger.activities.at/entry.php?id=10271&&ser=240746" "Mozilla/5.0 (Windows NT 10.0; Win64; x64; rv:134.0) Gecko/20100101 Firefox/134.0"
178.165.186.69 - - [30/Jan/2025:13:41:07 +0100] "GET /entry.php?id=10271&&ser=240807 HTTP/1.1" 200 987 "http://hausegger.activities.at/entry.php?id=10271&&ser=240746" "Mozilla/5.0 (Windows NT 10.0; Win64; x64; rv:134.0) Gecko/20100101 Firefox/134.0"
178.165.186.69 - - [30/Jan/2025:13:41:07 +0100] "GET /gui/javascript/form_form.js?1738240867 HTTP/1.1" 200 16206 "http://hausegger.activities.at/entry.php?id=10271&&ser=240807" "Mozilla/5.0 (Windows NT 10.0; Win64; x64; rv:134.0) Gecko/20100101 Firefox/134.0"
178.165.186.69 - - [30/Jan/2025:13:42:07 +0100] "GET /entry.php?id=10271&&ser=240867 HTTP/1.1" 200 987 "http://hausegger.activities.at/entry.php?id=10271&&ser=240807" "Mozilla/5.0 (Windows NT 10.0; Win64; x64; rv:134.0) Gecko/20100101 Firefox/134.0"
178.165.186.69 - - [30/Jan/2025:13:42:07 +0100] "GET /gui/javascript/form_form.js?1738240927 HTTP/1.1" 200 16206 "http://hausegger.activities.at/entry.php?id=10271&&ser=240867" "Mozilla/5.0 (Windows NT 10.0; Win64; x64; rv:134.0) Gecko/20100101 Firefox/134.0"
178.165.186.69 - - [30/Jan/2025:13:43:07 +0100] "GET /entry.php?id=10271&&ser=240927 HTTP/1.1" 200 987 "http://hausegger.activities.at/entry.php?id=10271&&ser=240867" "Mozilla/5.0 (Windows NT 10.0; Win64; x64; rv:134.0) Gecko/20100101 Firefox/134.0"
178.165.186.69 - - [30/Jan/2025:13:43:08 +0100] "GET /gui/javascript/form_form.js?1738240988 HTTP/1.1" 200 16206 "http://hausegger.activities.at/entry.php?id=10271&&ser=240927" "Mozilla/5.0 (Windows NT 10.0; Win64; x64; rv:134.0) Gecko/20100101 Firefox/134.0"
178.165.186.69 - - [30/Jan/2025:13:44:08 +0100] "GET /entry.php?id=10271&&ser=240988 HTTP/1.1" 200 987 "http://hausegger.activities.at/entry.php?id=10271&&ser=240927" "Mozilla/5.0 (Windows NT 10.0; Win64; x64; rv:134.0) Gecko/20100101 Firefox/134.0"
178.165.186.69 - - [30/Jan/2025:13:44:08 +0100] "GET /gui/javascript/form_form.js?1738241048 HTTP/1.1" 200 16206 "http://hausegger.activities.at/entry.php?id=10271&&ser=240988" "Mozilla/5.0 (Windows NT 10.0; Win64; x64; rv:134.0) Gecko/20100101 Firefox/134.0"
178.165.186.69 - - [30/Jan/2025:13:45:08 +0100] "GET /entry.php?id=10271&&ser=241048 HTTP/1.1" 200 987 "http://hausegger.activities.at/entry.php?id=10271&&ser=240988" "Mozilla/5.0 (Windows NT 10.0; Win64; x64; rv:134.0) Gecko/20100101 Firefox/134.0"
178.165.186.69 - - [30/Jan/2025:13:45:08 +0100] "GET /gui/javascript/form_form.js?1738241108 HTTP/1.1" 200 16206 "http://hausegger.activities.at/entry.php?id=10271&&ser=241048" "Mozilla/5.0 (Windows NT 10.0; Win64; x64; rv:134.0) Gecko/20100101 Firefox/134.0"
178.165.186.69 - - [30/Jan/2025:13:46:08 +0100] "GET /entry.php?id=10271&&ser=241108 HTTP/1.1" 200 986 "http://hausegger.activities.at/entry.php?id=10271&&ser=241048" "Mozilla/5.0 (Windows NT 10.0; Win64; x64; rv:134.0) Gecko/20100101 Firefox/134.0"
178.165.186.69 - - [30/Jan/2025:13:46:09 +0100] "GET /gui/javascript/form_form.js?1738241168 HTTP/1.1" 200 16206 "http://hausegger.activities.at/entry.php?id=10271&&ser=241108" "Mozilla/5.0 (Windows NT 10.0; Win64; x64; rv:134.0) Gecko/20100101 Firefox/134.0"
178.165.186.69 - - [30/Jan/2025:13:47:09 +0100] "GET /entry.php?id=10271&&ser=241168 HTTP/1.1" 200 987 "http://hausegger.activities.at/entry.php?id=10271&&ser=241108" "Mozilla/5.0 (Windows NT 10.0; Win64; x64; rv:134.0) Gecko/20100101 Firefox/134.0"
178.165.186.69 - - [30/Jan/2025:13:47:09 +0100] "GET /gui/javascript/form_form.js?1738241229 HTTP/1.1" 200 16206 "http://hausegger.activities.at/entry.php?id=10271&&ser=241168" "Mozilla/5.0 (Windows NT 10.0; Win64; x64; rv:134.0) Gecko/20100101 Firefox/134.0"
156.59.198.136 - - [30/Jan/2025:13:47:12 +0100] "GET /renault.activities.at/htdocs/binaries/renault-/rs-129-fr.doc HTTP/1.0" 404 313 "-" "Mozilla/5.0 (Linux; Android 5.0) AppleWebKit/537.36 (KHTML, like Gecko) Mobile Safari/537.36 (compatible; Bytespider; spider-feedback@bytedance.com)"
178.165.186.69 - - [30/Jan/2025:13:48:09 +0100] "GET /entry.php?id=10271&&ser=241229 HTTP/1.1" 200 987 "http://hausegger.activities.at/entry.php?id=10271&&ser=241168" "Mozilla/5.0 (Windows NT 10.0; Win64; x64; rv:134.0) Gecko/20100101 Firefox/134.0"
178.165.186.69 - - [30/Jan/2025:13:48:09 +0100] "GET /gui/javascript/form_form.js?1738241289 HTTP/1.1" 200 16206 "http://hausegger.activities.at/entry.php?id=10271&&ser=241229" "Mozilla/5.0 (Windows NT 10.0; Win64; x64; rv:134.0) Gecko/20100101 Firefox/134.0"
178.165.186.69 - - [30/Jan/2025:13:49:09 +0100] "GET /entry.php?id=10271&&ser=241289 HTTP/1.1" 200 987 "http://hausegger.activities.at/entry.php?id=10271&&ser=241229" "Mozilla/5.0 (Windows NT 10.0; Win64; x64; rv:134.0) Gecko/20100101 Firefox/134.0"
178.165.186.69 - - [30/Jan/2025:13:49:09 +0100] "GET /gui/javascript/form_form.js?1738241349 HTTP/1.1" 200 16206 "http://hausegger.activities.at/entry.php?id=10271&&ser=241289" "Mozilla/5.0 (Windows NT 10.0; Win64; x64; rv:134.0) Gecko/20100101 Firefox/134.0"
178.165.186.69 - - [30/Jan/2025:13:50:11 +0100] "GET /entry.php?id=10271&&ser=241349 HTTP/1.1" 200 986 "http://hausegger.activities.at/entry.php?id=10271&&ser=241289" "Mozilla/5.0 (Windows NT 10.0; Win64; x64; rv:134.0) Gecko/20100101 Firefox/134.0"
178.165.186.69 - - [30/Jan/2025:13:50:11 +0100] "GET /gui/javascript/form_form.js?1738241411 HTTP/1.1" 200 16206 "http://hausegger.activities.at/entry.php?id=10271&&ser=241349" "Mozilla/5.0 (Windows NT 10.0; Win64; x64; rv:134.0) Gecko/20100101 Firefox/134.0"
178.165.186.69 - - [30/Jan/2025:13:51:11 +0100] "GET /entry.php?id=10271&&ser=241411 HTTP/1.1" 200 987 "http://hausegger.activities.at/entry.php?id=10271&&ser=241349" "Mozilla/5.0 (Windows NT 10.0; Win64; x64; rv:134.0) Gecko/20100101 Firefox/134.0"
178.165.186.69 - - [30/Jan/2025:13:51:11 +0100] "GET /gui/javascript/form_form.js?1738241471 HTTP/1.1" 200 16206 "http://hausegger.activities.at/entry.php?id=10271&&ser=241411" "Mozilla/5.0 (Windows NT 10.0; Win64; x64; rv:134.0) Gecko/20100101 Firefox/134.0"
178.165.186.69 - - [30/Jan/2025:13:52:11 +0100] "GET /entry.php?id=10271&&ser=241471 HTTP/1.1" 200 986 "http://hausegger.activities.at/entry.php?id=10271&&ser=241411" "Mozilla/5.0 (Windows NT 10.0; Win64; x64; rv:134.0) Gecko/20100101 Firefox/134.0"
178.165.186.69 - - [30/Jan/2025:13:52:11 +0100] "GET /gui/javascript/form_form.js?1738241531 HTTP/1.1" 200 16206 "http://hausegger.activities.at/entry.php?id=10271&&ser=241471" "Mozilla/5.0 (Windows NT 10.0; Win64; x64; rv:134.0) Gecko/20100101 Firefox/134.0"
95.214.55.43 - - [30/Jan/2025:13:52:33 +0100] "GET / HTTP/1.1" 200 274 "-" "Mozilla/5.0 (Windows NT 10.0; Win64; x64) AppleWebKit/537.36 (KHTML, like Gecko) Chrome/90.0.4430.85 Safari/537.36 Edg/90.0.818.46"
178.165.186.69 - - [30/Jan/2025:13:53:11 +0100] "GET /entry.php?id=10271&&ser=241531 HTTP/1.1" 200 987 "http://hausegger.activities.at/entry.php?id=10271&&ser=241471" "Mozilla/5.0 (Windows NT 10.0; Win64; x64; rv:134.0) Gecko/20100101 Firefox/134.0"
178.165.186.69 - - [30/Jan/2025:13:53:12 +0100] "GET /gui/javascript/form_form.js?1738241592 HTTP/1.1" 200 16206 "http://hausegger.activities.at/entry.php?id=10271&&ser=241531" "Mozilla/5.0 (Windows NT 10.0; Win64; x64; rv:134.0) Gecko/20100101 Firefox/134.0"
178.165.186.69 - - [30/Jan/2025:13:54:12 +0100] "GET /entry.php?id=10271&&ser=241592 HTTP/1.1" 200 987 "http://hausegger.activities.at/entry.php?id=10271&&ser=241531" "Mozilla/5.0 (Windows NT 10.0; Win64; x64; rv:134.0) Gecko/20100101 Firefox/134.0"
178.165.186.69 - - [30/Jan/2025:13:54:12 +0100] "GET /gui/javascript/form_form.js?1738241652 HTTP/1.1" 200 16206 "http://hausegger.activities.at/entry.php?id=10271&&ser=241592" "Mozilla/5.0 (Windows NT 10.0; Win64; x64; rv:134.0) Gecko/20100101 Firefox/134.0"
178.165.186.69 - - [30/Jan/2025:13:55:12 +0100] "GET /entry.php?id=10271&&ser=241652 HTTP/1.1" 200 987 "http://hausegger.activities.at/entry.php?id=10271&&ser=241592" "Mozilla/5.0 (Windows NT 10.0; Win64; x64; rv:134.0) Gecko/20100101 Firefox/134.0"
178.165.186.69 - - [30/Jan/2025:13:55:12 +0100] "GET /gui/javascript/form_form.js?1738241712 HTTP/1.1" 200 16206 "http://hausegger.activities.at/entry.php?id=10271&&ser=241652" "Mozilla/5.0 (Windows NT 10.0; Win64; x64; rv:134.0) Gecko/20100101 Firefox/134.0"
178.165.186.69 - - [30/Jan/2025:13:56:12 +0100] "GET /entry.php?id=10271&&ser=241712 HTTP/1.1" 200 987 "http://hausegger.activities.at/entry.php?id=10271&&ser=241652" "Mozilla/5.0 (Windows NT 10.0; Win64; x64; rv:134.0) Gecko/20100101 Firefox/134.0"
178.165.186.69 - - [30/Jan/2025:13:56:12 +0100] "GET /gui/javascript/form_form.js?1738241772 HTTP/1.1" 200 16206 "http://hausegger.activities.at/entry.php?id=10271&&ser=241712" "Mozilla/5.0 (Windows NT 10.0; Win64; x64; rv:134.0) Gecko/20100101 Firefox/134.0"
156.59.198.136 - - [30/Jan/2025:13:56:30 +0100] "GET /renault.activities.at/htdocs/binaries/renault-/rs-155-fr.doc HTTP/1.0" 404 313 "-" "Mozilla/5.0 (Linux; Android 5.0) AppleWebKit/537.36 (KHTML, like Gecko) Mobile Safari/537.36 (compatible; Bytespider; spider-feedback@bytedance.com)"
178.165.186.69 - - [30/Jan/2025:13:57:13 +0100] "GET /entry.php?id=10271&&ser=241772 HTTP/1.1" 200 987 "http://hausegger.activities.at/entry.php?id=10271&&ser=241712" "Mozilla/5.0 (Windows NT 10.0; Win64; x64; rv:134.0) Gecko/20100101 Firefox/134.0"
178.165.186.69 - - [30/Jan/2025:13:57:13 +0100] "GET /gui/javascript/form_form.js?1738241833 HTTP/1.1" 200 16206 "http://hausegger.activities.at/entry.php?id=10271&&ser=241772" "Mozilla/5.0 (Windows NT 10.0; Win64; x64; rv:134.0) Gecko/20100101 Firefox/134.0"
178.165.186.69 - - [30/Jan/2025:13:58:13 +0100] "GET /entry.php?id=10271&&ser=241833 HTTP/1.1" 200 987 "http://hausegger.activities.at/entry.php?id=10271&&ser=241772" "Mozilla/5.0 (Windows NT 10.0; Win64; x64; rv:134.0) Gecko/20100101 Firefox/134.0"
178.165.186.69 - - [30/Jan/2025:13:58:13 +0100] "GET /gui/javascript/form_form.js?1738241893 HTTP/1.1" 200 16206 "http://hausegger.activities.at/entry.php?id=10271&&ser=241833" "Mozilla/5.0 (Windows NT 10.0; Win64; x64; rv:134.0) Gecko/20100101 Firefox/134.0"
178.165.186.69 - - [30/Jan/2025:13:59:13 +0100] "GET /entry.php?id=10271&&ser=241893 HTTP/1.1" 200 987 "http://hausegger.activities.at/entry.php?id=10271&&ser=241833" "Mozilla/5.0 (Windows NT 10.0; Win64; x64; rv:134.0) Gecko/20100101 Firefox/134.0"
178.165.186.69 - - [30/Jan/2025:13:59:13 +0100] "GET /gui/javascript/form_form.js?1738241953 HTTP/1.1" 200 16206 "http://hausegger.activities.at/entry.php?id=10271&&ser=241893" "Mozilla/5.0 (Windows NT 10.0; Win64; x64; rv:134.0) Gecko/20100101 Firefox/134.0"
178.165.186.69 - - [30/Jan/2025:14:00:14 +0100] "GET /entry.php?id=10271&&ser=241953 HTTP/1.1" 200 987 "http://hausegger.activities.at/entry.php?id=10271&&ser=241893" "Mozilla/5.0 (Windows NT 10.0; Win64; x64; rv:134.0) Gecko/20100101 Firefox/134.0"
178.165.186.69 - - [30/Jan/2025:14:00:14 +0100] "GET /gui/javascript/form_form.js?1738242014 HTTP/1.1" 200 16206 "http://hausegger.activities.at/entry.php?id=10271&&ser=241953" "Mozilla/5.0 (Windows NT 10.0; Win64; x64; rv:134.0) Gecko/20100101 Firefox/134.0"
156.59.198.135 - - [30/Jan/2025:14:00:31 +0100] "GET /renault.2web.at/htdocs/binaries/10197031.doc HTTP/1.0" 404 307 "-" "Mozilla/5.0 (Linux; Android 5.0) AppleWebKit/537.36 (KHTML, like Gecko) Mobile Safari/537.36 (compatible; Bytespider; spider-feedback@bytedance.com)"
193.200.78.24 - - [30/Jan/2025:14:00:59 +0100] "GET / HTTP/1.1" 200 423 "-" "-"
178.165.186.69 - - [30/Jan/2025:14:01:14 +0100] "GET /entry.php?id=10271&&ser=242014 HTTP/1.1" 200 987 "http://hausegger.activities.at/entry.php?id=10271&&ser=241953" "Mozilla/5.0 (Windows NT 10.0; Win64; x64; rv:134.0) Gecko/20100101 Firefox/134.0"
178.165.186.69 - - [30/Jan/2025:14:01:14 +0100] "GET /gui/javascript/form_form.js?1738242074 HTTP/1.1" 200 16206 "http://hausegger.activities.at/entry.php?id=10271&&ser=242014" "Mozilla/5.0 (Windows NT 10.0; Win64; x64; rv:134.0) Gecko/20100101 Firefox/134.0"
178.165.186.69 - - [30/Jan/2025:14:02:14 +0100] "GET /entry.php?id=10271&&ser=242074 HTTP/1.1" 200 987 "http://hausegger.activities.at/entry.php?id=10271&&ser=242014" "Mozilla/5.0 (Windows NT 10.0; Win64; x64; rv:134.0) Gecko/20100101 Firefox/134.0"
178.165.186.69 - - [30/Jan/2025:14:02:14 +0100] "GET /gui/javascript/form_form.js?1738242134 HTTP/1.1" 200 16206 "http://hausegger.activities.at/entry.php?id=10271&&ser=242074" "Mozilla/5.0 (Windows NT 10.0; Win64; x64; rv:134.0) Gecko/20100101 Firefox/134.0"
178.165.186.69 - - [30/Jan/2025:14:03:14 +0100] "GET /entry.php?id=10271&&ser=242134 HTTP/1.1" 200 986 "http://hausegger.activities.at/entry.php?id=10271&&ser=242074" "Mozilla/5.0 (Windows NT 10.0; Win64; x64; rv:134.0) Gecko/20100101 Firefox/134.0"
178.165.186.69 - - [30/Jan/2025:14:03:15 +0100] "GET /gui/javascript/form_form.js?1738242194 HTTP/1.1" 200 16206 "http://hausegger.activities.at/entry.php?id=10271&&ser=242134" "Mozilla/5.0 (Windows NT 10.0; Win64; x64; rv:134.0) Gecko/20100101 Firefox/134.0"
178.165.186.69 - - [30/Jan/2025:14:04:15 +0100] "GET /entry.php?id=10271&&ser=242194 HTTP/1.1" 200 987 "http://hausegger.activities.at/entry.php?id=10271&&ser=242134" "Mozilla/5.0 (Windows NT 10.0; Win64; x64; rv:134.0) Gecko/20100101 Firefox/134.0"
178.165.186.69 - - [30/Jan/2025:14:04:15 +0100] "GET /gui/javascript/form_form.js?1738242255 HTTP/1.1" 200 16206 "http://hausegger.activities.at/entry.php?id=10271&&ser=242194" "Mozilla/5.0 (Windows NT 10.0; Win64; x64; rv:134.0) Gecko/20100101 Firefox/134.0"
178.165.186.69 - - [30/Jan/2025:14:05:15 +0100] "GET /entry.php?id=10271&&ser=242255 HTTP/1.1" 200 987 "http://hausegger.activities.at/entry.php?id=10271&&ser=242194" "Mozilla/5.0 (Windows NT 10.0; Win64; x64; rv:134.0) Gecko/20100101 Firefox/134.0"
178.165.186.69 - - [30/Jan/2025:14:05:15 +0100] "GET /gui/javascript/form_form.js?1738242315 HTTP/1.1" 200 16206 "http://hausegger.activities.at/entry.php?id=10271&&ser=242255" "Mozilla/5.0 (Windows NT 10.0; Win64; x64; rv:134.0) Gecko/20100101 Firefox/134.0"
178.165.186.69 - - [30/Jan/2025:14:06:15 +0100] "GET /entry.php?id=10271&&ser=242315 HTTP/1.1" 200 987 "http://hausegger.activities.at/entry.php?id=10271&&ser=242255" "Mozilla/5.0 (Windows NT 10.0; Win64; x64; rv:134.0) Gecko/20100101 Firefox/134.0"
178.165.186.69 - - [30/Jan/2025:14:06:15 +0100] "GET /gui/javascript/form_form.js?1738242375 HTTP/1.1" 200 16206 "http://hausegger.activities.at/entry.php?id=10271&&ser=242315" "Mozilla/5.0 (Windows NT 10.0; Win64; x64; rv:134.0) Gecko/20100101 Firefox/134.0"
178.165.186.69 - - [30/Jan/2025:14:07:16 +0100] "GET /entry.php?id=10271&&ser=242375 HTTP/1.1" 200 987 "http://hausegger.activities.at/entry.php?id=10271&&ser=242315" "Mozilla/5.0 (Windows NT 10.0; Win64; x64; rv:134.0) Gecko/20100101 Firefox/134.0"
178.165.186.69 - - [30/Jan/2025:14:07:16 +0100] "GET /gui/javascript/form_form.js?1738242436 HTTP/1.1" 200 16206 "http://hausegger.activities.at/entry.php?id=10271&&ser=242375" "Mozilla/5.0 (Windows NT 10.0; Win64; x64; rv:134.0) Gecko/20100101 Firefox/134.0"
178.165.186.69 - - [30/Jan/2025:14:08:16 +0100] "GET /entry.php?id=10271&&ser=242436 HTTP/1.1" 200 987 "http://hausegger.activities.at/entry.php?id=10271&&ser=242375" "Mozilla/5.0 (Windows NT 10.0; Win64; x64; rv:134.0) Gecko/20100101 Firefox/134.0"
178.165.186.69 - - [30/Jan/2025:14:08:16 +0100] "GET /gui/javascript/form_form.js?1738242496 HTTP/1.1" 200 16206 "http://hausegger.activities.at/entry.php?id=10271&&ser=242436" "Mozilla/5.0 (Windows NT 10.0; Win64; x64; rv:134.0) Gecko/20100101 Firefox/134.0"
178.165.186.69 - - [30/Jan/2025:14:09:16 +0100] "GET /entry.php?id=10271&&ser=242496 HTTP/1.1" 200 988 "http://hausegger.activities.at/entry.php?id=10271&&ser=242436" "Mozilla/5.0 (Windows NT 10.0; Win64; x64; rv:134.0) Gecko/20100101 Firefox/134.0"
178.165.186.69 - - [30/Jan/2025:14:09:16 +0100] "GET /gui/javascript/form_form.js?1738242556 HTTP/1.1" 200 16206 "http://hausegger.activities.at/entry.php?id=10271&&ser=242496" "Mozilla/5.0 (Windows NT 10.0; Win64; x64; rv:134.0) Gecko/20100101 Firefox/134.0"
178.165.186.69 - - [30/Jan/2025:14:10:16 +0100] "GET /entry.php?id=10271&&ser=242556 HTTP/1.1" 200 987 "http://hausegger.activities.at/entry.php?id=10271&&ser=242496" "Mozilla/5.0 (Windows NT 10.0; Win64; x64; rv:134.0) Gecko/20100101 Firefox/134.0"
178.165.186.69 - - [30/Jan/2025:14:10:17 +0100] "GET /gui/javascript/form_form.js?1738242617 HTTP/1.1" 200 16206 "http://hausegger.activities.at/entry.php?id=10271&&ser=242556" "Mozilla/5.0 (Windows NT 10.0; Win64; x64; rv:134.0) Gecko/20100101 Firefox/134.0"
178.165.186.69 - - [30/Jan/2025:14:11:17 +0100] "GET /entry.php?id=10271&&ser=242617 HTTP/1.1" 200 987 "http://hausegger.activities.at/entry.php?id=10271&&ser=242556" "Mozilla/5.0 (Windows NT 10.0; Win64; x64; rv:134.0) Gecko/20100101 Firefox/134.0"
178.165.186.69 - - [30/Jan/2025:14:11:17 +0100] "GET /gui/javascript/form_form.js?1738242677 HTTP/1.1" 200 16206 "http://hausegger.activities.at/entry.php?id=10271&&ser=242617" "Mozilla/5.0 (Windows NT 10.0; Win64; x64; rv:134.0) Gecko/20100101 Firefox/134.0"
178.165.186.69 - - [30/Jan/2025:14:12:17 +0100] "GET /entry.php?id=10271&&ser=242677 HTTP/1.1" 200 987 "http://hausegger.activities.at/entry.php?id=10271&&ser=242617" "Mozilla/5.0 (Windows NT 10.0; Win64; x64; rv:134.0) Gecko/20100101 Firefox/134.0"
178.165.186.69 - - [30/Jan/2025:14:12:17 +0100] "GET /gui/javascript/form_form.js?1738242737 HTTP/1.1" 200 16206 "http://hausegger.activities.at/entry.php?id=10271&&ser=242677" "Mozilla/5.0 (Windows NT 10.0; Win64; x64; rv:134.0) Gecko/20100101 Firefox/134.0"
178.165.186.69 - - [30/Jan/2025:14:13:17 +0100] "GET /entry.php?id=10271&&ser=242737 HTTP/1.1" 200 987 "http://hausegger.activities.at/entry.php?id=10271&&ser=242677" "Mozilla/5.0 (Windows NT 10.0; Win64; x64; rv:134.0) Gecko/20100101 Firefox/134.0"
178.165.186.69 - - [30/Jan/2025:14:13:17 +0100] "GET /gui/javascript/form_form.js?1738242797 HTTP/1.1" 200 16206 "http://hausegger.activities.at/entry.php?id=10271&&ser=242737" "Mozilla/5.0 (Windows NT 10.0; Win64; x64; rv:134.0) Gecko/20100101 Firefox/134.0"
141.255.166.90 - - [30/Jan/2025:14:14:10 +0100] "GET / HTTP/1.1" 200 423 "-" "-"
178.165.186.69 - - [30/Jan/2025:14:14:18 +0100] "GET /entry.php?id=10271&&ser=242797 HTTP/1.1" 200 987 "http://hausegger.activities.at/entry.php?id=10271&&ser=242737" "Mozilla/5.0 (Windows NT 10.0; Win64; x64; rv:134.0) Gecko/20100101 Firefox/134.0"
178.165.186.69 - - [30/Jan/2025:14:14:18 +0100] "GET /gui/javascript/form_form.js?1738242858 HTTP/1.1" 200 16206 "http://hausegger.activities.at/entry.php?id=10271&&ser=242797" "Mozilla/5.0 (Windows NT 10.0; Win64; x64; rv:134.0) Gecko/20100101 Firefox/134.0"
178.165.186.69 - - [30/Jan/2025:14:15:18 +0100] "GET /entry.php?id=10271&&ser=242858 HTTP/1.1" 200 987 "http://hausegger.activities.at/entry.php?id=10271&&ser=242797" "Mozilla/5.0 (Windows NT 10.0; Win64; x64; rv:134.0) Gecko/20100101 Firefox/134.0"
178.165.186.69 - - [30/Jan/2025:14:15:18 +0100] "GET /gui/javascript/form_form.js?1738242918 HTTP/1.1" 200 16206 "http://hausegger.activities.at/entry.php?id=10271&&ser=242858" "Mozilla/5.0 (Windows NT 10.0; Win64; x64; rv:134.0) Gecko/20100101 Firefox/134.0"
18.217.155.189 - - [30/Jan/2025:14:15:20 +0100] "GET / HTTP/1.1" 200 274 "-" "Mozilla/5.0 (Macintosh; Intel Mac OS X 10_15_7) Chrome/126.0.0.0 Safari/537.36"
18.217.155.189 - - [30/Jan/2025:14:15:37 +0100] "GET / HTTP/1.1" 200 274 "-" "Mozilla/5.0 (Macintosh; Intel Mac OS X 10_15_7) Chrome/126.0.0.0 Safari/537.36"
178.165.186.69 - - [30/Jan/2025:14:16:18 +0100] "GET /entry.php?id=10271&&ser=242918 HTTP/1.1" 200 987 "http://hausegger.activities.at/entry.php?id=10271&&ser=242858" "Mozilla/5.0 (Windows NT 10.0; Win64; x64; rv:134.0) Gecko/20100101 Firefox/134.0"
178.165.186.69 - - [30/Jan/2025:14:16:18 +0100] "GET /gui/javascript/form_form.js?1738242978 HTTP/1.1" 200 16206 "http://hausegger.activities.at/entry.php?id=10271&&ser=242918" "Mozilla/5.0 (Windows NT 10.0; Win64; x64; rv:134.0) Gecko/20100101 Firefox/134.0"
156.59.198.136 - - [30/Jan/2025:14:16:32 +0100] "GET /renault.activities.at/htdocs/activities/framework/webfx/javascript/tinymce/skins/lightgray/fonts/readme.md HTTP/1.0" 404 346 "-" "Mozilla/5.0 (Linux; Android 5.0) AppleWebKit/537.36 (KHTML, like Gecko) Mobile Safari/537.36 (compatible; Bytespider; spider-feedback@bytedance.com)"
18.217.155.189 - - [30/Jan/2025:14:16:36 +0100] "\x16\x03\x01" 400 383 "-" "-"
178.165.186.69 - - [30/Jan/2025:14:17:19 +0100] "GET /entry.php?id=10271&&ser=242978 HTTP/1.1" 200 987 "http://hausegger.activities.at/entry.php?id=10271&&ser=242918" "Mozilla/5.0 (Windows NT 10.0; Win64; x64; rv:134.0) Gecko/20100101 Firefox/134.0"
178.165.186.69 - - [30/Jan/2025:14:17:19 +0100] "GET /gui/javascript/form_form.js?1738243039 HTTP/1.1" 200 16206 "http://hausegger.activities.at/entry.php?id=10271&&ser=242978" "Mozilla/5.0 (Windows NT 10.0; Win64; x64; rv:134.0) Gecko/20100101 Firefox/134.0"
178.165.186.69 - - [30/Jan/2025:14:18:19 +0100] "GET /entry.php?id=10271&&ser=243039 HTTP/1.1" 200 987 "http://hausegger.activities.at/entry.php?id=10271&&ser=242978" "Mozilla/5.0 (Windows NT 10.0; Win64; x64; rv:134.0) Gecko/20100101 Firefox/134.0"
178.165.186.69 - - [30/Jan/2025:14:18:19 +0100] "GET /gui/javascript/form_form.js?1738243099 HTTP/1.1" 200 16206 "http://hausegger.activities.at/entry.php?id=10271&&ser=243039" "Mozilla/5.0 (Windows NT 10.0; Win64; x64; rv:134.0) Gecko/20100101 Firefox/134.0"
64.62.197.63 - - [30/Jan/2025:14:19:10 +0100] "GET / HTTP/1.1" 200 274 "-" "Mozilla/5.0 (Windows NT 10.0; Win64; x64) AppleWebKit/537.36 (KHTML, like Gecko) Chrome/110.0.0.0 Safari/537.36 Edg/110.0.1587.50"
178.165.186.69 - - [30/Jan/2025:14:19:19 +0100] "GET /entry.php?id=10271&&ser=243099 HTTP/1.1" 200 987 "http://hausegger.activities.at/entry.php?id=10271&&ser=243039" "Mozilla/5.0 (Windows NT 10.0; Win64; x64; rv:134.0) Gecko/20100101 Firefox/134.0"
178.165.186.69 - - [30/Jan/2025:14:19:19 +0100] "GET /gui/javascript/form_form.js?1738243159 HTTP/1.1" 200 16206 "http://hausegger.activities.at/entry.php?id=10271&&ser=243099" "Mozilla/5.0 (Windows NT 10.0; Win64; x64; rv:134.0) Gecko/20100101 Firefox/134.0"
178.165.186.69 - - [30/Jan/2025:14:20:19 +0100] "GET /entry.php?id=10271&&ser=243159 HTTP/1.1" 200 987 "http://hausegger.activities.at/entry.php?id=10271&&ser=243099" "Mozilla/5.0 (Windows NT 10.0; Win64; x64; rv:134.0) Gecko/20100101 Firefox/134.0"
178.165.186.69 - - [30/Jan/2025:14:20:20 +0100] "GET /gui/javascript/form_form.js?1738243219 HTTP/1.1" 200 16206 "http://hausegger.activities.at/entry.php?id=10271&&ser=243159" "Mozilla/5.0 (Windows NT 10.0; Win64; x64; rv:134.0) Gecko/20100101 Firefox/134.0"
156.59.198.136 - - [30/Jan/2025:14:20:32 +0100] "GET /renault.2web.at/htdocs/export/xml/data/exportArticles_20230924035604.xml HTTP/1.0" 404 326 "-" "Mozilla/5.0 (Linux; Android 5.0) AppleWebKit/537.36 (KHTML, like Gecko) Mobile Safari/537.36 (compatible; Bytespider; spider-feedback@bytedance.com)"
178.165.186.69 - - [30/Jan/2025:14:21:20 +0100] "GET /entry.php?id=10271&&ser=243219 HTTP/1.1" 200 987 "http://hausegger.activities.at/entry.php?id=10271&&ser=243159" "Mozilla/5.0 (Windows NT 10.0; Win64; x64; rv:134.0) Gecko/20100101 Firefox/134.0"
178.165.186.69 - - [30/Jan/2025:14:21:20 +0100] "GET /gui/javascript/form_form.js?1738243280 HTTP/1.1" 200 16206 "http://hausegger.activities.at/entry.php?id=10271&&ser=243219" "Mozilla/5.0 (Windows NT 10.0; Win64; x64; rv:134.0) Gecko/20100101 Firefox/134.0"
64.62.197.73 - - [30/Jan/2025:14:21:37 +0100] "GET /favicon.ico HTTP/1.1" 404 284 "-" "Mozilla/5.0 (Windows NT 10.0.0; Win64; x64; ) AppleWebKit/537.36 (KHTML, like Gecko) Chrome/122.0.6261.156 Not(A:Brand/24 YaBrowser/24.4.1.899 Yowser/2.5 Safari/537.36"
64.62.197.63 - - [30/Jan/2025:14:22:07 +0100] "GET /geoserver/web/ HTTP/1.1" 404 284 "-" "Mozilla/5.0 (Windows NT 10.0; Win64; x64) AppleWebKit/537.36 (KHTML, like Gecko) Chrome/110.0.0.0 Safari/537.36 Edg/110.0.1587.50"
178.165.186.69 - - [30/Jan/2025:14:22:20 +0100] "GET /entry.php?id=10271&&ser=243280 HTTP/1.1" 200 987 "http://hausegger.activities.at/entry.php?id=10271&&ser=243219" "Mozilla/5.0 (Windows NT 10.0; Win64; x64; rv:134.0) Gecko/20100101 Firefox/134.0"
178.165.186.69 - - [30/Jan/2025:14:22:20 +0100] "GET /gui/javascript/form_form.js?1738243340 HTTP/1.1" 200 16206 "http://hausegger.activities.at/entry.php?id=10271&&ser=243280" "Mozilla/5.0 (Windows NT 10.0; Win64; x64; rv:134.0) Gecko/20100101 Firefox/134.0"
64.62.197.70 - - [30/Jan/2025:14:22:55 +0100] "GET /info.php HTTP/1.1" 404 283 "-" "Mozilla/5.0 (Windows NT 10.0; Win64; x64) AppleWebKit/537.36 (KHTML, like Gecko) Chrome/110.0.0.0 Safari/537.36 Edg/110.0.1587.50"
64.62.197.73 - - [30/Jan/2025:14:23:05 +0100] "GET /phpinfo.php HTTP/1.1" 200 10242 "-" "Mozilla/5.0 (Macintosh; Intel Mac OS X 10_15_7) AppleWebKit/605.1.15 (KHTML, like Gecko) Version/16.1 Safari/605.1.15"
64.62.197.66 - - [30/Jan/2025:14:23:16 +0100] "GET /dashboard/phpinfo.php HTTP/1.1" 404 290 "-" "Mozilla/5.0 (X11; Ubuntu; Linux x86_64; rv:109.0) Gecko/20100101 Firefox/110.0"
178.165.186.69 - - [30/Jan/2025:14:23:20 +0100] "GET /entry.php?id=10271&&ser=243340 HTTP/1.1" 200 987 "http://hausegger.activities.at/entry.php?id=10271&&ser=243280" "Mozilla/5.0 (Windows NT 10.0; Win64; x64; rv:134.0) Gecko/20100101 Firefox/134.0"
178.165.186.69 - - [30/Jan/2025:14:23:20 +0100] "GET /gui/javascript/form_form.js?1738243400 HTTP/1.1" 200 16206 "http://hausegger.activities.at/entry.php?id=10271&&ser=243340" "Mozilla/5.0 (Windows NT 10.0; Win64; x64; rv:134.0) Gecko/20100101 Firefox/134.0"
178.165.186.69 - - [30/Jan/2025:14:24:21 +0100] "GET /entry.php?id=10271&&ser=243400 HTTP/1.1" 200 987 "http://hausegger.activities.at/entry.php?id=10271&&ser=243340" "Mozilla/5.0 (Windows NT 10.0; Win64; x64; rv:134.0) Gecko/20100101 Firefox/134.0"
178.165.186.69 - - [30/Jan/2025:14:24:21 +0100] "GET /gui/javascript/form_form.js?1738243461 HTTP/1.1" 200 16206 "http://hausegger.activities.at/entry.php?id=10271&&ser=243400" "Mozilla/5.0 (Windows NT 10.0; Win64; x64; rv:134.0) Gecko/20100101 Firefox/134.0"
178.165.186.69 - - [30/Jan/2025:14:25:21 +0100] "GET /entry.php?id=10271&&ser=243461 HTTP/1.1" 200 987 "http://hausegger.activities.at/entry.php?id=10271&&ser=243400" "Mozilla/5.0 (Windows NT 10.0; Win64; x64; rv:134.0) Gecko/20100101 Firefox/134.0"
178.165.186.69 - - [30/Jan/2025:14:25:21 +0100] "GET /gui/javascript/form_form.js?1738243521 HTTP/1.1" 200 16206 "http://hausegger.activities.at/entry.php?id=10271&&ser=243461" "Mozilla/5.0 (Windows NT 10.0; Win64; x64; rv:134.0) Gecko/20100101 Firefox/134.0"
178.165.186.69 - - [30/Jan/2025:14:26:21 +0100] "GET /entry.php?id=10271&&ser=243521 HTTP/1.1" 200 987 "http://hausegger.activities.at/entry.php?id=10271&&ser=243461" "Mozilla/5.0 (Windows NT 10.0; Win64; x64; rv:134.0) Gecko/20100101 Firefox/134.0"
178.165.186.69 - - [30/Jan/2025:14:26:21 +0100] "GET /gui/javascript/form_form.js?1738243581 HTTP/1.1" 200 16206 "http://hausegger.activities.at/entry.php?id=10271&&ser=243521" "Mozilla/5.0 (Windows NT 10.0; Win64; x64; rv:134.0) Gecko/20100101 Firefox/134.0"
178.165.186.69 - - [30/Jan/2025:14:27:21 +0100] "GET /entry.php?id=10271&&ser=243581 HTTP/1.1" 200 987 "http://hausegger.activities.at/entry.php?id=10271&&ser=243521" "Mozilla/5.0 (Windows NT 10.0; Win64; x64; rv:134.0) Gecko/20100101 Firefox/134.0"
178.165.186.69 - - [30/Jan/2025:14:27:22 +0100] "GET /gui/javascript/form_form.js?1738243642 HTTP/1.1" 200 16206 "http://hausegger.activities.at/entry.php?id=10271&&ser=243581" "Mozilla/5.0 (Windows NT 10.0; Win64; x64; rv:134.0) Gecko/20100101 Firefox/134.0"
178.165.186.69 - - [30/Jan/2025:14:28:22 +0100] "GET /entry.php?id=10271&&ser=243642 HTTP/1.1" 200 987 "http://hausegger.activities.at/entry.php?id=10271&&ser=243581" "Mozilla/5.0 (Windows NT 10.0; Win64; x64; rv:134.0) Gecko/20100101 Firefox/134.0"
178.165.186.69 - - [30/Jan/2025:14:28:22 +0100] "GET /gui/javascript/form_form.js?1738243702 HTTP/1.1" 200 16206 "http://hausegger.activities.at/entry.php?id=10271&&ser=243642" "Mozilla/5.0 (Windows NT 10.0; Win64; x64; rv:134.0) Gecko/20100101 Firefox/134.0"
178.165.186.69 - - [30/Jan/2025:14:29:22 +0100] "GET /entry.php?id=10271&&ser=243702 HTTP/1.1" 200 987 "http://hausegger.activities.at/entry.php?id=10271&&ser=243642" "Mozilla/5.0 (Windows NT 10.0; Win64; x64; rv:134.0) Gecko/20100101 Firefox/134.0"
178.165.186.69 - - [30/Jan/2025:14:29:22 +0100] "GET /gui/javascript/form_form.js?1738243762 HTTP/1.1" 200 16206 "http://hausegger.activities.at/entry.php?id=10271&&ser=243702" "Mozilla/5.0 (Windows NT 10.0; Win64; x64; rv:134.0) Gecko/20100101 Firefox/134.0"
178.165.186.69 - - [30/Jan/2025:14:30:22 +0100] "GET /entry.php?id=10271&&ser=243762 HTTP/1.1" 200 986 "http://hausegger.activities.at/entry.php?id=10271&&ser=243702" "Mozilla/5.0 (Windows NT 10.0; Win64; x64; rv:134.0) Gecko/20100101 Firefox/134.0"
178.165.186.69 - - [30/Jan/2025:14:30:23 +0100] "GET /gui/javascript/form_form.js?1738243823 HTTP/1.1" 200 16206 "http://hausegger.activities.at/entry.php?id=10271&&ser=243762" "Mozilla/5.0 (Windows NT 10.0; Win64; x64; rv:134.0) Gecko/20100101 Firefox/134.0"
178.165.186.69 - - [30/Jan/2025:14:31:23 +0100] "GET /entry.php?id=10271&&ser=243823 HTTP/1.1" 200 987 "http://hausegger.activities.at/entry.php?id=10271&&ser=243762" "Mozilla/5.0 (Windows NT 10.0; Win64; x64; rv:134.0) Gecko/20100101 Firefox/134.0"
178.165.186.69 - - [30/Jan/2025:14:31:23 +0100] "GET /gui/javascript/form_form.js?1738243883 HTTP/1.1" 200 16206 "http://hausegger.activities.at/entry.php?id=10271&&ser=243823" "Mozilla/5.0 (Windows NT 10.0; Win64; x64; rv:134.0) Gecko/20100101 Firefox/134.0"
