178.165.186.69 - - [05/Feb/2025:17:26:03 +0100] "GET /gui/javascript/form_form.js?1738772763 HTTP/1.1" 200 16206 "http://hausegger.activities.at/entry.php?id=10271&&ser=772703" "Mozilla/5.0 (Windows NT 10.0; Win64; x64; rv:134.0) Gecko/20100101 Firefox/134.0"
178.165.186.69 - - [05/Feb/2025:17:27:04 +0100] "GET /entry.php?id=10271&&ser=772763 HTTP/1.1" 200 987 "http://hausegger.activities.at/entry.php?id=10271&&ser=772703" "Mozilla/5.0 (Windows NT 10.0; Win64; x64; rv:134.0) Gecko/20100101 Firefox/134.0"
178.165.186.69 - - [05/Feb/2025:17:27:04 +0100] "GET /gui/javascript/form_form.js?1738772824 HTTP/1.1" 200 16206 "http://hausegger.activities.at/entry.php?id=10271&&ser=772763" "Mozilla/5.0 (Windows NT 10.0; Win64; x64; rv:134.0) Gecko/20100101 Firefox/134.0"
156.59.198.136 - - [05/Feb/2025:17:27:18 +0100] "GET /renault.activities.at/htdocs/activities/framework/webfx/javascript/flot/NEWS.md HTTP/1.0" 404 327 "-" "Mozilla/5.0 (Linux; Android 5.0) AppleWebKit/537.36 (KHTML, like Gecko) Mobile Safari/537.36 (compatible; Bytespider; spider-feedback@bytedance.com)"
178.165.186.69 - - [05/Feb/2025:17:28:04 +0100] "GET /entry.php?id=10271&&ser=772824 HTTP/1.1" 200 987 "http://hausegger.activities.at/entry.php?id=10271&&ser=772763" "Mozilla/5.0 (Windows NT 10.0; Win64; x64; rv:134.0) Gecko/20100101 Firefox/134.0"
178.165.186.69 - - [05/Feb/2025:17:28:04 +0100] "GET /gui/javascript/form_form.js?1738772884 HTTP/1.1" 200 16206 "http://hausegger.activities.at/entry.php?id=10271&&ser=772824" "Mozilla/5.0 (Windows NT 10.0; Win64; x64; rv:134.0) Gecko/20100101 Firefox/134.0"
178.165.186.69 - - [05/Feb/2025:17:29:05 +0100] "GET /entry.php?id=10271&&ser=772884 HTTP/1.1" 200 987 "http://hausegger.activities.at/entry.php?id=10271&&ser=772824" "Mozilla/5.0 (Windows NT 10.0; Win64; x64; rv:134.0) Gecko/20100101 Firefox/134.0"
178.165.186.69 - - [05/Feb/2025:17:29:05 +0100] "GET /gui/javascript/form_form.js?1738772945 HTTP/1.1" 200 16206 "http://hausegger.activities.at/entry.php?id=10271&&ser=772884" "Mozilla/5.0 (Windows NT 10.0; Win64; x64; rv:134.0) Gecko/20100101 Firefox/134.0"
178.165.186.69 - - [05/Feb/2025:17:30:05 +0100] "GET /entry.php?id=10271&&ser=772945 HTTP/1.1" 200 986 "http://hausegger.activities.at/entry.php?id=10271&&ser=772884" "Mozilla/5.0 (Windows NT 10.0; Win64; x64; rv:134.0) Gecko/20100101 Firefox/134.0"
178.165.186.69 - - [05/Feb/2025:17:30:05 +0100] "GET /gui/javascript/form_form.js?1738773005 HTTP/1.1" 200 16206 "http://hausegger.activities.at/entry.php?id=10271&&ser=772945" "Mozilla/5.0 (Windows NT 10.0; Win64; x64; rv:134.0) Gecko/20100101 Firefox/134.0"
178.165.186.69 - - [05/Feb/2025:17:31:05 +0100] "GET /entry.php?id=10271&&ser=773005 HTTP/1.1" 200 985 "http://hausegger.activities.at/entry.php?id=10271&&ser=772945" "Mozilla/5.0 (Windows NT 10.0; Win64; x64; rv:134.0) Gecko/20100101 Firefox/134.0"
178.165.186.69 - - [05/Feb/2025:17:31:05 +0100] "GET /gui/javascript/form_form.js?1738773065 HTTP/1.1" 200 16206 "http://hausegger.activities.at/entry.php?id=10271&&ser=773005" "Mozilla/5.0 (Windows NT 10.0; Win64; x64; rv:134.0) Gecko/20100101 Firefox/134.0"
156.59.198.136 - - [05/Feb/2025:17:31:19 +0100] "GET /renault.2web.at/htdocs/binaries/10197031.doc HTTP/1.0" 404 307 "-" "Mozilla/5.0 (Linux; Android 5.0) AppleWebKit/537.36 (KHTML, like Gecko) Mobile Safari/537.36 (compatible; Bytespider; spider-feedback@bytedance.com)"
178.165.186.69 - - [05/Feb/2025:17:32:06 +0100] "GET /entry.php?id=10271&&ser=773065 HTTP/1.1" 200 987 "http://hausegger.activities.at/entry.php?id=10271&&ser=773005" "Mozilla/5.0 (Windows NT 10.0; Win64; x64; rv:134.0) Gecko/20100101 Firefox/134.0"
178.165.186.69 - - [05/Feb/2025:17:32:06 +0100] "GET /gui/javascript/form_form.js?1738773126 HTTP/1.1" 200 16206 "http://hausegger.activities.at/entry.php?id=10271&&ser=773065" "Mozilla/5.0 (Windows NT 10.0; Win64; x64; rv:134.0) Gecko/20100101 Firefox/134.0"
178.165.186.69 - - [05/Feb/2025:17:33:06 +0100] "GET /entry.php?id=10271&&ser=773126 HTTP/1.1" 200 987 "http://hausegger.activities.at/entry.php?id=10271&&ser=773065" "Mozilla/5.0 (Windows NT 10.0; Win64; x64; rv:134.0) Gecko/20100101 Firefox/134.0"
178.165.186.69 - - [05/Feb/2025:17:33:06 +0100] "GET /gui/javascript/form_form.js?1738773186 HTTP/1.1" 200 16206 "http://hausegger.activities.at/entry.php?id=10271&&ser=773126" "Mozilla/5.0 (Windows NT 10.0; Win64; x64; rv:134.0) Gecko/20100101 Firefox/134.0"
178.165.186.69 - - [05/Feb/2025:17:34:06 +0100] "GET /entry.php?id=10271&&ser=773186 HTTP/1.1" 200 987 "http://hausegger.activities.at/entry.php?id=10271&&ser=773126" "Mozilla/5.0 (Windows NT 10.0; Win64; x64; rv:134.0) Gecko/20100101 Firefox/134.0"
178.165.186.69 - - [05/Feb/2025:17:34:06 +0100] "GET /gui/javascript/form_form.js?1738773246 HTTP/1.1" 200 16206 "http://hausegger.activities.at/entry.php?id=10271&&ser=773186" "Mozilla/5.0 (Windows NT 10.0; Win64; x64; rv:134.0) Gecko/20100101 Firefox/134.0"
178.165.186.69 - - [05/Feb/2025:17:35:07 +0100] "GET /entry.php?id=10271&&ser=773246 HTTP/1.1" 200 987 "http://hausegger.activities.at/entry.php?id=10271&&ser=773186" "Mozilla/5.0 (Windows NT 10.0; Win64; x64; rv:134.0) Gecko/20100101 Firefox/134.0"
178.165.186.69 - - [05/Feb/2025:17:35:07 +0100] "GET /gui/javascript/form_form.js?1738773307 HTTP/1.1" 200 16206 "http://hausegger.activities.at/entry.php?id=10271&&ser=773246" "Mozilla/5.0 (Windows NT 10.0; Win64; x64; rv:134.0) Gecko/20100101 Firefox/134.0"
178.165.186.69 - - [05/Feb/2025:17:36:07 +0100] "GET /entry.php?id=10271&&ser=773307 HTTP/1.1" 200 988 "http://hausegger.activities.at/entry.php?id=10271&&ser=773246" "Mozilla/5.0 (Windows NT 10.0; Win64; x64; rv:134.0) Gecko/20100101 Firefox/134.0"
178.165.186.69 - - [05/Feb/2025:17:36:07 +0100] "GET /gui/javascript/form_form.js?1738773367 HTTP/1.1" 200 16206 "http://hausegger.activities.at/entry.php?id=10271&&ser=773307" "Mozilla/5.0 (Windows NT 10.0; Win64; x64; rv:134.0) Gecko/20100101 Firefox/134.0"
178.165.186.69 - - [05/Feb/2025:17:37:07 +0100] "GET /entry.php?id=10271&&ser=773367 HTTP/1.1" 200 987 "http://hausegger.activities.at/entry.php?id=10271&&ser=773307" "Mozilla/5.0 (Windows NT 10.0; Win64; x64; rv:134.0) Gecko/20100101 Firefox/134.0"
178.165.186.69 - - [05/Feb/2025:17:37:08 +0100] "GET /gui/javascript/form_form.js?1738773427 HTTP/1.1" 200 16206 "http://hausegger.activities.at/entry.php?id=10271&&ser=773367" "Mozilla/5.0 (Windows NT 10.0; Win64; x64; rv:134.0) Gecko/20100101 Firefox/134.0"
178.165.186.69 - - [05/Feb/2025:17:38:08 +0100] "GET /entry.php?id=10271&&ser=773427 HTTP/1.1" 200 987 "http://hausegger.activities.at/entry.php?id=10271&&ser=773367" "Mozilla/5.0 (Windows NT 10.0; Win64; x64; rv:134.0) Gecko/20100101 Firefox/134.0"
178.165.186.69 - - [05/Feb/2025:17:38:08 +0100] "GET /gui/javascript/form_form.js?1738773488 HTTP/1.1" 200 16206 "http://hausegger.activities.at/entry.php?id=10271&&ser=773427" "Mozilla/5.0 (Windows NT 10.0; Win64; x64; rv:134.0) Gecko/20100101 Firefox/134.0"
178.165.186.69 - - [05/Feb/2025:17:39:08 +0100] "GET /entry.php?id=10271&&ser=773488 HTTP/1.1" 200 987 "http://hausegger.activities.at/entry.php?id=10271&&ser=773427" "Mozilla/5.0 (Windows NT 10.0; Win64; x64; rv:134.0) Gecko/20100101 Firefox/134.0"
178.165.186.69 - - [05/Feb/2025:17:39:08 +0100] "GET /gui/javascript/form_form.js?1738773548 HTTP/1.1" 200 16206 "http://hausegger.activities.at/entry.php?id=10271&&ser=773488" "Mozilla/5.0 (Windows NT 10.0; Win64; x64; rv:134.0) Gecko/20100101 Firefox/134.0"
178.165.186.69 - - [05/Feb/2025:17:40:09 +0100] "GET /entry.php?id=10271&&ser=773548 HTTP/1.1" 200 987 "http://hausegger.activities.at/entry.php?id=10271&&ser=773488" "Mozilla/5.0 (Windows NT 10.0; Win64; x64; rv:134.0) Gecko/20100101 Firefox/134.0"
178.165.186.69 - - [05/Feb/2025:17:40:09 +0100] "GET /gui/javascript/form_form.js?1738773609 HTTP/1.1" 200 16206 "http://hausegger.activities.at/entry.php?id=10271&&ser=773548" "Mozilla/5.0 (Windows NT 10.0; Win64; x64; rv:134.0) Gecko/20100101 Firefox/134.0"
178.165.186.69 - - [05/Feb/2025:17:41:09 +0100] "GET /entry.php?id=10271&&ser=773609 HTTP/1.1" 200 987 "http://hausegger.activities.at/entry.php?id=10271&&ser=773548" "Mozilla/5.0 (Windows NT 10.0; Win64; x64; rv:134.0) Gecko/20100101 Firefox/134.0"
178.165.186.69 - - [05/Feb/2025:17:41:09 +0100] "GET /gui/javascript/form_form.js?1738773669 HTTP/1.1" 200 16206 "http://hausegger.activities.at/entry.php?id=10271&&ser=773609" "Mozilla/5.0 (Windows NT 10.0; Win64; x64; rv:134.0) Gecko/20100101 Firefox/134.0"
179.43.191.146 - - [05/Feb/2025:17:41:57 +0100] "GET / HTTP/1.1" 200 274 "-" "Mozilla/5.0 (Windows NT 10.0; Win64; x64) AppleWebKit/537.36 (KHTML, like Gecko) Chrome/90.0.4430.85 Safari/537.36 Edg/90.0.818.46"
178.165.186.69 - - [05/Feb/2025:17:42:09 +0100] "GET /entry.php?id=10271&&ser=773669 HTTP/1.1" 200 987 "http://hausegger.activities.at/entry.php?id=10271&&ser=773609" "Mozilla/5.0 (Windows NT 10.0; Win64; x64; rv:134.0) Gecko/20100101 Firefox/134.0"
178.165.186.69 - - [05/Feb/2025:17:42:10 +0100] "GET /gui/javascript/form_form.js?1738773729 HTTP/1.1" 200 16206 "http://hausegger.activities.at/entry.php?id=10271&&ser=773669" "Mozilla/5.0 (Windows NT 10.0; Win64; x64; rv:134.0) Gecko/20100101 Firefox/134.0"
178.165.186.69 - - [05/Feb/2025:17:43:10 +0100] "GET /entry.php?id=10271&&ser=773729 HTTP/1.1" 200 987 "http://hausegger.activities.at/entry.php?id=10271&&ser=773669" "Mozilla/5.0 (Windows NT 10.0; Win64; x64; rv:134.0) Gecko/20100101 Firefox/134.0"
178.165.186.69 - - [05/Feb/2025:17:43:10 +0100] "GET /gui/javascript/form_form.js?1738773790 HTTP/1.1" 200 16206 "http://hausegger.activities.at/entry.php?id=10271&&ser=773729" "Mozilla/5.0 (Windows NT 10.0; Win64; x64; rv:134.0) Gecko/20100101 Firefox/134.0"
178.165.186.69 - - [05/Feb/2025:17:44:10 +0100] "GET /entry.php?id=10271&&ser=773790 HTTP/1.1" 200 987 "http://hausegger.activities.at/entry.php?id=10271&&ser=773729" "Mozilla/5.0 (Windows NT 10.0; Win64; x64; rv:134.0) Gecko/20100101 Firefox/134.0"
178.165.186.69 - - [05/Feb/2025:17:44:10 +0100] "GET /gui/javascript/form_form.js?1738773850 HTTP/1.1" 200 16206 "http://hausegger.activities.at/entry.php?id=10271&&ser=773790" "Mozilla/5.0 (Windows NT 10.0; Win64; x64; rv:134.0) Gecko/20100101 Firefox/134.0"
178.165.186.69 - - [05/Feb/2025:17:45:11 +0100] "GET /entry.php?id=10271&&ser=773850 HTTP/1.1" 200 986 "http://hausegger.activities.at/entry.php?id=10271&&ser=773790" "Mozilla/5.0 (Windows NT 10.0; Win64; x64; rv:134.0) Gecko/20100101 Firefox/134.0"
178.165.186.69 - - [05/Feb/2025:17:45:11 +0100] "GET /gui/javascript/form_form.js?1738773911 HTTP/1.1" 200 16206 "http://hausegger.activities.at/entry.php?id=10271&&ser=773850" "Mozilla/5.0 (Windows NT 10.0; Win64; x64; rv:134.0) Gecko/20100101 Firefox/134.0"
156.59.198.136 - - [05/Feb/2025:17:45:52 +0100] "GET /renault.activities.at/htdocs/activities/framework/KoolControls/KoolImageView/styles/outlook/outlook.xml HTTP/1.0" 404 339 "-" "Mozilla/5.0 (Linux; Android 5.0) AppleWebKit/537.36 (KHTML, like Gecko) Mobile Safari/537.36 (compatible; Bytespider; spider-feedback@bytedance.com)"
178.165.186.69 - - [05/Feb/2025:17:46:11 +0100] "GET /entry.php?id=10271&&ser=773911 HTTP/1.1" 200 986 "http://hausegger.activities.at/entry.php?id=10271&&ser=773850" "Mozilla/5.0 (Windows NT 10.0; Win64; x64; rv:134.0) Gecko/20100101 Firefox/134.0"
178.165.186.69 - - [05/Feb/2025:17:46:11 +0100] "GET /gui/javascript/form_form.js?1738773971 HTTP/1.1" 200 16206 "http://hausegger.activities.at/entry.php?id=10271&&ser=773911" "Mozilla/5.0 (Windows NT 10.0; Win64; x64; rv:134.0) Gecko/20100101 Firefox/134.0"
178.165.186.69 - - [05/Feb/2025:17:47:11 +0100] "GET /entry.php?id=10271&&ser=773971 HTTP/1.1" 200 986 "http://hausegger.activities.at/entry.php?id=10271&&ser=773911" "Mozilla/5.0 (Windows NT 10.0; Win64; x64; rv:134.0) Gecko/20100101 Firefox/134.0"
178.165.186.69 - - [05/Feb/2025:17:47:11 +0100] "GET /gui/javascript/form_form.js?1738774031 HTTP/1.1" 200 16206 "http://hausegger.activities.at/entry.php?id=10271&&ser=773971" "Mozilla/5.0 (Windows NT 10.0; Win64; x64; rv:134.0) Gecko/20100101 Firefox/134.0"
178.165.186.69 - - [05/Feb/2025:17:48:12 +0100] "GET /entry.php?id=10271&&ser=774031 HTTP/1.1" 200 987 "http://hausegger.activities.at/entry.php?id=10271&&ser=773971" "Mozilla/5.0 (Windows NT 10.0; Win64; x64; rv:134.0) Gecko/20100101 Firefox/134.0"
178.165.186.69 - - [05/Feb/2025:17:48:12 +0100] "GET /gui/javascript/form_form.js?1738774092 HTTP/1.1" 200 16206 "http://hausegger.activities.at/entry.php?id=10271&&ser=774031" "Mozilla/5.0 (Windows NT 10.0; Win64; x64; rv:134.0) Gecko/20100101 Firefox/134.0"
178.165.186.69 - - [05/Feb/2025:17:49:12 +0100] "GET /entry.php?id=10271&&ser=774092 HTTP/1.1" 200 986 "http://hausegger.activities.at/entry.php?id=10271&&ser=774031" "Mozilla/5.0 (Windows NT 10.0; Win64; x64; rv:134.0) Gecko/20100101 Firefox/134.0"
178.165.186.69 - - [05/Feb/2025:17:49:12 +0100] "GET /gui/javascript/form_form.js?1738774152 HTTP/1.1" 200 16206 "http://hausegger.activities.at/entry.php?id=10271&&ser=774092" "Mozilla/5.0 (Windows NT 10.0; Win64; x64; rv:134.0) Gecko/20100101 Firefox/134.0"
156.59.198.136 - - [05/Feb/2025:17:49:52 +0100] "GET /renault.activities.at/htdocs/binaries/10197031.doc HTTP/1.0" 404 311 "-" "Mozilla/5.0 (Linux; Android 5.0) AppleWebKit/537.36 (KHTML, like Gecko) Mobile Safari/537.36 (compatible; Bytespider; spider-feedback@bytedance.com)"
178.165.186.69 - - [05/Feb/2025:17:50:12 +0100] "GET /entry.php?id=10271&&ser=774152 HTTP/1.1" 200 987 "http://hausegger.activities.at/entry.php?id=10271&&ser=774092" "Mozilla/5.0 (Windows NT 10.0; Win64; x64; rv:134.0) Gecko/20100101 Firefox/134.0"
178.165.186.69 - - [05/Feb/2025:17:50:13 +0100] "GET /gui/javascript/form_form.js?1738774212 HTTP/1.1" 200 16206 "http://hausegger.activities.at/entry.php?id=10271&&ser=774152" "Mozilla/5.0 (Windows NT 10.0; Win64; x64; rv:134.0) Gecko/20100101 Firefox/134.0"
178.165.186.69 - - [05/Feb/2025:17:51:13 +0100] "GET /entry.php?id=10271&&ser=774212 HTTP/1.1" 200 987 "http://hausegger.activities.at/entry.php?id=10271&&ser=774152" "Mozilla/5.0 (Windows NT 10.0; Win64; x64; rv:134.0) Gecko/20100101 Firefox/134.0"
178.165.186.69 - - [05/Feb/2025:17:51:13 +0100] "GET /gui/javascript/form_form.js?1738774273 HTTP/1.1" 200 16206 "http://hausegger.activities.at/entry.php?id=10271&&ser=774212" "Mozilla/5.0 (Windows NT 10.0; Win64; x64; rv:134.0) Gecko/20100101 Firefox/134.0"
178.165.186.69 - - [05/Feb/2025:17:52:13 +0100] "GET /entry.php?id=10271&&ser=774273 HTTP/1.1" 200 987 "http://hausegger.activities.at/entry.php?id=10271&&ser=774212" "Mozilla/5.0 (Windows NT 10.0; Win64; x64; rv:134.0) Gecko/20100101 Firefox/134.0"
178.165.186.69 - - [05/Feb/2025:17:52:13 +0100] "GET /gui/javascript/form_form.js?1738774333 HTTP/1.1" 200 16206 "http://hausegger.activities.at/entry.php?id=10271&&ser=774273" "Mozilla/5.0 (Windows NT 10.0; Win64; x64; rv:134.0) Gecko/20100101 Firefox/134.0"
178.165.186.69 - - [05/Feb/2025:17:53:14 +0100] "GET /entry.php?id=10271&&ser=774333 HTTP/1.1" 200 986 "http://hausegger.activities.at/entry.php?id=10271&&ser=774273" "Mozilla/5.0 (Windows NT 10.0; Win64; x64; rv:134.0) Gecko/20100101 Firefox/134.0"
178.165.186.69 - - [05/Feb/2025:17:53:14 +0100] "GET /gui/javascript/form_form.js?1738774394 HTTP/1.1" 200 16206 "http://hausegger.activities.at/entry.php?id=10271&&ser=774333" "Mozilla/5.0 (Windows NT 10.0; Win64; x64; rv:134.0) Gecko/20100101 Firefox/134.0"
178.165.186.69 - - [05/Feb/2025:17:54:14 +0100] "GET /entry.php?id=10271&&ser=774394 HTTP/1.1" 200 987 "http://hausegger.activities.at/entry.php?id=10271&&ser=774333" "Mozilla/5.0 (Windows NT 10.0; Win64; x64; rv:134.0) Gecko/20100101 Firefox/134.0"
178.165.186.69 - - [05/Feb/2025:17:54:14 +0100] "GET /gui/javascript/form_form.js?1738774454 HTTP/1.1" 200 16206 "http://hausegger.activities.at/entry.php?id=10271&&ser=774394" "Mozilla/5.0 (Windows NT 10.0; Win64; x64; rv:134.0) Gecko/20100101 Firefox/134.0"
178.165.186.69 - - [05/Feb/2025:17:55:15 +0100] "GET /entry.php?id=10271&&ser=774454 HTTP/1.1" 200 987 "http://hausegger.activities.at/entry.php?id=10271&&ser=774394" "Mozilla/5.0 (Windows NT 10.0; Win64; x64; rv:134.0) Gecko/20100101 Firefox/134.0"
178.165.186.69 - - [05/Feb/2025:17:55:15 +0100] "GET /gui/javascript/form_form.js?1738774515 HTTP/1.1" 200 16206 "http://hausegger.activities.at/entry.php?id=10271&&ser=774454" "Mozilla/5.0 (Windows NT 10.0; Win64; x64; rv:134.0) Gecko/20100101 Firefox/134.0"
159.89.29.171 - - [05/Feb/2025:17:55:59 +0100] "GET / HTTP/1.1" 200 274 "-" "Mozilla/5.0 (Windows NT 10.0; Win64; x64; rv:67.0.2) Gecko/20100101 Firefox/67.0.2"
178.165.186.69 - - [05/Feb/2025:17:56:16 +0100] "GET /entry.php?id=10271&&ser=774515 HTTP/1.1" 200 987 "http://hausegger.activities.at/entry.php?id=10271&&ser=774454" "Mozilla/5.0 (Windows NT 10.0; Win64; x64; rv:134.0) Gecko/20100101 Firefox/134.0"
178.165.186.69 - - [05/Feb/2025:17:56:16 +0100] "GET /gui/javascript/form_form.js?1738774576 HTTP/1.1" 200 16206 "http://hausegger.activities.at/entry.php?id=10271&&ser=774515" "Mozilla/5.0 (Windows NT 10.0; Win64; x64; rv:134.0) Gecko/20100101 Firefox/134.0"
92.118.39.228 - - [05/Feb/2025:17:56:28 +0100] "GET / HTTP/1.1" 200 274 "-" "Mozilla/5.0 (X11; Linux x86_64) AppleWebKit/537.36 (KHTML, like Gecko) Chrome/66.0.3359.181 Safari/537.36"
178.165.186.69 - - [05/Feb/2025:17:57:16 +0100] "GET /entry.php?id=10271&&ser=774576 HTTP/1.1" 200 987 "http://hausegger.activities.at/entry.php?id=10271&&ser=774515" "Mozilla/5.0 (Windows NT 10.0; Win64; x64; rv:134.0) Gecko/20100101 Firefox/134.0"
178.165.186.69 - - [05/Feb/2025:17:57:16 +0100] "GET /gui/javascript/form_form.js?1738774636 HTTP/1.1" 200 16206 "http://hausegger.activities.at/entry.php?id=10271&&ser=774576" "Mozilla/5.0 (Windows NT 10.0; Win64; x64; rv:134.0) Gecko/20100101 Firefox/134.0"
178.165.186.69 - - [05/Feb/2025:17:58:17 +0100] "GET /entry.php?id=10271&&ser=774636 HTTP/1.1" 200 987 "http://hausegger.activities.at/entry.php?id=10271&&ser=774576" "Mozilla/5.0 (Windows NT 10.0; Win64; x64; rv:134.0) Gecko/20100101 Firefox/134.0"
178.165.186.69 - - [05/Feb/2025:17:58:17 +0100] "GET /gui/javascript/form_form.js?1738774697 HTTP/1.1" 200 16206 "http://hausegger.activities.at/entry.php?id=10271&&ser=774636" "Mozilla/5.0 (Windows NT 10.0; Win64; x64; rv:134.0) Gecko/20100101 Firefox/134.0"
156.59.198.135 - - [05/Feb/2025:17:59:12 +0100] "GET /renault.2web.at/htdocs/binaries/10311644.doc HTTP/1.0" 404 307 "-" "Mozilla/5.0 (Linux; Android 5.0) AppleWebKit/537.36 (KHTML, like Gecko) Mobile Safari/537.36 (compatible; Bytespider; spider-feedback@bytedance.com)"
178.165.186.69 - - [05/Feb/2025:17:59:17 +0100] "GET /entry.php?id=10271&&ser=774697 HTTP/1.1" 200 987 "http://hausegger.activities.at/entry.php?id=10271&&ser=774636" "Mozilla/5.0 (Windows NT 10.0; Win64; x64; rv:134.0) Gecko/20100101 Firefox/134.0"
178.165.186.69 - - [05/Feb/2025:17:59:17 +0100] "GET /gui/javascript/form_form.js?1738774757 HTTP/1.1" 200 16206 "http://hausegger.activities.at/entry.php?id=10271&&ser=774697" "Mozilla/5.0 (Windows NT 10.0; Win64; x64; rv:134.0) Gecko/20100101 Firefox/134.0"
178.165.186.69 - - [05/Feb/2025:18:00:17 +0100] "GET /entry.php?id=10271&&ser=774757 HTTP/1.1" 200 987 "http://hausegger.activities.at/entry.php?id=10271&&ser=774697" "Mozilla/5.0 (Windows NT 10.0; Win64; x64; rv:134.0) Gecko/20100101 Firefox/134.0"
178.165.186.69 - - [05/Feb/2025:18:00:17 +0100] "GET /gui/javascript/form_form.js?1738774817 HTTP/1.1" 200 16206 "http://hausegger.activities.at/entry.php?id=10271&&ser=774757" "Mozilla/5.0 (Windows NT 10.0; Win64; x64; rv:134.0) Gecko/20100101 Firefox/134.0"
178.165.186.69 - - [05/Feb/2025:18:01:18 +0100] "GET /entry.php?id=10271&&ser=774817 HTTP/1.1" 200 987 "http://hausegger.activities.at/entry.php?id=10271&&ser=774757" "Mozilla/5.0 (Windows NT 10.0; Win64; x64; rv:134.0) Gecko/20100101 Firefox/134.0"
178.165.186.69 - - [05/Feb/2025:18:01:18 +0100] "GET /gui/javascript/form_form.js?1738774878 HTTP/1.1" 200 16206 "http://hausegger.activities.at/entry.php?id=10271&&ser=774817" "Mozilla/5.0 (Windows NT 10.0; Win64; x64; rv:134.0) Gecko/20100101 Firefox/134.0"
178.165.186.69 - - [05/Feb/2025:18:02:18 +0100] "GET /entry.php?id=10271&&ser=774878 HTTP/1.1" 200 987 "http://hausegger.activities.at/entry.php?id=10271&&ser=774817" "Mozilla/5.0 (Windows NT 10.0; Win64; x64; rv:134.0) Gecko/20100101 Firefox/134.0"
178.165.186.69 - - [05/Feb/2025:18:02:18 +0100] "GET /gui/javascript/form_form.js?1738774938 HTTP/1.1" 200 16206 "http://hausegger.activities.at/entry.php?id=10271&&ser=774878" "Mozilla/5.0 (Windows NT 10.0; Win64; x64; rv:134.0) Gecko/20100101 Firefox/134.0"
83.217.213.120 - - [05/Feb/2025:18:03:16 +0100] "GET / HTTP/1.0" 200 423 "http://food-and-drink.vienna-lodgings.at/" "Mozilla/5.0 (Windows NT 10.0; Win64; x64) AppleWebKit/537.36 (KHTML, like Gecko) Chrome/131.0.0.0 Safari/537.36 Avast/131.0.0.0"
178.165.186.69 - - [05/Feb/2025:18:03:19 +0100] "GET /entry.php?id=10271&&ser=774938 HTTP/1.1" 200 987 "http://hausegger.activities.at/entry.php?id=10271&&ser=774878" "Mozilla/5.0 (Windows NT 10.0; Win64; x64; rv:134.0) Gecko/20100101 Firefox/134.0"
178.165.186.69 - - [05/Feb/2025:18:03:19 +0100] "GET /gui/javascript/form_form.js?1738774999 HTTP/1.1" 200 16206 "http://hausegger.activities.at/entry.php?id=10271&&ser=774938" "Mozilla/5.0 (Windows NT 10.0; Win64; x64; rv:134.0) Gecko/20100101 Firefox/134.0"
178.165.186.69 - - [05/Feb/2025:18:04:19 +0100] "GET /entry.php?id=10271&&ser=774999 HTTP/1.1" 200 987 "http://hausegger.activities.at/entry.php?id=10271&&ser=774938" "Mozilla/5.0 (Windows NT 10.0; Win64; x64; rv:134.0) Gecko/20100101 Firefox/134.0"
178.165.186.69 - - [05/Feb/2025:18:04:19 +0100] "GET /gui/javascript/form_form.js?1738775059 HTTP/1.1" 200 16206 "http://hausegger.activities.at/entry.php?id=10271&&ser=774999" "Mozilla/5.0 (Windows NT 10.0; Win64; x64; rv:134.0) Gecko/20100101 Firefox/134.0"
178.165.186.69 - - [05/Feb/2025:18:05:19 +0100] "GET /entry.php?id=10271&&ser=775059 HTTP/1.1" 200 987 "http://hausegger.activities.at/entry.php?id=10271&&ser=774999" "Mozilla/5.0 (Windows NT 10.0; Win64; x64; rv:134.0) Gecko/20100101 Firefox/134.0"
178.165.186.69 - - [05/Feb/2025:18:05:20 +0100] "GET /gui/javascript/form_form.js?1738775119 HTTP/1.1" 200 16206 "http://hausegger.activities.at/entry.php?id=10271&&ser=775059" "Mozilla/5.0 (Windows NT 10.0; Win64; x64; rv:134.0) Gecko/20100101 Firefox/134.0"
178.165.186.69 - - [05/Feb/2025:18:06:20 +0100] "GET /entry.php?id=10271&&ser=775119 HTTP/1.1" 200 986 "http://hausegger.activities.at/entry.php?id=10271&&ser=775059" "Mozilla/5.0 (Windows NT 10.0; Win64; x64; rv:134.0) Gecko/20100101 Firefox/134.0"
178.165.186.69 - - [05/Feb/2025:18:06:20 +0100] "GET /gui/javascript/form_form.js?1738775180 HTTP/1.1" 200 16206 "http://hausegger.activities.at/entry.php?id=10271&&ser=775119" "Mozilla/5.0 (Windows NT 10.0; Win64; x64; rv:134.0) Gecko/20100101 Firefox/134.0"
178.165.186.69 - - [05/Feb/2025:18:07:20 +0100] "GET /entry.php?id=10271&&ser=775180 HTTP/1.1" 200 987 "http://hausegger.activities.at/entry.php?id=10271&&ser=775119" "Mozilla/5.0 (Windows NT 10.0; Win64; x64; rv:134.0) Gecko/20100101 Firefox/134.0"
178.165.186.69 - - [05/Feb/2025:18:07:20 +0100] "GET /gui/javascript/form_form.js?1738775240 HTTP/1.1" 200 16206 "http://hausegger.activities.at/entry.php?id=10271&&ser=775180" "Mozilla/5.0 (Windows NT 10.0; Win64; x64; rv:134.0) Gecko/20100101 Firefox/134.0"
178.165.186.69 - - [05/Feb/2025:18:08:21 +0100] "GET /entry.php?id=10271&&ser=775240 HTTP/1.1" 200 986 "http://hausegger.activities.at/entry.php?id=10271&&ser=775180" "Mozilla/5.0 (Windows NT 10.0; Win64; x64; rv:134.0) Gecko/20100101 Firefox/134.0"
178.165.186.69 - - [05/Feb/2025:18:08:21 +0100] "GET /gui/javascript/form_form.js?1738775301 HTTP/1.1" 200 16206 "http://hausegger.activities.at/entry.php?id=10271&&ser=775240" "Mozilla/5.0 (Windows NT 10.0; Win64; x64; rv:134.0) Gecko/20100101 Firefox/134.0"
178.165.186.69 - - [05/Feb/2025:18:09:21 +0100] "GET /entry.php?id=10271&&ser=775301 HTTP/1.1" 200 986 "http://hausegger.activities.at/entry.php?id=10271&&ser=775240" "Mozilla/5.0 (Windows NT 10.0; Win64; x64; rv:134.0) Gecko/20100101 Firefox/134.0"
178.165.186.69 - - [05/Feb/2025:18:09:21 +0100] "GET /gui/javascript/form_form.js?1738775361 HTTP/1.1" 200 16206 "http://hausegger.activities.at/entry.php?id=10271&&ser=775301" "Mozilla/5.0 (Windows NT 10.0; Win64; x64; rv:134.0) Gecko/20100101 Firefox/134.0"
178.165.186.69 - - [05/Feb/2025:18:10:21 +0100] "GET /entry.php?id=10271&&ser=775361 HTTP/1.1" 200 986 "http://hausegger.activities.at/entry.php?id=10271&&ser=775301" "Mozilla/5.0 (Windows NT 10.0; Win64; x64; rv:134.0) Gecko/20100101 Firefox/134.0"
178.165.186.69 - - [05/Feb/2025:18:10:21 +0100] "GET /gui/javascript/form_form.js?1738775421 HTTP/1.1" 200 16206 "http://hausegger.activities.at/entry.php?id=10271&&ser=775361" "Mozilla/5.0 (Windows NT 10.0; Win64; x64; rv:134.0) Gecko/20100101 Firefox/134.0"
178.165.186.69 - - [05/Feb/2025:18:11:22 +0100] "GET /entry.php?id=10271&&ser=775421 HTTP/1.1" 200 987 "http://hausegger.activities.at/entry.php?id=10271&&ser=775361" "Mozilla/5.0 (Windows NT 10.0; Win64; x64; rv:134.0) Gecko/20100101 Firefox/134.0"
178.165.186.69 - - [05/Feb/2025:18:11:22 +0100] "GET /gui/javascript/form_form.js?1738775482 HTTP/1.1" 200 16206 "http://hausegger.activities.at/entry.php?id=10271&&ser=775421" "Mozilla/5.0 (Windows NT 10.0; Win64; x64; rv:134.0) Gecko/20100101 Firefox/134.0"
178.165.186.69 - - [05/Feb/2025:18:12:22 +0100] "GET /entry.php?id=10271&&ser=775482 HTTP/1.1" 200 987 "http://hausegger.activities.at/entry.php?id=10271&&ser=775421" "Mozilla/5.0 (Windows NT 10.0; Win64; x64; rv:134.0) Gecko/20100101 Firefox/134.0"
178.165.186.69 - - [05/Feb/2025:18:12:22 +0100] "GET /gui/javascript/form_form.js?1738775542 HTTP/1.1" 200 16206 "http://hausegger.activities.at/entry.php?id=10271&&ser=775482" "Mozilla/5.0 (Windows NT 10.0; Win64; x64; rv:134.0) Gecko/20100101 Firefox/134.0"
178.165.186.69 - - [05/Feb/2025:18:13:22 +0100] "GET /entry.php?id=10271&&ser=775542 HTTP/1.1" 200 987 "http://hausegger.activities.at/entry.php?id=10271&&ser=775482" "Mozilla/5.0 (Windows NT 10.0; Win64; x64; rv:134.0) Gecko/20100101 Firefox/134.0"
178.165.186.69 - - [05/Feb/2025:18:13:23 +0100] "GET /gui/javascript/form_form.js?1738775603 HTTP/1.1" 200 16206 "http://hausegger.activities.at/entry.php?id=10271&&ser=775542" "Mozilla/5.0 (Windows NT 10.0; Win64; x64; rv:134.0) Gecko/20100101 Firefox/134.0"
178.165.186.69 - - [05/Feb/2025:18:14:23 +0100] "GET /entry.php?id=10271&&ser=775603 HTTP/1.1" 200 987 "http://hausegger.activities.at/entry.php?id=10271&&ser=775542" "Mozilla/5.0 (Windows NT 10.0; Win64; x64; rv:134.0) Gecko/20100101 Firefox/134.0"
178.165.186.69 - - [05/Feb/2025:18:14:23 +0100] "GET /gui/javascript/form_form.js?1738775663 HTTP/1.1" 200 16206 "http://hausegger.activities.at/entry.php?id=10271&&ser=775603" "Mozilla/5.0 (Windows NT 10.0; Win64; x64; rv:134.0) Gecko/20100101 Firefox/134.0"
178.165.186.69 - - [05/Feb/2025:18:15:23 +0100] "GET /entry.php?id=10271&&ser=775663 HTTP/1.1" 200 987 "http://hausegger.activities.at/entry.php?id=10271&&ser=775603" "Mozilla/5.0 (Windows NT 10.0; Win64; x64; rv:134.0) Gecko/20100101 Firefox/134.0"
178.165.186.69 - - [05/Feb/2025:18:15:23 +0100] "GET /gui/javascript/form_form.js?1738775723 HTTP/1.1" 200 16206 "http://hausegger.activities.at/entry.php?id=10271&&ser=775663" "Mozilla/5.0 (Windows NT 10.0; Win64; x64; rv:134.0) Gecko/20100101 Firefox/134.0"
178.165.186.69 - - [05/Feb/2025:18:16:24 +0100] "GET /entry.php?id=10271&&ser=775723 HTTP/1.1" 200 987 "http://hausegger.activities.at/entry.php?id=10271&&ser=775663" "Mozilla/5.0 (Windows NT 10.0; Win64; x64; rv:134.0) Gecko/20100101 Firefox/134.0"
178.165.186.69 - - [05/Feb/2025:18:16:24 +0100] "GET /gui/javascript/form_form.js?1738775784 HTTP/1.1" 200 16206 "http://hausegger.activities.at/entry.php?id=10271&&ser=775723" "Mozilla/5.0 (Windows NT 10.0; Win64; x64; rv:134.0) Gecko/20100101 Firefox/134.0"
178.165.186.69 - - [05/Feb/2025:18:17:24 +0100] "GET /entry.php?id=10271&&ser=775784 HTTP/1.1" 200 987 "http://hausegger.activities.at/entry.php?id=10271&&ser=775723" "Mozilla/5.0 (Windows NT 10.0; Win64; x64; rv:134.0) Gecko/20100101 Firefox/134.0"
178.165.186.69 - - [05/Feb/2025:18:17:24 +0100] "GET /gui/javascript/form_form.js?1738775844 HTTP/1.1" 200 16206 "http://hausegger.activities.at/entry.php?id=10271&&ser=775784" "Mozilla/5.0 (Windows NT 10.0; Win64; x64; rv:134.0) Gecko/20100101 Firefox/134.0"
178.165.186.69 - - [05/Feb/2025:18:18:24 +0100] "GET /entry.php?id=10271&&ser=775844 HTTP/1.1" 200 987 "http://hausegger.activities.at/entry.php?id=10271&&ser=775784" "Mozilla/5.0 (Windows NT 10.0; Win64; x64; rv:134.0) Gecko/20100101 Firefox/134.0"
178.165.186.69 - - [05/Feb/2025:18:18:25 +0100] "GET /gui/javascript/form_form.js?1738775905 HTTP/1.1" 200 16206 "http://hausegger.activities.at/entry.php?id=10271&&ser=775844" "Mozilla/5.0 (Windows NT 10.0; Win64; x64; rv:134.0) Gecko/20100101 Firefox/134.0"
83.217.213.120 - - [05/Feb/2025:18:18:30 +0100] "GET / HTTP/1.0" 200 423 "http://food-and-drink.vienna-lodgings.at/" "Mozilla/5.0 (Windows NT 10.0; Win64; x64) AppleWebKit/537.36 (KHTML, like Gecko) Chrome/131.0.0.0 Safari/537.36 Avast/131.0.0.0"
178.165.186.69 - - [05/Feb/2025:18:19:25 +0100] "GET /entry.php?id=10271&&ser=775905 HTTP/1.1" 200 988 "http://hausegger.activities.at/entry.php?id=10271&&ser=775844" "Mozilla/5.0 (Windows NT 10.0; Win64; x64; rv:134.0) Gecko/20100101 Firefox/134.0"
178.165.186.69 - - [05/Feb/2025:18:19:25 +0100] "GET /gui/javascript/form_form.js?1738775965 HTTP/1.1" 200 16206 "http://hausegger.activities.at/entry.php?id=10271&&ser=775905" "Mozilla/5.0 (Windows NT 10.0; Win64; x64; rv:134.0) Gecko/20100101 Firefox/134.0"
178.165.186.69 - - [05/Feb/2025:18:20:25 +0100] "GET /entry.php?id=10271&&ser=775965 HTTP/1.1" 200 986 "http://hausegger.activities.at/entry.php?id=10271&&ser=775905" "Mozilla/5.0 (Windows NT 10.0; Win64; x64; rv:134.0) Gecko/20100101 Firefox/134.0"
178.165.186.69 - - [05/Feb/2025:18:20:26 +0100] "GET /gui/javascript/form_form.js?1738776025 HTTP/1.1" 200 16206 "http://hausegger.activities.at/entry.php?id=10271&&ser=775965" "Mozilla/5.0 (Windows NT 10.0; Win64; x64; rv:134.0) Gecko/20100101 Firefox/134.0"
178.165.186.69 - - [05/Feb/2025:18:21:26 +0100] "GET /entry.php?id=10271&&ser=776025 HTTP/1.1" 200 987 "http://hausegger.activities.at/entry.php?id=10271&&ser=775965" "Mozilla/5.0 (Windows NT 10.0; Win64; x64; rv:134.0) Gecko/20100101 Firefox/134.0"
178.165.186.69 - - [05/Feb/2025:18:21:26 +0100] "GET /gui/javascript/form_form.js?1738776086 HTTP/1.1" 200 16206 "http://hausegger.activities.at/entry.php?id=10271&&ser=776025" "Mozilla/5.0 (Windows NT 10.0; Win64; x64; rv:134.0) Gecko/20100101 Firefox/134.0"
178.165.186.69 - - [05/Feb/2025:18:22:26 +0100] "GET /entry.php?id=10271&&ser=776086 HTTP/1.1" 200 987 "http://hausegger.activities.at/entry.php?id=10271&&ser=776025" "Mozilla/5.0 (Windows NT 10.0; Win64; x64; rv:134.0) Gecko/20100101 Firefox/134.0"
178.165.186.69 - - [05/Feb/2025:18:22:26 +0100] "GET /gui/javascript/form_form.js?1738776146 HTTP/1.1" 200 16206 "http://hausegger.activities.at/entry.php?id=10271&&ser=776086" "Mozilla/5.0 (Windows NT 10.0; Win64; x64; rv:134.0) Gecko/20100101 Firefox/134.0"
178.165.186.69 - - [05/Feb/2025:18:23:27 +0100] "GET /entry.php?id=10271&&ser=776146 HTTP/1.1" 200 987 "http://hausegger.activities.at/entry.php?id=10271&&ser=776086" "Mozilla/5.0 (Windows NT 10.0; Win64; x64; rv:134.0) Gecko/20100101 Firefox/134.0"
178.165.186.69 - - [05/Feb/2025:18:23:27 +0100] "GET /gui/javascript/form_form.js?1738776207 HTTP/1.1" 200 16206 "http://hausegger.activities.at/entry.php?id=10271&&ser=776146" "Mozilla/5.0 (Windows NT 10.0; Win64; x64; rv:134.0) Gecko/20100101 Firefox/134.0"
83.217.213.120 - - [05/Feb/2025:18:24:19 +0100] "GET / HTTP/1.0" 200 423 "http://food-and-drink.vienna-lodgings.at/" "Mozilla/5.0 (Windows NT 10.0; Win64; x64) AppleWebKit/537.36 (KHTML, like Gecko) Chrome/131.0.0.0 Safari/537.36 Avast/131.0.0.0"
178.165.186.69 - - [05/Feb/2025:18:24:27 +0100] "GET /entry.php?id=10271&&ser=776207 HTTP/1.1" 200 987 "http://hausegger.activities.at/entry.php?id=10271&&ser=776146" "Mozilla/5.0 (Windows NT 10.0; Win64; x64; rv:134.0) Gecko/20100101 Firefox/134.0"
178.165.186.69 - - [05/Feb/2025:18:24:27 +0100] "GET /gui/javascript/form_form.js?1738776267 HTTP/1.1" 200 16206 "http://hausegger.activities.at/entry.php?id=10271&&ser=776207" "Mozilla/5.0 (Windows NT 10.0; Win64; x64; rv:134.0) Gecko/20100101 Firefox/134.0"
178.165.186.69 - - [05/Feb/2025:18:25:28 +0100] "GET /entry.php?id=10271&&ser=776267 HTTP/1.1" 200 987 "http://hausegger.activities.at/entry.php?id=10271&&ser=776207" "Mozilla/5.0 (Windows NT 10.0; Win64; x64; rv:134.0) Gecko/20100101 Firefox/134.0"
178.165.186.69 - - [05/Feb/2025:18:25:28 +0100] "GET /gui/javascript/form_form.js?1738776328 HTTP/1.1" 200 16206 "http://hausegger.activities.at/entry.php?id=10271&&ser=776267" "Mozilla/5.0 (Windows NT 10.0; Win64; x64; rv:134.0) Gecko/20100101 Firefox/134.0"
178.165.186.69 - - [05/Feb/2025:18:26:28 +0100] "GET /entry.php?id=10271&&ser=776328 HTTP/1.1" 200 987 "http://hausegger.activities.at/entry.php?id=10271&&ser=776267" "Mozilla/5.0 (Windows NT 10.0; Win64; x64; rv:134.0) Gecko/20100101 Firefox/134.0"
178.165.186.69 - - [05/Feb/2025:18:26:28 +0100] "GET /gui/javascript/form_form.js?1738776388 HTTP/1.1" 200 16206 "http://hausegger.activities.at/entry.php?id=10271&&ser=776328" "Mozilla/5.0 (Windows NT 10.0; Win64; x64; rv:134.0) Gecko/20100101 Firefox/134.0"
178.165.186.69 - - [05/Feb/2025:18:27:28 +0100] "GET /entry.php?id=10271&&ser=776388 HTTP/1.1" 200 987 "http://hausegger.activities.at/entry.php?id=10271&&ser=776328" "Mozilla/5.0 (Windows NT 10.0; Win64; x64; rv:134.0) Gecko/20100101 Firefox/134.0"
178.165.186.69 - - [05/Feb/2025:18:27:28 +0100] "GET /gui/javascript/form_form.js?1738776448 HTTP/1.1" 200 16206 "http://hausegger.activities.at/entry.php?id=10271&&ser=776388" "Mozilla/5.0 (Windows NT 10.0; Win64; x64; rv:134.0) Gecko/20100101 Firefox/134.0"
178.165.186.69 - - [05/Feb/2025:18:28:29 +0100] "GET /entry.php?id=10271&&ser=776448 HTTP/1.1" 200 987 "http://hausegger.activities.at/entry.php?id=10271&&ser=776388" "Mozilla/5.0 (Windows NT 10.0; Win64; x64; rv:134.0) Gecko/20100101 Firefox/134.0"
178.165.186.69 - - [05/Feb/2025:18:28:29 +0100] "GET /gui/javascript/form_form.js?1738776509 HTTP/1.1" 200 16206 "http://hausegger.activities.at/entry.php?id=10271&&ser=776448" "Mozilla/5.0 (Windows NT 10.0; Win64; x64; rv:134.0) Gecko/20100101 Firefox/134.0"
178.165.186.69 - - [05/Feb/2025:18:29:29 +0100] "GET /entry.php?id=10271&&ser=776509 HTTP/1.1" 200 987 "http://hausegger.activities.at/entry.php?id=10271&&ser=776448" "Mozilla/5.0 (Windows NT 10.0; Win64; x64; rv:134.0) Gecko/20100101 Firefox/134.0"
178.165.186.69 - - [05/Feb/2025:18:29:29 +0100] "GET /gui/javascript/form_form.js?1738776569 HTTP/1.1" 200 16206 "http://hausegger.activities.at/entry.php?id=10271&&ser=776509" "Mozilla/5.0 (Windows NT 10.0; Win64; x64; rv:134.0) Gecko/20100101 Firefox/134.0"
178.165.186.69 - - [05/Feb/2025:18:30:29 +0100] "GET /entry.php?id=10271&&ser=776569 HTTP/1.1" 200 987 "http://hausegger.activities.at/entry.php?id=10271&&ser=776509" "Mozilla/5.0 (Windows NT 10.0; Win64; x64; rv:134.0) Gecko/20100101 Firefox/134.0"
178.165.186.69 - - [05/Feb/2025:18:30:30 +0100] "GET /gui/javascript/form_form.js?1738776629 HTTP/1.1" 200 16206 "http://hausegger.activities.at/entry.php?id=10271&&ser=776569" "Mozilla/5.0 (Windows NT 10.0; Win64; x64; rv:134.0) Gecko/20100101 Firefox/134.0"
178.165.186.69 - - [05/Feb/2025:18:31:30 +0100] "GET /entry.php?id=10271&&ser=776629 HTTP/1.1" 200 987 "http://hausegger.activities.at/entry.php?id=10271&&ser=776569" "Mozilla/5.0 (Windows NT 10.0; Win64; x64; rv:134.0) Gecko/20100101 Firefox/134.0"
178.165.186.69 - - [05/Feb/2025:18:31:30 +0100] "GET /gui/javascript/form_form.js?1738776690 HTTP/1.1" 200 16206 "http://hausegger.activities.at/entry.php?id=10271&&ser=776629" "Mozilla/5.0 (Windows NT 10.0; Win64; x64; rv:134.0) Gecko/20100101 Firefox/134.0"
178.165.186.69 - - [05/Feb/2025:18:32:30 +0100] "GET /entry.php?id=10271&&ser=776690 HTTP/1.1" 200 987 "http://hausegger.activities.at/entry.php?id=10271&&ser=776629" "Mozilla/5.0 (Windows NT 10.0; Win64; x64; rv:134.0) Gecko/20100101 Firefox/134.0"
178.165.186.69 - - [05/Feb/2025:18:32:30 +0100] "GET /gui/javascript/form_form.js?1738776750 HTTP/1.1" 200 16206 "http://hausegger.activities.at/entry.php?id=10271&&ser=776690" "Mozilla/5.0 (Windows NT 10.0; Win64; x64; rv:134.0) Gecko/20100101 Firefox/134.0"
178.165.186.69 - - [05/Feb/2025:18:33:31 +0100] "GET /entry.php?id=10271&&ser=776750 HTTP/1.1" 200 986 "http://hausegger.activities.at/entry.php?id=10271&&ser=776690" "Mozilla/5.0 (Windows NT 10.0; Win64; x64; rv:134.0) Gecko/20100101 Firefox/134.0"
178.165.186.69 - - [05/Feb/2025:18:33:31 +0100] "GET /gui/javascript/form_form.js?1738776811 HTTP/1.1" 200 16206 "http://hausegger.activities.at/entry.php?id=10271&&ser=776750" "Mozilla/5.0 (Windows NT 10.0; Win64; x64; rv:134.0) Gecko/20100101 Firefox/134.0"
178.165.186.69 - - [05/Feb/2025:18:34:31 +0100] "GET /entry.php?id=10271&&ser=776811 HTTP/1.1" 200 986 "http://hausegger.activities.at/entry.php?id=10271&&ser=776750" "Mozilla/5.0 (Windows NT 10.0; Win64; x64; rv:134.0) Gecko/20100101 Firefox/134.0"
178.165.186.69 - - [05/Feb/2025:18:34:31 +0100] "GET /gui/javascript/form_form.js?1738776871 HTTP/1.1" 200 16206 "http://hausegger.activities.at/entry.php?id=10271&&ser=776811" "Mozilla/5.0 (Windows NT 10.0; Win64; x64; rv:134.0) Gecko/20100101 Firefox/134.0"
178.165.186.69 - - [05/Feb/2025:18:35:31 +0100] "GET /entry.php?id=10271&&ser=776871 HTTP/1.1" 200 986 "http://hausegger.activities.at/entry.php?id=10271&&ser=776811" "Mozilla/5.0 (Windows NT 10.0; Win64; x64; rv:134.0) Gecko/20100101 Firefox/134.0"
178.165.186.69 - - [05/Feb/2025:18:35:31 +0100] "GET /gui/javascript/form_form.js?1738776931 HTTP/1.1" 200 16206 "http://hausegger.activities.at/entry.php?id=10271&&ser=776871" "Mozilla/5.0 (Windows NT 10.0; Win64; x64; rv:134.0) Gecko/20100101 Firefox/134.0"
185.180.140.4 - - [05/Feb/2025:18:35:37 +0100] "GET / HTTP/1.1" 200 274 "-" "Mozilla/5.0 (Windows NT 10.0; Win64; x64) AppleWebKit/537.36 (KHTML, like Gecko) Chrome/60.0.3112.113 Safari/537.36"
178.165.186.69 - - [05/Feb/2025:18:36:32 +0100] "GET /entry.php?id=10271&&ser=776931 HTTP/1.1" 200 987 "http://hausegger.activities.at/entry.php?id=10271&&ser=776871" "Mozilla/5.0 (Windows NT 10.0; Win64; x64; rv:134.0) Gecko/20100101 Firefox/134.0"
178.165.186.69 - - [05/Feb/2025:18:36:32 +0100] "GET /gui/javascript/form_form.js?1738776992 HTTP/1.1" 200 16206 "http://hausegger.activities.at/entry.php?id=10271&&ser=776931" "Mozilla/5.0 (Windows NT 10.0; Win64; x64; rv:134.0) Gecko/20100101 Firefox/134.0"
178.165.186.69 - - [05/Feb/2025:18:37:32 +0100] "GET /entry.php?id=10271&&ser=776992 HTTP/1.1" 200 987 "http://hausegger.activities.at/entry.php?id=10271&&ser=776931" "Mozilla/5.0 (Windows NT 10.0; Win64; x64; rv:134.0) Gecko/20100101 Firefox/134.0"
178.165.186.69 - - [05/Feb/2025:18:37:32 +0100] "GET /gui/javascript/form_form.js?1738777052 HTTP/1.1" 200 16206 "http://hausegger.activities.at/entry.php?id=10271&&ser=776992" "Mozilla/5.0 (Windows NT 10.0; Win64; x64; rv:134.0) Gecko/20100101 Firefox/134.0"
178.165.186.69 - - [05/Feb/2025:18:38:32 +0100] "GET /entry.php?id=10271&&ser=777052 HTTP/1.1" 200 988 "http://hausegger.activities.at/entry.php?id=10271&&ser=776992" "Mozilla/5.0 (Windows NT 10.0; Win64; x64; rv:134.0) Gecko/20100101 Firefox/134.0"
178.165.186.69 - - [05/Feb/2025:18:38:33 +0100] "GET /gui/javascript/form_form.js?1738777113 HTTP/1.1" 200 16206 "http://hausegger.activities.at/entry.php?id=10271&&ser=777052" "Mozilla/5.0 (Windows NT 10.0; Win64; x64; rv:134.0) Gecko/20100101 Firefox/134.0"
24.159.119.172 - - [05/Feb/2025:18:39:31 +0100] "GET / HTTP/1.0" 200 423 "-" "curl/7.88.1"
178.165.186.69 - - [05/Feb/2025:18:39:33 +0100] "GET /entry.php?id=10271&&ser=777112 HTTP/1.1" 200 986 "http://hausegger.activities.at/entry.php?id=10271&&ser=777052" "Mozilla/5.0 (Windows NT 10.0; Win64; x64; rv:134.0) Gecko/20100101 Firefox/134.0"
178.165.186.69 - - [05/Feb/2025:18:39:33 +0100] "GET /gui/javascript/form_form.js?1738777173 HTTP/1.1" 200 16206 "http://hausegger.activities.at/entry.php?id=10271&&ser=777112" "Mozilla/5.0 (Windows NT 10.0; Win64; x64; rv:134.0) Gecko/20100101 Firefox/134.0"
194.50.16.252 - - [05/Feb/2025:18:39:52 +0100] "GET / HTTP/1.1" 200 274 "-" "Mozilla/5.0 (Knoppix; Linux x86_64) AppleWebKit/537.36 (KHTML, like Gecko) Chrome/119.0.0.0 Safari/537.36"
194.50.16.252 - - [05/Feb/2025:18:40:29 +0100] "GET / HTTP/1.1" 200 274 "-" "Mozilla/5.0 (Knoppix; Linux i686) AppleWebKit/537.36 (KHTML, like Gecko) Chrome/121.0.0.0 Safari/537.36"
178.165.186.69 - - [05/Feb/2025:18:40:33 +0100] "GET /entry.php?id=10271&&ser=777173 HTTP/1.1" 200 987 "http://hausegger.activities.at/entry.php?id=10271&&ser=777112" "Mozilla/5.0 (Windows NT 10.0; Win64; x64; rv:134.0) Gecko/20100101 Firefox/134.0"
178.165.186.69 - - [05/Feb/2025:18:40:33 +0100] "GET /gui/javascript/form_form.js?1738777233 HTTP/1.1" 200 16206 "http://hausegger.activities.at/entry.php?id=10271&&ser=777173" "Mozilla/5.0 (Windows NT 10.0; Win64; x64; rv:134.0) Gecko/20100101 Firefox/134.0"
178.165.186.69 - - [05/Feb/2025:18:41:34 +0100] "GET /entry.php?id=10271&&ser=777233 HTTP/1.1" 200 987 "http://hausegger.activities.at/entry.php?id=10271&&ser=777173" "Mozilla/5.0 (Windows NT 10.0; Win64; x64; rv:134.0) Gecko/20100101 Firefox/134.0"
178.165.186.69 - - [05/Feb/2025:18:41:34 +0100] "GET /gui/javascript/form_form.js?1738777294 HTTP/1.1" 200 16206 "http://hausegger.activities.at/entry.php?id=10271&&ser=777233" "Mozilla/5.0 (Windows NT 10.0; Win64; x64; rv:134.0) Gecko/20100101 Firefox/134.0"
178.165.186.69 - - [05/Feb/2025:18:42:34 +0100] "GET /entry.php?id=10271&&ser=777294 HTTP/1.1" 200 987 "http://hausegger.activities.at/entry.php?id=10271&&ser=777233" "Mozilla/5.0 (Windows NT 10.0; Win64; x64; rv:134.0) Gecko/20100101 Firefox/134.0"
178.165.186.69 - - [05/Feb/2025:18:42:34 +0100] "GET /gui/javascript/form_form.js?1738777354 HTTP/1.1" 200 16206 "http://hausegger.activities.at/entry.php?id=10271&&ser=777294" "Mozilla/5.0 (Windows NT 10.0; Win64; x64; rv:134.0) Gecko/20100101 Firefox/134.0"
178.165.186.69 - - [05/Feb/2025:18:43:34 +0100] "GET /entry.php?id=10271&&ser=777354 HTTP/1.1" 200 987 "http://hausegger.activities.at/entry.php?id=10271&&ser=777294" "Mozilla/5.0 (Windows NT 10.0; Win64; x64; rv:134.0) Gecko/20100101 Firefox/134.0"
178.165.186.69 - - [05/Feb/2025:18:43:34 +0100] "GET /gui/javascript/form_form.js?1738777414 HTTP/1.1" 200 16206 "http://hausegger.activities.at/entry.php?id=10271&&ser=777354" "Mozilla/5.0 (Windows NT 10.0; Win64; x64; rv:134.0) Gecko/20100101 Firefox/134.0"
178.165.186.69 - - [05/Feb/2025:18:44:35 +0100] "GET /entry.php?id=10271&&ser=777414 HTTP/1.1" 200 987 "http://hausegger.activities.at/entry.php?id=10271&&ser=777354" "Mozilla/5.0 (Windows NT 10.0; Win64; x64; rv:134.0) Gecko/20100101 Firefox/134.0"
178.165.186.69 - - [05/Feb/2025:18:44:35 +0100] "GET /gui/javascript/form_form.js?1738777475 HTTP/1.1" 200 16206 "http://hausegger.activities.at/entry.php?id=10271&&ser=777414" "Mozilla/5.0 (Windows NT 10.0; Win64; x64; rv:134.0) Gecko/20100101 Firefox/134.0"
178.165.186.69 - - [05/Feb/2025:18:45:35 +0100] "GET /entry.php?id=10271&&ser=777475 HTTP/1.1" 200 988 "http://hausegger.activities.at/entry.php?id=10271&&ser=777414" "Mozilla/5.0 (Windows NT 10.0; Win64; x64; rv:134.0) Gecko/20100101 Firefox/134.0"
178.165.186.69 - - [05/Feb/2025:18:45:35 +0100] "GET /gui/javascript/form_form.js?1738777535 HTTP/1.1" 200 16206 "http://hausegger.activities.at/entry.php?id=10271&&ser=777475" "Mozilla/5.0 (Windows NT 10.0; Win64; x64; rv:134.0) Gecko/20100101 Firefox/134.0"
178.165.186.69 - - [05/Feb/2025:18:46:36 +0100] "GET /entry.php?id=10271&&ser=777535 HTTP/1.1" 200 987 "http://hausegger.activities.at/entry.php?id=10271&&ser=777475" "Mozilla/5.0 (Windows NT 10.0; Win64; x64; rv:134.0) Gecko/20100101 Firefox/134.0"
178.165.186.69 - - [05/Feb/2025:18:46:36 +0100] "GET /gui/javascript/form_form.js?1738777596 HTTP/1.1" 200 16206 "http://hausegger.activities.at/entry.php?id=10271&&ser=777535" "Mozilla/5.0 (Windows NT 10.0; Win64; x64; rv:134.0) Gecko/20100101 Firefox/134.0"
156.59.198.136 - - [05/Feb/2025:18:46:47 +0100] "GET /renault.activities.at/htdocs/pinEdit/editor/help/userhelp-Dateien/image004.jpg HTTP/1.0" 404 327 "-" "Mozilla/5.0 (Linux; Android 5.0) AppleWebKit/537.36 (KHTML, like Gecko) Mobile Safari/537.36 (compatible; Bytespider; spider-feedback@bytedance.com)"
178.165.186.69 - - [05/Feb/2025:18:47:36 +0100] "GET /entry.php?id=10271&&ser=777596 HTTP/1.1" 200 987 "http://hausegger.activities.at/entry.php?id=10271&&ser=777535" "Mozilla/5.0 (Windows NT 10.0; Win64; x64; rv:134.0) Gecko/20100101 Firefox/134.0"
178.165.186.69 - - [05/Feb/2025:18:47:36 +0100] "GET /gui/javascript/form_form.js?1738777656 HTTP/1.1" 200 16206 "http://hausegger.activities.at/entry.php?id=10271&&ser=777596" "Mozilla/5.0 (Windows NT 10.0; Win64; x64; rv:134.0) Gecko/20100101 Firefox/134.0"
178.165.186.69 - - [05/Feb/2025:18:48:36 +0100] "GET /entry.php?id=10271&&ser=777656 HTTP/1.1" 200 987 "http://hausegger.activities.at/entry.php?id=10271&&ser=777596" "Mozilla/5.0 (Windows NT 10.0; Win64; x64; rv:134.0) Gecko/20100101 Firefox/134.0"
178.165.186.69 - - [05/Feb/2025:18:48:37 +0100] "GET /gui/javascript/form_form.js?1738777716 HTTP/1.1" 200 16206 "http://hausegger.activities.at/entry.php?id=10271&&ser=777656" "Mozilla/5.0 (Windows NT 10.0; Win64; x64; rv:134.0) Gecko/20100101 Firefox/134.0"
178.165.186.69 - - [05/Feb/2025:18:49:37 +0100] "GET /entry.php?id=10271&&ser=777716 HTTP/1.1" 200 985 "http://hausegger.activities.at/entry.php?id=10271&&ser=777656" "Mozilla/5.0 (Windows NT 10.0; Win64; x64; rv:134.0) Gecko/20100101 Firefox/134.0"
178.165.186.69 - - [05/Feb/2025:18:49:37 +0100] "GET /gui/javascript/form_form.js?1738777777 HTTP/1.1" 200 16206 "http://hausegger.activities.at/entry.php?id=10271&&ser=777716" "Mozilla/5.0 (Windows NT 10.0; Win64; x64; rv:134.0) Gecko/20100101 Firefox/134.0"
178.165.186.69 - - [05/Feb/2025:18:50:37 +0100] "GET /entry.php?id=10271&&ser=777777 HTTP/1.1" 200 987 "http://hausegger.activities.at/entry.php?id=10271&&ser=777716" "Mozilla/5.0 (Windows NT 10.0; Win64; x64; rv:134.0) Gecko/20100101 Firefox/134.0"
178.165.186.69 - - [05/Feb/2025:18:50:38 +0100] "GET /gui/javascript/form_form.js?1738777837 HTTP/1.1" 200 16206 "http://hausegger.activities.at/entry.php?id=10271&&ser=777777" "Mozilla/5.0 (Windows NT 10.0; Win64; x64; rv:134.0) Gecko/20100101 Firefox/134.0"
178.165.186.69 - - [05/Feb/2025:18:51:38 +0100] "GET /entry.php?id=10271&&ser=777837 HTTP/1.1" 200 987 "http://hausegger.activities.at/entry.php?id=10271&&ser=777777" "Mozilla/5.0 (Windows NT 10.0; Win64; x64; rv:134.0) Gecko/20100101 Firefox/134.0"
178.165.186.69 - - [05/Feb/2025:18:51:38 +0100] "GET /gui/javascript/form_form.js?1738777898 HTTP/1.1" 200 16206 "http://hausegger.activities.at/entry.php?id=10271&&ser=777837" "Mozilla/5.0 (Windows NT 10.0; Win64; x64; rv:134.0) Gecko/20100101 Firefox/134.0"
178.165.186.69 - - [05/Feb/2025:18:52:39 +0100] "GET /entry.php?id=10271&&ser=777898 HTTP/1.1" 200 987 "http://hausegger.activities.at/entry.php?id=10271&&ser=777837" "Mozilla/5.0 (Windows NT 10.0; Win64; x64; rv:134.0) Gecko/20100101 Firefox/134.0"
178.165.186.69 - - [05/Feb/2025:18:52:39 +0100] "GET /gui/javascript/form_form.js?1738777959 HTTP/1.1" 200 16206 "http://hausegger.activities.at/entry.php?id=10271&&ser=777898" "Mozilla/5.0 (Windows NT 10.0; Win64; x64; rv:134.0) Gecko/20100101 Firefox/134.0"
178.165.186.69 - - [05/Feb/2025:18:53:39 +0100] "GET /entry.php?id=10271&&ser=777959 HTTP/1.1" 200 986 "http://hausegger.activities.at/entry.php?id=10271&&ser=777898" "Mozilla/5.0 (Windows NT 10.0; Win64; x64; rv:134.0) Gecko/20100101 Firefox/134.0"
178.165.186.69 - - [05/Feb/2025:18:53:39 +0100] "GET /gui/javascript/form_form.js?1738778019 HTTP/1.1" 200 16206 "http://hausegger.activities.at/entry.php?id=10271&&ser=777959" "Mozilla/5.0 (Windows NT 10.0; Win64; x64; rv:134.0) Gecko/20100101 Firefox/134.0"
178.165.186.69 - - [05/Feb/2025:18:54:39 +0100] "GET /entry.php?id=10271&&ser=778019 HTTP/1.1" 200 987 "http://hausegger.activities.at/entry.php?id=10271&&ser=777959" "Mozilla/5.0 (Windows NT 10.0; Win64; x64; rv:134.0) Gecko/20100101 Firefox/134.0"
178.165.186.69 - - [05/Feb/2025:18:54:39 +0100] "GET /gui/javascript/form_form.js?1738778079 HTTP/1.1" 200 16206 "http://hausegger.activities.at/entry.php?id=10271&&ser=778019" "Mozilla/5.0 (Windows NT 10.0; Win64; x64; rv:134.0) Gecko/20100101 Firefox/134.0"
178.165.186.69 - - [05/Feb/2025:18:55:40 +0100] "GET /entry.php?id=10271&&ser=778079 HTTP/1.1" 200 986 "http://hausegger.activities.at/entry.php?id=10271&&ser=778019" "Mozilla/5.0 (Windows NT 10.0; Win64; x64; rv:134.0) Gecko/20100101 Firefox/134.0"
178.165.186.69 - - [05/Feb/2025:18:55:40 +0100] "GET /gui/javascript/form_form.js?1738778140 HTTP/1.1" 200 16206 "http://hausegger.activities.at/entry.php?id=10271&&ser=778079" "Mozilla/5.0 (Windows NT 10.0; Win64; x64; rv:134.0) Gecko/20100101 Firefox/134.0"
156.59.198.135 - - [05/Feb/2025:18:55:53 +0100] "GET /ed-test.2web.at/stats/lang/awstats-nb.txt HTTP/1.0" 404 302 "-" "Mozilla/5.0 (Linux; Android 5.0) AppleWebKit/537.36 (KHTML, like Gecko) Mobile Safari/537.36 (compatible; Bytespider; spider-feedback@bytedance.com)"
178.165.186.69 - - [05/Feb/2025:18:56:40 +0100] "GET /entry.php?id=10271&&ser=778140 HTTP/1.1" 200 986 "http://hausegger.activities.at/entry.php?id=10271&&ser=778079" "Mozilla/5.0 (Windows NT 10.0; Win64; x64; rv:134.0) Gecko/20100101 Firefox/134.0"
