178.165.186.69 - - [11/Feb/2025:11:02:34 +0100] "GET /gui/javascript/form_form.js?1739268154 HTTP/1.1" 200 16206 "http://hausegger.activities.at/entry.php?id=10828" "Mozilla/5.0 (Windows NT 10.0; Win64; x64; rv:135.0) Gecko/20100101 Firefox/135.0"
178.165.186.69 - - [11/Feb/2025:11:02:35 +0100] "GET /entry.php?id=10889&document_id=10347389& HTTP/1.1" 200 1508 "http://hausegger.activities.at/entry.php?id=10828" "Mozilla/5.0 (Windows NT 10.0; Win64; x64; rv:135.0) Gecko/20100101 Firefox/135.0"
178.165.186.69 - - [11/Feb/2025:11:02:35 +0100] "GET /gui/javascript/form_form.js?1739268155 HTTP/1.1" 200 16206 "http://hausegger.activities.at/entry.php?id=10889&document_id=10347389&" "Mozilla/5.0 (Windows NT 10.0; Win64; x64; rv:135.0) Gecko/20100101 Firefox/135.0"
178.165.186.69 - - [11/Feb/2025:11:02:36 +0100] "POST /entry.php?id=10828 HTTP/1.1" 200 4777 "http://hausegger.activities.at/entry.php?id=10828" "Mozilla/5.0 (Windows NT 10.0; Win64; x64; rv:135.0) Gecko/20100101 Firefox/135.0"
178.165.186.69 - - [11/Feb/2025:11:02:36 +0100] "GET /gui/javascript/form_form.js?1739268156 HTTP/1.1" 200 16206 "http://hausegger.activities.at/entry.php?id=10828" "Mozilla/5.0 (Windows NT 10.0; Win64; x64; rv:135.0) Gecko/20100101 Firefox/135.0"
178.165.186.69 - - [11/Feb/2025:11:02:36 +0100] "GET /entry.php?id=10830&&object=10347389&account=&mode=documentdebitor HTTP/1.1" 200 5273 "http://hausegger.activities.at/entry.php?id=10828" "Mozilla/5.0 (Windows NT 10.0; Win64; x64; rv:135.0) Gecko/20100101 Firefox/135.0"
178.165.186.69 - - [11/Feb/2025:11:02:36 +0100] "GET /entry.php?id=10889&document_id=10347389& HTTP/1.1" 200 1509 "http://hausegger.activities.at/entry.php?id=10828" "Mozilla/5.0 (Windows NT 10.0; Win64; x64; rv:135.0) Gecko/20100101 Firefox/135.0"
178.165.186.69 - - [11/Feb/2025:11:02:38 +0100] "POST /entry.php?id=10889 HTTP/1.1" 200 1663 "http://hausegger.activities.at/entry.php?id=10889&document_id=10347389&" "Mozilla/5.0 (Windows NT 10.0; Win64; x64; rv:135.0) Gecko/20100101 Firefox/135.0"
178.165.186.69 - - [11/Feb/2025:11:02:38 +0100] "GET /gui/javascript/form_form.js?1739268158 HTTP/1.1" 200 16206 "http://hausegger.activities.at/entry.php?id=10889" "Mozilla/5.0 (Windows NT 10.0; Win64; x64; rv:135.0) Gecko/20100101 Firefox/135.0"
93.170.123.71 - - [11/Feb/2025:11:02:39 +0100] "GET / HTTP/1.1" 200 423 "-" "-"
178.165.186.69 - - [11/Feb/2025:11:02:41 +0100] "POST /entry.php?id=10889 HTTP/1.1" 200 1823 "http://hausegger.activities.at/entry.php?id=10889" "Mozilla/5.0 (Windows NT 10.0; Win64; x64; rv:135.0) Gecko/20100101 Firefox/135.0"
178.165.186.69 - - [11/Feb/2025:11:02:42 +0100] "GET /gui/javascript/form_form.js?1739268162 HTTP/1.1" 200 16206 "http://hausegger.activities.at/entry.php?id=10889" "Mozilla/5.0 (Windows NT 10.0; Win64; x64; rv:135.0) Gecko/20100101 Firefox/135.0"
156.59.198.135 - - [11/Feb/2025:11:02:43 +0100] "GET /ed-test.2web.at/stats/lang/awstats-nb.txt HTTP/1.0" 404 302 "-" "Mozilla/5.0 (Linux; Android 5.0) AppleWebKit/537.36 (KHTML, like Gecko) Mobile Safari/537.36 (compatible; Bytespider; spider-feedback@bytedance.com)"
178.165.186.69 - - [11/Feb/2025:11:02:50 +0100] "GET /entry.php?id=11270&document=10347389 HTTP/1.1" 200 1974 "http://hausegger.activities.at/entry.php?id=10828" "Mozilla/5.0 (Windows NT 10.0; Win64; x64; rv:135.0) Gecko/20100101 Firefox/135.0"
178.165.186.69 - - [11/Feb/2025:11:02:50 +0100] "GET /gui/javascript/form_bu_document.js?1739268170 HTTP/1.1" 200 2675 "http://hausegger.activities.at/entry.php?id=11270&document=10347389" "Mozilla/5.0 (Windows NT 10.0; Win64; x64; rv:135.0) Gecko/20100101 Firefox/135.0"
178.165.186.69 - - [11/Feb/2025:11:02:50 +0100] "GET /gui/javascript/form_form.js?1739268170 HTTP/1.1" 200 16206 "http://hausegger.activities.at/entry.php?id=11270&document=10347389" "Mozilla/5.0 (Windows NT 10.0; Win64; x64; rv:135.0) Gecko/20100101 Firefox/135.0"
178.165.186.69 - - [11/Feb/2025:11:02:50 +0100] "GET /entry.php?id=10877&mode=observePrint HTTP/1.1" 200 55 "http://hausegger.activities.at/entry.php?id=11270&document=10347389" "Mozilla/5.0 (Windows NT 10.0; Win64; x64; rv:135.0) Gecko/20100101 Firefox/135.0"
178.165.186.69 - - [11/Feb/2025:11:02:50 +0100] "GET /entry.php?id=11241&images=false&document=10347389 HTTP/1.1" 200 2428 "http://hausegger.activities.at/entry.php?id=11270&document=10347389" "Mozilla/5.0 (Windows NT 10.0; Win64; x64; rv:135.0) Gecko/20100101 Firefox/135.0"
178.165.186.69 - - [11/Feb/2025:11:02:52 +0100] "GET /entry.php?id=10271&&ser=268111 HTTP/1.1" 200 987 "http://hausegger.activities.at/entry.php?id=10271&&ser=268051" "Mozilla/5.0 (Windows NT 10.0; Win64; x64; rv:135.0) Gecko/20100101 Firefox/135.0"
178.165.186.69 - - [11/Feb/2025:11:02:52 +0100] "GET /gui/javascript/form_form.js?1739268172 HTTP/1.1" 200 16206 "http://hausegger.activities.at/entry.php?id=10271&&ser=268111" "Mozilla/5.0 (Windows NT 10.0; Win64; x64; rv:135.0) Gecko/20100101 Firefox/135.0"
178.165.186.69 - - [11/Feb/2025:11:03:52 +0100] "GET /entry.php?id=10271&&ser=268172 HTTP/1.1" 200 987 "http://hausegger.activities.at/entry.php?id=10271&&ser=268111" "Mozilla/5.0 (Windows NT 10.0; Win64; x64; rv:135.0) Gecko/20100101 Firefox/135.0"
178.165.186.69 - - [11/Feb/2025:11:03:52 +0100] "GET /gui/javascript/form_form.js?1739268232 HTTP/1.1" 200 16206 "http://hausegger.activities.at/entry.php?id=10271&&ser=268172" "Mozilla/5.0 (Windows NT 10.0; Win64; x64; rv:135.0) Gecko/20100101 Firefox/135.0"
178.165.186.69 - - [11/Feb/2025:11:04:52 +0100] "GET /entry.php?id=10271&&ser=268232 HTTP/1.1" 200 987 "http://hausegger.activities.at/entry.php?id=10271&&ser=268172" "Mozilla/5.0 (Windows NT 10.0; Win64; x64; rv:135.0) Gecko/20100101 Firefox/135.0"
178.165.186.69 - - [11/Feb/2025:11:04:52 +0100] "GET /gui/javascript/form_form.js?1739268292 HTTP/1.1" 200 16206 "http://hausegger.activities.at/entry.php?id=10271&&ser=268232" "Mozilla/5.0 (Windows NT 10.0; Win64; x64; rv:135.0) Gecko/20100101 Firefox/135.0"
178.165.186.69 - - [11/Feb/2025:11:05:52 +0100] "GET /entry.php?id=10271&&ser=268292 HTTP/1.1" 200 987 "http://hausegger.activities.at/entry.php?id=10271&&ser=268232" "Mozilla/5.0 (Windows NT 10.0; Win64; x64; rv:135.0) Gecko/20100101 Firefox/135.0"
178.165.186.69 - - [11/Feb/2025:11:05:53 +0100] "GET /gui/javascript/form_form.js?1739268352 HTTP/1.1" 200 16206 "http://hausegger.activities.at/entry.php?id=10271&&ser=268292" "Mozilla/5.0 (Windows NT 10.0; Win64; x64; rv:135.0) Gecko/20100101 Firefox/135.0"
156.59.198.135 - - [11/Feb/2025:11:06:43 +0100] "GET /renault.activities.at/htdocs/editor/design/image/Office2003/tm_remove.gif HTTP/1.0" 404 327 "-" "Mozilla/5.0 (Linux; Android 5.0) AppleWebKit/537.36 (KHTML, like Gecko) Mobile Safari/537.36 (compatible; Bytespider; spider-feedback@bytedance.com)"
178.165.186.69 - - [11/Feb/2025:11:06:54 +0100] "GET /entry.php?id=10271&&ser=268352 HTTP/1.1" 200 987 "http://hausegger.activities.at/entry.php?id=10271&&ser=268292" "Mozilla/5.0 (Windows NT 10.0; Win64; x64; rv:135.0) Gecko/20100101 Firefox/135.0"
178.165.186.69 - - [11/Feb/2025:11:06:54 +0100] "GET /gui/javascript/form_form.js?1739268414 HTTP/1.1" 200 16206 "http://hausegger.activities.at/entry.php?id=10271&&ser=268352" "Mozilla/5.0 (Windows NT 10.0; Win64; x64; rv:135.0) Gecko/20100101 Firefox/135.0"
178.165.186.69 - - [11/Feb/2025:11:07:49 +0100] "GET /entry.php?id=10828 HTTP/1.1" 200 9143 "http://hausegger.activities.at/entry.php?id=10270&__app__=10006038" "Mozilla/5.0 (Windows NT 10.0; Win64; x64; rv:135.0) Gecko/20100101 Firefox/135.0"
178.165.186.69 - - [11/Feb/2025:11:07:49 +0100] "GET /gui/javascript/form_form.js?1739268469 HTTP/1.1" 200 16206 "http://hausegger.activities.at/entry.php?id=10828" "Mozilla/5.0 (Windows NT 10.0; Win64; x64; rv:135.0) Gecko/20100101 Firefox/135.0"
178.165.186.69 - - [11/Feb/2025:11:07:49 +0100] "GET /entry.php?id=10889&document_id=& HTTP/1.1" 200 1510 "http://hausegger.activities.at/entry.php?id=10828" "Mozilla/5.0 (Windows NT 10.0; Win64; x64; rv:135.0) Gecko/20100101 Firefox/135.0"
178.165.186.69 - - [11/Feb/2025:11:07:54 +0100] "GET /entry.php?id=10271&&ser=268414 HTTP/1.1" 200 987 "http://hausegger.activities.at/entry.php?id=10271&&ser=268352" "Mozilla/5.0 (Windows NT 10.0; Win64; x64; rv:135.0) Gecko/20100101 Firefox/135.0"
178.165.186.69 - - [11/Feb/2025:11:07:54 +0100] "GET /gui/javascript/form_form.js?1739268474 HTTP/1.1" 200 16206 "http://hausegger.activities.at/entry.php?id=10271&&ser=268414" "Mozilla/5.0 (Windows NT 10.0; Win64; x64; rv:135.0) Gecko/20100101 Firefox/135.0"
178.165.186.69 - - [11/Feb/2025:11:08:54 +0100] "GET /entry.php?id=10271&&ser=268474 HTTP/1.1" 200 988 "http://hausegger.activities.at/entry.php?id=10271&&ser=268414" "Mozilla/5.0 (Windows NT 10.0; Win64; x64; rv:135.0) Gecko/20100101 Firefox/135.0"
178.165.186.69 - - [11/Feb/2025:11:08:55 +0100] "GET /gui/javascript/form_form.js?1739268535 HTTP/1.1" 200 16206 "http://hausegger.activities.at/entry.php?id=10271&&ser=268474" "Mozilla/5.0 (Windows NT 10.0; Win64; x64; rv:135.0) Gecko/20100101 Firefox/135.0"
178.165.186.69 - - [11/Feb/2025:11:10:00 +0100] "GET /entry.php?id=10271&&ser=268535 HTTP/1.1" 200 987 "http://hausegger.activities.at/entry.php?id=10271&&ser=268474" "Mozilla/5.0 (Windows NT 10.0; Win64; x64; rv:135.0) Gecko/20100101 Firefox/135.0"
178.165.186.69 - - [11/Feb/2025:11:10:00 +0100] "GET /gui/javascript/form_form.js?1739268600 HTTP/1.1" 200 16206 "http://hausegger.activities.at/entry.php?id=10271&&ser=268535" "Mozilla/5.0 (Windows NT 10.0; Win64; x64; rv:135.0) Gecko/20100101 Firefox/135.0"
156.59.198.135 - - [11/Feb/2025:11:10:43 +0100] "GET /ed-test.2web.at/stats/lang/awstats-ro.txt HTTP/1.0" 404 302 "-" "Mozilla/5.0 (Linux; Android 5.0) AppleWebKit/537.36 (KHTML, like Gecko) Mobile Safari/537.36 (compatible; Bytespider; spider-feedback@bytedance.com)"
178.165.186.69 - - [11/Feb/2025:11:11:01 +0100] "GET /entry.php?id=10271&&ser=268600 HTTP/1.1" 200 987 "http://hausegger.activities.at/entry.php?id=10271&&ser=268535" "Mozilla/5.0 (Windows NT 10.0; Win64; x64; rv:135.0) Gecko/20100101 Firefox/135.0"
178.165.186.69 - - [11/Feb/2025:11:11:01 +0100] "GET /gui/javascript/form_form.js?1739268661 HTTP/1.1" 200 16206 "http://hausegger.activities.at/entry.php?id=10271&&ser=268600" "Mozilla/5.0 (Windows NT 10.0; Win64; x64; rv:135.0) Gecko/20100101 Firefox/135.0"
178.165.186.69 - - [11/Feb/2025:11:12:01 +0100] "GET /entry.php?id=10271&&ser=268661 HTTP/1.1" 200 986 "http://hausegger.activities.at/entry.php?id=10271&&ser=268600" "Mozilla/5.0 (Windows NT 10.0; Win64; x64; rv:135.0) Gecko/20100101 Firefox/135.0"
178.165.186.69 - - [11/Feb/2025:11:12:01 +0100] "GET /gui/javascript/form_form.js?1739268721 HTTP/1.1" 200 16206 "http://hausegger.activities.at/entry.php?id=10271&&ser=268661" "Mozilla/5.0 (Windows NT 10.0; Win64; x64; rv:135.0) Gecko/20100101 Firefox/135.0"
216.244.66.235 - - [11/Feb/2025:11:12:20 +0100] "GET /robots.txt HTTP/1.1" 404 375 "-" "Mozilla/5.0 (compatible; DotBot/1.2; +https://opensiteexplorer.org/dotbot; help@moz.com)"
178.165.186.69 - - [11/Feb/2025:11:13:01 +0100] "GET /entry.php?id=10271&&ser=268721 HTTP/1.1" 200 986 "http://hausegger.activities.at/entry.php?id=10271&&ser=268661" "Mozilla/5.0 (Windows NT 10.0; Win64; x64; rv:135.0) Gecko/20100101 Firefox/135.0"
178.165.186.69 - - [11/Feb/2025:11:13:01 +0100] "GET /gui/javascript/form_form.js?1739268781 HTTP/1.1" 200 16206 "http://hausegger.activities.at/entry.php?id=10271&&ser=268721" "Mozilla/5.0 (Windows NT 10.0; Win64; x64; rv:135.0) Gecko/20100101 Firefox/135.0"
178.165.186.69 - - [11/Feb/2025:11:14:01 +0100] "GET /entry.php?id=10271&&ser=268781 HTTP/1.1" 200 987 "http://hausegger.activities.at/entry.php?id=10271&&ser=268721" "Mozilla/5.0 (Windows NT 10.0; Win64; x64; rv:135.0) Gecko/20100101 Firefox/135.0"
178.165.186.69 - - [11/Feb/2025:11:14:02 +0100] "GET /gui/javascript/form_form.js?1739268842 HTTP/1.1" 200 16206 "http://hausegger.activities.at/entry.php?id=10271&&ser=268781" "Mozilla/5.0 (Windows NT 10.0; Win64; x64; rv:135.0) Gecko/20100101 Firefox/135.0"
156.59.198.136 - - [11/Feb/2025:11:14:43 +0100] "GET /renault.activities.at/htdocs/editor/design/image/Office2003/left.gif HTTP/1.0" 404 323 "-" "Mozilla/5.0 (Linux; Android 5.0) AppleWebKit/537.36 (KHTML, like Gecko) Mobile Safari/537.36 (compatible; Bytespider; spider-feedback@bytedance.com)"
178.165.186.69 - - [11/Feb/2025:11:15:02 +0100] "GET /entry.php?id=10271&&ser=268842 HTTP/1.1" 200 987 "http://hausegger.activities.at/entry.php?id=10271&&ser=268781" "Mozilla/5.0 (Windows NT 10.0; Win64; x64; rv:135.0) Gecko/20100101 Firefox/135.0"
178.165.186.69 - - [11/Feb/2025:11:15:02 +0100] "GET /gui/javascript/form_form.js?1739268902 HTTP/1.1" 200 16206 "http://hausegger.activities.at/entry.php?id=10271&&ser=268842" "Mozilla/5.0 (Windows NT 10.0; Win64; x64; rv:135.0) Gecko/20100101 Firefox/135.0"
178.165.186.69 - - [11/Feb/2025:11:16:02 +0100] "GET /entry.php?id=10271&&ser=268902 HTTP/1.1" 200 987 "http://hausegger.activities.at/entry.php?id=10271&&ser=268842" "Mozilla/5.0 (Windows NT 10.0; Win64; x64; rv:135.0) Gecko/20100101 Firefox/135.0"
178.165.186.69 - - [11/Feb/2025:11:16:02 +0100] "GET /gui/javascript/form_form.js?1739268962 HTTP/1.1" 200 16206 "http://hausegger.activities.at/entry.php?id=10271&&ser=268902" "Mozilla/5.0 (Windows NT 10.0; Win64; x64; rv:135.0) Gecko/20100101 Firefox/135.0"
178.165.186.69 - - [11/Feb/2025:11:17:02 +0100] "GET /entry.php?id=10271&&ser=268962 HTTP/1.1" 200 987 "http://hausegger.activities.at/entry.php?id=10271&&ser=268902" "Mozilla/5.0 (Windows NT 10.0; Win64; x64; rv:135.0) Gecko/20100101 Firefox/135.0"
178.165.186.69 - - [11/Feb/2025:11:17:03 +0100] "GET /gui/javascript/form_form.js?1739269022 HTTP/1.1" 200 16206 "http://hausegger.activities.at/entry.php?id=10271&&ser=268962" "Mozilla/5.0 (Windows NT 10.0; Win64; x64; rv:135.0) Gecko/20100101 Firefox/135.0"
205.210.31.103 - - [11/Feb/2025:11:17:07 +0100] "\x16\x03\x01" 400 383 "-" "-"
205.210.31.103 - - [11/Feb/2025:11:17:07 +0100] "\x16\x03\x01" 400 383 "-" "-"
178.165.186.69 - - [11/Feb/2025:11:18:03 +0100] "GET /entry.php?id=10271&&ser=269022 HTTP/1.1" 200 987 "http://hausegger.activities.at/entry.php?id=10271&&ser=268962" "Mozilla/5.0 (Windows NT 10.0; Win64; x64; rv:135.0) Gecko/20100101 Firefox/135.0"
178.165.186.69 - - [11/Feb/2025:11:18:03 +0100] "GET /gui/javascript/form_form.js?1739269083 HTTP/1.1" 200 16206 "http://hausegger.activities.at/entry.php?id=10271&&ser=269022" "Mozilla/5.0 (Windows NT 10.0; Win64; x64; rv:135.0) Gecko/20100101 Firefox/135.0"
156.59.198.135 - - [11/Feb/2025:11:18:43 +0100] "GET /renault.activities.at/htdocs/binaries/10665041.pdf HTTP/1.0" 404 311 "-" "Mozilla/5.0 (Linux; Android 5.0) AppleWebKit/537.36 (KHTML, like Gecko) Mobile Safari/537.36 (compatible; Bytespider; spider-feedback@bytedance.com)"
178.165.186.69 - - [11/Feb/2025:11:19:03 +0100] "GET /entry.php?id=10271&&ser=269083 HTTP/1.1" 200 987 "http://hausegger.activities.at/entry.php?id=10271&&ser=269022" "Mozilla/5.0 (Windows NT 10.0; Win64; x64; rv:135.0) Gecko/20100101 Firefox/135.0"
178.165.186.69 - - [11/Feb/2025:11:19:03 +0100] "GET /gui/javascript/form_form.js?1739269143 HTTP/1.1" 200 16206 "http://hausegger.activities.at/entry.php?id=10271&&ser=269083" "Mozilla/5.0 (Windows NT 10.0; Win64; x64; rv:135.0) Gecko/20100101 Firefox/135.0"
178.165.186.69 - - [11/Feb/2025:11:20:03 +0100] "GET /entry.php?id=10271&&ser=269143 HTTP/1.1" 200 987 "http://hausegger.activities.at/entry.php?id=10271&&ser=269083" "Mozilla/5.0 (Windows NT 10.0; Win64; x64; rv:135.0) Gecko/20100101 Firefox/135.0"
178.165.186.69 - - [11/Feb/2025:11:20:03 +0100] "GET /gui/javascript/form_form.js?1739269203 HTTP/1.1" 200 16206 "http://hausegger.activities.at/entry.php?id=10271&&ser=269143" "Mozilla/5.0 (Windows NT 10.0; Win64; x64; rv:135.0) Gecko/20100101 Firefox/135.0"
216.244.66.235 - - [11/Feb/2025:11:20:17 +0100] "GET /?m=201303 HTTP/1.1" 200 423 "-" "Mozilla/5.0 (compatible; DotBot/1.2; +https://opensiteexplorer.org/dotbot; help@moz.com)"
178.165.186.69 - - [11/Feb/2025:11:21:04 +0100] "GET /entry.php?id=10271&&ser=269203 HTTP/1.1" 200 987 "http://hausegger.activities.at/entry.php?id=10271&&ser=269143" "Mozilla/5.0 (Windows NT 10.0; Win64; x64; rv:135.0) Gecko/20100101 Firefox/135.0"
178.165.186.69 - - [11/Feb/2025:11:21:04 +0100] "GET /gui/javascript/form_form.js?1739269264 HTTP/1.1" 200 16206 "http://hausegger.activities.at/entry.php?id=10271&&ser=269203" "Mozilla/5.0 (Windows NT 10.0; Win64; x64; rv:135.0) Gecko/20100101 Firefox/135.0"
178.165.186.69 - - [11/Feb/2025:11:22:10 +0100] "GET /entry.php?id=10271&&ser=269264 HTTP/1.1" 200 987 "http://hausegger.activities.at/entry.php?id=10271&&ser=269203" "Mozilla/5.0 (Windows NT 10.0; Win64; x64; rv:135.0) Gecko/20100101 Firefox/135.0"
178.165.186.69 - - [11/Feb/2025:11:22:11 +0100] "GET /gui/javascript/form_form.js?1739269330 HTTP/1.1" 200 16206 "http://hausegger.activities.at/entry.php?id=10271&&ser=269264" "Mozilla/5.0 (Windows NT 10.0; Win64; x64; rv:135.0) Gecko/20100101 Firefox/135.0"
156.59.198.135 - - [11/Feb/2025:11:22:43 +0100] "GET /renault.activities.at/htdocs/binaries/renault-/rs-74-2016winter-check-und-service-tageanmeldungdoc.doc HTTP/1.0" 404 341 "-" "Mozilla/5.0 (Linux; Android 5.0) AppleWebKit/537.36 (KHTML, like Gecko) Mobile Safari/537.36 (compatible; Bytespider; spider-feedback@bytedance.com)"
178.165.186.69 - - [11/Feb/2025:11:23:11 +0100] "GET /entry.php?id=10271&&ser=269330 HTTP/1.1" 200 987 "http://hausegger.activities.at/entry.php?id=10271&&ser=269264" "Mozilla/5.0 (Windows NT 10.0; Win64; x64; rv:135.0) Gecko/20100101 Firefox/135.0"
178.165.186.69 - - [11/Feb/2025:11:23:11 +0100] "GET /gui/javascript/form_form.js?1739269391 HTTP/1.1" 200 16206 "http://hausegger.activities.at/entry.php?id=10271&&ser=269330" "Mozilla/5.0 (Windows NT 10.0; Win64; x64; rv:135.0) Gecko/20100101 Firefox/135.0"
178.165.186.69 - - [11/Feb/2025:11:24:11 +0100] "GET /entry.php?id=10271&&ser=269391 HTTP/1.1" 200 987 "http://hausegger.activities.at/entry.php?id=10271&&ser=269330" "Mozilla/5.0 (Windows NT 10.0; Win64; x64; rv:135.0) Gecko/20100101 Firefox/135.0"
178.165.186.69 - - [11/Feb/2025:11:24:11 +0100] "GET /gui/javascript/form_form.js?1739269451 HTTP/1.1" 200 16206 "http://hausegger.activities.at/entry.php?id=10271&&ser=269391" "Mozilla/5.0 (Windows NT 10.0; Win64; x64; rv:135.0) Gecko/20100101 Firefox/135.0"
178.165.186.69 - - [11/Feb/2025:11:25:11 +0100] "GET /entry.php?id=10271&&ser=269451 HTTP/1.1" 200 987 "http://hausegger.activities.at/entry.php?id=10271&&ser=269391" "Mozilla/5.0 (Windows NT 10.0; Win64; x64; rv:135.0) Gecko/20100101 Firefox/135.0"
178.165.186.69 - - [11/Feb/2025:11:25:11 +0100] "GET /gui/javascript/form_form.js?1739269511 HTTP/1.1" 200 16206 "http://hausegger.activities.at/entry.php?id=10271&&ser=269451" "Mozilla/5.0 (Windows NT 10.0; Win64; x64; rv:135.0) Gecko/20100101 Firefox/135.0"
206.189.97.196 - - [11/Feb/2025:11:25:55 +0100] "\x16\x03\x01" 400 383 "-" "-"
206.189.97.196 - - [11/Feb/2025:11:25:55 +0100] "\x16\x03\x01" 400 383 "-" "-"
206.189.97.196 - - [11/Feb/2025:11:25:55 +0100] "GET / HTTP/1.1" 200 274 "-" "Mozilla/5.0 (Windows NT 10.0; Win64; x64) AppleWebKit/537.36 (KHTML, like Gecko) Chrome/108.0.0.0 Safari/537.36"
206.189.97.196 - - [11/Feb/2025:11:25:55 +0100] "GET /form.html HTTP/1.1" 404 283 "-" "curl/8.1.2"
206.189.97.196 - - [11/Feb/2025:11:25:56 +0100] "GET /upl.php HTTP/1.1" 404 282 "-" "Mozilla/5.0"
206.189.97.196 - - [11/Feb/2025:11:25:56 +0100] "GET /t4 HTTP/1.1" 404 278 "-" "Mozilla/5.0"
206.189.97.196 - - [11/Feb/2025:11:25:56 +0100] "GET /geoip/ HTTP/1.1" 404 281 "-" "Mozilla/5.0 (Windows NT 10.0; Win64; x64) AppleWebKit/537.36 (KHTML, like Gecko) Chrome/108.0.0.0 Safari/537.36"
206.189.97.196 - - [11/Feb/2025:11:25:56 +0100] "GET /favicon.ico HTTP/1.1" 404 284 "-" "Mozilla/5.0 (Windows NT 10.0; Win64; x64) AppleWebKit/537.36 (KHTML, like Gecko) Chrome/108.0.0.0 Safari/537.36"
206.189.97.196 - - [11/Feb/2025:11:25:56 +0100] "GET /1.php HTTP/1.1" 404 280 "-" "Mozilla/5.0 (Windows NT 10.0; Win64; x64) AppleWebKit/537.36 (KHTML, like Gecko) Chrome/108.0.0.0 Safari/537.36"
206.189.97.196 - - [11/Feb/2025:11:25:56 +0100] "GET /systembc/password.php HTTP/1.1" 404 291 "-" "Mozilla/5.0 (Windows NT 10.0; Win64; x64) AppleWebKit/537.36 (KHTML, like Gecko) Chrome/108.0.0.0 Safari/537.36"
206.189.97.196 - - [11/Feb/2025:11:25:56 +0100] "GET /password.php HTTP/1.1" 404 285 "-" "Mozilla/5.0 (Windows NT 10.0; Win64; x64) AppleWebKit/537.36 (KHTML, like Gecko) Chrome/108.0.0.0 Safari/537.36"
178.165.186.69 - - [11/Feb/2025:11:26:12 +0100] "GET /entry.php?id=10271&&ser=269511 HTTP/1.1" 200 987 "http://hausegger.activities.at/entry.php?id=10271&&ser=269451" "Mozilla/5.0 (Windows NT 10.0; Win64; x64; rv:135.0) Gecko/20100101 Firefox/135.0"
178.165.186.69 - - [11/Feb/2025:11:26:12 +0100] "GET /gui/javascript/form_form.js?1739269572 HTTP/1.1" 200 16206 "http://hausegger.activities.at/entry.php?id=10271&&ser=269511" "Mozilla/5.0 (Windows NT 10.0; Win64; x64; rv:135.0) Gecko/20100101 Firefox/135.0"
178.165.186.69 - - [11/Feb/2025:11:27:12 +0100] "GET /entry.php?id=10271&&ser=269572 HTTP/1.1" 200 987 "http://hausegger.activities.at/entry.php?id=10271&&ser=269511" "Mozilla/5.0 (Windows NT 10.0; Win64; x64; rv:135.0) Gecko/20100101 Firefox/135.0"
178.165.186.69 - - [11/Feb/2025:11:27:12 +0100] "GET /gui/javascript/form_form.js?1739269632 HTTP/1.1" 200 16206 "http://hausegger.activities.at/entry.php?id=10271&&ser=269572" "Mozilla/5.0 (Windows NT 10.0; Win64; x64; rv:135.0) Gecko/20100101 Firefox/135.0"
178.165.186.69 - - [11/Feb/2025:11:28:12 +0100] "GET /entry.php?id=10271&&ser=269632 HTTP/1.1" 200 987 "http://hausegger.activities.at/entry.php?id=10271&&ser=269572" "Mozilla/5.0 (Windows NT 10.0; Win64; x64; rv:135.0) Gecko/20100101 Firefox/135.0"
178.165.186.69 - - [11/Feb/2025:11:28:12 +0100] "GET /gui/javascript/form_form.js?1739269692 HTTP/1.1" 200 16206 "http://hausegger.activities.at/entry.php?id=10271&&ser=269632" "Mozilla/5.0 (Windows NT 10.0; Win64; x64; rv:135.0) Gecko/20100101 Firefox/135.0"
178.165.186.69 - - [11/Feb/2025:11:29:12 +0100] "GET /entry.php?id=10271&&ser=269692 HTTP/1.1" 200 987 "http://hausegger.activities.at/entry.php?id=10271&&ser=269632" "Mozilla/5.0 (Windows NT 10.0; Win64; x64; rv:135.0) Gecko/20100101 Firefox/135.0"
178.165.186.69 - - [11/Feb/2025:11:29:13 +0100] "GET /gui/javascript/form_form.js?1739269753 HTTP/1.1" 200 16206 "http://hausegger.activities.at/entry.php?id=10271&&ser=269692" "Mozilla/5.0 (Windows NT 10.0; Win64; x64; rv:135.0) Gecko/20100101 Firefox/135.0"
178.165.186.69 - - [11/Feb/2025:11:30:13 +0100] "GET /entry.php?id=10271&&ser=269753 HTTP/1.1" 200 986 "http://hausegger.activities.at/entry.php?id=10271&&ser=269692" "Mozilla/5.0 (Windows NT 10.0; Win64; x64; rv:135.0) Gecko/20100101 Firefox/135.0"
178.165.186.69 - - [11/Feb/2025:11:30:13 +0100] "GET /gui/javascript/form_form.js?1739269813 HTTP/1.1" 200 16206 "http://hausegger.activities.at/entry.php?id=10271&&ser=269753" "Mozilla/5.0 (Windows NT 10.0; Win64; x64; rv:135.0) Gecko/20100101 Firefox/135.0"
178.165.186.69 - - [11/Feb/2025:11:31:13 +0100] "GET /entry.php?id=10271&&ser=269813 HTTP/1.1" 200 987 "http://hausegger.activities.at/entry.php?id=10271&&ser=269753" "Mozilla/5.0 (Windows NT 10.0; Win64; x64; rv:135.0) Gecko/20100101 Firefox/135.0"
178.165.186.69 - - [11/Feb/2025:11:31:13 +0100] "GET /gui/javascript/form_form.js?1739269873 HTTP/1.1" 200 16206 "http://hausegger.activities.at/entry.php?id=10271&&ser=269813" "Mozilla/5.0 (Windows NT 10.0; Win64; x64; rv:135.0) Gecko/20100101 Firefox/135.0"
178.165.186.69 - - [11/Feb/2025:11:32:13 +0100] "GET /entry.php?id=10271&&ser=269873 HTTP/1.1" 200 987 "http://hausegger.activities.at/entry.php?id=10271&&ser=269813" "Mozilla/5.0 (Windows NT 10.0; Win64; x64; rv:135.0) Gecko/20100101 Firefox/135.0"
178.165.186.69 - - [11/Feb/2025:11:32:14 +0100] "GET /gui/javascript/form_form.js?1739269933 HTTP/1.1" 200 16206 "http://hausegger.activities.at/entry.php?id=10271&&ser=269873" "Mozilla/5.0 (Windows NT 10.0; Win64; x64; rv:135.0) Gecko/20100101 Firefox/135.0"
178.165.186.69 - - [11/Feb/2025:11:33:14 +0100] "GET /entry.php?id=10271&&ser=269933 HTTP/1.1" 200 987 "http://hausegger.activities.at/entry.php?id=10271&&ser=269873" "Mozilla/5.0 (Windows NT 10.0; Win64; x64; rv:135.0) Gecko/20100101 Firefox/135.0"
178.165.186.69 - - [11/Feb/2025:11:33:14 +0100] "GET /gui/javascript/form_form.js?1739269994 HTTP/1.1" 200 16206 "http://hausegger.activities.at/entry.php?id=10271&&ser=269933" "Mozilla/5.0 (Windows NT 10.0; Win64; x64; rv:135.0) Gecko/20100101 Firefox/135.0"
178.165.186.69 - - [11/Feb/2025:11:34:14 +0100] "GET /entry.php?id=10271&&ser=269994 HTTP/1.1" 200 987 "http://hausegger.activities.at/entry.php?id=10271&&ser=269933" "Mozilla/5.0 (Windows NT 10.0; Win64; x64; rv:135.0) Gecko/20100101 Firefox/135.0"
178.165.186.69 - - [11/Feb/2025:11:34:14 +0100] "GET /gui/javascript/form_form.js?1739270054 HTTP/1.1" 200 16206 "http://hausegger.activities.at/entry.php?id=10271&&ser=269994" "Mozilla/5.0 (Windows NT 10.0; Win64; x64; rv:135.0) Gecko/20100101 Firefox/135.0"
178.165.186.69 - - [11/Feb/2025:11:35:14 +0100] "GET /entry.php?id=10271&&ser=270054 HTTP/1.1" 200 987 "http://hausegger.activities.at/entry.php?id=10271&&ser=269994" "Mozilla/5.0 (Windows NT 10.0; Win64; x64; rv:135.0) Gecko/20100101 Firefox/135.0"
178.165.186.69 - - [11/Feb/2025:11:35:14 +0100] "GET /gui/javascript/form_form.js?1739270114 HTTP/1.1" 200 16206 "http://hausegger.activities.at/entry.php?id=10271&&ser=270054" "Mozilla/5.0 (Windows NT 10.0; Win64; x64; rv:135.0) Gecko/20100101 Firefox/135.0"
178.165.186.69 - - [11/Feb/2025:11:36:15 +0100] "GET /entry.php?id=10271&&ser=270114 HTTP/1.1" 200 987 "http://hausegger.activities.at/entry.php?id=10271&&ser=270054" "Mozilla/5.0 (Windows NT 10.0; Win64; x64; rv:135.0) Gecko/20100101 Firefox/135.0"
178.165.186.69 - - [11/Feb/2025:11:36:15 +0100] "GET /gui/javascript/form_form.js?1739270175 HTTP/1.1" 200 16206 "http://hausegger.activities.at/entry.php?id=10271&&ser=270114" "Mozilla/5.0 (Windows NT 10.0; Win64; x64; rv:135.0) Gecko/20100101 Firefox/135.0"
178.165.186.69 - - [11/Feb/2025:11:37:15 +0100] "GET /entry.php?id=10271&&ser=270175 HTTP/1.1" 200 987 "http://hausegger.activities.at/entry.php?id=10271&&ser=270114" "Mozilla/5.0 (Windows NT 10.0; Win64; x64; rv:135.0) Gecko/20100101 Firefox/135.0"
178.165.186.69 - - [11/Feb/2025:11:37:15 +0100] "GET /gui/javascript/form_form.js?1739270235 HTTP/1.1" 200 16206 "http://hausegger.activities.at/entry.php?id=10271&&ser=270175" "Mozilla/5.0 (Windows NT 10.0; Win64; x64; rv:135.0) Gecko/20100101 Firefox/135.0"
178.165.186.69 - - [11/Feb/2025:11:38:15 +0100] "GET /entry.php?id=10271&&ser=270235 HTTP/1.1" 200 987 "http://hausegger.activities.at/entry.php?id=10271&&ser=270175" "Mozilla/5.0 (Windows NT 10.0; Win64; x64; rv:135.0) Gecko/20100101 Firefox/135.0"
178.165.186.69 - - [11/Feb/2025:11:38:15 +0100] "GET /gui/javascript/form_form.js?1739270295 HTTP/1.1" 200 16206 "http://hausegger.activities.at/entry.php?id=10271&&ser=270235" "Mozilla/5.0 (Windows NT 10.0; Win64; x64; rv:135.0) Gecko/20100101 Firefox/135.0"
178.165.186.69 - - [11/Feb/2025:11:39:16 +0100] "GET /entry.php?id=10271&&ser=270295 HTTP/1.1" 200 987 "http://hausegger.activities.at/entry.php?id=10271&&ser=270235" "Mozilla/5.0 (Windows NT 10.0; Win64; x64; rv:135.0) Gecko/20100101 Firefox/135.0"
178.165.186.69 - - [11/Feb/2025:11:39:16 +0100] "GET /gui/javascript/form_form.js?1739270356 HTTP/1.1" 200 16206 "http://hausegger.activities.at/entry.php?id=10271&&ser=270295" "Mozilla/5.0 (Windows NT 10.0; Win64; x64; rv:135.0) Gecko/20100101 Firefox/135.0"
178.165.186.69 - - [11/Feb/2025:11:40:16 +0100] "GET /entry.php?id=10271&&ser=270356 HTTP/1.1" 200 987 "http://hausegger.activities.at/entry.php?id=10271&&ser=270295" "Mozilla/5.0 (Windows NT 10.0; Win64; x64; rv:135.0) Gecko/20100101 Firefox/135.0"
178.165.186.69 - - [11/Feb/2025:11:40:16 +0100] "GET /gui/javascript/form_form.js?1739270416 HTTP/1.1" 200 16206 "http://hausegger.activities.at/entry.php?id=10271&&ser=270356" "Mozilla/5.0 (Windows NT 10.0; Win64; x64; rv:135.0) Gecko/20100101 Firefox/135.0"
178.165.186.69 - - [11/Feb/2025:11:41:16 +0100] "GET /entry.php?id=10271&&ser=270416 HTTP/1.1" 200 987 "http://hausegger.activities.at/entry.php?id=10271&&ser=270356" "Mozilla/5.0 (Windows NT 10.0; Win64; x64; rv:135.0) Gecko/20100101 Firefox/135.0"
178.165.186.69 - - [11/Feb/2025:11:41:16 +0100] "GET /gui/javascript/form_form.js?1739270476 HTTP/1.1" 200 16206 "http://hausegger.activities.at/entry.php?id=10271&&ser=270416" "Mozilla/5.0 (Windows NT 10.0; Win64; x64; rv:135.0) Gecko/20100101 Firefox/135.0"
178.165.186.69 - - [11/Feb/2025:11:42:16 +0100] "GET /entry.php?id=10271&&ser=270476 HTTP/1.1" 200 987 "http://hausegger.activities.at/entry.php?id=10271&&ser=270416" "Mozilla/5.0 (Windows NT 10.0; Win64; x64; rv:135.0) Gecko/20100101 Firefox/135.0"
178.165.186.69 - - [11/Feb/2025:11:42:17 +0100] "GET /gui/javascript/form_form.js?1739270537 HTTP/1.1" 200 16206 "http://hausegger.activities.at/entry.php?id=10271&&ser=270476" "Mozilla/5.0 (Windows NT 10.0; Win64; x64; rv:135.0) Gecko/20100101 Firefox/135.0"
178.165.186.69 - - [11/Feb/2025:11:43:17 +0100] "GET /entry.php?id=10271&&ser=270537 HTTP/1.1" 200 987 "http://hausegger.activities.at/entry.php?id=10271&&ser=270476" "Mozilla/5.0 (Windows NT 10.0; Win64; x64; rv:135.0) Gecko/20100101 Firefox/135.0"
178.165.186.69 - - [11/Feb/2025:11:43:17 +0100] "GET /gui/javascript/form_form.js?1739270597 HTTP/1.1" 200 16206 "http://hausegger.activities.at/entry.php?id=10271&&ser=270537" "Mozilla/5.0 (Windows NT 10.0; Win64; x64; rv:135.0) Gecko/20100101 Firefox/135.0"
178.165.186.69 - - [11/Feb/2025:11:44:17 +0100] "GET /entry.php?id=10271&&ser=270597 HTTP/1.1" 200 986 "http://hausegger.activities.at/entry.php?id=10271&&ser=270537" "Mozilla/5.0 (Windows NT 10.0; Win64; x64; rv:135.0) Gecko/20100101 Firefox/135.0"
178.165.186.69 - - [11/Feb/2025:11:44:17 +0100] "GET /gui/javascript/form_form.js?1739270657 HTTP/1.1" 200 16206 "http://hausegger.activities.at/entry.php?id=10271&&ser=270597" "Mozilla/5.0 (Windows NT 10.0; Win64; x64; rv:135.0) Gecko/20100101 Firefox/135.0"
178.165.186.69 - - [11/Feb/2025:11:45:17 +0100] "GET /entry.php?id=10271&&ser=270657 HTTP/1.1" 200 988 "http://hausegger.activities.at/entry.php?id=10271&&ser=270597" "Mozilla/5.0 (Windows NT 10.0; Win64; x64; rv:135.0) Gecko/20100101 Firefox/135.0"
178.165.186.69 - - [11/Feb/2025:11:45:17 +0100] "GET /gui/javascript/form_form.js?1739270717 HTTP/1.1" 200 16206 "http://hausegger.activities.at/entry.php?id=10271&&ser=270657" "Mozilla/5.0 (Windows NT 10.0; Win64; x64; rv:135.0) Gecko/20100101 Firefox/135.0"
178.165.186.69 - - [11/Feb/2025:11:46:18 +0100] "GET /entry.php?id=10271&&ser=270717 HTTP/1.1" 200 988 "http://hausegger.activities.at/entry.php?id=10271&&ser=270657" "Mozilla/5.0 (Windows NT 10.0; Win64; x64; rv:135.0) Gecko/20100101 Firefox/135.0"
178.165.186.69 - - [11/Feb/2025:11:46:18 +0100] "GET /gui/javascript/form_form.js?1739270778 HTTP/1.1" 200 16206 "http://hausegger.activities.at/entry.php?id=10271&&ser=270717" "Mozilla/5.0 (Windows NT 10.0; Win64; x64; rv:135.0) Gecko/20100101 Firefox/135.0"
156.59.198.136 - - [11/Feb/2025:11:46:42 +0100] "GET /renault.activities.at/htdocs/editor/design/image/Office2003/form.gif HTTP/1.0" 404 324 "-" "Mozilla/5.0 (Linux; Android 5.0) AppleWebKit/537.36 (KHTML, like Gecko) Mobile Safari/537.36 (compatible; Bytespider; spider-feedback@bytedance.com)"
178.165.186.69 - - [11/Feb/2025:11:47:18 +0100] "GET /entry.php?id=10271&&ser=270778 HTTP/1.1" 200 987 "http://hausegger.activities.at/entry.php?id=10271&&ser=270717" "Mozilla/5.0 (Windows NT 10.0; Win64; x64; rv:135.0) Gecko/20100101 Firefox/135.0"
178.165.186.69 - - [11/Feb/2025:11:47:18 +0100] "GET /gui/javascript/form_form.js?1739270838 HTTP/1.1" 200 16206 "http://hausegger.activities.at/entry.php?id=10271&&ser=270778" "Mozilla/5.0 (Windows NT 10.0; Win64; x64; rv:135.0) Gecko/20100101 Firefox/135.0"
178.165.186.69 - - [11/Feb/2025:11:48:18 +0100] "GET /entry.php?id=10271&&ser=270838 HTTP/1.1" 200 987 "http://hausegger.activities.at/entry.php?id=10271&&ser=270778" "Mozilla/5.0 (Windows NT 10.0; Win64; x64; rv:135.0) Gecko/20100101 Firefox/135.0"
178.165.186.69 - - [11/Feb/2025:11:48:18 +0100] "GET /gui/javascript/form_form.js?1739270898 HTTP/1.1" 200 16206 "http://hausegger.activities.at/entry.php?id=10271&&ser=270838" "Mozilla/5.0 (Windows NT 10.0; Win64; x64; rv:135.0) Gecko/20100101 Firefox/135.0"
178.165.186.69 - - [11/Feb/2025:11:49:18 +0100] "GET /entry.php?id=10271&&ser=270898 HTTP/1.1" 200 987 "http://hausegger.activities.at/entry.php?id=10271&&ser=270838" "Mozilla/5.0 (Windows NT 10.0; Win64; x64; rv:135.0) Gecko/20100101 Firefox/135.0"
178.165.186.69 - - [11/Feb/2025:11:49:19 +0100] "GET /gui/javascript/form_form.js?1739270959 HTTP/1.1" 200 16206 "http://hausegger.activities.at/entry.php?id=10271&&ser=270898" "Mozilla/5.0 (Windows NT 10.0; Win64; x64; rv:135.0) Gecko/20100101 Firefox/135.0"
179.43.160.138 - - [11/Feb/2025:11:49:36 +0100] "GET / HTTP/1.1" 200 274 "-" "Mozilla/5.0 (Windows NT 10.0; Win64; x64) AppleWebKit/537.36 (KHTML, like Gecko) Chrome/90.0.4430.85 Safari/537.36 Edg/90.0.818.46"
178.165.186.69 - - [11/Feb/2025:11:50:19 +0100] "GET /entry.php?id=10271&&ser=270959 HTTP/1.1" 200 986 "http://hausegger.activities.at/entry.php?id=10271&&ser=270898" "Mozilla/5.0 (Windows NT 10.0; Win64; x64; rv:135.0) Gecko/20100101 Firefox/135.0"
178.165.186.69 - - [11/Feb/2025:11:50:19 +0100] "GET /gui/javascript/form_form.js?1739271019 HTTP/1.1" 200 16206 "http://hausegger.activities.at/entry.php?id=10271&&ser=270959" "Mozilla/5.0 (Windows NT 10.0; Win64; x64; rv:135.0) Gecko/20100101 Firefox/135.0"
156.59.198.135 - - [11/Feb/2025:11:50:43 +0100] "GET /renault.activities.at/htdocs/editor/design/image/Office2003/iframe.gif HTTP/1.0" 404 325 "-" "Mozilla/5.0 (Linux; Android 5.0) AppleWebKit/537.36 (KHTML, like Gecko) Mobile Safari/537.36 (compatible; Bytespider; spider-feedback@bytedance.com)"
178.165.186.69 - - [11/Feb/2025:11:51:19 +0100] "GET /entry.php?id=10271&&ser=271019 HTTP/1.1" 200 987 "http://hausegger.activities.at/entry.php?id=10271&&ser=270959" "Mozilla/5.0 (Windows NT 10.0; Win64; x64; rv:135.0) Gecko/20100101 Firefox/135.0"
178.165.186.69 - - [11/Feb/2025:11:51:19 +0100] "GET /gui/javascript/form_form.js?1739271079 HTTP/1.1" 200 16206 "http://hausegger.activities.at/entry.php?id=10271&&ser=271019" "Mozilla/5.0 (Windows NT 10.0; Win64; x64; rv:135.0) Gecko/20100101 Firefox/135.0"
178.165.186.69 - - [11/Feb/2025:11:52:19 +0100] "GET /entry.php?id=10271&&ser=271079 HTTP/1.1" 200 987 "http://hausegger.activities.at/entry.php?id=10271&&ser=271019" "Mozilla/5.0 (Windows NT 10.0; Win64; x64; rv:135.0) Gecko/20100101 Firefox/135.0"
178.165.186.69 - - [11/Feb/2025:11:52:19 +0100] "GET /gui/javascript/form_form.js?1739271139 HTTP/1.1" 200 16206 "http://hausegger.activities.at/entry.php?id=10271&&ser=271079" "Mozilla/5.0 (Windows NT 10.0; Win64; x64; rv:135.0) Gecko/20100101 Firefox/135.0"
178.165.186.69 - - [11/Feb/2025:11:53:20 +0100] "GET /entry.php?id=10271&&ser=271139 HTTP/1.1" 200 987 "http://hausegger.activities.at/entry.php?id=10271&&ser=271079" "Mozilla/5.0 (Windows NT 10.0; Win64; x64; rv:135.0) Gecko/20100101 Firefox/135.0"
178.165.186.69 - - [11/Feb/2025:11:53:20 +0100] "GET /gui/javascript/form_form.js?1739271200 HTTP/1.1" 200 16206 "http://hausegger.activities.at/entry.php?id=10271&&ser=271139" "Mozilla/5.0 (Windows NT 10.0; Win64; x64; rv:135.0) Gecko/20100101 Firefox/135.0"
178.165.186.69 - - [11/Feb/2025:11:54:20 +0100] "GET /entry.php?id=10271&&ser=271200 HTTP/1.1" 200 987 "http://hausegger.activities.at/entry.php?id=10271&&ser=271139" "Mozilla/5.0 (Windows NT 10.0; Win64; x64; rv:135.0) Gecko/20100101 Firefox/135.0"
178.165.186.69 - - [11/Feb/2025:11:54:20 +0100] "GET /gui/javascript/form_form.js?1739271260 HTTP/1.1" 200 16206 "http://hausegger.activities.at/entry.php?id=10271&&ser=271200" "Mozilla/5.0 (Windows NT 10.0; Win64; x64; rv:135.0) Gecko/20100101 Firefox/135.0"
178.165.186.69 - - [11/Feb/2025:11:55:20 +0100] "GET /entry.php?id=10271&&ser=271260 HTTP/1.1" 200 987 "http://hausegger.activities.at/entry.php?id=10271&&ser=271200" "Mozilla/5.0 (Windows NT 10.0; Win64; x64; rv:135.0) Gecko/20100101 Firefox/135.0"
178.165.186.69 - - [11/Feb/2025:11:55:20 +0100] "GET /gui/javascript/form_form.js?1739271320 HTTP/1.1" 200 16206 "http://hausegger.activities.at/entry.php?id=10271&&ser=271260" "Mozilla/5.0 (Windows NT 10.0; Win64; x64; rv:135.0) Gecko/20100101 Firefox/135.0"
178.165.186.69 - - [11/Feb/2025:11:56:21 +0100] "GET /entry.php?id=10271&&ser=271320 HTTP/1.1" 200 987 "http://hausegger.activities.at/entry.php?id=10271&&ser=271260" "Mozilla/5.0 (Windows NT 10.0; Win64; x64; rv:135.0) Gecko/20100101 Firefox/135.0"
178.165.186.69 - - [11/Feb/2025:11:56:21 +0100] "GET /gui/javascript/form_form.js?1739271381 HTTP/1.1" 200 16206 "http://hausegger.activities.at/entry.php?id=10271&&ser=271320" "Mozilla/5.0 (Windows NT 10.0; Win64; x64; rv:135.0) Gecko/20100101 Firefox/135.0"
178.165.186.69 - - [11/Feb/2025:11:57:21 +0100] "GET /entry.php?id=10271&&ser=271381 HTTP/1.1" 200 987 "http://hausegger.activities.at/entry.php?id=10271&&ser=271320" "Mozilla/5.0 (Windows NT 10.0; Win64; x64; rv:135.0) Gecko/20100101 Firefox/135.0"
178.165.186.69 - - [11/Feb/2025:11:57:21 +0100] "GET /gui/javascript/form_form.js?1739271441 HTTP/1.1" 200 16206 "http://hausegger.activities.at/entry.php?id=10271&&ser=271381" "Mozilla/5.0 (Windows NT 10.0; Win64; x64; rv:135.0) Gecko/20100101 Firefox/135.0"
178.165.186.69 - - [11/Feb/2025:11:58:21 +0100] "GET /entry.php?id=10271&&ser=271441 HTTP/1.1" 200 987 "http://hausegger.activities.at/entry.php?id=10271&&ser=271381" "Mozilla/5.0 (Windows NT 10.0; Win64; x64; rv:135.0) Gecko/20100101 Firefox/135.0"
178.165.186.69 - - [11/Feb/2025:11:58:21 +0100] "GET /gui/javascript/form_form.js?1739271501 HTTP/1.1" 200 16206 "http://hausegger.activities.at/entry.php?id=10271&&ser=271441" "Mozilla/5.0 (Windows NT 10.0; Win64; x64; rv:135.0) Gecko/20100101 Firefox/135.0"
178.165.186.69 - - [11/Feb/2025:11:59:21 +0100] "GET /entry.php?id=10271&&ser=271501 HTTP/1.1" 200 987 "http://hausegger.activities.at/entry.php?id=10271&&ser=271441" "Mozilla/5.0 (Windows NT 10.0; Win64; x64; rv:135.0) Gecko/20100101 Firefox/135.0"
178.165.186.69 - - [11/Feb/2025:11:59:22 +0100] "GET /gui/javascript/form_form.js?1739271562 HTTP/1.1" 200 16206 "http://hausegger.activities.at/entry.php?id=10271&&ser=271501" "Mozilla/5.0 (Windows NT 10.0; Win64; x64; rv:135.0) Gecko/20100101 Firefox/135.0"
178.165.186.69 - - [11/Feb/2025:12:00:22 +0100] "GET /entry.php?id=10271&&ser=271562 HTTP/1.1" 200 987 "http://hausegger.activities.at/entry.php?id=10271&&ser=271501" "Mozilla/5.0 (Windows NT 10.0; Win64; x64; rv:135.0) Gecko/20100101 Firefox/135.0"
178.165.186.69 - - [11/Feb/2025:12:00:22 +0100] "GET /gui/javascript/form_form.js?1739271622 HTTP/1.1" 200 16206 "http://hausegger.activities.at/entry.php?id=10271&&ser=271562" "Mozilla/5.0 (Windows NT 10.0; Win64; x64; rv:135.0) Gecko/20100101 Firefox/135.0"
178.165.186.69 - - [11/Feb/2025:12:01:22 +0100] "GET /entry.php?id=10271&&ser=271622 HTTP/1.1" 200 987 "http://hausegger.activities.at/entry.php?id=10271&&ser=271562" "Mozilla/5.0 (Windows NT 10.0; Win64; x64; rv:135.0) Gecko/20100101 Firefox/135.0"
178.165.186.69 - - [11/Feb/2025:12:01:22 +0100] "GET /gui/javascript/form_form.js?1739271682 HTTP/1.1" 200 16206 "http://hausegger.activities.at/entry.php?id=10271&&ser=271622" "Mozilla/5.0 (Windows NT 10.0; Win64; x64; rv:135.0) Gecko/20100101 Firefox/135.0"
178.165.186.69 - - [11/Feb/2025:12:02:22 +0100] "GET /entry.php?id=10271&&ser=271682 HTTP/1.1" 200 987 "http://hausegger.activities.at/entry.php?id=10271&&ser=271622" "Mozilla/5.0 (Windows NT 10.0; Win64; x64; rv:135.0) Gecko/20100101 Firefox/135.0"
178.165.186.69 - - [11/Feb/2025:12:02:22 +0100] "GET /gui/javascript/form_form.js?1739271742 HTTP/1.1" 200 16206 "http://hausegger.activities.at/entry.php?id=10271&&ser=271682" "Mozilla/5.0 (Windows NT 10.0; Win64; x64; rv:135.0) Gecko/20100101 Firefox/135.0"
178.165.186.69 - - [11/Feb/2025:12:03:23 +0100] "GET /entry.php?id=10271&&ser=271742 HTTP/1.1" 200 987 "http://hausegger.activities.at/entry.php?id=10271&&ser=271682" "Mozilla/5.0 (Windows NT 10.0; Win64; x64; rv:135.0) Gecko/20100101 Firefox/135.0"
178.165.186.69 - - [11/Feb/2025:12:03:23 +0100] "GET /gui/javascript/form_form.js?1739271803 HTTP/1.1" 200 16206 "http://hausegger.activities.at/entry.php?id=10271&&ser=271742" "Mozilla/5.0 (Windows NT 10.0; Win64; x64; rv:135.0) Gecko/20100101 Firefox/135.0"
178.165.186.69 - - [11/Feb/2025:12:04:23 +0100] "GET /entry.php?id=10271&&ser=271803 HTTP/1.1" 200 987 "http://hausegger.activities.at/entry.php?id=10271&&ser=271742" "Mozilla/5.0 (Windows NT 10.0; Win64; x64; rv:135.0) Gecko/20100101 Firefox/135.0"
178.165.186.69 - - [11/Feb/2025:12:04:23 +0100] "GET /gui/javascript/form_form.js?1739271863 HTTP/1.1" 200 16206 "http://hausegger.activities.at/entry.php?id=10271&&ser=271803" "Mozilla/5.0 (Windows NT 10.0; Win64; x64; rv:135.0) Gecko/20100101 Firefox/135.0"
178.165.186.69 - - [11/Feb/2025:12:05:23 +0100] "GET /entry.php?id=10271&&ser=271863 HTTP/1.1" 200 987 "http://hausegger.activities.at/entry.php?id=10271&&ser=271803" "Mozilla/5.0 (Windows NT 10.0; Win64; x64; rv:135.0) Gecko/20100101 Firefox/135.0"
178.165.186.69 - - [11/Feb/2025:12:05:23 +0100] "GET /gui/javascript/form_form.js?1739271923 HTTP/1.1" 200 16206 "http://hausegger.activities.at/entry.php?id=10271&&ser=271863" "Mozilla/5.0 (Windows NT 10.0; Win64; x64; rv:135.0) Gecko/20100101 Firefox/135.0"
178.165.186.69 - - [11/Feb/2025:12:06:24 +0100] "GET /entry.php?id=10271&&ser=271923 HTTP/1.1" 200 987 "http://hausegger.activities.at/entry.php?id=10271&&ser=271863" "Mozilla/5.0 (Windows NT 10.0; Win64; x64; rv:135.0) Gecko/20100101 Firefox/135.0"
178.165.186.69 - - [11/Feb/2025:12:06:24 +0100] "GET /gui/javascript/form_form.js?1739271984 HTTP/1.1" 200 16206 "http://hausegger.activities.at/entry.php?id=10271&&ser=271923" "Mozilla/5.0 (Windows NT 10.0; Win64; x64; rv:135.0) Gecko/20100101 Firefox/135.0"
156.59.198.135 - - [11/Feb/2025:12:06:45 +0100] "GET /renault.2web.at/htdocs/binaries/10449712.doc HTTP/1.0" 404 308 "-" "Mozilla/5.0 (Linux; Android 5.0) AppleWebKit/537.36 (KHTML, like Gecko) Mobile Safari/537.36 (compatible; Bytespider; spider-feedback@bytedance.com)"
178.165.186.69 - - [11/Feb/2025:12:07:24 +0100] "GET /entry.php?id=10271&&ser=271984 HTTP/1.1" 200 987 "http://hausegger.activities.at/entry.php?id=10271&&ser=271923" "Mozilla/5.0 (Windows NT 10.0; Win64; x64; rv:135.0) Gecko/20100101 Firefox/135.0"
178.165.186.69 - - [11/Feb/2025:12:07:24 +0100] "GET /gui/javascript/form_form.js?1739272044 HTTP/1.1" 200 16206 "http://hausegger.activities.at/entry.php?id=10271&&ser=271984" "Mozilla/5.0 (Windows NT 10.0; Win64; x64; rv:135.0) Gecko/20100101 Firefox/135.0"
178.165.186.69 - - [11/Feb/2025:12:08:24 +0100] "GET /entry.php?id=10271&&ser=272044 HTTP/1.1" 200 987 "http://hausegger.activities.at/entry.php?id=10271&&ser=271984" "Mozilla/5.0 (Windows NT 10.0; Win64; x64; rv:135.0) Gecko/20100101 Firefox/135.0"
178.165.186.69 - - [11/Feb/2025:12:08:24 +0100] "GET /gui/javascript/form_form.js?1739272104 HTTP/1.1" 200 16206 "http://hausegger.activities.at/entry.php?id=10271&&ser=272044" "Mozilla/5.0 (Windows NT 10.0; Win64; x64; rv:135.0) Gecko/20100101 Firefox/135.0"
178.165.186.69 - - [11/Feb/2025:12:09:24 +0100] "GET /entry.php?id=10271&&ser=272104 HTTP/1.1" 200 987 "http://hausegger.activities.at/entry.php?id=10271&&ser=272044" "Mozilla/5.0 (Windows NT 10.0; Win64; x64; rv:135.0) Gecko/20100101 Firefox/135.0"
178.165.186.69 - - [11/Feb/2025:12:09:25 +0100] "GET /gui/javascript/form_form.js?1739272164 HTTP/1.1" 200 16206 "http://hausegger.activities.at/entry.php?id=10271&&ser=272104" "Mozilla/5.0 (Windows NT 10.0; Win64; x64; rv:135.0) Gecko/20100101 Firefox/135.0"
178.165.186.69 - - [11/Feb/2025:12:10:25 +0100] "GET /entry.php?id=10271&&ser=272164 HTTP/1.1" 200 987 "http://hausegger.activities.at/entry.php?id=10271&&ser=272104" "Mozilla/5.0 (Windows NT 10.0; Win64; x64; rv:135.0) Gecko/20100101 Firefox/135.0"
178.165.186.69 - - [11/Feb/2025:12:10:25 +0100] "GET /gui/javascript/form_form.js?1739272225 HTTP/1.1" 200 16206 "http://hausegger.activities.at/entry.php?id=10271&&ser=272164" "Mozilla/5.0 (Windows NT 10.0; Win64; x64; rv:135.0) Gecko/20100101 Firefox/135.0"
156.59.198.136 - - [11/Feb/2025:12:10:46 +0100] "GET /renault.activities.at/htdocs/editor/design/image/Office2003/saveas.gif HTTP/1.0" 404 325 "-" "Mozilla/5.0 (Linux; Android 5.0) AppleWebKit/537.36 (KHTML, like Gecko) Mobile Safari/537.36 (compatible; Bytespider; spider-feedback@bytedance.com)"
178.165.186.69 - - [11/Feb/2025:12:11:25 +0100] "GET /entry.php?id=10271&&ser=272225 HTTP/1.1" 200 987 "http://hausegger.activities.at/entry.php?id=10271&&ser=272164" "Mozilla/5.0 (Windows NT 10.0; Win64; x64; rv:135.0) Gecko/20100101 Firefox/135.0"
178.165.186.69 - - [11/Feb/2025:12:11:25 +0100] "GET /gui/javascript/form_form.js?1739272285 HTTP/1.1" 200 16206 "http://hausegger.activities.at/entry.php?id=10271&&ser=272225" "Mozilla/5.0 (Windows NT 10.0; Win64; x64; rv:135.0) Gecko/20100101 Firefox/135.0"
178.165.186.69 - - [11/Feb/2025:12:12:25 +0100] "GET /entry.php?id=10271&&ser=272285 HTTP/1.1" 200 987 "http://hausegger.activities.at/entry.php?id=10271&&ser=272225" "Mozilla/5.0 (Windows NT 10.0; Win64; x64; rv:135.0) Gecko/20100101 Firefox/135.0"
178.165.186.69 - - [11/Feb/2025:12:12:25 +0100] "GET /gui/javascript/form_form.js?1739272345 HTTP/1.1" 200 16206 "http://hausegger.activities.at/entry.php?id=10271&&ser=272285" "Mozilla/5.0 (Windows NT 10.0; Win64; x64; rv:135.0) Gecko/20100101 Firefox/135.0"
178.165.186.69 - - [11/Feb/2025:12:13:26 +0100] "GET /entry.php?id=10271&&ser=272345 HTTP/1.1" 200 987 "http://hausegger.activities.at/entry.php?id=10271&&ser=272285" "Mozilla/5.0 (Windows NT 10.0; Win64; x64; rv:135.0) Gecko/20100101 Firefox/135.0"
178.165.186.69 - - [11/Feb/2025:12:13:26 +0100] "GET /gui/javascript/form_form.js?1739272406 HTTP/1.1" 200 16206 "http://hausegger.activities.at/entry.php?id=10271&&ser=272345" "Mozilla/5.0 (Windows NT 10.0; Win64; x64; rv:135.0) Gecko/20100101 Firefox/135.0"
178.165.186.69 - - [11/Feb/2025:12:14:26 +0100] "GET /entry.php?id=10271&&ser=272406 HTTP/1.1" 200 987 "http://hausegger.activities.at/entry.php?id=10271&&ser=272345" "Mozilla/5.0 (Windows NT 10.0; Win64; x64; rv:135.0) Gecko/20100101 Firefox/135.0"
178.165.186.69 - - [11/Feb/2025:12:14:26 +0100] "GET /gui/javascript/form_form.js?1739272466 HTTP/1.1" 200 16206 "http://hausegger.activities.at/entry.php?id=10271&&ser=272406" "Mozilla/5.0 (Windows NT 10.0; Win64; x64; rv:135.0) Gecko/20100101 Firefox/135.0"
156.59.198.135 - - [11/Feb/2025:12:14:46 +0100] "GET /renault.activities.at/htdocs/binaries/10451228.pdf HTTP/1.0" 404 311 "-" "Mozilla/5.0 (Linux; Android 5.0) AppleWebKit/537.36 (KHTML, like Gecko) Mobile Safari/537.36 (compatible; Bytespider; spider-feedback@bytedance.com)"
178.165.186.69 - - [11/Feb/2025:12:15:26 +0100] "GET /entry.php?id=10271&&ser=272466 HTTP/1.1" 200 987 "http://hausegger.activities.at/entry.php?id=10271&&ser=272406" "Mozilla/5.0 (Windows NT 10.0; Win64; x64; rv:135.0) Gecko/20100101 Firefox/135.0"
178.165.186.69 - - [11/Feb/2025:12:15:26 +0100] "GET /gui/javascript/form_form.js?1739272526 HTTP/1.1" 200 16206 "http://hausegger.activities.at/entry.php?id=10271&&ser=272466" "Mozilla/5.0 (Windows NT 10.0; Win64; x64; rv:135.0) Gecko/20100101 Firefox/135.0"
178.165.186.69 - - [11/Feb/2025:12:16:27 +0100] "GET /entry.php?id=10271&&ser=272526 HTTP/1.1" 200 987 "http://hausegger.activities.at/entry.php?id=10271&&ser=272466" "Mozilla/5.0 (Windows NT 10.0; Win64; x64; rv:135.0) Gecko/20100101 Firefox/135.0"
178.165.186.69 - - [11/Feb/2025:12:16:27 +0100] "GET /gui/javascript/form_form.js?1739272587 HTTP/1.1" 200 16206 "http://hausegger.activities.at/entry.php?id=10271&&ser=272526" "Mozilla/5.0 (Windows NT 10.0; Win64; x64; rv:135.0) Gecko/20100101 Firefox/135.0"
178.165.186.69 - - [11/Feb/2025:12:17:27 +0100] "GET /entry.php?id=10271&&ser=272587 HTTP/1.1" 200 987 "http://hausegger.activities.at/entry.php?id=10271&&ser=272526" "Mozilla/5.0 (Windows NT 10.0; Win64; x64; rv:135.0) Gecko/20100101 Firefox/135.0"
178.165.186.69 - - [11/Feb/2025:12:17:27 +0100] "GET /gui/javascript/form_form.js?1739272647 HTTP/1.1" 200 16206 "http://hausegger.activities.at/entry.php?id=10271&&ser=272587" "Mozilla/5.0 (Windows NT 10.0; Win64; x64; rv:135.0) Gecko/20100101 Firefox/135.0"
178.165.186.69 - - [11/Feb/2025:12:18:27 +0100] "GET /entry.php?id=10271&&ser=272647 HTTP/1.1" 200 987 "http://hausegger.activities.at/entry.php?id=10271&&ser=272587" "Mozilla/5.0 (Windows NT 10.0; Win64; x64; rv:135.0) Gecko/20100101 Firefox/135.0"
178.165.186.69 - - [11/Feb/2025:12:18:28 +0100] "GET /gui/javascript/form_form.js?1739272708 HTTP/1.1" 200 16206 "http://hausegger.activities.at/entry.php?id=10271&&ser=272647" "Mozilla/5.0 (Windows NT 10.0; Win64; x64; rv:135.0) Gecko/20100101 Firefox/135.0"
156.59.198.136 - - [11/Feb/2025:12:18:46 +0100] "GET /ed-test.2web.at/stats/lang/awstats-mk.txt HTTP/1.0" 404 303 "-" "Mozilla/5.0 (Linux; Android 5.0) AppleWebKit/537.36 (KHTML, like Gecko) Mobile Safari/537.36 (compatible; Bytespider; spider-feedback@bytedance.com)"
178.165.186.69 - - [11/Feb/2025:12:19:28 +0100] "GET /entry.php?id=10271&&ser=272708 HTTP/1.1" 200 987 "http://hausegger.activities.at/entry.php?id=10271&&ser=272647" "Mozilla/5.0 (Windows NT 10.0; Win64; x64; rv:135.0) Gecko/20100101 Firefox/135.0"
178.165.186.69 - - [11/Feb/2025:12:19:28 +0100] "GET /gui/javascript/form_form.js?1739272768 HTTP/1.1" 200 16206 "http://hausegger.activities.at/entry.php?id=10271&&ser=272708" "Mozilla/5.0 (Windows NT 10.0; Win64; x64; rv:135.0) Gecko/20100101 Firefox/135.0"
