156.59.198.136 - - [14/Feb/2025:01:01:25 +0100] "GET /renault.activities.at/htdocs/log/cron/reminder_mailing_3115314.txt HTTP/1.0" 404 322 "-" "Mozilla/5.0 (Linux; Android 5.0) AppleWebKit/537.36 (KHTML, like Gecko) Mobile Safari/537.36 (compatible; Bytespider; spider-feedback@bytedance.com)"
18.197.4.181 - - [14/Feb/2025:01:09:54 +0100] "GET / HTTP/1.1" 200 274 "-" "Mozilla/5.0 (Windows NT 10.0; Win64; x64; rv:105.0) Gecko/20100101 Firefox/105.0"
156.59.198.136 - - [14/Feb/2025:01:13:26 +0100] "GET /renault.activities.at/htdocs/pinEdit/editor/help/userhelp-Dateien/image164.gif HTTP/1.0" 404 327 "-" "Mozilla/5.0 (Linux; Android 5.0) AppleWebKit/537.36 (KHTML, like Gecko) Mobile Safari/537.36 (compatible; Bytespider; spider-feedback@bytedance.com)"
193.68.89.51 - - [14/Feb/2025:01:14:32 +0100] "GET / HTTP/1.1" 200 274 "-" "Mozilla/5.0 (Windows NT 10.0; Win64; x64) AppleWebKit/537.36 (KHTML, like Gecko) Chrome/90.0.4430.85 Safari/537.36 Edg/90.0.818.46"
156.59.198.135 - - [14/Feb/2025:01:17:26 +0100] "GET /renault.activities.at/htdocs/export/xml/data/orders/202010101203_RenOrder.xml HTTP/1.0" 404 327 "-" "Mozilla/5.0 (Linux; Android 5.0) AppleWebKit/537.36 (KHTML, like Gecko) Mobile Safari/537.36 (compatible; Bytespider; spider-feedback@bytedance.com)"
156.59.198.136 - - [14/Feb/2025:01:21:27 +0100] "GET /renault.activities.at/htdocs/export/xml/data/orders/202001041203_RenOrder.xml HTTP/1.0" 404 328 "-" "Mozilla/5.0 (Linux; Android 5.0) AppleWebKit/537.36 (KHTML, like Gecko) Mobile Safari/537.36 (compatible; Bytespider; spider-feedback@bytedance.com)"
156.59.198.136 - - [14/Feb/2025:01:25:26 +0100] "GET /renault.activities.at/htdocs/export/xml/data/orders/202105181203_RenOrder.xml HTTP/1.0" 404 328 "-" "Mozilla/5.0 (Linux; Android 5.0) AppleWebKit/537.36 (KHTML, like Gecko) Mobile Safari/537.36 (compatible; Bytespider; spider-feedback@bytedance.com)"
202.148.26.242 - - [14/Feb/2025:01:27:52 +0100] "GET / HTTP/1.1" 200 423 "-" "Mozilla/5.0 (Windows NT 10.0; WOW64) AppleWebKit/537.36 (KHTML, like Gecko) Chrome/52.0.2743.116 Safari/537.36"
156.59.198.136 - - [14/Feb/2025:01:29:27 +0100] "GET /renault.activities.at/htdocs/log/cron/exportXML_3116078.txt HTTP/1.0" 404 320 "-" "Mozilla/5.0 (Linux; Android 5.0) AppleWebKit/537.36 (KHTML, like Gecko) Mobile Safari/537.36 (compatible; Bytespider; spider-feedback@bytedance.com)"
47.82.34.130 - - [14/Feb/2025:01:29:49 +0100] "GET /images/tri.png HTTP/1.1" 404 295 "-" "Mozilla/5.0 (Macintosh; Intel Mac OS X 10_15_7) AppleWebKit/537.36 (KHTML, like Gecko) Chrome/126.0.0.0 Safari/537.36"
47.82.34.130 - - [14/Feb/2025:01:29:49 +0100] "GET /images/tri.png HTTP/1.1" 404 295 "-" "Mozilla/5.0 (Macintosh; Intel Mac OS X 10_15_7) AppleWebKit/537.36 (KHTML, like Gecko) Chrome/126.0.0.0 Safari/537.36"
193.68.89.10 - - [14/Feb/2025:01:33:20 +0100] "GET / HTTP/1.1" 200 274 "-" "Mozilla/5.0 (Windows NT 10.0; Win64; x64) AppleWebKit/537.36 (KHTML, like Gecko) Chrome/90.0.4430.85 Safari/537.36 Edg/90.0.818.46"
47.128.123.147 - - [14/Feb/2025:01:33:29 +0100] "GET /robots.txt HTTP/1.1" 404 284 "-" "Mozilla/5.0 (Linux; Android 5.0) AppleWebKit/537.36 (KHTML, like Gecko) Mobile Safari/537.36 (compatible; Bytespider; spider-feedback@bytedance.com)"
47.128.112.86 - - [14/Feb/2025:01:37:30 +0100] "GET /robots.txt HTTP/1.1" 404 284 "-" "Mozilla/5.0 (Linux; Android 5.0) AppleWebKit/537.36 (KHTML, like Gecko) Mobile Safari/537.36 (compatible; Bytespider; spider-feedback@bytedance.com)"
47.128.35.156 - - [14/Feb/2025:01:41:28 +0100] "GET /robots.txt HTTP/1.1" 404 284 "-" "Mozilla/5.0 (Linux; Android 5.0) AppleWebKit/537.36 (KHTML, like Gecko) Mobile Safari/537.36 (compatible; Bytespider; spider-feedback@bytedance.com)"
47.128.27.70 - - [14/Feb/2025:01:45:30 +0100] "GET /robots.txt HTTP/1.1" 404 284 "-" "Mozilla/5.0 (Linux; Android 5.0) AppleWebKit/537.36 (KHTML, like Gecko) Mobile Safari/537.36 (compatible; Bytespider; spider-feedback@bytedance.com)"
156.59.198.136 - - [14/Feb/2025:02:05:29 +0100] "GET /renault.activities.at/htdocs/log/cron/importLogisticData_3116562.txt HTTP/1.0" 404 324 "-" "Mozilla/5.0 (Linux; Android 5.0) AppleWebKit/537.36 (KHTML, like Gecko) Mobile Safari/537.36 (compatible; Bytespider; spider-feedback@bytedance.com)"
167.94.145.104 - - [14/Feb/2025:02:12:02 +0100] "GET / HTTP/1.1" 200 423 "-" "-"
167.94.145.104 - - [14/Feb/2025:02:12:05 +0100] "GET / HTTP/1.1" 200 274 "-" "Mozilla/5.0 (compatible; CensysInspect/1.1; +https://about.censys.io/)"
167.94.145.104 - - [14/Feb/2025:02:12:06 +0100] "GET /activities.ico HTTP/1.1" 200 1406 "-" "Mozilla/5.0 (compatible; CensysInspect/1.1; +https://about.censys.io/)"
167.94.145.104 - - [14/Feb/2025:02:12:06 +0100] "GET /favicon.ico HTTP/1.1" 404 284 "-" "Mozilla/5.0 (compatible; CensysInspect/1.1; +https://about.censys.io/)"
167.94.145.104 - - [14/Feb/2025:02:12:06 +0100] "PRI * HTTP/2.0" 400 383 "-" "-"
185.242.226.116 - - [14/Feb/2025:02:19:18 +0100] "GET /activities.ico HTTP/1.1" 200 1406 "-" "python-requests/2.26.0"
185.242.226.116 - - [14/Feb/2025:02:19:18 +0100] "GET / HTTP/1.1" 200 274 "-" "python-requests/2.26.0"
156.59.198.136 - - [14/Feb/2025:02:23:22 +0100] "GET /renault.activities.at/htdocs/log/cron/reminder_mailing_3116552.txt HTTP/1.0" 404 323 "-" "Mozilla/5.0 (Linux; Android 5.0) AppleWebKit/537.36 (KHTML, like Gecko) Mobile Safari/537.36 (compatible; Bytespider; spider-feedback@bytedance.com)"
45.148.10.90 - - [14/Feb/2025:02:27:58 +0100] "\x16\x03\x01" 400 383 "-" "-"
45.148.10.90 - - [14/Feb/2025:02:27:58 +0100] "GET / HTTP/1.1" 400 383 "-" "-"
45.148.10.90 - - [14/Feb/2025:02:27:58 +0100] "GET / HTTP/1.1" 200 423 "-" "l9tcpid/v1.1.0"
45.148.10.90 - - [14/Feb/2025:02:27:59 +0100] "GET /dashboard/.git/config HTTP/1.1" 404 292 "-" "l9explore/1.2.2"
45.148.10.90 - - [14/Feb/2025:02:27:59 +0100] "GET /dev/.git/config HTTP/1.1" 404 288 "-" "l9explore/1.2.2"
45.148.10.90 - - [14/Feb/2025:02:27:59 +0100] "GET /static../.git/config HTTP/1.1" 404 291 "-" "l9explore/1.2.2"
45.148.10.90 - - [14/Feb/2025:02:27:59 +0100] "GET /server/.git/config HTTP/1.1" 404 288 "-" "l9explore/1.2.2"
198.235.24.163 - - [14/Feb/2025:02:37:08 +0100] "\x16\x03\x01" 400 383 "-" "-"
198.235.24.163 - - [14/Feb/2025:02:37:08 +0100] "\x16\x03\x01" 400 383 "-" "-"
66.240.236.116 - - [14/Feb/2025:02:50:23 +0100] "GET / HTTP/1.1" 200 274 "-" "Mozilla/5.0 zgrab/0.x"
156.59.198.135 - - [14/Feb/2025:03:05:18 +0100] "GET /renault.activities.at/htdocs/export/pdf/emuc_document/10963633.pdf HTTP/1.0" 404 322 "-" "Mozilla/5.0 (Linux; Android 5.0) AppleWebKit/537.36 (KHTML, like Gecko) Mobile Safari/537.36 (compatible; Bytespider; spider-feedback@bytedance.com)"
156.59.198.136 - - [14/Feb/2025:03:09:19 +0100] "GET /renault.activities.at/htdocs/export/pdf/emuc_document/12023239.pdf HTTP/1.0" 404 322 "-" "Mozilla/5.0 (Linux; Android 5.0) AppleWebKit/537.36 (KHTML, like Gecko) Mobile Safari/537.36 (compatible; Bytespider; spider-feedback@bytedance.com)"
156.59.198.135 - - [14/Feb/2025:03:23:40 +0100] "GET /renault.activities.at/htdocs/log/cron/pickupLogisticData_3116367.txt HTTP/1.0" 404 326 "-" "Mozilla/5.0 (Linux; Android 5.0) AppleWebKit/537.36 (KHTML, like Gecko) Mobile Safari/537.36 (compatible; Bytespider; spider-feedback@bytedance.com)"
141.94.145.64 - - [14/Feb/2025:03:45:11 +0100] "GET /_profiler/phpinfo HTTP/1.1" 404 289 "-" "Mozilla/5.0 (Windows NT 6.2; ARM; Trident/7.0; Touch; rv:11.0; WPDesktop; NOKIA; Lumia 635) like Gecko"
156.59.198.136 - - [14/Feb/2025:03:49:51 +0100] "GET /renault.activities.at/htdocs/export/xml/data/orders/202001291703_RenOrder.xml HTTP/1.0" 404 329 "-" "Mozilla/5.0 (Linux; Android 5.0) AppleWebKit/537.36 (KHTML, like Gecko) Mobile Safari/537.36 (compatible; Bytespider; spider-feedback@bytedance.com)"
193.68.89.51 - - [14/Feb/2025:04:07:30 +0100] "GET / HTTP/1.1" 200 274 "-" "Mozilla/5.0 (Windows NT 10.0; Win64; x64) AppleWebKit/537.36 (KHTML, like Gecko) Chrome/90.0.4430.85 Safari/537.36 Edg/90.0.818.46"
156.59.198.135 - - [14/Feb/2025:04:07:35 +0100] "GET /renault.activities.at/htdocs/export/pdf/emuc_document/12322880.pdf HTTP/1.0" 404 322 "-" "Mozilla/5.0 (Linux; Android 5.0) AppleWebKit/537.36 (KHTML, like Gecko) Mobile Safari/537.36 (compatible; Bytespider; spider-feedback@bytedance.com)"
45.148.10.90 - - [14/Feb/2025:04:11:28 +0100] "\x16\x03\x01" 400 383 "-" "-"
45.148.10.90 - - [14/Feb/2025:04:11:28 +0100] "GET / HTTP/1.1" 400 383 "-" "-"
45.148.10.90 - - [14/Feb/2025:04:11:28 +0100] "GET / HTTP/1.1" 200 423 "-" "l9tcpid/v1.1.0"
45.148.10.90 - - [14/Feb/2025:04:11:31 +0100] "GET /test_environment/.git/config HTTP/1.1" 404 297 "-" "l9explore/1.2.2"
45.148.10.90 - - [14/Feb/2025:04:11:31 +0100] "GET /app/frontend/.git/config HTTP/1.1" 404 294 "-" "l9explore/1.2.2"
45.148.10.90 - - [14/Feb/2025:04:11:31 +0100] "GET /media/.git/config HTTP/1.1" 404 289 "-" "l9explore/1.2.2"
45.148.10.90 - - [14/Feb/2025:04:11:32 +0100] "GET /docker/.git/config HTTP/1.1" 404 291 "-" "l9explore/1.2.2"
45.148.10.90 - - [14/Feb/2025:04:11:32 +0100] "GET /lib/.git/config HTTP/1.1" 404 288 "-" "l9explore/1.2.2"
45.148.10.90 - - [14/Feb/2025:04:11:32 +0100] "GET /staging/.git/config HTTP/1.1" 404 291 "-" "l9explore/1.2.2"
45.148.10.90 - - [14/Feb/2025:04:11:33 +0100] "GET /dev/.git/config HTTP/1.1" 404 288 "-" "l9explore/1.2.2"
45.148.10.90 - - [14/Feb/2025:04:11:33 +0100] "GET /build_tool/.git/config HTTP/1.1" 404 293 "-" "l9explore/1.2.2"
45.148.10.90 - - [14/Feb/2025:04:11:33 +0100] "GET /ci/cd/.git/config HTTP/1.1" 404 289 "-" "l9explore/1.2.2"
45.148.10.90 - - [14/Feb/2025:04:11:33 +0100] "GET /cms/.git/config HTTP/1.1" 404 288 "-" "l9explore/1.2.2"
45.148.10.90 - - [14/Feb/2025:04:11:33 +0100] "GET /core/.git/config HTTP/1.1" 404 288 "-" "l9explore/1.2.2"
45.148.10.90 - - [14/Feb/2025:04:11:34 +0100] "GET /v2/.git/config HTTP/1.1" 404 287 "-" "l9explore/1.2.2"
45.148.10.90 - - [14/Feb/2025:04:11:34 +0100] "GET /scripts/.git/config HTTP/1.1" 404 291 "-" "l9explore/1.2.2"
156.59.198.136 - - [14/Feb/2025:04:11:35 +0100] "GET /renault.activities.at/htdocs/export/xml/data/orders/202101221703_RenOrder.xml HTTP/1.0" 404 329 "-" "Mozilla/5.0 (Linux; Android 5.0) AppleWebKit/537.36 (KHTML, like Gecko) Mobile Safari/537.36 (compatible; Bytespider; spider-feedback@bytedance.com)"
45.148.10.90 - - [14/Feb/2025:04:11:35 +0100] "GET /dev/backup/.git/config HTTP/1.1" 404 294 "-" "l9explore/1.2.2"
45.148.10.90 - - [14/Feb/2025:04:11:36 +0100] "GET /media../.git/config HTTP/1.1" 404 290 "-" "l9explore/1.2.2"
45.148.10.90 - - [14/Feb/2025:04:11:36 +0100] "GET /public/.git/config HTTP/1.1" 404 290 "-" "l9explore/1.2.2"
45.148.10.90 - - [14/Feb/2025:04:11:36 +0100] "GET /tools/.git/config HTTP/1.1" 404 289 "-" "l9explore/1.2.2"
45.148.10.90 - - [14/Feb/2025:04:11:36 +0100] "GET /devops/.git/config HTTP/1.1" 404 290 "-" "l9explore/1.2.2"
45.148.10.90 - - [14/Feb/2025:04:11:37 +0100] "GET /lib/js/.git/config HTTP/1.1" 404 291 "-" "l9explore/1.2.2"
45.148.10.90 - - [14/Feb/2025:04:11:37 +0100] "GET /src/.git/config HTTP/1.1" 404 288 "-" "l9explore/1.2.2"
45.148.10.90 - - [14/Feb/2025:04:11:37 +0100] "GET /www/.git/config HTTP/1.1" 404 288 "-" "l9explore/1.2.2"
156.59.198.136 - - [14/Feb/2025:04:15:35 +0100] "GET /renault.activities.at/htdocs/export/xml/data/orders/202006051803_RenOrder.xml HTTP/1.0" 404 329 "-" "Mozilla/5.0 (Linux; Android 5.0) AppleWebKit/537.36 (KHTML, like Gecko) Mobile Safari/537.36 (compatible; Bytespider; spider-feedback@bytedance.com)"
173.249.3.232 - - [14/Feb/2025:04:33:45 +0100] "GET //bitrix/admin/htmleditor2/aipkey.php?test=hello HTTP/1.1" 404 312 "www.google.com" "Mozlila/5.0 (Linux; Android 7.0; SM-G892A Bulid/NRD90M; wv) AppleWebKit/537.36 (KHTML, like Gecko) Version/4.0 Chrome/60.0.3112.107 Moblie Safari/537.36"
173.249.3.232 - - [14/Feb/2025:04:33:49 +0100] "GET //plugins/content/apismtp/apismtp.php?test=hello HTTP/1.1" 404 309 "www.google.com" "Mozlila/5.0 (Linux; Android 7.0; SM-G892A Bulid/NRD90M; wv) AppleWebKit/537.36 (KHTML, like Gecko) Version/4.0 Chrome/60.0.3112.107 Moblie Safari/537.36"
173.249.3.232 - - [14/Feb/2025:04:33:51 +0100] "GET //wp-content/plugins/apikey/apikey.php?test=hello HTTP/1.1" 404 311 "www.google.com" "Mozlila/5.0 (Linux; Android 7.0; SM-G892A Bulid/NRD90M; wv) AppleWebKit/537.36 (KHTML, like Gecko) Version/4.0 Chrome/60.0.3112.107 Moblie Safari/537.36"
193.68.89.10 - - [14/Feb/2025:04:34:58 +0100] "GET / HTTP/1.1" 200 274 "-" "Mozilla/5.0 (Windows NT 10.0; Win64; x64) AppleWebKit/537.36 (KHTML, like Gecko) Chrome/90.0.4430.85 Safari/537.36 Edg/90.0.818.46"
64.62.197.85 - - [14/Feb/2025:04:40:39 +0100] "GET / HTTP/1.1" 200 274 "-" "Mozilla/5.0 (Macintosh; Intel Mac OS X 10.15; rv:109.0) Gecko/20100101 Firefox/110.0"
64.62.197.86 - - [14/Feb/2025:04:43:26 +0100] "GET /favicon.ico HTTP/1.1" 404 284 "-" "Mozilla/5.0 (Windows NT 10.0; Win64; x64) AppleWebKit/537.36 (KHTML, like Gecko) Chrome/99.0.4844.51 Safari/537.36"
64.62.197.83 - - [14/Feb/2025:04:44:04 +0100] "GET /geoserver/web/ HTTP/1.1" 404 284 "-" "Mozilla/5.0 (Macintosh; Intel Mac OS X 10.15; rv:109.0) Gecko/20100101 Firefox/110.0"
64.62.197.79 - - [14/Feb/2025:04:44:45 +0100] "GET /info.php HTTP/1.1" 404 283 "-" "Mozilla/5.0 (Macintosh; Intel Mac OS X 10.15; rv:109.0) Gecko/20100101 Firefox/110.0"
64.62.197.89 - - [14/Feb/2025:04:44:55 +0100] "GET /phpinfo.php HTTP/1.1" 200 10265 "-" "Mozilla/5.0 (Windows NT 10.0; Win64; x64) AppleWebKit/537.36 (KHTML, like Gecko) Chrome/120.0.0.0 YaBrowser/24.1.0.0 Safari/537.36"
64.62.197.82 - - [14/Feb/2025:04:44:58 +0100] "GET /dashboard/phpinfo.php HTTP/1.1" 404 290 "-" "Mozilla/5.0 (X11; CrOS x86_64 14541.0.0) AppleWebKit/537.36 (KHTML, like Gecko) Chrome/123.0.0.0 Safari/537.36"
216.244.66.235 - - [14/Feb/2025:05:25:25 +0100] "GET /robots.txt HTTP/1.1" 404 375 "-" "Mozilla/5.0 (compatible; DotBot/1.2; +https://opensiteexplorer.org/dotbot; help@moz.com)"
156.59.198.136 - - [14/Feb/2025:05:25:32 +0100] "GET /renault.activities.at/htdocs/export/xml/data/orders/202103031203_RenOrder.xml HTTP/1.0" 404 329 "-" "Mozilla/5.0 (Linux; Android 5.0) AppleWebKit/537.36 (KHTML, like Gecko) Mobile Safari/537.36 (compatible; Bytespider; spider-feedback@bytedance.com)"
216.244.66.235 - - [14/Feb/2025:05:34:20 +0100] "GET /?feed=rss2&author=1 HTTP/1.1" 200 423 "-" "Mozilla/5.0 (compatible; DotBot/1.2; +https://opensiteexplorer.org/dotbot; help@moz.com)"
45.144.212.139 - - [14/Feb/2025:05:45:42 +0100] "GET /.git/HEAD HTTP/1.1" 404 284 "-" "Mozilla/5.0 (Windows NT 10.0; WOW64) AppleWebKit/537.36 (KHTML, like Gecko) Chrome/45.0.2454.93 Safari/537.36"
156.59.198.136 - - [14/Feb/2025:05:45:57 +0100] "GET /renault.activities.at/htdocs/log/cron/autologout_3115810.txt HTTP/1.0" 404 318 "-" "Mozilla/5.0 (Linux; Android 5.0) AppleWebKit/537.36 (KHTML, like Gecko) Mobile Safari/537.36 (compatible; Bytespider; spider-feedback@bytedance.com)"
156.59.198.135 - - [14/Feb/2025:06:05:59 +0100] "GET /renault.activities.at/htdocs/export/pdf/emuc_document/10482195.pdf HTTP/1.0" 404 321 "-" "Mozilla/5.0 (Linux; Android 5.0) AppleWebKit/537.36 (KHTML, like Gecko) Mobile Safari/537.36 (compatible; Bytespider; spider-feedback@bytedance.com)"
45.164.177.30 - - [14/Feb/2025:06:07:33 +0100] "GET /boaform/admin/formLogin?username=user&psd=user HTTP/1.0" 404 378 "-" "-"
156.59.198.135 - - [14/Feb/2025:06:12:49 +0100] "GET /renault.activities.at/htdocs/export/xml/data/orders/202111181503_RenOrder.xml HTTP/1.0" 404 328 "-" "Mozilla/5.0 (Linux; Android 5.0) AppleWebKit/537.36 (KHTML, like Gecko) Mobile Safari/537.36 (compatible; Bytespider; spider-feedback@bytedance.com)"
92.255.57.58 - - [14/Feb/2025:06:19:05 +0100] "GET /?XDEBUG_SESSION_START=phpstorm HTTP/1.1" 200 274 "-" "Mozilla/5.0 (Windows NT 10.0; Win64; x64) AppleWebKit/537.36 (KHTML, like Gecko) Chrome/78.0.3904.108 Safari/537.36"
144.91.110.164 - - [14/Feb/2025:06:20:13 +0100] "GET / HTTP/1.1" 200 274 "-" "python-requests/2.32.3"
156.59.198.136 - - [14/Feb/2025:06:21:36 +0100] "GET /renault.activities.at/htdocs/export/xml/data/orders/202101271703_RenOrder.xml HTTP/1.0" 404 329 "-" "Mozilla/5.0 (Linux; Android 5.0) AppleWebKit/537.36 (KHTML, like Gecko) Mobile Safari/537.36 (compatible; Bytespider; spider-feedback@bytedance.com)"
134.122.127.57 - - [14/Feb/2025:06:23:50 +0100] "\x16\x03\x01" 400 383 "-" "-"
134.122.127.57 - - [14/Feb/2025:06:23:50 +0100] "\x16\x03\x01" 400 383 "-" "-"
134.122.127.57 - - [14/Feb/2025:06:23:51 +0100] "GET / HTTP/1.1" 200 274 "-" "Mozilla/5.0 (Windows NT 10.0; Win64; x64) AppleWebKit/537.36 (KHTML, like Gecko) Chrome/108.0.0.0 Safari/537.36"
134.122.127.57 - - [14/Feb/2025:06:23:51 +0100] "GET /form.html HTTP/1.1" 404 283 "-" "curl/8.1.2"
134.122.127.57 - - [14/Feb/2025:06:23:51 +0100] "GET /upl.php HTTP/1.1" 404 282 "-" "Mozilla/5.0"
134.122.127.57 - - [14/Feb/2025:06:23:51 +0100] "GET /t4 HTTP/1.1" 404 278 "-" "Mozilla/5.0"
134.122.127.57 - - [14/Feb/2025:06:23:52 +0100] "GET /geoip/ HTTP/1.1" 404 281 "-" "Mozilla/5.0 (Windows NT 10.0; Win64; x64) AppleWebKit/537.36 (KHTML, like Gecko) Chrome/108.0.0.0 Safari/537.36"
134.122.127.57 - - [14/Feb/2025:06:23:52 +0100] "GET /favicon.ico HTTP/1.1" 404 284 "-" "Mozilla/5.0 (Windows NT 10.0; Win64; x64) AppleWebKit/537.36 (KHTML, like Gecko) Chrome/108.0.0.0 Safari/537.36"
134.122.127.57 - - [14/Feb/2025:06:23:52 +0100] "GET /1.php HTTP/1.1" 404 280 "-" "Mozilla/5.0 (Windows NT 10.0; Win64; x64) AppleWebKit/537.36 (KHTML, like Gecko) Chrome/108.0.0.0 Safari/537.36"
134.122.127.57 - - [14/Feb/2025:06:23:52 +0100] "GET /systembc/password.php HTTP/1.1" 404 291 "-" "Mozilla/5.0 (Windows NT 10.0; Win64; x64) AppleWebKit/537.36 (KHTML, like Gecko) Chrome/108.0.0.0 Safari/537.36"
134.122.127.57 - - [14/Feb/2025:06:23:53 +0100] "GET /password.php HTTP/1.1" 404 285 "-" "Mozilla/5.0 (Windows NT 10.0; Win64; x64) AppleWebKit/537.36 (KHTML, like Gecko) Chrome/108.0.0.0 Safari/537.36"
178.79.131.170 - - [14/Feb/2025:06:46:16 +0100] "GET / HTTP/1.1" 200 274 "-" "Mozilla/5.0 (Windows NT 6.1; WOW64; rv:8.0) Gecko/20100101 Firefox/8.0"
178.79.131.170 - - [14/Feb/2025:06:46:16 +0100] "\x16\x03\x01" 400 383 "-" "-"
178.79.131.170 - - [14/Feb/2025:06:46:16 +0100] "\x16\x03\x01" 400 383 "-" "-"
178.79.131.170 - - [14/Feb/2025:06:46:16 +0100] "\x16\x03\x01" 400 383 "-" "-"
193.68.89.10 - - [14/Feb/2025:06:49:24 +0100] "GET / HTTP/1.1" 200 274 "-" "Mozilla/5.0 (Windows NT 10.0; Win64; x64) AppleWebKit/537.36 (KHTML, like Gecko) Chrome/90.0.4430.85 Safari/537.36 Edg/90.0.818.46"
185.93.89.118 - - [14/Feb/2025:06:50:17 +0100] "POST /hello.world?%ADd+allow_url_include%3d1+%ADd+auto_prepend_file%3dphp://input HTTP/1.1" 404 356 "-" "Mozilla/5.0 (Linux; Linux x86_64; en-US) Gecko/20100101 Firefox/122.0"
185.93.89.118 - - [14/Feb/2025:06:50:17 +0100] "POST /?%ADd+allow_url_include%3d1+%ADd+auto_prepend_file%3dphp://input HTTP/1.1" 200 423 "-" "Mozilla/5.0 (Linux; Linux x86_64; en-US) Gecko/20100101 Firefox/122.0"
59.126.122.15 - - [14/Feb/2025:06:55:14 +0100] "GET / HTTP/1.0" 200 423 "-" "curl/7.88.1"
193.68.89.51 - - [14/Feb/2025:07:10:36 +0100] "GET / HTTP/1.1" 200 274 "-" "Mozilla/5.0 (Windows NT 10.0; Win64; x64) AppleWebKit/537.36 (KHTML, like Gecko) Chrome/90.0.4430.85 Safari/537.36 Edg/90.0.818.46"
92.255.57.58 - - [14/Feb/2025:07:16:52 +0100] "GET /actuator/gateway/routes HTTP/1.1" 404 293 "-" "Mozilla/5.0 (Windows NT 10.0; Win64; x64) AppleWebKit/537.36 (KHTML, like Gecko) Chrome/78.0.3904.108 Safari/537.36"
185.242.226.116 - - [14/Feb/2025:07:32:25 +0100] "GET / HTTP/1.1" 200 274 "-" "Mozilla/5.0 (Windows NT 10.0; Win64; x64) AppleWebKit/537.36 (KHTML, like Gecko) Chrome/88.0.4324.190 Safari/537.36"
156.59.198.135 - - [14/Feb/2025:07:42:24 +0100] "GET /renault.activities.at/htdocs/export/xml/data/orders/202009101303_RenOrder.xml HTTP/1.0" 404 329 "-" "Mozilla/5.0 (Linux; Android 5.0) AppleWebKit/537.36 (KHTML, like Gecko) Mobile Safari/537.36 (compatible; Bytespider; spider-feedback@bytedance.com)"
92.255.57.58 - - [14/Feb/2025:07:48:19 +0100] "\x16\x03\x01\x05\xa8\x01" 400 383 "-" "-"
156.59.198.136 - - [14/Feb/2025:07:51:28 +0100] "GET /renault.activities.at/htdocs/log/cron/system_mail_3116115.txt HTTP/1.0" 404 320 "-" "Mozilla/5.0 (Linux; Android 5.0) AppleWebKit/537.36 (KHTML, like Gecko) Mobile Safari/537.36 (compatible; Bytespider; spider-feedback@bytedance.com)"
156.59.198.135 - - [14/Feb/2025:08:12:11 +0100] "GET /renault.activities.at/htdocs/log/cron/reminder_mailing_3115207.txt HTTP/1.0" 404 324 "-" "Mozilla/5.0 (Linux; Android 5.0) AppleWebKit/537.36 (KHTML, like Gecko) Mobile Safari/537.36 (compatible; Bytespider; spider-feedback@bytedance.com)"
156.59.198.135 - - [14/Feb/2025:08:16:12 +0100] "GET /renault.activities.at/htdocs/export/xml/data/orders/202012171803_RenOrder.xml HTTP/1.0" 404 329 "-" "Mozilla/5.0 (Linux; Android 5.0) AppleWebKit/537.36 (KHTML, like Gecko) Mobile Safari/537.36 (compatible; Bytespider; spider-feedback@bytedance.com)"
65.49.1.29 - - [14/Feb/2025:08:33:44 +0100] "\x16\x03\x01" 400 383 "-" "-"
95.214.55.123 - - [14/Feb/2025:08:41:48 +0100] "GET / HTTP/1.1" 200 274 "-" "Mozilla/5.0 (Windows NT 10.0; Win64; x64) AppleWebKit/537.36 (KHTML, like Gecko) Chrome/90.0.4430.85 Safari/537.36 Edg/90.0.818.46"
172.96.11.233 - - [14/Feb/2025:08:45:39 +0100] "GET / HTTP/1.1" 200 274 "-" "Mozilla/5.0 (Windows NT 10.0; Win64; x64) AppleWebKit/537.36 (KHTML, like Gecko) Chrome/122.0.0.0 Safari/537.36"
193.68.89.10 - - [14/Feb/2025:08:59:30 +0100] "GET / HTTP/1.1" 200 274 "-" "Mozilla/5.0 (Windows NT 10.0; Win64; x64) AppleWebKit/537.36 (KHTML, like Gecko) Chrome/90.0.4430.85 Safari/537.36 Edg/90.0.818.46"
156.59.198.135 - - [14/Feb/2025:09:02:19 +0100] "GET /renault.activities.at/htdocs/log/cron/system_mail_3116213.txt HTTP/1.0" 404 320 "-" "Mozilla/5.0 (Linux; Android 5.0) AppleWebKit/537.36 (KHTML, like Gecko) Mobile Safari/537.36 (compatible; Bytespider; spider-feedback@bytedance.com)"
156.59.198.136 - - [14/Feb/2025:09:06:19 +0100] "GET /renault.activities.at/htdocs/log/cron/system_mail_3116161.txt HTTP/1.0" 404 319 "-" "Mozilla/5.0 (Linux; Android 5.0) AppleWebKit/537.36 (KHTML, like Gecko) Mobile Safari/537.36 (compatible; Bytespider; spider-feedback@bytedance.com)"
194.38.23.16 - - [14/Feb/2025:09:09:54 +0100] "GET /wp-content/themes/nuance/functions/jwpanel/scripts/valums_uploader/php.php HTTP/1.1" 404 426 "-" "ALittle Client"
194.38.23.16 - - [14/Feb/2025:09:10:13 +0100] "GET /wp-content/themes/nuance/functions/jwpanel/scripts/valums_uploader/php.php HTTP/1.1" 404 439 "-" "ALittle Client"
156.59.198.136 - - [14/Feb/2025:09:10:19 +0100] "GET /renault.activities.at/htdocs/export/pdf/emuc_document/10961390.pdf HTTP/1.0" 404 322 "-" "Mozilla/5.0 (Linux; Android 5.0) AppleWebKit/537.36 (KHTML, like Gecko) Mobile Safari/537.36 (compatible; Bytespider; spider-feedback@bytedance.com)"
156.59.198.136 - - [14/Feb/2025:09:14:56 +0100] "GET /renault.activities.at/htdocs/export/pdf/emuc_document/12251492.pdf HTTP/1.0" 404 321 "-" "Mozilla/5.0 (Linux; Android 5.0) AppleWebKit/537.36 (KHTML, like Gecko) Mobile Safari/537.36 (compatible; Bytespider; spider-feedback@bytedance.com)"
172.96.11.233 - - [14/Feb/2025:09:24:14 +0100] "GET /login HTTP/1.1" 404 287 "-" "Mozilla/5.0 (Windows NT 10.0; Win64; x64) AppleWebKit/537.36 (KHTML, like Gecko) Chrome/122.0.0.0 Safari/537.36"
93.174.93.12 - - [14/Feb/2025:09:48:50 +0100] "\x16\x03\x02\x01o\x01" 400 383 "-" "-"
35.187.186.25 - - [14/Feb/2025:09:54:22 +0100] "GET / HTTP/1.1" 200 274 "-" "python-requests/2.32.3"
115.148.153.42 - - [14/Feb/2025:09:57:59 +0100] "GET / HTTP/1.1" 200 423 "-" "-"
171.8.138.240 - - [14/Feb/2025:09:58:30 +0100] "GET / HTTP/1.1" 200 423 "-" "Mozilla/5.0 (Windows NT 6.1) AppleWebKit/537.36 (KHTML, like Gecko) Chrome/49.0.2623.112 Safari/537.36"
116.252.76.5 - - [14/Feb/2025:09:58:31 +0100] "GET /layout.php HTTP/1.1" 200 1674 "-" "Mozilla/5.0 (Windows NT 6.1) AppleWebKit/537.36 (KHTML, like Gecko) Chrome/49.0.2623.112 Safari/537.36"
59.173.132.109 - - [14/Feb/2025:09:58:31 +0100] "GET /entry.php?id=10441&UIN= HTTP/1.1" 200 2866 "-" "Mozilla/5.0 (Windows NT 6.1) AppleWebKit/537.36 (KHTML, like Gecko) Chrome/49.0.2623.112 Safari/537.36"
218.104.149.230 - - [14/Feb/2025:09:58:33 +0100] "GET /activities.ico HTTP/1.1" 200 1406 "-" "Mozilla/5.0 (Windows NT 6.1) AppleWebKit/537.36 (KHTML, like Gecko) Chrome/49.0.2623.112 Safari/537.36"
172.96.11.233 - - [14/Feb/2025:10:00:12 +0100] "GET / HTTP/1.1" 200 274 "-" "Mozilla/5.0 (Windows NT 10.0; Win64; x64) AppleWebKit/537.36 (KHTML, like Gecko) Chrome/122.0.0.0 Safari/537.36"
156.59.198.135 - - [14/Feb/2025:10:05:01 +0100] "GET /renault.activities.at/htdocs/export/xml/data/orders/202105051203_RenOrder.xml HTTP/1.0" 404 329 "-" "Mozilla/5.0 (Linux; Android 5.0) AppleWebKit/537.36 (KHTML, like Gecko) Mobile Safari/537.36 (compatible; Bytespider; spider-feedback@bytedance.com)"
156.59.198.136 - - [14/Feb/2025:10:20:39 +0100] "GET /renault.activities.at/htdocs/export/pdf/emuc_document/12431096.pdf HTTP/1.0" 404 322 "-" "Mozilla/5.0 (Linux; Android 5.0) AppleWebKit/537.36 (KHTML, like Gecko) Mobile Safari/537.36 (compatible; Bytespider; spider-feedback@bytedance.com)"
178.165.186.69 - - [14/Feb/2025:10:20:42 +0100] "GET /layout.php HTTP/1.1" 200 815 "-" "Mozilla/5.0 (Windows NT 10.0; Win64; x64; rv:135.0) Gecko/20100101 Firefox/135.0"
178.165.186.69 - - [14/Feb/2025:10:20:43 +0100] "GET /entry.php?id=10273 HTTP/1.1" 200 1904 "http://hausegger.activities.at/layout.php" "Mozilla/5.0 (Windows NT 10.0; Win64; x64; rv:135.0) Gecko/20100101 Firefox/135.0"
178.165.186.69 - - [14/Feb/2025:10:20:43 +0100] "GET /entry.php?id=10270 HTTP/1.1" 200 909 "http://hausegger.activities.at/layout.php" "Mozilla/5.0 (Windows NT 10.0; Win64; x64; rv:135.0) Gecko/20100101 Firefox/135.0"
178.165.186.69 - - [14/Feb/2025:10:20:43 +0100] "GET /entry.php?id=10272 HTTP/1.1" 200 1159 "http://hausegger.activities.at/layout.php" "Mozilla/5.0 (Windows NT 10.0; Win64; x64; rv:135.0) Gecko/20100101 Firefox/135.0"
178.165.186.69 - - [14/Feb/2025:10:20:43 +0100] "GET /entry.php?id=11412 HTTP/1.1" 200 1760 "http://hausegger.activities.at/layout.php" "Mozilla/5.0 (Windows NT 10.0; Win64; x64; rv:135.0) Gecko/20100101 Firefox/135.0"
178.165.186.69 - - [14/Feb/2025:10:20:43 +0100] "GET /gui/javascript/form_form.js?1739524843 HTTP/1.1" 200 16206 "http://hausegger.activities.at/entry.php?id=10273" "Mozilla/5.0 (Windows NT 10.0; Win64; x64; rv:135.0) Gecko/20100101 Firefox/135.0"
178.165.186.69 - - [14/Feb/2025:10:20:43 +0100] "GET /gui/javascript/form_form.js?1739524843 HTTP/1.1" 200 16206 "http://hausegger.activities.at/entry.php?id=10270" "Mozilla/5.0 (Windows NT 10.0; Win64; x64; rv:135.0) Gecko/20100101 Firefox/135.0"
178.165.186.69 - - [14/Feb/2025:10:20:43 +0100] "GET /gui/styles/tmplDefault.css HTTP/1.1" 200 2135 "http://hausegger.activities.at/entry.php?id=10272" "Mozilla/5.0 (Windows NT 10.0; Win64; x64; rv:135.0) Gecko/20100101 Firefox/135.0"
178.165.186.69 - - [14/Feb/2025:10:20:43 +0100] "GET /gui/javascript/form_form.js?1739524843 HTTP/1.1" 200 16206 "http://hausegger.activities.at/entry.php?id=10272" "Mozilla/5.0 (Windows NT 10.0; Win64; x64; rv:135.0) Gecko/20100101 Firefox/135.0"
178.165.186.69 - - [14/Feb/2025:10:20:43 +0100] "GET /entry.php?id=10271& HTTP/1.1" 200 934 "http://hausegger.activities.at/entry.php?id=10272" "Mozilla/5.0 (Windows NT 10.0; Win64; x64; rv:135.0) Gecko/20100101 Firefox/135.0"
178.165.186.69 - - [14/Feb/2025:10:20:43 +0100] "GET /entry.php?id=10287 HTTP/1.1" 200 2396 "http://hausegger.activities.at/entry.php?id=11412" "Mozilla/5.0 (Windows NT 10.0; Win64; x64; rv:135.0) Gecko/20100101 Firefox/135.0"
178.165.186.69 - - [14/Feb/2025:10:20:44 +0100] "GET /gui/javascript/form_form.js?1739524844 HTTP/1.1" 200 16206 "http://hausegger.activities.at/entry.php?id=10287" "Mozilla/5.0 (Windows NT 10.0; Win64; x64; rv:135.0) Gecko/20100101 Firefox/135.0"
178.165.186.69 - - [14/Feb/2025:10:20:44 +0100] "GET /entry.php?id=10270& HTTP/1.1" 200 909 "http://hausegger.activities.at/entry.php?id=10287" "Mozilla/5.0 (Windows NT 10.0; Win64; x64; rv:135.0) Gecko/20100101 Firefox/135.0"
178.165.186.69 - - [14/Feb/2025:10:20:44 +0100] "GET /entry.php?id=10273& HTTP/1.1" 200 1904 "http://hausegger.activities.at/entry.php?id=10287" "Mozilla/5.0 (Windows NT 10.0; Win64; x64; rv:135.0) Gecko/20100101 Firefox/135.0"
178.165.186.69 - - [14/Feb/2025:10:20:45 +0100] "POST /entry.php?id=10287& HTTP/1.1" 200 1968 "http://hausegger.activities.at/entry.php?id=10287" "Mozilla/5.0 (Windows NT 10.0; Win64; x64; rv:135.0) Gecko/20100101 Firefox/135.0"
178.165.186.69 - - [14/Feb/2025:10:21:49 +0100] "GET /gui/javascript/form_form.js?1739524909 HTTP/1.1" 200 16206 "http://hausegger.activities.at/entry.php?id=10287&" "Mozilla/5.0 (Windows NT 10.0; Win64; x64; rv:135.0) Gecko/20100101 Firefox/135.0"
178.165.186.69 - - [14/Feb/2025:10:21:49 +0100] "GET /entry.php?id=10271& HTTP/1.1" 200 987 "http://hausegger.activities.at/entry.php?id=10272" "Mozilla/5.0 (Windows NT 10.0; Win64; x64; rv:135.0) Gecko/20100101 Firefox/135.0"
178.165.186.69 - - [14/Feb/2025:10:21:49 +0100] "GET /entry.php?id=10273& HTTP/1.1" 200 2013 "http://hausegger.activities.at/entry.php?id=10287&" "Mozilla/5.0 (Windows NT 10.0; Win64; x64; rv:135.0) Gecko/20100101 Firefox/135.0"
178.165.186.69 - - [14/Feb/2025:10:21:49 +0100] "GET /entry.php?id=10270&__app__=10006038 HTTP/1.1" 200 2231 "http://hausegger.activities.at/entry.php?id=10273&" "Mozilla/5.0 (Windows NT 10.0; Win64; x64; rv:135.0) Gecko/20100101 Firefox/135.0"
178.165.186.69 - - [14/Feb/2025:10:21:50 +0100] "GET /undefined HTTP/1.1" 404 289 "http://hausegger.activities.at/entry.php?id=10270&__app__=10006038" "Mozilla/5.0 (Windows NT 10.0; Win64; x64; rv:135.0) Gecko/20100101 Firefox/135.0"
178.165.186.69 - - [14/Feb/2025:10:21:50 +0100] "GET /framework/webfx/style/toolbar/images/cbback.gif HTTP/1.1" 404 318 "http://hausegger.activities.at/framework/webfx/style/toolbar/cb2.css" "Mozilla/5.0 (Windows NT 10.0; Win64; x64; rv:135.0) Gecko/20100101 Firefox/135.0"
178.165.186.69 - - [14/Feb/2025:10:22:49 +0100] "GET /entry.php?id=10271&&ser=524909 HTTP/1.1" 200 987 "http://hausegger.activities.at/entry.php?id=10271&" "Mozilla/5.0 (Windows NT 10.0; Win64; x64; rv:135.0) Gecko/20100101 Firefox/135.0"
178.165.186.69 - - [14/Feb/2025:10:22:50 +0100] "GET /gui/javascript/form_form.js?1739524969 HTTP/1.1" 200 16206 "http://hausegger.activities.at/entry.php?id=10271&&ser=524909" "Mozilla/5.0 (Windows NT 10.0; Win64; x64; rv:135.0) Gecko/20100101 Firefox/135.0"
178.165.186.69 - - [14/Feb/2025:10:23:50 +0100] "GET /entry.php?id=10271&&ser=524969 HTTP/1.1" 200 986 "http://hausegger.activities.at/entry.php?id=10271&&ser=524909" "Mozilla/5.0 (Windows NT 10.0; Win64; x64; rv:135.0) Gecko/20100101 Firefox/135.0"
178.165.186.69 - - [14/Feb/2025:10:23:50 +0100] "GET /gui/javascript/form_form.js?1739525030 HTTP/1.1" 200 16206 "http://hausegger.activities.at/entry.php?id=10271&&ser=524969" "Mozilla/5.0 (Windows NT 10.0; Win64; x64; rv:135.0) Gecko/20100101 Firefox/135.0"
115.231.78.11 - - [14/Feb/2025:10:24:25 +0100] "GET / HTTP/1.1" 200 423 "-" "Mozilla/5.0 (Windows NT 6.1) AppleWebKit/537.36 (KHTML, like Gecko) Chrome/71.0.2623.112 Safari/537.36"
115.231.78.11 - - [14/Feb/2025:10:24:26 +0100] "GET /activities.ico HTTP/1.1" 200 1406 "-" "Mozilla/5.0 (Windows NT 6.1; WOW64) AppleWebKit/537.36 (KHTML, like Gecko) Chrome/63.0.3239.132 Safari/537.36 QIHU 360SE"
115.231.78.11 - - [14/Feb/2025:10:24:26 +0100] "GET /robots.txt HTTP/1.1" 404 284 "-" "Mozilla/5.0 (Windows NT 6.1; WOW64) AppleWebKit/537.36 (KHTML, like Gecko) Chrome/63.0.3239.132 Safari/537.36 QIHU 360SE"
156.59.198.135 - - [14/Feb/2025:10:24:39 +0100] "GET /renault.activities.at/htdocs/log/cron/system_mail_3116249.txt HTTP/1.0" 404 320 "-" "Mozilla/5.0 (Linux; Android 5.0) AppleWebKit/537.36 (KHTML, like Gecko) Mobile Safari/537.36 (compatible; Bytespider; spider-feedback@bytedance.com)"
178.165.186.69 - - [14/Feb/2025:10:24:50 +0100] "GET /entry.php?id=10271&&ser=525030 HTTP/1.1" 200 986 "http://hausegger.activities.at/entry.php?id=10271&&ser=524969" "Mozilla/5.0 (Windows NT 10.0; Win64; x64; rv:135.0) Gecko/20100101 Firefox/135.0"
178.165.186.69 - - [14/Feb/2025:10:24:50 +0100] "GET /gui/javascript/form_form.js?1739525090 HTTP/1.1" 200 16206 "http://hausegger.activities.at/entry.php?id=10271&&ser=525030" "Mozilla/5.0 (Windows NT 10.0; Win64; x64; rv:135.0) Gecko/20100101 Firefox/135.0"
178.165.186.69 - - [14/Feb/2025:10:25:50 +0100] "GET /entry.php?id=10271&&ser=525090 HTTP/1.1" 200 987 "http://hausegger.activities.at/entry.php?id=10271&&ser=525030" "Mozilla/5.0 (Windows NT 10.0; Win64; x64; rv:135.0) Gecko/20100101 Firefox/135.0"
178.165.186.69 - - [14/Feb/2025:10:25:50 +0100] "GET /gui/javascript/form_form.js?1739525150 HTTP/1.1" 200 16206 "http://hausegger.activities.at/entry.php?id=10271&&ser=525090" "Mozilla/5.0 (Windows NT 10.0; Win64; x64; rv:135.0) Gecko/20100101 Firefox/135.0"
178.165.186.69 - - [14/Feb/2025:10:26:51 +0100] "GET /entry.php?id=10271&&ser=525150 HTTP/1.1" 200 987 "http://hausegger.activities.at/entry.php?id=10271&&ser=525090" "Mozilla/5.0 (Windows NT 10.0; Win64; x64; rv:135.0) Gecko/20100101 Firefox/135.0"
178.165.186.69 - - [14/Feb/2025:10:26:51 +0100] "GET /gui/javascript/form_form.js?1739525211 HTTP/1.1" 200 16206 "http://hausegger.activities.at/entry.php?id=10271&&ser=525150" "Mozilla/5.0 (Windows NT 10.0; Win64; x64; rv:135.0) Gecko/20100101 Firefox/135.0"
178.165.186.69 - - [14/Feb/2025:10:27:51 +0100] "GET /entry.php?id=10271&&ser=525211 HTTP/1.1" 200 987 "http://hausegger.activities.at/entry.php?id=10271&&ser=525150" "Mozilla/5.0 (Windows NT 10.0; Win64; x64; rv:135.0) Gecko/20100101 Firefox/135.0"
178.165.186.69 - - [14/Feb/2025:10:27:51 +0100] "GET /gui/javascript/form_form.js?1739525271 HTTP/1.1" 200 16206 "http://hausegger.activities.at/entry.php?id=10271&&ser=525211" "Mozilla/5.0 (Windows NT 10.0; Win64; x64; rv:135.0) Gecko/20100101 Firefox/135.0"
178.165.186.69 - - [14/Feb/2025:10:28:51 +0100] "GET /entry.php?id=10271&&ser=525271 HTTP/1.1" 200 987 "http://hausegger.activities.at/entry.php?id=10271&&ser=525211" "Mozilla/5.0 (Windows NT 10.0; Win64; x64; rv:135.0) Gecko/20100101 Firefox/135.0"
178.165.186.69 - - [14/Feb/2025:10:28:51 +0100] "GET /gui/javascript/form_form.js?1739525331 HTTP/1.1" 200 16206 "http://hausegger.activities.at/entry.php?id=10271&&ser=525271" "Mozilla/5.0 (Windows NT 10.0; Win64; x64; rv:135.0) Gecko/20100101 Firefox/135.0"
178.165.186.69 - - [14/Feb/2025:10:29:33 +0100] "GET /entry.php?id=10828 HTTP/1.1" 200 9140 "http://hausegger.activities.at/entry.php?id=10270&__app__=10006038" "Mozilla/5.0 (Windows NT 10.0; Win64; x64; rv:135.0) Gecko/20100101 Firefox/135.0"
178.165.186.69 - - [14/Feb/2025:10:29:33 +0100] "GET /gui/javascript/form_form.js?1739525373 HTTP/1.1" 200 16206 "http://hausegger.activities.at/entry.php?id=10828" "Mozilla/5.0 (Windows NT 10.0; Win64; x64; rv:135.0) Gecko/20100101 Firefox/135.0"
178.165.186.69 - - [14/Feb/2025:10:29:33 +0100] "GET /entry.php?id=10889&document_id=& HTTP/1.1" 200 1508 "http://hausegger.activities.at/entry.php?id=10828" "Mozilla/5.0 (Windows NT 10.0; Win64; x64; rv:135.0) Gecko/20100101 Firefox/135.0"
178.165.186.69 - - [14/Feb/2025:10:29:51 +0100] "GET /entry.php?id=10271&&ser=525331 HTTP/1.1" 200 988 "http://hausegger.activities.at/entry.php?id=10271&&ser=525271" "Mozilla/5.0 (Windows NT 10.0; Win64; x64; rv:135.0) Gecko/20100101 Firefox/135.0"
178.165.186.69 - - [14/Feb/2025:10:29:52 +0100] "GET /gui/javascript/form_form.js?1739525392 HTTP/1.1" 200 16206 "http://hausegger.activities.at/entry.php?id=10271&&ser=525331" "Mozilla/5.0 (Windows NT 10.0; Win64; x64; rv:135.0) Gecko/20100101 Firefox/135.0"
178.165.186.69 - - [14/Feb/2025:10:30:52 +0100] "GET /entry.php?id=10271&&ser=525392 HTTP/1.1" 200 988 "http://hausegger.activities.at/entry.php?id=10271&&ser=525331" "Mozilla/5.0 (Windows NT 10.0; Win64; x64; rv:135.0) Gecko/20100101 Firefox/135.0"
178.165.186.69 - - [14/Feb/2025:10:30:52 +0100] "GET /gui/javascript/form_form.js?1739525452 HTTP/1.1" 200 16206 "http://hausegger.activities.at/entry.php?id=10271&&ser=525392" "Mozilla/5.0 (Windows NT 10.0; Win64; x64; rv:135.0) Gecko/20100101 Firefox/135.0"
178.165.186.69 - - [14/Feb/2025:10:31:52 +0100] "GET /entry.php?id=10271&&ser=525452 HTTP/1.1" 200 987 "http://hausegger.activities.at/entry.php?id=10271&&ser=525392" "Mozilla/5.0 (Windows NT 10.0; Win64; x64; rv:135.0) Gecko/20100101 Firefox/135.0"
178.165.186.69 - - [14/Feb/2025:10:31:52 +0100] "GET /gui/javascript/form_form.js?1739525512 HTTP/1.1" 200 16206 "http://hausegger.activities.at/entry.php?id=10271&&ser=525452" "Mozilla/5.0 (Windows NT 10.0; Win64; x64; rv:135.0) Gecko/20100101 Firefox/135.0"
178.165.186.69 - - [14/Feb/2025:10:32:52 +0100] "GET /entry.php?id=10271&&ser=525512 HTTP/1.1" 200 988 "http://hausegger.activities.at/entry.php?id=10271&&ser=525452" "Mozilla/5.0 (Windows NT 10.0; Win64; x64; rv:135.0) Gecko/20100101 Firefox/135.0"
178.165.186.69 - - [14/Feb/2025:10:32:52 +0100] "GET /gui/javascript/form_form.js?1739525572 HTTP/1.1" 200 16206 "http://hausegger.activities.at/entry.php?id=10271&&ser=525512" "Mozilla/5.0 (Windows NT 10.0; Win64; x64; rv:135.0) Gecko/20100101 Firefox/135.0"
178.165.186.69 - - [14/Feb/2025:10:33:53 +0100] "GET /entry.php?id=10271&&ser=525572 HTTP/1.1" 200 987 "http://hausegger.activities.at/entry.php?id=10271&&ser=525512" "Mozilla/5.0 (Windows NT 10.0; Win64; x64; rv:135.0) Gecko/20100101 Firefox/135.0"
178.165.186.69 - - [14/Feb/2025:10:33:53 +0100] "GET /gui/javascript/form_form.js?1739525633 HTTP/1.1" 200 16206 "http://hausegger.activities.at/entry.php?id=10271&&ser=525572" "Mozilla/5.0 (Windows NT 10.0; Win64; x64; rv:135.0) Gecko/20100101 Firefox/135.0"
178.165.186.69 - - [14/Feb/2025:10:33:56 +0100] "GET /entry.php?id=10712 HTTP/1.1" 200 402 "http://hausegger.activities.at/entry.php?id=10270&__app__=10006038" "Mozilla/5.0 (Windows NT 10.0; Win64; x64; rv:135.0) Gecko/20100101 Firefox/135.0"
178.165.186.69 - - [14/Feb/2025:10:33:56 +0100] "GET /entry.php?id=10676&&title=Artikelverwaltung HTTP/1.1" 200 1393 "http://hausegger.activities.at/entry.php?id=10712" "Mozilla/5.0 (Windows NT 10.0; Win64; x64; rv:135.0) Gecko/20100101 Firefox/135.0"
178.165.186.69 - - [14/Feb/2025:10:33:57 +0100] "GET /gui/javascript/form_form.js?1739525636 HTTP/1.1" 200 16206 "http://hausegger.activities.at/entry.php?id=10676&&title=Artikelverwaltung" "Mozilla/5.0 (Windows NT 10.0; Win64; x64; rv:135.0) Gecko/20100101 Firefox/135.0"
178.165.186.69 - - [14/Feb/2025:10:33:56 +0100] "GET /entry.php?id=10715& HTTP/1.1" 200 2533 "http://hausegger.activities.at/entry.php?id=10712" "Mozilla/5.0 (Windows NT 10.0; Win64; x64; rv:135.0) Gecko/20100101 Firefox/135.0"
178.165.186.69 - - [14/Feb/2025:10:33:57 +0100] "GET /gui/javascript/form_form.js?1739525637 HTTP/1.1" 200 16206 "http://hausegger.activities.at/entry.php?id=10715&" "Mozilla/5.0 (Windows NT 10.0; Win64; x64; rv:135.0) Gecko/20100101 Firefox/135.0"
178.165.186.69 - - [14/Feb/2025:10:33:56 +0100] "GET /entry.php?id=10716& HTTP/1.1" 200 4886 "http://hausegger.activities.at/entry.php?id=10712" "Mozilla/5.0 (Windows NT 10.0; Win64; x64; rv:135.0) Gecko/20100101 Firefox/135.0"
178.165.186.69 - - [14/Feb/2025:10:33:57 +0100] "GET /entry.php?id=10776&form=10560&name=list& HTTP/1.1" 200 2179 "http://hausegger.activities.at/entry.php?id=10715&" "Mozilla/5.0 (Windows NT 10.0; Win64; x64; rv:135.0) Gecko/20100101 Firefox/135.0"
178.165.186.69 - - [14/Feb/2025:10:33:57 +0100] "GET /entry.php?id=10778&form=10560&name=list& HTTP/1.1" 200 2691 "http://hausegger.activities.at/entry.php?id=10715&" "Mozilla/5.0 (Windows NT 10.0; Win64; x64; rv:135.0) Gecko/20100101 Firefox/135.0"
178.165.186.69 - - [14/Feb/2025:10:33:57 +0100] "GET /gui/images/icons/disabled_isvisible.gif HTTP/1.1" 200 612 "http://hausegger.activities.at/entry.php?id=10778&form=10560&name=list&" "Mozilla/5.0 (Windows NT 10.0; Win64; x64; rv:135.0) Gecko/20100101 Firefox/135.0"
178.165.186.69 - - [14/Feb/2025:10:33:57 +0100] "GET /framework/icons/fwx_trans.gif HTTP/1.1" 200 43 "http://hausegger.activities.at/entry.php?id=10778&form=10560&name=list&" "Mozilla/5.0 (Windows NT 10.0; Win64; x64; rv:135.0) Gecko/20100101 Firefox/135.0"
178.165.186.69 - - [14/Feb/2025:10:33:57 +0100] "GET /entry.php?id=10714&checksegmentation=false& HTTP/1.1" 200 4153 "http://hausegger.activities.at/entry.php?id=10712" "Mozilla/5.0 (Windows NT 10.0; Win64; x64; rv:135.0) Gecko/20100101 Firefox/135.0"
178.165.186.69 - - [14/Feb/2025:10:33:57 +0100] "GET /activities/framework/KoolControls/KoolAjax/koolajax.php?8436e354c842500aba3cbaf0584c0c24 HTTP/1.1" 200 4079 "http://hausegger.activities.at/entry.php?id=10714&checksegmentation=false&" "Mozilla/5.0 (Windows NT 10.0; Win64; x64; rv:135.0) Gecko/20100101 Firefox/135.0"
178.165.186.69 - - [14/Feb/2025:10:33:57 +0100] "GET /activities/framework/KoolControls/KoolTreeView/kooltreeview.php?c7cd9180e88ffef8e70f13526bb4f5f7 HTTP/1.1" 200 5055 "http://hausegger.activities.at/entry.php?id=10714&checksegmentation=false&" "Mozilla/5.0 (Windows NT 10.0; Win64; x64; rv:135.0) Gecko/20100101 Firefox/135.0"
178.165.186.69 - - [14/Feb/2025:10:34:04 +0100] "POST /entry.php?id=10715 HTTP/1.1" 200 2610 "http://hausegger.activities.at/entry.php?id=10715&" "Mozilla/5.0 (Windows NT 10.0; Win64; x64; rv:135.0) Gecko/20100101 Firefox/135.0"
178.165.186.69 - - [14/Feb/2025:10:34:04 +0100] "GET /gui/javascript/form_form.js?1739525644 HTTP/1.1" 200 16206 "http://hausegger.activities.at/entry.php?id=10715" "Mozilla/5.0 (Windows NT 10.0; Win64; x64; rv:135.0) Gecko/20100101 Firefox/135.0"
178.165.186.69 - - [14/Feb/2025:10:34:04 +0100] "GET /entry.php?id=10776&form=10560&name=list& HTTP/1.1" 200 2313 "http://hausegger.activities.at/entry.php?id=10715" "Mozilla/5.0 (Windows NT 10.0; Win64; x64; rv:135.0) Gecko/20100101 Firefox/135.0"
178.165.186.69 - - [14/Feb/2025:10:34:04 +0100] "GET /entry.php?id=10778&form=10560&name=list& HTTP/1.1" 200 2997 "http://hausegger.activities.at/entry.php?id=10715" "Mozilla/5.0 (Windows NT 10.0; Win64; x64; rv:135.0) Gecko/20100101 Firefox/135.0"
178.165.186.69 - - [14/Feb/2025:10:34:04 +0100] "GET /gui/images/no_image_de.jpg HTTP/1.1" 200 73407 "http://hausegger.activities.at/entry.php?id=10778&form=10560&name=list&" "Mozilla/5.0 (Windows NT 10.0; Win64; x64; rv:135.0) Gecko/20100101 Firefox/135.0"
178.165.186.69 - - [14/Feb/2025:10:34:05 +0100] "POST /entry.php?id=10716 HTTP/1.1" 200 7747 "http://hausegger.activities.at/entry.php?id=10716&" "Mozilla/5.0 (Windows NT 10.0; Win64; x64; rv:135.0) Gecko/20100101 Firefox/135.0"
178.165.186.69 - - [14/Feb/2025:10:34:05 +0100] "GET /activities/framework/KoolControls/KoolAjax/koolajax.php?8436e354c842500aba3cbaf0584c0c24 HTTP/1.1" 200 4079 "http://hausegger.activities.at/entry.php?id=10716" "Mozilla/5.0 (Windows NT 10.0; Win64; x64; rv:135.0) Gecko/20100101 Firefox/135.0"
178.165.186.69 - - [14/Feb/2025:10:34:05 +0100] "GET /gui/javascript/form_form.js?1739525645 HTTP/1.1" 200 16206 "http://hausegger.activities.at/entry.php?id=10716" "Mozilla/5.0 (Windows NT 10.0; Win64; x64; rv:135.0) Gecko/20100101 Firefox/135.0"
178.165.186.69 - - [14/Feb/2025:10:34:05 +0100] "GET /activities/framework/KoolControls/KoolComboBox/koolcombobox.php?32981a13284db7a021131df49e6cd203 HTTP/1.1" 200 4607 "http://hausegger.activities.at/entry.php?id=10716" "Mozilla/5.0 (Windows NT 10.0; Win64; x64; rv:135.0) Gecko/20100101 Firefox/135.0"
178.165.186.69 - - [14/Feb/2025:10:34:05 +0100] "GET /activities/framework/KoolControls/KoolTreeView/kooltreeview.php?c7cd9180e88ffef8e70f13526bb4f5f7 HTTP/1.1" 200 5055 "http://hausegger.activities.at/entry.php?id=10716" "Mozilla/5.0 (Windows NT 10.0; Win64; x64; rv:135.0) Gecko/20100101 Firefox/135.0"
178.165.186.69 - - [14/Feb/2025:10:34:53 +0100] "GET /entry.php?id=10271&&ser=525633 HTTP/1.1" 200 988 "http://hausegger.activities.at/entry.php?id=10271&&ser=525572" "Mozilla/5.0 (Windows NT 10.0; Win64; x64; rv:135.0) Gecko/20100101 Firefox/135.0"
178.165.186.69 - - [14/Feb/2025:10:34:53 +0100] "GET /gui/javascript/form_form.js?1739525693 HTTP/1.1" 200 16206 "http://hausegger.activities.at/entry.php?id=10271&&ser=525633" "Mozilla/5.0 (Windows NT 10.0; Win64; x64; rv:135.0) Gecko/20100101 Firefox/135.0"
178.165.186.69 - - [14/Feb/2025:10:35:54 +0100] "GET /entry.php?id=10271&&ser=525693 HTTP/1.1" 200 988 "http://hausegger.activities.at/entry.php?id=10271&&ser=525633" "Mozilla/5.0 (Windows NT 10.0; Win64; x64; rv:135.0) Gecko/20100101 Firefox/135.0"
178.165.186.69 - - [14/Feb/2025:10:35:54 +0100] "GET /gui/javascript/form_form.js?1739525754 HTTP/1.1" 200 16206 "http://hausegger.activities.at/entry.php?id=10271&&ser=525693" "Mozilla/5.0 (Windows NT 10.0; Win64; x64; rv:135.0) Gecko/20100101 Firefox/135.0"
178.165.186.69 - - [14/Feb/2025:10:36:54 +0100] "GET /entry.php?id=10271&&ser=525754 HTTP/1.1" 200 988 "http://hausegger.activities.at/entry.php?id=10271&&ser=525693" "Mozilla/5.0 (Windows NT 10.0; Win64; x64; rv:135.0) Gecko/20100101 Firefox/135.0"
178.165.186.69 - - [14/Feb/2025:10:36:54 +0100] "GET /gui/javascript/form_form.js?1739525814 HTTP/1.1" 200 16206 "http://hausegger.activities.at/entry.php?id=10271&&ser=525754" "Mozilla/5.0 (Windows NT 10.0; Win64; x64; rv:135.0) Gecko/20100101 Firefox/135.0"
185.189.182.234 - - [14/Feb/2025:10:37:09 +0100] "GET / HTTP/1.1" 400 383 "-" "-"
178.165.186.69 - - [14/Feb/2025:10:37:54 +0100] "GET /entry.php?id=10271&&ser=525814 HTTP/1.1" 200 988 "http://hausegger.activities.at/entry.php?id=10271&&ser=525754" "Mozilla/5.0 (Windows NT 10.0; Win64; x64; rv:135.0) Gecko/20100101 Firefox/135.0"
178.165.186.69 - - [14/Feb/2025:10:37:54 +0100] "GET /gui/javascript/form_form.js?1739525874 HTTP/1.1" 200 16206 "http://hausegger.activities.at/entry.php?id=10271&&ser=525814" "Mozilla/5.0 (Windows NT 10.0; Win64; x64; rv:135.0) Gecko/20100101 Firefox/135.0"
178.165.186.69 - - [14/Feb/2025:10:38:54 +0100] "GET /entry.php?id=10271&&ser=525874 HTTP/1.1" 200 988 "http://hausegger.activities.at/entry.php?id=10271&&ser=525814" "Mozilla/5.0 (Windows NT 10.0; Win64; x64; rv:135.0) Gecko/20100101 Firefox/135.0"
178.165.186.69 - - [14/Feb/2025:10:38:55 +0100] "GET /gui/javascript/form_form.js?1739525935 HTTP/1.1" 200 16206 "http://hausegger.activities.at/entry.php?id=10271&&ser=525874" "Mozilla/5.0 (Windows NT 10.0; Win64; x64; rv:135.0) Gecko/20100101 Firefox/135.0"
178.165.186.69 - - [14/Feb/2025:10:39:55 +0100] "GET /entry.php?id=10271&&ser=525935 HTTP/1.1" 200 988 "http://hausegger.activities.at/entry.php?id=10271&&ser=525874" "Mozilla/5.0 (Windows NT 10.0; Win64; x64; rv:135.0) Gecko/20100101 Firefox/135.0"
178.165.186.69 - - [14/Feb/2025:10:39:55 +0100] "GET /gui/javascript/form_form.js?1739525995 HTTP/1.1" 200 16206 "http://hausegger.activities.at/entry.php?id=10271&&ser=525935" "Mozilla/5.0 (Windows NT 10.0; Win64; x64; rv:135.0) Gecko/20100101 Firefox/135.0"
178.165.186.69 - - [14/Feb/2025:10:39:58 +0100] "POST /entry.php?id=10716 HTTP/1.1" 200 7916 "http://hausegger.activities.at/entry.php?id=10716" "Mozilla/5.0 (Windows NT 10.0; Win64; x64; rv:135.0) Gecko/20100101 Firefox/135.0"
178.165.186.69 - - [14/Feb/2025:10:39:59 +0100] "GET /activities/framework/KoolControls/KoolAjax/koolajax.php?8436e354c842500aba3cbaf0584c0c24 HTTP/1.1" 200 4079 "http://hausegger.activities.at/entry.php?id=10716" "Mozilla/5.0 (Windows NT 10.0; Win64; x64; rv:135.0) Gecko/20100101 Firefox/135.0"
178.165.186.69 - - [14/Feb/2025:10:39:59 +0100] "GET /gui/javascript/form_form.js?1739525998 HTTP/1.1" 200 16206 "http://hausegger.activities.at/entry.php?id=10716" "Mozilla/5.0 (Windows NT 10.0; Win64; x64; rv:135.0) Gecko/20100101 Firefox/135.0"
178.165.186.69 - - [14/Feb/2025:10:39:59 +0100] "GET /activities/framework/KoolControls/KoolComboBox/koolcombobox.php?32981a13284db7a021131df49e6cd203 HTTP/1.1" 200 4607 "http://hausegger.activities.at/entry.php?id=10716" "Mozilla/5.0 (Windows NT 10.0; Win64; x64; rv:135.0) Gecko/20100101 Firefox/135.0"
178.165.186.69 - - [14/Feb/2025:10:39:59 +0100] "GET /activities/framework/KoolControls/KoolTreeView/kooltreeview.php?c7cd9180e88ffef8e70f13526bb4f5f7 HTTP/1.1" 200 5055 "http://hausegger.activities.at/entry.php?id=10716" "Mozilla/5.0 (Windows NT 10.0; Win64; x64; rv:135.0) Gecko/20100101 Firefox/135.0"
178.165.186.69 - - [14/Feb/2025:10:40:02 +0100] "GET /entry.php?id=10831 HTTP/1.1" 200 8821 "http://hausegger.activities.at/entry.php?id=10270&__app__=10006038" "Mozilla/5.0 (Windows NT 10.0; Win64; x64; rv:135.0) Gecko/20100101 Firefox/135.0"
178.165.186.69 - - [14/Feb/2025:10:40:02 +0100] "GET /gui/javascript/form_form.js?1739526002 HTTP/1.1" 200 16206 "http://hausegger.activities.at/entry.php?id=10831" "Mozilla/5.0 (Windows NT 10.0; Win64; x64; rv:135.0) Gecko/20100101 Firefox/135.0"
178.165.186.69 - - [14/Feb/2025:10:40:03 +0100] "GET /entry.php?id=10889&document_id=& HTTP/1.1" 200 1509 "http://hausegger.activities.at/entry.php?id=10831" "Mozilla/5.0 (Windows NT 10.0; Win64; x64; rv:135.0) Gecko/20100101 Firefox/135.0"
178.165.186.69 - - [14/Feb/2025:10:40:03 +0100] "GET /gui/javascript/form_form.js?1739526003 HTTP/1.1" 200 16206 "http://hausegger.activities.at/entry.php?id=10889&document_id=&" "Mozilla/5.0 (Windows NT 10.0; Win64; x64; rv:135.0) Gecko/20100101 Firefox/135.0"
178.165.186.69 - - [14/Feb/2025:10:40:04 +0100] "POST /entry.php?id=10831 HTTP/1.1" 200 8905 "http://hausegger.activities.at/entry.php?id=10831" "Mozilla/5.0 (Windows NT 10.0; Win64; x64; rv:135.0) Gecko/20100101 Firefox/135.0"
178.165.186.69 - - [14/Feb/2025:10:40:04 +0100] "GET /gui/javascript/form_form.js?1739526004 HTTP/1.1" 200 16206 "http://hausegger.activities.at/entry.php?id=10831" "Mozilla/5.0 (Windows NT 10.0; Win64; x64; rv:135.0) Gecko/20100101 Firefox/135.0"
178.165.186.69 - - [14/Feb/2025:10:40:04 +0100] "GET /entry.php?id=10889&document_id=& HTTP/1.1" 200 1509 "http://hausegger.activities.at/entry.php?id=10831" "Mozilla/5.0 (Windows NT 10.0; Win64; x64; rv:135.0) Gecko/20100101 Firefox/135.0"
