123.160.223.74 - - [17/Feb/2025:03:13:02 +0100] "GET /framework/webfx/style/toolbar/cb2.css HTTP/1.1" 200 793 "http://smtpo.financetrainer.com/entry.php?id=10273" "Mozilla/5.0 (X11; Linux x86_64) AppleWebKit/537.36 (KHTML, like Gecko) HeadlessChrome/114.0.5720.0 Safari/537.36"
123.160.223.75 - - [17/Feb/2025:03:13:02 +0100] "GET /gui/javascript/form_form.js?1739758381 HTTP/1.1" 200 16206 "http://smtpo.financetrainer.com/entry.php?id=10270" "Mozilla/5.0 (X11; Linux x86_64) AppleWebKit/537.36 (KHTML, like Gecko) HeadlessChrome/114.0.5720.0 Safari/537.36"
123.160.223.74 - - [17/Feb/2025:03:13:02 +0100] "GET /gui/javascript/jquery/jquery-tooltip/jquery.tooltip.min.js HTTP/1.1" 200 1982 "http://smtpo.financetrainer.com/entry.php?id=10270" "Mozilla/5.0 (X11; Linux x86_64) AppleWebKit/537.36 (KHTML, like Gecko) HeadlessChrome/114.0.5720.0 Safari/537.36"
123.160.223.75 - - [17/Feb/2025:03:13:02 +0100] "GET /framework/webfx/javascript/statusbar/statusBar.js HTTP/1.1" 200 649 "http://smtpo.financetrainer.com/entry.php?id=10272" "Mozilla/5.0 (X11; Linux x86_64) AppleWebKit/537.36 (KHTML, like Gecko) HeadlessChrome/114.0.5720.0 Safari/537.36"
123.160.223.74 - - [17/Feb/2025:03:13:02 +0100] "GET /gui/javascript/jquery/js/jquery-1.8.2.js HTTP/1.1" 200 35391 "http://smtpo.financetrainer.com/entry.php?id=10270" "Mozilla/5.0 (X11; Linux x86_64) AppleWebKit/537.36 (KHTML, like Gecko) HeadlessChrome/114.0.5720.0 Safari/537.36"
123.160.223.74 - - [17/Feb/2025:03:13:02 +0100] "GET /framework/webfx/javascript/toolbar/ieemu.js HTTP/1.1" 200 2366 "http://smtpo.financetrainer.com/entry.php?id=10273" "Mozilla/5.0 (X11; Linux x86_64) AppleWebKit/537.36 (KHTML, like Gecko) HeadlessChrome/114.0.5720.0 Safari/537.36"
123.160.223.75 - - [17/Feb/2025:03:13:02 +0100] "GET /gui/javascript/jquery/js/jquery-ui-1.9.0.custom.min.js HTTP/1.1" 200 51286 "http://smtpo.financetrainer.com/entry.php?id=10270" "Mozilla/5.0 (X11; Linux x86_64) AppleWebKit/537.36 (KHTML, like Gecko) HeadlessChrome/114.0.5720.0 Safari/537.36"
123.160.223.75 - - [17/Feb/2025:03:13:04 +0100] "GET /entry.php?id=10271& HTTP/1.1" 200 934 "http://smtpo.financetrainer.com/entry.php?id=10272" "Mozilla/5.0 (X11; Linux x86_64) AppleWebKit/537.36 (KHTML, like Gecko) HeadlessChrome/114.0.5720.0 Safari/537.36"
123.160.223.74 - - [17/Feb/2025:03:13:04 +0100] "GET /entry.php?id=10287 HTTP/1.1" 200 2386 "http://smtpo.financetrainer.com/entry.php?id=11412" "Mozilla/5.0 (X11; Linux x86_64) AppleWebKit/537.36 (KHTML, like Gecko) HeadlessChrome/114.0.5720.0 Safari/537.36"
123.160.223.74 - - [17/Feb/2025:03:13:05 +0100] "GET /framework/webfx/javascript/toolbar/cb2.js HTTP/1.1" 200 1686 "http://smtpo.financetrainer.com/entry.php?id=10273" "Mozilla/5.0 (X11; Linux x86_64) AppleWebKit/537.36 (KHTML, like Gecko) HeadlessChrome/114.0.5720.0 Safari/537.36"
123.160.223.74 - - [17/Feb/2025:03:13:06 +0100] "GET /gui/javascript/form_form.js?1739758384 HTTP/1.1" 200 16206 "http://smtpo.financetrainer.com/entry.php?id=10271&" "Mozilla/5.0 (X11; Linux x86_64) AppleWebKit/537.36 (KHTML, like Gecko) HeadlessChrome/114.0.5720.0 Safari/537.36"
156.59.198.135 - - [17/Feb/2025:03:13:18 +0100] "GET /renault.activities.at/htdocs/log/cron/reminder_mailing_3115311.txt HTTP/1.0" 404 322 "-" "Mozilla/5.0 (Linux; Android 5.0) AppleWebKit/537.36 (KHTML, like Gecko) Mobile Safari/537.36 (compatible; Bytespider; spider-feedback@bytedance.com)"
123.160.223.75 - - [17/Feb/2025:03:13:34 +0100] "GET /gui/javascript/form_form.js?1739758385 HTTP/1.1" 200 16206 "http://smtpo.financetrainer.com/entry.php?id=10287" "Mozilla/5.0 (X11; Linux x86_64) AppleWebKit/537.36 (KHTML, like Gecko) HeadlessChrome/114.0.5720.0 Safari/537.36"
123.160.223.74 - - [17/Feb/2025:03:13:34 +0100] "GET /entry.php?id=10273& HTTP/1.1" 200 1904 "http://smtpo.financetrainer.com/entry.php?id=10287" "Mozilla/5.0 (X11; Linux x86_64) AppleWebKit/537.36 (KHTML, like Gecko) HeadlessChrome/114.0.5720.0 Safari/537.36"
123.160.223.75 - - [17/Feb/2025:03:13:35 +0100] "GET /entry.php?id=10270& HTTP/1.1" 200 908 "http://smtpo.financetrainer.com/entry.php?id=10287" "Mozilla/5.0 (X11; Linux x86_64) AppleWebKit/537.36 (KHTML, like Gecko) HeadlessChrome/114.0.5720.0 Safari/537.36"
123.160.223.74 - - [17/Feb/2025:03:13:35 +0100] "GET /gui/javascript/form_form.js?1739758414 HTTP/1.1" 200 16206 "http://smtpo.financetrainer.com/entry.php?id=10273&" "Mozilla/5.0 (X11; Linux x86_64) AppleWebKit/537.36 (KHTML, like Gecko) HeadlessChrome/114.0.5720.0 Safari/537.36"
123.160.223.74 - - [17/Feb/2025:03:13:35 +0100] "GET /gui/javascript/form_form.js?1739758415 HTTP/1.1" 200 16206 "http://smtpo.financetrainer.com/entry.php?id=10270&" "Mozilla/5.0 (X11; Linux x86_64) AppleWebKit/537.36 (KHTML, like Gecko) HeadlessChrome/114.0.5720.0 Safari/537.36"
123.160.223.74 - - [17/Feb/2025:03:13:55 +0100] "-" 408 - "-" "-"
94.181.187.69 - - [17/Feb/2025:03:16:00 +0100] "GET / HTTP/1.0" 200 423 "-" "Mozilla/5.0 (Windows NT 6.3; Win64; x64) AppleWebKit/537.36 (KHTML, like Gecko) Chrome/75.0.3770.100 Safari/537.36"
156.59.198.135 - - [17/Feb/2025:03:17:18 +0100] "GET /renault.activities.at/htdocs/export/pdf/emuc_document/11334885.pdf HTTP/1.0" 404 322 "-" "Mozilla/5.0 (Linux; Android 5.0) AppleWebKit/537.36 (KHTML, like Gecko) Mobile Safari/537.36 (compatible; Bytespider; spider-feedback@bytedance.com)"
196.251.70.31 - - [17/Feb/2025:03:19:33 +0100] "GET /.env HTTP/1.1" 404 280 "-" "Mozilla/5.0 (Windows NT 10.0; Win64; x64) AppleWebKit/537.36 (KHTML, like Gecko) Chrome/76.0.3809.100 Safari/537.36 OPR/63.0.3368.35"
156.59.198.135 - - [17/Feb/2025:03:21:19 +0100] "GET /renault.activities.at/htdocs/export/xml/data/orders/201911061703_RenOrder.xml HTTP/1.0" 404 329 "-" "Mozilla/5.0 (Linux; Android 5.0) AppleWebKit/537.36 (KHTML, like Gecko) Mobile Safari/537.36 (compatible; Bytespider; spider-feedback@bytedance.com)"
156.59.198.135 - - [17/Feb/2025:03:25:19 +0100] "GET /renault.activities.at/htdocs/export/xml/data/orders/202009030903_RenOrder.xml HTTP/1.0" 404 327 "-" "Mozilla/5.0 (Linux; Android 5.0) AppleWebKit/537.36 (KHTML, like Gecko) Mobile Safari/537.36 (compatible; Bytespider; spider-feedback@bytedance.com)"
193.68.89.10 - - [17/Feb/2025:03:42:45 +0100] "GET / HTTP/1.1" 200 274 "-" "Mozilla/5.0 (Windows NT 10.0; Win64; x64) AppleWebKit/537.36 (KHTML, like Gecko) Chrome/90.0.4430.85 Safari/537.36 Edg/90.0.818.46"
45.144.212.139 - - [17/Feb/2025:03:43:45 +0100] "GET /.git/config HTTP/1.1" 404 285 "-" "Mozilla/5.0 (Windows NT 6.1; Win64; x64) AppleWebKit/537.36 (KHTML, like Gecko) Chrome/70.0.3538.77 Safari/537.36"
87.236.176.224 - - [17/Feb/2025:03:48:33 +0100] "GET / HTTP/1.1" 200 274 "-" "Mozilla/5.0 (compatible; InternetMeasurement/1.0; +https://internet-measurement.com/)"
185.247.137.236 - - [17/Feb/2025:03:48:33 +0100] "GET /activities.ico HTTP/1.1" 200 1406 "-" "Mozilla/5.0 (compatible; InternetMeasurement/1.0; +https://internet-measurement.com/)"
35.202.9.133 - - [17/Feb/2025:04:00:09 +0100] "GET / HTTP/1.1" 200 274 "-" "Mozilla/5.0 (compatible; tchelebi/1.0; +http://tchelebi.io)"
156.59.198.135 - - [17/Feb/2025:04:06:25 +0100] "GET /renault.activities.at/htdocs/export/xml/data/orders/202103171203_RenOrder.xml HTTP/1.0" 404 329 "-" "Mozilla/5.0 (Linux; Android 5.0) AppleWebKit/537.36 (KHTML, like Gecko) Mobile Safari/537.36 (compatible; Bytespider; spider-feedback@bytedance.com)"
156.59.198.135 - - [17/Feb/2025:04:10:25 +0100] "GET /renault.activities.at/htdocs/export/pdf/emuc_document/12021278.pdf HTTP/1.0" 404 321 "-" "Mozilla/5.0 (Linux; Android 5.0) AppleWebKit/537.36 (KHTML, like Gecko) Mobile Safari/537.36 (compatible; Bytespider; spider-feedback@bytedance.com)"
156.59.198.136 - - [17/Feb/2025:04:23:45 +0100] "GET /renault.activities.at/htdocs/export/xml/data/orders/202007161103_RenOrder.xml HTTP/1.0" 404 329 "-" "Mozilla/5.0 (Linux; Android 5.0) AppleWebKit/537.36 (KHTML, like Gecko) Mobile Safari/537.36 (compatible; Bytespider; spider-feedback@bytedance.com)"
221.122.67.75 - - [17/Feb/2025:04:26:13 +0100] "GET / HTTP/1.1" 200 423 "-" "Mozilla/5.0 (Windows NT 10.0; Win64; x64) AppleWebKit/537.36 (KHTML, like Gecko) Chrome/63.0.3239.84 Safari/537.36"
156.59.198.135 - - [17/Feb/2025:04:27:45 +0100] "GET /renault.activities.at/htdocs/export/pdf/emuc_document/11354054.pdf HTTP/1.0" 404 322 "-" "Mozilla/5.0 (Linux; Android 5.0) AppleWebKit/537.36 (KHTML, like Gecko) Mobile Safari/537.36 (compatible; Bytespider; spider-feedback@bytedance.com)"
156.59.198.135 - - [17/Feb/2025:04:31:45 +0100] "GET /renault.activities.at/htdocs/export/xml/data/orders/202011040903_RenOrder.xml HTTP/1.0" 404 329 "-" "Mozilla/5.0 (Linux; Android 5.0) AppleWebKit/537.36 (KHTML, like Gecko) Mobile Safari/537.36 (compatible; Bytespider; spider-feedback@bytedance.com)"
117.132.188.205 - - [17/Feb/2025:04:49:50 +0100] "GET / HTTP/1.1" 200 274 "-" "Mozilla/5.0 (Windows NT 10.0; Win64; x64) AppleWebKit/537.36 (KHTML, like Gecko) Chrome/107.0.0.0 Safari/537.36"
117.132.188.205 - - [17/Feb/2025:04:49:51 +0100] "GET /activities.ico HTTP/1.1" 200 1406 "-" "Mozilla/5.0 (Windows NT 10.0; Win64; x64) AppleWebKit/537.36 (KHTML, like Gecko) Chrome/107.0.0.0 Safari/537.36"
156.59.198.136 - - [17/Feb/2025:04:50:44 +0100] "GET /renault.activities.at/htdocs/log/cron/reminder_mailing_3114999.txt HTTP/1.0" 404 323 "-" "Mozilla/5.0 (Linux; Android 5.0) AppleWebKit/537.36 (KHTML, like Gecko) Mobile Safari/537.36 (compatible; Bytespider; spider-feedback@bytedance.com)"
156.59.198.136 - - [17/Feb/2025:04:54:44 +0100] "GET /renault.activities.at/htdocs/export/pdf/emuc_document/11671727.pdf HTTP/1.0" 404 322 "-" "Mozilla/5.0 (Linux; Android 5.0) AppleWebKit/537.36 (KHTML, like Gecko) Mobile Safari/537.36 (compatible; Bytespider; spider-feedback@bytedance.com)"
156.59.198.136 - - [17/Feb/2025:04:59:34 +0100] "GET /renault.activities.at/htdocs/export/pdf/emuc_document/11353947.pdf HTTP/1.0" 404 322 "-" "Mozilla/5.0 (Linux; Android 5.0) AppleWebKit/537.36 (KHTML, like Gecko) Mobile Safari/537.36 (compatible; Bytespider; spider-feedback@bytedance.com)"
156.59.198.136 - - [17/Feb/2025:05:21:20 +0100] "GET /renault.activities.at/htdocs/export/xml/data/orders/202002211803_RenOrder.xml HTTP/1.0" 404 329 "-" "Mozilla/5.0 (Linux; Android 5.0) AppleWebKit/537.36 (KHTML, like Gecko) Mobile Safari/537.36 (compatible; Bytespider; spider-feedback@bytedance.com)"
193.68.89.10 - - [17/Feb/2025:05:32:29 +0100] "GET / HTTP/1.1" 200 274 "-" "Mozilla/5.0 (Windows NT 10.0; Win64; x64) AppleWebKit/537.36 (KHTML, like Gecko) Chrome/90.0.4430.85 Safari/537.36 Edg/90.0.818.46"
196.251.72.73 - - [17/Feb/2025:05:38:30 +0100] "GET /.git/config HTTP/1.1" 404 285 "-" "Mozilla/5.0 (Macintosh; Intel Mac OS X 10_14_0) AppleWebKit/537.36 (KHTML, like Gecko) Chrome/69.0.3497.100 Safari/537.36"
156.59.198.135 - - [17/Feb/2025:05:42:52 +0100] "GET /renault.activities.at/htdocs/log/cron/minimum_stock_3115806.txt HTTP/1.0" 404 322 "-" "Mozilla/5.0 (Linux; Android 5.0) AppleWebKit/537.36 (KHTML, like Gecko) Mobile Safari/537.36 (compatible; Bytespider; spider-feedback@bytedance.com)"
156.59.198.135 - - [17/Feb/2025:05:46:52 +0100] "GET /renault.activities.at/htdocs/export/pdf/emuc_document/11157897.pdf HTTP/1.0" 404 322 "-" "Mozilla/5.0 (Linux; Android 5.0) AppleWebKit/537.36 (KHTML, like Gecko) Mobile Safari/537.36 (compatible; Bytespider; spider-feedback@bytedance.com)"
156.59.198.135 - - [17/Feb/2025:05:52:09 +0100] "GET /renault.activities.at/htdocs/export/xml/data/orders/202009020903_RenOrder.xml HTTP/1.0" 404 328 "-" "Mozilla/5.0 (Linux; Android 5.0) AppleWebKit/537.36 (KHTML, like Gecko) Mobile Safari/537.36 (compatible; Bytespider; spider-feedback@bytedance.com)"
165.154.134.19 - - [17/Feb/2025:06:14:28 +0100] "GET / HTTP/1.1" 200 423 "-" "curl/7.29.0"
165.154.134.19 - - [17/Feb/2025:06:14:29 +0100] "\x16\x03\x01" 400 383 "-" "-"
165.154.134.19 - - [17/Feb/2025:06:14:30 +0100] "t3 12.1.2" 400 383 "-" "-"
13.57.41.244 - - [17/Feb/2025:06:14:42 +0100] "GET / HTTP/1.1" 200 274 "-" "Mozilla/5.0 (Macintosh; Intel Mac OS X 10_11_5) AppleWebKit/537.36 (KHTML, like Gecko) Chrome/50.0.2661.102 Safari/537.36"
165.154.206.223 - - [17/Feb/2025:06:15:23 +0100] "GET / HTTP/1.1" 200 274 "-" "Mozilla/5.0 (Macintosh; Intel Mac OS X 8_0) AppleWebKit/569.47 (KHTML, like Gecko) Chrome/100.0.2612 Safari/537.36"
165.154.206.223 - - [17/Feb/2025:06:15:23 +0100] "GET /activities.ico HTTP/1.1" 200 1406 "-" "Go-http-client/1.1"
165.154.206.223 - - [17/Feb/2025:06:15:24 +0100] "GET /robots.txt HTTP/1.1" 404 284 "-" "Go-http-client/1.1"
165.154.206.223 - - [17/Feb/2025:06:15:24 +0100] "GET /sitemap.xml HTTP/1.1" 404 285 "-" "Go-http-client/1.1"
156.59.198.136 - - [17/Feb/2025:06:20:10 +0100] "GET /renault.activities.at/htdocs/export/xml/data/orders/201909160903_RenOrder.xml HTTP/1.0" 404 329 "-" "Mozilla/5.0 (Linux; Android 5.0) AppleWebKit/537.36 (KHTML, like Gecko) Mobile Safari/537.36 (compatible; Bytespider; spider-feedback@bytedance.com)"
185.189.182.234 - - [17/Feb/2025:06:42:18 +0100] "\x16\x03\x01" 400 383 "-" "-"
196.251.73.211 - - [17/Feb/2025:06:58:32 +0100] "GET /.env HTTP/1.1" 404 280 "-" "Mozilla/5.0 (X11; Linux x86_64) AppleWebKit/537.36 (KHTML, like Gecko) Chrome/81.0.4044.129 Safari/537.36"
156.59.198.136 - - [17/Feb/2025:07:11:08 +0100] "GET /renault.activities.at/htdocs/export/pdf/emuc_document/10790150.pdf HTTP/1.0" 404 322 "-" "Mozilla/5.0 (Linux; Android 5.0) AppleWebKit/537.36 (KHTML, like Gecko) Mobile Safari/537.36 (compatible; Bytespider; spider-feedback@bytedance.com)"
184.105.139.67 - - [17/Feb/2025:07:23:11 +0100] "\x16\x03\x01" 400 383 "-" "-"
193.68.89.10 - - [17/Feb/2025:07:27:20 +0100] "GET / HTTP/1.1" 200 274 "-" "Mozilla/5.0 (Windows NT 10.0; Win64; x64) AppleWebKit/537.36 (KHTML, like Gecko) Chrome/90.0.4430.85 Safari/537.36 Edg/90.0.818.46"
156.59.198.136 - - [17/Feb/2025:07:49:54 +0100] "GET /renault.activities.at/htdocs/log/cron/importLogisticData_3116549.txt HTTP/1.0" 404 324 "-" "Mozilla/5.0 (Linux; Android 5.0) AppleWebKit/537.36 (KHTML, like Gecko) Mobile Safari/537.36 (compatible; Bytespider; spider-feedback@bytedance.com)"
206.168.34.80 - - [17/Feb/2025:07:51:25 +0100] "GET / HTTP/1.1" 200 274 "-" "Mozilla/5.0 (compatible; CensysInspect/1.1; +https://about.censys.io/)"
206.168.34.80 - - [17/Feb/2025:07:51:27 +0100] "GET /activities.ico HTTP/1.1" 200 1406 "-" "Mozilla/5.0 (compatible; CensysInspect/1.1; +https://about.censys.io/)"
206.168.34.80 - - [17/Feb/2025:07:51:29 +0100] "GET /favicon.ico HTTP/1.1" 404 284 "-" "Mozilla/5.0 (compatible; CensysInspect/1.1; +https://about.censys.io/)"
206.168.34.80 - - [17/Feb/2025:07:51:31 +0100] "PRI * HTTP/2.0" 400 383 "-" "-"
193.68.89.51 - - [17/Feb/2025:07:52:50 +0100] "GET / HTTP/1.1" 200 423 "-" "-"
203.79.236.84 - - [17/Feb/2025:07:52:52 +0100] "GET / HTTP/1.0" 200 423 "-" "curl/7.88.1"
156.59.198.136 - - [17/Feb/2025:08:11:56 +0100] "GET /renault.activities.at/htdocs/log/cron/importLogisticData_3114879.txt HTTP/1.0" 404 325 "-" "Mozilla/5.0 (Linux; Android 5.0) AppleWebKit/537.36 (KHTML, like Gecko) Mobile Safari/537.36 (compatible; Bytespider; spider-feedback@bytedance.com)"
156.59.198.136 - - [17/Feb/2025:08:15:56 +0100] "GET /renault.activities.at/htdocs/export/pdf/emuc_document/11245502.pdf HTTP/1.0" 404 321 "-" "Mozilla/5.0 (Linux; Android 5.0) AppleWebKit/537.36 (KHTML, like Gecko) Mobile Safari/537.36 (compatible; Bytespider; spider-feedback@bytedance.com)"
156.59.198.135 - - [17/Feb/2025:08:19:56 +0100] "GET /renault.activities.at/htdocs/log/cron/exportXML_3115369.txt HTTP/1.0" 404 320 "-" "Mozilla/5.0 (Linux; Android 5.0) AppleWebKit/537.36 (KHTML, like Gecko) Mobile Safari/537.36 (compatible; Bytespider; spider-feedback@bytedance.com)"
194.50.16.252 - - [17/Feb/2025:08:31:33 +0100] "GET / HTTP/1.1" 200 274 "-" "Mozilla/5.0 (Knoppix; Linux i686) AppleWebKit/537.36 (KHTML, like Gecko) Chrome/124.0.0.0 Safari/537.36"
205.210.31.220 - - [17/Feb/2025:08:39:27 +0100] "\x16\x03\x01" 400 383 "-" "-"
205.210.31.220 - - [17/Feb/2025:08:39:27 +0100] "\x16\x03\x01" 400 383 "-" "-"
64.112.74.158 - - [17/Feb/2025:08:40:51 +0100] "GET /user/authentication/login?goto=/ HTTP/1.1" 404 295 "-" "Mozilla/5.0 (Windows NT 10.0; Win64; x64) AppleWebKit/537.36 (KHTML, like Gecko) Chrome/122.0.0.0 Safari/537.36"
45.144.212.139 - - [17/Feb/2025:08:54:21 +0100] "GET /.git/index HTTP/1.1" 404 285 "-" "Mozilla/5.0 (Windows NT 6.1; WOW64) AppleWebKit/537.36 (KHTML, like Gecko) Chrome/33.0.1750.154 Safari/537.36 OPR/20.0.1387.91"
156.59.198.136 - - [17/Feb/2025:08:54:37 +0100] "GET /renault.activities.at/htdocs/log/cron/reminder_mailing_3115203.txt HTTP/1.0" 404 323 "-" "Mozilla/5.0 (Linux; Android 5.0) AppleWebKit/537.36 (KHTML, like Gecko) Mobile Safari/537.36 (compatible; Bytespider; spider-feedback@bytedance.com)"
64.112.74.158 - - [17/Feb/2025:08:56:22 +0100] "GET /member/login HTTP/1.1" 404 288 "-" "Mozilla/5.0 (Windows NT 10.0; Win64; x64) AppleWebKit/537.36 (KHTML, like Gecko) Chrome/122.0.0.0 Safari/537.36"
193.68.89.10 - - [17/Feb/2025:09:07:12 +0100] "GET / HTTP/1.1" 200 274 "-" "Mozilla/5.0 (Windows NT 10.0; Win64; x64) AppleWebKit/537.36 (KHTML, like Gecko) Chrome/90.0.4430.85 Safari/537.36 Edg/90.0.818.46"
220.133.67.138 - - [17/Feb/2025:09:15:58 +0100] "GET / HTTP/1.0" 200 423 "-" "curl/7.88.1"
92.255.57.58 - - [17/Feb/2025:09:17:08 +0100] "GET /?XDEBUG_SESSION_START=phpstorm HTTP/1.1" 200 274 "-" "Mozilla/5.0 (Windows NT 10.0; Win64; x64) AppleWebKit/537.36 (KHTML, like Gecko) Chrome/78.0.3904.108 Safari/537.36"
156.59.198.135 - - [17/Feb/2025:09:22:03 +0100] "GET /renault.activities.at/htdocs/export/pdf/emuc_document/11629083.pdf HTTP/1.0" 404 322 "-" "Mozilla/5.0 (Linux; Android 5.0) AppleWebKit/537.36 (KHTML, like Gecko) Mobile Safari/537.36 (compatible; Bytespider; spider-feedback@bytedance.com)"
170.64.186.230 - - [17/Feb/2025:09:24:22 +0100] "GET /.git/config HTTP/1.1" 404 285 "-" "Mozilla/5.0 (X11; Linux x86_64) AppleWebKit/537.36 (KHTML, like Gecko) Chrome/81.0.4044.129 Safari/537.36"
64.112.74.158 - - [17/Feb/2025:09:38:03 +0100] "GET /user/authentication/login?goto=/ HTTP/1.1" 404 295 "-" "Mozilla/5.0 (Windows NT 10.0; Win64; x64) AppleWebKit/537.36 (KHTML, like Gecko) Chrome/122.0.0.0 Safari/537.36"
156.59.198.136 - - [17/Feb/2025:09:40:01 +0100] "GET /renault.activities.at/htdocs/log/cron/reminder_mailing_3115411.txt HTTP/1.0" 404 323 "-" "Mozilla/5.0 (Linux; Android 5.0) AppleWebKit/537.36 (KHTML, like Gecko) Mobile Safari/537.36 (compatible; Bytespider; spider-feedback@bytedance.com)"
92.255.57.58 - - [17/Feb/2025:09:57:37 +0100] "GET /actuator/gateway/routes HTTP/1.1" 404 293 "-" "Mozilla/5.0 (Windows NT 10.0; Win64; x64) AppleWebKit/537.36 (KHTML, like Gecko) Chrome/78.0.3904.108 Safari/537.36"
209.38.102.81 - - [17/Feb/2025:10:02:59 +0100] "GET http://azenv.net/ HTTP/1.1" 200 274 "-" "Go-http-client/1.1"
156.59.198.136 - - [17/Feb/2025:10:03:12 +0100] "GET /renault.activities.at/htdocs/export/xml/data/orders/202102161003_RenOrder.xml HTTP/1.0" 404 328 "-" "Mozilla/5.0 (Linux; Android 5.0) AppleWebKit/537.36 (KHTML, like Gecko) Mobile Safari/537.36 (compatible; Bytespider; spider-feedback@bytedance.com)"
156.59.198.135 - - [17/Feb/2025:10:07:11 +0100] "GET /renault.activities.at/htdocs/log/cron/reminder_mailing_3115792.txt HTTP/1.0" 404 323 "-" "Mozilla/5.0 (Linux; Android 5.0) AppleWebKit/537.36 (KHTML, like Gecko) Mobile Safari/537.36 (compatible; Bytespider; spider-feedback@bytedance.com)"
156.59.198.136 - - [17/Feb/2025:10:11:11 +0100] "GET /renault.activities.at/htdocs/log/cron/system_mail_3116155.txt HTTP/1.0" 404 320 "-" "Mozilla/5.0 (Linux; Android 5.0) AppleWebKit/537.36 (KHTML, like Gecko) Mobile Safari/537.36 (compatible; Bytespider; spider-feedback@bytedance.com)"
178.165.186.69 - - [17/Feb/2025:10:35:57 +0100] "GET /layout.php HTTP/1.1" 200 815 "-" "Mozilla/5.0 (Windows NT 10.0; Win64; x64; rv:135.0) Gecko/20100101 Firefox/135.0"
178.165.186.69 - - [17/Feb/2025:10:35:58 +0100] "GET /entry.php?id=10273 HTTP/1.1" 200 1903 "http://hausegger.activities.at/layout.php" "Mozilla/5.0 (Windows NT 10.0; Win64; x64; rv:135.0) Gecko/20100101 Firefox/135.0"
178.165.186.69 - - [17/Feb/2025:10:35:58 +0100] "GET /entry.php?id=10270 HTTP/1.1" 200 909 "http://hausegger.activities.at/layout.php" "Mozilla/5.0 (Windows NT 10.0; Win64; x64; rv:135.0) Gecko/20100101 Firefox/135.0"
178.165.186.69 - - [17/Feb/2025:10:35:58 +0100] "GET /entry.php?id=10272 HTTP/1.1" 200 1159 "http://hausegger.activities.at/layout.php" "Mozilla/5.0 (Windows NT 10.0; Win64; x64; rv:135.0) Gecko/20100101 Firefox/135.0"
178.165.186.69 - - [17/Feb/2025:10:35:58 +0100] "GET /entry.php?id=11412 HTTP/1.1" 200 1760 "http://hausegger.activities.at/layout.php" "Mozilla/5.0 (Windows NT 10.0; Win64; x64; rv:135.0) Gecko/20100101 Firefox/135.0"
178.165.186.69 - - [17/Feb/2025:10:35:58 +0100] "GET /gui/javascript/form_form.js?1739784958 HTTP/1.1" 200 16206 "http://hausegger.activities.at/entry.php?id=10270" "Mozilla/5.0 (Windows NT 10.0; Win64; x64; rv:135.0) Gecko/20100101 Firefox/135.0"
178.165.186.69 - - [17/Feb/2025:10:35:58 +0100] "GET /gui/javascript/form_form.js?1739784958 HTTP/1.1" 200 16206 "http://hausegger.activities.at/entry.php?id=10273" "Mozilla/5.0 (Windows NT 10.0; Win64; x64; rv:135.0) Gecko/20100101 Firefox/135.0"
178.165.186.69 - - [17/Feb/2025:10:35:58 +0100] "GET /gui/javascript/form_form.js?1739784958 HTTP/1.1" 200 16206 "http://hausegger.activities.at/entry.php?id=10272" "Mozilla/5.0 (Windows NT 10.0; Win64; x64; rv:135.0) Gecko/20100101 Firefox/135.0"
178.165.186.69 - - [17/Feb/2025:10:35:58 +0100] "GET /gui/javascript/form_form.js?1739784958 HTTP/1.1" 200 16206 "http://hausegger.activities.at/entry.php?id=11412" "Mozilla/5.0 (Windows NT 10.0; Win64; x64; rv:135.0) Gecko/20100101 Firefox/135.0"
178.165.186.69 - - [17/Feb/2025:10:35:58 +0100] "GET /entry.php?id=10271& HTTP/1.1" 200 935 "http://hausegger.activities.at/entry.php?id=10272" "Mozilla/5.0 (Windows NT 10.0; Win64; x64; rv:135.0) Gecko/20100101 Firefox/135.0"
178.165.186.69 - - [17/Feb/2025:10:35:58 +0100] "GET /entry.php?id=10287 HTTP/1.1" 200 2420 "http://hausegger.activities.at/entry.php?id=11412" "Mozilla/5.0 (Windows NT 10.0; Win64; x64; rv:135.0) Gecko/20100101 Firefox/135.0"
178.165.186.69 - - [17/Feb/2025:10:35:59 +0100] "GET /gui/javascript/form_form.js?1739784959 HTTP/1.1" 200 16206 "http://hausegger.activities.at/entry.php?id=10287" "Mozilla/5.0 (Windows NT 10.0; Win64; x64; rv:135.0) Gecko/20100101 Firefox/135.0"
178.165.186.69 - - [17/Feb/2025:10:35:59 +0100] "GET /entry.php?id=10270& HTTP/1.1" 200 909 "http://hausegger.activities.at/entry.php?id=10287" "Mozilla/5.0 (Windows NT 10.0; Win64; x64; rv:135.0) Gecko/20100101 Firefox/135.0"
178.165.186.69 - - [17/Feb/2025:10:35:59 +0100] "GET /entry.php?id=10273& HTTP/1.1" 200 1903 "http://hausegger.activities.at/entry.php?id=10287" "Mozilla/5.0 (Windows NT 10.0; Win64; x64; rv:135.0) Gecko/20100101 Firefox/135.0"
104.236.121.202 - - [17/Feb/2025:10:36:25 +0100] "GET / HTTP/1.1" 200 423 "-" "Mozilla/5.0 (iPhone; CPU iPhone OS 17_5_1 like Mac OS X) AppleWebKit/605.1.15 (KHTML, like Gecko) Version/17.4.1 Mobile/15E148 Safari/604.1"
104.236.121.202 - - [17/Feb/2025:10:36:25 +0100] "GET /containers/json HTTP/1.1" 404 360 "-" "Mozilla/5.0 (iPhone; CPU iPhone OS 17_5_1 like Mac OS X) AppleWebKit/605.1.15 (KHTML, like Gecko) Version/17.4.1 Mobile/15E148 Safari/604.1"
104.236.121.202 - - [17/Feb/2025:10:36:25 +0100] "GET /.env HTTP/1.1" 404 349 "-" "Mozilla/5.0 (iPhone; CPU iPhone OS 17_5_1 like Mac OS X) AppleWebKit/605.1.15 (KHTML, like Gecko) Version/17.4.1 Mobile/15E148 Safari/604.1"
178.165.186.69 - - [17/Feb/2025:10:36:03 +0100] "POST /entry.php?id=10287& HTTP/1.1" 200 1967 "http://hausegger.activities.at/entry.php?id=10287" "Mozilla/5.0 (Windows NT 10.0; Win64; x64; rv:135.0) Gecko/20100101 Firefox/135.0"
178.165.186.69 - - [17/Feb/2025:10:37:07 +0100] "GET /gui/javascript/form_form.js?1739785027 HTTP/1.1" 200 16206 "http://hausegger.activities.at/entry.php?id=10287&" "Mozilla/5.0 (Windows NT 10.0; Win64; x64; rv:135.0) Gecko/20100101 Firefox/135.0"
178.165.186.69 - - [17/Feb/2025:10:37:07 +0100] "GET /entry.php?id=10273& HTTP/1.1" 200 2012 "http://hausegger.activities.at/entry.php?id=10287&" "Mozilla/5.0 (Windows NT 10.0; Win64; x64; rv:135.0) Gecko/20100101 Firefox/135.0"
178.165.186.69 - - [17/Feb/2025:10:37:07 +0100] "GET /framework/webfx/style/toolbar/images/cbback.gif HTTP/1.1" 404 318 "http://hausegger.activities.at/framework/webfx/style/toolbar/cb2.css" "Mozilla/5.0 (Windows NT 10.0; Win64; x64; rv:135.0) Gecko/20100101 Firefox/135.0"
178.165.186.69 - - [17/Feb/2025:10:37:07 +0100] "GET /entry.php?id=10270&__app__=10006038 HTTP/1.1" 200 2231 "http://hausegger.activities.at/entry.php?id=10273&" "Mozilla/5.0 (Windows NT 10.0; Win64; x64; rv:135.0) Gecko/20100101 Firefox/135.0"
178.165.186.69 - - [17/Feb/2025:10:37:07 +0100] "GET /entry.php?id=10271& HTTP/1.1" 200 989 "http://hausegger.activities.at/entry.php?id=10272" "Mozilla/5.0 (Windows NT 10.0; Win64; x64; rv:135.0) Gecko/20100101 Firefox/135.0"
178.165.186.69 - - [17/Feb/2025:10:37:08 +0100] "GET /gui/javascript/form_form.js?1739785028 HTTP/1.1" 200 16206 "http://hausegger.activities.at/entry.php?id=10270&__app__=10006038" "Mozilla/5.0 (Windows NT 10.0; Win64; x64; rv:135.0) Gecko/20100101 Firefox/135.0"
178.165.186.69 - - [17/Feb/2025:10:37:08 +0100] "GET /gui/javascript/form_form.js?1739785028 HTTP/1.1" 200 16206 "http://hausegger.activities.at/entry.php?id=10271&" "Mozilla/5.0 (Windows NT 10.0; Win64; x64; rv:135.0) Gecko/20100101 Firefox/135.0"
178.165.186.69 - - [17/Feb/2025:10:37:08 +0100] "GET /undefined HTTP/1.1" 404 289 "http://hausegger.activities.at/entry.php?id=10270&__app__=10006038" "Mozilla/5.0 (Windows NT 10.0; Win64; x64; rv:135.0) Gecko/20100101 Firefox/135.0"
178.165.186.69 - - [17/Feb/2025:10:38:00 +0100] "GET /entry.php?id=10828 HTTP/1.1" 200 9140 "http://hausegger.activities.at/entry.php?id=10270&__app__=10006038" "Mozilla/5.0 (Windows NT 10.0; Win64; x64; rv:135.0) Gecko/20100101 Firefox/135.0"
178.165.186.69 - - [17/Feb/2025:10:38:00 +0100] "GET /gui/javascript/form_form.js?1739785080 HTTP/1.1" 200 16206 "http://hausegger.activities.at/entry.php?id=10828" "Mozilla/5.0 (Windows NT 10.0; Win64; x64; rv:135.0) Gecko/20100101 Firefox/135.0"
178.165.186.69 - - [17/Feb/2025:10:38:01 +0100] "GET /entry.php?id=10889&document_id=& HTTP/1.1" 200 1507 "http://hausegger.activities.at/entry.php?id=10828" "Mozilla/5.0 (Windows NT 10.0; Win64; x64; rv:135.0) Gecko/20100101 Firefox/135.0"
178.165.186.69 - - [17/Feb/2025:10:38:01 +0100] "GET /gui/javascript/form_form.js?1739785081 HTTP/1.1" 200 16206 "http://hausegger.activities.at/entry.php?id=10889&document_id=&" "Mozilla/5.0 (Windows NT 10.0; Win64; x64; rv:135.0) Gecko/20100101 Firefox/135.0"
178.165.186.69 - - [17/Feb/2025:10:38:08 +0100] "GET /entry.php?id=10271&&ser=785027 HTTP/1.1" 200 987 "http://hausegger.activities.at/entry.php?id=10271&" "Mozilla/5.0 (Windows NT 10.0; Win64; x64; rv:135.0) Gecko/20100101 Firefox/135.0"
178.165.186.69 - - [17/Feb/2025:10:38:09 +0100] "GET /gui/javascript/form_form.js?1739785089 HTTP/1.1" 200 16206 "http://hausegger.activities.at/entry.php?id=10271&&ser=785027" "Mozilla/5.0 (Windows NT 10.0; Win64; x64; rv:135.0) Gecko/20100101 Firefox/135.0"
178.165.186.69 - - [17/Feb/2025:10:39:09 +0100] "GET /entry.php?id=10271&&ser=785089 HTTP/1.1" 200 987 "http://hausegger.activities.at/entry.php?id=10271&&ser=785027" "Mozilla/5.0 (Windows NT 10.0; Win64; x64; rv:135.0) Gecko/20100101 Firefox/135.0"
178.165.186.69 - - [17/Feb/2025:10:39:09 +0100] "GET /gui/javascript/form_form.js?1739785149 HTTP/1.1" 200 16206 "http://hausegger.activities.at/entry.php?id=10271&&ser=785089" "Mozilla/5.0 (Windows NT 10.0; Win64; x64; rv:135.0) Gecko/20100101 Firefox/135.0"
178.165.186.69 - - [17/Feb/2025:10:40:09 +0100] "GET /entry.php?id=10271&&ser=785149 HTTP/1.1" 200 987 "http://hausegger.activities.at/entry.php?id=10271&&ser=785089" "Mozilla/5.0 (Windows NT 10.0; Win64; x64; rv:135.0) Gecko/20100101 Firefox/135.0"
178.165.186.69 - - [17/Feb/2025:10:40:09 +0100] "GET /gui/javascript/form_form.js?1739785209 HTTP/1.1" 200 16206 "http://hausegger.activities.at/entry.php?id=10271&&ser=785149" "Mozilla/5.0 (Windows NT 10.0; Win64; x64; rv:135.0) Gecko/20100101 Firefox/135.0"
178.165.186.69 - - [17/Feb/2025:10:41:09 +0100] "GET /entry.php?id=10271&&ser=785209 HTTP/1.1" 200 987 "http://hausegger.activities.at/entry.php?id=10271&&ser=785149" "Mozilla/5.0 (Windows NT 10.0; Win64; x64; rv:135.0) Gecko/20100101 Firefox/135.0"
178.165.186.69 - - [17/Feb/2025:10:41:09 +0100] "GET /gui/javascript/form_form.js?1739785269 HTTP/1.1" 200 16206 "http://hausegger.activities.at/entry.php?id=10271&&ser=785209" "Mozilla/5.0 (Windows NT 10.0; Win64; x64; rv:135.0) Gecko/20100101 Firefox/135.0"
178.165.186.69 - - [17/Feb/2025:10:42:10 +0100] "GET /entry.php?id=10271&&ser=785269 HTTP/1.1" 200 988 "http://hausegger.activities.at/entry.php?id=10271&&ser=785209" "Mozilla/5.0 (Windows NT 10.0; Win64; x64; rv:135.0) Gecko/20100101 Firefox/135.0"
178.165.186.69 - - [17/Feb/2025:10:42:10 +0100] "GET /gui/javascript/form_form.js?1739785330 HTTP/1.1" 200 16206 "http://hausegger.activities.at/entry.php?id=10271&&ser=785269" "Mozilla/5.0 (Windows NT 10.0; Win64; x64; rv:135.0) Gecko/20100101 Firefox/135.0"
178.165.186.69 - - [17/Feb/2025:10:43:10 +0100] "GET /entry.php?id=10271&&ser=785330 HTTP/1.1" 200 987 "http://hausegger.activities.at/entry.php?id=10271&&ser=785269" "Mozilla/5.0 (Windows NT 10.0; Win64; x64; rv:135.0) Gecko/20100101 Firefox/135.0"
178.165.186.69 - - [17/Feb/2025:10:43:10 +0100] "GET /gui/javascript/form_form.js?1739785390 HTTP/1.1" 200 16206 "http://hausegger.activities.at/entry.php?id=10271&&ser=785330" "Mozilla/5.0 (Windows NT 10.0; Win64; x64; rv:135.0) Gecko/20100101 Firefox/135.0"
178.165.186.69 - - [17/Feb/2025:10:44:10 +0100] "GET /entry.php?id=10271&&ser=785390 HTTP/1.1" 200 988 "http://hausegger.activities.at/entry.php?id=10271&&ser=785330" "Mozilla/5.0 (Windows NT 10.0; Win64; x64; rv:135.0) Gecko/20100101 Firefox/135.0"
178.165.186.69 - - [17/Feb/2025:10:44:10 +0100] "GET /gui/javascript/form_form.js?1739785450 HTTP/1.1" 200 16206 "http://hausegger.activities.at/entry.php?id=10271&&ser=785390" "Mozilla/5.0 (Windows NT 10.0; Win64; x64; rv:135.0) Gecko/20100101 Firefox/135.0"
178.165.186.69 - - [17/Feb/2025:10:45:15 +0100] "GET /entry.php?id=10271&&ser=785450 HTTP/1.1" 200 988 "http://hausegger.activities.at/entry.php?id=10271&&ser=785390" "Mozilla/5.0 (Windows NT 10.0; Win64; x64; rv:135.0) Gecko/20100101 Firefox/135.0"
178.165.186.69 - - [17/Feb/2025:10:45:15 +0100] "GET /gui/javascript/form_form.js?1739785515 HTTP/1.1" 200 16206 "http://hausegger.activities.at/entry.php?id=10271&&ser=785450" "Mozilla/5.0 (Windows NT 10.0; Win64; x64; rv:135.0) Gecko/20100101 Firefox/135.0"
178.165.186.69 - - [17/Feb/2025:10:46:19 +0100] "GET /entry.php?id=10271&&ser=785515 HTTP/1.1" 200 988 "http://hausegger.activities.at/entry.php?id=10271&&ser=785450" "Mozilla/5.0 (Windows NT 10.0; Win64; x64; rv:135.0) Gecko/20100101 Firefox/135.0"
178.165.186.69 - - [17/Feb/2025:10:46:19 +0100] "GET /gui/javascript/form_form.js?1739785579 HTTP/1.1" 200 16206 "http://hausegger.activities.at/entry.php?id=10271&&ser=785515" "Mozilla/5.0 (Windows NT 10.0; Win64; x64; rv:135.0) Gecko/20100101 Firefox/135.0"
178.165.186.69 - - [17/Feb/2025:10:47:23 +0100] "GET /entry.php?id=10271&&ser=785579 HTTP/1.1" 200 987 "http://hausegger.activities.at/entry.php?id=10271&&ser=785515" "Mozilla/5.0 (Windows NT 10.0; Win64; x64; rv:135.0) Gecko/20100101 Firefox/135.0"
178.165.186.69 - - [17/Feb/2025:10:47:23 +0100] "GET /gui/javascript/form_form.js?1739785643 HTTP/1.1" 200 16206 "http://hausegger.activities.at/entry.php?id=10271&&ser=785579" "Mozilla/5.0 (Windows NT 10.0; Win64; x64; rv:135.0) Gecko/20100101 Firefox/135.0"
178.165.186.69 - - [17/Feb/2025:10:48:28 +0100] "GET /entry.php?id=10271&&ser=785643 HTTP/1.1" 200 987 "http://hausegger.activities.at/entry.php?id=10271&&ser=785579" "Mozilla/5.0 (Windows NT 10.0; Win64; x64; rv:135.0) Gecko/20100101 Firefox/135.0"
178.165.186.69 - - [17/Feb/2025:10:48:28 +0100] "GET /gui/javascript/form_form.js?1739785708 HTTP/1.1" 200 16206 "http://hausegger.activities.at/entry.php?id=10271&&ser=785643" "Mozilla/5.0 (Windows NT 10.0; Win64; x64; rv:135.0) Gecko/20100101 Firefox/135.0"
178.165.186.69 - - [17/Feb/2025:10:49:28 +0100] "GET /entry.php?id=10271&&ser=785708 HTTP/1.1" 200 987 "http://hausegger.activities.at/entry.php?id=10271&&ser=785643" "Mozilla/5.0 (Windows NT 10.0; Win64; x64; rv:135.0) Gecko/20100101 Firefox/135.0"
178.165.186.69 - - [17/Feb/2025:10:49:28 +0100] "GET /gui/javascript/form_form.js?1739785768 HTTP/1.1" 200 16206 "http://hausegger.activities.at/entry.php?id=10271&&ser=785708" "Mozilla/5.0 (Windows NT 10.0; Win64; x64; rv:135.0) Gecko/20100101 Firefox/135.0"
178.165.186.69 - - [17/Feb/2025:10:50:28 +0100] "GET /entry.php?id=10271&&ser=785768 HTTP/1.1" 200 987 "http://hausegger.activities.at/entry.php?id=10271&&ser=785708" "Mozilla/5.0 (Windows NT 10.0; Win64; x64; rv:135.0) Gecko/20100101 Firefox/135.0"
178.165.186.69 - - [17/Feb/2025:10:50:28 +0100] "GET /gui/javascript/form_form.js?1739785828 HTTP/1.1" 200 16206 "http://hausegger.activities.at/entry.php?id=10271&&ser=785768" "Mozilla/5.0 (Windows NT 10.0; Win64; x64; rv:135.0) Gecko/20100101 Firefox/135.0"
178.165.186.69 - - [17/Feb/2025:10:51:28 +0100] "GET /entry.php?id=10271&&ser=785828 HTTP/1.1" 200 987 "http://hausegger.activities.at/entry.php?id=10271&&ser=785768" "Mozilla/5.0 (Windows NT 10.0; Win64; x64; rv:135.0) Gecko/20100101 Firefox/135.0"
178.165.186.69 - - [17/Feb/2025:10:51:29 +0100] "GET /gui/javascript/form_form.js?1739785889 HTTP/1.1" 200 16206 "http://hausegger.activities.at/entry.php?id=10271&&ser=785828" "Mozilla/5.0 (Windows NT 10.0; Win64; x64; rv:135.0) Gecko/20100101 Firefox/135.0"
178.165.186.69 - - [17/Feb/2025:10:52:29 +0100] "GET /entry.php?id=10271&&ser=785889 HTTP/1.1" 200 987 "http://hausegger.activities.at/entry.php?id=10271&&ser=785828" "Mozilla/5.0 (Windows NT 10.0; Win64; x64; rv:135.0) Gecko/20100101 Firefox/135.0"
178.165.186.69 - - [17/Feb/2025:10:52:29 +0100] "GET /gui/javascript/form_form.js?1739785949 HTTP/1.1" 200 16206 "http://hausegger.activities.at/entry.php?id=10271&&ser=785889" "Mozilla/5.0 (Windows NT 10.0; Win64; x64; rv:135.0) Gecko/20100101 Firefox/135.0"
178.165.186.69 - - [17/Feb/2025:10:53:29 +0100] "GET /entry.php?id=10271&&ser=785949 HTTP/1.1" 200 987 "http://hausegger.activities.at/entry.php?id=10271&&ser=785889" "Mozilla/5.0 (Windows NT 10.0; Win64; x64; rv:135.0) Gecko/20100101 Firefox/135.0"
178.165.186.69 - - [17/Feb/2025:10:53:29 +0100] "GET /gui/javascript/form_form.js?1739786009 HTTP/1.1" 200 16206 "http://hausegger.activities.at/entry.php?id=10271&&ser=785949" "Mozilla/5.0 (Windows NT 10.0; Win64; x64; rv:135.0) Gecko/20100101 Firefox/135.0"
178.165.186.69 - - [17/Feb/2025:10:54:29 +0100] "GET /entry.php?id=10271&&ser=786009 HTTP/1.1" 200 986 "http://hausegger.activities.at/entry.php?id=10271&&ser=785949" "Mozilla/5.0 (Windows NT 10.0; Win64; x64; rv:135.0) Gecko/20100101 Firefox/135.0"
178.165.186.69 - - [17/Feb/2025:10:54:29 +0100] "GET /gui/javascript/form_form.js?1739786069 HTTP/1.1" 200 16206 "http://hausegger.activities.at/entry.php?id=10271&&ser=786009" "Mozilla/5.0 (Windows NT 10.0; Win64; x64; rv:135.0) Gecko/20100101 Firefox/135.0"
178.165.186.69 - - [17/Feb/2025:10:55:30 +0100] "GET /entry.php?id=10271&&ser=786069 HTTP/1.1" 200 987 "http://hausegger.activities.at/entry.php?id=10271&&ser=786009" "Mozilla/5.0 (Windows NT 10.0; Win64; x64; rv:135.0) Gecko/20100101 Firefox/135.0"
178.165.186.69 - - [17/Feb/2025:10:55:30 +0100] "GET /gui/javascript/form_form.js?1739786130 HTTP/1.1" 200 16206 "http://hausegger.activities.at/entry.php?id=10271&&ser=786069" "Mozilla/5.0 (Windows NT 10.0; Win64; x64; rv:135.0) Gecko/20100101 Firefox/135.0"
178.165.186.69 - - [17/Feb/2025:10:56:30 +0100] "GET /entry.php?id=10271&&ser=786130 HTTP/1.1" 200 987 "http://hausegger.activities.at/entry.php?id=10271&&ser=786069" "Mozilla/5.0 (Windows NT 10.0; Win64; x64; rv:135.0) Gecko/20100101 Firefox/135.0"
178.165.186.69 - - [17/Feb/2025:10:56:30 +0100] "GET /gui/javascript/form_form.js?1739786190 HTTP/1.1" 200 16206 "http://hausegger.activities.at/entry.php?id=10271&&ser=786130" "Mozilla/5.0 (Windows NT 10.0; Win64; x64; rv:135.0) Gecko/20100101 Firefox/135.0"
178.165.186.69 - - [17/Feb/2025:10:57:30 +0100] "GET /entry.php?id=10271&&ser=786190 HTTP/1.1" 200 986 "http://hausegger.activities.at/entry.php?id=10271&&ser=786130" "Mozilla/5.0 (Windows NT 10.0; Win64; x64; rv:135.0) Gecko/20100101 Firefox/135.0"
178.165.186.69 - - [17/Feb/2025:10:57:30 +0100] "GET /gui/javascript/form_form.js?1739786250 HTTP/1.1" 200 16206 "http://hausegger.activities.at/entry.php?id=10271&&ser=786190" "Mozilla/5.0 (Windows NT 10.0; Win64; x64; rv:135.0) Gecko/20100101 Firefox/135.0"
156.59.198.135 - - [17/Feb/2025:10:58:02 +0100] "GET /renault.activities.at/htdocs/export/xml/data/orders/202006151103_RenOrder.xml HTTP/1.0" 404 329 "-" "Mozilla/5.0 (Linux; Android 5.0) AppleWebKit/537.36 (KHTML, like Gecko) Mobile Safari/537.36 (compatible; Bytespider; spider-feedback@bytedance.com)"
178.165.186.69 - - [17/Feb/2025:10:58:31 +0100] "GET /entry.php?id=10271&&ser=786250 HTTP/1.1" 200 987 "http://hausegger.activities.at/entry.php?id=10271&&ser=786190" "Mozilla/5.0 (Windows NT 10.0; Win64; x64; rv:135.0) Gecko/20100101 Firefox/135.0"
178.165.186.69 - - [17/Feb/2025:10:58:31 +0100] "GET /gui/javascript/form_form.js?1739786311 HTTP/1.1" 200 16206 "http://hausegger.activities.at/entry.php?id=10271&&ser=786250" "Mozilla/5.0 (Windows NT 10.0; Win64; x64; rv:135.0) Gecko/20100101 Firefox/135.0"
178.165.186.69 - - [17/Feb/2025:10:59:31 +0100] "GET /entry.php?id=10271&&ser=786311 HTTP/1.1" 200 987 "http://hausegger.activities.at/entry.php?id=10271&&ser=786250" "Mozilla/5.0 (Windows NT 10.0; Win64; x64; rv:135.0) Gecko/20100101 Firefox/135.0"
178.165.186.69 - - [17/Feb/2025:10:59:31 +0100] "GET /gui/javascript/form_form.js?1739786371 HTTP/1.1" 200 16206 "http://hausegger.activities.at/entry.php?id=10271&&ser=786311" "Mozilla/5.0 (Windows NT 10.0; Win64; x64; rv:135.0) Gecko/20100101 Firefox/135.0"
178.165.186.69 - - [17/Feb/2025:11:00:31 +0100] "GET /entry.php?id=10271&&ser=786371 HTTP/1.1" 200 987 "http://hausegger.activities.at/entry.php?id=10271&&ser=786311" "Mozilla/5.0 (Windows NT 10.0; Win64; x64; rv:135.0) Gecko/20100101 Firefox/135.0"
178.165.186.69 - - [17/Feb/2025:11:00:31 +0100] "GET /gui/javascript/form_form.js?1739786431 HTTP/1.1" 200 16206 "http://hausegger.activities.at/entry.php?id=10271&&ser=786371" "Mozilla/5.0 (Windows NT 10.0; Win64; x64; rv:135.0) Gecko/20100101 Firefox/135.0"
125.228.61.250 - - [17/Feb/2025:11:00:44 +0100] "GET / HTTP/1.0" 200 423 "-" "curl/7.88.1"
178.165.186.69 - - [17/Feb/2025:11:01:31 +0100] "GET /entry.php?id=10271&&ser=786431 HTTP/1.1" 200 987 "http://hausegger.activities.at/entry.php?id=10271&&ser=786371" "Mozilla/5.0 (Windows NT 10.0; Win64; x64; rv:135.0) Gecko/20100101 Firefox/135.0"
178.165.186.69 - - [17/Feb/2025:11:01:32 +0100] "GET /gui/javascript/form_form.js?1739786492 HTTP/1.1" 200 16206 "http://hausegger.activities.at/entry.php?id=10271&&ser=786431" "Mozilla/5.0 (Windows NT 10.0; Win64; x64; rv:135.0) Gecko/20100101 Firefox/135.0"
156.59.198.136 - - [17/Feb/2025:11:02:01 +0100] "GET /renault.activities.at/htdocs/export/xml/data/orders/201911221103_RenOrder.xml HTTP/1.0" 404 328 "-" "Mozilla/5.0 (Linux; Android 5.0) AppleWebKit/537.36 (KHTML, like Gecko) Mobile Safari/537.36 (compatible; Bytespider; spider-feedback@bytedance.com)"
178.165.186.69 - - [17/Feb/2025:11:02:32 +0100] "GET /entry.php?id=10271&&ser=786492 HTTP/1.1" 200 988 "http://hausegger.activities.at/entry.php?id=10271&&ser=786431" "Mozilla/5.0 (Windows NT 10.0; Win64; x64; rv:135.0) Gecko/20100101 Firefox/135.0"
178.165.186.69 - - [17/Feb/2025:11:02:32 +0100] "GET /gui/javascript/form_form.js?1739786552 HTTP/1.1" 200 16206 "http://hausegger.activities.at/entry.php?id=10271&&ser=786492" "Mozilla/5.0 (Windows NT 10.0; Win64; x64; rv:135.0) Gecko/20100101 Firefox/135.0"
178.165.186.69 - - [17/Feb/2025:11:03:32 +0100] "GET /entry.php?id=10271&&ser=786552 HTTP/1.1" 200 987 "http://hausegger.activities.at/entry.php?id=10271&&ser=786492" "Mozilla/5.0 (Windows NT 10.0; Win64; x64; rv:135.0) Gecko/20100101 Firefox/135.0"
178.165.186.69 - - [17/Feb/2025:11:03:32 +0100] "GET /gui/javascript/form_form.js?1739786612 HTTP/1.1" 200 16206 "http://hausegger.activities.at/entry.php?id=10271&&ser=786552" "Mozilla/5.0 (Windows NT 10.0; Win64; x64; rv:135.0) Gecko/20100101 Firefox/135.0"
193.68.89.10 - - [17/Feb/2025:11:03:52 +0100] "GET / HTTP/1.1" 200 274 "-" "Mozilla/5.0 (Windows NT 10.0; Win64; x64) AppleWebKit/537.36 (KHTML, like Gecko) Chrome/90.0.4430.85 Safari/537.36 Edg/90.0.818.46"
178.165.186.69 - - [17/Feb/2025:11:04:32 +0100] "GET /entry.php?id=10271&&ser=786612 HTTP/1.1" 200 987 "http://hausegger.activities.at/entry.php?id=10271&&ser=786552" "Mozilla/5.0 (Windows NT 10.0; Win64; x64; rv:135.0) Gecko/20100101 Firefox/135.0"
178.165.186.69 - - [17/Feb/2025:11:04:32 +0100] "GET /gui/javascript/form_form.js?1739786672 HTTP/1.1" 200 16206 "http://hausegger.activities.at/entry.php?id=10271&&ser=786612" "Mozilla/5.0 (Windows NT 10.0; Win64; x64; rv:135.0) Gecko/20100101 Firefox/135.0"
178.165.186.69 - - [17/Feb/2025:11:05:33 +0100] "GET /entry.php?id=10271&&ser=786672 HTTP/1.1" 200 988 "http://hausegger.activities.at/entry.php?id=10271&&ser=786612" "Mozilla/5.0 (Windows NT 10.0; Win64; x64; rv:135.0) Gecko/20100101 Firefox/135.0"
178.165.186.69 - - [17/Feb/2025:11:05:33 +0100] "GET /gui/javascript/form_form.js?1739786733 HTTP/1.1" 200 16206 "http://hausegger.activities.at/entry.php?id=10271&&ser=786672" "Mozilla/5.0 (Windows NT 10.0; Win64; x64; rv:135.0) Gecko/20100101 Firefox/135.0"
156.59.198.136 - - [17/Feb/2025:11:06:01 +0100] "GET /renault.activities.at/htdocs/export/pdf/emuc_document/10949144.pdf HTTP/1.0" 404 321 "-" "Mozilla/5.0 (Linux; Android 5.0) AppleWebKit/537.36 (KHTML, like Gecko) Mobile Safari/537.36 (compatible; Bytespider; spider-feedback@bytedance.com)"
178.165.186.69 - - [17/Feb/2025:11:06:33 +0100] "GET /entry.php?id=10271&&ser=786733 HTTP/1.1" 200 987 "http://hausegger.activities.at/entry.php?id=10271&&ser=786672" "Mozilla/5.0 (Windows NT 10.0; Win64; x64; rv:135.0) Gecko/20100101 Firefox/135.0"
178.165.186.69 - - [17/Feb/2025:11:06:33 +0100] "GET /gui/javascript/form_form.js?1739786793 HTTP/1.1" 200 16206 "http://hausegger.activities.at/entry.php?id=10271&&ser=786733" "Mozilla/5.0 (Windows NT 10.0; Win64; x64; rv:135.0) Gecko/20100101 Firefox/135.0"
123.205.77.108 - - [17/Feb/2025:11:07:02 +0100] "GET / HTTP/1.0" 200 423 "-" "curl/7.88.1"
178.165.186.69 - - [17/Feb/2025:11:07:33 +0100] "GET /entry.php?id=10271&&ser=786793 HTTP/1.1" 200 987 "http://hausegger.activities.at/entry.php?id=10271&&ser=786733" "Mozilla/5.0 (Windows NT 10.0; Win64; x64; rv:135.0) Gecko/20100101 Firefox/135.0"
178.165.186.69 - - [17/Feb/2025:11:07:33 +0100] "GET /gui/javascript/form_form.js?1739786853 HTTP/1.1" 200 16206 "http://hausegger.activities.at/entry.php?id=10271&&ser=786793" "Mozilla/5.0 (Windows NT 10.0; Win64; x64; rv:135.0) Gecko/20100101 Firefox/135.0"
178.165.186.69 - - [17/Feb/2025:11:08:33 +0100] "GET /entry.php?id=10271&&ser=786853 HTTP/1.1" 200 987 "http://hausegger.activities.at/entry.php?id=10271&&ser=786793" "Mozilla/5.0 (Windows NT 10.0; Win64; x64; rv:135.0) Gecko/20100101 Firefox/135.0"
178.165.186.69 - - [17/Feb/2025:11:08:34 +0100] "GET /gui/javascript/form_form.js?1739786914 HTTP/1.1" 200 16206 "http://hausegger.activities.at/entry.php?id=10271&&ser=786853" "Mozilla/5.0 (Windows NT 10.0; Win64; x64; rv:135.0) Gecko/20100101 Firefox/135.0"
178.165.186.69 - - [17/Feb/2025:11:09:34 +0100] "GET /entry.php?id=10271&&ser=786914 HTTP/1.1" 200 987 "http://hausegger.activities.at/entry.php?id=10271&&ser=786853" "Mozilla/5.0 (Windows NT 10.0; Win64; x64; rv:135.0) Gecko/20100101 Firefox/135.0"
178.165.186.69 - - [17/Feb/2025:11:09:34 +0100] "GET /gui/javascript/form_form.js?1739786974 HTTP/1.1" 200 16206 "http://hausegger.activities.at/entry.php?id=10271&&ser=786914" "Mozilla/5.0 (Windows NT 10.0; Win64; x64; rv:135.0) Gecko/20100101 Firefox/135.0"
178.165.186.69 - - [17/Feb/2025:11:10:34 +0100] "GET /entry.php?id=10271&&ser=786974 HTTP/1.1" 200 987 "http://hausegger.activities.at/entry.php?id=10271&&ser=786914" "Mozilla/5.0 (Windows NT 10.0; Win64; x64; rv:135.0) Gecko/20100101 Firefox/135.0"
178.165.186.69 - - [17/Feb/2025:11:10:34 +0100] "GET /gui/javascript/form_form.js?1739787034 HTTP/1.1" 200 16206 "http://hausegger.activities.at/entry.php?id=10271&&ser=786974" "Mozilla/5.0 (Windows NT 10.0; Win64; x64; rv:135.0) Gecko/20100101 Firefox/135.0"
92.255.57.58 - - [17/Feb/2025:11:11:01 +0100] "\x16\x03\x01\x05\xa8\x01" 400 383 "-" "-"
178.165.186.69 - - [17/Feb/2025:11:11:34 +0100] "GET /entry.php?id=10271&&ser=787034 HTTP/1.1" 200 987 "http://hausegger.activities.at/entry.php?id=10271&&ser=786974" "Mozilla/5.0 (Windows NT 10.0; Win64; x64; rv:135.0) Gecko/20100101 Firefox/135.0"
178.165.186.69 - - [17/Feb/2025:11:11:34 +0100] "GET /gui/javascript/form_form.js?1739787094 HTTP/1.1" 200 16206 "http://hausegger.activities.at/entry.php?id=10271&&ser=787034" "Mozilla/5.0 (Windows NT 10.0; Win64; x64; rv:135.0) Gecko/20100101 Firefox/135.0"
178.165.186.69 - - [17/Feb/2025:11:12:35 +0100] "GET /entry.php?id=10271&&ser=787094 HTTP/1.1" 200 988 "http://hausegger.activities.at/entry.php?id=10271&&ser=787034" "Mozilla/5.0 (Windows NT 10.0; Win64; x64; rv:135.0) Gecko/20100101 Firefox/135.0"
178.165.186.69 - - [17/Feb/2025:11:12:35 +0100] "GET /gui/javascript/form_form.js?1739787155 HTTP/1.1" 200 16206 "http://hausegger.activities.at/entry.php?id=10271&&ser=787094" "Mozilla/5.0 (Windows NT 10.0; Win64; x64; rv:135.0) Gecko/20100101 Firefox/135.0"
178.165.186.69 - - [17/Feb/2025:11:13:35 +0100] "GET /entry.php?id=10271&&ser=787155 HTTP/1.1" 200 987 "http://hausegger.activities.at/entry.php?id=10271&&ser=787094" "Mozilla/5.0 (Windows NT 10.0; Win64; x64; rv:135.0) Gecko/20100101 Firefox/135.0"
178.165.186.69 - - [17/Feb/2025:11:13:35 +0100] "GET /gui/javascript/form_form.js?1739787215 HTTP/1.1" 200 16206 "http://hausegger.activities.at/entry.php?id=10271&&ser=787155" "Mozilla/5.0 (Windows NT 10.0; Win64; x64; rv:135.0) Gecko/20100101 Firefox/135.0"
178.165.186.69 - - [17/Feb/2025:11:14:35 +0100] "GET /entry.php?id=10271&&ser=787215 HTTP/1.1" 200 988 "http://hausegger.activities.at/entry.php?id=10271&&ser=787155" "Mozilla/5.0 (Windows NT 10.0; Win64; x64; rv:135.0) Gecko/20100101 Firefox/135.0"
178.165.186.69 - - [17/Feb/2025:11:14:35 +0100] "GET /gui/javascript/form_form.js?1739787275 HTTP/1.1" 200 16206 "http://hausegger.activities.at/entry.php?id=10271&&ser=787215" "Mozilla/5.0 (Windows NT 10.0; Win64; x64; rv:135.0) Gecko/20100101 Firefox/135.0"
178.165.186.69 - - [17/Feb/2025:11:15:36 +0100] "GET /entry.php?id=10271&&ser=787275 HTTP/1.1" 200 988 "http://hausegger.activities.at/entry.php?id=10271&&ser=787215" "Mozilla/5.0 (Windows NT 10.0; Win64; x64; rv:135.0) Gecko/20100101 Firefox/135.0"
178.165.186.69 - - [17/Feb/2025:11:15:36 +0100] "GET /gui/javascript/form_form.js?1739787336 HTTP/1.1" 200 16206 "http://hausegger.activities.at/entry.php?id=10271&&ser=787275" "Mozilla/5.0 (Windows NT 10.0; Win64; x64; rv:135.0) Gecko/20100101 Firefox/135.0"
178.165.186.69 - - [17/Feb/2025:11:16:36 +0100] "GET /entry.php?id=10271&&ser=787336 HTTP/1.1" 200 986 "http://hausegger.activities.at/entry.php?id=10271&&ser=787275" "Mozilla/5.0 (Windows NT 10.0; Win64; x64; rv:135.0) Gecko/20100101 Firefox/135.0"
178.165.186.69 - - [17/Feb/2025:11:16:36 +0100] "GET /gui/javascript/form_form.js?1739787396 HTTP/1.1" 200 16206 "http://hausegger.activities.at/entry.php?id=10271&&ser=787336" "Mozilla/5.0 (Windows NT 10.0; Win64; x64; rv:135.0) Gecko/20100101 Firefox/135.0"
178.165.186.69 - - [17/Feb/2025:11:17:36 +0100] "GET /entry.php?id=10271&&ser=787396 HTTP/1.1" 200 987 "http://hausegger.activities.at/entry.php?id=10271&&ser=787336" "Mozilla/5.0 (Windows NT 10.0; Win64; x64; rv:135.0) Gecko/20100101 Firefox/135.0"
178.165.186.69 - - [17/Feb/2025:11:17:36 +0100] "GET /gui/javascript/form_form.js?1739787456 HTTP/1.1" 200 16206 "http://hausegger.activities.at/entry.php?id=10271&&ser=787396" "Mozilla/5.0 (Windows NT 10.0; Win64; x64; rv:135.0) Gecko/20100101 Firefox/135.0"
178.165.186.69 - - [17/Feb/2025:11:18:37 +0100] "GET /entry.php?id=10271&&ser=787456 HTTP/1.1" 200 988 "http://hausegger.activities.at/entry.php?id=10271&&ser=787396" "Mozilla/5.0 (Windows NT 10.0; Win64; x64; rv:135.0) Gecko/20100101 Firefox/135.0"
178.165.186.69 - - [17/Feb/2025:11:18:37 +0100] "GET /gui/javascript/form_form.js?1739787517 HTTP/1.1" 200 16206 "http://hausegger.activities.at/entry.php?id=10271&&ser=787456" "Mozilla/5.0 (Windows NT 10.0; Win64; x64; rv:135.0) Gecko/20100101 Firefox/135.0"
178.165.186.69 - - [17/Feb/2025:11:19:37 +0100] "GET /entry.php?id=10271&&ser=787517 HTTP/1.1" 200 988 "http://hausegger.activities.at/entry.php?id=10271&&ser=787456" "Mozilla/5.0 (Windows NT 10.0; Win64; x64; rv:135.0) Gecko/20100101 Firefox/135.0"
178.165.186.69 - - [17/Feb/2025:11:19:37 +0100] "GET /gui/javascript/form_form.js?1739787577 HTTP/1.1" 200 16206 "http://hausegger.activities.at/entry.php?id=10271&&ser=787517" "Mozilla/5.0 (Windows NT 10.0; Win64; x64; rv:135.0) Gecko/20100101 Firefox/135.0"
178.165.186.69 - - [17/Feb/2025:11:20:37 +0100] "GET /entry.php?id=10271&&ser=787577 HTTP/1.1" 200 988 "http://hausegger.activities.at/entry.php?id=10271&&ser=787517" "Mozilla/5.0 (Windows NT 10.0; Win64; x64; rv:135.0) Gecko/20100101 Firefox/135.0"
