178.165.186.69 - - [17/Feb/2025:16:55:29 +0100] "GET /entry.php?id=10676&&title=Belegsuche HTTP/1.1" 200 1392 "http://hausegger.activities.at/entry.php?id=11237&type=10665" "Mozilla/5.0 (Windows NT 10.0; Win64; x64; rv:135.0) Gecko/20100101 Firefox/135.0"
178.165.186.69 - - [17/Feb/2025:16:55:29 +0100] "GET /gui/javascript/form_form.js?1739807729 HTTP/1.1" 200 16206 "http://hausegger.activities.at/entry.php?id=10676&&title=Belegsuche" "Mozilla/5.0 (Windows NT 10.0; Win64; x64; rv:135.0) Gecko/20100101 Firefox/135.0"
178.165.186.69 - - [17/Feb/2025:16:55:29 +0100] "GET /entry.php?id=11238&mode=document&form=10665& HTTP/1.1" 200 3305 "http://hausegger.activities.at/entry.php?id=11237&type=10665" "Mozilla/5.0 (Windows NT 10.0; Win64; x64; rv:135.0) Gecko/20100101 Firefox/135.0"
178.165.186.69 - - [17/Feb/2025:16:55:29 +0100] "GET /gui/javascript/form_bu_document_workflow.js?1739807729 HTTP/1.1" 200 4900 "http://hausegger.activities.at/entry.php?id=11238&mode=document&form=10665&" "Mozilla/5.0 (Windows NT 10.0; Win64; x64; rv:135.0) Gecko/20100101 Firefox/135.0"
178.165.186.69 - - [17/Feb/2025:16:55:29 +0100] "GET /entry.php?id=11239&mode=document&form=10665& HTTP/1.1" 200 2018 "http://hausegger.activities.at/entry.php?id=11237&type=10665" "Mozilla/5.0 (Windows NT 10.0; Win64; x64; rv:135.0) Gecko/20100101 Firefox/135.0"
178.165.186.69 - - [17/Feb/2025:16:55:29 +0100] "GET /framework/icons/treeview/ftv2doc.gif HTTP/1.1" 200 199 "http://hausegger.activities.at/entry.php?id=11239&mode=document&form=10665&" "Mozilla/5.0 (Windows NT 10.0; Win64; x64; rv:135.0) Gecko/20100101 Firefox/135.0"
178.165.186.69 - - [17/Feb/2025:16:55:29 +0100] "GET /entry.php?id=11240&mode=document&form=10665& HTTP/1.1" 200 2673 "http://hausegger.activities.at/entry.php?id=11237&type=10665" "Mozilla/5.0 (Windows NT 10.0; Win64; x64; rv:135.0) Gecko/20100101 Firefox/135.0"
178.165.186.69 - - [17/Feb/2025:16:55:29 +0100] "GET /entry.php?id=10776&form=11066&name=list& HTTP/1.1" 200 1513 "http://hausegger.activities.at/entry.php?id=11240&mode=document&form=10665&" "Mozilla/5.0 (Windows NT 10.0; Win64; x64; rv:135.0) Gecko/20100101 Firefox/135.0"
178.165.186.69 - - [17/Feb/2025:16:55:29 +0100] "GET /entry.php?id=10778&form=11066&name=list& HTTP/1.1" 200 2586 "http://hausegger.activities.at/entry.php?id=11240&mode=document&form=10665&" "Mozilla/5.0 (Windows NT 10.0; Win64; x64; rv:135.0) Gecko/20100101 Firefox/135.0"
178.165.186.69 - - [17/Feb/2025:16:55:29 +0100] "GET /framework/icons/fwx_trans.gif HTTP/1.1" 200 43 "http://hausegger.activities.at/entry.php?id=10776&form=11066&name=list&" "Mozilla/5.0 (Windows NT 10.0; Win64; x64; rv:135.0) Gecko/20100101 Firefox/135.0"
178.165.186.69 - - [17/Feb/2025:16:55:30 +0100] "POST /entry.php?id=11240 HTTP/1.1" 200 2673 "http://hausegger.activities.at/entry.php?id=11240&mode=document&form=10665&" "Mozilla/5.0 (Windows NT 10.0; Win64; x64; rv:135.0) Gecko/20100101 Firefox/135.0"
178.165.186.69 - - [17/Feb/2025:16:55:30 +0100] "GET /gui/javascript/form_bu_document_workflow.js?1739807730 HTTP/1.1" 200 4900 "http://hausegger.activities.at/entry.php?id=11240" "Mozilla/5.0 (Windows NT 10.0; Win64; x64; rv:135.0) Gecko/20100101 Firefox/135.0"
178.165.186.69 - - [17/Feb/2025:16:55:30 +0100] "GET /gui/javascript/form_form.js?1739807730 HTTP/1.1" 200 16206 "http://hausegger.activities.at/entry.php?id=11240" "Mozilla/5.0 (Windows NT 10.0; Win64; x64; rv:135.0) Gecko/20100101 Firefox/135.0"
178.165.186.69 - - [17/Feb/2025:16:55:30 +0100] "GET /entry.php?id=10776&form=11066&name=list& HTTP/1.1" 200 1513 "http://hausegger.activities.at/entry.php?id=11240" "Mozilla/5.0 (Windows NT 10.0; Win64; x64; rv:135.0) Gecko/20100101 Firefox/135.0"
178.165.186.69 - - [17/Feb/2025:16:55:30 +0100] "GET /entry.php?id=10778&form=11066&name=list& HTTP/1.1" 200 2920 "http://hausegger.activities.at/entry.php?id=11240" "Mozilla/5.0 (Windows NT 10.0; Win64; x64; rv:135.0) Gecko/20100101 Firefox/135.0"
178.165.186.69 - - [17/Feb/2025:16:55:35 +0100] "POST /entry.php?id=10828 HTTP/1.1" 200 8716 "http://hausegger.activities.at/entry.php?id=10828" "Mozilla/5.0 (Windows NT 10.0; Win64; x64; rv:135.0) Gecko/20100101 Firefox/135.0"
178.165.186.69 - - [17/Feb/2025:16:55:35 +0100] "GET /gui/javascript/form_form.js?1739807735 HTTP/1.1" 200 16206 "http://hausegger.activities.at/entry.php?id=10828" "Mozilla/5.0 (Windows NT 10.0; Win64; x64; rv:135.0) Gecko/20100101 Firefox/135.0"
178.165.186.69 - - [17/Feb/2025:16:55:35 +0100] "GET /entry.php?id=10889&document_id=10347647& HTTP/1.1" 200 1510 "http://hausegger.activities.at/entry.php?id=10828" "Mozilla/5.0 (Windows NT 10.0; Win64; x64; rv:135.0) Gecko/20100101 Firefox/135.0"
178.165.186.69 - - [17/Feb/2025:16:55:36 +0100] "GET /gui/javascript/form_form.js?1739807736 HTTP/1.1" 200 16206 "http://hausegger.activities.at/entry.php?id=10889&document_id=10347647&" "Mozilla/5.0 (Windows NT 10.0; Win64; x64; rv:135.0) Gecko/20100101 Firefox/135.0"
178.165.186.69 - - [17/Feb/2025:16:55:37 +0100] "POST /entry.php?id=10828 HTTP/1.1" 200 8772 "http://hausegger.activities.at/entry.php?id=10828" "Mozilla/5.0 (Windows NT 10.0; Win64; x64; rv:135.0) Gecko/20100101 Firefox/135.0"
178.165.186.69 - - [17/Feb/2025:16:55:38 +0100] "GET /gui/javascript/form_form.js?1739807738 HTTP/1.1" 200 16206 "http://hausegger.activities.at/entry.php?id=10828" "Mozilla/5.0 (Windows NT 10.0; Win64; x64; rv:135.0) Gecko/20100101 Firefox/135.0"
178.165.186.69 - - [17/Feb/2025:16:55:38 +0100] "GET /entry.php?id=10889&document_id=10347647& HTTP/1.1" 200 1510 "http://hausegger.activities.at/entry.php?id=10828" "Mozilla/5.0 (Windows NT 10.0; Win64; x64; rv:135.0) Gecko/20100101 Firefox/135.0"
178.165.186.69 - - [17/Feb/2025:16:55:47 +0100] "GET /entry.php?id=11237&type=10665 HTTP/1.1" 200 276 "http://hausegger.activities.at/entry.php?id=10828" "Mozilla/5.0 (Windows NT 10.0; Win64; x64; rv:135.0) Gecko/20100101 Firefox/135.0"
178.165.186.69 - - [17/Feb/2025:16:55:47 +0100] "GET /entry.php?id=10676&&title=Belegsuche HTTP/1.1" 200 1392 "http://hausegger.activities.at/entry.php?id=11237&type=10665" "Mozilla/5.0 (Windows NT 10.0; Win64; x64; rv:135.0) Gecko/20100101 Firefox/135.0"
178.165.186.69 - - [17/Feb/2025:16:55:47 +0100] "GET /gui/javascript/form_form.js?1739807747 HTTP/1.1" 200 16206 "http://hausegger.activities.at/entry.php?id=10676&&title=Belegsuche" "Mozilla/5.0 (Windows NT 10.0; Win64; x64; rv:135.0) Gecko/20100101 Firefox/135.0"
178.165.186.69 - - [17/Feb/2025:16:55:47 +0100] "GET /entry.php?id=11239&mode=document&form=10665& HTTP/1.1" 200 2019 "http://hausegger.activities.at/entry.php?id=11237&type=10665" "Mozilla/5.0 (Windows NT 10.0; Win64; x64; rv:135.0) Gecko/20100101 Firefox/135.0"
178.165.186.69 - - [17/Feb/2025:16:55:47 +0100] "GET /gui/javascript/form_bu_document_workflow.js?1739807747 HTTP/1.1" 200 4900 "http://hausegger.activities.at/entry.php?id=11239&mode=document&form=10665&" "Mozilla/5.0 (Windows NT 10.0; Win64; x64; rv:135.0) Gecko/20100101 Firefox/135.0"
178.165.186.69 - - [17/Feb/2025:16:55:47 +0100] "GET /entry.php?id=11238&mode=document&form=10665& HTTP/1.1" 200 3306 "http://hausegger.activities.at/entry.php?id=11237&type=10665" "Mozilla/5.0 (Windows NT 10.0; Win64; x64; rv:135.0) Gecko/20100101 Firefox/135.0"
178.165.186.69 - - [17/Feb/2025:16:55:47 +0100] "GET /entry.php?id=11240&mode=document&form=10665& HTTP/1.1" 200 2673 "http://hausegger.activities.at/entry.php?id=11237&type=10665" "Mozilla/5.0 (Windows NT 10.0; Win64; x64; rv:135.0) Gecko/20100101 Firefox/135.0"
178.165.186.69 - - [17/Feb/2025:16:55:48 +0100] "GET /gui/javascript/form_bu_document_workflow.js?1739807748 HTTP/1.1" 200 4900 "http://hausegger.activities.at/entry.php?id=11240&mode=document&form=10665&" "Mozilla/5.0 (Windows NT 10.0; Win64; x64; rv:135.0) Gecko/20100101 Firefox/135.0"
178.165.186.69 - - [17/Feb/2025:16:55:48 +0100] "GET /gui/javascript/form_form.js?1739807748 HTTP/1.1" 200 16206 "http://hausegger.activities.at/entry.php?id=11240&mode=document&form=10665&" "Mozilla/5.0 (Windows NT 10.0; Win64; x64; rv:135.0) Gecko/20100101 Firefox/135.0"
178.165.186.69 - - [17/Feb/2025:16:55:48 +0100] "GET /entry.php?id=10778&form=11066&name=list& HTTP/1.1" 200 2586 "http://hausegger.activities.at/entry.php?id=11240&mode=document&form=10665&" "Mozilla/5.0 (Windows NT 10.0; Win64; x64; rv:135.0) Gecko/20100101 Firefox/135.0"
178.165.186.69 - - [17/Feb/2025:16:55:48 +0100] "GET /entry.php?id=10776&form=11066&name=list& HTTP/1.1" 200 1513 "http://hausegger.activities.at/entry.php?id=11240&mode=document&form=10665&" "Mozilla/5.0 (Windows NT 10.0; Win64; x64; rv:135.0) Gecko/20100101 Firefox/135.0"
178.165.186.69 - - [17/Feb/2025:16:55:48 +0100] "POST /entry.php?id=11240 HTTP/1.1" 200 2673 "http://hausegger.activities.at/entry.php?id=11240&mode=document&form=10665&" "Mozilla/5.0 (Windows NT 10.0; Win64; x64; rv:135.0) Gecko/20100101 Firefox/135.0"
178.165.186.69 - - [17/Feb/2025:16:55:48 +0100] "GET /entry.php?id=10776&form=11066&name=list& HTTP/1.1" 200 1513 "http://hausegger.activities.at/entry.php?id=11240" "Mozilla/5.0 (Windows NT 10.0; Win64; x64; rv:135.0) Gecko/20100101 Firefox/135.0"
178.165.186.69 - - [17/Feb/2025:16:55:48 +0100] "GET /entry.php?id=10778&form=11066&name=list& HTTP/1.1" 200 2801 "http://hausegger.activities.at/entry.php?id=11240" "Mozilla/5.0 (Windows NT 10.0; Win64; x64; rv:135.0) Gecko/20100101 Firefox/135.0"
178.165.186.69 - - [17/Feb/2025:16:55:51 +0100] "GET /entry.php?id=10271&&ser=807691 HTTP/1.1" 200 987 "http://hausegger.activities.at/entry.php?id=10271&&ser=807631" "Mozilla/5.0 (Windows NT 10.0; Win64; x64; rv:135.0) Gecko/20100101 Firefox/135.0"
178.165.186.69 - - [17/Feb/2025:16:55:52 +0100] "GET /gui/javascript/form_form.js?1739807751 HTTP/1.1" 200 16206 "http://hausegger.activities.at/entry.php?id=10271&&ser=807691" "Mozilla/5.0 (Windows NT 10.0; Win64; x64; rv:135.0) Gecko/20100101 Firefox/135.0"
178.165.186.69 - - [17/Feb/2025:16:55:52 +0100] "GET /entry.php?id=10828 HTTP/1.1" 200 9142 "http://hausegger.activities.at/entry.php?id=10270&__app__=10006038" "Mozilla/5.0 (Windows NT 10.0; Win64; x64; rv:135.0) Gecko/20100101 Firefox/135.0"
178.165.186.69 - - [17/Feb/2025:16:55:53 +0100] "GET /gui/javascript/form_form.js?1739807753 HTTP/1.1" 200 16206 "http://hausegger.activities.at/entry.php?id=10828" "Mozilla/5.0 (Windows NT 10.0; Win64; x64; rv:135.0) Gecko/20100101 Firefox/135.0"
178.165.186.69 - - [17/Feb/2025:16:55:53 +0100] "GET /entry.php?id=10889&document_id=& HTTP/1.1" 200 1510 "http://hausegger.activities.at/entry.php?id=10828" "Mozilla/5.0 (Windows NT 10.0; Win64; x64; rv:135.0) Gecko/20100101 Firefox/135.0"
178.165.186.69 - - [17/Feb/2025:16:56:14 +0100] "GET /entry.php?id=10828 HTTP/1.1" 200 9142 "http://hausegger.activities.at/entry.php?id=10270&__app__=10006038" "Mozilla/5.0 (Windows NT 10.0; Win64; x64; rv:135.0) Gecko/20100101 Firefox/135.0"
178.165.186.69 - - [17/Feb/2025:16:56:15 +0100] "GET /gui/javascript/form_form.js?1739807775 HTTP/1.1" 200 16206 "http://hausegger.activities.at/entry.php?id=10828" "Mozilla/5.0 (Windows NT 10.0; Win64; x64; rv:135.0) Gecko/20100101 Firefox/135.0"
178.165.186.69 - - [17/Feb/2025:16:56:15 +0100] "GET /entry.php?id=10889&document_id=& HTTP/1.1" 200 1510 "http://hausegger.activities.at/entry.php?id=10828" "Mozilla/5.0 (Windows NT 10.0; Win64; x64; rv:135.0) Gecko/20100101 Firefox/135.0"
156.59.198.135 - - [17/Feb/2025:16:56:43 +0100] "GET /renault.activities.at/htdocs/export/xml/data/orders/202106171403_RenOrder.xml HTTP/1.0" 404 330 "-" "Mozilla/5.0 (Linux; Android 5.0) AppleWebKit/537.36 (KHTML, like Gecko) Mobile Safari/537.36 (compatible; Bytespider; spider-feedback@bytedance.com)"
178.165.186.69 - - [17/Feb/2025:16:56:52 +0100] "GET /entry.php?id=10271&&ser=807751 HTTP/1.1" 200 987 "http://hausegger.activities.at/entry.php?id=10271&&ser=807691" "Mozilla/5.0 (Windows NT 10.0; Win64; x64; rv:135.0) Gecko/20100101 Firefox/135.0"
178.165.186.69 - - [17/Feb/2025:16:56:52 +0100] "GET /gui/javascript/form_form.js?1739807812 HTTP/1.1" 200 16206 "http://hausegger.activities.at/entry.php?id=10271&&ser=807751" "Mozilla/5.0 (Windows NT 10.0; Win64; x64; rv:135.0) Gecko/20100101 Firefox/135.0"
178.165.186.69 - - [17/Feb/2025:16:57:52 +0100] "GET /entry.php?id=10271&&ser=807812 HTTP/1.1" 200 987 "http://hausegger.activities.at/entry.php?id=10271&&ser=807751" "Mozilla/5.0 (Windows NT 10.0; Win64; x64; rv:135.0) Gecko/20100101 Firefox/135.0"
178.165.186.69 - - [17/Feb/2025:16:57:52 +0100] "GET /gui/javascript/form_form.js?1739807872 HTTP/1.1" 200 16206 "http://hausegger.activities.at/entry.php?id=10271&&ser=807812" "Mozilla/5.0 (Windows NT 10.0; Win64; x64; rv:135.0) Gecko/20100101 Firefox/135.0"
178.165.186.69 - - [17/Feb/2025:16:58:52 +0100] "GET /entry.php?id=10271&&ser=807872 HTTP/1.1" 200 987 "http://hausegger.activities.at/entry.php?id=10271&&ser=807812" "Mozilla/5.0 (Windows NT 10.0; Win64; x64; rv:135.0) Gecko/20100101 Firefox/135.0"
178.165.186.69 - - [17/Feb/2025:16:58:52 +0100] "GET /gui/javascript/form_form.js?1739807932 HTTP/1.1" 200 16206 "http://hausegger.activities.at/entry.php?id=10271&&ser=807872" "Mozilla/5.0 (Windows NT 10.0; Win64; x64; rv:135.0) Gecko/20100101 Firefox/135.0"
178.165.186.69 - - [17/Feb/2025:16:59:53 +0100] "GET /entry.php?id=10271&&ser=807932 HTTP/1.1" 200 987 "http://hausegger.activities.at/entry.php?id=10271&&ser=807872" "Mozilla/5.0 (Windows NT 10.0; Win64; x64; rv:135.0) Gecko/20100101 Firefox/135.0"
178.165.186.69 - - [17/Feb/2025:16:59:53 +0100] "GET /gui/javascript/form_form.js?1739807993 HTTP/1.1" 200 16206 "http://hausegger.activities.at/entry.php?id=10271&&ser=807932" "Mozilla/5.0 (Windows NT 10.0; Win64; x64; rv:135.0) Gecko/20100101 Firefox/135.0"
156.59.198.136 - - [17/Feb/2025:17:00:44 +0100] "GET /renault.activities.at/htdocs/log/cron/reminder_mailing_3116334.txt HTTP/1.0" 404 323 "-" "Mozilla/5.0 (Linux; Android 5.0) AppleWebKit/537.36 (KHTML, like Gecko) Mobile Safari/537.36 (compatible; Bytespider; spider-feedback@bytedance.com)"
178.165.186.69 - - [17/Feb/2025:17:00:53 +0100] "GET /entry.php?id=10271&&ser=807993 HTTP/1.1" 200 987 "http://hausegger.activities.at/entry.php?id=10271&&ser=807932" "Mozilla/5.0 (Windows NT 10.0; Win64; x64; rv:135.0) Gecko/20100101 Firefox/135.0"
178.165.186.69 - - [17/Feb/2025:17:00:53 +0100] "GET /gui/javascript/form_form.js?1739808053 HTTP/1.1" 200 16206 "http://hausegger.activities.at/entry.php?id=10271&&ser=807993" "Mozilla/5.0 (Windows NT 10.0; Win64; x64; rv:135.0) Gecko/20100101 Firefox/135.0"
178.165.186.69 - - [17/Feb/2025:17:01:53 +0100] "GET /entry.php?id=10271&&ser=808053 HTTP/1.1" 200 986 "http://hausegger.activities.at/entry.php?id=10271&&ser=807993" "Mozilla/5.0 (Windows NT 10.0; Win64; x64; rv:135.0) Gecko/20100101 Firefox/135.0"
178.165.186.69 - - [17/Feb/2025:17:01:53 +0100] "GET /gui/javascript/form_form.js?1739808113 HTTP/1.1" 200 16206 "http://hausegger.activities.at/entry.php?id=10271&&ser=808053" "Mozilla/5.0 (Windows NT 10.0; Win64; x64; rv:135.0) Gecko/20100101 Firefox/135.0"
178.165.186.69 - - [17/Feb/2025:17:02:53 +0100] "GET /entry.php?id=10271&&ser=808113 HTTP/1.1" 200 987 "http://hausegger.activities.at/entry.php?id=10271&&ser=808053" "Mozilla/5.0 (Windows NT 10.0; Win64; x64; rv:135.0) Gecko/20100101 Firefox/135.0"
178.165.186.69 - - [17/Feb/2025:17:02:54 +0100] "GET /gui/javascript/form_form.js?1739808174 HTTP/1.1" 200 16206 "http://hausegger.activities.at/entry.php?id=10271&&ser=808113" "Mozilla/5.0 (Windows NT 10.0; Win64; x64; rv:135.0) Gecko/20100101 Firefox/135.0"
178.165.186.69 - - [17/Feb/2025:17:03:54 +0100] "GET /entry.php?id=10271&&ser=808174 HTTP/1.1" 200 987 "http://hausegger.activities.at/entry.php?id=10271&&ser=808113" "Mozilla/5.0 (Windows NT 10.0; Win64; x64; rv:135.0) Gecko/20100101 Firefox/135.0"
178.165.186.69 - - [17/Feb/2025:17:03:54 +0100] "GET /gui/javascript/form_form.js?1739808234 HTTP/1.1" 200 16206 "http://hausegger.activities.at/entry.php?id=10271&&ser=808174" "Mozilla/5.0 (Windows NT 10.0; Win64; x64; rv:135.0) Gecko/20100101 Firefox/135.0"
178.165.186.69 - - [17/Feb/2025:17:04:54 +0100] "GET /entry.php?id=10271&&ser=808234 HTTP/1.1" 200 987 "http://hausegger.activities.at/entry.php?id=10271&&ser=808174" "Mozilla/5.0 (Windows NT 10.0; Win64; x64; rv:135.0) Gecko/20100101 Firefox/135.0"
178.165.186.69 - - [17/Feb/2025:17:04:54 +0100] "GET /gui/javascript/form_form.js?1739808294 HTTP/1.1" 200 16206 "http://hausegger.activities.at/entry.php?id=10271&&ser=808234" "Mozilla/5.0 (Windows NT 10.0; Win64; x64; rv:135.0) Gecko/20100101 Firefox/135.0"
178.165.186.69 - - [17/Feb/2025:17:05:54 +0100] "GET /entry.php?id=10271&&ser=808294 HTTP/1.1" 200 987 "http://hausegger.activities.at/entry.php?id=10271&&ser=808234" "Mozilla/5.0 (Windows NT 10.0; Win64; x64; rv:135.0) Gecko/20100101 Firefox/135.0"
178.165.186.69 - - [17/Feb/2025:17:05:54 +0100] "GET /gui/javascript/form_form.js?1739808354 HTTP/1.1" 200 16206 "http://hausegger.activities.at/entry.php?id=10271&&ser=808294" "Mozilla/5.0 (Windows NT 10.0; Win64; x64; rv:135.0) Gecko/20100101 Firefox/135.0"
178.165.186.69 - - [17/Feb/2025:17:06:55 +0100] "GET /entry.php?id=10271&&ser=808354 HTTP/1.1" 200 986 "http://hausegger.activities.at/entry.php?id=10271&&ser=808294" "Mozilla/5.0 (Windows NT 10.0; Win64; x64; rv:135.0) Gecko/20100101 Firefox/135.0"
178.165.186.69 - - [17/Feb/2025:17:06:55 +0100] "GET /gui/javascript/form_form.js?1739808415 HTTP/1.1" 200 16206 "http://hausegger.activities.at/entry.php?id=10271&&ser=808354" "Mozilla/5.0 (Windows NT 10.0; Win64; x64; rv:135.0) Gecko/20100101 Firefox/135.0"
178.165.186.69 - - [17/Feb/2025:17:07:55 +0100] "GET /entry.php?id=10271&&ser=808415 HTTP/1.1" 200 987 "http://hausegger.activities.at/entry.php?id=10271&&ser=808354" "Mozilla/5.0 (Windows NT 10.0; Win64; x64; rv:135.0) Gecko/20100101 Firefox/135.0"
178.165.186.69 - - [17/Feb/2025:17:07:55 +0100] "GET /gui/javascript/form_form.js?1739808475 HTTP/1.1" 200 16206 "http://hausegger.activities.at/entry.php?id=10271&&ser=808415" "Mozilla/5.0 (Windows NT 10.0; Win64; x64; rv:135.0) Gecko/20100101 Firefox/135.0"
178.165.186.69 - - [17/Feb/2025:17:08:48 +0100] "GET /entry.php?id=10287&login=1 HTTP/1.1" 200 1878 "http://hausegger.activities.at/entry.php?id=10273&" "Mozilla/5.0 (Windows NT 10.0; Win64; x64; rv:135.0) Gecko/20100101 Firefox/135.0"
178.165.186.69 - - [17/Feb/2025:17:08:48 +0100] "GET /gui/javascript/form_form.js?1739808528 HTTP/1.1" 200 16206 "http://hausegger.activities.at/entry.php?id=10287&login=1" "Mozilla/5.0 (Windows NT 10.0; Win64; x64; rv:135.0) Gecko/20100101 Firefox/135.0"
178.165.186.69 - - [17/Feb/2025:17:08:49 +0100] "POST /entry.php?id=10287& HTTP/1.1" 200 2433 "http://hausegger.activities.at/entry.php?id=10287&login=1" "Mozilla/5.0 (Windows NT 10.0; Win64; x64; rv:135.0) Gecko/20100101 Firefox/135.0"
178.165.186.69 - - [17/Feb/2025:17:08:49 +0100] "GET /gui/javascript/form_form.js?1739808529 HTTP/1.1" 200 16206 "http://hausegger.activities.at/entry.php?id=10287&" "Mozilla/5.0 (Windows NT 10.0; Win64; x64; rv:135.0) Gecko/20100101 Firefox/135.0"
178.165.186.69 - - [17/Feb/2025:17:08:49 +0100] "GET /entry.php?id=10270& HTTP/1.1" 200 909 "http://hausegger.activities.at/entry.php?id=10287&" "Mozilla/5.0 (Windows NT 10.0; Win64; x64; rv:135.0) Gecko/20100101 Firefox/135.0"
178.165.186.69 - - [17/Feb/2025:17:08:49 +0100] "GET /entry.php?id=10273&logout=true& HTTP/1.1" 200 1913 "http://hausegger.activities.at/entry.php?id=10287&" "Mozilla/5.0 (Windows NT 10.0; Win64; x64; rv:135.0) Gecko/20100101 Firefox/135.0"
193.68.89.51 - - [17/Feb/2025:17:09:03 +0100] "GET / HTTP/1.1" 200 423 "-" "-"
156.59.198.135 - - [17/Feb/2025:17:11:44 +0100] "GET /renault.activities.at/htdocs/log/cron/reminder_mailing_3116221.txt HTTP/1.0" 404 322 "-" "Mozilla/5.0 (Linux; Android 5.0) AppleWebKit/537.36 (KHTML, like Gecko) Mobile Safari/537.36 (compatible; Bytespider; spider-feedback@bytedance.com)"
156.59.198.136 - - [17/Feb/2025:17:31:45 +0100] "GET /renault.activities.at/htdocs/log/cron/system_mail_3115815.txt HTTP/1.0" 404 320 "-" "Mozilla/5.0 (Linux; Android 5.0) AppleWebKit/537.36 (KHTML, like Gecko) Mobile Safari/537.36 (compatible; Bytespider; spider-feedback@bytedance.com)"
156.59.198.136 - - [17/Feb/2025:17:43:11 +0100] "GET /renault.activities.at/htdocs/log/cron/shipp_Export_Data_3115552.txt HTTP/1.0" 404 325 "-" "Mozilla/5.0 (Linux; Android 5.0) AppleWebKit/537.36 (KHTML, like Gecko) Mobile Safari/537.36 (compatible; Bytespider; spider-feedback@bytedance.com)"
196.251.72.73 - - [17/Feb/2025:17:46:55 +0100] "GET /.git/index HTTP/1.1" 404 285 "-" "Mozilla/5.0 (Macintosh; Intel Mac OS X 10_13_4) AppleWebKit/537.36 (KHTML, like Gecko) Chrome/75.0.3770.145 Safari/537.36 Vivaldi/2.6.1566.49"
193.68.89.10 - - [17/Feb/2025:17:48:12 +0100] "GET / HTTP/1.1" 200 274 "-" "Mozilla/5.0 (Windows NT 10.0; Win64; x64) AppleWebKit/537.36 (KHTML, like Gecko) Chrome/90.0.4430.85 Safari/537.36 Edg/90.0.818.46"
156.59.198.136 - - [17/Feb/2025:18:11:34 +0100] "GET /renault.activities.at/htdocs/export/xml/data/orders/202005131503_RenOrder.xml HTTP/1.0" 404 329 "-" "Mozilla/5.0 (Linux; Android 5.0) AppleWebKit/537.36 (KHTML, like Gecko) Mobile Safari/537.36 (compatible; Bytespider; spider-feedback@bytedance.com)"
80.82.77.202 - - [17/Feb/2025:18:14:10 +0100] "\x16\x03\x02\x01o\x01" 400 383 "-" "-"
156.59.198.135 - - [17/Feb/2025:18:15:35 +0100] "GET /renault.activities.at/htdocs/export/pdf/emuc_document/11354015.pdf HTTP/1.0" 404 322 "-" "Mozilla/5.0 (Linux; Android 5.0) AppleWebKit/537.36 (KHTML, like Gecko) Mobile Safari/537.36 (compatible; Bytespider; spider-feedback@bytedance.com)"
156.59.198.136 - - [17/Feb/2025:18:19:35 +0100] "GET /renault.activities.at/htdocs/export/xml/data/orders/202109171503_RenOrder.xml HTTP/1.0" 404 329 "-" "Mozilla/5.0 (Linux; Android 5.0) AppleWebKit/537.36 (KHTML, like Gecko) Mobile Safari/537.36 (compatible; Bytespider; spider-feedback@bytedance.com)"
156.59.198.135 - - [17/Feb/2025:18:23:35 +0100] "GET /renault.activities.at/htdocs/export/xml/data/orders/202104011703_RenOrder.xml HTTP/1.0" 404 329 "-" "Mozilla/5.0 (Linux; Android 5.0) AppleWebKit/537.36 (KHTML, like Gecko) Mobile Safari/537.36 (compatible; Bytespider; spider-feedback@bytedance.com)"
156.59.198.135 - - [17/Feb/2025:18:27:35 +0100] "GET /renault.activities.at/htdocs/export/pdf/emuc_document/11724428.pdf HTTP/1.0" 404 322 "-" "Mozilla/5.0 (Linux; Android 5.0) AppleWebKit/537.36 (KHTML, like Gecko) Mobile Safari/537.36 (compatible; Bytespider; spider-feedback@bytedance.com)"
156.59.198.136 - - [17/Feb/2025:18:31:35 +0100] "GET /renault.activities.at/htdocs/export/pdf/emuc_document/11157930.pdf HTTP/1.0" 404 322 "-" "Mozilla/5.0 (Linux; Android 5.0) AppleWebKit/537.36 (KHTML, like Gecko) Mobile Safari/537.36 (compatible; Bytespider; spider-feedback@bytedance.com)"
156.59.198.135 - - [17/Feb/2025:18:46:36 +0100] "GET /renault.activities.at/htdocs/export/xml/data/orders/202110111703_RenOrder.xml HTTP/1.0" 404 329 "-" "Mozilla/5.0 (Linux; Android 5.0) AppleWebKit/537.36 (KHTML, like Gecko) Mobile Safari/537.36 (compatible; Bytespider; spider-feedback@bytedance.com)"
103.158.96.65 - - [17/Feb/2025:18:49:02 +0100] "GET /boaform/admin/formLogin?username=adminisp&psd=adminisp HTTP/1.0" 404 378 "-" "-"
93.174.93.12 - - [17/Feb/2025:18:54:30 +0100] "\x16\x03\x02\x01o\x01" 400 383 "-" "-"
156.59.198.136 - - [17/Feb/2025:18:55:00 +0100] "GET /renault.activities.at/htdocs/export/pdf/emuc_document/11671155.pdf HTTP/1.0" 404 322 "-" "Mozilla/5.0 (Linux; Android 5.0) AppleWebKit/537.36 (KHTML, like Gecko) Mobile Safari/537.36 (compatible; Bytespider; spider-feedback@bytedance.com)"
156.59.198.136 - - [17/Feb/2025:19:04:39 +0100] "GET /renault.activities.at/htdocs/export/xml/data/orders/201910151303_RenOrder.xml HTTP/1.0" 404 329 "-" "Mozilla/5.0 (Linux; Android 5.0) AppleWebKit/537.36 (KHTML, like Gecko) Mobile Safari/537.36 (compatible; Bytespider; spider-feedback@bytedance.com)"
196.251.72.73 - - [17/Feb/2025:19:06:13 +0100] "GET /_profiler/phpinfo HTTP/1.1" 404 289 "-" "Mozilla/5.0 (Windows NT 10.0; Win64; x64) AppleWebKit/537.36 (KHTML, like Gecko) Chrome/55.0.2883.87 Safari/537.36"
156.59.198.136 - - [17/Feb/2025:19:08:49 +0100] "GET /renault.activities.at/htdocs/log/cron/reminder_mailing_3114882.txt HTTP/1.0" 404 323 "-" "Mozilla/5.0 (Linux; Android 5.0) AppleWebKit/537.36 (KHTML, like Gecko) Mobile Safari/537.36 (compatible; Bytespider; spider-feedback@bytedance.com)"
80.82.77.202 - - [17/Feb/2025:19:10:37 +0100] "GET / HTTP/1.0" 200 423 "-" "Mozilla/5.0 (Linux; Android 5.1.1; Nexus 7 Build/LMY47V) AppleWebKit/537.36 (KHTML, like Gecko) Chrome/43.0.2357.78 Safari/537.36 OPR/30.0.1856.93524"
156.59.198.135 - - [17/Feb/2025:19:13:00 +0100] "GET /renault.activities.at/htdocs/log/cron/pickupLogisticData_3115993.txt HTTP/1.0" 404 325 "-" "Mozilla/5.0 (Linux; Android 5.0) AppleWebKit/537.36 (KHTML, like Gecko) Mobile Safari/537.36 (compatible; Bytespider; spider-feedback@bytedance.com)"
193.68.89.10 - - [17/Feb/2025:19:30:13 +0100] "GET / HTTP/1.1" 200 274 "-" "Mozilla/5.0 (Windows NT 10.0; Win64; x64) AppleWebKit/537.36 (KHTML, like Gecko) Chrome/90.0.4430.85 Safari/537.36 Edg/90.0.818.46"
211.220.190.19 - - [17/Feb/2025:19:39:57 +0100] "GET / HTTP/1.0" 200 423 "-" "Mozilla/5.0 (Linux; U; Android 4.0.3; ko-kr; LG-L160L Build/IML74K) AppleWebkit/534.30 (KHTML, like Gecko) Version/4.0 Mobile Safari/534.30"
95.103.59.91 - - [17/Feb/2025:19:40:07 +0100] "GET / HTTP/1.0" 200 423 "-" "curl/7.88.1"
122.117.2.174 - - [17/Feb/2025:19:44:57 +0100] "GET / HTTP/1.0" 200 423 "-" "curl/7.88.1"
1.34.65.133 - - [17/Feb/2025:19:48:17 +0100] "GET / HTTP/1.0" 200 423 "-" "curl/7.88.1"
141.255.166.90 - - [17/Feb/2025:19:58:03 +0100] "GET /cgi-bin/luci/;stok=/locale HTTP/1.1" 404 371 "-" "-"
45.144.212.139 - - [17/Feb/2025:20:10:36 +0100] "GET /.git/refs/ HTTP/1.1" 404 284 "-" "Mozilla/5.0 (compatible; MSIE 10.0; Windows Phone 8.0; Trident/6.0; IEMobile/10.0; ARM; Touch)"
156.59.198.136 - - [17/Feb/2025:20:12:16 +0100] "GET /renault.2web.at/htdocs/binaries/10225293.pdf HTTP/1.0" 404 308 "-" "Mozilla/5.0 (Linux; Android 5.0) AppleWebKit/537.36 (KHTML, like Gecko) Mobile Safari/537.36 (compatible; Bytespider; spider-feedback@bytedance.com)"
156.59.198.135 - - [17/Feb/2025:20:32:17 +0100] "GET /renault.activities.at/htdocs/export/xml/data/orders/201908021803_RenOrder.xml HTTP/1.0" 404 329 "-" "Mozilla/5.0 (Linux; Android 5.0) AppleWebKit/537.36 (KHTML, like Gecko) Mobile Safari/537.36 (compatible; Bytespider; spider-feedback@bytedance.com)"
156.59.198.136 - - [17/Feb/2025:20:36:17 +0100] "GET /default/cgi-bin/lang/awstats-cz.txt HTTP/1.0" 404 303 "-" "Mozilla/5.0 (Linux; Android 5.0) AppleWebKit/537.36 (KHTML, like Gecko) Mobile Safari/537.36 (compatible; Bytespider; spider-feedback@bytedance.com)"
147.139.145.197 - - [17/Feb/2025:20:39:19 +0100] "GET /uNML HTTP/1.1" 404 280 "-" "Go-http-client/1.1"
147.139.145.197 - - [17/Feb/2025:20:39:19 +0100] "\x16\x03\x01" 400 383 "-" "-"
147.139.145.197 - - [17/Feb/2025:20:39:21 +0100] "GET /jquery-3.3.1.min.js HTTP/1.1" 404 291 "-" "Go-http-client/1.1"
147.139.145.197 - - [17/Feb/2025:20:39:22 +0100] "\x16\x03\x01" 400 383 "-" "-"
156.59.198.135 - - [17/Feb/2025:20:40:18 +0100] "GET /renault.activities.at/htdocs/export/xml/data/orders/202010081503_RenOrder.xml HTTP/1.0" 404 329 "-" "Mozilla/5.0 (Linux; Android 5.0) AppleWebKit/537.36 (KHTML, like Gecko) Mobile Safari/537.36 (compatible; Bytespider; spider-feedback@bytedance.com)"
156.59.198.135 - - [17/Feb/2025:20:44:18 +0100] "GET /renault.2web.at/htdocs/binaries/10023570.pdf HTTP/1.0" 404 308 "-" "Mozilla/5.0 (Linux; Android 5.0) AppleWebKit/537.36 (KHTML, like Gecko) Mobile Safari/537.36 (compatible; Bytespider; spider-feedback@bytedance.com)"
141.255.166.90 - - [17/Feb/2025:20:45:24 +0100] "GET /cgi-bin/luci/;stok=/locale HTTP/1.1" 404 371 "-" "-"
156.59.198.136 - - [17/Feb/2025:20:48:19 +0100] "GET /renault.activities.at/htdocs/export/xml/data/orders/202102081003_RenOrder.xml HTTP/1.0" 404 328 "-" "Mozilla/5.0 (Linux; Android 5.0) AppleWebKit/537.36 (KHTML, like Gecko) Mobile Safari/537.36 (compatible; Bytespider; spider-feedback@bytedance.com)"
156.59.198.135 - - [17/Feb/2025:20:52:18 +0100] "GET /renault.2web.at/htdocs/binaries/10171423_1.pdf HTTP/1.0" 404 310 "-" "Mozilla/5.0 (Linux; Android 5.0) AppleWebKit/537.36 (KHTML, like Gecko) Mobile Safari/537.36 (compatible; Bytespider; spider-feedback@bytedance.com)"
156.59.198.136 - - [17/Feb/2025:20:56:19 +0100] "GET /renault.activities.at/htdocs/log/emu/export_articles.txt HTTP/1.0" 404 315 "-" "Mozilla/5.0 (Linux; Android 5.0) AppleWebKit/537.36 (KHTML, like Gecko) Mobile Safari/537.36 (compatible; Bytespider; spider-feedback@bytedance.com)"
57.129.64.237 - - [17/Feb/2025:20:59:34 +0100] "GET / HTTP/1.1" 200 274 "-" "Mozilla/5.0 (compatible; ModatScanner/1.0; +https://modat.io/)"
156.59.198.136 - - [17/Feb/2025:21:00:19 +0100] "GET /hausegger.activities.at/stats/lang/awstats-hu.txt HTTP/1.0" 404 308 "-" "Mozilla/5.0 (Linux; Android 5.0) AppleWebKit/537.36 (KHTML, like Gecko) Mobile Safari/537.36 (compatible; Bytespider; spider-feedback@bytedance.com)"
156.59.198.136 - - [17/Feb/2025:21:04:19 +0100] "GET /renault.2web.at/htdocs/binaries/10008563.pdf HTTP/1.0" 404 308 "-" "Mozilla/5.0 (Linux; Android 5.0) AppleWebKit/537.36 (KHTML, like Gecko) Mobile Safari/537.36 (compatible; Bytespider; spider-feedback@bytedance.com)"
45.144.212.139 - - [17/Feb/2025:21:05:43 +0100] "GET /_profiler/phpinfo HTTP/1.1" 404 289 "-" "Mozilla/5.0 (Windows NT 10.0) AppleWebKit/537.36 (KHTML, like Gecko) Chrome/52.0.2743.116 Safari/537.36 Edge/15.15063"
156.59.198.135 - - [17/Feb/2025:21:08:19 +0100] "GET /renault.2web.at/htdocs/binaries/10015819.pdf HTTP/1.0" 404 307 "-" "Mozilla/5.0 (Linux; Android 5.0) AppleWebKit/537.36 (KHTML, like Gecko) Mobile Safari/537.36 (compatible; Bytespider; spider-feedback@bytedance.com)"
156.59.198.136 - - [17/Feb/2025:21:14:04 +0100] "GET /renault.activities.at/htdocs/export/xml/data/orders/202007131803_RenOrder.xml HTTP/1.0" 404 329 "-" "Mozilla/5.0 (Linux; Android 5.0) AppleWebKit/537.36 (KHTML, like Gecko) Mobile Safari/537.36 (compatible; Bytespider; spider-feedback@bytedance.com)"
156.59.198.136 - - [17/Feb/2025:21:18:05 +0100] "GET /renault.activities.at/htdocs/export/xml/data/orders/202002140903_RenOrder.xml HTTP/1.0" 404 329 "-" "Mozilla/5.0 (Linux; Android 5.0) AppleWebKit/537.36 (KHTML, like Gecko) Mobile Safari/537.36 (compatible; Bytespider; spider-feedback@bytedance.com)"
109.205.213.198 - - [17/Feb/2025:21:22:02 +0100] "GET / HTTP/1.1" 200 274 "-" "Mozilla/5.0 (Windows NT 10.0; Win64; x64) AppleWebKit/537.36 (KHTML, like Gecko) Chrome/90.0.4430.85 Safari/537.36 Edg/90.0.818.46"
205.210.31.95 - - [17/Feb/2025:21:23:51 +0100] "GET / HTTP/1.1" 200 274 "-" "Expanse, a Palo Alto Networks company, searches across the global IPv4 space multiple times per day to identify customers' presences on the Internet. If you would like to be excluded from our scans, please send IP addresses/domains to: scaninfo@paloaltonetworks.com"
193.68.89.51 - - [17/Feb/2025:21:25:31 +0100] "GET / HTTP/1.1" 200 423 "-" "-"
101.1.179.230 - - [17/Feb/2025:21:30:55 +0100] "GET / HTTP/1.0" 200 423 "-" "curl/7.88.1"
101.1.179.230 - - [17/Feb/2025:21:30:58 +0100] "GET / HTTP/1.0" 200 423 "-" "curl/7.88.1"
101.58.212.169 - - [17/Feb/2025:21:31:59 +0100] "GET / HTTP/1.0" 200 423 "-" "curl/7.88.1"
141.255.166.90 - - [17/Feb/2025:21:33:18 +0100] "GET /cgi-bin/luci/;stok=/locale HTTP/1.1" 404 371 "-" "-"
156.59.198.135 - - [17/Feb/2025:21:34:05 +0100] "GET /renault.activities.at/htdocs/export/xml/data/orders/202012031103_RenOrder.xml HTTP/1.0" 404 329 "-" "Mozilla/5.0 (Linux; Android 5.0) AppleWebKit/537.36 (KHTML, like Gecko) Mobile Safari/537.36 (compatible; Bytespider; spider-feedback@bytedance.com)"
193.68.89.10 - - [17/Feb/2025:21:34:52 +0100] "GET / HTTP/1.1" 200 274 "-" "Mozilla/5.0 (Windows NT 10.0; Win64; x64) AppleWebKit/537.36 (KHTML, like Gecko) Chrome/90.0.4430.85 Safari/537.36 Edg/90.0.818.46"
156.59.198.136 - - [17/Feb/2025:21:38:06 +0100] "GET /renault.2web.at/htdocs/binaries/10130681.pdf HTTP/1.0" 404 308 "-" "Mozilla/5.0 (Linux; Android 5.0) AppleWebKit/537.36 (KHTML, like Gecko) Mobile Safari/537.36 (compatible; Bytespider; spider-feedback@bytedance.com)"
167.94.138.53 - - [17/Feb/2025:21:48:31 +0100] "GET / HTTP/1.1" 200 423 "-" "-"
167.94.138.53 - - [17/Feb/2025:21:48:43 +0100] "GET / HTTP/1.1" 200 274 "-" "Mozilla/5.0 (compatible; CensysInspect/1.1; +https://about.censys.io/)"
167.94.138.53 - - [17/Feb/2025:21:48:50 +0100] "GET /activities.ico HTTP/1.1" 200 1406 "-" "Mozilla/5.0 (compatible; CensysInspect/1.1; +https://about.censys.io/)"
167.94.138.53 - - [17/Feb/2025:21:48:54 +0100] "GET /favicon.ico HTTP/1.1" 404 284 "-" "Mozilla/5.0 (compatible; CensysInspect/1.1; +https://about.censys.io/)"
167.94.138.53 - - [17/Feb/2025:21:48:58 +0100] "PRI * HTTP/2.0" 400 383 "-" "-"
156.59.198.135 - - [17/Feb/2025:22:06:09 +0100] "GET /hausegger.activities.at/stats/lang/awstats-ba.txt HTTP/1.0" 404 309 "-" "Mozilla/5.0 (Linux; Android 5.0) AppleWebKit/537.36 (KHTML, like Gecko) Mobile Safari/537.36 (compatible; Bytespider; spider-feedback@bytedance.com)"
156.59.198.135 - - [17/Feb/2025:22:14:09 +0100] "GET /renault.2web.at/htdocs/binaries/10171423.pdf HTTP/1.0" 404 308 "-" "Mozilla/5.0 (Linux; Android 5.0) AppleWebKit/537.36 (KHTML, like Gecko) Mobile Safari/537.36 (compatible; Bytespider; spider-feedback@bytedance.com)"
80.82.77.202 - - [17/Feb/2025:22:14:56 +0100] "GET / HTTP/1.0" 200 423 "-" "Mozilla/5.0 (Windows NT 6.0) AppleWebKit/535.2 (KHTML, like Gecko) Chrome/15.0.874.120 Safari/535.2"
156.59.198.136 - - [17/Feb/2025:22:18:09 +0100] "GET /renault.2web.at/htdocs/binaries/10225299.pdf HTTP/1.0" 404 307 "-" "Mozilla/5.0 (Linux; Android 5.0) AppleWebKit/537.36 (KHTML, like Gecko) Mobile Safari/537.36 (compatible; Bytespider; spider-feedback@bytedance.com)"
156.59.198.135 - - [17/Feb/2025:22:22:09 +0100] "GET /renault.activities.at/htdocs/export/xml/data/orders/201910031103_RenOrder.xml HTTP/1.0" 404 328 "-" "Mozilla/5.0 (Linux; Android 5.0) AppleWebKit/537.36 (KHTML, like Gecko) Mobile Safari/537.36 (compatible; Bytespider; spider-feedback@bytedance.com)"
156.59.198.136 - - [17/Feb/2025:22:26:09 +0100] "GET /renault.2web.at/htdocs/binaries/10352421.pdf HTTP/1.0" 404 308 "-" "Mozilla/5.0 (Linux; Android 5.0) AppleWebKit/537.36 (KHTML, like Gecko) Mobile Safari/537.36 (compatible; Bytespider; spider-feedback@bytedance.com)"
156.59.198.136 - - [17/Feb/2025:22:30:10 +0100] "GET /renault.activities.at/htdocs/export/xml/data/orders/201907231703_RenOrder.xml HTTP/1.0" 404 330 "-" "Mozilla/5.0 (Linux; Android 5.0) AppleWebKit/537.36 (KHTML, like Gecko) Mobile Safari/537.36 (compatible; Bytespider; spider-feedback@bytedance.com)"
156.59.198.136 - - [17/Feb/2025:22:46:11 +0100] "GET /renault.2web.at/htdocs/binaries/10167920.pdf HTTP/1.0" 404 308 "-" "Mozilla/5.0 (Linux; Android 5.0) AppleWebKit/537.36 (KHTML, like Gecko) Mobile Safari/537.36 (compatible; Bytespider; spider-feedback@bytedance.com)"
156.59.198.136 - - [17/Feb/2025:22:50:11 +0100] "GET /hausegger.activities.at/stats/lang/awstats-ca.txt HTTP/1.0" 404 308 "-" "Mozilla/5.0 (Linux; Android 5.0) AppleWebKit/537.36 (KHTML, like Gecko) Mobile Safari/537.36 (compatible; Bytespider; spider-feedback@bytedance.com)"
156.59.198.136 - - [17/Feb/2025:22:54:12 +0100] "GET /renault.2web.at/htdocs/binaries/10243625.pdf HTTP/1.0" 404 308 "-" "Mozilla/5.0 (Linux; Android 5.0) AppleWebKit/537.36 (KHTML, like Gecko) Mobile Safari/537.36 (compatible; Bytespider; spider-feedback@bytedance.com)"
198.235.24.36 - - [17/Feb/2025:22:57:09 +0100] "GET / HTTP/1.1" 200 423 "-" "Expanse, a Palo Alto Networks company, searches across the global IPv4 space multiple times per day to identify customers' presences on the Internet. If you would like to be excluded from our scans, please send IP addresses/domains to: scaninfo@paloaltonetworks.com"
193.68.89.10 - - [17/Feb/2025:23:06:41 +0100] "GET / HTTP/1.1" 200 274 "-" "Mozilla/5.0 (Windows NT 10.0; Win64; x64) AppleWebKit/537.36 (KHTML, like Gecko) Chrome/90.0.4430.85 Safari/537.36 Edg/90.0.818.46"
212.227.135.39 - - [17/Feb/2025:23:06:58 +0100] "GET /simple.php HTTP/1.1" 404 298 "www.google.com" "Mozlila/5.0 (Linux; Android 7.0; SM-G892A Bulid/NRD90M; wv) AppleWebKit/537.36 (KHTML, like Gecko) Version/4.0 Chrome/60.0.3112.107 Moblie Safari/537.36"
141.255.166.90 - - [17/Feb/2025:23:07:06 +0100] "GET /cgi-bin/luci/;stok=/locale HTTP/1.1" 404 371 "-" "-"
18.191.247.203 - - [17/Feb/2025:23:08:09 +0100] "GET / HTTP/1.1" 200 274 "-" "Mozilla/5.0 (Macintosh; Intel Mac OS X 10_15_7) Chrome/126.0.0.0 Safari/537.36"
18.191.247.203 - - [17/Feb/2025:23:08:33 +0100] "" 400 383 "-" "-"
18.191.247.203 - - [17/Feb/2025:23:10:02 +0100] "GET / HTTP/1.1" 200 274 "-" "Mozilla/5.0 (Macintosh; Intel Mac OS X 10_15_7) Chrome/126.0.0.0 Safari/537.36"
18.191.247.203 - - [17/Feb/2025:23:17:30 +0100] "\x16\x03\x01" 400 383 "-" "-"
18.191.247.203 - - [17/Feb/2025:23:17:42 +0100] "SSH-2.0-Go" 400 383 "-" "-"
18.191.247.203 - - [17/Feb/2025:23:19:34 +0100] "\x16\x03\x01" 400 383 "-" "-"
156.59.198.135 - - [17/Feb/2025:23:19:52 +0100] "GET /renault.activities.at/htdocs/export/xml/data/orders/201911121503_RenOrder.xml HTTP/1.0" 404 328 "-" "Mozilla/5.0 (Linux; Android 5.0) AppleWebKit/537.36 (KHTML, like Gecko) Mobile Safari/537.36 (compatible; Bytespider; spider-feedback@bytedance.com)"
167.94.145.99 - - [17/Feb/2025:23:34:32 +0100] "GET / HTTP/1.1" 200 423 "-" "-"
167.94.145.99 - - [17/Feb/2025:23:34:35 +0100] "GET / HTTP/1.1" 200 274 "-" "Mozilla/5.0 (compatible; CensysInspect/1.1; +https://about.censys.io/)"
167.94.145.99 - - [17/Feb/2025:23:34:36 +0100] "GET /activities.ico HTTP/1.1" 200 1406 "-" "Mozilla/5.0 (compatible; CensysInspect/1.1; +https://about.censys.io/)"
167.94.145.99 - - [17/Feb/2025:23:34:36 +0100] "GET /favicon.ico HTTP/1.1" 404 284 "-" "Mozilla/5.0 (compatible; CensysInspect/1.1; +https://about.censys.io/)"
167.94.145.99 - - [17/Feb/2025:23:34:37 +0100] "PRI * HTTP/2.0" 400 383 "-" "-"
141.255.166.90 - - [17/Feb/2025:23:59:59 +0100] "GET /cgi-bin/luci/;stok=/locale HTTP/1.1" 404 371 "-" "-"
116.92.236.14 - - [18/Feb/2025:00:14:11 +0100] "GET / HTTP/1.1" 200 423 "-" "Mozilla/5.0 (Windows NT 10.0; WOW64) AppleWebKit/537.36 (KHTML, like Gecko) Chrome/51.0.2704.103 Safari/537.36"
122.116.89.17 - - [18/Feb/2025:00:19:31 +0100] "GET / HTTP/1.0" 200 423 "-" "curl/7.88.1"
156.59.198.135 - - [18/Feb/2025:00:37:48 +0100] "GET /renault.2web.at/htdocs/binaries/10223416.pdf HTTP/1.0" 404 308 "-" "Mozilla/5.0 (Linux; Android 5.0) AppleWebKit/537.36 (KHTML, like Gecko) Mobile Safari/537.36 (compatible; Bytespider; spider-feedback@bytedance.com)"
193.68.89.10 - - [18/Feb/2025:00:44:03 +0100] "GET / HTTP/1.1" 200 274 "-" "Mozilla/5.0 (Windows NT 10.0; Win64; x64) AppleWebKit/537.36 (KHTML, like Gecko) Chrome/90.0.4430.85 Safari/537.36 Edg/90.0.818.46"
141.255.166.90 - - [18/Feb/2025:00:44:54 +0100] "GET /cgi-bin/luci/;stok=/locale HTTP/1.1" 404 371 "-" "-"
188.62.106.70 - - [18/Feb/2025:00:53:29 +0100] "GET / HTTP/1.0" 200 423 "-" "-"
156.59.198.135 - - [18/Feb/2025:00:53:49 +0100] "GET /renault.2web.at/htdocs/binaries/10047528.pdf HTTP/1.0" 404 308 "-" "Mozilla/5.0 (Linux; Android 5.0) AppleWebKit/537.36 (KHTML, like Gecko) Mobile Safari/537.36 (compatible; Bytespider; spider-feedback@bytedance.com)"
156.59.198.136 - - [18/Feb/2025:00:57:50 +0100] "GET /hausegger.activities.at/stats/lang/awstats-ru.txt HTTP/1.0" 404 309 "-" "Mozilla/5.0 (Linux; Android 5.0) AppleWebKit/537.36 (KHTML, like Gecko) Mobile Safari/537.36 (compatible; Bytespider; spider-feedback@bytedance.com)"