77.119.174.15 - - [20/Feb/2025:11:07:55 +0100] "GET /entry.php?id=10271&&ser=46015 HTTP/1.1" 200 987 "http://hausegger.activities.at/entry.php?id=10271&&ser=45954" "Mozilla/5.0 (Windows NT 10.0; Win64; x64; rv:135.0) Gecko/20100101 Firefox/135.0"
77.119.174.15 - - [20/Feb/2025:11:07:55 +0100] "GET /gui/javascript/form_form.js?1740046075 HTTP/1.1" 200 16206 "http://hausegger.activities.at/entry.php?id=10271&&ser=46015" "Mozilla/5.0 (Windows NT 10.0; Win64; x64; rv:135.0) Gecko/20100101 Firefox/135.0"
77.119.174.15 - - [20/Feb/2025:11:08:55 +0100] "GET /entry.php?id=10271&&ser=46075 HTTP/1.1" 200 987 "http://hausegger.activities.at/entry.php?id=10271&&ser=46015" "Mozilla/5.0 (Windows NT 10.0; Win64; x64; rv:135.0) Gecko/20100101 Firefox/135.0"
77.119.174.15 - - [20/Feb/2025:11:08:55 +0100] "GET /gui/javascript/form_form.js?1740046135 HTTP/1.1" 200 16206 "http://hausegger.activities.at/entry.php?id=10271&&ser=46075" "Mozilla/5.0 (Windows NT 10.0; Win64; x64; rv:135.0) Gecko/20100101 Firefox/135.0"
156.59.198.135 - - [20/Feb/2025:11:09:17 +0100] "GET /renault.activities.at/htdocs/export/pdf/emuc_document/11245492.pdf HTTP/1.0" 404 321 "-" "Mozilla/5.0 (Linux; Android 5.0) AppleWebKit/537.36 (KHTML, like Gecko) Mobile Safari/537.36 (compatible; Bytespider; spider-feedback@bytedance.com)"
77.119.174.15 - - [20/Feb/2025:11:09:55 +0100] "GET /entry.php?id=10271&&ser=46135 HTTP/1.1" 200 987 "http://hausegger.activities.at/entry.php?id=10271&&ser=46075" "Mozilla/5.0 (Windows NT 10.0; Win64; x64; rv:135.0) Gecko/20100101 Firefox/135.0"
77.119.174.15 - - [20/Feb/2025:11:09:56 +0100] "GET /gui/javascript/form_form.js?1740046195 HTTP/1.1" 200 16206 "http://hausegger.activities.at/entry.php?id=10271&&ser=46135" "Mozilla/5.0 (Windows NT 10.0; Win64; x64; rv:135.0) Gecko/20100101 Firefox/135.0"
77.119.174.15 - - [20/Feb/2025:11:10:56 +0100] "GET /entry.php?id=10271&&ser=46195 HTTP/1.1" 200 987 "http://hausegger.activities.at/entry.php?id=10271&&ser=46135" "Mozilla/5.0 (Windows NT 10.0; Win64; x64; rv:135.0) Gecko/20100101 Firefox/135.0"
77.119.174.15 - - [20/Feb/2025:11:10:56 +0100] "GET /gui/javascript/form_form.js?1740046256 HTTP/1.1" 200 16206 "http://hausegger.activities.at/entry.php?id=10271&&ser=46195" "Mozilla/5.0 (Windows NT 10.0; Win64; x64; rv:135.0) Gecko/20100101 Firefox/135.0"
77.119.174.15 - - [20/Feb/2025:11:11:56 +0100] "GET /entry.php?id=10271&&ser=46256 HTTP/1.1" 200 987 "http://hausegger.activities.at/entry.php?id=10271&&ser=46195" "Mozilla/5.0 (Windows NT 10.0; Win64; x64; rv:135.0) Gecko/20100101 Firefox/135.0"
77.119.174.15 - - [20/Feb/2025:11:11:56 +0100] "GET /gui/javascript/form_form.js?1740046316 HTTP/1.1" 200 16206 "http://hausegger.activities.at/entry.php?id=10271&&ser=46256" "Mozilla/5.0 (Windows NT 10.0; Win64; x64; rv:135.0) Gecko/20100101 Firefox/135.0"
77.119.174.15 - - [20/Feb/2025:11:12:56 +0100] "GET /entry.php?id=10271&&ser=46316 HTTP/1.1" 200 987 "http://hausegger.activities.at/entry.php?id=10271&&ser=46256" "Mozilla/5.0 (Windows NT 10.0; Win64; x64; rv:135.0) Gecko/20100101 Firefox/135.0"
77.119.174.15 - - [20/Feb/2025:11:12:56 +0100] "GET /gui/javascript/form_form.js?1740046376 HTTP/1.1" 200 16206 "http://hausegger.activities.at/entry.php?id=10271&&ser=46316" "Mozilla/5.0 (Windows NT 10.0; Win64; x64; rv:135.0) Gecko/20100101 Firefox/135.0"
156.59.198.136 - - [20/Feb/2025:11:13:17 +0100] "GET /renault.activities.at/htdocs/export/pdf/emuc_document/10753224.pdf HTTP/1.0" 404 323 "-" "Mozilla/5.0 (Linux; Android 5.0) AppleWebKit/537.36 (KHTML, like Gecko) Mobile Safari/537.36 (compatible; Bytespider; spider-feedback@bytedance.com)"
77.119.174.15 - - [20/Feb/2025:11:13:57 +0100] "GET /entry.php?id=10271&&ser=46376 HTTP/1.1" 200 987 "http://hausegger.activities.at/entry.php?id=10271&&ser=46316" "Mozilla/5.0 (Windows NT 10.0; Win64; x64; rv:135.0) Gecko/20100101 Firefox/135.0"
77.119.174.15 - - [20/Feb/2025:11:13:57 +0100] "GET /gui/javascript/form_form.js?1740046437 HTTP/1.1" 200 16206 "http://hausegger.activities.at/entry.php?id=10271&&ser=46376" "Mozilla/5.0 (Windows NT 10.0; Win64; x64; rv:135.0) Gecko/20100101 Firefox/135.0"
77.119.174.15 - - [20/Feb/2025:11:14:57 +0100] "GET /entry.php?id=10271&&ser=46437 HTTP/1.1" 200 987 "http://hausegger.activities.at/entry.php?id=10271&&ser=46376" "Mozilla/5.0 (Windows NT 10.0; Win64; x64; rv:135.0) Gecko/20100101 Firefox/135.0"
77.119.174.15 - - [20/Feb/2025:11:14:57 +0100] "GET /gui/javascript/form_form.js?1740046497 HTTP/1.1" 200 16206 "http://hausegger.activities.at/entry.php?id=10271&&ser=46437" "Mozilla/5.0 (Windows NT 10.0; Win64; x64; rv:135.0) Gecko/20100101 Firefox/135.0"
77.119.174.15 - - [20/Feb/2025:11:15:57 +0100] "GET /entry.php?id=10271&&ser=46497 HTTP/1.1" 200 988 "http://hausegger.activities.at/entry.php?id=10271&&ser=46437" "Mozilla/5.0 (Windows NT 10.0; Win64; x64; rv:135.0) Gecko/20100101 Firefox/135.0"
77.119.174.15 - - [20/Feb/2025:11:15:57 +0100] "GET /gui/javascript/form_form.js?1740046557 HTTP/1.1" 200 16206 "http://hausegger.activities.at/entry.php?id=10271&&ser=46497" "Mozilla/5.0 (Windows NT 10.0; Win64; x64; rv:135.0) Gecko/20100101 Firefox/135.0"
77.119.174.15 - - [20/Feb/2025:11:16:57 +0100] "GET /entry.php?id=10271&&ser=46557 HTTP/1.1" 200 987 "http://hausegger.activities.at/entry.php?id=10271&&ser=46497" "Mozilla/5.0 (Windows NT 10.0; Win64; x64; rv:135.0) Gecko/20100101 Firefox/135.0"
77.119.174.15 - - [20/Feb/2025:11:16:58 +0100] "GET /gui/javascript/form_form.js?1740046618 HTTP/1.1" 200 16206 "http://hausegger.activities.at/entry.php?id=10271&&ser=46557" "Mozilla/5.0 (Windows NT 10.0; Win64; x64; rv:135.0) Gecko/20100101 Firefox/135.0"
77.119.174.15 - - [20/Feb/2025:11:17:58 +0100] "GET /entry.php?id=10271&&ser=46618 HTTP/1.1" 200 987 "http://hausegger.activities.at/entry.php?id=10271&&ser=46557" "Mozilla/5.0 (Windows NT 10.0; Win64; x64; rv:135.0) Gecko/20100101 Firefox/135.0"
77.119.174.15 - - [20/Feb/2025:11:17:58 +0100] "GET /gui/javascript/form_form.js?1740046678 HTTP/1.1" 200 16206 "http://hausegger.activities.at/entry.php?id=10271&&ser=46618" "Mozilla/5.0 (Windows NT 10.0; Win64; x64; rv:135.0) Gecko/20100101 Firefox/135.0"
77.119.174.15 - - [20/Feb/2025:11:18:58 +0100] "GET /entry.php?id=10271&&ser=46678 HTTP/1.1" 200 987 "http://hausegger.activities.at/entry.php?id=10271&&ser=46618" "Mozilla/5.0 (Windows NT 10.0; Win64; x64; rv:135.0) Gecko/20100101 Firefox/135.0"
77.119.174.15 - - [20/Feb/2025:11:18:58 +0100] "GET /gui/javascript/form_form.js?1740046738 HTTP/1.1" 200 16206 "http://hausegger.activities.at/entry.php?id=10271&&ser=46678" "Mozilla/5.0 (Windows NT 10.0; Win64; x64; rv:135.0) Gecko/20100101 Firefox/135.0"
77.119.174.15 - - [20/Feb/2025:11:19:58 +0100] "GET /entry.php?id=10271&&ser=46738 HTTP/1.1" 200 987 "http://hausegger.activities.at/entry.php?id=10271&&ser=46678" "Mozilla/5.0 (Windows NT 10.0; Win64; x64; rv:135.0) Gecko/20100101 Firefox/135.0"
77.119.174.15 - - [20/Feb/2025:11:19:58 +0100] "GET /gui/javascript/form_form.js?1740046798 HTTP/1.1" 200 16206 "http://hausegger.activities.at/entry.php?id=10271&&ser=46738" "Mozilla/5.0 (Windows NT 10.0; Win64; x64; rv:135.0) Gecko/20100101 Firefox/135.0"
77.119.174.15 - - [20/Feb/2025:11:20:59 +0100] "GET /entry.php?id=10271&&ser=46798 HTTP/1.1" 200 987 "http://hausegger.activities.at/entry.php?id=10271&&ser=46738" "Mozilla/5.0 (Windows NT 10.0; Win64; x64; rv:135.0) Gecko/20100101 Firefox/135.0"
77.119.174.15 - - [20/Feb/2025:11:20:59 +0100] "GET /gui/javascript/form_form.js?1740046859 HTTP/1.1" 200 16206 "http://hausegger.activities.at/entry.php?id=10271&&ser=46798" "Mozilla/5.0 (Windows NT 10.0; Win64; x64; rv:135.0) Gecko/20100101 Firefox/135.0"
77.119.174.15 - - [20/Feb/2025:11:21:59 +0100] "GET /entry.php?id=10271&&ser=46859 HTTP/1.1" 200 987 "http://hausegger.activities.at/entry.php?id=10271&&ser=46798" "Mozilla/5.0 (Windows NT 10.0; Win64; x64; rv:135.0) Gecko/20100101 Firefox/135.0"
77.119.174.15 - - [20/Feb/2025:11:21:59 +0100] "GET /gui/javascript/form_form.js?1740046919 HTTP/1.1" 200 16206 "http://hausegger.activities.at/entry.php?id=10271&&ser=46859" "Mozilla/5.0 (Windows NT 10.0; Win64; x64; rv:135.0) Gecko/20100101 Firefox/135.0"
77.119.174.15 - - [20/Feb/2025:11:22:59 +0100] "GET /entry.php?id=10271&&ser=46919 HTTP/1.1" 200 987 "http://hausegger.activities.at/entry.php?id=10271&&ser=46859" "Mozilla/5.0 (Windows NT 10.0; Win64; x64; rv:135.0) Gecko/20100101 Firefox/135.0"
77.119.174.15 - - [20/Feb/2025:11:22:59 +0100] "GET /gui/javascript/form_form.js?1740046979 HTTP/1.1" 200 16206 "http://hausegger.activities.at/entry.php?id=10271&&ser=46919" "Mozilla/5.0 (Windows NT 10.0; Win64; x64; rv:135.0) Gecko/20100101 Firefox/135.0"
77.119.174.15 - - [20/Feb/2025:11:24:00 +0100] "GET /entry.php?id=10271&&ser=46979 HTTP/1.1" 200 987 "http://hausegger.activities.at/entry.php?id=10271&&ser=46919" "Mozilla/5.0 (Windows NT 10.0; Win64; x64; rv:135.0) Gecko/20100101 Firefox/135.0"
77.119.174.15 - - [20/Feb/2025:11:24:00 +0100] "GET /gui/javascript/form_form.js?1740047040 HTTP/1.1" 200 16206 "http://hausegger.activities.at/entry.php?id=10271&&ser=46979" "Mozilla/5.0 (Windows NT 10.0; Win64; x64; rv:135.0) Gecko/20100101 Firefox/135.0"
77.119.174.15 - - [20/Feb/2025:11:25:00 +0100] "GET /entry.php?id=10271&&ser=47040 HTTP/1.1" 200 986 "http://hausegger.activities.at/entry.php?id=10271&&ser=46979" "Mozilla/5.0 (Windows NT 10.0; Win64; x64; rv:135.0) Gecko/20100101 Firefox/135.0"
77.119.174.15 - - [20/Feb/2025:11:25:00 +0100] "GET /gui/javascript/form_form.js?1740047100 HTTP/1.1" 200 16206 "http://hausegger.activities.at/entry.php?id=10271&&ser=47040" "Mozilla/5.0 (Windows NT 10.0; Win64; x64; rv:135.0) Gecko/20100101 Firefox/135.0"
77.119.174.15 - - [20/Feb/2025:11:26:00 +0100] "GET /entry.php?id=10271&&ser=47100 HTTP/1.1" 200 987 "http://hausegger.activities.at/entry.php?id=10271&&ser=47040" "Mozilla/5.0 (Windows NT 10.0; Win64; x64; rv:135.0) Gecko/20100101 Firefox/135.0"
77.119.174.15 - - [20/Feb/2025:11:26:00 +0100] "GET /gui/javascript/form_form.js?1740047160 HTTP/1.1" 200 16206 "http://hausegger.activities.at/entry.php?id=10271&&ser=47100" "Mozilla/5.0 (Windows NT 10.0; Win64; x64; rv:135.0) Gecko/20100101 Firefox/135.0"
77.119.174.15 - - [20/Feb/2025:11:27:00 +0100] "GET /entry.php?id=10271&&ser=47160 HTTP/1.1" 200 986 "http://hausegger.activities.at/entry.php?id=10271&&ser=47100" "Mozilla/5.0 (Windows NT 10.0; Win64; x64; rv:135.0) Gecko/20100101 Firefox/135.0"
77.119.174.15 - - [20/Feb/2025:11:27:01 +0100] "GET /gui/javascript/form_form.js?1740047221 HTTP/1.1" 200 16206 "http://hausegger.activities.at/entry.php?id=10271&&ser=47160" "Mozilla/5.0 (Windows NT 10.0; Win64; x64; rv:135.0) Gecko/20100101 Firefox/135.0"
77.119.174.15 - - [20/Feb/2025:11:28:04 +0100] "GET /entry.php?id=10271&&ser=47221 HTTP/1.1" 200 987 "http://hausegger.activities.at/entry.php?id=10271&&ser=47160" "Mozilla/5.0 (Windows NT 10.0; Win64; x64; rv:135.0) Gecko/20100101 Firefox/135.0"
77.119.174.15 - - [20/Feb/2025:11:28:04 +0100] "GET /gui/javascript/form_form.js?1740047284 HTTP/1.1" 200 16206 "http://hausegger.activities.at/entry.php?id=10271&&ser=47221" "Mozilla/5.0 (Windows NT 10.0; Win64; x64; rv:135.0) Gecko/20100101 Firefox/135.0"
142.93.218.93 - - [20/Feb/2025:11:28:58 +0100] "GET / HTTP/1.1" 200 274 "-" "Mozilla/5.0 (compatible)"
142.93.218.93 - - [20/Feb/2025:11:29:00 +0100] "GET /activities.ico HTTP/1.1" 200 1406 "http://212.69.160.11/" "Mozilla/5.0 (compatible)"
77.119.174.15 - - [20/Feb/2025:11:29:04 +0100] "GET /entry.php?id=10271&&ser=47284 HTTP/1.1" 200 986 "http://hausegger.activities.at/entry.php?id=10271&&ser=47221" "Mozilla/5.0 (Windows NT 10.0; Win64; x64; rv:135.0) Gecko/20100101 Firefox/135.0"
77.119.174.15 - - [20/Feb/2025:11:29:04 +0100] "GET /gui/javascript/form_form.js?1740047344 HTTP/1.1" 200 16206 "http://hausegger.activities.at/entry.php?id=10271&&ser=47284" "Mozilla/5.0 (Windows NT 10.0; Win64; x64; rv:135.0) Gecko/20100101 Firefox/135.0"
156.59.198.135 - - [20/Feb/2025:11:29:18 +0100] "GET /renault.2web.at/stats/lang/tooltips_w/awstats-tt-nl.txt HTTP/1.0" 404 313 "-" "Mozilla/5.0 (Linux; Android 5.0) AppleWebKit/537.36 (KHTML, like Gecko) Mobile Safari/537.36 (compatible; Bytespider; spider-feedback@bytedance.com)"
77.119.174.15 - - [20/Feb/2025:11:30:04 +0100] "GET /entry.php?id=10271&&ser=47344 HTTP/1.1" 200 986 "http://hausegger.activities.at/entry.php?id=10271&&ser=47284" "Mozilla/5.0 (Windows NT 10.0; Win64; x64; rv:135.0) Gecko/20100101 Firefox/135.0"
77.119.174.15 - - [20/Feb/2025:11:30:05 +0100] "GET /gui/javascript/form_form.js?1740047405 HTTP/1.1" 200 16206 "http://hausegger.activities.at/entry.php?id=10271&&ser=47344" "Mozilla/5.0 (Windows NT 10.0; Win64; x64; rv:135.0) Gecko/20100101 Firefox/135.0"
77.119.174.15 - - [20/Feb/2025:11:31:05 +0100] "GET /entry.php?id=10271&&ser=47405 HTTP/1.1" 200 987 "http://hausegger.activities.at/entry.php?id=10271&&ser=47344" "Mozilla/5.0 (Windows NT 10.0; Win64; x64; rv:135.0) Gecko/20100101 Firefox/135.0"
77.119.174.15 - - [20/Feb/2025:11:31:05 +0100] "GET /gui/javascript/form_form.js?1740047465 HTTP/1.1" 200 16206 "http://hausegger.activities.at/entry.php?id=10271&&ser=47405" "Mozilla/5.0 (Windows NT 10.0; Win64; x64; rv:135.0) Gecko/20100101 Firefox/135.0"
77.119.174.15 - - [20/Feb/2025:11:32:05 +0100] "GET /entry.php?id=10271&&ser=47465 HTTP/1.1" 200 988 "http://hausegger.activities.at/entry.php?id=10271&&ser=47405" "Mozilla/5.0 (Windows NT 10.0; Win64; x64; rv:135.0) Gecko/20100101 Firefox/135.0"
77.119.174.15 - - [20/Feb/2025:11:32:05 +0100] "GET /gui/javascript/form_form.js?1740047525 HTTP/1.1" 200 16206 "http://hausegger.activities.at/entry.php?id=10271&&ser=47465" "Mozilla/5.0 (Windows NT 10.0; Win64; x64; rv:135.0) Gecko/20100101 Firefox/135.0"
77.119.174.15 - - [20/Feb/2025:11:33:05 +0100] "GET /entry.php?id=10271&&ser=47525 HTTP/1.1" 200 988 "http://hausegger.activities.at/entry.php?id=10271&&ser=47465" "Mozilla/5.0 (Windows NT 10.0; Win64; x64; rv:135.0) Gecko/20100101 Firefox/135.0"
77.119.174.15 - - [20/Feb/2025:11:33:05 +0100] "GET /gui/javascript/form_form.js?1740047585 HTTP/1.1" 200 16206 "http://hausegger.activities.at/entry.php?id=10271&&ser=47525" "Mozilla/5.0 (Windows NT 10.0; Win64; x64; rv:135.0) Gecko/20100101 Firefox/135.0"
156.59.198.135 - - [20/Feb/2025:11:33:19 +0100] "GET /renault.2web.at/stats/lang/tooltips_w/awstats-tt-kr.txt HTTP/1.0" 404 313 "-" "Mozilla/5.0 (Linux; Android 5.0) AppleWebKit/537.36 (KHTML, like Gecko) Mobile Safari/537.36 (compatible; Bytespider; spider-feedback@bytedance.com)"
77.119.174.15 - - [20/Feb/2025:11:34:06 +0100] "GET /entry.php?id=10271&&ser=47585 HTTP/1.1" 200 987 "http://hausegger.activities.at/entry.php?id=10271&&ser=47525" "Mozilla/5.0 (Windows NT 10.0; Win64; x64; rv:135.0) Gecko/20100101 Firefox/135.0"
77.119.174.15 - - [20/Feb/2025:11:34:06 +0100] "GET /gui/javascript/form_form.js?1740047646 HTTP/1.1" 200 16206 "http://hausegger.activities.at/entry.php?id=10271&&ser=47585" "Mozilla/5.0 (Windows NT 10.0; Win64; x64; rv:135.0) Gecko/20100101 Firefox/135.0"
77.119.174.15 - - [20/Feb/2025:11:35:06 +0100] "GET /entry.php?id=10271&&ser=47646 HTTP/1.1" 200 987 "http://hausegger.activities.at/entry.php?id=10271&&ser=47585" "Mozilla/5.0 (Windows NT 10.0; Win64; x64; rv:135.0) Gecko/20100101 Firefox/135.0"
77.119.174.15 - - [20/Feb/2025:11:35:06 +0100] "GET /gui/javascript/form_form.js?1740047706 HTTP/1.1" 200 16206 "http://hausegger.activities.at/entry.php?id=10271&&ser=47646" "Mozilla/5.0 (Windows NT 10.0; Win64; x64; rv:135.0) Gecko/20100101 Firefox/135.0"
77.119.174.15 - - [20/Feb/2025:11:36:06 +0100] "GET /entry.php?id=10271&&ser=47706 HTTP/1.1" 200 987 "http://hausegger.activities.at/entry.php?id=10271&&ser=47646" "Mozilla/5.0 (Windows NT 10.0; Win64; x64; rv:135.0) Gecko/20100101 Firefox/135.0"
77.119.174.15 - - [20/Feb/2025:11:36:06 +0100] "GET /gui/javascript/form_form.js?1740047766 HTTP/1.1" 200 16206 "http://hausegger.activities.at/entry.php?id=10271&&ser=47706" "Mozilla/5.0 (Windows NT 10.0; Win64; x64; rv:135.0) Gecko/20100101 Firefox/135.0"
77.119.174.15 - - [20/Feb/2025:11:37:06 +0100] "GET /entry.php?id=10271&&ser=47766 HTTP/1.1" 200 987 "http://hausegger.activities.at/entry.php?id=10271&&ser=47706" "Mozilla/5.0 (Windows NT 10.0; Win64; x64; rv:135.0) Gecko/20100101 Firefox/135.0"
77.119.174.15 - - [20/Feb/2025:11:37:07 +0100] "GET /gui/javascript/form_form.js?1740047827 HTTP/1.1" 200 16206 "http://hausegger.activities.at/entry.php?id=10271&&ser=47766" "Mozilla/5.0 (Windows NT 10.0; Win64; x64; rv:135.0) Gecko/20100101 Firefox/135.0"
77.119.174.15 - - [20/Feb/2025:11:38:07 +0100] "GET /entry.php?id=10271&&ser=47827 HTTP/1.1" 200 987 "http://hausegger.activities.at/entry.php?id=10271&&ser=47766" "Mozilla/5.0 (Windows NT 10.0; Win64; x64; rv:135.0) Gecko/20100101 Firefox/135.0"
77.119.174.15 - - [20/Feb/2025:11:38:07 +0100] "GET /gui/javascript/form_form.js?1740047887 HTTP/1.1" 200 16206 "http://hausegger.activities.at/entry.php?id=10271&&ser=47827" "Mozilla/5.0 (Windows NT 10.0; Win64; x64; rv:135.0) Gecko/20100101 Firefox/135.0"
77.119.174.15 - - [20/Feb/2025:11:39:07 +0100] "GET /entry.php?id=10271&&ser=47887 HTTP/1.1" 200 987 "http://hausegger.activities.at/entry.php?id=10271&&ser=47827" "Mozilla/5.0 (Windows NT 10.0; Win64; x64; rv:135.0) Gecko/20100101 Firefox/135.0"
77.119.174.15 - - [20/Feb/2025:11:39:07 +0100] "GET /gui/javascript/form_form.js?1740047947 HTTP/1.1" 200 16206 "http://hausegger.activities.at/entry.php?id=10271&&ser=47887" "Mozilla/5.0 (Windows NT 10.0; Win64; x64; rv:135.0) Gecko/20100101 Firefox/135.0"
77.119.174.15 - - [20/Feb/2025:11:40:07 +0100] "GET /entry.php?id=10271&&ser=47947 HTTP/1.1" 200 986 "http://hausegger.activities.at/entry.php?id=10271&&ser=47887" "Mozilla/5.0 (Windows NT 10.0; Win64; x64; rv:135.0) Gecko/20100101 Firefox/135.0"
77.119.174.15 - - [20/Feb/2025:11:40:08 +0100] "GET /gui/javascript/form_form.js?1740048007 HTTP/1.1" 200 16206 "http://hausegger.activities.at/entry.php?id=10271&&ser=47947" "Mozilla/5.0 (Windows NT 10.0; Win64; x64; rv:135.0) Gecko/20100101 Firefox/135.0"
77.119.174.15 - - [20/Feb/2025:11:41:08 +0100] "GET /entry.php?id=10271&&ser=48007 HTTP/1.1" 200 986 "http://hausegger.activities.at/entry.php?id=10271&&ser=47947" "Mozilla/5.0 (Windows NT 10.0; Win64; x64; rv:135.0) Gecko/20100101 Firefox/135.0"
77.119.174.15 - - [20/Feb/2025:11:41:08 +0100] "GET /gui/javascript/form_form.js?1740048068 HTTP/1.1" 200 16206 "http://hausegger.activities.at/entry.php?id=10271&&ser=48007" "Mozilla/5.0 (Windows NT 10.0; Win64; x64; rv:135.0) Gecko/20100101 Firefox/135.0"
77.119.174.15 - - [20/Feb/2025:11:42:08 +0100] "GET /entry.php?id=10271&&ser=48068 HTTP/1.1" 200 987 "http://hausegger.activities.at/entry.php?id=10271&&ser=48007" "Mozilla/5.0 (Windows NT 10.0; Win64; x64; rv:135.0) Gecko/20100101 Firefox/135.0"
77.119.174.15 - - [20/Feb/2025:11:42:08 +0100] "GET /gui/javascript/form_form.js?1740048128 HTTP/1.1" 200 16206 "http://hausegger.activities.at/entry.php?id=10271&&ser=48068" "Mozilla/5.0 (Windows NT 10.0; Win64; x64; rv:135.0) Gecko/20100101 Firefox/135.0"
77.119.174.15 - - [20/Feb/2025:11:43:08 +0100] "GET /entry.php?id=10271&&ser=48128 HTTP/1.1" 200 986 "http://hausegger.activities.at/entry.php?id=10271&&ser=48068" "Mozilla/5.0 (Windows NT 10.0; Win64; x64; rv:135.0) Gecko/20100101 Firefox/135.0"
77.119.174.15 - - [20/Feb/2025:11:43:08 +0100] "GET /gui/javascript/form_form.js?1740048188 HTTP/1.1" 200 16206 "http://hausegger.activities.at/entry.php?id=10271&&ser=48128" "Mozilla/5.0 (Windows NT 10.0; Win64; x64; rv:135.0) Gecko/20100101 Firefox/135.0"
77.119.174.15 - - [20/Feb/2025:11:44:09 +0100] "GET /entry.php?id=10271&&ser=48188 HTTP/1.1" 200 987 "http://hausegger.activities.at/entry.php?id=10271&&ser=48128" "Mozilla/5.0 (Windows NT 10.0; Win64; x64; rv:135.0) Gecko/20100101 Firefox/135.0"
77.119.174.15 - - [20/Feb/2025:11:44:09 +0100] "GET /gui/javascript/form_form.js?1740048249 HTTP/1.1" 200 16206 "http://hausegger.activities.at/entry.php?id=10271&&ser=48188" "Mozilla/5.0 (Windows NT 10.0; Win64; x64; rv:135.0) Gecko/20100101 Firefox/135.0"
77.119.174.15 - - [20/Feb/2025:11:45:09 +0100] "GET /entry.php?id=10271&&ser=48249 HTTP/1.1" 200 987 "http://hausegger.activities.at/entry.php?id=10271&&ser=48188" "Mozilla/5.0 (Windows NT 10.0; Win64; x64; rv:135.0) Gecko/20100101 Firefox/135.0"
77.119.174.15 - - [20/Feb/2025:11:45:09 +0100] "GET /gui/javascript/form_form.js?1740048309 HTTP/1.1" 200 16206 "http://hausegger.activities.at/entry.php?id=10271&&ser=48249" "Mozilla/5.0 (Windows NT 10.0; Win64; x64; rv:135.0) Gecko/20100101 Firefox/135.0"
77.119.174.15 - - [20/Feb/2025:11:46:09 +0100] "GET /entry.php?id=10271&&ser=48309 HTTP/1.1" 200 986 "http://hausegger.activities.at/entry.php?id=10271&&ser=48249" "Mozilla/5.0 (Windows NT 10.0; Win64; x64; rv:135.0) Gecko/20100101 Firefox/135.0"
77.119.174.15 - - [20/Feb/2025:11:46:09 +0100] "GET /gui/javascript/form_form.js?1740048369 HTTP/1.1" 200 16206 "http://hausegger.activities.at/entry.php?id=10271&&ser=48309" "Mozilla/5.0 (Windows NT 10.0; Win64; x64; rv:135.0) Gecko/20100101 Firefox/135.0"
77.119.174.15 - - [20/Feb/2025:11:47:09 +0100] "GET /entry.php?id=10271&&ser=48369 HTTP/1.1" 200 987 "http://hausegger.activities.at/entry.php?id=10271&&ser=48309" "Mozilla/5.0 (Windows NT 10.0; Win64; x64; rv:135.0) Gecko/20100101 Firefox/135.0"
77.119.174.15 - - [20/Feb/2025:11:47:10 +0100] "GET /gui/javascript/form_form.js?1740048430 HTTP/1.1" 200 16206 "http://hausegger.activities.at/entry.php?id=10271&&ser=48369" "Mozilla/5.0 (Windows NT 10.0; Win64; x64; rv:135.0) Gecko/20100101 Firefox/135.0"
77.119.174.15 - - [20/Feb/2025:11:48:10 +0100] "GET /entry.php?id=10271&&ser=48430 HTTP/1.1" 200 987 "http://hausegger.activities.at/entry.php?id=10271&&ser=48369" "Mozilla/5.0 (Windows NT 10.0; Win64; x64; rv:135.0) Gecko/20100101 Firefox/135.0"
77.119.174.15 - - [20/Feb/2025:11:48:10 +0100] "GET /gui/javascript/form_form.js?1740048490 HTTP/1.1" 200 16206 "http://hausegger.activities.at/entry.php?id=10271&&ser=48430" "Mozilla/5.0 (Windows NT 10.0; Win64; x64; rv:135.0) Gecko/20100101 Firefox/135.0"
77.119.174.15 - - [20/Feb/2025:11:49:10 +0100] "GET /entry.php?id=10271&&ser=48490 HTTP/1.1" 200 988 "http://hausegger.activities.at/entry.php?id=10271&&ser=48430" "Mozilla/5.0 (Windows NT 10.0; Win64; x64; rv:135.0) Gecko/20100101 Firefox/135.0"
77.119.174.15 - - [20/Feb/2025:11:49:10 +0100] "GET /gui/javascript/form_form.js?1740048550 HTTP/1.1" 200 16206 "http://hausegger.activities.at/entry.php?id=10271&&ser=48490" "Mozilla/5.0 (Windows NT 10.0; Win64; x64; rv:135.0) Gecko/20100101 Firefox/135.0"
77.119.174.15 - - [20/Feb/2025:11:50:10 +0100] "GET /entry.php?id=10271&&ser=48550 HTTP/1.1" 200 987 "http://hausegger.activities.at/entry.php?id=10271&&ser=48490" "Mozilla/5.0 (Windows NT 10.0; Win64; x64; rv:135.0) Gecko/20100101 Firefox/135.0"
77.119.174.15 - - [20/Feb/2025:11:50:11 +0100] "GET /gui/javascript/form_form.js?1740048610 HTTP/1.1" 200 16206 "http://hausegger.activities.at/entry.php?id=10271&&ser=48550" "Mozilla/5.0 (Windows NT 10.0; Win64; x64; rv:135.0) Gecko/20100101 Firefox/135.0"
77.119.174.15 - - [20/Feb/2025:11:51:11 +0100] "GET /entry.php?id=10271&&ser=48610 HTTP/1.1" 200 986 "http://hausegger.activities.at/entry.php?id=10271&&ser=48550" "Mozilla/5.0 (Windows NT 10.0; Win64; x64; rv:135.0) Gecko/20100101 Firefox/135.0"
77.119.174.15 - - [20/Feb/2025:11:51:11 +0100] "GET /gui/javascript/form_form.js?1740048671 HTTP/1.1" 200 16206 "http://hausegger.activities.at/entry.php?id=10271&&ser=48610" "Mozilla/5.0 (Windows NT 10.0; Win64; x64; rv:135.0) Gecko/20100101 Firefox/135.0"
77.119.174.15 - - [20/Feb/2025:11:52:11 +0100] "GET /entry.php?id=10271&&ser=48671 HTTP/1.1" 200 986 "http://hausegger.activities.at/entry.php?id=10271&&ser=48610" "Mozilla/5.0 (Windows NT 10.0; Win64; x64; rv:135.0) Gecko/20100101 Firefox/135.0"
77.119.174.15 - - [20/Feb/2025:11:52:11 +0100] "GET /gui/javascript/form_form.js?1740048731 HTTP/1.1" 200 16206 "http://hausegger.activities.at/entry.php?id=10271&&ser=48671" "Mozilla/5.0 (Windows NT 10.0; Win64; x64; rv:135.0) Gecko/20100101 Firefox/135.0"
77.119.174.15 - - [20/Feb/2025:11:53:11 +0100] "GET /entry.php?id=10271&&ser=48731 HTTP/1.1" 200 986 "http://hausegger.activities.at/entry.php?id=10271&&ser=48671" "Mozilla/5.0 (Windows NT 10.0; Win64; x64; rv:135.0) Gecko/20100101 Firefox/135.0"
77.119.174.15 - - [20/Feb/2025:11:53:11 +0100] "GET /gui/javascript/form_form.js?1740048791 HTTP/1.1" 200 16206 "http://hausegger.activities.at/entry.php?id=10271&&ser=48731" "Mozilla/5.0 (Windows NT 10.0; Win64; x64; rv:135.0) Gecko/20100101 Firefox/135.0"
92.255.57.58 - - [20/Feb/2025:11:53:28 +0100] "GET /?XDEBUG_SESSION_START=phpstorm HTTP/1.1" 200 274 "-" "Mozilla/5.0 (Windows NT 10.0; Win64; x64) AppleWebKit/537.36 (KHTML, like Gecko) Chrome/78.0.3904.108 Safari/537.36"
45.93.184.117 - - [20/Feb/2025:11:53:29 +0100] "GET / HTTP/1.1" 200 274 "-" "Mozilla/5.0 (Windows NT 5.1) AppleWebKit/535.1 (KHTML, like Gecko) Chrome/14.0.813.0 Safari/535.1"
77.119.174.15 - - [20/Feb/2025:11:54:12 +0100] "GET /entry.php?id=10271&&ser=48791 HTTP/1.1" 200 987 "http://hausegger.activities.at/entry.php?id=10271&&ser=48731" "Mozilla/5.0 (Windows NT 10.0; Win64; x64; rv:135.0) Gecko/20100101 Firefox/135.0"
77.119.174.15 - - [20/Feb/2025:11:54:12 +0100] "GET /gui/javascript/form_form.js?1740048852 HTTP/1.1" 200 16206 "http://hausegger.activities.at/entry.php?id=10271&&ser=48791" "Mozilla/5.0 (Windows NT 10.0; Win64; x64; rv:135.0) Gecko/20100101 Firefox/135.0"
77.119.174.15 - - [20/Feb/2025:11:55:12 +0100] "GET /entry.php?id=10271&&ser=48852 HTTP/1.1" 200 987 "http://hausegger.activities.at/entry.php?id=10271&&ser=48791" "Mozilla/5.0 (Windows NT 10.0; Win64; x64; rv:135.0) Gecko/20100101 Firefox/135.0"
77.119.174.15 - - [20/Feb/2025:11:55:12 +0100] "GET /gui/javascript/form_form.js?1740048912 HTTP/1.1" 200 16206 "http://hausegger.activities.at/entry.php?id=10271&&ser=48852" "Mozilla/5.0 (Windows NT 10.0; Win64; x64; rv:135.0) Gecko/20100101 Firefox/135.0"
185.117.225.119 - - [20/Feb/2025:11:56:00 +0100] "GET /robots.txt HTTP/1.1" 404 295 "-" "python-requests/2.31.0"
185.117.225.119 - - [20/Feb/2025:11:56:01 +0100] "GET / HTTP/1.1" 200 274 "-" "Mozilla/5.0 (compatible; BitSightBot/1.0)"
185.117.225.119 - - [20/Feb/2025:11:56:01 +0100] "GET /layout.php HTTP/1.1" 200 823 "http://coffeenostra.castlegem.co.uk/" "Mozilla/5.0 (X11; Linux x86_64) AppleWebKit/537.36 (KHTML, like Gecko) HeadlessChrome/90.0.4430.212 Safari/537.36"
185.117.225.119 - - [20/Feb/2025:11:56:02 +0100] "GET /gui/javascript/form_form.js HTTP/1.1" 200 16206 "http://coffeenostra.castlegem.co.uk/layout.php" "Mozilla/5.0 (X11; Linux x86_64) AppleWebKit/537.36 (KHTML, like Gecko) HeadlessChrome/90.0.4430.212 Safari/537.36"
185.117.225.119 - - [20/Feb/2025:11:56:02 +0100] "GET /entry.php?id=10273 HTTP/1.1" 200 1903 "http://coffeenostra.castlegem.co.uk/layout.php" "Mozilla/5.0 (X11; Linux x86_64) AppleWebKit/537.36 (KHTML, like Gecko) HeadlessChrome/90.0.4430.212 Safari/537.36"
185.117.225.119 - - [20/Feb/2025:11:56:02 +0100] "GET /entry.php?id=10270 HTTP/1.1" 200 908 "http://coffeenostra.castlegem.co.uk/layout.php" "Mozilla/5.0 (X11; Linux x86_64) AppleWebKit/537.36 (KHTML, like Gecko) HeadlessChrome/90.0.4430.212 Safari/537.36"
185.117.225.119 - - [20/Feb/2025:11:56:02 +0100] "GET /entry.php?id=11412 HTTP/1.1" 200 1759 "http://coffeenostra.castlegem.co.uk/layout.php" "Mozilla/5.0 (X11; Linux x86_64) AppleWebKit/537.36 (KHTML, like Gecko) HeadlessChrome/90.0.4430.212 Safari/537.36"
185.117.225.119 - - [20/Feb/2025:11:56:02 +0100] "GET /entry.php?id=10272 HTTP/1.1" 200 1159 "http://coffeenostra.castlegem.co.uk/layout.php" "Mozilla/5.0 (X11; Linux x86_64) AppleWebKit/537.36 (KHTML, like Gecko) HeadlessChrome/90.0.4430.212 Safari/537.36"
185.117.225.119 - - [20/Feb/2025:11:56:03 +0100] "GET /gui/javascript/jquery/css/gui-themes/ui.spinner.css HTTP/1.1" 200 350 "http://coffeenostra.castlegem.co.uk/entry.php?id=10273" "Mozilla/5.0 (X11; Linux x86_64) AppleWebKit/537.36 (KHTML, like Gecko) HeadlessChrome/90.0.4430.212 Safari/537.36"
185.117.225.119 - - [20/Feb/2025:11:56:03 +0100] "GET /gui/javascript/jquery/css/gui-themes/jquery.tooltip.css HTTP/1.1" 200 246 "http://coffeenostra.castlegem.co.uk/entry.php?id=10273" "Mozilla/5.0 (X11; Linux x86_64) AppleWebKit/537.36 (KHTML, like Gecko) HeadlessChrome/90.0.4430.212 Safari/537.36"
185.117.225.119 - - [20/Feb/2025:11:56:03 +0100] "GET /gui/styles/tmplDefault.css HTTP/1.1" 200 2135 "http://coffeenostra.castlegem.co.uk/entry.php?id=11412" "Mozilla/5.0 (X11; Linux x86_64) AppleWebKit/537.36 (KHTML, like Gecko) HeadlessChrome/90.0.4430.212 Safari/537.36"
185.117.225.119 - - [20/Feb/2025:11:56:03 +0100] "GET /framework/webfx/style/toolbar/cb2.css HTTP/1.1" 200 793 "http://coffeenostra.castlegem.co.uk/entry.php?id=10273" "Mozilla/5.0 (X11; Linux x86_64) AppleWebKit/537.36 (KHTML, like Gecko) HeadlessChrome/90.0.4430.212 Safari/537.36"
185.117.225.119 - - [20/Feb/2025:11:56:03 +0100] "GET /gui/javascript/jquery/css/gui-themes/custom.min.css HTTP/1.1" 200 5618 "http://coffeenostra.castlegem.co.uk/entry.php?id=10273" "Mozilla/5.0 (X11; Linux x86_64) AppleWebKit/537.36 (KHTML, like Gecko) HeadlessChrome/90.0.4430.212 Safari/537.36"
185.117.225.119 - - [20/Feb/2025:11:56:03 +0100] "GET /gui/javascript/form_form.js?1740048962 HTTP/1.1" 200 16206 "http://coffeenostra.castlegem.co.uk/entry.php?id=10273" "Mozilla/5.0 (X11; Linux x86_64) AppleWebKit/537.36 (KHTML, like Gecko) HeadlessChrome/90.0.4430.212 Safari/537.36"
185.117.225.119 - - [20/Feb/2025:11:56:03 +0100] "GET /gui/javascript/jquery/jquery-tooltip/jquery.tooltip.min.js HTTP/1.1" 200 1982 "http://coffeenostra.castlegem.co.uk/entry.php?id=10273" "Mozilla/5.0 (X11; Linux x86_64) AppleWebKit/537.36 (KHTML, like Gecko) HeadlessChrome/90.0.4430.212 Safari/537.36"
185.117.225.119 - - [20/Feb/2025:11:56:03 +0100] "GET /framework/webfx/javascript/toolbar/cb2.js HTTP/1.1" 200 1686 "http://coffeenostra.castlegem.co.uk/entry.php?id=10273" "Mozilla/5.0 (X11; Linux x86_64) AppleWebKit/537.36 (KHTML, like Gecko) HeadlessChrome/90.0.4430.212 Safari/537.36"
185.117.225.119 - - [20/Feb/2025:11:56:03 +0100] "GET /framework/webfx/javascript/toolbar/ieemu.js HTTP/1.1" 200 2366 "http://coffeenostra.castlegem.co.uk/entry.php?id=10273" "Mozilla/5.0 (X11; Linux x86_64) AppleWebKit/537.36 (KHTML, like Gecko) HeadlessChrome/90.0.4430.212 Safari/537.36"
185.117.225.119 - - [20/Feb/2025:11:56:03 +0100] "GET /gui/javascript/jquery/js/jquery-1.8.2.js HTTP/1.1" 200 35391 "http://coffeenostra.castlegem.co.uk/entry.php?id=10273" "Mozilla/5.0 (X11; Linux x86_64) AppleWebKit/537.36 (KHTML, like Gecko) HeadlessChrome/90.0.4430.212 Safari/537.36"
185.117.225.119 - - [20/Feb/2025:11:56:03 +0100] "GET /gui/javascript/jquery/js/jquery-ui-1.9.0.custom.min.js HTTP/1.1" 200 51286 "http://coffeenostra.castlegem.co.uk/entry.php?id=10273" "Mozilla/5.0 (X11; Linux x86_64) AppleWebKit/537.36 (KHTML, like Gecko) HeadlessChrome/90.0.4430.212 Safari/537.36"
185.117.225.119 - - [20/Feb/2025:11:56:03 +0100] "GET /framework/webfx/javascript/statusbar/statusBar.js HTTP/1.1" 200 649 "http://coffeenostra.castlegem.co.uk/entry.php?id=10272" "Mozilla/5.0 (X11; Linux x86_64) AppleWebKit/537.36 (KHTML, like Gecko) HeadlessChrome/90.0.4430.212 Safari/537.36"
185.117.225.119 - - [20/Feb/2025:11:56:04 +0100] "GET /gui/images/icons/Logo_activites_RGB.gif HTTP/1.1" 200 1336 "http://coffeenostra.castlegem.co.uk/entry.php?id=10273" "Mozilla/5.0 (X11; Linux x86_64) AppleWebKit/537.36 (KHTML, like Gecko) HeadlessChrome/90.0.4430.212 Safari/537.36"
185.117.225.119 - - [20/Feb/2025:11:56:04 +0100] "GET /gui/images/icons/cancel.gif HTTP/1.1" 200 125 "http://coffeenostra.castlegem.co.uk/entry.php?id=11412" "Mozilla/5.0 (X11; Linux x86_64) AppleWebKit/537.36 (KHTML, like Gecko) HeadlessChrome/90.0.4430.212 Safari/537.36"
185.117.225.119 - - [20/Feb/2025:11:56:04 +0100] "GET /entry.php?id=10287 HTTP/1.1" 200 2386 "http://coffeenostra.castlegem.co.uk/entry.php?id=11412" "Mozilla/5.0 (X11; Linux x86_64) AppleWebKit/537.36 (KHTML, like Gecko) HeadlessChrome/90.0.4430.212 Safari/537.36"
185.117.225.119 - - [20/Feb/2025:11:56:04 +0100] "GET /entry.php?id=10271& HTTP/1.1" 200 935 "http://coffeenostra.castlegem.co.uk/entry.php?id=10272" "Mozilla/5.0 (X11; Linux x86_64) AppleWebKit/537.36 (KHTML, like Gecko) HeadlessChrome/90.0.4430.212 Safari/537.36"
185.117.225.119 - - [20/Feb/2025:11:56:05 +0100] "GET /gui/images/emptybar.gif HTTP/1.1" 200 89 "http://coffeenostra.castlegem.co.uk/entry.php?id=10272" "Mozilla/5.0 (X11; Linux x86_64) AppleWebKit/537.36 (KHTML, like Gecko) HeadlessChrome/90.0.4430.212 Safari/537.36"
185.117.225.119 - - [20/Feb/2025:11:56:05 +0100] "GET /gui/javascript/form_form.js?1740048964 HTTP/1.1" 200 16206 "http://coffeenostra.castlegem.co.uk/entry.php?id=10287" "Mozilla/5.0 (X11; Linux x86_64) AppleWebKit/537.36 (KHTML, like Gecko) HeadlessChrome/90.0.4430.212 Safari/537.36"
185.117.225.119 - - [20/Feb/2025:11:56:05 +0100] "GET /gui/javascript/form_form.js?1740048965 HTTP/1.1" 200 16206 "http://coffeenostra.castlegem.co.uk/entry.php?id=10271&" "Mozilla/5.0 (X11; Linux x86_64) AppleWebKit/537.36 (KHTML, like Gecko) HeadlessChrome/90.0.4430.212 Safari/537.36"
185.117.225.119 - - [20/Feb/2025:11:56:06 +0100] "GET /entry.php?id=10270& HTTP/1.1" 200 908 "http://coffeenostra.castlegem.co.uk/entry.php?id=10287" "Mozilla/5.0 (X11; Linux x86_64) AppleWebKit/537.36 (KHTML, like Gecko) HeadlessChrome/90.0.4430.212 Safari/537.36"
185.117.225.119 - - [20/Feb/2025:11:56:06 +0100] "GET /entry.php?id=10273& HTTP/1.1" 200 1903 "http://coffeenostra.castlegem.co.uk/entry.php?id=10287" "Mozilla/5.0 (X11; Linux x86_64) AppleWebKit/537.36 (KHTML, like Gecko) HeadlessChrome/90.0.4430.212 Safari/537.36"
185.117.225.119 - - [20/Feb/2025:11:56:06 +0100] "GET /gui/javascript/form_form.js?1740048966 HTTP/1.1" 200 16206 "http://coffeenostra.castlegem.co.uk/entry.php?id=10270&" "Mozilla/5.0 (X11; Linux x86_64) AppleWebKit/537.36 (KHTML, like Gecko) HeadlessChrome/90.0.4430.212 Safari/537.36"
77.119.174.15 - - [20/Feb/2025:11:56:12 +0100] "GET /entry.php?id=10271&&ser=48912 HTTP/1.1" 200 987 "http://hausegger.activities.at/entry.php?id=10271&&ser=48852" "Mozilla/5.0 (Windows NT 10.0; Win64; x64; rv:135.0) Gecko/20100101 Firefox/135.0"
77.119.174.15 - - [20/Feb/2025:11:56:12 +0100] "GET /gui/javascript/form_form.js?1740048972 HTTP/1.1" 200 16206 "http://hausegger.activities.at/entry.php?id=10271&&ser=48912" "Mozilla/5.0 (Windows NT 10.0; Win64; x64; rv:135.0) Gecko/20100101 Firefox/135.0"
77.119.174.15 - - [20/Feb/2025:11:57:12 +0100] "GET /entry.php?id=10271&&ser=48972 HTTP/1.1" 200 987 "http://hausegger.activities.at/entry.php?id=10271&&ser=48912" "Mozilla/5.0 (Windows NT 10.0; Win64; x64; rv:135.0) Gecko/20100101 Firefox/135.0"
77.119.174.15 - - [20/Feb/2025:11:57:13 +0100] "GET /gui/javascript/form_form.js?1740049033 HTTP/1.1" 200 16206 "http://hausegger.activities.at/entry.php?id=10271&&ser=48972" "Mozilla/5.0 (Windows NT 10.0; Win64; x64; rv:135.0) Gecko/20100101 Firefox/135.0"
156.59.198.136 - - [20/Feb/2025:11:57:21 +0100] "GET /renault.activities.at/htdocs/export/xml/data/orders/201908211403_RenOrder.xml HTTP/1.0" 404 328 "-" "Mozilla/5.0 (Linux; Android 5.0) AppleWebKit/537.36 (KHTML, like Gecko) Mobile Safari/537.36 (compatible; Bytespider; spider-feedback@bytedance.com)"
77.119.174.15 - - [20/Feb/2025:11:58:13 +0100] "GET /entry.php?id=10271&&ser=49033 HTTP/1.1" 200 987 "http://hausegger.activities.at/entry.php?id=10271&&ser=48972" "Mozilla/5.0 (Windows NT 10.0; Win64; x64; rv:135.0) Gecko/20100101 Firefox/135.0"
77.119.174.15 - - [20/Feb/2025:11:58:13 +0100] "GET /gui/javascript/form_form.js?1740049093 HTTP/1.1" 200 16206 "http://hausegger.activities.at/entry.php?id=10271&&ser=49033" "Mozilla/5.0 (Windows NT 10.0; Win64; x64; rv:135.0) Gecko/20100101 Firefox/135.0"
216.244.66.235 - - [20/Feb/2025:11:58:27 +0100] "GET /robots.txt HTTP/1.1" 404 375 "-" "Mozilla/5.0 (compatible; DotBot/1.2; +https://opensiteexplorer.org/dotbot; help@moz.com)"
77.119.174.15 - - [20/Feb/2025:11:59:13 +0100] "GET /entry.php?id=10271&&ser=49093 HTTP/1.1" 200 987 "http://hausegger.activities.at/entry.php?id=10271&&ser=49033" "Mozilla/5.0 (Windows NT 10.0; Win64; x64; rv:135.0) Gecko/20100101 Firefox/135.0"
77.119.174.15 - - [20/Feb/2025:11:59:13 +0100] "GET /gui/javascript/form_form.js?1740049153 HTTP/1.1" 200 16206 "http://hausegger.activities.at/entry.php?id=10271&&ser=49093" "Mozilla/5.0 (Windows NT 10.0; Win64; x64; rv:135.0) Gecko/20100101 Firefox/135.0"
77.119.174.15 - - [20/Feb/2025:12:00:13 +0100] "GET /entry.php?id=10271&&ser=49153 HTTP/1.1" 200 987 "http://hausegger.activities.at/entry.php?id=10271&&ser=49093" "Mozilla/5.0 (Windows NT 10.0; Win64; x64; rv:135.0) Gecko/20100101 Firefox/135.0"
77.119.174.15 - - [20/Feb/2025:12:00:14 +0100] "GET /gui/javascript/form_form.js?1740049213 HTTP/1.1" 200 16206 "http://hausegger.activities.at/entry.php?id=10271&&ser=49153" "Mozilla/5.0 (Windows NT 10.0; Win64; x64; rv:135.0) Gecko/20100101 Firefox/135.0"
77.119.174.15 - - [20/Feb/2025:12:01:14 +0100] "GET /entry.php?id=10271&&ser=49213 HTTP/1.1" 200 986 "http://hausegger.activities.at/entry.php?id=10271&&ser=49153" "Mozilla/5.0 (Windows NT 10.0; Win64; x64; rv:135.0) Gecko/20100101 Firefox/135.0"
77.119.174.15 - - [20/Feb/2025:12:01:14 +0100] "GET /gui/javascript/form_form.js?1740049274 HTTP/1.1" 200 16206 "http://hausegger.activities.at/entry.php?id=10271&&ser=49213" "Mozilla/5.0 (Windows NT 10.0; Win64; x64; rv:135.0) Gecko/20100101 Firefox/135.0"
156.59.198.136 - - [20/Feb/2025:12:01:22 +0100] "GET /renault.2web.at/stats/lang/tooltips_w/awstats-tt-de.txt HTTP/1.0" 404 313 "-" "Mozilla/5.0 (Linux; Android 5.0) AppleWebKit/537.36 (KHTML, like Gecko) Mobile Safari/537.36 (compatible; Bytespider; spider-feedback@bytedance.com)"
77.119.174.15 - - [20/Feb/2025:12:02:14 +0100] "GET /entry.php?id=10271&&ser=49274 HTTP/1.1" 200 987 "http://hausegger.activities.at/entry.php?id=10271&&ser=49213" "Mozilla/5.0 (Windows NT 10.0; Win64; x64; rv:135.0) Gecko/20100101 Firefox/135.0"
77.119.174.15 - - [20/Feb/2025:12:02:14 +0100] "GET /gui/javascript/form_form.js?1740049334 HTTP/1.1" 200 16206 "http://hausegger.activities.at/entry.php?id=10271&&ser=49274" "Mozilla/5.0 (Windows NT 10.0; Win64; x64; rv:135.0) Gecko/20100101 Firefox/135.0"
77.119.174.15 - - [20/Feb/2025:12:03:14 +0100] "GET /entry.php?id=10271&&ser=49334 HTTP/1.1" 200 987 "http://hausegger.activities.at/entry.php?id=10271&&ser=49274" "Mozilla/5.0 (Windows NT 10.0; Win64; x64; rv:135.0) Gecko/20100101 Firefox/135.0"
77.119.174.15 - - [20/Feb/2025:12:03:14 +0100] "GET /gui/javascript/form_form.js?1740049394 HTTP/1.1" 200 16206 "http://hausegger.activities.at/entry.php?id=10271&&ser=49334" "Mozilla/5.0 (Windows NT 10.0; Win64; x64; rv:135.0) Gecko/20100101 Firefox/135.0"
77.119.174.15 - - [20/Feb/2025:12:04:15 +0100] "GET /entry.php?id=10271&&ser=49394 HTTP/1.1" 200 988 "http://hausegger.activities.at/entry.php?id=10271&&ser=49334" "Mozilla/5.0 (Windows NT 10.0; Win64; x64; rv:135.0) Gecko/20100101 Firefox/135.0"
77.119.174.15 - - [20/Feb/2025:12:04:15 +0100] "GET /gui/javascript/form_form.js?1740049455 HTTP/1.1" 200 16206 "http://hausegger.activities.at/entry.php?id=10271&&ser=49394" "Mozilla/5.0 (Windows NT 10.0; Win64; x64; rv:135.0) Gecko/20100101 Firefox/135.0"
77.119.174.15 - - [20/Feb/2025:12:05:15 +0100] "GET /entry.php?id=10271&&ser=49455 HTTP/1.1" 200 988 "http://hausegger.activities.at/entry.php?id=10271&&ser=49394" "Mozilla/5.0 (Windows NT 10.0; Win64; x64; rv:135.0) Gecko/20100101 Firefox/135.0"
77.119.174.15 - - [20/Feb/2025:12:05:15 +0100] "GET /gui/javascript/form_form.js?1740049515 HTTP/1.1" 200 16206 "http://hausegger.activities.at/entry.php?id=10271&&ser=49455" "Mozilla/5.0 (Windows NT 10.0; Win64; x64; rv:135.0) Gecko/20100101 Firefox/135.0"
77.119.174.15 - - [20/Feb/2025:12:06:15 +0100] "GET /entry.php?id=10271&&ser=49515 HTTP/1.1" 200 988 "http://hausegger.activities.at/entry.php?id=10271&&ser=49455" "Mozilla/5.0 (Windows NT 10.0; Win64; x64; rv:135.0) Gecko/20100101 Firefox/135.0"
77.119.174.15 - - [20/Feb/2025:12:06:15 +0100] "GET /gui/javascript/form_form.js?1740049575 HTTP/1.1" 200 16206 "http://hausegger.activities.at/entry.php?id=10271&&ser=49515" "Mozilla/5.0 (Windows NT 10.0; Win64; x64; rv:135.0) Gecko/20100101 Firefox/135.0"
216.244.66.235 - - [20/Feb/2025:12:06:25 +0100] "GET / HTTP/1.1" 200 423 "-" "Mozilla/5.0 (compatible; DotBot/1.2; +https://opensiteexplorer.org/dotbot; help@moz.com)"
77.119.174.15 - - [20/Feb/2025:12:07:16 +0100] "GET /entry.php?id=10271&&ser=49575 HTTP/1.1" 200 987 "http://hausegger.activities.at/entry.php?id=10271&&ser=49515" "Mozilla/5.0 (Windows NT 10.0; Win64; x64; rv:135.0) Gecko/20100101 Firefox/135.0"
77.119.174.15 - - [20/Feb/2025:12:07:16 +0100] "GET /gui/javascript/form_form.js?1740049636 HTTP/1.1" 200 16206 "http://hausegger.activities.at/entry.php?id=10271&&ser=49575" "Mozilla/5.0 (Windows NT 10.0; Win64; x64; rv:135.0) Gecko/20100101 Firefox/135.0"
77.119.174.15 - - [20/Feb/2025:12:08:16 +0100] "GET /entry.php?id=10271&&ser=49636 HTTP/1.1" 200 987 "http://hausegger.activities.at/entry.php?id=10271&&ser=49575" "Mozilla/5.0 (Windows NT 10.0; Win64; x64; rv:135.0) Gecko/20100101 Firefox/135.0"
77.119.174.15 - - [20/Feb/2025:12:08:16 +0100] "GET /gui/javascript/form_form.js?1740049696 HTTP/1.1" 200 16206 "http://hausegger.activities.at/entry.php?id=10271&&ser=49636" "Mozilla/5.0 (Windows NT 10.0; Win64; x64; rv:135.0) Gecko/20100101 Firefox/135.0"
77.119.174.15 - - [20/Feb/2025:12:09:16 +0100] "GET /entry.php?id=10271&&ser=49696 HTTP/1.1" 200 987 "http://hausegger.activities.at/entry.php?id=10271&&ser=49636" "Mozilla/5.0 (Windows NT 10.0; Win64; x64; rv:135.0) Gecko/20100101 Firefox/135.0"
77.119.174.15 - - [20/Feb/2025:12:09:16 +0100] "GET /gui/javascript/form_form.js?1740049756 HTTP/1.1" 200 16206 "http://hausegger.activities.at/entry.php?id=10271&&ser=49696" "Mozilla/5.0 (Windows NT 10.0; Win64; x64; rv:135.0) Gecko/20100101 Firefox/135.0"
141.255.166.90 - - [20/Feb/2025:12:09:41 +0100] "GET /cgi-bin/luci/;stok=/locale HTTP/1.1" 404 371 "-" "-"
156.59.198.136 - - [20/Feb/2025:12:09:45 +0100] "GET /renault.2web.at/stats/lang/tooltips_w/awstats-tt-sk.txt HTTP/1.0" 404 313 "-" "Mozilla/5.0 (Linux; Android 5.0) AppleWebKit/537.36 (KHTML, like Gecko) Mobile Safari/537.36 (compatible; Bytespider; spider-feedback@bytedance.com)"
77.119.174.15 - - [20/Feb/2025:12:10:16 +0100] "GET /entry.php?id=10271&&ser=49756 HTTP/1.1" 200 987 "http://hausegger.activities.at/entry.php?id=10271&&ser=49696" "Mozilla/5.0 (Windows NT 10.0; Win64; x64; rv:135.0) Gecko/20100101 Firefox/135.0"
77.119.174.15 - - [20/Feb/2025:12:10:17 +0100] "GET /gui/javascript/form_form.js?1740049816 HTTP/1.1" 200 16206 "http://hausegger.activities.at/entry.php?id=10271&&ser=49756" "Mozilla/5.0 (Windows NT 10.0; Win64; x64; rv:135.0) Gecko/20100101 Firefox/135.0"
77.119.174.15 - - [20/Feb/2025:12:11:17 +0100] "GET /entry.php?id=10271&&ser=49816 HTTP/1.1" 200 987 "http://hausegger.activities.at/entry.php?id=10271&&ser=49756" "Mozilla/5.0 (Windows NT 10.0; Win64; x64; rv:135.0) Gecko/20100101 Firefox/135.0"
77.119.174.15 - - [20/Feb/2025:12:11:17 +0100] "GET /gui/javascript/form_form.js?1740049877 HTTP/1.1" 200 16206 "http://hausegger.activities.at/entry.php?id=10271&&ser=49816" "Mozilla/5.0 (Windows NT 10.0; Win64; x64; rv:135.0) Gecko/20100101 Firefox/135.0"
77.119.174.15 - - [20/Feb/2025:12:12:17 +0100] "GET /entry.php?id=10271&&ser=49877 HTTP/1.1" 200 987 "http://hausegger.activities.at/entry.php?id=10271&&ser=49816" "Mozilla/5.0 (Windows NT 10.0; Win64; x64; rv:135.0) Gecko/20100101 Firefox/135.0"
77.119.174.15 - - [20/Feb/2025:12:12:17 +0100] "GET /gui/javascript/form_form.js?1740049937 HTTP/1.1" 200 16206 "http://hausegger.activities.at/entry.php?id=10271&&ser=49877" "Mozilla/5.0 (Windows NT 10.0; Win64; x64; rv:135.0) Gecko/20100101 Firefox/135.0"
77.119.174.15 - - [20/Feb/2025:12:13:17 +0100] "GET /entry.php?id=10271&&ser=49937 HTTP/1.1" 200 987 "http://hausegger.activities.at/entry.php?id=10271&&ser=49877" "Mozilla/5.0 (Windows NT 10.0; Win64; x64; rv:135.0) Gecko/20100101 Firefox/135.0"
77.119.174.15 - - [20/Feb/2025:12:13:17 +0100] "GET /gui/javascript/form_form.js?1740049997 HTTP/1.1" 200 16206 "http://hausegger.activities.at/entry.php?id=10271&&ser=49937" "Mozilla/5.0 (Windows NT 10.0; Win64; x64; rv:135.0) Gecko/20100101 Firefox/135.0"
77.119.174.15 - - [20/Feb/2025:12:14:18 +0100] "GET /entry.php?id=10271&&ser=49997 HTTP/1.1" 200 985 "http://hausegger.activities.at/entry.php?id=10271&&ser=49937" "Mozilla/5.0 (Windows NT 10.0; Win64; x64; rv:135.0) Gecko/20100101 Firefox/135.0"
77.119.174.15 - - [20/Feb/2025:12:14:18 +0100] "GET /gui/javascript/form_form.js?1740050058 HTTP/1.1" 200 16206 "http://hausegger.activities.at/entry.php?id=10271&&ser=49997" "Mozilla/5.0 (Windows NT 10.0; Win64; x64; rv:135.0) Gecko/20100101 Firefox/135.0"
77.119.174.15 - - [20/Feb/2025:12:15:18 +0100] "GET /entry.php?id=10271&&ser=50058 HTTP/1.1" 200 986 "http://hausegger.activities.at/entry.php?id=10271&&ser=49997" "Mozilla/5.0 (Windows NT 10.0; Win64; x64; rv:135.0) Gecko/20100101 Firefox/135.0"
77.119.174.15 - - [20/Feb/2025:12:15:18 +0100] "GET /gui/javascript/form_form.js?1740050118 HTTP/1.1" 200 16206 "http://hausegger.activities.at/entry.php?id=10271&&ser=50058" "Mozilla/5.0 (Windows NT 10.0; Win64; x64; rv:135.0) Gecko/20100101 Firefox/135.0"
156.59.198.135 - - [20/Feb/2025:12:15:31 +0100] "GET /renault.activities.at/htdocs/export/xml/data/orders/202002101203_RenOrder.xml HTTP/1.0" 404 328 "-" "Mozilla/5.0 (Linux; Android 5.0) AppleWebKit/537.36 (KHTML, like Gecko) Mobile Safari/537.36 (compatible; Bytespider; spider-feedback@bytedance.com)"
193.68.89.51 - - [20/Feb/2025:12:16:10 +0100] "GET / HTTP/1.1" 200 423 "-" "-"
77.119.174.15 - - [20/Feb/2025:12:16:18 +0100] "GET /entry.php?id=10271&&ser=50118 HTTP/1.1" 200 986 "http://hausegger.activities.at/entry.php?id=10271&&ser=50058" "Mozilla/5.0 (Windows NT 10.0; Win64; x64; rv:135.0) Gecko/20100101 Firefox/135.0"
77.119.174.15 - - [20/Feb/2025:12:16:18 +0100] "GET /gui/javascript/form_form.js?1740050178 HTTP/1.1" 200 16206 "http://hausegger.activities.at/entry.php?id=10271&&ser=50118" "Mozilla/5.0 (Windows NT 10.0; Win64; x64; rv:135.0) Gecko/20100101 Firefox/135.0"
77.119.174.15 - - [20/Feb/2025:12:17:19 +0100] "GET /entry.php?id=10271&&ser=50178 HTTP/1.1" 200 986 "http://hausegger.activities.at/entry.php?id=10271&&ser=50118" "Mozilla/5.0 (Windows NT 10.0; Win64; x64; rv:135.0) Gecko/20100101 Firefox/135.0"
77.119.174.15 - - [20/Feb/2025:12:17:19 +0100] "GET /gui/javascript/form_form.js?1740050239 HTTP/1.1" 200 16206 "http://hausegger.activities.at/entry.php?id=10271&&ser=50178" "Mozilla/5.0 (Windows NT 10.0; Win64; x64; rv:135.0) Gecko/20100101 Firefox/135.0"
77.119.174.15 - - [20/Feb/2025:12:18:19 +0100] "GET /entry.php?id=10271&&ser=50239 HTTP/1.1" 200 986 "http://hausegger.activities.at/entry.php?id=10271&&ser=50178" "Mozilla/5.0 (Windows NT 10.0; Win64; x64; rv:135.0) Gecko/20100101 Firefox/135.0"
77.119.174.15 - - [20/Feb/2025:12:18:19 +0100] "GET /gui/javascript/form_form.js?1740050299 HTTP/1.1" 200 16206 "http://hausegger.activities.at/entry.php?id=10271&&ser=50239" "Mozilla/5.0 (Windows NT 10.0; Win64; x64; rv:135.0) Gecko/20100101 Firefox/135.0"
77.119.174.15 - - [20/Feb/2025:12:19:19 +0100] "GET /entry.php?id=10271&&ser=50299 HTTP/1.1" 200 986 "http://hausegger.activities.at/entry.php?id=10271&&ser=50239" "Mozilla/5.0 (Windows NT 10.0; Win64; x64; rv:135.0) Gecko/20100101 Firefox/135.0"
77.119.174.15 - - [20/Feb/2025:12:19:19 +0100] "GET /gui/javascript/form_form.js?1740050359 HTTP/1.1" 200 16206 "http://hausegger.activities.at/entry.php?id=10271&&ser=50299" "Mozilla/5.0 (Windows NT 10.0; Win64; x64; rv:135.0) Gecko/20100101 Firefox/135.0"
77.119.174.15 - - [20/Feb/2025:12:20:19 +0100] "GET /entry.php?id=10271&&ser=50359 HTTP/1.1" 200 986 "http://hausegger.activities.at/entry.php?id=10271&&ser=50299" "Mozilla/5.0 (Windows NT 10.0; Win64; x64; rv:135.0) Gecko/20100101 Firefox/135.0"
77.119.174.15 - - [20/Feb/2025:12:20:19 +0100] "GET /gui/javascript/form_form.js?1740050419 HTTP/1.1" 200 16206 "http://hausegger.activities.at/entry.php?id=10271&&ser=50359" "Mozilla/5.0 (Windows NT 10.0; Win64; x64; rv:135.0) Gecko/20100101 Firefox/135.0"
77.119.174.15 - - [20/Feb/2025:12:21:20 +0100] "GET /entry.php?id=10271&&ser=50419 HTTP/1.1" 200 986 "http://hausegger.activities.at/entry.php?id=10271&&ser=50359" "Mozilla/5.0 (Windows NT 10.0; Win64; x64; rv:135.0) Gecko/20100101 Firefox/135.0"
77.119.174.15 - - [20/Feb/2025:12:21:20 +0100] "GET /gui/javascript/form_form.js?1740050480 HTTP/1.1" 200 16206 "http://hausegger.activities.at/entry.php?id=10271&&ser=50419" "Mozilla/5.0 (Windows NT 10.0; Win64; x64; rv:135.0) Gecko/20100101 Firefox/135.0"
92.255.57.58 - - [20/Feb/2025:12:21:45 +0100] "GET /actuator/gateway/routes HTTP/1.1" 404 293 "-" "Mozilla/5.0 (Windows NT 10.0; Win64; x64) AppleWebKit/537.36 (KHTML, like Gecko) Chrome/78.0.3904.108 Safari/537.36"
77.119.174.15 - - [20/Feb/2025:12:22:20 +0100] "GET /entry.php?id=10271&&ser=50480 HTTP/1.1" 200 986 "http://hausegger.activities.at/entry.php?id=10271&&ser=50419" "Mozilla/5.0 (Windows NT 10.0; Win64; x64; rv:135.0) Gecko/20100101 Firefox/135.0"
77.119.174.15 - - [20/Feb/2025:12:22:20 +0100] "GET /gui/javascript/form_form.js?1740050540 HTTP/1.1" 200 16206 "http://hausegger.activities.at/entry.php?id=10271&&ser=50480" "Mozilla/5.0 (Windows NT 10.0; Win64; x64; rv:135.0) Gecko/20100101 Firefox/135.0"
77.119.174.15 - - [20/Feb/2025:12:23:20 +0100] "GET /entry.php?id=10271&&ser=50540 HTTP/1.1" 200 986 "http://hausegger.activities.at/entry.php?id=10271&&ser=50480" "Mozilla/5.0 (Windows NT 10.0; Win64; x64; rv:135.0) Gecko/20100101 Firefox/135.0"
