54.205.199.97 - - [26/Feb/2025:01:05:25 +0100] "GET /.git/config HTTP/1.1" 404 296 "-" "Mozilla/5.0 (Linux; Android 9; SM-G975F) AppleWebKit/537.36 (KHTML, like Gecko) Chrome/76.0.3809.111 Mobile Safari/537.36"
156.59.198.136 - - [26/Feb/2025:01:12:30 +0100] "GET /default/cgi-bin/lang/tooltips_m/awstats-tt-fr.txt HTTP/1.0" 404 311 "-" "Mozilla/5.0 (Linux; Android 5.0) AppleWebKit/537.36 (KHTML, like Gecko) Mobile Safari/537.36 (compatible; Bytespider; spider-feedback@bytedance.com)"
5.101.0.66 - - [26/Feb/2025:01:20:16 +0100] "GET / HTTP/1.0" 200 423 "-" "Mozilla/5.0 (Linux; U; Android 1.6; en-us; SonyEricssonX10i Build/R1AA056) AppleWebKit/528.5 (KHTML, like Gecko) Version/3.1.2 Mobile Safari/525.20.1"
5.101.6.136 - - [26/Feb/2025:01:20:23 +0100] "GET /server-status HTTP/1.1" 403 286 "-" "Go-http-client/1.1"
196.251.92.16 - - [26/Feb/2025:01:25:10 +0100] "GET /.env.local HTTP/1.1" 404 284 "-" "Mozilla/5.0 (Macintosh; Intel Mac OS X 1083) AppleWebKit/537.36 (KHTML like Gecko) Chrome/28.0.1469.0 Safari/537.36"
156.59.198.135 - - [26/Feb/2025:01:28:32 +0100] "GET /renault.activities.at/htdocs/newsletter_log/nl_608156.txt HTTP/1.0" 404 316 "-" "Mozilla/5.0 (Linux; Android 5.0) AppleWebKit/537.36 (KHTML, like Gecko) Mobile Safari/537.36 (compatible; Bytespider; spider-feedback@bytedance.com)"
193.68.89.10 - - [26/Feb/2025:01:42:18 +0100] "GET / HTTP/1.1" 200 274 "-" "Mozilla/5.0 (Windows NT 10.0; Win64; x64) AppleWebKit/537.36 (KHTML, like Gecko) Chrome/90.0.4430.85 Safari/537.36 Edg/90.0.818.46"
156.59.198.135 - - [26/Feb/2025:01:47:43 +0100] "GET /renault.activities.at/htdocs/newsletter_log/nl_608238.txt HTTP/1.0" 404 317 "-" "Mozilla/5.0 (Linux; Android 5.0) AppleWebKit/537.36 (KHTML, like Gecko) Mobile Safari/537.36 (compatible; Bytespider; spider-feedback@bytedance.com)"
167.94.138.52 - - [26/Feb/2025:01:53:26 +0100] "\x16\x03\x01" 400 383 "-" "-"
167.94.138.52 - - [26/Feb/2025:01:53:31 +0100] "GET / HTTP/1.1" 200 274 "-" "Mozilla/5.0 (compatible; CensysInspect/1.1; +https://about.censys.io/)"
167.94.138.52 - - [26/Feb/2025:01:53:33 +0100] "GET /activities.ico HTTP/1.1" 200 1406 "-" "Mozilla/5.0 (compatible; CensysInspect/1.1; +https://about.censys.io/)"
167.94.138.52 - - [26/Feb/2025:01:53:36 +0100] "GET /favicon.ico HTTP/1.1" 404 284 "-" "Mozilla/5.0 (compatible; CensysInspect/1.1; +https://about.censys.io/)"
167.94.138.52 - - [26/Feb/2025:01:53:40 +0100] "PRI * HTTP/2.0" 400 383 "-" "-"
167.94.138.52 - - [26/Feb/2025:01:53:54 +0100] "GET /favicon.ico HTTP/1.1" 404 284 "-" "Mozilla/5.0 (compatible; CensysInspect/1.1; +https://about.censys.io/)"
167.94.138.52 - - [26/Feb/2025:01:53:57 +0100] "\x16\x03\x01" 400 383 "-" "-"
156.59.198.135 - - [26/Feb/2025:02:10:46 +0100] "GET /renault.activities.at/htdocs/export/pdf/emuc_document/10672884.pdf HTTP/1.0" 404 322 "-" "Mozilla/5.0 (Linux; Android 5.0) AppleWebKit/537.36 (KHTML, like Gecko) Mobile Safari/537.36 (compatible; Bytespider; spider-feedback@bytedance.com)"
143.198.155.199 - - [26/Feb/2025:02:13:39 +0100] "POST / HTTP/1.1" 200 274 "-" "Mozilla/5.0 (Macintosh; Intel Mac OS X 10_10_1) AppleWebKit/537.36 (KHTML, like Gecko) Chrome/39.0.2171.95 Safari/537.36"
143.198.155.199 - - [26/Feb/2025:02:13:43 +0100] "GET /.env HTTP/1.1" 404 291 "-" "Mozilla/5.0 (Macintosh; Intel Mac OS X 10_10_1) AppleWebKit/537.36 (KHTML, like Gecko) Chrome/39.0.2171.95 Safari/537.36"
156.59.198.136 - - [26/Feb/2025:02:14:45 +0100] "GET /renault.activities.at/htdocs/newsletter_log/nl_608165.txt HTTP/1.0" 404 316 "-" "Mozilla/5.0 (Linux; Android 5.0) AppleWebKit/537.36 (KHTML, like Gecko) Mobile Safari/537.36 (compatible; Bytespider; spider-feedback@bytedance.com)"
194.50.16.252 - - [26/Feb/2025:02:15:33 +0100] "GET /.env HTTP/1.1" 404 280 "-" "Mozilla/5.0 (Macintosh; Intel Mac OS X 10_15_7) AppleWebKit/605.1.15 (KHTML, like Gecko) Version/17.3 Safari/605.1.52"
194.50.16.252 - - [26/Feb/2025:02:15:57 +0100] "GET /.env.development.local HTTP/1.1" 404 292 "-" "Mozilla/5.0 (Windows NT 10.0; Win64; x64) AppleWebKit/537.36 (KHTML like Gecko) Chrome/120.0.0.0 Safari/537.36"
194.50.16.252 - - [26/Feb/2025:02:15:57 +0100] "GET /.env.prod.local HTTP/1.1" 404 287 "-" "Mozilla/5.0 (X11; CrOS x86_64 14541.0.0) AppleWebKit/537.36 (KHTML, like Gecko) Chrome/122.0.0.0 Safari/537.36"
194.50.16.252 - - [26/Feb/2025:02:15:57 +0100] "GET /.env.production.local HTTP/1.1" 404 292 "-" "Mozilla/5.0 (Macintosh; Intel Mac OS X 14_3_1) AppleWebKit/605.1.15 (KHTML, like Gecko) Version/17.2 Safari/605.1.15"
194.50.16.252 - - [26/Feb/2025:02:15:57 +0100] "GET /.env.local HTTP/1.1" 404 284 "-" "Mozilla/5.0 (X11; CrOS x86_64 14541.0.0) AppleWebKit/537.36 (KHTML, like Gecko) Chrome/120.0.0.0 Safari/537.36"
194.50.16.252 - - [26/Feb/2025:02:16:19 +0100] "GET /.env.live HTTP/1.1" 404 283 "-" "Mozilla/5.0 (Kubuntu; Linux i686; rv:125.0) Gecko/20100101 Firefox/125.0"
156.59.198.135 - - [26/Feb/2025:02:23:48 +0100] "GET /renault.activities.at/htdocs/export/xml/data/orders/202002121703_RenOrder.xml HTTP/1.0" 404 329 "-" "Mozilla/5.0 (Linux; Android 5.0) AppleWebKit/537.36 (KHTML, like Gecko) Mobile Safari/537.36 (compatible; Bytespider; spider-feedback@bytedance.com)"
156.59.198.136 - - [26/Feb/2025:02:27:48 +0100] "GET /renault.activities.at/htdocs/export/xml/data/orders/202109131103_RenOrder.xml HTTP/1.0" 404 328 "-" "Mozilla/5.0 (Linux; Android 5.0) AppleWebKit/537.36 (KHTML, like Gecko) Mobile Safari/537.36 (compatible; Bytespider; spider-feedback@bytedance.com)"
193.68.89.15 - - [26/Feb/2025:02:29:35 +0100] "GET / HTTP/1.1" 200 274 "-" "Linux Gnu (cow)"
64.62.197.100 - - [26/Feb/2025:02:38:48 +0100] "\x16\x03\x01" 400 383 "-" "-"
64.62.156.78 - - [26/Feb/2025:02:41:45 +0100] "GET / HTTP/1.1" 200 274 "-" "Mozilla/5.0 (Macintosh; Intel Mac OS X 10_15_7) AppleWebKit/605.1.15 (KHTML, like Gecko) Version/17.0 Safari/605.1.15"
156.59.198.135 - - [26/Feb/2025:02:42:22 +0100] "GET /renault.activities.at/htdocs/export/pdf/emuc_document/11250506.pdf HTTP/1.0" 404 321 "-" "Mozilla/5.0 (Linux; Android 5.0) AppleWebKit/537.36 (KHTML, like Gecko) Mobile Safari/537.36 (compatible; Bytespider; spider-feedback@bytedance.com)"
64.62.156.78 - - [26/Feb/2025:02:44:20 +0100] "GET /favicon.ico HTTP/1.1" 404 284 "-" "Mozilla/5.0 (X11; Linux x86_64) AppleWebKit/537.36 (KHTML, like Gecko) Chrome/123.0.0.0 Safari/537.36"
64.62.156.70 - - [26/Feb/2025:02:44:53 +0100] "GET /geoserver/web/ HTTP/1.1" 404 284 "-" "Mozilla/5.0 (Macintosh; Intel Mac OS X 10_15_7) AppleWebKit/605.1.15 (KHTML, like Gecko) Version/17.0 Safari/605.1.15"
64.62.156.72 - - [26/Feb/2025:02:45:32 +0100] "GET /info.php HTTP/1.1" 404 283 "-" "Mozilla/5.0 (Macintosh; Intel Mac OS X 10_15_7) AppleWebKit/605.1.15 (KHTML, like Gecko) Version/17.0 Safari/605.1.15"
64.62.156.74 - - [26/Feb/2025:02:45:43 +0100] "GET /phpinfo.php HTTP/1.1" 200 10251 "-" "Mozilla/5.0 (Macintosh; Intel Mac OS X 10_15_7) AppleWebKit/537.36 (KHTML, like Gecko) Chrome/122.0.0.0 Safari/537.36"
64.62.156.66 - - [26/Feb/2025:02:45:45 +0100] "GET /dashboard/phpinfo.php HTTP/1.1" 404 290 "-" "Mozilla/5.0 (Windows NT 10.0; Win64; x64) AppleWebKit/537.36 (KHTML, like Gecko) Chrome/110.0.0.0 Safari/537.36 Edg/110.0.1587.46"
54.205.199.97 - - [26/Feb/2025:02:47:14 +0100] "GET /.git/config HTTP/1.1" 404 293 "-" "Mozilla/5.0 (hp-tablet; Linux; hpwOS/3.0.2; U; de-DE) AppleWebKit/534.6 (KHTML, like Gecko) wOSBrowser/234.40.1 Safari/534.6 TouchPad/1.0"
141.255.166.90 - - [26/Feb/2025:02:58:19 +0100] "GET /cgi-bin/luci/;stok=/locale HTTP/1.1" 404 371 "-" "-"
193.68.89.51 - - [26/Feb/2025:02:58:47 +0100] "GET / HTTP/1.1" 200 423 "-" "-"
156.59.198.135 - - [26/Feb/2025:03:01:04 +0100] "GET /renault.activities.at/htdocs/newsletter_log/nl_608197.txt HTTP/1.0" 404 317 "-" "Mozilla/5.0 (Linux; Android 5.0) AppleWebKit/537.36 (KHTML, like Gecko) Mobile Safari/537.36 (compatible; Bytespider; spider-feedback@bytedance.com)"
159.89.36.16 - - [26/Feb/2025:03:09:51 +0100] "GET /.env HTTP/1.1" 404 280 "-" "Mozilla/5.0 (Windows NT 6.3; Win64; x64) AppleWebKit/537.36 (KHTML, like Gecko) Chrome/75.0.3770.80 Safari/537.36"
159.89.36.16 - - [26/Feb/2025:03:10:35 +0100] "GET /.env HTTP/1.1" 404 280 "-" "Mozilla/5.0 (Linux; Android 9; ANE-LX1) AppleWebKit/537.36 (KHTML, like Gecko) Chrome/76.0.3809.111 Mobile Safari/537.36"
156.59.198.136 - - [26/Feb/2025:03:11:48 +0100] "GET /default/cgi-bin/lang/tooltips_m/awstats-tt-it.txt HTTP/1.0" 404 311 "-" "Mozilla/5.0 (Linux; Android 5.0) AppleWebKit/537.36 (KHTML, like Gecko) Mobile Safari/537.36 (compatible; Bytespider; spider-feedback@bytedance.com)"
45.144.212.139 - - [26/Feb/2025:03:12:37 +0100] "GET /.git/refs/tags/ HTTP/1.1" 404 287 "-" "SonyEricssonT100/R101"
80.82.77.202 - - [26/Feb/2025:03:12:59 +0100] "\x16\x03\x02\x01o\x01" 400 383 "-" "-"
46.19.143.26 - - [26/Feb/2025:03:13:25 +0100] "GET / HTTP/1.1" 200 423 "-" "-"
156.59.198.136 - - [26/Feb/2025:03:15:48 +0100] "GET /default/cgi-bin/lang/tooltips_w/awstats-tt-bg.txt HTTP/1.0" 404 312 "-" "Mozilla/5.0 (Linux; Android 5.0) AppleWebKit/537.36 (KHTML, like Gecko) Mobile Safari/537.36 (compatible; Bytespider; spider-feedback@bytedance.com)"
193.68.89.10 - - [26/Feb/2025:03:19:49 +0100] "GET / HTTP/1.1" 200 274 "-" "Mozilla/5.0 (Windows NT 10.0; Win64; x64) AppleWebKit/537.36 (KHTML, like Gecko) Chrome/90.0.4430.85 Safari/537.36 Edg/90.0.818.46"
156.59.198.135 - - [26/Feb/2025:03:19:49 +0100] "GET /renault.activities.at/htdocs/newsletter_log/nl_608241.txt HTTP/1.0" 404 316 "-" "Mozilla/5.0 (Linux; Android 5.0) AppleWebKit/537.36 (KHTML, like Gecko) Mobile Safari/537.36 (compatible; Bytespider; spider-feedback@bytedance.com)"
46.19.143.58 - - [26/Feb/2025:03:23:34 +0100] "GET / HTTP/1.1" 200 274 "-" "Mozilla/5.0 (Windows NT 10.0; Win64; x64) AppleWebKit/537.36 (KHTML, like Gecko) Chrome/90.0.4430.85 Safari/537.36 Edg/90.0.818.46"
141.255.166.90 - - [26/Feb/2025:03:42:31 +0100] "GET /cgi-bin/luci/;stok=/locale HTTP/1.1" 404 371 "-" "-"
156.59.198.135 - - [26/Feb/2025:03:43:27 +0100] "GET /renault.activities.at/htdocs/export/xml/data/orders/202010161603_RenOrder.xml HTTP/1.0" 404 329 "-" "Mozilla/5.0 (Linux; Android 5.0) AppleWebKit/537.36 (KHTML, like Gecko) Mobile Safari/537.36 (compatible; Bytespider; spider-feedback@bytedance.com)"
68.183.174.23 - - [26/Feb/2025:03:50:36 +0100] "\x16\x03\x01" 400 383 "-" "-"
68.183.174.23 - - [26/Feb/2025:03:50:37 +0100] "\x16\x03\x01" 400 383 "-" "-"
68.183.174.23 - - [26/Feb/2025:03:50:37 +0100] "GET / HTTP/1.1" 200 274 "-" "Mozilla/5.0 (Windows NT 10.0; Win64; x64) AppleWebKit/537.36 (KHTML, like Gecko) Chrome/108.0.0.0 Safari/537.36"
68.183.174.23 - - [26/Feb/2025:03:50:37 +0100] "GET /form.html HTTP/1.1" 404 283 "-" "curl/8.1.2"
68.183.174.23 - - [26/Feb/2025:03:50:38 +0100] "GET /upl.php HTTP/1.1" 404 282 "-" "Mozilla/5.0"
68.183.174.23 - - [26/Feb/2025:03:50:38 +0100] "GET /t4 HTTP/1.1" 404 278 "-" "Mozilla/5.0"
68.183.174.23 - - [26/Feb/2025:03:50:38 +0100] "GET /geoip/ HTTP/1.1" 404 281 "-" "Mozilla/5.0 (Windows NT 10.0; Win64; x64) AppleWebKit/537.36 (KHTML, like Gecko) Chrome/108.0.0.0 Safari/537.36"
68.183.174.23 - - [26/Feb/2025:03:50:39 +0100] "GET /favicon.ico HTTP/1.1" 404 284 "-" "Mozilla/5.0 (Windows NT 10.0; Win64; x64) AppleWebKit/537.36 (KHTML, like Gecko) Chrome/108.0.0.0 Safari/537.36"
68.183.174.23 - - [26/Feb/2025:03:50:39 +0100] "GET /1.php HTTP/1.1" 404 280 "-" "Mozilla/5.0 (Windows NT 10.0; Win64; x64) AppleWebKit/537.36 (KHTML, like Gecko) Chrome/108.0.0.0 Safari/537.36"
68.183.174.23 - - [26/Feb/2025:03:50:39 +0100] "GET /systembc/password.php HTTP/1.1" 404 291 "-" "Mozilla/5.0 (Windows NT 10.0; Win64; x64) AppleWebKit/537.36 (KHTML, like Gecko) Chrome/108.0.0.0 Safari/537.36"
68.183.174.23 - - [26/Feb/2025:03:50:40 +0100] "GET /password.php HTTP/1.1" 404 285 "-" "Mozilla/5.0 (Windows NT 10.0; Win64; x64) AppleWebKit/537.36 (KHTML, like Gecko) Chrome/108.0.0.0 Safari/537.36"
54.166.170.88 - - [26/Feb/2025:04:04:33 +0100] "GET /.git/config HTTP/1.1" 404 299 "-" "Mozilla/5.0 (Windows NT 6.1; WOW64) AppleWebKit/537.36 (KHTML, like Gecko) Chrome/74.0.3729.108 Safari/537.36"
47.128.38.82 - - [26/Feb/2025:04:08:01 +0100] "GET /robots.txt HTTP/1.1" 404 284 "-" "Mozilla/5.0 (Linux; Android 5.0) AppleWebKit/537.36 (KHTML, like Gecko) Mobile Safari/537.36 (compatible; Bytespider; spider-feedback@bytedance.com)"
185.93.89.118 - - [26/Feb/2025:04:09:10 +0100] "POST /cgi-bin/.%2e/.%2e/.%2e/.%2e/.%2e/.%2e/.%2e/.%2e/.%2e/.%2e/bin/sh HTTP/1.1" 400 373 "-" "Mozilla/5.0 (Linux; Linux x86_64; en-US) Gecko/20100101 Firefox/122.0"
185.93.89.118 - - [26/Feb/2025:04:09:10 +0100] "POST /cgi-bin/%%32%65%%32%65/%%32%65%%32%65/%%32%65%%32%65/%%32%65%%32%65/%%32%65%%32%65/%%32%65%%32%65/%%32%65%%32%65/bin/sh HTTP/1.1" 400 373 "-" "Mozilla/5.0 (Linux; Linux x86_64; en-US) Gecko/20100101 Firefox/122.0"
156.59.198.135 - - [26/Feb/2025:04:12:02 +0100] "GET /renault.activities.at/htdocs/pinEdit/editor/config/toolbar%20quick%20mode.txt HTTP/1.0" 404 325 "-" "Mozilla/5.0 (Linux; Android 5.0) AppleWebKit/537.36 (KHTML, like Gecko) Mobile Safari/537.36 (compatible; Bytespider; spider-feedback@bytedance.com)"
156.59.198.136 - - [26/Feb/2025:04:16:01 +0100] "GET /default/cgi-bin/lang/tooltips_f/awstats-tt-it.txt HTTP/1.0" 404 311 "-" "Mozilla/5.0 (Linux; Android 5.0) AppleWebKit/537.36 (KHTML, like Gecko) Mobile Safari/537.36 (compatible; Bytespider; spider-feedback@bytedance.com)"
93.174.93.12 - - [26/Feb/2025:04:19:18 +0100] "\x16\x03\x02\x01o\x01" 400 383 "-" "-"
47.128.122.52 - - [26/Feb/2025:04:20:01 +0100] "GET /robots.txt HTTP/1.1" 404 284 "-" "Mozilla/5.0 (Linux; Android 5.0) AppleWebKit/537.36 (KHTML, like Gecko) Mobile Safari/537.36 (compatible; Bytespider; spider-feedback@bytedance.com)"
47.128.63.180 - - [26/Feb/2025:04:24:04 +0100] "GET /robots.txt HTTP/1.1" 404 284 "-" "Mozilla/5.0 (Linux; Android 5.0) AppleWebKit/537.36 (KHTML, like Gecko) Mobile Safari/537.36 (compatible; Bytespider; spider-feedback@bytedance.com)"
47.128.31.249 - - [26/Feb/2025:04:28:04 +0100] "GET /robots.txt HTTP/1.1" 404 284 "-" "Mozilla/5.0 (Linux; Android 5.0) AppleWebKit/537.36 (KHTML, like Gecko) Mobile Safari/537.36 (compatible; Bytespider; spider-feedback@bytedance.com)"
164.52.24.188 - - [26/Feb/2025:04:29:51 +0100] "\x16\x03\x01\x02" 400 383 "-" "-"
164.52.24.188 - - [26/Feb/2025:04:30:09 +0100] "GET / HTTP/1.1" 200 423 "-" "Mozilla/5.0 (Windows NT 10.0; Win64; x64) AppleWebKit/537.36 (KHTML, like Gecko) Chrome/114.0.0.0 Safari/537.36"
141.255.166.90 - - [26/Feb/2025:04:30:18 +0100] "GET /cgi-bin/luci/;stok=/locale HTTP/1.1" 404 371 "-" "-"
193.68.89.10 - - [26/Feb/2025:04:51:11 +0100] "GET / HTTP/1.1" 200 274 "-" "Mozilla/5.0 (Windows NT 10.0; Win64; x64) AppleWebKit/537.36 (KHTML, like Gecko) Chrome/90.0.4430.85 Safari/537.36 Edg/90.0.818.46"
156.59.198.136 - - [26/Feb/2025:04:51:34 +0100] "GET /default/cgi-bin/lang/tooltips_m/awstats-tt-is.txt HTTP/1.0" 404 311 "-" "Mozilla/5.0 (Linux; Android 5.0) AppleWebKit/537.36 (KHTML, like Gecko) Mobile Safari/537.36 (compatible; Bytespider; spider-feedback@bytedance.com)"
220.70.218.26 - - [26/Feb/2025:04:57:15 +0100] "GET / HTTP/1.0" 200 423 "-" "curl/7.88.1"
57.129.64.10 - - [26/Feb/2025:05:00:51 +0100] "GET / HTTP/1.1" 200 274 "-" "Mozilla/5.0 zgrab/0.x"
156.59.198.136 - - [26/Feb/2025:05:12:32 +0100] "GET /renault.activities.at/htdocs/export/xml/data/orders/202103231903_RenOrder.xml HTTP/1.0" 404 329 "-" "Mozilla/5.0 (Linux; Android 5.0) AppleWebKit/537.36 (KHTML, like Gecko) Mobile Safari/537.36 (compatible; Bytespider; spider-feedback@bytedance.com)"
80.82.77.202 - - [26/Feb/2025:05:34:22 +0100] "GET / HTTP/1.0" 200 423 "-" "Mozilla/5.0 (X11; CrOS x86_64 12371.22.0) AppleWebKit/537.36 (KHTML, like Gecko) Chrome/77.0.3865.35 Safari/537.36"
141.255.166.90 - - [26/Feb/2025:06:09:05 +0100] "GET /cgi-bin/luci/;stok=/locale HTTP/1.1" 404 371 "-" "-"
5.101.6.136 - - [26/Feb/2025:06:12:04 +0100] "\x16\x03\x01\x05\xa8\x01" 400 383 "-" "-"
5.101.6.136 - - [26/Feb/2025:06:12:04 +0100] "GET /aaa9 HTTP/1.1" 404 280 "-" "Mozilla/5.0 (Windows NT 10.0; Win64; x64) AppleWebKit/537.36 (KHTML, like Gecko) Chrome/70.0.3538.77 Safari/537.36"
5.101.6.136 - - [26/Feb/2025:06:12:04 +0100] "\x16\x03\x01\x05\xa8\x01" 400 383 "-" "-"
5.101.6.136 - - [26/Feb/2025:06:12:05 +0100] "GET /aab9 HTTP/1.1" 404 280 "-" "Mozilla/5.0 (Windows NT 10.0; Win64; x64) AppleWebKit/537.36 (KHTML, like Gecko) Chrome/70.0.3538.77 Safari/537.36"
156.59.198.136 - - [26/Feb/2025:06:23:09 +0100] "GET /default/cgi-bin/lang/tooltips_w/awstats-tt-ru.txt HTTP/1.0" 404 311 "-" "Mozilla/5.0 (Linux; Android 5.0) AppleWebKit/537.36 (KHTML, like Gecko) Mobile Safari/537.36 (compatible; Bytespider; spider-feedback@bytedance.com)"
156.59.198.136 - - [26/Feb/2025:06:27:09 +0100] "GET /renault.activities.at/htdocs/export/xml/data/orders/202109141503_RenOrder.xml HTTP/1.0" 404 328 "-" "Mozilla/5.0 (Linux; Android 5.0) AppleWebKit/537.36 (KHTML, like Gecko) Mobile Safari/537.36 (compatible; Bytespider; spider-feedback@bytedance.com)"
156.59.198.135 - - [26/Feb/2025:06:31:10 +0100] "GET /renault.activities.at/htdocs/export/pdf/emuc_document/10252828.pdf HTTP/1.0" 404 321 "-" "Mozilla/5.0 (Linux; Android 5.0) AppleWebKit/537.36 (KHTML, like Gecko) Mobile Safari/537.36 (compatible; Bytespider; spider-feedback@bytedance.com)"
54.205.199.97 - - [26/Feb/2025:06:31:20 +0100] "GET /.git/config HTTP/1.1" 404 292 "-" "Mozilla/5.0 (Macintosh; Intel Mac OS X 10_13_6) AppleWebKit/605.1.15 (KHTML, like Gecko) Version/12.1 Safari/605.1.15"
198.235.24.73 - - [26/Feb/2025:06:51:04 +0100] "\x16\x03\x01" 400 383 "-" "-"
198.235.24.73 - - [26/Feb/2025:06:51:05 +0100] "\x16\x03\x01" 400 383 "-" "-"
156.59.198.135 - - [26/Feb/2025:06:51:12 +0100] "GET /renault.activities.at/htdocs/export/pdf/emuc_document/11213770.pdf HTTP/1.0" 404 322 "-" "Mozilla/5.0 (Linux; Android 5.0) AppleWebKit/537.36 (KHTML, like Gecko) Mobile Safari/537.36 (compatible; Bytespider; spider-feedback@bytedance.com)"
45.156.129.57 - - [26/Feb/2025:06:52:30 +0100] "GET / HTTP/1.1" 200 274 "-" "Mozilla/5.0 (Windows NT 10.0; Win64; x64) AppleWebKit/537.36 (KHTML, like Gecko) Chrome/60.0.3112.113 Safari/537.36"
156.59.198.135 - - [26/Feb/2025:06:57:26 +0100] "GET /renault.activities.at/htdocs/export/xml/data/orders/202012171103_RenOrder.xml HTTP/1.0" 404 329 "-" "Mozilla/5.0 (Linux; Android 5.0) AppleWebKit/537.36 (KHTML, like Gecko) Mobile Safari/537.36 (compatible; Bytespider; spider-feedback@bytedance.com)"
156.59.198.135 - - [26/Feb/2025:07:01:25 +0100] "GET /renault.activities.at/htdocs/export/pdf/emuc_document/11043598.pdf HTTP/1.0" 404 322 "-" "Mozilla/5.0 (Linux; Android 5.0) AppleWebKit/537.36 (KHTML, like Gecko) Mobile Safari/537.36 (compatible; Bytespider; spider-feedback@bytedance.com)"
156.59.198.135 - - [26/Feb/2025:07:05:26 +0100] "GET /renault.activities.at/htdocs/export/pdf/emuc_document/11213631.pdf HTTP/1.0" 404 321 "-" "Mozilla/5.0 (Linux; Android 5.0) AppleWebKit/537.36 (KHTML, like Gecko) Mobile Safari/537.36 (compatible; Bytespider; spider-feedback@bytedance.com)"
156.59.198.136 - - [26/Feb/2025:07:09:26 +0100] "GET /renault.activities.at/htdocs/newsletter_log/nl_608251.txt HTTP/1.0" 404 317 "-" "Mozilla/5.0 (Linux; Android 5.0) AppleWebKit/537.36 (KHTML, like Gecko) Mobile Safari/537.36 (compatible; Bytespider; spider-feedback@bytedance.com)"
141.255.166.90 - - [26/Feb/2025:07:09:27 +0100] "GET /cgi-bin/luci/;stok=/locale HTTP/1.1" 404 371 "-" "-"
156.59.198.136 - - [26/Feb/2025:07:23:47 +0100] "GET /renault.activities.at/htdocs/export/pdf/emuc_document/11157921.pdf HTTP/1.0" 404 322 "-" "Mozilla/5.0 (Linux; Android 5.0) AppleWebKit/537.36 (KHTML, like Gecko) Mobile Safari/537.36 (compatible; Bytespider; spider-feedback@bytedance.com)"
156.59.198.136 - - [26/Feb/2025:07:27:48 +0100] "GET /renault.activities.at/htdocs/export/xml/data/orders/202109091703_RenOrder.xml HTTP/1.0" 404 329 "-" "Mozilla/5.0 (Linux; Android 5.0) AppleWebKit/537.36 (KHTML, like Gecko) Mobile Safari/537.36 (compatible; Bytespider; spider-feedback@bytedance.com)"
196.251.85.238 - - [26/Feb/2025:07:29:27 +0100] "GET /login.rsp HTTP/1.1" 404 354 "-" "Hello World"
185.189.182.234 - - [26/Feb/2025:07:46:14 +0100] "GET / HTTP/1.1" 400 383 "-" "-"
141.255.166.90 - - [26/Feb/2025:07:52:10 +0100] "GET /cgi-bin/luci/;stok=/locale HTTP/1.1" 404 371 "-" "-"
156.59.198.136 - - [26/Feb/2025:07:53:57 +0100] "GET /renault.activities.at/htdocs/export/pdf/emuc_document/11503857.pdf HTTP/1.0" 404 322 "-" "Mozilla/5.0 (Linux; Android 5.0) AppleWebKit/537.36 (KHTML, like Gecko) Mobile Safari/537.36 (compatible; Bytespider; spider-feedback@bytedance.com)"
114.119.141.118 - - [26/Feb/2025:08:03:57 +0100] "GET /robots.txt HTTP/1.1" 404 291 "-" "Mozilla/5.0 (compatible;PetalBot;+https://webmaster.petalsearch.com/site/petalbot)"
193.68.89.10 - - [26/Feb/2025:08:07:47 +0100] "GET / HTTP/1.1" 200 274 "-" "Mozilla/5.0 (Windows NT 10.0; Win64; x64) AppleWebKit/537.36 (KHTML, like Gecko) Chrome/90.0.4430.85 Safari/537.36 Edg/90.0.818.46"
139.162.71.210 - - [26/Feb/2025:08:12:18 +0100] "GET / HTTP/1.1" 200 274 "-" "Mozilla/5.0 zgrab/0.x"
45.148.10.186 - - [26/Feb/2025:08:13:36 +0100] "GET /.git/config HTTP/1.1" 404 285 "-" "Avant Browser/1.2.789rel1 (http://www.avantbrowser.com)"
45.148.10.186 - - [26/Feb/2025:08:14:08 +0100] "GET /.git/config HTTP/1.1" 404 285 "-" "Mozilla/5.0 (SymbianOS/9.1; U; de) AppleWebKit/413 (KHTML, like Gecko) Safari/413"
156.59.198.136 - - [26/Feb/2025:08:19:50 +0100] "GET /renault.activities.at/htdocs/export/pdf/emuc_document/10424562.pdf HTTP/1.0" 404 321 "-" "Mozilla/5.0 (Linux; Android 5.0) AppleWebKit/537.36 (KHTML, like Gecko) Mobile Safari/537.36 (compatible; Bytespider; spider-feedback@bytedance.com)"
205.210.31.40 - - [26/Feb/2025:09:19:28 +0100] "GET / HTTP/1.0" 200 423 "-" "Expanse, a Palo Alto Networks company, searches across the global IPv4 space multiple times per day to identify customers' presences on the Internet. If you would like to be excluded from our scans, please send IP addresses/domains to: scaninfo@paloaltonetworks.com"
196.251.85.250 - - [26/Feb/2025:09:29:37 +0100] "GET /login.rsp HTTP/1.1" 404 354 "-" "Hello World"
193.41.206.50 - - [26/Feb/2025:09:30:19 +0100] "GET / HTTP/1.1" 200 274 "-" "Mozilla/5.0 (compatible; YandexNews/4.0; +http://yandex.com/bots)"
196.251.85.238 - - [26/Feb/2025:09:37:55 +0100] "GET /login.rsp HTTP/1.1" 404 354 "-" "Hello World"
156.59.198.136 - - [26/Feb/2025:09:44:07 +0100] "GET /renault.activities.at/htdocs/export/xml/data/orders/202007091203_RenOrder.xml HTTP/1.0" 404 329 "-" "Mozilla/5.0 (Linux; Android 5.0) AppleWebKit/537.36 (KHTML, like Gecko) Mobile Safari/537.36 (compatible; Bytespider; spider-feedback@bytedance.com)"
45.148.10.186 - - [26/Feb/2025:09:45:43 +0100] "GET /.env HTTP/1.1" 404 280 "-" "Mozilla/5.0 (X11; Linux x86_64) AppleWebKit/537.36 (KHTML, like Gecko) Chrome/76.0.3809.89 Safari/537.36"
45.148.10.186 - - [26/Feb/2025:09:46:05 +0100] "GET /.env HTTP/1.1" 404 280 "-" "Mozilla/5.0 (Linux; Android 6.0; Nexus 5X Build/MDB08L) AppleWebKit/537.36 (KHTML, like Gecko) Chrome/53.0.2785.124 Mobile Safari/537.36"
193.68.89.10 - - [26/Feb/2025:09:50:29 +0100] "GET / HTTP/1.1" 200 274 "-" "Mozilla/5.0 (Windows NT 10.0; Win64; x64) AppleWebKit/537.36 (KHTML, like Gecko) Chrome/90.0.4430.85 Safari/537.36 Edg/90.0.818.46"
156.59.198.136 - - [26/Feb/2025:10:04:08 +0100] "GET /renault.activities.at/htdocs/newsletter_log/nl_608155.txt HTTP/1.0" 404 316 "-" "Mozilla/5.0 (Linux; Android 5.0) AppleWebKit/537.36 (KHTML, like Gecko) Mobile Safari/537.36 (compatible; Bytespider; spider-feedback@bytedance.com)"
156.59.198.136 - - [26/Feb/2025:10:08:08 +0100] "GET /renault.activities.at/htdocs/export/pdf/emuc_document/10354770.pdf HTTP/1.0" 404 323 "-" "Mozilla/5.0 (Linux; Android 5.0) AppleWebKit/537.36 (KHTML, like Gecko) Mobile Safari/537.36 (compatible; Bytespider; spider-feedback@bytedance.com)"
156.59.198.135 - - [26/Feb/2025:10:12:08 +0100] "GET /renault.activities.at/htdocs/export/pdf/emuc_document/11606560.pdf HTTP/1.0" 404 321 "-" "Mozilla/5.0 (Linux; Android 5.0) AppleWebKit/537.36 (KHTML, like Gecko) Mobile Safari/537.36 (compatible; Bytespider; spider-feedback@bytedance.com)"
141.255.166.90 - - [26/Feb/2025:10:12:25 +0100] "GET /cgi-bin/luci/;stok=/locale HTTP/1.1" 404 371 "-" "-"
156.59.198.135 - - [26/Feb/2025:10:16:09 +0100] "GET /renault.activities.at/htdocs/export/pdf/emuc_document/12001721.pdf HTTP/1.0" 404 322 "-" "Mozilla/5.0 (Linux; Android 5.0) AppleWebKit/537.36 (KHTML, like Gecko) Mobile Safari/537.36 (compatible; Bytespider; spider-feedback@bytedance.com)"
156.59.198.136 - - [26/Feb/2025:10:20:08 +0100] "GET /renault.activities.at/htdocs/export/pdf/emuc_document/11063008.pdf HTTP/1.0" 404 322 "-" "Mozilla/5.0 (Linux; Android 5.0) AppleWebKit/537.36 (KHTML, like Gecko) Mobile Safari/537.36 (compatible; Bytespider; spider-feedback@bytedance.com)"
156.59.198.135 - - [26/Feb/2025:10:24:09 +0100] "GET /renault.activities.at/htdocs/export/xml/data/orders/201910281103_RenOrder.xml HTTP/1.0" 404 328 "-" "Mozilla/5.0 (Linux; Android 5.0) AppleWebKit/537.36 (KHTML, like Gecko) Mobile Safari/537.36 (compatible; Bytespider; spider-feedback@bytedance.com)"
156.59.198.136 - - [26/Feb/2025:10:28:09 +0100] "GET /renault.activities.at/htdocs/export/pdf/emuc_document/10668808.pdf HTTP/1.0" 404 322 "-" "Mozilla/5.0 (Linux; Android 5.0) AppleWebKit/537.36 (KHTML, like Gecko) Mobile Safari/537.36 (compatible; Bytespider; spider-feedback@bytedance.com)"
156.59.198.135 - - [26/Feb/2025:10:32:09 +0100] "GET /renault.activities.at/htdocs/export/xml/data/orders/201909131503_RenOrder.xml HTTP/1.0" 404 329 "-" "Mozilla/5.0 (Linux; Android 5.0) AppleWebKit/537.36 (KHTML, like Gecko) Mobile Safari/537.36 (compatible; Bytespider; spider-feedback@bytedance.com)"
156.59.198.136 - - [26/Feb/2025:10:36:10 +0100] "GET /renault.activities.at/htdocs/export/xml/data/orders/202108181403_RenOrder.xml HTTP/1.0" 404 329 "-" "Mozilla/5.0 (Linux; Android 5.0) AppleWebKit/537.36 (KHTML, like Gecko) Mobile Safari/537.36 (compatible; Bytespider; spider-feedback@bytedance.com)"
109.194.244.39 - - [26/Feb/2025:10:37:38 +0100] "GET / HTTP/1.0" 200 423 "-" "Mozilla/5.0 (Windows NT 6.3; Win64; x64) AppleWebKit/537.36 (KHTML, like Gecko) Chrome/75.0.3770.100 Safari/537.36"
156.59.198.136 - - [26/Feb/2025:10:40:10 +0100] "GET /renault.activities.at/htdocs/export/xml/data/orders/202009241303_RenOrder.xml HTTP/1.0" 404 329 "-" "Mozilla/5.0 (Linux; Android 5.0) AppleWebKit/537.36 (KHTML, like Gecko) Mobile Safari/537.36 (compatible; Bytespider; spider-feedback@bytedance.com)"
121.169.2.99 - - [26/Feb/2025:10:47:13 +0100] "GET / HTTP/1.0" 200 423 "-" "curl/7.88.1"
156.59.198.136 - - [26/Feb/2025:10:49:44 +0100] "GET /renault.activities.at/htdocs/dompdf-master/www/test/images/png/rgba8_bk.png HTTP/1.0" 404 327 "-" "Mozilla/5.0 (Linux; Android 5.0) AppleWebKit/537.36 (KHTML, like Gecko) Mobile Safari/537.36 (compatible; Bytespider; spider-feedback@bytedance.com)"
156.59.198.135 - - [26/Feb/2025:10:53:44 +0100] "GET /default/cgi-bin/lang/tooltips_w/awstats-tt-sk.txt HTTP/1.0" 404 312 "-" "Mozilla/5.0 (Linux; Android 5.0) AppleWebKit/537.36 (KHTML, like Gecko) Mobile Safari/537.36 (compatible; Bytespider; spider-feedback@bytedance.com)"
141.255.166.90 - - [26/Feb/2025:11:01:17 +0100] "GET /cgi-bin/luci/;stok=/locale HTTP/1.1" 404 371 "-" "-"
123.6.49.4 - - [26/Feb/2025:11:04:17 +0100] "\x16\x03\x01\x018\x01" 400 383 "-" "-"
123.6.49.14 - - [26/Feb/2025:11:04:18 +0100] "GET / HTTP/1.1" 200 423 "-" "Mozilla/5.0 (Macintosh; Intel Mac OS X 10_15_7) AppleWebKit/537.36 (KHTML, like Gecko) Chrome/120.0.0.0 Safari/537.36 Edg/120.0.0.0"
123.6.49.9 - - [26/Feb/2025:11:04:24 +0100] "GET /activities.ico HTTP/1.1" 200 1406 "-" "Mozilla/5.0 (Macintosh; Intel Mac OS X 10_7_0) AppleWebKit/535.11 (KHTML, like Gecko) Chrome/17.0.963.56 Safari/535.11"
123.6.49.6 - - [26/Feb/2025:11:04:26 +0100] "GET /robots.txt HTTP/1.1" 404 292 "-" "Mozilla/5.0 (Macintosh; Intel Mac OS X 10_7_0) AppleWebKit/535.11 (KHTML, like Gecko) Chrome/17.0.963.56 Safari/535.11"
123.6.49.42 - - [26/Feb/2025:11:04:29 +0100] "GET /sitemap.xml HTTP/1.1" 404 293 "-" "Mozilla/5.0 (Macintosh; Intel Mac OS X 10_7_0) AppleWebKit/535.11 (KHTML, like Gecko) Chrome/17.0.963.56 Safari/535.11"
123.6.49.10 - - [26/Feb/2025:11:04:32 +0100] "GET /config.json HTTP/1.1" 404 293 "-" "Mozilla/5.0 (Macintosh; Intel Mac OS X 10_7_0) AppleWebKit/535.11 (KHTML, like Gecko) Chrome/17.0.963.56 Safari/535.11"
103.187.199.101 - - [26/Feb/2025:11:15:12 +0100] "GET / HTTP/1.1" 200 423 "-" "Mozilla/5.0 (Macintosh; Intel Mac OS X 10_11_6) AppleWebKit/601.7.7 (KHTML, like Gecko) Version/9.1.2 Safari/601.7.7"
156.59.198.135 - - [26/Feb/2025:11:16:24 +0100] "GET /renault.activities.at/htdocs/export/xml/data/orders/202109171003_RenOrder.xml HTTP/1.0" 404 329 "-" "Mozilla/5.0 (Linux; Android 5.0) AppleWebKit/537.36 (KHTML, like Gecko) Mobile Safari/537.36 (compatible; Bytespider; spider-feedback@bytedance.com)"
156.59.198.135 - - [26/Feb/2025:11:20:25 +0100] "GET /renault.activities.at/htdocs/export/xml/data/orders/201909201303_RenOrder.xml HTTP/1.0" 404 328 "-" "Mozilla/5.0 (Linux; Android 5.0) AppleWebKit/537.36 (KHTML, like Gecko) Mobile Safari/537.36 (compatible; Bytespider; spider-feedback@bytedance.com)"
93.174.93.12 - - [26/Feb/2025:11:21:17 +0100] "GET / HTTP/1.0" 200 423 "-" "Mozilla/4.0 (compatible; MSIE 7.0; Windows Phone OS 7.0; Trident/3.1; IEMobile/7.0) Asus;Galaxy6"
156.59.198.136 - - [26/Feb/2025:11:24:24 +0100] "GET /default/cgi-bin/lang/tooltips_w/awstats-tt-nn.txt HTTP/1.0" 404 311 "-" "Mozilla/5.0 (Linux; Android 5.0) AppleWebKit/537.36 (KHTML, like Gecko) Mobile Safari/537.36 (compatible; Bytespider; spider-feedback@bytedance.com)"
112.46.217.155 - - [26/Feb/2025:11:24:37 +0100] "GET / HTTP/1.1" 400 383 "-" "-"
156.59.198.135 - - [26/Feb/2025:11:28:26 +0100] "GET /ed-test.activities.at/stats/lib/blacklist.txt HTTP/1.0" 404 307 "-" "Mozilla/5.0 (Linux; Android 5.0) AppleWebKit/537.36 (KHTML, like Gecko) Mobile Safari/537.36 (compatible; Bytespider; spider-feedback@bytedance.com)"
46.19.143.58 - - [26/Feb/2025:11:33:58 +0100] "GET / HTTP/1.1" 200 274 "-" "Mozilla/5.0 (Windows NT 10.0; Win64; x64) AppleWebKit/537.36 (KHTML, like Gecko) Chrome/90.0.4430.85 Safari/537.36 Edg/90.0.818.46"
193.68.89.10 - - [26/Feb/2025:11:35:56 +0100] "GET / HTTP/1.1" 200 274 "-" "Mozilla/5.0 (Windows NT 10.0; Win64; x64) AppleWebKit/537.36 (KHTML, like Gecko) Chrome/90.0.4430.85 Safari/537.36 Edg/90.0.818.46"
141.255.166.90 - - [26/Feb/2025:11:48:50 +0100] "GET /cgi-bin/luci/;stok=/locale HTTP/1.1" 404 371 "-" "-"
194.38.23.16 - - [26/Feb/2025:11:50:01 +0100] "GET /wp-content/themes/u-design/scripts/admin/uploadify/uploadify.css HTTP/1.1" 404 416 "-" "ALittle Client"
194.38.23.16 - - [26/Feb/2025:11:50:21 +0100] "GET /wp-content/themes/u-design/scripts/admin/uploadify/uploadify.css HTTP/1.1" 404 429 "-" "ALittle Client"
156.59.198.136 - - [26/Feb/2025:11:55:49 +0100] "GET /renault.activities.at/htdocs/export/xml/data/orders/201909270903_RenOrder.xml HTTP/1.0" 404 330 "-" "Mozilla/5.0 (Linux; Android 5.0) AppleWebKit/537.36 (KHTML, like Gecko) Mobile Safari/537.36 (compatible; Bytespider; spider-feedback@bytedance.com)"
77.119.174.15 - - [26/Feb/2025:11:58:56 +0100] "GET /layout.php HTTP/1.1" 200 815 "-" "Mozilla/5.0 (Windows NT 10.0; Win64; x64; rv:135.0) Gecko/20100101 Firefox/135.0"
77.119.174.15 - - [26/Feb/2025:11:58:57 +0100] "GET /activities.ico HTTP/1.1" 200 1406 "http://hausegger.activities.at/layout.php" "Mozilla/5.0 (Windows NT 10.0; Win64; x64; rv:135.0) Gecko/20100101 Firefox/135.0"
77.119.174.15 - - [26/Feb/2025:11:58:57 +0100] "GET /entry.php?id=10273 HTTP/1.1" 200 1902 "http://hausegger.activities.at/layout.php" "Mozilla/5.0 (Windows NT 10.0; Win64; x64; rv:135.0) Gecko/20100101 Firefox/135.0"
77.119.174.15 - - [26/Feb/2025:11:58:57 +0100] "GET /entry.php?id=10270 HTTP/1.1" 200 909 "http://hausegger.activities.at/layout.php" "Mozilla/5.0 (Windows NT 10.0; Win64; x64; rv:135.0) Gecko/20100101 Firefox/135.0"
77.119.174.15 - - [26/Feb/2025:11:58:57 +0100] "GET /entry.php?id=10272 HTTP/1.1" 200 1159 "http://hausegger.activities.at/layout.php" "Mozilla/5.0 (Windows NT 10.0; Win64; x64; rv:135.0) Gecko/20100101 Firefox/135.0"
77.119.174.15 - - [26/Feb/2025:11:58:57 +0100] "GET /entry.php?id=11412 HTTP/1.1" 200 1759 "http://hausegger.activities.at/layout.php" "Mozilla/5.0 (Windows NT 10.0; Win64; x64; rv:135.0) Gecko/20100101 Firefox/135.0"
77.119.174.15 - - [26/Feb/2025:11:58:57 +0100] "GET /gui/styles/tmplDefault.css HTTP/1.1" 200 2135 "http://hausegger.activities.at/entry.php?id=11412" "Mozilla/5.0 (Windows NT 10.0; Win64; x64; rv:135.0) Gecko/20100101 Firefox/135.0"
77.119.174.15 - - [26/Feb/2025:11:58:57 +0100] "GET /gui/javascript/form_form.js?1740567537 HTTP/1.1" 200 16206 "http://hausegger.activities.at/entry.php?id=10273" "Mozilla/5.0 (Windows NT 10.0; Win64; x64; rv:135.0) Gecko/20100101 Firefox/135.0"
77.119.174.15 - - [26/Feb/2025:11:58:57 +0100] "GET /gui/javascript/form_form.js?1740567537 HTTP/1.1" 200 16206 "http://hausegger.activities.at/entry.php?id=10270" "Mozilla/5.0 (Windows NT 10.0; Win64; x64; rv:135.0) Gecko/20100101 Firefox/135.0"
77.119.174.15 - - [26/Feb/2025:11:58:57 +0100] "GET /gui/javascript/form_form.js?1740567537 HTTP/1.1" 200 16206 "http://hausegger.activities.at/entry.php?id=11412" "Mozilla/5.0 (Windows NT 10.0; Win64; x64; rv:135.0) Gecko/20100101 Firefox/135.0"
77.119.174.15 - - [26/Feb/2025:11:58:57 +0100] "GET /gui/javascript/form_form.js?1740567537 HTTP/1.1" 200 16206 "http://hausegger.activities.at/entry.php?id=10272" "Mozilla/5.0 (Windows NT 10.0; Win64; x64; rv:135.0) Gecko/20100101 Firefox/135.0"
77.119.174.15 - - [26/Feb/2025:11:58:57 +0100] "GET /entry.php?id=10287 HTTP/1.1" 200 2419 "http://hausegger.activities.at/entry.php?id=11412" "Mozilla/5.0 (Windows NT 10.0; Win64; x64; rv:135.0) Gecko/20100101 Firefox/135.0"
77.119.174.15 - - [26/Feb/2025:11:58:57 +0100] "GET /entry.php?id=10271& HTTP/1.1" 200 935 "http://hausegger.activities.at/entry.php?id=10272" "Mozilla/5.0 (Windows NT 10.0; Win64; x64; rv:135.0) Gecko/20100101 Firefox/135.0"
77.119.174.15 - - [26/Feb/2025:11:58:57 +0100] "GET /entry.php?id=10270& HTTP/1.1" 200 909 "http://hausegger.activities.at/entry.php?id=10287" "Mozilla/5.0 (Windows NT 10.0; Win64; x64; rv:135.0) Gecko/20100101 Firefox/135.0"
77.119.174.15 - - [26/Feb/2025:11:58:57 +0100] "GET /entry.php?id=10273& HTTP/1.1" 200 1903 "http://hausegger.activities.at/entry.php?id=10287" "Mozilla/5.0 (Windows NT 10.0; Win64; x64; rv:135.0) Gecko/20100101 Firefox/135.0"
77.119.174.15 - - [26/Feb/2025:11:58:58 +0100] "GET /gui/javascript/form_form.js?1740567538 HTTP/1.1" 200 16206 "http://hausegger.activities.at/entry.php?id=10273&" "Mozilla/5.0 (Windows NT 10.0; Win64; x64; rv:135.0) Gecko/20100101 Firefox/135.0"
77.119.174.15 - - [26/Feb/2025:11:58:58 +0100] "GET /gui/javascript/form_form.js?1740567538 HTTP/1.1" 200 16206 "http://hausegger.activities.at/entry.php?id=10270&" "Mozilla/5.0 (Windows NT 10.0; Win64; x64; rv:135.0) Gecko/20100101 Firefox/135.0"
156.59.198.136 - - [26/Feb/2025:11:59:49 +0100] "GET /renault.activities.at/htdocs/export/xml/data/orders/201909121603_RenOrder.xml HTTP/1.0" 404 329 "-" "Mozilla/5.0 (Linux; Android 5.0) AppleWebKit/537.36 (KHTML, like Gecko) Mobile Safari/537.36 (compatible; Bytespider; spider-feedback@bytedance.com)"
77.119.174.15 - - [26/Feb/2025:11:58:59 +0100] "POST /entry.php?id=10287& HTTP/1.1" 200 1968 "http://hausegger.activities.at/entry.php?id=10287" "Mozilla/5.0 (Windows NT 10.0; Win64; x64; rv:135.0) Gecko/20100101 Firefox/135.0"
77.119.174.15 - - [26/Feb/2025:12:00:03 +0100] "GET /gui/javascript/form_form.js?1740567603 HTTP/1.1" 200 16206 "http://hausegger.activities.at/entry.php?id=10287&" "Mozilla/5.0 (Windows NT 10.0; Win64; x64; rv:135.0) Gecko/20100101 Firefox/135.0"
77.119.174.15 - - [26/Feb/2025:12:00:03 +0100] "GET /entry.php?id=10273& HTTP/1.1" 200 2011 "http://hausegger.activities.at/entry.php?id=10287&" "Mozilla/5.0 (Windows NT 10.0; Win64; x64; rv:135.0) Gecko/20100101 Firefox/135.0"
77.119.174.15 - - [26/Feb/2025:12:00:03 +0100] "GET /framework/webfx/style/toolbar/images/cbback.gif HTTP/1.1" 404 318 "http://hausegger.activities.at/framework/webfx/style/toolbar/cb2.css" "Mozilla/5.0 (Windows NT 10.0; Win64; x64; rv:135.0) Gecko/20100101 Firefox/135.0"
77.119.174.15 - - [26/Feb/2025:12:00:03 +0100] "GET /entry.php?id=10270&__app__=10006038 HTTP/1.1" 200 2231 "http://hausegger.activities.at/entry.php?id=10273&" "Mozilla/5.0 (Windows NT 10.0; Win64; x64; rv:135.0) Gecko/20100101 Firefox/135.0"
77.119.174.15 - - [26/Feb/2025:12:00:03 +0100] "GET /entry.php?id=10271& HTTP/1.1" 200 987 "http://hausegger.activities.at/entry.php?id=10272" "Mozilla/5.0 (Windows NT 10.0; Win64; x64; rv:135.0) Gecko/20100101 Firefox/135.0"
77.119.174.15 - - [26/Feb/2025:12:00:03 +0100] "GET /undefined HTTP/1.1" 404 289 "http://hausegger.activities.at/entry.php?id=10270&__app__=10006038" "Mozilla/5.0 (Windows NT 10.0; Win64; x64; rv:135.0) Gecko/20100101 Firefox/135.0"
77.119.174.15 - - [26/Feb/2025:12:01:03 +0100] "GET /entry.php?id=10271&&ser=567603 HTTP/1.1" 200 987 "http://hausegger.activities.at/entry.php?id=10271&" "Mozilla/5.0 (Windows NT 10.0; Win64; x64; rv:135.0) Gecko/20100101 Firefox/135.0"
77.119.174.15 - - [26/Feb/2025:12:01:04 +0100] "GET /gui/javascript/form_form.js?1740567663 HTTP/1.1" 200 16206 "http://hausegger.activities.at/entry.php?id=10271&&ser=567603" "Mozilla/5.0 (Windows NT 10.0; Win64; x64; rv:135.0) Gecko/20100101 Firefox/135.0"
77.119.174.15 - - [26/Feb/2025:12:02:04 +0100] "GET /entry.php?id=10271&&ser=567663 HTTP/1.1" 200 987 "http://hausegger.activities.at/entry.php?id=10271&&ser=567603" "Mozilla/5.0 (Windows NT 10.0; Win64; x64; rv:135.0) Gecko/20100101 Firefox/135.0"
77.119.174.15 - - [26/Feb/2025:12:02:04 +0100] "GET /gui/javascript/form_form.js?1740567724 HTTP/1.1" 200 16206 "http://hausegger.activities.at/entry.php?id=10271&&ser=567663" "Mozilla/5.0 (Windows NT 10.0; Win64; x64; rv:135.0) Gecko/20100101 Firefox/135.0"
77.119.174.15 - - [26/Feb/2025:12:03:04 +0100] "GET /entry.php?id=10271&&ser=567724 HTTP/1.1" 200 987 "http://hausegger.activities.at/entry.php?id=10271&&ser=567663" "Mozilla/5.0 (Windows NT 10.0; Win64; x64; rv:135.0) Gecko/20100101 Firefox/135.0"
77.119.174.15 - - [26/Feb/2025:12:03:04 +0100] "GET /gui/javascript/form_form.js?1740567784 HTTP/1.1" 200 16206 "http://hausegger.activities.at/entry.php?id=10271&&ser=567724" "Mozilla/5.0 (Windows NT 10.0; Win64; x64; rv:135.0) Gecko/20100101 Firefox/135.0"
77.119.174.15 - - [26/Feb/2025:12:04:04 +0100] "GET /entry.php?id=10271&&ser=567784 HTTP/1.1" 200 987 "http://hausegger.activities.at/entry.php?id=10271&&ser=567724" "Mozilla/5.0 (Windows NT 10.0; Win64; x64; rv:135.0) Gecko/20100101 Firefox/135.0"
77.119.174.15 - - [26/Feb/2025:12:04:04 +0100] "GET /gui/javascript/form_form.js?1740567844 HTTP/1.1" 200 16206 "http://hausegger.activities.at/entry.php?id=10271&&ser=567784" "Mozilla/5.0 (Windows NT 10.0; Win64; x64; rv:135.0) Gecko/20100101 Firefox/135.0"
156.59.198.135 - - [26/Feb/2025:12:04:26 +0100] "GET /renault.activities.at/htdocs/newsletter_log/nl_608244.txt HTTP/1.0" 404 317 "-" "Mozilla/5.0 (Linux; Android 5.0) AppleWebKit/537.36 (KHTML, like Gecko) Mobile Safari/537.36 (compatible; Bytespider; spider-feedback@bytedance.com)"
77.119.174.15 - - [26/Feb/2025:12:05:05 +0100] "GET /entry.php?id=10271&&ser=567844 HTTP/1.1" 200 988 "http://hausegger.activities.at/entry.php?id=10271&&ser=567784" "Mozilla/5.0 (Windows NT 10.0; Win64; x64; rv:135.0) Gecko/20100101 Firefox/135.0"
77.119.174.15 - - [26/Feb/2025:12:05:05 +0100] "GET /gui/javascript/form_form.js?1740567905 HTTP/1.1" 200 16206 "http://hausegger.activities.at/entry.php?id=10271&&ser=567844" "Mozilla/5.0 (Windows NT 10.0; Win64; x64; rv:135.0) Gecko/20100101 Firefox/135.0"
77.119.174.15 - - [26/Feb/2025:12:05:58 +0100] "GET /entry.php?id=10828 HTTP/1.1" 200 9140 "http://hausegger.activities.at/entry.php?id=10270&__app__=10006038" "Mozilla/5.0 (Windows NT 10.0; Win64; x64; rv:135.0) Gecko/20100101 Firefox/135.0"
77.119.174.15 - - [26/Feb/2025:12:05:58 +0100] "GET /gui/javascript/form_form.js?1740567958 HTTP/1.1" 200 16206 "http://hausegger.activities.at/entry.php?id=10828" "Mozilla/5.0 (Windows NT 10.0; Win64; x64; rv:135.0) Gecko/20100101 Firefox/135.0"
77.119.174.15 - - [26/Feb/2025:12:05:58 +0100] "GET /entry.php?id=10889&document_id=& HTTP/1.1" 200 1508 "http://hausegger.activities.at/entry.php?id=10828" "Mozilla/5.0 (Windows NT 10.0; Win64; x64; rv:135.0) Gecko/20100101 Firefox/135.0"
77.119.174.15 - - [26/Feb/2025:12:06:05 +0100] "GET /entry.php?id=10271&&ser=567905 HTTP/1.1" 200 988 "http://hausegger.activities.at/entry.php?id=10271&&ser=567844" "Mozilla/5.0 (Windows NT 10.0; Win64; x64; rv:135.0) Gecko/20100101 Firefox/135.0"
77.119.174.15 - - [26/Feb/2025:12:06:05 +0100] "GET /gui/javascript/form_form.js?1740567965 HTTP/1.1" 200 16206 "http://hausegger.activities.at/entry.php?id=10271&&ser=567905" "Mozilla/5.0 (Windows NT 10.0; Win64; x64; rv:135.0) Gecko/20100101 Firefox/135.0"
77.119.174.15 - - [26/Feb/2025:12:07:05 +0100] "GET /entry.php?id=10271&&ser=567965 HTTP/1.1" 200 986 "http://hausegger.activities.at/entry.php?id=10271&&ser=567905" "Mozilla/5.0 (Windows NT 10.0; Win64; x64; rv:135.0) Gecko/20100101 Firefox/135.0"
77.119.174.15 - - [26/Feb/2025:12:07:05 +0100] "GET /gui/javascript/form_form.js?1740568025 HTTP/1.1" 200 16206 "http://hausegger.activities.at/entry.php?id=10271&&ser=567965" "Mozilla/5.0 (Windows NT 10.0; Win64; x64; rv:135.0) Gecko/20100101 Firefox/135.0"
77.119.174.15 - - [26/Feb/2025:12:08:05 +0100] "GET /entry.php?id=10271&&ser=568025 HTTP/1.1" 200 988 "http://hausegger.activities.at/entry.php?id=10271&&ser=567965" "Mozilla/5.0 (Windows NT 10.0; Win64; x64; rv:135.0) Gecko/20100101 Firefox/135.0"
77.119.174.15 - - [26/Feb/2025:12:08:06 +0100] "GET /gui/javascript/form_form.js?1740568085 HTTP/1.1" 200 16206 "http://hausegger.activities.at/entry.php?id=10271&&ser=568025" "Mozilla/5.0 (Windows NT 10.0; Win64; x64; rv:135.0) Gecko/20100101 Firefox/135.0"
156.59.198.135 - - [26/Feb/2025:12:08:25 +0100] "GET /renault.activities.at/htdocs/export/pdf/emuc_document/11890094.pdf HTTP/1.0" 404 321 "-" "Mozilla/5.0 (Linux; Android 5.0) AppleWebKit/537.36 (KHTML, like Gecko) Mobile Safari/537.36 (compatible; Bytespider; spider-feedback@bytedance.com)"
77.119.174.15 - - [26/Feb/2025:12:09:06 +0100] "GET /entry.php?id=10271&&ser=568085 HTTP/1.1" 200 987 "http://hausegger.activities.at/entry.php?id=10271&&ser=568025" "Mozilla/5.0 (Windows NT 10.0; Win64; x64; rv:135.0) Gecko/20100101 Firefox/135.0"
77.119.174.15 - - [26/Feb/2025:12:09:06 +0100] "GET /gui/javascript/form_form.js?1740568146 HTTP/1.1" 200 16206 "http://hausegger.activities.at/entry.php?id=10271&&ser=568085" "Mozilla/5.0 (Windows NT 10.0; Win64; x64; rv:135.0) Gecko/20100101 Firefox/135.0"
77.119.174.15 - - [26/Feb/2025:12:10:06 +0100] "GET /entry.php?id=10271&&ser=568146 HTTP/1.1" 200 986 "http://hausegger.activities.at/entry.php?id=10271&&ser=568085" "Mozilla/5.0 (Windows NT 10.0; Win64; x64; rv:135.0) Gecko/20100101 Firefox/135.0"
77.119.174.15 - - [26/Feb/2025:12:10:06 +0100] "GET /gui/javascript/form_form.js?1740568206 HTTP/1.1" 200 16206 "http://hausegger.activities.at/entry.php?id=10271&&ser=568146" "Mozilla/5.0 (Windows NT 10.0; Win64; x64; rv:135.0) Gecko/20100101 Firefox/135.0"
77.119.174.15 - - [26/Feb/2025:12:11:06 +0100] "GET /entry.php?id=10271&&ser=568206 HTTP/1.1" 200 987 "http://hausegger.activities.at/entry.php?id=10271&&ser=568146" "Mozilla/5.0 (Windows NT 10.0; Win64; x64; rv:135.0) Gecko/20100101 Firefox/135.0"
77.119.174.15 - - [26/Feb/2025:12:11:06 +0100] "GET /gui/javascript/form_form.js?1740568266 HTTP/1.1" 200 16206 "http://hausegger.activities.at/entry.php?id=10271&&ser=568206" "Mozilla/5.0 (Windows NT 10.0; Win64; x64; rv:135.0) Gecko/20100101 Firefox/135.0"
77.119.174.15 - - [26/Feb/2025:12:12:07 +0100] "GET /entry.php?id=10271&&ser=568266 HTTP/1.1" 200 987 "http://hausegger.activities.at/entry.php?id=10271&&ser=568206" "Mozilla/5.0 (Windows NT 10.0; Win64; x64; rv:135.0) Gecko/20100101 Firefox/135.0"
77.119.174.15 - - [26/Feb/2025:12:12:07 +0100] "GET /gui/javascript/form_form.js?1740568327 HTTP/1.1" 200 16206 "http://hausegger.activities.at/entry.php?id=10271&&ser=568266" "Mozilla/5.0 (Windows NT 10.0; Win64; x64; rv:135.0) Gecko/20100101 Firefox/135.0"
77.119.174.15 - - [26/Feb/2025:12:13:07 +0100] "GET /entry.php?id=10271&&ser=568327 HTTP/1.1" 200 987 "http://hausegger.activities.at/entry.php?id=10271&&ser=568266" "Mozilla/5.0 (Windows NT 10.0; Win64; x64; rv:135.0) Gecko/20100101 Firefox/135.0"
77.119.174.15 - - [26/Feb/2025:12:13:07 +0100] "GET /gui/javascript/form_form.js?1740568387 HTTP/1.1" 200 16206 "http://hausegger.activities.at/entry.php?id=10271&&ser=568327" "Mozilla/5.0 (Windows NT 10.0; Win64; x64; rv:135.0) Gecko/20100101 Firefox/135.0"
77.119.174.15 - - [26/Feb/2025:12:14:07 +0100] "GET /entry.php?id=10271&&ser=568387 HTTP/1.1" 200 986 "http://hausegger.activities.at/entry.php?id=10271&&ser=568327" "Mozilla/5.0 (Windows NT 10.0; Win64; x64; rv:135.0) Gecko/20100101 Firefox/135.0"
77.119.174.15 - - [26/Feb/2025:12:14:07 +0100] "GET /gui/javascript/form_form.js?1740568447 HTTP/1.1" 200 16206 "http://hausegger.activities.at/entry.php?id=10271&&ser=568387" "Mozilla/5.0 (Windows NT 10.0; Win64; x64; rv:135.0) Gecko/20100101 Firefox/135.0"
77.119.174.15 - - [26/Feb/2025:12:15:07 +0100] "GET /entry.php?id=10271&&ser=568447 HTTP/1.1" 200 988 "http://hausegger.activities.at/entry.php?id=10271&&ser=568387" "Mozilla/5.0 (Windows NT 10.0; Win64; x64; rv:135.0) Gecko/20100101 Firefox/135.0"
77.119.174.15 - - [26/Feb/2025:12:15:08 +0100] "GET /gui/javascript/form_form.js?1740568508 HTTP/1.1" 200 16206 "http://hausegger.activities.at/entry.php?id=10271&&ser=568447" "Mozilla/5.0 (Windows NT 10.0; Win64; x64; rv:135.0) Gecko/20100101 Firefox/135.0"
77.119.174.15 - - [26/Feb/2025:12:16:08 +0100] "GET /entry.php?id=10271&&ser=568508 HTTP/1.1" 200 986 "http://hausegger.activities.at/entry.php?id=10271&&ser=568447" "Mozilla/5.0 (Windows NT 10.0; Win64; x64; rv:135.0) Gecko/20100101 Firefox/135.0"
77.119.174.15 - - [26/Feb/2025:12:16:08 +0100] "GET /gui/javascript/form_form.js?1740568568 HTTP/1.1" 200 16206 "http://hausegger.activities.at/entry.php?id=10271&&ser=568508" "Mozilla/5.0 (Windows NT 10.0; Win64; x64; rv:135.0) Gecko/20100101 Firefox/135.0"
77.119.174.15 - - [26/Feb/2025:12:17:08 +0100] "GET /entry.php?id=10271&&ser=568568 HTTP/1.1" 200 987 "http://hausegger.activities.at/entry.php?id=10271&&ser=568508" "Mozilla/5.0 (Windows NT 10.0; Win64; x64; rv:135.0) Gecko/20100101 Firefox/135.0"
77.119.174.15 - - [26/Feb/2025:12:17:08 +0100] "GET /gui/javascript/form_form.js?1740568628 HTTP/1.1" 200 16206 "http://hausegger.activities.at/entry.php?id=10271&&ser=568568" "Mozilla/5.0 (Windows NT 10.0; Win64; x64; rv:135.0) Gecko/20100101 Firefox/135.0"
77.119.174.15 - - [26/Feb/2025:12:18:08 +0100] "GET /entry.php?id=10271&&ser=568628 HTTP/1.1" 200 987 "http://hausegger.activities.at/entry.php?id=10271&&ser=568568" "Mozilla/5.0 (Windows NT 10.0; Win64; x64; rv:135.0) Gecko/20100101 Firefox/135.0"
77.119.174.15 - - [26/Feb/2025:12:18:08 +0100] "GET /gui/javascript/form_form.js?1740568688 HTTP/1.1" 200 16206 "http://hausegger.activities.at/entry.php?id=10271&&ser=568628" "Mozilla/5.0 (Windows NT 10.0; Win64; x64; rv:135.0) Gecko/20100101 Firefox/135.0"
77.119.174.15 - - [26/Feb/2025:12:19:09 +0100] "GET /entry.php?id=10271&&ser=568688 HTTP/1.1" 200 987 "http://hausegger.activities.at/entry.php?id=10271&&ser=568628" "Mozilla/5.0 (Windows NT 10.0; Win64; x64; rv:135.0) Gecko/20100101 Firefox/135.0"
77.119.174.15 - - [26/Feb/2025:12:19:09 +0100] "GET /gui/javascript/form_form.js?1740568749 HTTP/1.1" 200 16206 "http://hausegger.activities.at/entry.php?id=10271&&ser=568688" "Mozilla/5.0 (Windows NT 10.0; Win64; x64; rv:135.0) Gecko/20100101 Firefox/135.0"
196.251.92.16 - - [26/Feb/2025:12:19:10 +0100] "GET /.env.development HTTP/1.1" 404 287 "-" "Mozilla/5.0 (Linux; U; Android 2.3.4; en-us; BNTV250 Build/GINGERBREAD) AppleWebKit/533.1 (KHTML, like Gecko) Version/4.0 Safari/533.1"
77.119.174.15 - - [26/Feb/2025:12:20:09 +0100] "GET /entry.php?id=10271&&ser=568749 HTTP/1.1" 200 987 "http://hausegger.activities.at/entry.php?id=10271&&ser=568688" "Mozilla/5.0 (Windows NT 10.0; Win64; x64; rv:135.0) Gecko/20100101 Firefox/135.0"
77.119.174.15 - - [26/Feb/2025:12:20:09 +0100] "GET /gui/javascript/form_form.js?1740568809 HTTP/1.1" 200 16206 "http://hausegger.activities.at/entry.php?id=10271&&ser=568749" "Mozilla/5.0 (Windows NT 10.0; Win64; x64; rv:135.0) Gecko/20100101 Firefox/135.0"
77.119.174.15 - - [26/Feb/2025:12:21:09 +0100] "GET /entry.php?id=10271&&ser=568809 HTTP/1.1" 200 987 "http://hausegger.activities.at/entry.php?id=10271&&ser=568749" "Mozilla/5.0 (Windows NT 10.0; Win64; x64; rv:135.0) Gecko/20100101 Firefox/135.0"
77.119.174.15 - - [26/Feb/2025:12:21:09 +0100] "GET /gui/javascript/form_form.js?1740568869 HTTP/1.1" 200 16206 "http://hausegger.activities.at/entry.php?id=10271&&ser=568809" "Mozilla/5.0 (Windows NT 10.0; Win64; x64; rv:135.0) Gecko/20100101 Firefox/135.0"
77.119.174.15 - - [26/Feb/2025:12:22:10 +0100] "GET /entry.php?id=10271&&ser=568869 HTTP/1.1" 200 987 "http://hausegger.activities.at/entry.php?id=10271&&ser=568809" "Mozilla/5.0 (Windows NT 10.0; Win64; x64; rv:135.0) Gecko/20100101 Firefox/135.0"
77.119.174.15 - - [26/Feb/2025:12:22:10 +0100] "GET /gui/javascript/form_form.js?1740568930 HTTP/1.1" 200 16206 "http://hausegger.activities.at/entry.php?id=10271&&ser=568869" "Mozilla/5.0 (Windows NT 10.0; Win64; x64; rv:135.0) Gecko/20100101 Firefox/135.0"
77.119.174.15 - - [26/Feb/2025:12:23:10 +0100] "GET /entry.php?id=10271&&ser=568930 HTTP/1.1" 200 987 "http://hausegger.activities.at/entry.php?id=10271&&ser=568869" "Mozilla/5.0 (Windows NT 10.0; Win64; x64; rv:135.0) Gecko/20100101 Firefox/135.0"
