156.59.198.135 - - [27/Feb/2025:01:09:42 +0100] "GET /renault.activities.at/htdocs/log/cron/reminder_mailing_3115223.txt HTTP/1.0" 404 323 "-" "Mozilla/5.0 (Linux; Android 5.0) AppleWebKit/537.36 (KHTML, like Gecko) Mobile Safari/537.36 (compatible; Bytespider; spider-feedback@bytedance.com)"
35.202.9.133 - - [27/Feb/2025:01:11:41 +0100] "GET / HTTP/1.1" 200 274 "-" "Mozilla/5.0 (compatible; tchelebi/1.0; +http://tchelebi.io)"
156.59.198.135 - - [27/Feb/2025:01:29:44 +0100] "GET /renault.activities.at/htdocs/export/xml/data/orders/202010021603_RenOrder.xml HTTP/1.0" 404 328 "-" "Mozilla/5.0 (Linux; Android 5.0) AppleWebKit/537.36 (KHTML, like Gecko) Mobile Safari/537.36 (compatible; Bytespider; spider-feedback@bytedance.com)"
101.199.254.236 - - [27/Feb/2025:01:31:10 +0100] "\x16\x03\x01\x013\x01" 400 383 "-" "-"
101.199.254.199 - - [27/Feb/2025:01:31:13 +0100] "GET / HTTP/1.1" 200 423 "-" "Mozilla/5.0 (Macintosh; Intel Mac OS X 10_15_7) AppleWebKit/537.36 (KHTML, like Gecko) Chrome/120.0.0.0 Safari/537.36 Edg/120.0.0.0"
101.199.254.237 - - [27/Feb/2025:01:31:18 +0100] "GET /activities.ico HTTP/1.1" 200 1406 "-" "Mozilla/5.0 (Macintosh; Intel Mac OS X 10_7_0) AppleWebKit/535.11 (KHTML, like Gecko) Chrome/17.0.963.56 Safari/535.11"
101.199.254.235 - - [27/Feb/2025:01:31:24 +0100] "GET /robots.txt HTTP/1.1" 404 288 "-" "Mozilla/5.0 (Macintosh; Intel Mac OS X 10_7_0) AppleWebKit/535.11 (KHTML, like Gecko) Chrome/17.0.963.56 Safari/535.11"
101.199.254.242 - - [27/Feb/2025:01:31:29 +0100] "GET /sitemap.xml HTTP/1.1" 404 288 "-" "Mozilla/5.0 (Macintosh; Intel Mac OS X 10_7_0) AppleWebKit/535.11 (KHTML, like Gecko) Chrome/17.0.963.56 Safari/535.11"
101.199.254.204 - - [27/Feb/2025:01:31:34 +0100] "GET /config.json HTTP/1.1" 404 289 "-" "Mozilla/5.0 (Macintosh; Intel Mac OS X 10_7_0) AppleWebKit/535.11 (KHTML, like Gecko) Chrome/17.0.963.56 Safari/535.11"
156.59.198.135 - - [27/Feb/2025:01:33:44 +0100] "GET /renault.activities.at/htdocs/export/xml/data/orders/202107131603_RenOrder.xml HTTP/1.0" 404 330 "-" "Mozilla/5.0 (Linux; Android 5.0) AppleWebKit/537.36 (KHTML, like Gecko) Mobile Safari/537.36 (compatible; Bytespider; spider-feedback@bytedance.com)"
27.115.124.97 - - [27/Feb/2025:01:35:10 +0100] "\x16\x03\x01\x014\x01" 400 383 "-" "-"
27.115.124.69 - - [27/Feb/2025:01:35:11 +0100] "GET / HTTP/1.1" 200 423 "-" "Mozilla/5.0 (Macintosh; Intel Mac OS X 10_15_7) AppleWebKit/537.36 (KHTML, like Gecko) Chrome/120.0.0.0 Safari/537.36 Edg/120.0.0.0"
27.115.124.48 - - [27/Feb/2025:01:35:15 +0100] "GET /activities.ico HTTP/1.1" 200 1406 "-" "Mozilla/5.0 (Macintosh; Intel Mac OS X 10_7_0) AppleWebKit/535.11 (KHTML, like Gecko) Chrome/17.0.963.56 Safari/535.11"
27.115.124.96 - - [27/Feb/2025:01:35:17 +0100] "GET /robots.txt HTTP/1.1" 404 291 "-" "Mozilla/5.0 (Macintosh; Intel Mac OS X 10_7_0) AppleWebKit/535.11 (KHTML, like Gecko) Chrome/17.0.963.56 Safari/535.11"
27.115.124.96 - - [27/Feb/2025:01:35:19 +0100] "GET /sitemap.xml HTTP/1.1" 404 292 "-" "Mozilla/5.0 (Macintosh; Intel Mac OS X 10_7_0) AppleWebKit/535.11 (KHTML, like Gecko) Chrome/17.0.963.56 Safari/535.11"
27.115.124.48 - - [27/Feb/2025:01:35:22 +0100] "GET /config.json HTTP/1.1" 404 292 "-" "Mozilla/5.0 (Macintosh; Intel Mac OS X 10_7_0) AppleWebKit/535.11 (KHTML, like Gecko) Chrome/17.0.963.56 Safari/535.11"
193.68.89.10 - - [27/Feb/2025:01:46:41 +0100] "GET / HTTP/1.1" 200 274 "-" "Mozilla/5.0 (Windows NT 10.0; Win64; x64) AppleWebKit/537.36 (KHTML, like Gecko) Chrome/90.0.4430.85 Safari/537.36 Edg/90.0.818.46"
156.59.198.136 - - [27/Feb/2025:02:02:05 +0100] "GET /renault.activities.at/htdocs/log/cron/reminder_mailing_3115259.txt HTTP/1.0" 404 323 "-" "Mozilla/5.0 (Linux; Android 5.0) AppleWebKit/537.36 (KHTML, like Gecko) Mobile Safari/537.36 (compatible; Bytespider; spider-feedback@bytedance.com)"
80.82.77.202 - - [27/Feb/2025:02:05:56 +0100] "GET / HTTP/1.0" 200 423 "-" "Mozilla/5.0 (Macintosh; Intel Mac OS X 10_14_6) AppleWebKit/537.36 (KHTML, like Gecko) Chrome/76.0.3809.110 Safari/537.36 Vivaldi/2.7.1628.30"
156.59.198.136 - - [27/Feb/2025:02:06:05 +0100] "GET /renault.activities.at/htdocs/export/pdf/emuc_document/10892640.pdf HTTP/1.0" 404 321 "-" "Mozilla/5.0 (Linux; Android 5.0) AppleWebKit/537.36 (KHTML, like Gecko) Mobile Safari/537.36 (compatible; Bytespider; spider-feedback@bytedance.com)"
193.68.89.51 - - [27/Feb/2025:02:07:47 +0100] "GET / HTTP/1.1" 200 423 "-" "-"
156.59.198.136 - - [27/Feb/2025:02:10:06 +0100] "GET /renault.activities.at/htdocs/export/pdf/emuc_document/12291717.pdf HTTP/1.0" 404 322 "-" "Mozilla/5.0 (Linux; Android 5.0) AppleWebKit/537.36 (KHTML, like Gecko) Mobile Safari/537.36 (compatible; Bytespider; spider-feedback@bytedance.com)"
196.251.85.238 - - [27/Feb/2025:02:12:28 +0100] "GET /login.rsp HTTP/1.1" 404 354 "-" "Hello World"
156.59.198.136 - - [27/Feb/2025:02:14:55 +0100] "GET /renault.activities.at/htdocs/export/xml/data/orders/202104281003_RenOrder.xml HTTP/1.0" 404 329 "-" "Mozilla/5.0 (Linux; Android 5.0) AppleWebKit/537.36 (KHTML, like Gecko) Mobile Safari/537.36 (compatible; Bytespider; spider-feedback@bytedance.com)"
45.148.10.35 - - [27/Feb/2025:02:15:32 +0100] "\x16\x03\x01" 400 383 "-" "-"
45.148.10.35 - - [27/Feb/2025:02:15:32 +0100] "GET / HTTP/1.1" 400 383 "-" "-"
45.148.10.35 - - [27/Feb/2025:02:15:32 +0100] "GET / HTTP/1.1" 200 423 "-" "l9tcpid/v1.1.0"
45.148.10.35 - - [27/Feb/2025:02:15:32 +0100] "GET /releases/.git/config HTTP/1.1" 404 291 "-" "l9explore/1.2.2"
45.148.10.35 - - [27/Feb/2025:02:15:32 +0100] "GET /app/frontend/.git/config HTTP/1.1" 404 294 "-" "l9explore/1.2.2"
45.148.10.35 - - [27/Feb/2025:02:15:32 +0100] "GET /data/processing/.git/config HTTP/1.1" 404 296 "-" "l9explore/1.2.2"
45.148.10.35 - - [27/Feb/2025:02:15:32 +0100] "GET /client/.git/config HTTP/1.1" 404 290 "-" "l9explore/1.2.2"
45.148.10.35 - - [27/Feb/2025:02:15:32 +0100] "GET /modules/db/.git/config HTTP/1.1" 404 293 "-" "l9explore/1.2.2"
45.148.10.35 - - [27/Feb/2025:02:15:32 +0100] "GET /app/.git/config HTTP/1.1" 404 288 "-" "l9explore/1.2.2"
45.148.10.35 - - [27/Feb/2025:02:15:32 +0100] "GET /backup/.git/config HTTP/1.1" 404 291 "-" "l9explore/1.2.2"
109.236.61.115 - - [27/Feb/2025:02:17:24 +0100] "GET / HTTP/1.1" 200 423 "-" "Hello World"
78.153.140.151 - - [27/Feb/2025:02:31:59 +0100] "GET /.env HTTP/1.1" 404 349 "-" "Mozilla/5.0 (X11; U; Linux x86_64; fr; rv:1.9.0.7) Gecko/2009030423 Ubuntu/8.10 (intrepid) Firefox/3.0.7"
78.153.140.151 - - [27/Feb/2025:02:31:59 +0100] "\x16\x03\x01" 400 383 "-" "-"
111.224.221.221 - - [27/Feb/2025:02:33:57 +0100] "GET / HTTP/1.1" 200 423 "-" "-"
183.160.195.86 - - [27/Feb/2025:02:34:39 +0100] "GET / HTTP/1.1" 200 423 "-" "Mozilla/5.0 (Windows NT 6.1) AppleWebKit/537.36 (KHTML, like Gecko) Chrome/49.0.2623.112 Safari/537.36"
113.206.198.46 - - [27/Feb/2025:02:34:41 +0100] "GET /layout.php HTTP/1.1" 200 1674 "-" "Mozilla/5.0 (Windows NT 6.1) AppleWebKit/537.36 (KHTML, like Gecko) Chrome/49.0.2623.112 Safari/537.36"
1.24.16.65 - - [27/Feb/2025:02:34:42 +0100] "GET /entry.php?id=10441&UIN= HTTP/1.1" 200 2866 "-" "Mozilla/5.0 (Windows NT 6.1) AppleWebKit/537.36 (KHTML, like Gecko) Chrome/49.0.2623.112 Safari/537.36"
121.29.178.45 - - [27/Feb/2025:02:34:43 +0100] "GET /activities.ico HTTP/1.1" 200 1406 "-" "Mozilla/5.0 (Windows NT 6.1) AppleWebKit/537.36 (KHTML, like Gecko) Chrome/49.0.2623.112 Safari/537.36"
51.81.111.2 - - [27/Feb/2025:02:43:56 +0100] "GET / HTTP/1.1" 200 423 "-" "Mozilla/5.0 (X11; Ubuntu; Linux x86_64; rv:130.0) Gecko/20100101 Firefox/130.0"
156.59.198.135 - - [27/Feb/2025:02:49:23 +0100] "GET /renault.activities.at/htdocs/pinEdit/editor/help/userhelp-Dateien/image143.gif HTTP/1.0" 404 327 "-" "Mozilla/5.0 (Linux; Android 5.0) AppleWebKit/537.36 (KHTML, like Gecko) Mobile Safari/537.36 (compatible; Bytespider; spider-feedback@bytedance.com)"
58.65.74.11 - - [27/Feb/2025:02:53:28 +0100] "GET / HTTP/1.0" 200 423 "-" "curl/7.88.1"
51.81.111.9 - - [27/Feb/2025:02:53:37 +0100] "GET /activities.ico HTTP/1.1" 200 1406 "-" "Mozilla/5.0 (X11; Ubuntu; Linux x86_64; rv:130.0) Gecko/20100101 Firefox/130.0"
156.59.198.136 - - [27/Feb/2025:02:58:43 +0100] "GET /renault.activities.at/htdocs/log/cron/reminder_mailing_3115729.txt HTTP/1.0" 404 323 "-" "Mozilla/5.0 (Linux; Android 5.0) AppleWebKit/537.36 (KHTML, like Gecko) Mobile Safari/537.36 (compatible; Bytespider; spider-feedback@bytedance.com)"
194.120.230.215 - - [27/Feb/2025:03:00:12 +0100] "GET / HTTP/1.1" 200 274 "-" "Mozilla/5.0 (Windows NT 10.0; Win64; x64) AppleWebKit/537.36 (KHTML, like Gecko) Chrome/90.0.4430.85 Safari/537.36 Edg/90.0.818.46"
185.242.226.116 - - [27/Feb/2025:03:17:33 +0100] "GET / HTTP/1.1" 200 274 "-" "Mozilla/5.0 (Windows NT 10.0; Win64; x64) AppleWebKit/537.36 (KHTML, like Gecko) Chrome/88.0.4324.190 Safari/537.36"
156.59.198.136 - - [27/Feb/2025:03:21:18 +0100] "GET /renault.activities.at/htdocs/log/cron/exportXML_3115000.txt HTTP/1.0" 404 319 "-" "Mozilla/5.0 (Linux; Android 5.0) AppleWebKit/537.36 (KHTML, like Gecko) Mobile Safari/537.36 (compatible; Bytespider; spider-feedback@bytedance.com)"
156.59.198.135 - - [27/Feb/2025:03:25:19 +0100] "GET /renault.activities.at/htdocs/export/xml/data/orders/202105171703_RenOrder.xml HTTP/1.0" 404 329 "-" "Mozilla/5.0 (Linux; Android 5.0) AppleWebKit/537.36 (KHTML, like Gecko) Mobile Safari/537.36 (compatible; Bytespider; spider-feedback@bytedance.com)"
193.68.89.10 - - [27/Feb/2025:03:33:14 +0100] "GET / HTTP/1.1" 200 274 "-" "Mozilla/5.0 (Windows NT 10.0; Win64; x64) AppleWebKit/537.36 (KHTML, like Gecko) Chrome/90.0.4430.85 Safari/537.36 Edg/90.0.818.46"
156.59.198.135 - - [27/Feb/2025:03:56:54 +0100] "GET /renault.activities.at/htdocs/log/cron/system_mail_3115917.txt HTTP/1.0" 404 320 "-" "Mozilla/5.0 (Linux; Android 5.0) AppleWebKit/537.36 (KHTML, like Gecko) Mobile Safari/537.36 (compatible; Bytespider; spider-feedback@bytedance.com)"
156.59.198.136 - - [27/Feb/2025:04:00:54 +0100] "GET /renault.activities.at/htdocs/export/pdf/emuc_document/11274489.pdf HTTP/1.0" 404 322 "-" "Mozilla/5.0 (Linux; Android 5.0) AppleWebKit/537.36 (KHTML, like Gecko) Mobile Safari/537.36 (compatible; Bytespider; spider-feedback@bytedance.com)"
147.185.132.153 - - [27/Feb/2025:04:03:40 +0100] "\x16\x03\x01" 400 383 "-" "-"
147.185.132.153 - - [27/Feb/2025:04:03:40 +0100] "\x16\x03\x01" 400 383 "-" "-"
156.59.198.136 - - [27/Feb/2025:04:04:54 +0100] "GET /renault.activities.at/htdocs/log/cron/pickupLogisticData_3115149.txt HTTP/1.0" 404 325 "-" "Mozilla/5.0 (Linux; Android 5.0) AppleWebKit/537.36 (KHTML, like Gecko) Mobile Safari/537.36 (compatible; Bytespider; spider-feedback@bytedance.com)"
69.176.88.161 - - [27/Feb/2025:04:07:03 +0100] "GET / HTTP/1.1" 200 274 "-" "Mozilla/5.0 (Windows; U; Windows NT 6.0; en-US) AppleWebKit/532.3 (KHTML, like Gecko) Chrome/4.0.224.2 Safari/532.3"
47.128.19.93 - - [27/Feb/2025:04:12:56 +0100] "GET /robots.txt HTTP/1.1" 404 284 "-" "Mozilla/5.0 (Linux; Android 5.0) AppleWebKit/537.36 (KHTML, like Gecko) Mobile Safari/537.36 (compatible; Bytespider; spider-feedback@bytedance.com)"
47.128.18.32 - - [27/Feb/2025:04:16:55 +0100] "GET /robots.txt HTTP/1.1" 404 284 "-" "Mozilla/5.0 (Linux; Android 5.0) AppleWebKit/537.36 (KHTML, like Gecko) Mobile Safari/537.36 (compatible; Bytespider; spider-feedback@bytedance.com)"
156.59.198.135 - - [27/Feb/2025:04:20:54 +0100] "GET /renault.activities.at/htdocs/export/xml/data/orders/202108051603_RenOrder.xml HTTP/1.0" 404 330 "-" "Mozilla/5.0 (Linux; Android 5.0) AppleWebKit/537.36 (KHTML, like Gecko) Mobile Safari/537.36 (compatible; Bytespider; spider-feedback@bytedance.com)"
47.128.114.88 - - [27/Feb/2025:04:24:55 +0100] "GET /robots.txt HTTP/1.1" 404 284 "-" "Mozilla/5.0 (Linux; Android 5.0) AppleWebKit/537.36 (KHTML, like Gecko) Mobile Safari/537.36 (compatible; Bytespider; spider-feedback@bytedance.com)"
152.32.202.244 - - [27/Feb/2025:04:28:47 +0100] "\x16\x03\x01\x01\x17\x01" 400 383 "-" "-"
156.59.198.135 - - [27/Feb/2025:04:28:55 +0100] "GET /renault.activities.at/htdocs/log/cron/importLogisticData_3115996.txt HTTP/1.0" 404 324 "-" "Mozilla/5.0 (Linux; Android 5.0) AppleWebKit/537.36 (KHTML, like Gecko) Mobile Safari/537.36 (compatible; Bytespider; spider-feedback@bytedance.com)"
152.32.202.244 - - [27/Feb/2025:04:28:58 +0100] "GET / HTTP/1.1" 200 423 "-" "Mozilla/5.0 (Macintosh; Intel Mac OS X 10_15_7) AppleWebKit/537.36 (KHTML, like Gecko) Chrome/120.0.0.0 Safari/537.36 Edg/120.0.0.0"
152.32.202.244 - - [27/Feb/2025:04:28:59 +0100] "GET /activities.ico HTTP/1.1" 200 1406 "-" "Mozilla/5.0 (Macintosh; Intel Mac OS X 10_7_0) AppleWebKit/535.11 (KHTML, like Gecko) Chrome/17.0.963.56 Safari/535.11"
152.32.202.244 - - [27/Feb/2025:04:28:59 +0100] "GET /robots.txt HTTP/1.1" 404 284 "-" "Mozilla/5.0 (Macintosh; Intel Mac OS X 10_7_0) AppleWebKit/535.11 (KHTML, like Gecko) Chrome/17.0.963.56 Safari/535.11"
152.32.202.244 - - [27/Feb/2025:04:29:00 +0100] "GET /sitemap.xml HTTP/1.1" 404 285 "-" "Mozilla/5.0 (Macintosh; Intel Mac OS X 10_7_0) AppleWebKit/535.11 (KHTML, like Gecko) Chrome/17.0.963.56 Safari/535.11"
152.32.202.244 - - [27/Feb/2025:04:29:00 +0100] "GET /config.json HTTP/1.1" 404 285 "-" "Mozilla/5.0 (Macintosh; Intel Mac OS X 10_7_0) AppleWebKit/535.11 (KHTML, like Gecko) Chrome/17.0.963.56 Safari/535.11"
47.128.41.84 - - [27/Feb/2025:04:33:00 +0100] "GET /robots.txt HTTP/1.1" 404 284 "-" "Mozilla/5.0 (Linux; Android 5.0) AppleWebKit/537.36 (KHTML, like Gecko) Mobile Safari/537.36 (compatible; Bytespider; spider-feedback@bytedance.com)"
156.59.198.135 - - [27/Feb/2025:04:41:41 +0100] "GET /renault.activities.at/htdocs/export/pdf/emuc_document/11444413.pdf HTTP/1.0" 404 321 "-" "Mozilla/5.0 (Linux; Android 5.0) AppleWebKit/537.36 (KHTML, like Gecko) Mobile Safari/537.36 (compatible; Bytespider; spider-feedback@bytedance.com)"
35.203.210.230 - - [27/Feb/2025:04:44:57 +0100] "GET / HTTP/1.1" 200 274 "-" "Expanse, a Palo Alto Networks company, searches across the global IPv4 space multiple times per day to identify customers' presences on the Internet. If you would like to be excluded from our scans, please send IP addresses/domains to: scaninfo@paloaltonetworks.com"
157.230.51.43 - - [27/Feb/2025:04:45:15 +0100] "GET / HTTP/1.1" 200 274 "-" "Mozilla/5.0 (compatible)"
157.230.51.43 - - [27/Feb/2025:04:45:16 +0100] "GET /activities.ico HTTP/1.1" 200 1406 "http://212.69.160.11/" "Mozilla/5.0 (compatible)"
51.178.236.248 - - [27/Feb/2025:04:49:53 +0100] "\x16\x03\x03\x01\xa6\x01" 400 383 "-" "-"
51.178.236.249 - - [27/Feb/2025:04:49:57 +0100] "GET / HTTP/1.1" 200 423 "-" "Mozilla/5.0 (X11; Ubuntu; Linux x86_64; rv:130.0) Gecko/20100101 Firefox/130.0"
141.255.166.90 - - [27/Feb/2025:04:51:45 +0100] "GET /cgi-bin/luci/;stok=/locale HTTP/1.1" 404 371 "-" "-"
18.133.175.70 - - [27/Feb/2025:04:55:35 +0100] "GET /.git/config HTTP/1.1" 404 296 "-" "Mozilla/5.0 (Macintosh; Intel Mac OS X 10_12_6) AppleWebKit/605.1.15 (KHTML, like Gecko) Version/12.0.3 Safari/605.1.15"
91.196.152.39 - - [27/Feb/2025:04:55:43 +0100] "\x16\x03\x03\x01\xa6\x01" 400 383 "-" "-"
91.196.152.39 - - [27/Feb/2025:04:55:43 +0100] "GET /activities.ico HTTP/1.1" 200 1406 "-" "Mozilla/5.0 (X11; Ubuntu; Linux x86_64; rv:130.0) Gecko/20100101 Firefox/130.0"
156.59.198.135 - - [27/Feb/2025:05:03:51 +0100] "GET /renault.activities.at/htdocs/log/cron/reminder_mailing_3115372.txt HTTP/1.0" 404 323 "-" "Mozilla/5.0 (Linux; Android 5.0) AppleWebKit/537.36 (KHTML, like Gecko) Mobile Safari/537.36 (compatible; Bytespider; spider-feedback@bytedance.com)"
193.68.89.10 - - [27/Feb/2025:05:12:39 +0100] "GET / HTTP/1.1" 200 274 "-" "Mozilla/5.0 (Windows NT 10.0; Win64; x64) AppleWebKit/537.36 (KHTML, like Gecko) Chrome/90.0.4430.85 Safari/537.36 Edg/90.0.818.46"
156.59.198.136 - - [27/Feb/2025:05:15:05 +0100] "GET /renault.activities.at/htdocs/export/xml/data/orders/202105201503_RenOrder.xml HTTP/1.0" 404 329 "-" "Mozilla/5.0 (Linux; Android 5.0) AppleWebKit/537.36 (KHTML, like Gecko) Mobile Safari/537.36 (compatible; Bytespider; spider-feedback@bytedance.com)"
194.120.230.215 - - [27/Feb/2025:05:37:11 +0100] "GET / HTTP/1.1" 200 274 "-" "Mozilla/5.0 (Windows NT 10.0; Win64; x64) AppleWebKit/537.36 (KHTML, like Gecko) Chrome/90.0.4430.85 Safari/537.36 Edg/90.0.818.46"
123.6.49.10 - - [27/Feb/2025:05:45:52 +0100] "\x16\x03\x01\x014\x01" 400 383 "-" "-"
123.6.49.46 - - [27/Feb/2025:05:45:53 +0100] "GET / HTTP/1.1" 200 423 "-" "Mozilla/5.0 (Macintosh; Intel Mac OS X 10_15_7) AppleWebKit/537.36 (KHTML, like Gecko) Chrome/120.0.0.0 Safari/537.36 Edg/120.0.0.0"
123.6.49.41 - - [27/Feb/2025:05:45:56 +0100] "GET /activities.ico HTTP/1.1" 200 1406 "-" "Mozilla/5.0 (Macintosh; Intel Mac OS X 10_7_0) AppleWebKit/535.11 (KHTML, like Gecko) Chrome/17.0.963.56 Safari/535.11"
123.6.49.4 - - [27/Feb/2025:05:45:59 +0100] "GET /robots.txt HTTP/1.1" 404 291 "-" "Mozilla/5.0 (Macintosh; Intel Mac OS X 10_7_0) AppleWebKit/535.11 (KHTML, like Gecko) Chrome/17.0.963.56 Safari/535.11"
123.6.49.17 - - [27/Feb/2025:05:46:02 +0100] "GET /sitemap.xml HTTP/1.1" 404 292 "-" "Mozilla/5.0 (Macintosh; Intel Mac OS X 10_7_0) AppleWebKit/535.11 (KHTML, like Gecko) Chrome/17.0.963.56 Safari/535.11"
123.6.49.49 - - [27/Feb/2025:05:46:05 +0100] "GET /config.json HTTP/1.1" 404 292 "-" "Mozilla/5.0 (Macintosh; Intel Mac OS X 10_7_0) AppleWebKit/535.11 (KHTML, like Gecko) Chrome/17.0.963.56 Safari/535.11"
156.59.198.135 - - [27/Feb/2025:05:50:13 +0100] "GET /renault.activities.at/htdocs/export/pdf/emuc_document/10883800.pdf HTTP/1.0" 404 322 "-" "Mozilla/5.0 (Linux; Android 5.0) AppleWebKit/537.36 (KHTML, like Gecko) Mobile Safari/537.36 (compatible; Bytespider; spider-feedback@bytedance.com)"
156.59.198.135 - - [27/Feb/2025:05:54:15 +0100] "GET /renault.activities.at/htdocs/log/cron/shipp_Export_Data_3116108.txt HTTP/1.0" 404 324 "-" "Mozilla/5.0 (Linux; Android 5.0) AppleWebKit/537.36 (KHTML, like Gecko) Mobile Safari/537.36 (compatible; Bytespider; spider-feedback@bytedance.com)"
101.198.0.156 - - [27/Feb/2025:05:56:25 +0100] "GET / HTTP/1.1" 200 423 "-" "Mozilla/5.0 (Macintosh; Intel Mac OS X 10_15_7) AppleWebKit/537.36 (KHTML, like Gecko) Chrome/120.0.0.0 Safari/537.36 Edg/120.0.0.0"
101.198.0.156 - - [27/Feb/2025:05:56:32 +0100] "GET /activities.ico HTTP/1.1" 200 1406 "-" "Mozilla/5.0 (Macintosh; Intel Mac OS X 10_7_0) AppleWebKit/535.11 (KHTML, like Gecko) Chrome/17.0.963.56 Safari/535.11"
101.198.0.181 - - [27/Feb/2025:05:56:36 +0100] "GET /robots.txt HTTP/1.1" 404 291 "-" "Mozilla/5.0 (Macintosh; Intel Mac OS X 10_7_0) AppleWebKit/535.11 (KHTML, like Gecko) Chrome/17.0.963.56 Safari/535.11"
101.198.0.181 - - [27/Feb/2025:05:56:39 +0100] "GET /sitemap.xml HTTP/1.1" 404 292 "-" "Mozilla/5.0 (Macintosh; Intel Mac OS X 10_7_0) AppleWebKit/535.11 (KHTML, like Gecko) Chrome/17.0.963.56 Safari/535.11"
101.198.0.189 - - [27/Feb/2025:05:56:39 +0100] "\x16\x03\x01\x015\x01" 400 383 "-" "-"
101.198.0.189 - - [27/Feb/2025:05:56:42 +0100] "GET /config.json HTTP/1.1" 404 292 "-" "Mozilla/5.0 (Macintosh; Intel Mac OS X 10_7_0) AppleWebKit/535.11 (KHTML, like Gecko) Chrome/17.0.963.56 Safari/535.11"
185.224.128.17 - - [27/Feb/2025:06:01:15 +0100] "CONNECT example.com:80 HTTP/1.1" 200 423 "-" "-"
156.59.198.135 - - [27/Feb/2025:06:01:32 +0100] "GET /renault.activities.at/htdocs/export/pdf/emuc_document/10884300.pdf HTTP/1.0" 404 322 "-" "Mozilla/5.0 (Linux; Android 5.0) AppleWebKit/537.36 (KHTML, like Gecko) Mobile Safari/537.36 (compatible; Bytespider; spider-feedback@bytedance.com)"
156.59.198.136 - - [27/Feb/2025:06:12:42 +0100] "GET /renault.activities.at/htdocs/export/xml/data/orders/202001091403_RenOrder.xml HTTP/1.0" 404 329 "-" "Mozilla/5.0 (Linux; Android 5.0) AppleWebKit/537.36 (KHTML, like Gecko) Mobile Safari/537.36 (compatible; Bytespider; spider-feedback@bytedance.com)"
45.144.212.139 - - [27/Feb/2025:06:16:41 +0100] "GET /.git/objects/pack/ HTTP/1.1" 404 290 "-" "Mozilla/5.0 (X11; U; Linux; i686; en-US; rv:1.6) Gecko Debian/1.6-7"
156.59.198.135 - - [27/Feb/2025:06:16:42 +0100] "GET /renault.activities.at/htdocs/export/xml/data/orders/202109241103_RenOrder.xml HTTP/1.0" 404 329 "-" "Mozilla/5.0 (Linux; Android 5.0) AppleWebKit/537.36 (KHTML, like Gecko) Mobile Safari/537.36 (compatible; Bytespider; spider-feedback@bytedance.com)"
148.153.45.234 - - [27/Feb/2025:06:18:12 +0100] "GET /fy1L HTTP/1.1" 404 280 "-" "Mozilla/5.0 (Macintosh; Intel Mac OS X 10.9; rv:32.0) Gecko/20100101 Firefox/32.0"
148.153.45.234 - - [27/Feb/2025:06:18:12 +0100] "GET /AQZq HTTP/1.1" 404 282 "-" "Mozilla/5.0 (Macintosh; Intel Mac OS X 10.9; rv:32.0) Gecko/20100101 Firefox/32.0"
148.153.45.234 - - [27/Feb/2025:06:18:12 +0100] "GET /aab8 HTTP/1.1" 404 280 "-" "Mozilla/5.0 (Macintosh; Intel Mac OS X 10.9; rv:32.0) Gecko/20100101 Firefox/32.0"
148.153.45.234 - - [27/Feb/2025:06:18:14 +0100] "GET /jquery-3.3.1.slim.min.js HTTP/1.1" 404 295 "-" "Mozilla/5.0 (Macintosh; Intel Mac OS X 10.9; rv:32.0) Gecko/20100101 Firefox/32.0"
148.153.45.234 - - [27/Feb/2025:06:18:15 +0100] "GET /aab9 HTTP/1.1" 404 280 "-" "Mozilla/5.0 (Macintosh; Intel Mac OS X 10.9; rv:32.0) Gecko/20100101 Firefox/32.0"
148.153.45.234 - - [27/Feb/2025:06:18:15 +0100] "GET /jquery-3.3.2.slim.min.js HTTP/1.1" 404 296 "-" "Mozilla/5.0 (Macintosh; Intel Mac OS X 10.9; rv:32.0) Gecko/20100101 Firefox/32.0"
180.163.220.124 - - [27/Feb/2025:06:20:04 +0100] "\x16\x03\x01\x01A\x01" 400 383 "-" "-"
180.163.220.60 - - [27/Feb/2025:06:20:06 +0100] "GET / HTTP/1.1" 200 423 "-" "Mozilla/5.0 (Macintosh; Intel Mac OS X 10_15_7) AppleWebKit/537.36 (KHTML, like Gecko) Chrome/120.0.0.0 Safari/537.36 Edg/120.0.0.0"
180.163.220.60 - - [27/Feb/2025:06:20:10 +0100] "GET /activities.ico HTTP/1.1" 200 1406 "-" "Mozilla/5.0 (Macintosh; Intel Mac OS X 10_7_0) AppleWebKit/535.11 (KHTML, like Gecko) Chrome/17.0.963.56 Safari/535.11"
180.163.220.41 - - [27/Feb/2025:06:20:13 +0100] "GET /robots.txt HTTP/1.1" 404 298 "-" "Mozilla/5.0 (Macintosh; Intel Mac OS X 10_7_0) AppleWebKit/535.11 (KHTML, like Gecko) Chrome/17.0.963.56 Safari/535.11"
180.163.220.100 - - [27/Feb/2025:06:20:18 +0100] "GET /sitemap.xml HTTP/1.1" 404 299 "-" "Mozilla/5.0 (Macintosh; Intel Mac OS X 10_7_0) AppleWebKit/535.11 (KHTML, like Gecko) Chrome/17.0.963.56 Safari/535.11"
180.163.220.125 - - [27/Feb/2025:06:20:23 +0100] "GET /config.json HTTP/1.1" 404 299 "-" "Mozilla/5.0 (Macintosh; Intel Mac OS X 10_7_0) AppleWebKit/535.11 (KHTML, like Gecko) Chrome/17.0.963.56 Safari/535.11"
185.242.226.116 - - [27/Feb/2025:06:42:05 +0100] "GET /activities.ico HTTP/1.1" 200 1406 "-" "python-requests/2.26.0"
185.242.226.116 - - [27/Feb/2025:06:42:05 +0100] "GET / HTTP/1.1" 200 274 "-" "python-requests/2.26.0"
86.152.39.220 - - [27/Feb/2025:06:52:23 +0100] "GET / HTTP/1.0" 200 423 "-" "curl/7.88.1"
193.68.89.10 - - [27/Feb/2025:07:05:01 +0100] "GET / HTTP/1.1" 200 274 "-" "Mozilla/5.0 (Windows NT 10.0; Win64; x64) AppleWebKit/537.36 (KHTML, like Gecko) Chrome/90.0.4430.85 Safari/537.36 Edg/90.0.818.46"
141.255.166.90 - - [27/Feb/2025:07:15:38 +0100] "GET /cgi-bin/luci/;stok=/locale HTTP/1.1" 404 371 "-" "-"
193.68.89.51 - - [27/Feb/2025:07:22:30 +0100] "GET / HTTP/1.1" 200 423 "-" "-"
156.59.198.136 - - [27/Feb/2025:07:23:48 +0100] "GET /renault.activities.at/htdocs/export/pdf/emuc_document/11182059.pdf HTTP/1.0" 404 321 "-" "Mozilla/5.0 (Linux; Android 5.0) AppleWebKit/537.36 (KHTML, like Gecko) Mobile Safari/537.36 (compatible; Bytespider; spider-feedback@bytedance.com)"
156.59.198.136 - - [27/Feb/2025:07:27:49 +0100] "GET /renault.activities.at/htdocs/log/cron/reminder_mailing_3115838.txt HTTP/1.0" 404 323 "-" "Mozilla/5.0 (Linux; Android 5.0) AppleWebKit/537.36 (KHTML, like Gecko) Mobile Safari/537.36 (compatible; Bytespider; spider-feedback@bytedance.com)"
62.113.113.162 - - [27/Feb/2025:07:30:40 +0100] "GET / HTTP/1.0" 200 423 "http://food-and-drink.vienna-lodgings.at/" "Mozilla/5.0 (Windows NT 10.0; Win64; x64) AppleWebKit/537.36 (KHTML, like Gecko) Chrome/130.0.0.0 Safari/537.36"
156.59.198.135 - - [27/Feb/2025:07:31:49 +0100] "GET /renault.activities.at/htdocs/newsletter_log/nl_608129.txt HTTP/1.0" 404 317 "-" "Mozilla/5.0 (Linux; Android 5.0) AppleWebKit/537.36 (KHTML, like Gecko) Mobile Safari/537.36 (compatible; Bytespider; spider-feedback@bytedance.com)"
156.59.198.136 - - [27/Feb/2025:07:44:39 +0100] "GET /renault.activities.at/htdocs/export/xml/data/orders/202005261403_RenOrder.xml HTTP/1.0" 404 329 "-" "Mozilla/5.0 (Linux; Android 5.0) AppleWebKit/537.36 (KHTML, like Gecko) Mobile Safari/537.36 (compatible; Bytespider; spider-feedback@bytedance.com)"
123.6.49.14 - - [27/Feb/2025:07:44:46 +0100] "\x16\x03\x01\x01<\x01" 400 383 "-" "-"
123.6.49.42 - - [27/Feb/2025:07:44:47 +0100] "GET / HTTP/1.1" 200 423 "-" "Mozilla/5.0 (Macintosh; Intel Mac OS X 10_15_7) AppleWebKit/537.36 (KHTML, like Gecko) Chrome/120.0.0.0 Safari/537.36 Edg/120.0.0.0"
123.6.49.14 - - [27/Feb/2025:07:44:50 +0100] "GET /activities.ico HTTP/1.1" 200 1406 "-" "Mozilla/5.0 (Macintosh; Intel Mac OS X 10_7_0) AppleWebKit/535.11 (KHTML, like Gecko) Chrome/17.0.963.56 Safari/535.11"
123.6.49.10 - - [27/Feb/2025:07:44:53 +0100] "GET /robots.txt HTTP/1.1" 404 295 "-" "Mozilla/5.0 (Macintosh; Intel Mac OS X 10_7_0) AppleWebKit/535.11 (KHTML, like Gecko) Chrome/17.0.963.56 Safari/535.11"
123.6.49.36 - - [27/Feb/2025:07:44:55 +0100] "GET /sitemap.xml HTTP/1.1" 404 296 "-" "Mozilla/5.0 (Macintosh; Intel Mac OS X 10_7_0) AppleWebKit/535.11 (KHTML, like Gecko) Chrome/17.0.963.56 Safari/535.11"
123.6.49.6 - - [27/Feb/2025:07:44:58 +0100] "GET /config.json HTTP/1.1" 404 296 "-" "Mozilla/5.0 (Macintosh; Intel Mac OS X 10_7_0) AppleWebKit/535.11 (KHTML, like Gecko) Chrome/17.0.963.56 Safari/535.11"
156.59.198.135 - - [27/Feb/2025:07:48:40 +0100] "GET /renault.activities.at/htdocs/export/xml/data/orders/201907261103_RenOrder.xml HTTP/1.0" 404 329 "-" "Mozilla/5.0 (Linux; Android 5.0) AppleWebKit/537.36 (KHTML, like Gecko) Mobile Safari/537.36 (compatible; Bytespider; spider-feedback@bytedance.com)"
156.59.198.136 - - [27/Feb/2025:07:55:54 +0100] "GET /renault.activities.at/htdocs/export/xml/data/orders/201908261403_RenOrder.xml HTTP/1.0" 404 329 "-" "Mozilla/5.0 (Linux; Android 5.0) AppleWebKit/537.36 (KHTML, like Gecko) Mobile Safari/537.36 (compatible; Bytespider; spider-feedback@bytedance.com)"
156.59.198.136 - - [27/Feb/2025:07:59:54 +0100] "GET /renault.activities.at/htdocs/export/xml/data/orders/202006260803_RenOrder.xml HTTP/1.0" 404 329 "-" "Mozilla/5.0 (Linux; Android 5.0) AppleWebKit/537.36 (KHTML, like Gecko) Mobile Safari/537.36 (compatible; Bytespider; spider-feedback@bytedance.com)"
141.255.166.90 - - [27/Feb/2025:08:02:29 +0100] "GET /cgi-bin/luci/;stok=/locale HTTP/1.1" 404 371 "-" "-"
156.59.198.136 - - [27/Feb/2025:08:03:54 +0100] "GET /renault.activities.at/htdocs/export/xml/data/orders/202111231003_RenOrder.xml HTTP/1.0" 404 329 "-" "Mozilla/5.0 (Linux; Android 5.0) AppleWebKit/537.36 (KHTML, like Gecko) Mobile Safari/537.36 (compatible; Bytespider; spider-feedback@bytedance.com)"
193.68.89.51 - - [27/Feb/2025:08:12:37 +0100] "GET / HTTP/1.1" 200 423 "-" "-"
156.59.198.135 - - [27/Feb/2025:08:23:56 +0100] "GET /renault.activities.at/htdocs/export/pdf/emuc_document/12291712.pdf HTTP/1.0" 404 322 "-" "Mozilla/5.0 (Linux; Android 5.0) AppleWebKit/537.36 (KHTML, like Gecko) Mobile Safari/537.36 (compatible; Bytespider; spider-feedback@bytedance.com)"
156.59.198.135 - - [27/Feb/2025:08:27:56 +0100] "GET /renault.activities.at/htdocs/export/pdf/emuc_document/10535037.pdf HTTP/1.0" 404 322 "-" "Mozilla/5.0 (Linux; Android 5.0) AppleWebKit/537.36 (KHTML, like Gecko) Mobile Safari/537.36 (compatible; Bytespider; spider-feedback@bytedance.com)"
156.59.198.136 - - [27/Feb/2025:08:31:57 +0100] "GET /renault.activities.at/htdocs/log/cron/system_mail_3115299.txt HTTP/1.0" 404 320 "-" "Mozilla/5.0 (Linux; Android 5.0) AppleWebKit/537.36 (KHTML, like Gecko) Mobile Safari/537.36 (compatible; Bytespider; spider-feedback@bytedance.com)"
138.197.151.239 - - [27/Feb/2025:08:38:18 +0100] "GET / HTTP/1.1" 200 274 "-" "Mozilla/5.0 (compatible)"
138.197.151.239 - - [27/Feb/2025:08:38:18 +0100] "GET /activities.ico HTTP/1.1" 200 1406 "http://212.69.160.11/" "Mozilla/5.0 (compatible)"
45.156.129.135 - - [27/Feb/2025:08:42:10 +0100] "GET / HTTP/1.1" 200 274 "-" "Mozilla/5.0 (Windows NT 10.0; Win64; x64) AppleWebKit/537.36 (KHTML, like Gecko) Chrome/60.0.3112.113 Safari/537.36"
109.194.244.39 - - [27/Feb/2025:08:43:08 +0100] "GET / HTTP/1.0" 200 423 "-" "Mozilla/5.0 (Windows NT 6.3; Win64; x64) AppleWebKit/537.36 (KHTML, like Gecko) Chrome/75.0.3770.100 Safari/537.36"
156.59.198.136 - - [27/Feb/2025:08:45:20 +0100] "GET /renault.activities.at/htdocs/export/xml/data/orders/202011201003_RenOrder.xml HTTP/1.0" 404 328 "-" "Mozilla/5.0 (Linux; Android 5.0) AppleWebKit/537.36 (KHTML, like Gecko) Mobile Safari/537.36 (compatible; Bytespider; spider-feedback@bytedance.com)"
141.255.166.90 - - [27/Feb/2025:08:59:19 +0100] "GET /cgi-bin/luci/;stok=/locale HTTP/1.1" 404 371 "-" "-"
156.59.198.136 - - [27/Feb/2025:08:59:49 +0100] "GET /renault.activities.at/htdocs/export/pdf/emuc_document/12305457.pdf HTTP/1.0" 404 323 "-" "Mozilla/5.0 (Linux; Android 5.0) AppleWebKit/537.36 (KHTML, like Gecko) Mobile Safari/537.36 (compatible; Bytespider; spider-feedback@bytedance.com)"
156.59.198.135 - - [27/Feb/2025:09:06:37 +0100] "GET /renault.activities.at/htdocs/log/cron/reminder_mailing_3115381.txt HTTP/1.0" 404 323 "-" "Mozilla/5.0 (Linux; Android 5.0) AppleWebKit/537.36 (KHTML, like Gecko) Mobile Safari/537.36 (compatible; Bytespider; spider-feedback@bytedance.com)"
189.127.32.42 - - [27/Feb/2025:09:09:23 +0100] "GET / HTTP/1.1" 200 423 "-" "Mozilla/5.0 (Windows NT 6.1; WOW64) AppleWebKit/537.36 (KHTML, like Gecko) Chrome/51.0.2704.103 Safari/537.36"
156.59.198.136 - - [27/Feb/2025:09:10:38 +0100] "GET /renault.activities.at/htdocs/log/cron/reminder_mailing_3116312.txt HTTP/1.0" 404 322 "-" "Mozilla/5.0 (Linux; Android 5.0) AppleWebKit/537.36 (KHTML, like Gecko) Mobile Safari/537.36 (compatible; Bytespider; spider-feedback@bytedance.com)"
192.34.59.59 - - [27/Feb/2025:09:22:08 +0100] "\x16\x03\x01" 400 383 "-" "-"
192.34.59.59 - - [27/Feb/2025:09:22:08 +0100] "\x16\x03\x01" 400 383 "-" "-"
192.34.59.59 - - [27/Feb/2025:09:22:08 +0100] "GET / HTTP/1.1" 200 274 "-" "Mozilla/5.0 (Windows NT 10.0; Win64; x64) AppleWebKit/537.36 (KHTML, like Gecko) Chrome/108.0.0.0 Safari/537.36"
192.34.59.59 - - [27/Feb/2025:09:22:08 +0100] "GET /form.html HTTP/1.1" 404 283 "-" "curl/8.1.2"
192.34.59.59 - - [27/Feb/2025:09:22:09 +0100] "GET /upl.php HTTP/1.1" 404 282 "-" "Mozilla/5.0"
192.34.59.59 - - [27/Feb/2025:09:22:09 +0100] "GET /t4 HTTP/1.1" 404 278 "-" "Mozilla/5.0"
192.34.59.59 - - [27/Feb/2025:09:22:09 +0100] "GET /geoip/ HTTP/1.1" 404 281 "-" "Mozilla/5.0 (Windows NT 10.0; Win64; x64) AppleWebKit/537.36 (KHTML, like Gecko) Chrome/108.0.0.0 Safari/537.36"
192.34.59.59 - - [27/Feb/2025:09:22:09 +0100] "GET /favicon.ico HTTP/1.1" 404 284 "-" "Mozilla/5.0 (Windows NT 10.0; Win64; x64) AppleWebKit/537.36 (KHTML, like Gecko) Chrome/108.0.0.0 Safari/537.36"
192.34.59.59 - - [27/Feb/2025:09:22:09 +0100] "GET /1.php HTTP/1.1" 404 280 "-" "Mozilla/5.0 (Windows NT 10.0; Win64; x64) AppleWebKit/537.36 (KHTML, like Gecko) Chrome/108.0.0.0 Safari/537.36"
192.34.59.59 - - [27/Feb/2025:09:22:10 +0100] "GET /systembc/password.php HTTP/1.1" 404 291 "-" "Mozilla/5.0 (Windows NT 10.0; Win64; x64) AppleWebKit/537.36 (KHTML, like Gecko) Chrome/108.0.0.0 Safari/537.36"
192.34.59.59 - - [27/Feb/2025:09:22:10 +0100] "GET /password.php HTTP/1.1" 404 285 "-" "Mozilla/5.0 (Windows NT 10.0; Win64; x64) AppleWebKit/537.36 (KHTML, like Gecko) Chrome/108.0.0.0 Safari/537.36"
185.91.127.81 - - [27/Feb/2025:09:39:35 +0100] "CONNECT api.ip.pn:443 HTTP/1.1" 200 423 "-" "Mozilla/5.0"
156.59.198.136 - - [27/Feb/2025:09:40:15 +0100] "GET /renault.activities.at/htdocs/log/cron/autologout_3115575.txt HTTP/1.0" 404 319 "-" "Mozilla/5.0 (Linux; Android 5.0) AppleWebKit/537.36 (KHTML, like Gecko) Mobile Safari/537.36 (compatible; Bytespider; spider-feedback@bytedance.com)"
141.255.166.90 - - [27/Feb/2025:09:40:43 +0100] "GET /cgi-bin/luci/;stok=/locale HTTP/1.1" 404 371 "-" "-"
156.59.198.135 - - [27/Feb/2025:09:50:24 +0100] "GET /renault.activities.at/htdocs/newsletter_log/nl_608153.txt HTTP/1.0" 404 317 "-" "Mozilla/5.0 (Linux; Android 5.0) AppleWebKit/537.36 (KHTML, like Gecko) Mobile Safari/537.36 (compatible; Bytespider; spider-feedback@bytedance.com)"
193.68.89.51 - - [27/Feb/2025:09:51:00 +0100] "GET / HTTP/1.1" 200 423 "-" "-"
156.59.198.136 - - [27/Feb/2025:09:54:24 +0100] "GET /renault.activities.at/htdocs/log/cron/exportXML_3116013.txt HTTP/1.0" 404 320 "-" "Mozilla/5.0 (Linux; Android 5.0) AppleWebKit/537.36 (KHTML, like Gecko) Mobile Safari/537.36 (compatible; Bytespider; spider-feedback@bytedance.com)"
156.59.198.136 - - [27/Feb/2025:09:58:24 +0100] "GET /renault.activities.at/htdocs/log/cron/importLogisticData_3116253.txt HTTP/1.0" 404 325 "-" "Mozilla/5.0 (Linux; Android 5.0) AppleWebKit/537.36 (KHTML, like Gecko) Mobile Safari/537.36 (compatible; Bytespider; spider-feedback@bytedance.com)"
35.216.149.150 - - [27/Feb/2025:10:00:19 +0100] "\x16\x03\x01" 400 383 "-" "-"
35.216.149.150 - - [27/Feb/2025:10:00:19 +0100] "GET / HTTP/1.1" 400 383 "-" "-"
35.216.149.150 - - [27/Feb/2025:10:00:19 +0100] "GET / HTTP/1.1" 200 423 "-" "abuse.xmco.fr"
35.216.149.150 - - [27/Feb/2025:10:00:20 +0100] "GET /.git/config HTTP/1.1" 404 285 "-" "Mozilla/5.0 (Macintosh; Intel Mac OS X 10.15; rv:103.0) Gecko/20100101 Firefox/103.0 abuse.xmco.fr"
35.216.149.150 - - [27/Feb/2025:10:00:20 +0100] "GET /server-status HTTP/1.1" 403 286 "-" "Mozilla/5.0 (Macintosh; Intel Mac OS X 10.15; rv:103.0) Gecko/20100101 Firefox/103.0 abuse.xmco.fr"
35.216.149.150 - - [27/Feb/2025:10:00:20 +0100] "GET /config.json HTTP/1.1" 404 285 "-" "Mozilla/5.0 (Macintosh; Intel Mac OS X 10.15; rv:103.0) Gecko/20100101 Firefox/103.0 abuse.xmco.fr"
35.216.149.150 - - [27/Feb/2025:10:00:20 +0100] "GET /.env HTTP/1.1" 404 280 "-" "Mozilla/5.0 (Macintosh; Intel Mac OS X 10.15; rv:103.0) Gecko/20100101 Firefox/103.0 abuse.xmco.fr"
35.216.149.150 - - [27/Feb/2025:10:00:20 +0100] "GET /telescope/requests HTTP/1.1" 404 286 "-" "Mozilla/5.0 (Macintosh; Intel Mac OS X 10.15; rv:103.0) Gecko/20100101 Firefox/103.0 abuse.xmco.fr"
35.216.149.150 - - [27/Feb/2025:10:00:20 +0100] "GET /info.php HTTP/1.1" 404 283 "-" "Mozilla/5.0 (Macintosh; Intel Mac OS X 10.15; rv:103.0) Gecko/20100101 Firefox/103.0 abuse.xmco.fr"
156.59.198.135 - - [27/Feb/2025:10:02:25 +0100] "GET /renault.activities.at/htdocs/export/pdf/emuc_document/11170484.pdf HTTP/1.0" 404 322 "-" "Mozilla/5.0 (Linux; Android 5.0) AppleWebKit/537.36 (KHTML, like Gecko) Mobile Safari/537.36 (compatible; Bytespider; spider-feedback@bytedance.com)"
156.59.198.136 - - [27/Feb/2025:10:06:24 +0100] "GET /renault.activities.at/htdocs/log/cron/pickupLogisticData_3115162.txt HTTP/1.0" 404 325 "-" "Mozilla/5.0 (Linux; Android 5.0) AppleWebKit/537.36 (KHTML, like Gecko) Mobile Safari/537.36 (compatible; Bytespider; spider-feedback@bytedance.com)"
156.59.198.135 - - [27/Feb/2025:10:13:39 +0100] "GET /renault.activities.at/htdocs/log/cron/reminder_mailing_3115023.txt HTTP/1.0" 404 323 "-" "Mozilla/5.0 (Linux; Android 5.0) AppleWebKit/537.36 (KHTML, like Gecko) Mobile Safari/537.36 (compatible; Bytespider; spider-feedback@bytedance.com)"
193.68.89.10 - - [27/Feb/2025:10:16:00 +0100] "GET / HTTP/1.1" 200 274 "-" "Mozilla/5.0 (Windows NT 10.0; Win64; x64) AppleWebKit/537.36 (KHTML, like Gecko) Chrome/90.0.4430.85 Safari/537.36 Edg/90.0.818.46"
77.119.174.15 - - [27/Feb/2025:10:31:12 +0100] "GET /layout.php HTTP/1.1" 200 815 "-" "Mozilla/5.0 (Windows NT 10.0; Win64; x64; rv:135.0) Gecko/20100101 Firefox/135.0"
77.119.174.15 - - [27/Feb/2025:10:31:12 +0100] "GET /entry.php?id=10273 HTTP/1.1" 200 1902 "http://hausegger.activities.at/layout.php" "Mozilla/5.0 (Windows NT 10.0; Win64; x64; rv:135.0) Gecko/20100101 Firefox/135.0"
77.119.174.15 - - [27/Feb/2025:10:31:12 +0100] "GET /entry.php?id=10270 HTTP/1.1" 200 909 "http://hausegger.activities.at/layout.php" "Mozilla/5.0 (Windows NT 10.0; Win64; x64; rv:135.0) Gecko/20100101 Firefox/135.0"
77.119.174.15 - - [27/Feb/2025:10:31:12 +0100] "GET /entry.php?id=10272 HTTP/1.1" 200 1159 "http://hausegger.activities.at/layout.php" "Mozilla/5.0 (Windows NT 10.0; Win64; x64; rv:135.0) Gecko/20100101 Firefox/135.0"
77.119.174.15 - - [27/Feb/2025:10:31:12 +0100] "GET /entry.php?id=11412 HTTP/1.1" 200 1759 "http://hausegger.activities.at/layout.php" "Mozilla/5.0 (Windows NT 10.0; Win64; x64; rv:135.0) Gecko/20100101 Firefox/135.0"
77.119.174.15 - - [27/Feb/2025:10:31:12 +0100] "GET /gui/javascript/form_form.js?1740648672 HTTP/1.1" 200 16206 "http://hausegger.activities.at/entry.php?id=10273" "Mozilla/5.0 (Windows NT 10.0; Win64; x64; rv:135.0) Gecko/20100101 Firefox/135.0"
77.119.174.15 - - [27/Feb/2025:10:31:12 +0100] "GET /gui/javascript/form_form.js?1740648672 HTTP/1.1" 200 16206 "http://hausegger.activities.at/entry.php?id=10270" "Mozilla/5.0 (Windows NT 10.0; Win64; x64; rv:135.0) Gecko/20100101 Firefox/135.0"
77.119.174.15 - - [27/Feb/2025:10:31:13 +0100] "GET /entry.php?id=10271& HTTP/1.1" 200 934 "http://hausegger.activities.at/entry.php?id=10272" "Mozilla/5.0 (Windows NT 10.0; Win64; x64; rv:135.0) Gecko/20100101 Firefox/135.0"
77.119.174.15 - - [27/Feb/2025:10:31:13 +0100] "GET /gui/javascript/form_form.js?1740648673 HTTP/1.1" 200 16206 "http://hausegger.activities.at/entry.php?id=10271&" "Mozilla/5.0 (Windows NT 10.0; Win64; x64; rv:135.0) Gecko/20100101 Firefox/135.0"
77.119.174.15 - - [27/Feb/2025:10:31:13 +0100] "GET /entry.php?id=10287 HTTP/1.1" 200 2419 "http://hausegger.activities.at/entry.php?id=11412" "Mozilla/5.0 (Windows NT 10.0; Win64; x64; rv:135.0) Gecko/20100101 Firefox/135.0"
77.119.174.15 - - [27/Feb/2025:10:31:13 +0100] "GET /entry.php?id=10273& HTTP/1.1" 200 1902 "http://hausegger.activities.at/entry.php?id=10287" "Mozilla/5.0 (Windows NT 10.0; Win64; x64; rv:135.0) Gecko/20100101 Firefox/135.0"
77.119.174.15 - - [27/Feb/2025:10:31:13 +0100] "GET /entry.php?id=10270& HTTP/1.1" 200 908 "http://hausegger.activities.at/entry.php?id=10287" "Mozilla/5.0 (Windows NT 10.0; Win64; x64; rv:135.0) Gecko/20100101 Firefox/135.0"
77.119.174.15 - - [27/Feb/2025:10:31:15 +0100] "POST /entry.php?id=10287& HTTP/1.1" 200 1968 "http://hausegger.activities.at/entry.php?id=10287" "Mozilla/5.0 (Windows NT 10.0; Win64; x64; rv:135.0) Gecko/20100101 Firefox/135.0"
77.119.174.15 - - [27/Feb/2025:10:32:19 +0100] "GET /gui/javascript/form_form.js?1740648739 HTTP/1.1" 200 16206 "http://hausegger.activities.at/entry.php?id=10287&" "Mozilla/5.0 (Windows NT 10.0; Win64; x64; rv:135.0) Gecko/20100101 Firefox/135.0"
77.119.174.15 - - [27/Feb/2025:10:32:19 +0100] "GET /entry.php?id=10271& HTTP/1.1" 200 987 "http://hausegger.activities.at/entry.php?id=10272" "Mozilla/5.0 (Windows NT 10.0; Win64; x64; rv:135.0) Gecko/20100101 Firefox/135.0"
77.119.174.15 - - [27/Feb/2025:10:32:19 +0100] "GET /entry.php?id=10273& HTTP/1.1" 200 2012 "http://hausegger.activities.at/entry.php?id=10287&" "Mozilla/5.0 (Windows NT 10.0; Win64; x64; rv:135.0) Gecko/20100101 Firefox/135.0"
77.119.174.15 - - [27/Feb/2025:10:32:19 +0100] "GET /entry.php?id=10270&__app__=10006038 HTTP/1.1" 200 2230 "http://hausegger.activities.at/entry.php?id=10273&" "Mozilla/5.0 (Windows NT 10.0; Win64; x64; rv:135.0) Gecko/20100101 Firefox/135.0"
77.119.174.15 - - [27/Feb/2025:10:32:20 +0100] "GET /undefined HTTP/1.1" 404 289 "http://hausegger.activities.at/entry.php?id=10270&__app__=10006038" "Mozilla/5.0 (Windows NT 10.0; Win64; x64; rv:135.0) Gecko/20100101 Firefox/135.0"
77.119.174.15 - - [27/Feb/2025:10:32:20 +0100] "GET /framework/webfx/style/toolbar/images/cbback.gif HTTP/1.1" 404 318 "http://hausegger.activities.at/framework/webfx/style/toolbar/cb2.css" "Mozilla/5.0 (Windows NT 10.0; Win64; x64; rv:135.0) Gecko/20100101 Firefox/135.0"
141.255.166.90 - - [27/Feb/2025:10:33:15 +0100] "GET /cgi-bin/luci/;stok=/locale HTTP/1.1" 404 371 "-" "-"
77.119.174.15 - - [27/Feb/2025:10:33:19 +0100] "GET /entry.php?id=10271&&ser=648739 HTTP/1.1" 200 990 "http://hausegger.activities.at/entry.php?id=10271&" "Mozilla/5.0 (Windows NT 10.0; Win64; x64; rv:135.0) Gecko/20100101 Firefox/135.0"
77.119.174.15 - - [27/Feb/2025:10:33:20 +0100] "GET /gui/javascript/form_form.js?1740648800 HTTP/1.1" 200 16206 "http://hausegger.activities.at/entry.php?id=10271&&ser=648739" "Mozilla/5.0 (Windows NT 10.0; Win64; x64; rv:135.0) Gecko/20100101 Firefox/135.0"
77.119.174.15 - - [27/Feb/2025:10:33:55 +0100] "GET /entry.php?id=10828 HTTP/1.1" 200 9140 "http://hausegger.activities.at/entry.php?id=10270&__app__=10006038" "Mozilla/5.0 (Windows NT 10.0; Win64; x64; rv:135.0) Gecko/20100101 Firefox/135.0"
77.119.174.15 - - [27/Feb/2025:10:33:55 +0100] "GET /gui/javascript/form_form.js?1740648835 HTTP/1.1" 200 16206 "http://hausegger.activities.at/entry.php?id=10828" "Mozilla/5.0 (Windows NT 10.0; Win64; x64; rv:135.0) Gecko/20100101 Firefox/135.0"
77.119.174.15 - - [27/Feb/2025:10:33:55 +0100] "GET /entry.php?id=10889&document_id=& HTTP/1.1" 200 1508 "http://hausegger.activities.at/entry.php?id=10828" "Mozilla/5.0 (Windows NT 10.0; Win64; x64; rv:135.0) Gecko/20100101 Firefox/135.0"
77.119.174.15 - - [27/Feb/2025:10:33:57 +0100] "POST /entry.php?id=10828 HTTP/1.1" 200 9330 "http://hausegger.activities.at/entry.php?id=10828" "Mozilla/5.0 (Windows NT 10.0; Win64; x64; rv:135.0) Gecko/20100101 Firefox/135.0"
77.119.174.15 - - [27/Feb/2025:10:33:57 +0100] "GET /gui/javascript/form_form.js?1740648837 HTTP/1.1" 200 16206 "http://hausegger.activities.at/entry.php?id=10828" "Mozilla/5.0 (Windows NT 10.0; Win64; x64; rv:135.0) Gecko/20100101 Firefox/135.0"
77.119.174.15 - - [27/Feb/2025:10:33:57 +0100] "GET /entry.php?id=10889&document_id=& HTTP/1.1" 200 1508 "http://hausegger.activities.at/entry.php?id=10828" "Mozilla/5.0 (Windows NT 10.0; Win64; x64; rv:135.0) Gecko/20100101 Firefox/135.0"
77.119.174.15 - - [27/Feb/2025:10:34:00 +0100] "GET /entry.php?id=10877&mode=loadSearchCustomer&obj=number&tag=debitor&value=f&ser=1740643346859 HTTP/1.1" 200 325 "http://hausegger.activities.at/entry.php?id=10828" "Mozilla/5.0 (Windows NT 10.0; Win64; x64; rv:135.0) Gecko/20100101 Firefox/135.0"
77.119.174.15 - - [27/Feb/2025:10:34:00 +0100] "GET /entry.php?id=10877&mode=loadSearchCustomer&obj=number&tag=debitor&value=f.&ser=1740643347339 HTTP/1.1" 200 175 "http://hausegger.activities.at/entry.php?id=10828" "Mozilla/5.0 (Windows NT 10.0; Win64; x64; rv:135.0) Gecko/20100101 Firefox/135.0"
77.119.174.15 - - [27/Feb/2025:10:34:01 +0100] "POST /entry.php?id=10889 HTTP/1.1" 200 1759 "http://hausegger.activities.at/entry.php?id=10889&document_id=&" "Mozilla/5.0 (Windows NT 10.0; Win64; x64; rv:135.0) Gecko/20100101 Firefox/135.0"
77.119.174.15 - - [27/Feb/2025:10:34:02 +0100] "GET /gui/javascript/form_form.js?1740648842 HTTP/1.1" 200 16206 "http://hausegger.activities.at/entry.php?id=10889" "Mozilla/5.0 (Windows NT 10.0; Win64; x64; rv:135.0) Gecko/20100101 Firefox/135.0"
77.119.174.15 - - [27/Feb/2025:10:34:16 +0100] "POST /entry.php?id=10828 HTTP/1.1" 200 8732 "http://hausegger.activities.at/entry.php?id=10828" "Mozilla/5.0 (Windows NT 10.0; Win64; x64; rv:135.0) Gecko/20100101 Firefox/135.0"
77.119.174.15 - - [27/Feb/2025:10:34:16 +0100] "GET /gui/javascript/form_form.js?1740648856 HTTP/1.1" 200 16206 "http://hausegger.activities.at/entry.php?id=10828" "Mozilla/5.0 (Windows NT 10.0; Win64; x64; rv:135.0) Gecko/20100101 Firefox/135.0"
77.119.174.15 - - [27/Feb/2025:10:34:16 +0100] "GET /entry.php?id=10889&document_id=10347923& HTTP/1.1" 200 1507 "http://hausegger.activities.at/entry.php?id=10828" "Mozilla/5.0 (Windows NT 10.0; Win64; x64; rv:135.0) Gecko/20100101 Firefox/135.0"
77.119.174.15 - - [27/Feb/2025:10:34:17 +0100] "GET /gui/javascript/form_form.js?1740648857 HTTP/1.1" 200 16206 "http://hausegger.activities.at/entry.php?id=10889&document_id=10347923&" "Mozilla/5.0 (Windows NT 10.0; Win64; x64; rv:135.0) Gecko/20100101 Firefox/135.0"
77.119.174.15 - - [27/Feb/2025:10:34:18 +0100] "POST /entry.php?id=10828 HTTP/1.1" 200 4992 "http://hausegger.activities.at/entry.php?id=10828" "Mozilla/5.0 (Windows NT 10.0; Win64; x64; rv:135.0) Gecko/20100101 Firefox/135.0"
77.119.174.15 - - [27/Feb/2025:10:34:18 +0100] "GET /gui/javascript/form_form.js?1740648858 HTTP/1.1" 200 16206 "http://hausegger.activities.at/entry.php?id=10828" "Mozilla/5.0 (Windows NT 10.0; Win64; x64; rv:135.0) Gecko/20100101 Firefox/135.0"
77.119.174.15 - - [27/Feb/2025:10:34:18 +0100] "GET /entry.php?id=10889&document_id=10347923& HTTP/1.1" 200 1507 "http://hausegger.activities.at/entry.php?id=10828" "Mozilla/5.0 (Windows NT 10.0; Win64; x64; rv:135.0) Gecko/20100101 Firefox/135.0"
77.119.174.15 - - [27/Feb/2025:10:34:20 +0100] "GET /entry.php?id=10271&&ser=648799 HTTP/1.1" 200 987 "http://hausegger.activities.at/entry.php?id=10271&&ser=648739" "Mozilla/5.0 (Windows NT 10.0; Win64; x64; rv:135.0) Gecko/20100101 Firefox/135.0"
77.119.174.15 - - [27/Feb/2025:10:34:20 +0100] "GET /gui/javascript/form_form.js?1740648860 HTTP/1.1" 200 16206 "http://hausegger.activities.at/entry.php?id=10271&&ser=648799" "Mozilla/5.0 (Windows NT 10.0; Win64; x64; rv:135.0) Gecko/20100101 Firefox/135.0"
77.119.174.15 - - [27/Feb/2025:10:34:23 +0100] "POST /entry.php?id=10828 HTTP/1.1" 200 5016 "http://hausegger.activities.at/entry.php?id=10828" "Mozilla/5.0 (Windows NT 10.0; Win64; x64; rv:135.0) Gecko/20100101 Firefox/135.0"
77.119.174.15 - - [27/Feb/2025:10:34:23 +0100] "GET /gui/javascript/form_form.js?1740648863 HTTP/1.1" 200 16206 "http://hausegger.activities.at/entry.php?id=10828" "Mozilla/5.0 (Windows NT 10.0; Win64; x64; rv:135.0) Gecko/20100101 Firefox/135.0"
77.119.174.15 - - [27/Feb/2025:10:34:23 +0100] "GET /entry.php?id=10889&document_id=10347923& HTTP/1.1" 200 1509 "http://hausegger.activities.at/entry.php?id=10828" "Mozilla/5.0 (Windows NT 10.0; Win64; x64; rv:135.0) Gecko/20100101 Firefox/135.0"
77.119.174.15 - - [27/Feb/2025:10:34:25 +0100] "POST /entry.php?id=10828 HTTP/1.1" 200 4791 "http://hausegger.activities.at/entry.php?id=10828" "Mozilla/5.0 (Windows NT 10.0; Win64; x64; rv:135.0) Gecko/20100101 Firefox/135.0"
77.119.174.15 - - [27/Feb/2025:10:34:25 +0100] "GET /gui/javascript/form_form.js?1740648865 HTTP/1.1" 200 16206 "http://hausegger.activities.at/entry.php?id=10828" "Mozilla/5.0 (Windows NT 10.0; Win64; x64; rv:135.0) Gecko/20100101 Firefox/135.0"
77.119.174.15 - - [27/Feb/2025:10:34:25 +0100] "GET /entry.php?id=10830&&object=10347923&account=&mode=documentdebitor HTTP/1.1" 200 3133 "http://hausegger.activities.at/entry.php?id=10828" "Mozilla/5.0 (Windows NT 10.0; Win64; x64; rv:135.0) Gecko/20100101 Firefox/135.0"
77.119.174.15 - - [27/Feb/2025:10:34:25 +0100] "GET /entry.php?id=10889&document_id=10347923& HTTP/1.1" 200 1508 "http://hausegger.activities.at/entry.php?id=10828" "Mozilla/5.0 (Windows NT 10.0; Win64; x64; rv:135.0) Gecko/20100101 Firefox/135.0"
77.119.174.15 - - [27/Feb/2025:10:34:26 +0100] "POST /entry.php?id=10889 HTTP/1.1" 200 1581 "http://hausegger.activities.at/entry.php?id=10889&document_id=10347923&" "Mozilla/5.0 (Windows NT 10.0; Win64; x64; rv:135.0) Gecko/20100101 Firefox/135.0"
77.119.174.15 - - [27/Feb/2025:10:34:26 +0100] "GET /gui/javascript/form_form.js?1740648866 HTTP/1.1" 200 16206 "http://hausegger.activities.at/entry.php?id=10889" "Mozilla/5.0 (Windows NT 10.0; Win64; x64; rv:135.0) Gecko/20100101 Firefox/135.0"
77.119.174.15 - - [27/Feb/2025:10:34:26 +0100] "GET /entry.php?id=10877&mode=loadSearchArticle&obj=article_1&tag=debit&refobject=10347923&value=1&ser=1740643373339 HTTP/1.1" 200 38897 "http://hausegger.activities.at/entry.php?id=10830&&object=10347923&account=&mode=documentdebitor" "Mozilla/5.0 (Windows NT 10.0; Win64; x64; rv:135.0) Gecko/20100101 Firefox/135.0"
77.119.174.15 - - [27/Feb/2025:10:34:27 +0100] "GET /entry.php?id=10877&mode=loadSearchArticle&obj=article_1&tag=debit&refobject=10347923&value=12&ser=1740643373547 HTTP/1.1" 200 14111 "http://hausegger.activities.at/entry.php?id=10830&&object=10347923&account=&mode=documentdebitor" "Mozilla/5.0 (Windows NT 10.0; Win64; x64; rv:135.0) Gecko/20100101 Firefox/135.0"
77.119.174.15 - - [27/Feb/2025:10:34:27 +0100] "GET /entry.php?id=10877&mode=loadSearchArticle&obj=article_1&tag=debit&refobject=10347923&value=125&ser=1740643373755 HTTP/1.1" 200 2704 "http://hausegger.activities.at/entry.php?id=10830&&object=10347923&account=&mode=documentdebitor" "Mozilla/5.0 (Windows NT 10.0; Win64; x64; rv:135.0) Gecko/20100101 Firefox/135.0"
77.119.174.15 - - [27/Feb/2025:10:34:33 +0100] "POST /entry.php?id=10889 HTTP/1.1" 200 1895 "http://hausegger.activities.at/entry.php?id=10889" "Mozilla/5.0 (Windows NT 10.0; Win64; x64; rv:135.0) Gecko/20100101 Firefox/135.0"
77.119.174.15 - - [27/Feb/2025:10:34:34 +0100] "GET /gui/javascript/form_form.js?1740648874 HTTP/1.1" 200 16206 "http://hausegger.activities.at/entry.php?id=10889" "Mozilla/5.0 (Windows NT 10.0; Win64; x64; rv:135.0) Gecko/20100101 Firefox/135.0"
77.119.174.15 - - [27/Feb/2025:10:34:34 +0100] "POST /entry.php?id=10889 HTTP/1.1" 200 1679 "http://hausegger.activities.at/entry.php?id=10889" "Mozilla/5.0 (Windows NT 10.0; Win64; x64; rv:135.0) Gecko/20100101 Firefox/135.0"
77.119.174.15 - - [27/Feb/2025:10:34:34 +0100] "POST /entry.php?id=10889 HTTP/1.1" 200 1820 "http://hausegger.activities.at/entry.php?id=10889" "Mozilla/5.0 (Windows NT 10.0; Win64; x64; rv:135.0) Gecko/20100101 Firefox/135.0"
77.119.174.15 - - [27/Feb/2025:10:34:35 +0100] "GET /gui/javascript/form_form.js?1740648875 HTTP/1.1" 200 16206 "http://hausegger.activities.at/entry.php?id=10889" "Mozilla/5.0 (Windows NT 10.0; Win64; x64; rv:135.0) Gecko/20100101 Firefox/135.0"
