77.119.174.15 - - [28/Feb/2025:10:41:03 +0100] "GET /gui/javascript/form_form.js?1740735663 HTTP/1.1" 200 16206 "http://hausegger.activities.at/entry.php?id=10273" "Mozilla/5.0 (Windows NT 10.0; Win64; x64; rv:135.0) Gecko/20100101 Firefox/135.0"
77.119.174.15 - - [28/Feb/2025:10:41:03 +0100] "GET /gui/javascript/form_form.js?1740735663 HTTP/1.1" 200 16206 "http://hausegger.activities.at/entry.php?id=11412" "Mozilla/5.0 (Windows NT 10.0; Win64; x64; rv:135.0) Gecko/20100101 Firefox/135.0"
77.119.174.15 - - [28/Feb/2025:10:41:03 +0100] "GET /gui/javascript/form_form.js?1740735663 HTTP/1.1" 200 16206 "http://hausegger.activities.at/entry.php?id=10270" "Mozilla/5.0 (Windows NT 10.0; Win64; x64; rv:135.0) Gecko/20100101 Firefox/135.0"
77.119.174.15 - - [28/Feb/2025:10:41:03 +0100] "GET /gui/javascript/form_form.js?1740735663 HTTP/1.1" 200 16206 "http://hausegger.activities.at/entry.php?id=10272" "Mozilla/5.0 (Windows NT 10.0; Win64; x64; rv:135.0) Gecko/20100101 Firefox/135.0"
77.119.174.15 - - [28/Feb/2025:10:41:03 +0100] "GET /entry.php?id=10287 HTTP/1.1" 200 2410 "http://hausegger.activities.at/entry.php?id=11412" "Mozilla/5.0 (Windows NT 10.0; Win64; x64; rv:135.0) Gecko/20100101 Firefox/135.0"
77.119.174.15 - - [28/Feb/2025:10:41:03 +0100] "GET /entry.php?id=10271& HTTP/1.1" 200 934 "http://hausegger.activities.at/entry.php?id=10272" "Mozilla/5.0 (Windows NT 10.0; Win64; x64; rv:135.0) Gecko/20100101 Firefox/135.0"
77.119.174.15 - - [28/Feb/2025:10:41:03 +0100] "GET /entry.php?id=10273& HTTP/1.1" 200 1902 "http://hausegger.activities.at/entry.php?id=10287" "Mozilla/5.0 (Windows NT 10.0; Win64; x64; rv:135.0) Gecko/20100101 Firefox/135.0"
77.119.174.15 - - [28/Feb/2025:10:41:03 +0100] "GET /entry.php?id=10270& HTTP/1.1" 200 909 "http://hausegger.activities.at/entry.php?id=10287" "Mozilla/5.0 (Windows NT 10.0; Win64; x64; rv:135.0) Gecko/20100101 Firefox/135.0"
47.82.10.156 - - [28/Feb/2025:10:41:42 +0100] "GET /viewtopic.php?t=165&p=4055 HTTP/1.1" 404 295 "http://triadian.castlegem.co.uk/viewtopic.php?t=165&p=4055" "Mozilla/5.0 (Windows NT 10.0; Win64; x64) AppleWebKit/537.36 (KHTML, like Gecko) Chrome/114.0.0.0 Safari/537.36 Edg/114.0.1823.43"
47.79.7.207 - - [28/Feb/2025:10:41:56 +0100] "GET /viewtopic.php?t=571&p=4116 HTTP/1.1" 404 295 "http://triadian.castlegem.co.uk/viewtopic.php?t=571&p=4116" "Mozilla/5.0 (Windows NT 10.0; Win64; x64) AppleWebKit/537.36 (KHTML, like Gecko) Chrome/114.0.0.0 Safari/537.36 Edg/114.0.1823.43"
77.119.174.15 - - [28/Feb/2025:10:41:07 +0100] "POST /entry.php?id=10287& HTTP/1.1" 200 1966 "http://hausegger.activities.at/entry.php?id=10287" "Mozilla/5.0 (Windows NT 10.0; Win64; x64; rv:135.0) Gecko/20100101 Firefox/135.0"
77.119.174.15 - - [28/Feb/2025:10:42:10 +0100] "GET /gui/javascript/form_form.js?1740735730 HTTP/1.1" 200 16206 "http://hausegger.activities.at/entry.php?id=10287&" "Mozilla/5.0 (Windows NT 10.0; Win64; x64; rv:135.0) Gecko/20100101 Firefox/135.0"
77.119.174.15 - - [28/Feb/2025:10:42:11 +0100] "GET /entry.php?id=10271& HTTP/1.1" 200 987 "http://hausegger.activities.at/entry.php?id=10272" "Mozilla/5.0 (Windows NT 10.0; Win64; x64; rv:135.0) Gecko/20100101 Firefox/135.0"
77.119.174.15 - - [28/Feb/2025:10:42:11 +0100] "GET /entry.php?id=10273& HTTP/1.1" 200 2014 "http://hausegger.activities.at/entry.php?id=10287&" "Mozilla/5.0 (Windows NT 10.0; Win64; x64; rv:135.0) Gecko/20100101 Firefox/135.0"
77.119.174.15 - - [28/Feb/2025:10:42:11 +0100] "GET /gui/javascript/form_form.js?1740735731 HTTP/1.1" 200 16206 "http://hausegger.activities.at/entry.php?id=10271&" "Mozilla/5.0 (Windows NT 10.0; Win64; x64; rv:135.0) Gecko/20100101 Firefox/135.0"
77.119.174.15 - - [28/Feb/2025:10:42:11 +0100] "GET /entry.php?id=10270&__app__=10006038 HTTP/1.1" 200 2231 "http://hausegger.activities.at/entry.php?id=10273&" "Mozilla/5.0 (Windows NT 10.0; Win64; x64; rv:135.0) Gecko/20100101 Firefox/135.0"
77.119.174.15 - - [28/Feb/2025:10:42:11 +0100] "GET /undefined HTTP/1.1" 404 289 "http://hausegger.activities.at/entry.php?id=10270&__app__=10006038" "Mozilla/5.0 (Windows NT 10.0; Win64; x64; rv:135.0) Gecko/20100101 Firefox/135.0"
77.119.174.15 - - [28/Feb/2025:10:42:11 +0100] "GET /framework/webfx/style/toolbar/images/cbback.gif HTTP/1.1" 404 318 "http://hausegger.activities.at/framework/webfx/style/toolbar/cb2.css" "Mozilla/5.0 (Windows NT 10.0; Win64; x64; rv:135.0) Gecko/20100101 Firefox/135.0"
193.68.89.51 - - [28/Feb/2025:10:42:12 +0100] "GET / HTTP/1.1" 200 274 "-" "Mozilla/5.0 (Windows NT 10.0; Win64; x64) AppleWebKit/537.36 (KHTML, like Gecko) Chrome/90.0.4430.85 Safari/537.36 Edg/90.0.818.46"
47.82.11.218 - - [28/Feb/2025:10:42:13 +0100] "GET /viewtopic.php?t=490&p=4079 HTTP/1.1" 404 295 "http://triadian.castlegem.co.uk/viewtopic.php?t=490&p=4079" "Mozilla/5.0 (Windows NT 10.0; Win64; x64) AppleWebKit/537.36 (KHTML, like Gecko) Chrome/114.0.0.0 Safari/537.36 Edg/114.0.1823.43"
20.65.193.82 - - [28/Feb/2025:10:42:35 +0100] "GET /portal/redlion HTTP/1.1" 404 286 "-" "Mozilla/5.0 zgrab/0.x"
77.119.174.15 - - [28/Feb/2025:10:43:11 +0100] "GET /entry.php?id=10271&&ser=735731 HTTP/1.1" 200 987 "http://hausegger.activities.at/entry.php?id=10271&" "Mozilla/5.0 (Windows NT 10.0; Win64; x64; rv:135.0) Gecko/20100101 Firefox/135.0"
77.119.174.15 - - [28/Feb/2025:10:43:11 +0100] "GET /gui/javascript/form_form.js?1740735791 HTTP/1.1" 200 16206 "http://hausegger.activities.at/entry.php?id=10271&&ser=735731" "Mozilla/5.0 (Windows NT 10.0; Win64; x64; rv:135.0) Gecko/20100101 Firefox/135.0"
47.82.10.137 - - [28/Feb/2025:10:43:31 +0100] "GET /viewtopic.php?t=178&p=221456 HTTP/1.1" 404 295 "http://triadian.castlegem.co.uk/viewtopic.php?t=178&p=221456" "Mozilla/5.0 (Windows NT 10.0; Win64; x64) AppleWebKit/537.36 (KHTML, like Gecko) Chrome/114.0.0.0 Safari/537.36 Edg/114.0.1823.43"
66.249.64.34 - - [28/Feb/2025:10:43:55 +0100] "GET /robots.txt HTTP/1.1" 404 292 "-" "Mozilla/5.0 (compatible; Googlebot/2.1; +http://www.google.com/bot.html)"
66.249.64.32 - - [28/Feb/2025:10:43:55 +0100] "GET / HTTP/1.1" 200 274 "-" "Mozilla/5.0 (compatible; Googlebot/2.1; +http://www.google.com/bot.html)"
66.249.64.32 - - [28/Feb/2025:10:43:56 +0100] "GET / HTTP/1.1" 200 274 "-" "Mozilla/5.0 (Linux; Android 6.0.1; Nexus 5X Build/MMB29P) AppleWebKit/537.36 (KHTML, like Gecko) Chrome/133.0.6943.53 Mobile Safari/537.36 (compatible; Googlebot/2.1; +http://www.google.com/bot.html)"
66.249.64.32 - - [28/Feb/2025:10:43:58 +0100] "GET /activities.ico HTTP/1.1" 200 1406 "-" "Googlebot-Image/1.0"
66.249.64.34 - - [28/Feb/2025:10:43:58 +0100] "GET /favicon.ico HTTP/1.1" 404 292 "-" "Googlebot-Image/1.0"
77.119.174.15 - - [28/Feb/2025:10:44:11 +0100] "GET /entry.php?id=10271&&ser=735791 HTTP/1.1" 200 987 "http://hausegger.activities.at/entry.php?id=10271&&ser=735731" "Mozilla/5.0 (Windows NT 10.0; Win64; x64; rv:135.0) Gecko/20100101 Firefox/135.0"
77.119.174.15 - - [28/Feb/2025:10:44:12 +0100] "GET /gui/javascript/form_form.js?1740735851 HTTP/1.1" 200 16206 "http://hausegger.activities.at/entry.php?id=10271&&ser=735791" "Mozilla/5.0 (Windows NT 10.0; Win64; x64; rv:135.0) Gecko/20100101 Firefox/135.0"
77.119.174.15 - - [28/Feb/2025:10:45:12 +0100] "GET /entry.php?id=10271&&ser=735851 HTTP/1.1" 200 987 "http://hausegger.activities.at/entry.php?id=10271&&ser=735791" "Mozilla/5.0 (Windows NT 10.0; Win64; x64; rv:135.0) Gecko/20100101 Firefox/135.0"
77.119.174.15 - - [28/Feb/2025:10:45:12 +0100] "GET /gui/javascript/form_form.js?1740735912 HTTP/1.1" 200 16206 "http://hausegger.activities.at/entry.php?id=10271&&ser=735851" "Mozilla/5.0 (Windows NT 10.0; Win64; x64; rv:135.0) Gecko/20100101 Firefox/135.0"
77.119.174.15 - - [28/Feb/2025:10:46:12 +0100] "GET /entry.php?id=10271&&ser=735912 HTTP/1.1" 200 987 "http://hausegger.activities.at/entry.php?id=10271&&ser=735851" "Mozilla/5.0 (Windows NT 10.0; Win64; x64; rv:135.0) Gecko/20100101 Firefox/135.0"
77.119.174.15 - - [28/Feb/2025:10:46:12 +0100] "GET /gui/javascript/form_form.js?1740735972 HTTP/1.1" 200 16206 "http://hausegger.activities.at/entry.php?id=10271&&ser=735912" "Mozilla/5.0 (Windows NT 10.0; Win64; x64; rv:135.0) Gecko/20100101 Firefox/135.0"
77.119.174.15 - - [28/Feb/2025:10:47:12 +0100] "GET /entry.php?id=10271&&ser=735972 HTTP/1.1" 200 987 "http://hausegger.activities.at/entry.php?id=10271&&ser=735912" "Mozilla/5.0 (Windows NT 10.0; Win64; x64; rv:135.0) Gecko/20100101 Firefox/135.0"
77.119.174.15 - - [28/Feb/2025:10:47:12 +0100] "GET /gui/javascript/form_form.js?1740736032 HTTP/1.1" 200 16206 "http://hausegger.activities.at/entry.php?id=10271&&ser=735972" "Mozilla/5.0 (Windows NT 10.0; Win64; x64; rv:135.0) Gecko/20100101 Firefox/135.0"
47.82.10.13 - - [28/Feb/2025:10:48:01 +0100] "GET /ucp.php?mode=register HTTP/1.1" 404 290 "http://triadian.castlegem.co.uk/ucp.php?mode=register" "Mozilla/5.0 (Windows NT 10.0; Win64; x64) AppleWebKit/537.36 (KHTML, like Gecko) Chrome/114.0.0.0 Safari/537.36 Edg/114.0.1823.43"
77.119.174.15 - - [28/Feb/2025:10:48:13 +0100] "GET /entry.php?id=10271&&ser=736032 HTTP/1.1" 200 987 "http://hausegger.activities.at/entry.php?id=10271&&ser=735972" "Mozilla/5.0 (Windows NT 10.0; Win64; x64; rv:135.0) Gecko/20100101 Firefox/135.0"
77.119.174.15 - - [28/Feb/2025:10:48:13 +0100] "GET /gui/javascript/form_form.js?1740736093 HTTP/1.1" 200 16206 "http://hausegger.activities.at/entry.php?id=10271&&ser=736032" "Mozilla/5.0 (Windows NT 10.0; Win64; x64; rv:135.0) Gecko/20100101 Firefox/135.0"
47.82.11.78 - - [28/Feb/2025:10:49:02 +0100] "GET /viewtopic.php?p=4082 HTTP/1.1" 404 295 "http://triadian.castlegem.co.uk/viewtopic.php?p=4082" "Mozilla/5.0 (Windows NT 10.0; Win64; x64) AppleWebKit/537.36 (KHTML, like Gecko) Chrome/114.0.0.0 Safari/537.36 Edg/114.0.1823.43"
77.119.174.15 - - [28/Feb/2025:10:49:13 +0100] "GET /entry.php?id=10271&&ser=736093 HTTP/1.1" 200 987 "http://hausegger.activities.at/entry.php?id=10271&&ser=736032" "Mozilla/5.0 (Windows NT 10.0; Win64; x64; rv:135.0) Gecko/20100101 Firefox/135.0"
77.119.174.15 - - [28/Feb/2025:10:49:13 +0100] "GET /gui/javascript/form_form.js?1740736153 HTTP/1.1" 200 16206 "http://hausegger.activities.at/entry.php?id=10271&&ser=736093" "Mozilla/5.0 (Windows NT 10.0; Win64; x64; rv:135.0) Gecko/20100101 Firefox/135.0"
156.59.198.135 - - [28/Feb/2025:10:49:17 +0100] "GET /renault.activities.at/htdocs/log/cron/reminder_mailing_3115327.txt HTTP/1.0" 404 323 "-" "Mozilla/5.0 (Linux; Android 5.0) AppleWebKit/537.36 (KHTML, like Gecko) Mobile Safari/537.36 (compatible; Bytespider; spider-feedback@bytedance.com)"
193.68.89.10 - - [28/Feb/2025:10:49:52 +0100] "GET / HTTP/1.1" 200 274 "-" "Mozilla/5.0 (Windows NT 10.0; Win64; x64) AppleWebKit/537.36 (KHTML, like Gecko) Chrome/90.0.4430.85 Safari/537.36 Edg/90.0.818.46"
77.119.174.15 - - [28/Feb/2025:10:50:13 +0100] "GET /entry.php?id=10271&&ser=736153 HTTP/1.1" 200 987 "http://hausegger.activities.at/entry.php?id=10271&&ser=736093" "Mozilla/5.0 (Windows NT 10.0; Win64; x64; rv:135.0) Gecko/20100101 Firefox/135.0"
77.119.174.15 - - [28/Feb/2025:10:50:13 +0100] "GET /gui/javascript/form_form.js?1740736213 HTTP/1.1" 200 16206 "http://hausegger.activities.at/entry.php?id=10271&&ser=736153" "Mozilla/5.0 (Windows NT 10.0; Win64; x64; rv:135.0) Gecko/20100101 Firefox/135.0"
77.119.174.15 - - [28/Feb/2025:10:51:14 +0100] "GET /entry.php?id=10271&&ser=736213 HTTP/1.1" 200 986 "http://hausegger.activities.at/entry.php?id=10271&&ser=736153" "Mozilla/5.0 (Windows NT 10.0; Win64; x64; rv:135.0) Gecko/20100101 Firefox/135.0"
77.119.174.15 - - [28/Feb/2025:10:51:14 +0100] "GET /gui/javascript/form_form.js?1740736274 HTTP/1.1" 200 16206 "http://hausegger.activities.at/entry.php?id=10271&&ser=736213" "Mozilla/5.0 (Windows NT 10.0; Win64; x64; rv:135.0) Gecko/20100101 Firefox/135.0"
77.119.174.15 - - [28/Feb/2025:10:52:14 +0100] "GET /entry.php?id=10271&&ser=736274 HTTP/1.1" 200 988 "http://hausegger.activities.at/entry.php?id=10271&&ser=736213" "Mozilla/5.0 (Windows NT 10.0; Win64; x64; rv:135.0) Gecko/20100101 Firefox/135.0"
77.119.174.15 - - [28/Feb/2025:10:52:14 +0100] "GET /gui/javascript/form_form.js?1740736334 HTTP/1.1" 200 16206 "http://hausegger.activities.at/entry.php?id=10271&&ser=736274" "Mozilla/5.0 (Windows NT 10.0; Win64; x64; rv:135.0) Gecko/20100101 Firefox/135.0"
77.119.174.15 - - [28/Feb/2025:10:53:14 +0100] "GET /entry.php?id=10271&&ser=736334 HTTP/1.1" 200 987 "http://hausegger.activities.at/entry.php?id=10271&&ser=736274" "Mozilla/5.0 (Windows NT 10.0; Win64; x64; rv:135.0) Gecko/20100101 Firefox/135.0"
77.119.174.15 - - [28/Feb/2025:10:53:14 +0100] "GET /gui/javascript/form_form.js?1740736394 HTTP/1.1" 200 16206 "http://hausegger.activities.at/entry.php?id=10271&&ser=736334" "Mozilla/5.0 (Windows NT 10.0; Win64; x64; rv:135.0) Gecko/20100101 Firefox/135.0"
47.82.11.66 - - [28/Feb/2025:10:54:01 +0100] "GET /portal.php?sid=8d4cbcd8990df6dd9ce51a173a313566 HTTP/1.1" 404 292 "http://triadian.castlegem.co.uk/portal.php?sid=8d4cbcd8990df6dd9ce51a173a313566" "Mozilla/5.0 (Windows NT 10.0; Win64; x64) AppleWebKit/537.36 (KHTML, like Gecko) Chrome/114.0.0.0 Safari/537.36 Edg/114.0.1823.43"
77.119.174.15 - - [28/Feb/2025:10:54:14 +0100] "GET /entry.php?id=10271&&ser=736394 HTTP/1.1" 200 990 "http://hausegger.activities.at/entry.php?id=10271&&ser=736334" "Mozilla/5.0 (Windows NT 10.0; Win64; x64; rv:135.0) Gecko/20100101 Firefox/135.0"
77.119.174.15 - - [28/Feb/2025:10:54:15 +0100] "GET /gui/javascript/form_form.js?1740736455 HTTP/1.1" 200 16206 "http://hausegger.activities.at/entry.php?id=10271&&ser=736394" "Mozilla/5.0 (Windows NT 10.0; Win64; x64; rv:135.0) Gecko/20100101 Firefox/135.0"
77.119.174.15 - - [28/Feb/2025:10:55:15 +0100] "GET /entry.php?id=10271&&ser=736454 HTTP/1.1" 200 988 "http://hausegger.activities.at/entry.php?id=10271&&ser=736394" "Mozilla/5.0 (Windows NT 10.0; Win64; x64; rv:135.0) Gecko/20100101 Firefox/135.0"
77.119.174.15 - - [28/Feb/2025:10:55:15 +0100] "GET /gui/javascript/form_form.js?1740736515 HTTP/1.1" 200 16206 "http://hausegger.activities.at/entry.php?id=10271&&ser=736454" "Mozilla/5.0 (Windows NT 10.0; Win64; x64; rv:135.0) Gecko/20100101 Firefox/135.0"
47.79.0.5 - - [28/Feb/2025:10:55:40 +0100] "GET /viewtopic.php?t=165&p=4034 HTTP/1.1" 404 295 "http://triadian.castlegem.co.uk/viewtopic.php?t=165&p=4034" "Mozilla/5.0 (Windows NT 10.0; Win64; x64) AppleWebKit/537.36 (KHTML, like Gecko) Chrome/114.0.0.0 Safari/537.36 Edg/114.0.1823.43"
77.119.174.15 - - [28/Feb/2025:10:56:15 +0100] "GET /entry.php?id=10271&&ser=736515 HTTP/1.1" 200 987 "http://hausegger.activities.at/entry.php?id=10271&&ser=736454" "Mozilla/5.0 (Windows NT 10.0; Win64; x64; rv:135.0) Gecko/20100101 Firefox/135.0"
77.119.174.15 - - [28/Feb/2025:10:56:15 +0100] "GET /gui/javascript/form_form.js?1740736575 HTTP/1.1" 200 16206 "http://hausegger.activities.at/entry.php?id=10271&&ser=736515" "Mozilla/5.0 (Windows NT 10.0; Win64; x64; rv:135.0) Gecko/20100101 Firefox/135.0"
74.82.47.5 - - [28/Feb/2025:10:56:23 +0100] "GET / HTTP/1.1" 200 274 "-" "Mozilla/5.0 (Windows NT 10.0; Win64; x64) AppleWebKit/537.36 (KHTML, like Gecko) Chrome/125.0.0.0 Safari/537.36"
47.82.11.63 - - [28/Feb/2025:10:56:30 +0100] "GET /viewtopic.php?t=190&p=4077 HTTP/1.1" 404 295 "http://triadian.castlegem.co.uk/viewtopic.php?t=190&p=4077" "Mozilla/5.0 (Windows NT 10.0; Win64; x64) AppleWebKit/537.36 (KHTML, like Gecko) Chrome/114.0.0.0 Safari/537.36 Edg/114.0.1823.43"
77.119.174.15 - - [28/Feb/2025:10:57:15 +0100] "GET /entry.php?id=10271&&ser=736575 HTTP/1.1" 200 987 "http://hausegger.activities.at/entry.php?id=10271&&ser=736515" "Mozilla/5.0 (Windows NT 10.0; Win64; x64; rv:135.0) Gecko/20100101 Firefox/135.0"
77.119.174.15 - - [28/Feb/2025:10:57:15 +0100] "GET /gui/javascript/form_form.js?1740736635 HTTP/1.1" 200 16206 "http://hausegger.activities.at/entry.php?id=10271&&ser=736575" "Mozilla/5.0 (Windows NT 10.0; Win64; x64; rv:135.0) Gecko/20100101 Firefox/135.0"
180.149.126.7 - - [28/Feb/2025:10:58:12 +0100] "GET / HTTP/1.1" 200 274 "-" "Mozilla/5.0 (Windows NT 5.1; Win64; x64) AppleWebKit/537.36 (KHTML, like Gecko) Chrome/60.0.3112.90 Safari/537.36"
77.119.174.15 - - [28/Feb/2025:10:58:16 +0100] "GET /entry.php?id=10271&&ser=736635 HTTP/1.1" 200 987 "http://hausegger.activities.at/entry.php?id=10271&&ser=736575" "Mozilla/5.0 (Windows NT 10.0; Win64; x64; rv:135.0) Gecko/20100101 Firefox/135.0"
77.119.174.15 - - [28/Feb/2025:10:58:16 +0100] "GET /gui/javascript/form_form.js?1740736696 HTTP/1.1" 200 16206 "http://hausegger.activities.at/entry.php?id=10271&&ser=736635" "Mozilla/5.0 (Windows NT 10.0; Win64; x64; rv:135.0) Gecko/20100101 Firefox/135.0"
77.119.174.15 - - [28/Feb/2025:10:59:16 +0100] "GET /entry.php?id=10271&&ser=736696 HTTP/1.1" 200 987 "http://hausegger.activities.at/entry.php?id=10271&&ser=736635" "Mozilla/5.0 (Windows NT 10.0; Win64; x64; rv:135.0) Gecko/20100101 Firefox/135.0"
77.119.174.15 - - [28/Feb/2025:10:59:16 +0100] "GET /gui/javascript/form_form.js?1740736756 HTTP/1.1" 200 16206 "http://hausegger.activities.at/entry.php?id=10271&&ser=736696" "Mozilla/5.0 (Windows NT 10.0; Win64; x64; rv:135.0) Gecko/20100101 Firefox/135.0"
74.82.47.5 - - [28/Feb/2025:10:59:31 +0100] "GET /favicon.ico HTTP/1.1" 404 284 "-" "Mozilla/5.0 (Macintosh; Intel Mac OS X 14_4) AppleWebKit/537.36 (KHTML, like Gecko) Chrome/123.0.0.0 Safari/537.36"
77.119.174.15 - - [28/Feb/2025:11:00:16 +0100] "GET /entry.php?id=10271&&ser=736756 HTTP/1.1" 200 987 "http://hausegger.activities.at/entry.php?id=10271&&ser=736696" "Mozilla/5.0 (Windows NT 10.0; Win64; x64; rv:135.0) Gecko/20100101 Firefox/135.0"
77.119.174.15 - - [28/Feb/2025:11:00:16 +0100] "GET /gui/javascript/form_form.js?1740736816 HTTP/1.1" 200 16206 "http://hausegger.activities.at/entry.php?id=10271&&ser=736756" "Mozilla/5.0 (Windows NT 10.0; Win64; x64; rv:135.0) Gecko/20100101 Firefox/135.0"
74.82.47.5 - - [28/Feb/2025:11:00:18 +0100] "GET /geoserver/web/ HTTP/1.1" 404 284 "-" "Mozilla/5.0 (Windows NT 10.0; Win64; x64) AppleWebKit/537.36 (KHTML, like Gecko) Chrome/125.0.0.0 Safari/537.36"
47.82.11.176 - - [28/Feb/2025:11:00:55 +0100] "GET /viewtopic.php?t=540&p=4060 HTTP/1.1" 404 295 "http://triadian.castlegem.co.uk/viewtopic.php?t=540&p=4060" "Mozilla/5.0 (Windows NT 10.0; Win64; x64) AppleWebKit/537.36 (KHTML, like Gecko) Chrome/114.0.0.0 Safari/537.36 Edg/114.0.1823.43"
74.82.47.5 - - [28/Feb/2025:11:00:55 +0100] "GET /info.php HTTP/1.1" 404 283 "-" "Mozilla/5.0 (Windows NT 10.0; Win64; x64) AppleWebKit/537.36 (KHTML, like Gecko) Chrome/125.0.0.0 Safari/537.36"
74.82.47.5 - - [28/Feb/2025:11:00:57 +0100] "GET /phpinfo.php HTTP/1.1" 200 10183 "-" "Mozilla/5.0 (Windows NT 10.0; Win64; x64; rv:107.0) Gecko/20100101 Firefox/107.0"
74.82.47.5 - - [28/Feb/2025:11:00:59 +0100] "GET /dashboard/phpinfo.php HTTP/1.1" 404 290 "-" "Mozilla/5.0 (Windows NT 10.0; Win64; x64) AppleWebKit/537.36 (KHTML, like Gecko) Chrome/103.0.0.0 Safari/537.36"
77.119.174.15 - - [28/Feb/2025:11:01:16 +0100] "GET /entry.php?id=10271&&ser=736816 HTTP/1.1" 200 987 "http://hausegger.activities.at/entry.php?id=10271&&ser=736756" "Mozilla/5.0 (Windows NT 10.0; Win64; x64; rv:135.0) Gecko/20100101 Firefox/135.0"
77.119.174.15 - - [28/Feb/2025:11:01:17 +0100] "GET /gui/javascript/form_form.js?1740736877 HTTP/1.1" 200 16206 "http://hausegger.activities.at/entry.php?id=10271&&ser=736816" "Mozilla/5.0 (Windows NT 10.0; Win64; x64; rv:135.0) Gecko/20100101 Firefox/135.0"
47.79.5.157 - - [28/Feb/2025:11:01:48 +0100] "GET /index.php?sid=8d4cbcd8990df6dd9ce51a173a313566 HTTP/1.1" 200 274 "http://triadian.castlegem.co.uk/index.php?sid=8d4cbcd8990df6dd9ce51a173a313566" "Mozilla/5.0 (Windows NT 10.0; Win64; x64) AppleWebKit/537.36 (KHTML, like Gecko) Chrome/114.0.0.0 Safari/537.36 Edg/114.0.1823.43"
77.119.174.15 - - [28/Feb/2025:11:02:17 +0100] "GET /entry.php?id=10271&&ser=736877 HTTP/1.1" 200 987 "http://hausegger.activities.at/entry.php?id=10271&&ser=736816" "Mozilla/5.0 (Windows NT 10.0; Win64; x64; rv:135.0) Gecko/20100101 Firefox/135.0"
77.119.174.15 - - [28/Feb/2025:11:02:17 +0100] "GET /gui/javascript/form_form.js?1740736937 HTTP/1.1" 200 16206 "http://hausegger.activities.at/entry.php?id=10271&&ser=736877" "Mozilla/5.0 (Windows NT 10.0; Win64; x64; rv:135.0) Gecko/20100101 Firefox/135.0"
47.82.11.203 - - [28/Feb/2025:11:02:19 +0100] "GET /viewtopic.php?t=536&p=3989 HTTP/1.1" 404 295 "http://triadian.castlegem.co.uk/viewtopic.php?t=536&p=3989" "Mozilla/5.0 (Windows NT 10.0; Win64; x64) AppleWebKit/537.36 (KHTML, like Gecko) Chrome/114.0.0.0 Safari/537.36 Edg/114.0.1823.43"
77.119.174.15 - - [28/Feb/2025:11:03:17 +0100] "GET /entry.php?id=10271&&ser=736937 HTTP/1.1" 200 987 "http://hausegger.activities.at/entry.php?id=10271&&ser=736877" "Mozilla/5.0 (Windows NT 10.0; Win64; x64; rv:135.0) Gecko/20100101 Firefox/135.0"
77.119.174.15 - - [28/Feb/2025:11:03:17 +0100] "GET /gui/javascript/form_form.js?1740736997 HTTP/1.1" 200 16206 "http://hausegger.activities.at/entry.php?id=10271&&ser=736937" "Mozilla/5.0 (Windows NT 10.0; Win64; x64; rv:135.0) Gecko/20100101 Firefox/135.0"
47.82.11.176 - - [28/Feb/2025:11:03:32 +0100] "GET /posting.php?mode=reply&f=8&t=554 HTTP/1.1" 404 293 "http://triadian.castlegem.co.uk/posting.php?mode=reply&f=8&t=554" "Mozilla/5.0 (Windows NT 10.0; Win64; x64) AppleWebKit/537.36 (KHTML, like Gecko) Chrome/114.0.0.0 Safari/537.36 Edg/114.0.1823.43"
185.242.226.116 - - [28/Feb/2025:11:03:46 +0100] "GET /activities.ico HTTP/1.1" 200 1406 "-" "python-requests/2.26.0"
185.242.226.116 - - [28/Feb/2025:11:03:46 +0100] "GET / HTTP/1.1" 200 274 "-" "python-requests/2.26.0"
47.79.3.216 - - [28/Feb/2025:11:04:14 +0100] "GET /viewtopic.php?t=165&p=4043 HTTP/1.1" 404 295 "http://triadian.castlegem.co.uk/viewtopic.php?t=165&p=4043" "Mozilla/5.0 (Windows NT 10.0; Win64; x64) AppleWebKit/537.36 (KHTML, like Gecko) Chrome/114.0.0.0 Safari/537.36 Edg/114.0.1823.43"
77.119.174.15 - - [28/Feb/2025:11:04:17 +0100] "GET /entry.php?id=10271&&ser=736997 HTTP/1.1" 200 988 "http://hausegger.activities.at/entry.php?id=10271&&ser=736937" "Mozilla/5.0 (Windows NT 10.0; Win64; x64; rv:135.0) Gecko/20100101 Firefox/135.0"
77.119.174.15 - - [28/Feb/2025:11:04:17 +0100] "GET /gui/javascript/form_form.js?1740737057 HTTP/1.1" 200 16206 "http://hausegger.activities.at/entry.php?id=10271&&ser=736997" "Mozilla/5.0 (Windows NT 10.0; Win64; x64; rv:135.0) Gecko/20100101 Firefox/135.0"
47.82.10.106 - - [28/Feb/2025:11:05:13 +0100] "GET /viewtopic.php?f=8&t=554 HTTP/1.1" 404 295 "http://triadian.castlegem.co.uk/viewtopic.php?f=8&t=554" "Mozilla/5.0 (Windows NT 10.0; Win64; x64) AppleWebKit/537.36 (KHTML, like Gecko) Chrome/114.0.0.0 Safari/537.36 Edg/114.0.1823.43"
77.119.174.15 - - [28/Feb/2025:11:05:18 +0100] "GET /entry.php?id=10271&&ser=737057 HTTP/1.1" 200 987 "http://hausegger.activities.at/entry.php?id=10271&&ser=736997" "Mozilla/5.0 (Windows NT 10.0; Win64; x64; rv:135.0) Gecko/20100101 Firefox/135.0"
77.119.174.15 - - [28/Feb/2025:11:05:18 +0100] "GET /gui/javascript/form_form.js?1740737118 HTTP/1.1" 200 16206 "http://hausegger.activities.at/entry.php?id=10271&&ser=737057" "Mozilla/5.0 (Windows NT 10.0; Win64; x64; rv:135.0) Gecko/20100101 Firefox/135.0"
47.79.2.14 - - [28/Feb/2025:11:05:54 +0100] "GET /gallery/index.php?sid=a94bab38d52932f0004895e5234d6248 HTTP/1.1" 404 298 "http://triadian.castlegem.co.uk/gallery/index.php?sid=a94bab38d52932f0004895e5234d6248" "Mozilla/5.0 (Windows NT 10.0; Win64; x64) AppleWebKit/537.36 (KHTML, like Gecko) Chrome/114.0.0.0 Safari/537.36 Edg/114.0.1823.43"
77.119.174.15 - - [28/Feb/2025:11:06:18 +0100] "GET /entry.php?id=10271&&ser=737118 HTTP/1.1" 200 987 "http://hausegger.activities.at/entry.php?id=10271&&ser=737057" "Mozilla/5.0 (Windows NT 10.0; Win64; x64; rv:135.0) Gecko/20100101 Firefox/135.0"
77.119.174.15 - - [28/Feb/2025:11:06:18 +0100] "GET /gui/javascript/form_form.js?1740737178 HTTP/1.1" 200 16206 "http://hausegger.activities.at/entry.php?id=10271&&ser=737118" "Mozilla/5.0 (Windows NT 10.0; Win64; x64; rv:135.0) Gecko/20100101 Firefox/135.0"
77.119.174.15 - - [28/Feb/2025:11:07:18 +0100] "GET /entry.php?id=10271&&ser=737178 HTTP/1.1" 200 987 "http://hausegger.activities.at/entry.php?id=10271&&ser=737118" "Mozilla/5.0 (Windows NT 10.0; Win64; x64; rv:135.0) Gecko/20100101 Firefox/135.0"
77.119.174.15 - - [28/Feb/2025:11:07:18 +0100] "GET /gui/javascript/form_form.js?1740737238 HTTP/1.1" 200 16206 "http://hausegger.activities.at/entry.php?id=10271&&ser=737178" "Mozilla/5.0 (Windows NT 10.0; Win64; x64; rv:135.0) Gecko/20100101 Firefox/135.0"
77.119.174.15 - - [28/Feb/2025:11:07:47 +0100] "GET /entry.php?id=10828 HTTP/1.1" 200 9140 "http://hausegger.activities.at/entry.php?id=10270&__app__=10006038" "Mozilla/5.0 (Windows NT 10.0; Win64; x64; rv:135.0) Gecko/20100101 Firefox/135.0"
77.119.174.15 - - [28/Feb/2025:11:07:48 +0100] "GET /gui/javascript/form_form.js?1740737268 HTTP/1.1" 200 16206 "http://hausegger.activities.at/entry.php?id=10828" "Mozilla/5.0 (Windows NT 10.0; Win64; x64; rv:135.0) Gecko/20100101 Firefox/135.0"
77.119.174.15 - - [28/Feb/2025:11:07:48 +0100] "GET /entry.php?id=10889&document_id=& HTTP/1.1" 200 1507 "http://hausegger.activities.at/entry.php?id=10828" "Mozilla/5.0 (Windows NT 10.0; Win64; x64; rv:135.0) Gecko/20100101 Firefox/135.0"
77.119.174.15 - - [28/Feb/2025:11:08:19 +0100] "GET /entry.php?id=10271&&ser=737238 HTTP/1.1" 200 987 "http://hausegger.activities.at/entry.php?id=10271&&ser=737178" "Mozilla/5.0 (Windows NT 10.0; Win64; x64; rv:135.0) Gecko/20100101 Firefox/135.0"
77.119.174.15 - - [28/Feb/2025:11:08:19 +0100] "GET /gui/javascript/form_form.js?1740737299 HTTP/1.1" 200 16206 "http://hausegger.activities.at/entry.php?id=10271&&ser=737238" "Mozilla/5.0 (Windows NT 10.0; Win64; x64; rv:135.0) Gecko/20100101 Firefox/135.0"
77.119.174.15 - - [28/Feb/2025:11:09:19 +0100] "GET /entry.php?id=10271&&ser=737299 HTTP/1.1" 200 987 "http://hausegger.activities.at/entry.php?id=10271&&ser=737238" "Mozilla/5.0 (Windows NT 10.0; Win64; x64; rv:135.0) Gecko/20100101 Firefox/135.0"
77.119.174.15 - - [28/Feb/2025:11:09:19 +0100] "GET /gui/javascript/form_form.js?1740737359 HTTP/1.1" 200 16206 "http://hausegger.activities.at/entry.php?id=10271&&ser=737299" "Mozilla/5.0 (Windows NT 10.0; Win64; x64; rv:135.0) Gecko/20100101 Firefox/135.0"
77.119.174.15 - - [28/Feb/2025:11:10:19 +0100] "GET /entry.php?id=10271&&ser=737359 HTTP/1.1" 200 987 "http://hausegger.activities.at/entry.php?id=10271&&ser=737299" "Mozilla/5.0 (Windows NT 10.0; Win64; x64; rv:135.0) Gecko/20100101 Firefox/135.0"
77.119.174.15 - - [28/Feb/2025:11:10:19 +0100] "GET /gui/javascript/form_form.js?1740737419 HTTP/1.1" 200 16206 "http://hausegger.activities.at/entry.php?id=10271&&ser=737359" "Mozilla/5.0 (Windows NT 10.0; Win64; x64; rv:135.0) Gecko/20100101 Firefox/135.0"
77.119.174.15 - - [28/Feb/2025:11:11:19 +0100] "GET /entry.php?id=10271&&ser=737419 HTTP/1.1" 200 988 "http://hausegger.activities.at/entry.php?id=10271&&ser=737359" "Mozilla/5.0 (Windows NT 10.0; Win64; x64; rv:135.0) Gecko/20100101 Firefox/135.0"
77.119.174.15 - - [28/Feb/2025:11:11:19 +0100] "GET /gui/javascript/form_form.js?1740737479 HTTP/1.1" 200 16206 "http://hausegger.activities.at/entry.php?id=10271&&ser=737419" "Mozilla/5.0 (Windows NT 10.0; Win64; x64; rv:135.0) Gecko/20100101 Firefox/135.0"
77.119.174.15 - - [28/Feb/2025:11:12:20 +0100] "GET /entry.php?id=10271&&ser=737479 HTTP/1.1" 200 987 "http://hausegger.activities.at/entry.php?id=10271&&ser=737419" "Mozilla/5.0 (Windows NT 10.0; Win64; x64; rv:135.0) Gecko/20100101 Firefox/135.0"
77.119.174.15 - - [28/Feb/2025:11:12:20 +0100] "GET /gui/javascript/form_form.js?1740737540 HTTP/1.1" 200 16206 "http://hausegger.activities.at/entry.php?id=10271&&ser=737479" "Mozilla/5.0 (Windows NT 10.0; Win64; x64; rv:135.0) Gecko/20100101 Firefox/135.0"
77.119.174.15 - - [28/Feb/2025:11:13:20 +0100] "GET /entry.php?id=10271&&ser=737540 HTTP/1.1" 200 987 "http://hausegger.activities.at/entry.php?id=10271&&ser=737479" "Mozilla/5.0 (Windows NT 10.0; Win64; x64; rv:135.0) Gecko/20100101 Firefox/135.0"
77.119.174.15 - - [28/Feb/2025:11:13:20 +0100] "GET /gui/javascript/form_form.js?1740737600 HTTP/1.1" 200 16206 "http://hausegger.activities.at/entry.php?id=10271&&ser=737540" "Mozilla/5.0 (Windows NT 10.0; Win64; x64; rv:135.0) Gecko/20100101 Firefox/135.0"
77.119.174.15 - - [28/Feb/2025:11:14:20 +0100] "GET /entry.php?id=10271&&ser=737600 HTTP/1.1" 200 987 "http://hausegger.activities.at/entry.php?id=10271&&ser=737540" "Mozilla/5.0 (Windows NT 10.0; Win64; x64; rv:135.0) Gecko/20100101 Firefox/135.0"
77.119.174.15 - - [28/Feb/2025:11:14:20 +0100] "GET /gui/javascript/form_form.js?1740737660 HTTP/1.1" 200 16206 "http://hausegger.activities.at/entry.php?id=10271&&ser=737600" "Mozilla/5.0 (Windows NT 10.0; Win64; x64; rv:135.0) Gecko/20100101 Firefox/135.0"
47.82.11.134 - - [28/Feb/2025:11:14:24 +0100] "GET /gallery/image_page.php?album_id=1&image_id=111 HTTP/1.1" 404 300 "http://triadian.castlegem.co.uk/gallery/image_page.php?album_id=1&image_id=111" "Mozilla/5.0 (Windows NT 10.0; Win64; x64) AppleWebKit/537.36 (KHTML, like Gecko) Chrome/114.0.0.0 Safari/537.36 Edg/114.0.1823.43"
77.119.174.15 - - [28/Feb/2025:11:15:20 +0100] "GET /entry.php?id=10271&&ser=737660 HTTP/1.1" 200 987 "http://hausegger.activities.at/entry.php?id=10271&&ser=737600" "Mozilla/5.0 (Windows NT 10.0; Win64; x64; rv:135.0) Gecko/20100101 Firefox/135.0"
77.119.174.15 - - [28/Feb/2025:11:15:21 +0100] "GET /gui/javascript/form_form.js?1740737721 HTTP/1.1" 200 16206 "http://hausegger.activities.at/entry.php?id=10271&&ser=737660" "Mozilla/5.0 (Windows NT 10.0; Win64; x64; rv:135.0) Gecko/20100101 Firefox/135.0"
47.82.11.8 - - [28/Feb/2025:11:15:45 +0100] "GET /ucp.php?mode=privacy&sid=8d4cbcd8990df6dd9ce51a173a313566 HTTP/1.1" 404 290 "http://triadian.castlegem.co.uk/ucp.php?mode=privacy&sid=8d4cbcd8990df6dd9ce51a173a313566" "Mozilla/5.0 (Windows NT 10.0; Win64; x64) AppleWebKit/537.36 (KHTML, like Gecko) Chrome/114.0.0.0 Safari/537.36 Edg/114.0.1823.43"
47.79.1.112 - - [28/Feb/2025:11:15:51 +0100] "GET /gallery/image_page.php?album_id=1&image_id=114 HTTP/1.1" 404 300 "http://triadian.castlegem.co.uk/gallery/image_page.php?album_id=1&image_id=114" "Mozilla/5.0 (Windows NT 10.0; Win64; x64) AppleWebKit/537.36 (KHTML, like Gecko) Chrome/114.0.0.0 Safari/537.36 Edg/114.0.1823.43"
77.119.174.15 - - [28/Feb/2025:11:16:21 +0100] "GET /entry.php?id=10271&&ser=737721 HTTP/1.1" 200 987 "http://hausegger.activities.at/entry.php?id=10271&&ser=737660" "Mozilla/5.0 (Windows NT 10.0; Win64; x64; rv:135.0) Gecko/20100101 Firefox/135.0"
77.119.174.15 - - [28/Feb/2025:11:16:21 +0100] "GET /gui/javascript/form_form.js?1740737781 HTTP/1.1" 200 16206 "http://hausegger.activities.at/entry.php?id=10271&&ser=737721" "Mozilla/5.0 (Windows NT 10.0; Win64; x64; rv:135.0) Gecko/20100101 Firefox/135.0"
77.119.174.15 - - [28/Feb/2025:11:17:21 +0100] "GET /entry.php?id=10271&&ser=737781 HTTP/1.1" 200 987 "http://hausegger.activities.at/entry.php?id=10271&&ser=737721" "Mozilla/5.0 (Windows NT 10.0; Win64; x64; rv:135.0) Gecko/20100101 Firefox/135.0"
77.119.174.15 - - [28/Feb/2025:11:17:21 +0100] "GET /gui/javascript/form_form.js?1740737841 HTTP/1.1" 200 16206 "http://hausegger.activities.at/entry.php?id=10271&&ser=737781" "Mozilla/5.0 (Windows NT 10.0; Win64; x64; rv:135.0) Gecko/20100101 Firefox/135.0"
47.82.11.128 - - [28/Feb/2025:11:17:30 +0100] "GET /viewtopic.php?t=521&p=3907 HTTP/1.1" 404 295 "http://triadian.castlegem.co.uk/viewtopic.php?t=521&p=3907" "Mozilla/5.0 (Windows NT 10.0; Win64; x64) AppleWebKit/537.36 (KHTML, like Gecko) Chrome/114.0.0.0 Safari/537.36 Edg/114.0.1823.43"
77.119.174.15 - - [28/Feb/2025:11:18:21 +0100] "GET /entry.php?id=10271&&ser=737841 HTTP/1.1" 200 987 "http://hausegger.activities.at/entry.php?id=10271&&ser=737781" "Mozilla/5.0 (Windows NT 10.0; Win64; x64; rv:135.0) Gecko/20100101 Firefox/135.0"
77.119.174.15 - - [28/Feb/2025:11:18:22 +0100] "GET /gui/javascript/form_form.js?1740737902 HTTP/1.1" 200 16206 "http://hausegger.activities.at/entry.php?id=10271&&ser=737841" "Mozilla/5.0 (Windows NT 10.0; Win64; x64; rv:135.0) Gecko/20100101 Firefox/135.0"
47.79.98.89 - - [28/Feb/2025:11:18:54 +0100] "GET /viewtopic.php?t=526&p=3951 HTTP/1.1" 404 295 "http://triadian.castlegem.co.uk/viewtopic.php?t=526&p=3951" "Mozilla/5.0 (Windows NT 10.0; Win64; x64) AppleWebKit/537.36 (KHTML, like Gecko) Chrome/114.0.0.0 Safari/537.36 Edg/114.0.1823.43"
77.119.174.15 - - [28/Feb/2025:11:19:22 +0100] "GET /entry.php?id=10271&&ser=737902 HTTP/1.1" 200 987 "http://hausegger.activities.at/entry.php?id=10271&&ser=737841" "Mozilla/5.0 (Windows NT 10.0; Win64; x64; rv:135.0) Gecko/20100101 Firefox/135.0"
77.119.174.15 - - [28/Feb/2025:11:19:22 +0100] "GET /gui/javascript/form_form.js?1740737962 HTTP/1.1" 200 16206 "http://hausegger.activities.at/entry.php?id=10271&&ser=737902" "Mozilla/5.0 (Windows NT 10.0; Win64; x64; rv:135.0) Gecko/20100101 Firefox/135.0"
47.79.98.125 - - [28/Feb/2025:11:19:28 +0100] "GET /gallery/search.php HTTP/1.1" 404 298 "http://triadian.castlegem.co.uk/gallery/search.php" "Mozilla/5.0 (Windows NT 10.0; Win64; x64) AppleWebKit/537.36 (KHTML, like Gecko) Chrome/114.0.0.0 Safari/537.36 Edg/114.0.1823.43"
156.59.198.136 - - [28/Feb/2025:11:19:58 +0100] "GET /renault.activities.at/htdocs/export/pdf/emuc_document/10963657.pdf HTTP/1.0" 404 323 "-" "Mozilla/5.0 (Linux; Android 5.0) AppleWebKit/537.36 (KHTML, like Gecko) Mobile Safari/537.36 (compatible; Bytespider; spider-feedback@bytedance.com)"
77.119.174.15 - - [28/Feb/2025:11:20:22 +0100] "GET /entry.php?id=10271&&ser=737962 HTTP/1.1" 200 987 "http://hausegger.activities.at/entry.php?id=10271&&ser=737902" "Mozilla/5.0 (Windows NT 10.0; Win64; x64; rv:135.0) Gecko/20100101 Firefox/135.0"
77.119.174.15 - - [28/Feb/2025:11:20:22 +0100] "GET /gui/javascript/form_form.js?1740738022 HTTP/1.1" 200 16206 "http://hausegger.activities.at/entry.php?id=10271&&ser=737962" "Mozilla/5.0 (Windows NT 10.0; Win64; x64; rv:135.0) Gecko/20100101 Firefox/135.0"
47.82.10.72 - - [28/Feb/2025:11:20:46 +0100] "GET /viewtopic.php?t=518&p=3890 HTTP/1.1" 404 295 "http://triadian.castlegem.co.uk/viewtopic.php?t=518&p=3890" "Mozilla/5.0 (Windows NT 10.0; Win64; x64) AppleWebKit/537.36 (KHTML, like Gecko) Chrome/114.0.0.0 Safari/537.36 Edg/114.0.1823.43"
77.119.174.15 - - [28/Feb/2025:11:21:22 +0100] "GET /entry.php?id=10271&&ser=738022 HTTP/1.1" 200 987 "http://hausegger.activities.at/entry.php?id=10271&&ser=737962" "Mozilla/5.0 (Windows NT 10.0; Win64; x64; rv:135.0) Gecko/20100101 Firefox/135.0"
77.119.174.15 - - [28/Feb/2025:11:21:22 +0100] "GET /gui/javascript/form_form.js?1740738082 HTTP/1.1" 200 16206 "http://hausegger.activities.at/entry.php?id=10271&&ser=738022" "Mozilla/5.0 (Windows NT 10.0; Win64; x64; rv:135.0) Gecko/20100101 Firefox/135.0"
77.119.174.15 - - [28/Feb/2025:11:22:23 +0100] "GET /entry.php?id=10271&&ser=738082 HTTP/1.1" 200 987 "http://hausegger.activities.at/entry.php?id=10271&&ser=738022" "Mozilla/5.0 (Windows NT 10.0; Win64; x64; rv:135.0) Gecko/20100101 Firefox/135.0"
77.119.174.15 - - [28/Feb/2025:11:22:23 +0100] "GET /gui/javascript/form_form.js?1740738143 HTTP/1.1" 200 16206 "http://hausegger.activities.at/entry.php?id=10271&&ser=738082" "Mozilla/5.0 (Windows NT 10.0; Win64; x64; rv:135.0) Gecko/20100101 Firefox/135.0"
77.119.174.15 - - [28/Feb/2025:11:23:23 +0100] "GET /entry.php?id=10271&&ser=738143 HTTP/1.1" 200 987 "http://hausegger.activities.at/entry.php?id=10271&&ser=738082" "Mozilla/5.0 (Windows NT 10.0; Win64; x64; rv:135.0) Gecko/20100101 Firefox/135.0"
77.119.174.15 - - [28/Feb/2025:11:23:23 +0100] "GET /gui/javascript/form_form.js?1740738203 HTTP/1.1" 200 16206 "http://hausegger.activities.at/entry.php?id=10271&&ser=738143" "Mozilla/5.0 (Windows NT 10.0; Win64; x64; rv:135.0) Gecko/20100101 Firefox/135.0"
156.59.198.135 - - [28/Feb/2025:11:23:58 +0100] "GET /renault.activities.at/htdocs/export/pdf/emuc_document/10426077.pdf HTTP/1.0" 404 322 "-" "Mozilla/5.0 (Linux; Android 5.0) AppleWebKit/537.36 (KHTML, like Gecko) Mobile Safari/537.36 (compatible; Bytespider; spider-feedback@bytedance.com)"
77.119.174.15 - - [28/Feb/2025:11:24:23 +0100] "GET /entry.php?id=10271&&ser=738203 HTTP/1.1" 200 987 "http://hausegger.activities.at/entry.php?id=10271&&ser=738143" "Mozilla/5.0 (Windows NT 10.0; Win64; x64; rv:135.0) Gecko/20100101 Firefox/135.0"
77.119.174.15 - - [28/Feb/2025:11:24:23 +0100] "GET /gui/javascript/form_form.js?1740738263 HTTP/1.1" 200 16206 "http://hausegger.activities.at/entry.php?id=10271&&ser=738203" "Mozilla/5.0 (Windows NT 10.0; Win64; x64; rv:135.0) Gecko/20100101 Firefox/135.0"
77.119.174.15 - - [28/Feb/2025:11:25:24 +0100] "GET /entry.php?id=10271&&ser=738263 HTTP/1.1" 200 987 "http://hausegger.activities.at/entry.php?id=10271&&ser=738203" "Mozilla/5.0 (Windows NT 10.0; Win64; x64; rv:135.0) Gecko/20100101 Firefox/135.0"
77.119.174.15 - - [28/Feb/2025:11:25:24 +0100] "GET /gui/javascript/form_form.js?1740738324 HTTP/1.1" 200 16206 "http://hausegger.activities.at/entry.php?id=10271&&ser=738263" "Mozilla/5.0 (Windows NT 10.0; Win64; x64; rv:135.0) Gecko/20100101 Firefox/135.0"
77.119.174.15 - - [28/Feb/2025:11:26:24 +0100] "GET /entry.php?id=10271&&ser=738324 HTTP/1.1" 200 987 "http://hausegger.activities.at/entry.php?id=10271&&ser=738263" "Mozilla/5.0 (Windows NT 10.0; Win64; x64; rv:135.0) Gecko/20100101 Firefox/135.0"
77.119.174.15 - - [28/Feb/2025:11:26:24 +0100] "GET /gui/javascript/form_form.js?1740738384 HTTP/1.1" 200 16206 "http://hausegger.activities.at/entry.php?id=10271&&ser=738324" "Mozilla/5.0 (Windows NT 10.0; Win64; x64; rv:135.0) Gecko/20100101 Firefox/135.0"
77.119.174.15 - - [28/Feb/2025:11:27:24 +0100] "GET /entry.php?id=10271&&ser=738384 HTTP/1.1" 200 987 "http://hausegger.activities.at/entry.php?id=10271&&ser=738324" "Mozilla/5.0 (Windows NT 10.0; Win64; x64; rv:135.0) Gecko/20100101 Firefox/135.0"
77.119.174.15 - - [28/Feb/2025:11:27:25 +0100] "GET /gui/javascript/form_form.js?1740738445 HTTP/1.1" 200 16206 "http://hausegger.activities.at/entry.php?id=10271&&ser=738384" "Mozilla/5.0 (Windows NT 10.0; Win64; x64; rv:135.0) Gecko/20100101 Firefox/135.0"
156.59.198.136 - - [28/Feb/2025:11:27:58 +0100] "GET /renault.activities.at/htdocs/export/xml/data/orders/202105071403_RenOrder.xml HTTP/1.0" 404 329 "-" "Mozilla/5.0 (Linux; Android 5.0) AppleWebKit/537.36 (KHTML, like Gecko) Mobile Safari/537.36 (compatible; Bytespider; spider-feedback@bytedance.com)"
77.119.174.15 - - [28/Feb/2025:11:28:25 +0100] "GET /entry.php?id=10271&&ser=738445 HTTP/1.1" 200 988 "http://hausegger.activities.at/entry.php?id=10271&&ser=738384" "Mozilla/5.0 (Windows NT 10.0; Win64; x64; rv:135.0) Gecko/20100101 Firefox/135.0"
77.119.174.15 - - [28/Feb/2025:11:28:25 +0100] "GET /gui/javascript/form_form.js?1740738505 HTTP/1.1" 200 16206 "http://hausegger.activities.at/entry.php?id=10271&&ser=738445" "Mozilla/5.0 (Windows NT 10.0; Win64; x64; rv:135.0) Gecko/20100101 Firefox/135.0"
47.82.11.8 - - [28/Feb/2025:11:29:10 +0100] "GET /gallery/image_page.php?album_id=1&image_id=115 HTTP/1.1" 404 300 "http://triadian.castlegem.co.uk/gallery/image_page.php?album_id=1&image_id=115" "Mozilla/5.0 (Windows NT 10.0; Win64; x64) AppleWebKit/537.36 (KHTML, like Gecko) Chrome/114.0.0.0 Safari/537.36 Edg/114.0.1823.43"
77.119.174.15 - - [28/Feb/2025:11:29:25 +0100] "GET /entry.php?id=10271&&ser=738505 HTTP/1.1" 200 988 "http://hausegger.activities.at/entry.php?id=10271&&ser=738445" "Mozilla/5.0 (Windows NT 10.0; Win64; x64; rv:135.0) Gecko/20100101 Firefox/135.0"
77.119.174.15 - - [28/Feb/2025:11:29:25 +0100] "GET /gui/javascript/form_form.js?1740738565 HTTP/1.1" 200 16206 "http://hausegger.activities.at/entry.php?id=10271&&ser=738505" "Mozilla/5.0 (Windows NT 10.0; Win64; x64; rv:135.0) Gecko/20100101 Firefox/135.0"
47.82.10.106 - - [28/Feb/2025:11:30:03 +0100] "GET /portal.php?sid=a94bab38d52932f0004895e5234d6248 HTTP/1.1" 404 292 "http://triadian.castlegem.co.uk/portal.php?sid=a94bab38d52932f0004895e5234d6248" "Mozilla/5.0 (Windows NT 10.0; Win64; x64) AppleWebKit/537.36 (KHTML, like Gecko) Chrome/114.0.0.0 Safari/537.36 Edg/114.0.1823.43"
77.119.174.15 - - [28/Feb/2025:11:30:25 +0100] "GET /entry.php?id=10271&&ser=738565 HTTP/1.1" 200 989 "http://hausegger.activities.at/entry.php?id=10271&&ser=738505" "Mozilla/5.0 (Windows NT 10.0; Win64; x64; rv:135.0) Gecko/20100101 Firefox/135.0"
77.119.174.15 - - [28/Feb/2025:11:30:26 +0100] "GET /gui/javascript/form_form.js?1740738626 HTTP/1.1" 200 16206 "http://hausegger.activities.at/entry.php?id=10271&&ser=738565" "Mozilla/5.0 (Windows NT 10.0; Win64; x64; rv:135.0) Gecko/20100101 Firefox/135.0"
47.82.10.72 - - [28/Feb/2025:11:30:45 +0100] "GET /memberlist.php?mode=leaders&sid=a94bab38d52932f0004895e5234d6248 HTTP/1.1" 404 295 "http://triadian.castlegem.co.uk/memberlist.php?mode=leaders&sid=a94bab38d52932f0004895e5234d6248" "Mozilla/5.0 (Windows NT 10.0; Win64; x64) AppleWebKit/537.36 (KHTML, like Gecko) Chrome/114.0.0.0 Safari/537.36 Edg/114.0.1823.43"
87.251.78.46 - - [28/Feb/2025:11:31:01 +0100] "GET / HTTP/1.1" 200 274 "-" "Mozilla/5.0 (X11; Linux x86_64; rv:83.0) Gecko/20100101 Firefox/83.0"
47.82.10.63 - - [28/Feb/2025:11:31:06 +0100] "GET /viewtopic.php?t=554&p=4082 HTTP/1.1" 404 295 "http://triadian.castlegem.co.uk/viewtopic.php?t=554&p=4082" "Mozilla/5.0 (Windows NT 10.0; Win64; x64) AppleWebKit/537.36 (KHTML, like Gecko) Chrome/114.0.0.0 Safari/537.36 Edg/114.0.1823.43"
77.119.174.15 - - [28/Feb/2025:11:31:26 +0100] "GET /entry.php?id=10271&&ser=738625 HTTP/1.1" 200 987 "http://hausegger.activities.at/entry.php?id=10271&&ser=738565" "Mozilla/5.0 (Windows NT 10.0; Win64; x64; rv:135.0) Gecko/20100101 Firefox/135.0"
77.119.174.15 - - [28/Feb/2025:11:31:26 +0100] "GET /gui/javascript/form_form.js?1740738686 HTTP/1.1" 200 16206 "http://hausegger.activities.at/entry.php?id=10271&&ser=738625" "Mozilla/5.0 (Windows NT 10.0; Win64; x64; rv:135.0) Gecko/20100101 Firefox/135.0"
156.59.198.136 - - [28/Feb/2025:11:31:59 +0100] "GET /renault.activities.at/htdocs/export/pdf/emuc_document/10961274.pdf HTTP/1.0" 404 322 "-" "Mozilla/5.0 (Linux; Android 5.0) AppleWebKit/537.36 (KHTML, like Gecko) Mobile Safari/537.36 (compatible; Bytespider; spider-feedback@bytedance.com)"
47.79.98.33 - - [28/Feb/2025:11:32:04 +0100] "GET /viewtopic.php?t=540&p=4002 HTTP/1.1" 404 295 "http://triadian.castlegem.co.uk/viewtopic.php?t=540&p=4002" "Mozilla/5.0 (Windows NT 10.0; Win64; x64) AppleWebKit/537.36 (KHTML, like Gecko) Chrome/114.0.0.0 Safari/537.36 Edg/114.0.1823.43"
77.119.174.15 - - [28/Feb/2025:11:32:26 +0100] "GET /entry.php?id=10271&&ser=738686 HTTP/1.1" 200 987 "http://hausegger.activities.at/entry.php?id=10271&&ser=738625" "Mozilla/5.0 (Windows NT 10.0; Win64; x64; rv:135.0) Gecko/20100101 Firefox/135.0"
77.119.174.15 - - [28/Feb/2025:11:32:26 +0100] "GET /gui/javascript/form_form.js?1740738746 HTTP/1.1" 200 16206 "http://hausegger.activities.at/entry.php?id=10271&&ser=738686" "Mozilla/5.0 (Windows NT 10.0; Win64; x64; rv:135.0) Gecko/20100101 Firefox/135.0"
47.79.123.101 - - [28/Feb/2025:11:32:53 +0100] "GET /index.php HTTP/1.1" 200 274 "http://triadian.castlegem.co.uk/index.php" "Mozilla/5.0 (Windows NT 10.0; Win64; x64) AppleWebKit/537.36 (KHTML, like Gecko) Chrome/114.0.0.0 Safari/537.36 Edg/114.0.1823.43"
77.119.174.15 - - [28/Feb/2025:11:33:26 +0100] "GET /entry.php?id=10271&&ser=738746 HTTP/1.1" 200 987 "http://hausegger.activities.at/entry.php?id=10271&&ser=738686" "Mozilla/5.0 (Windows NT 10.0; Win64; x64; rv:135.0) Gecko/20100101 Firefox/135.0"
77.119.174.15 - - [28/Feb/2025:11:33:26 +0100] "GET /gui/javascript/form_form.js?1740738806 HTTP/1.1" 200 16206 "http://hausegger.activities.at/entry.php?id=10271&&ser=738746" "Mozilla/5.0 (Windows NT 10.0; Win64; x64; rv:135.0) Gecko/20100101 Firefox/135.0"
47.82.10.13 - - [28/Feb/2025:11:34:00 +0100] "GET /viewtopic.php?t=542&p=4044 HTTP/1.1" 404 295 "http://triadian.castlegem.co.uk/viewtopic.php?t=542&p=4044" "Mozilla/5.0 (Windows NT 10.0; Win64; x64) AppleWebKit/537.36 (KHTML, like Gecko) Chrome/114.0.0.0 Safari/537.36 Edg/114.0.1823.43"
77.119.174.15 - - [28/Feb/2025:11:34:27 +0100] "GET /entry.php?id=10271&&ser=738806 HTTP/1.1" 200 987 "http://hausegger.activities.at/entry.php?id=10271&&ser=738746" "Mozilla/5.0 (Windows NT 10.0; Win64; x64; rv:135.0) Gecko/20100101 Firefox/135.0"
77.119.174.15 - - [28/Feb/2025:11:34:27 +0100] "GET /gui/javascript/form_form.js?1740738867 HTTP/1.1" 200 16206 "http://hausegger.activities.at/entry.php?id=10271&&ser=738806" "Mozilla/5.0 (Windows NT 10.0; Win64; x64; rv:135.0) Gecko/20100101 Firefox/135.0"
77.119.174.15 - - [28/Feb/2025:11:35:27 +0100] "GET /entry.php?id=10271&&ser=738867 HTTP/1.1" 200 987 "http://hausegger.activities.at/entry.php?id=10271&&ser=738806" "Mozilla/5.0 (Windows NT 10.0; Win64; x64; rv:135.0) Gecko/20100101 Firefox/135.0"
77.119.174.15 - - [28/Feb/2025:11:35:27 +0100] "GET /gui/javascript/form_form.js?1740738927 HTTP/1.1" 200 16206 "http://hausegger.activities.at/entry.php?id=10271&&ser=738867" "Mozilla/5.0 (Windows NT 10.0; Win64; x64; rv:135.0) Gecko/20100101 Firefox/135.0"
47.82.0.163 - - [28/Feb/2025:11:35:31 +0100] "GET /about.php?sid=8d4cbcd8990df6dd9ce51a173a313566 HTTP/1.1" 404 292 "http://triadian.castlegem.co.uk/about.php?sid=8d4cbcd8990df6dd9ce51a173a313566" "Mozilla/5.0 (Windows NT 10.0; Win64; x64) AppleWebKit/537.36 (KHTML, like Gecko) Chrome/114.0.0.0 Safari/537.36 Edg/114.0.1823.43"
47.82.11.78 - - [28/Feb/2025:11:35:45 +0100] "GET /gallery/image_page.php?album_id=1&image_id=112 HTTP/1.1" 404 300 "http://triadian.castlegem.co.uk/gallery/image_page.php?album_id=1&image_id=112" "Mozilla/5.0 (Windows NT 10.0; Win64; x64) AppleWebKit/537.36 (KHTML, like Gecko) Chrome/114.0.0.0 Safari/537.36 Edg/114.0.1823.43"
77.119.174.15 - - [28/Feb/2025:11:36:27 +0100] "GET /entry.php?id=10271&&ser=738927 HTTP/1.1" 200 987 "http://hausegger.activities.at/entry.php?id=10271&&ser=738867" "Mozilla/5.0 (Windows NT 10.0; Win64; x64; rv:135.0) Gecko/20100101 Firefox/135.0"
77.119.174.15 - - [28/Feb/2025:11:36:27 +0100] "GET /gui/javascript/form_form.js?1740738987 HTTP/1.1" 200 16206 "http://hausegger.activities.at/entry.php?id=10271&&ser=738927" "Mozilla/5.0 (Windows NT 10.0; Win64; x64; rv:135.0) Gecko/20100101 Firefox/135.0"
47.82.10.137 - - [28/Feb/2025:11:36:53 +0100] "GET /gallery/album.php?album_id=3 HTTP/1.1" 404 298 "http://triadian.castlegem.co.uk/gallery/album.php?album_id=3" "Mozilla/5.0 (Windows NT 10.0; Win64; x64) AppleWebKit/537.36 (KHTML, like Gecko) Chrome/114.0.0.0 Safari/537.36 Edg/114.0.1823.43"
77.119.174.15 - - [28/Feb/2025:11:37:28 +0100] "GET /entry.php?id=10271&&ser=738987 HTTP/1.1" 200 987 "http://hausegger.activities.at/entry.php?id=10271&&ser=738927" "Mozilla/5.0 (Windows NT 10.0; Win64; x64; rv:135.0) Gecko/20100101 Firefox/135.0"
77.119.174.15 - - [28/Feb/2025:11:37:28 +0100] "GET /gui/javascript/form_form.js?1740739048 HTTP/1.1" 200 16206 "http://hausegger.activities.at/entry.php?id=10271&&ser=738987" "Mozilla/5.0 (Windows NT 10.0; Win64; x64; rv:135.0) Gecko/20100101 Firefox/135.0"
77.119.174.15 - - [28/Feb/2025:11:38:28 +0100] "GET /entry.php?id=10271&&ser=739048 HTTP/1.1" 200 987 "http://hausegger.activities.at/entry.php?id=10271&&ser=738987" "Mozilla/5.0 (Windows NT 10.0; Win64; x64; rv:135.0) Gecko/20100101 Firefox/135.0"
77.119.174.15 - - [28/Feb/2025:11:38:28 +0100] "GET /gui/javascript/form_form.js?1740739108 HTTP/1.1" 200 16206 "http://hausegger.activities.at/entry.php?id=10271&&ser=739048" "Mozilla/5.0 (Windows NT 10.0; Win64; x64; rv:135.0) Gecko/20100101 Firefox/135.0"
185.3.95.27 - - [28/Feb/2025:11:38:30 +0100] "GET / HTTP/1.1" 200 274 "-" "Mozilla/5.0 (Windows NT 6.1; WOW64; rv:8.0) Gecko/20100101 Firefox/8.0"
185.3.95.27 - - [28/Feb/2025:11:38:30 +0100] "\x16\x03\x01" 400 383 "-" "-"
185.3.95.27 - - [28/Feb/2025:11:38:30 +0100] "\x16\x03\x01" 400 383 "-" "-"
185.3.95.27 - - [28/Feb/2025:11:38:30 +0100] "\x16\x03\x01" 400 383 "-" "-"
47.82.11.203 - - [28/Feb/2025:11:38:45 +0100] "GET /memberlist.php?sid=8d4cbcd8990df6dd9ce51a173a313566 HTTP/1.1" 404 295 "http://triadian.castlegem.co.uk/memberlist.php?sid=8d4cbcd8990df6dd9ce51a173a313566" "Mozilla/5.0 (Windows NT 10.0; Win64; x64) AppleWebKit/537.36 (KHTML, like Gecko) Chrome/114.0.0.0 Safari/537.36 Edg/114.0.1823.43"
77.119.174.15 - - [28/Feb/2025:11:39:28 +0100] "GET /entry.php?id=10271&&ser=739108 HTTP/1.1" 200 987 "http://hausegger.activities.at/entry.php?id=10271&&ser=739048" "Mozilla/5.0 (Windows NT 10.0; Win64; x64; rv:135.0) Gecko/20100101 Firefox/135.0"
77.119.174.15 - - [28/Feb/2025:11:39:28 +0100] "GET /gui/javascript/form_form.js?1740739168 HTTP/1.1" 200 16206 "http://hausegger.activities.at/entry.php?id=10271&&ser=739108" "Mozilla/5.0 (Windows NT 10.0; Win64; x64; rv:135.0) Gecko/20100101 Firefox/135.0"
77.119.174.15 - - [28/Feb/2025:11:40:28 +0100] "GET /entry.php?id=10271&&ser=739168 HTTP/1.1" 200 988 "http://hausegger.activities.at/entry.php?id=10271&&ser=739108" "Mozilla/5.0 (Windows NT 10.0; Win64; x64; rv:135.0) Gecko/20100101 Firefox/135.0"
77.119.174.15 - - [28/Feb/2025:11:40:29 +0100] "GET /gui/javascript/form_form.js?1740739228 HTTP/1.1" 200 16206 "http://hausegger.activities.at/entry.php?id=10271&&ser=739168" "Mozilla/5.0 (Windows NT 10.0; Win64; x64; rv:135.0) Gecko/20100101 Firefox/135.0"
77.119.174.15 - - [28/Feb/2025:11:41:29 +0100] "GET /entry.php?id=10271&&ser=739228 HTTP/1.1" 200 987 "http://hausegger.activities.at/entry.php?id=10271&&ser=739168" "Mozilla/5.0 (Windows NT 10.0; Win64; x64; rv:135.0) Gecko/20100101 Firefox/135.0"
77.119.174.15 - - [28/Feb/2025:11:41:29 +0100] "GET /gui/javascript/form_form.js?1740739289 HTTP/1.1" 200 16206 "http://hausegger.activities.at/entry.php?id=10271&&ser=739228" "Mozilla/5.0 (Windows NT 10.0; Win64; x64; rv:135.0) Gecko/20100101 Firefox/135.0"
