77.119.174.15 - - [28/Feb/2025:17:24:50 +0100] "GET /gui/javascript/form_bu_job_processing.js HTTP/1.1" 304 - "http://hausegger.activities.at/entry.php?id=11238&mode=document&form=10665&" "Mozilla/5.0 (Windows NT 10.0; Win64; x64; rv:135.0) Gecko/20100101 Firefox/135.0"
77.119.174.15 - - [28/Feb/2025:17:24:50 +0100] "GET /framework/webfx/javascript/popupcalendar/popcalendar.js HTTP/1.1" 304 - "http://hausegger.activities.at/entry.php?id=11238&mode=document&form=10665&" "Mozilla/5.0 (Windows NT 10.0; Win64; x64; rv:135.0) Gecko/20100101 Firefox/135.0"
77.119.174.15 - - [28/Feb/2025:17:24:50 +0100] "GET /framework/icons/treeview/ftv2doc.gif HTTP/1.1" 304 - "http://hausegger.activities.at/entry.php?id=11239&mode=document&form=10665&" "Mozilla/5.0 (Windows NT 10.0; Win64; x64; rv:135.0) Gecko/20100101 Firefox/135.0"
77.119.174.15 - - [28/Feb/2025:17:24:49 +0100] "GET /entry.php?id=11240&mode=document&form=10665& HTTP/1.1" 200 2672 "http://hausegger.activities.at/entry.php?id=11237&type=10665" "Mozilla/5.0 (Windows NT 10.0; Win64; x64; rv:135.0) Gecko/20100101 Firefox/135.0"
77.119.174.15 - - [28/Feb/2025:17:24:50 +0100] "GET /framework/icons/popupcalendar/left1.gif HTTP/1.1" 304 - "http://hausegger.activities.at/entry.php?id=11238&mode=document&form=10665&" "Mozilla/5.0 (Windows NT 10.0; Win64; x64; rv:135.0) Gecko/20100101 Firefox/135.0"
77.119.174.15 - - [28/Feb/2025:17:24:50 +0100] "GET /framework/icons/popupcalendar/right1.gif HTTP/1.1" 304 - "http://hausegger.activities.at/entry.php?id=11238&mode=document&form=10665&" "Mozilla/5.0 (Windows NT 10.0; Win64; x64; rv:135.0) Gecko/20100101 Firefox/135.0"
77.119.174.15 - - [28/Feb/2025:17:24:50 +0100] "GET /framework/icons/popupcalendar/left2.gif HTTP/1.1" 304 - "http://hausegger.activities.at/entry.php?id=11238&mode=document&form=10665&" "Mozilla/5.0 (Windows NT 10.0; Win64; x64; rv:135.0) Gecko/20100101 Firefox/135.0"
77.119.174.15 - - [28/Feb/2025:17:24:50 +0100] "GET /framework/icons/popupcalendar/right2.gif HTTP/1.1" 304 - "http://hausegger.activities.at/entry.php?id=11238&mode=document&form=10665&" "Mozilla/5.0 (Windows NT 10.0; Win64; x64; rv:135.0) Gecko/20100101 Firefox/135.0"
77.119.174.15 - - [28/Feb/2025:17:24:50 +0100] "GET /framework/icons/popupcalendar/close.gif HTTP/1.1" 304 - "http://hausegger.activities.at/entry.php?id=11238&mode=document&form=10665&" "Mozilla/5.0 (Windows NT 10.0; Win64; x64; rv:135.0) Gecko/20100101 Firefox/135.0"
77.119.174.15 - - [28/Feb/2025:17:24:50 +0100] "GET /framework/icons/popupcalendar/drop1.gif HTTP/1.1" 304 - "http://hausegger.activities.at/entry.php?id=11238&mode=document&form=10665&" "Mozilla/5.0 (Windows NT 10.0; Win64; x64; rv:135.0) Gecko/20100101 Firefox/135.0"
77.119.174.15 - - [28/Feb/2025:17:24:50 +0100] "GET /gui/images/icons/lupe.gif HTTP/1.1" 304 - "http://hausegger.activities.at/entry.php?id=11238&mode=document&form=10665&" "Mozilla/5.0 (Windows NT 10.0; Win64; x64; rv:135.0) Gecko/20100101 Firefox/135.0"
77.119.174.15 - - [28/Feb/2025:17:24:50 +0100] "GET /gui/javascript/form_bu_document_workflow.js?1740759890 HTTP/1.1" 200 4900 "http://hausegger.activities.at/entry.php?id=11240&mode=document&form=10665&" "Mozilla/5.0 (Windows NT 10.0; Win64; x64; rv:135.0) Gecko/20100101 Firefox/135.0"
77.119.174.15 - - [28/Feb/2025:17:24:50 +0100] "GET /framework/icons/popupcalendar/drop2.gif HTTP/1.1" 304 - "http://hausegger.activities.at/entry.php?id=11238&mode=document&form=10665&" "Mozilla/5.0 (Windows NT 10.0; Win64; x64; rv:135.0) Gecko/20100101 Firefox/135.0"
77.119.174.15 - - [28/Feb/2025:17:24:50 +0100] "GET /gui/javascript/form_form.js?1740759890 HTTP/1.1" 200 16206 "http://hausegger.activities.at/entry.php?id=11240&mode=document&form=10665&" "Mozilla/5.0 (Windows NT 10.0; Win64; x64; rv:135.0) Gecko/20100101 Firefox/135.0"
77.119.174.15 - - [28/Feb/2025:17:24:50 +0100] "GET /entry.php?id=10776&form=11066&name=list& HTTP/1.1" 200 1513 "http://hausegger.activities.at/entry.php?id=11240&mode=document&form=10665&" "Mozilla/5.0 (Windows NT 10.0; Win64; x64; rv:135.0) Gecko/20100101 Firefox/135.0"
77.119.174.15 - - [28/Feb/2025:17:24:50 +0100] "GET /entry.php?id=10778&form=11066&name=list& HTTP/1.1" 200 2586 "http://hausegger.activities.at/entry.php?id=11240&mode=document&form=10665&" "Mozilla/5.0 (Windows NT 10.0; Win64; x64; rv:135.0) Gecko/20100101 Firefox/135.0"
77.119.174.15 - - [28/Feb/2025:17:24:50 +0100] "GET /gui/javascript/form_form.js HTTP/1.1" 304 - "http://hausegger.activities.at/entry.php?id=10778&form=11066&name=list&" "Mozilla/5.0 (Windows NT 10.0; Win64; x64; rv:135.0) Gecko/20100101 Firefox/135.0"
77.119.174.15 - - [28/Feb/2025:17:24:50 +0100] "GET /framework/icons/fwx_trans.gif HTTP/1.1" 304 - "http://hausegger.activities.at/entry.php?id=10778&form=11066&name=list&" "Mozilla/5.0 (Windows NT 10.0; Win64; x64; rv:135.0) Gecko/20100101 Firefox/135.0"
77.119.174.15 - - [28/Feb/2025:17:24:50 +0100] "POST /entry.php?id=11240 HTTP/1.1" 200 2672 "http://hausegger.activities.at/entry.php?id=11240&mode=document&form=10665&" "Mozilla/5.0 (Windows NT 10.0; Win64; x64; rv:135.0) Gecko/20100101 Firefox/135.0"
77.119.174.15 - - [28/Feb/2025:17:24:50 +0100] "GET /entry.php?id=10776&form=11066&name=list& HTTP/1.1" 200 1513 "http://hausegger.activities.at/entry.php?id=11240" "Mozilla/5.0 (Windows NT 10.0; Win64; x64; rv:135.0) Gecko/20100101 Firefox/135.0"
77.119.174.15 - - [28/Feb/2025:17:24:50 +0100] "GET /entry.php?id=10778&form=11066&name=list& HTTP/1.1" 200 2981 "http://hausegger.activities.at/entry.php?id=11240" "Mozilla/5.0 (Windows NT 10.0; Win64; x64; rv:135.0) Gecko/20100101 Firefox/135.0"
77.119.174.15 - - [28/Feb/2025:17:24:51 +0100] "GET /framework/icons/fwx_trans.gif HTTP/1.1" 304 - "http://hausegger.activities.at/entry.php?id=10776&form=11066&name=list&" "Mozilla/5.0 (Windows NT 10.0; Win64; x64; rv:135.0) Gecko/20100101 Firefox/135.0"
77.119.174.15 - - [28/Feb/2025:17:24:57 +0100] "POST /entry.php?id=10828 HTTP/1.1" 200 8712 "http://hausegger.activities.at/entry.php?id=10828" "Mozilla/5.0 (Windows NT 10.0; Win64; x64; rv:135.0) Gecko/20100101 Firefox/135.0"
77.119.174.15 - - [28/Feb/2025:17:24:58 +0100] "GET /gui/javascript/form_form.js?1740759898 HTTP/1.1" 200 16206 "http://hausegger.activities.at/entry.php?id=10828" "Mozilla/5.0 (Windows NT 10.0; Win64; x64; rv:135.0) Gecko/20100101 Firefox/135.0"
77.119.174.15 - - [28/Feb/2025:17:24:58 +0100] "GET /activities/framework/fwx_trans.gif HTTP/1.1" 304 - "http://hausegger.activities.at/entry.php?id=10828" "Mozilla/5.0 (Windows NT 10.0; Win64; x64; rv:135.0) Gecko/20100101 Firefox/135.0"
77.119.174.15 - - [28/Feb/2025:17:24:58 +0100] "GET /gui/images/icons/extra.gif HTTP/1.1" 304 - "http://hausegger.activities.at/entry.php?id=10828" "Mozilla/5.0 (Windows NT 10.0; Win64; x64; rv:135.0) Gecko/20100101 Firefox/135.0"
77.119.174.15 - - [28/Feb/2025:17:24:58 +0100] "GET /gui/images/icons/disabled_delete.gif HTTP/1.1" 304 - "http://hausegger.activities.at/entry.php?id=10828" "Mozilla/5.0 (Windows NT 10.0; Win64; x64; rv:135.0) Gecko/20100101 Firefox/135.0"
77.119.174.15 - - [28/Feb/2025:17:24:58 +0100] "GET /gui/images/icons/disabled_lupe.gif HTTP/1.1" 304 - "http://hausegger.activities.at/entry.php?id=10828" "Mozilla/5.0 (Windows NT 10.0; Win64; x64; rv:135.0) Gecko/20100101 Firefox/135.0"
77.119.174.15 - - [28/Feb/2025:17:24:58 +0100] "GET /entry.php?id=10889&document_id=10347951& HTTP/1.1" 200 1509 "http://hausegger.activities.at/entry.php?id=10828" "Mozilla/5.0 (Windows NT 10.0; Win64; x64; rv:135.0) Gecko/20100101 Firefox/135.0"
77.119.174.15 - - [28/Feb/2025:17:25:11 +0100] "GET /gui/images/progressbar.gif HTTP/1.1" 304 - "http://hausegger.activities.at/entry.php?id=10272" "Mozilla/5.0 (Windows NT 10.0; Win64; x64; rv:135.0) Gecko/20100101 Firefox/135.0"
77.119.174.15 - - [28/Feb/2025:17:25:11 +0100] "POST /entry.php?id=10828 HTTP/1.1" 200 8721 "http://hausegger.activities.at/entry.php?id=10828" "Mozilla/5.0 (Windows NT 10.0; Win64; x64; rv:135.0) Gecko/20100101 Firefox/135.0"
77.119.174.15 - - [28/Feb/2025:17:25:12 +0100] "GET /gui/javascript/form_form.js?1740759912 HTTP/1.1" 200 16206 "http://hausegger.activities.at/entry.php?id=10828" "Mozilla/5.0 (Windows NT 10.0; Win64; x64; rv:135.0) Gecko/20100101 Firefox/135.0"
77.119.174.15 - - [28/Feb/2025:17:25:12 +0100] "GET /entry.php?id=10889&document_id=10347951& HTTP/1.1" 200 1509 "http://hausegger.activities.at/entry.php?id=10828" "Mozilla/5.0 (Windows NT 10.0; Win64; x64; rv:135.0) Gecko/20100101 Firefox/135.0"
77.119.174.15 - - [28/Feb/2025:17:25:14 +0100] "GET /entry.php?id=11237&type=10665 HTTP/1.1" 200 276 "http://hausegger.activities.at/entry.php?id=10828" "Mozilla/5.0 (Windows NT 10.0; Win64; x64; rv:135.0) Gecko/20100101 Firefox/135.0"
77.119.174.15 - - [28/Feb/2025:17:25:14 +0100] "GET /entry.php?id=11239&mode=document&form=10665& HTTP/1.1" 200 2018 "http://hausegger.activities.at/entry.php?id=11237&type=10665" "Mozilla/5.0 (Windows NT 10.0; Win64; x64; rv:135.0) Gecko/20100101 Firefox/135.0"
77.119.174.15 - - [28/Feb/2025:17:25:14 +0100] "GET /entry.php?id=10676&&title=Belegsuche HTTP/1.1" 200 1391 "http://hausegger.activities.at/entry.php?id=11237&type=10665" "Mozilla/5.0 (Windows NT 10.0; Win64; x64; rv:135.0) Gecko/20100101 Firefox/135.0"
77.119.174.15 - - [28/Feb/2025:17:25:14 +0100] "GET /gui/javascript/form_bu_document_workflow.js?1740759914 HTTP/1.1" 200 4900 "http://hausegger.activities.at/entry.php?id=11239&mode=document&form=10665&" "Mozilla/5.0 (Windows NT 10.0; Win64; x64; rv:135.0) Gecko/20100101 Firefox/135.0"
77.119.174.15 - - [28/Feb/2025:17:25:14 +0100] "GET /gui/javascript/form_form.js?1740759914 HTTP/1.1" 200 16206 "http://hausegger.activities.at/entry.php?id=11239&mode=document&form=10665&" "Mozilla/5.0 (Windows NT 10.0; Win64; x64; rv:135.0) Gecko/20100101 Firefox/135.0"
77.119.174.15 - - [28/Feb/2025:17:25:14 +0100] "GET /gui/javascript/form_form.js?1740759914 HTTP/1.1" 200 16206 "http://hausegger.activities.at/entry.php?id=10676&&title=Belegsuche" "Mozilla/5.0 (Windows NT 10.0; Win64; x64; rv:135.0) Gecko/20100101 Firefox/135.0"
77.119.174.15 - - [28/Feb/2025:17:25:14 +0100] "GET /entry.php?id=11238&mode=document&form=10665& HTTP/1.1" 200 3303 "http://hausegger.activities.at/entry.php?id=11237&type=10665" "Mozilla/5.0 (Windows NT 10.0; Win64; x64; rv:135.0) Gecko/20100101 Firefox/135.0"
77.119.174.15 - - [28/Feb/2025:17:25:14 +0100] "GET /entry.php?id=11240&mode=document&form=10665& HTTP/1.1" 200 2672 "http://hausegger.activities.at/entry.php?id=11237&type=10665" "Mozilla/5.0 (Windows NT 10.0; Win64; x64; rv:135.0) Gecko/20100101 Firefox/135.0"
77.119.174.15 - - [28/Feb/2025:17:25:15 +0100] "GET /entry.php?id=10776&form=11066&name=list& HTTP/1.1" 200 1513 "http://hausegger.activities.at/entry.php?id=11240&mode=document&form=10665&" "Mozilla/5.0 (Windows NT 10.0; Win64; x64; rv:135.0) Gecko/20100101 Firefox/135.0"
77.119.174.15 - - [28/Feb/2025:17:25:15 +0100] "GET /entry.php?id=10778&form=11066&name=list& HTTP/1.1" 200 2586 "http://hausegger.activities.at/entry.php?id=11240&mode=document&form=10665&" "Mozilla/5.0 (Windows NT 10.0; Win64; x64; rv:135.0) Gecko/20100101 Firefox/135.0"
77.119.174.15 - - [28/Feb/2025:17:25:15 +0100] "POST /entry.php?id=11240 HTTP/1.1" 200 2672 "http://hausegger.activities.at/entry.php?id=11240&mode=document&form=10665&" "Mozilla/5.0 (Windows NT 10.0; Win64; x64; rv:135.0) Gecko/20100101 Firefox/135.0"
77.119.174.15 - - [28/Feb/2025:17:25:15 +0100] "GET /gui/javascript/form_bu_document_workflow.js?1740759915 HTTP/1.1" 200 4900 "http://hausegger.activities.at/entry.php?id=11240" "Mozilla/5.0 (Windows NT 10.0; Win64; x64; rv:135.0) Gecko/20100101 Firefox/135.0"
77.119.174.15 - - [28/Feb/2025:17:25:15 +0100] "GET /gui/javascript/form_form.js?1740759915 HTTP/1.1" 200 16206 "http://hausegger.activities.at/entry.php?id=11240" "Mozilla/5.0 (Windows NT 10.0; Win64; x64; rv:135.0) Gecko/20100101 Firefox/135.0"
77.119.174.15 - - [28/Feb/2025:17:25:15 +0100] "GET /entry.php?id=10778&form=11066&name=list& HTTP/1.1" 200 2982 "http://hausegger.activities.at/entry.php?id=11240" "Mozilla/5.0 (Windows NT 10.0; Win64; x64; rv:135.0) Gecko/20100101 Firefox/135.0"
77.119.174.15 - - [28/Feb/2025:17:25:15 +0100] "GET /entry.php?id=10776&form=11066&name=list& HTTP/1.1" 200 1513 "http://hausegger.activities.at/entry.php?id=11240" "Mozilla/5.0 (Windows NT 10.0; Win64; x64; rv:135.0) Gecko/20100101 Firefox/135.0"
77.119.174.15 - - [28/Feb/2025:17:25:19 +0100] "POST /entry.php?id=10828 HTTP/1.1" 200 8720 "http://hausegger.activities.at/entry.php?id=10828" "Mozilla/5.0 (Windows NT 10.0; Win64; x64; rv:135.0) Gecko/20100101 Firefox/135.0"
77.119.174.15 - - [28/Feb/2025:17:25:20 +0100] "GET /gui/javascript/form_form.js?1740759919 HTTP/1.1" 200 16206 "http://hausegger.activities.at/entry.php?id=10828" "Mozilla/5.0 (Windows NT 10.0; Win64; x64; rv:135.0) Gecko/20100101 Firefox/135.0"
77.119.174.15 - - [28/Feb/2025:17:25:20 +0100] "GET /entry.php?id=10889&document_id=10347954& HTTP/1.1" 200 1509 "http://hausegger.activities.at/entry.php?id=10828" "Mozilla/5.0 (Windows NT 10.0; Win64; x64; rv:135.0) Gecko/20100101 Firefox/135.0"
77.119.174.15 - - [28/Feb/2025:17:25:20 +0100] "GET /gui/javascript/form_form.js?1740759920 HTTP/1.1" 200 16206 "http://hausegger.activities.at/entry.php?id=10889&document_id=10347954&" "Mozilla/5.0 (Windows NT 10.0; Win64; x64; rv:135.0) Gecko/20100101 Firefox/135.0"
77.119.174.15 - - [28/Feb/2025:17:25:29 +0100] "POST /entry.php?id=10828 HTTP/1.1" 200 8726 "http://hausegger.activities.at/entry.php?id=10828" "Mozilla/5.0 (Windows NT 10.0; Win64; x64; rv:135.0) Gecko/20100101 Firefox/135.0"
77.119.174.15 - - [28/Feb/2025:17:25:29 +0100] "GET /gui/javascript/form_form.js?1740759929 HTTP/1.1" 200 16206 "http://hausegger.activities.at/entry.php?id=10828" "Mozilla/5.0 (Windows NT 10.0; Win64; x64; rv:135.0) Gecko/20100101 Firefox/135.0"
77.119.174.15 - - [28/Feb/2025:17:25:30 +0100] "GET /entry.php?id=10889&document_id=10347954& HTTP/1.1" 200 1509 "http://hausegger.activities.at/entry.php?id=10828" "Mozilla/5.0 (Windows NT 10.0; Win64; x64; rv:135.0) Gecko/20100101 Firefox/135.0"
77.119.174.15 - - [28/Feb/2025:17:25:30 +0100] "GET /gui/javascript/form_form.js?1740759930 HTTP/1.1" 200 16206 "http://hausegger.activities.at/entry.php?id=10889&document_id=10347954&" "Mozilla/5.0 (Windows NT 10.0; Win64; x64; rv:135.0) Gecko/20100101 Firefox/135.0"
77.119.174.15 - - [28/Feb/2025:17:25:32 +0100] "GET /entry.php?id=10828 HTTP/1.1" 200 9143 "http://hausegger.activities.at/entry.php?id=10270&__app__=10006038" "Mozilla/5.0 (Windows NT 10.0; Win64; x64; rv:135.0) Gecko/20100101 Firefox/135.0"
77.119.174.15 - - [28/Feb/2025:17:25:32 +0100] "GET /entry.php?id=10271&&ser=759872 HTTP/1.1" 200 987 "http://hausegger.activities.at/entry.php?id=10271&&ser=759812" "Mozilla/5.0 (Windows NT 10.0; Win64; x64; rv:135.0) Gecko/20100101 Firefox/135.0"
77.119.174.15 - - [28/Feb/2025:17:25:32 +0100] "GET /gui/javascript/form_form.js?1740759932 HTTP/1.1" 200 16206 "http://hausegger.activities.at/entry.php?id=10828" "Mozilla/5.0 (Windows NT 10.0; Win64; x64; rv:135.0) Gecko/20100101 Firefox/135.0"
77.119.174.15 - - [28/Feb/2025:17:25:32 +0100] "GET /gui/images/icons/disabled_extra.gif HTTP/1.1" 304 - "http://hausegger.activities.at/entry.php?id=10828" "Mozilla/5.0 (Windows NT 10.0; Win64; x64; rv:135.0) Gecko/20100101 Firefox/135.0"
77.119.174.15 - - [28/Feb/2025:17:25:32 +0100] "GET /gui/javascript/form_form.js?1740759932 HTTP/1.1" 200 16206 "http://hausegger.activities.at/entry.php?id=10271&&ser=759872" "Mozilla/5.0 (Windows NT 10.0; Win64; x64; rv:135.0) Gecko/20100101 Firefox/135.0"
77.119.174.15 - - [28/Feb/2025:17:25:32 +0100] "GET /entry.php?id=10889&document_id=& HTTP/1.1" 200 1509 "http://hausegger.activities.at/entry.php?id=10828" "Mozilla/5.0 (Windows NT 10.0; Win64; x64; rv:135.0) Gecko/20100101 Firefox/135.0"
77.119.174.15 - - [28/Feb/2025:17:25:33 +0100] "GET /entry.php?id=10287&login=1 HTTP/1.1" 200 1879 "http://hausegger.activities.at/entry.php?id=10273&" "Mozilla/5.0 (Windows NT 10.0; Win64; x64; rv:135.0) Gecko/20100101 Firefox/135.0"
77.119.174.15 - - [28/Feb/2025:17:25:34 +0100] "GET /gui/javascript/form_form.js?1740759933 HTTP/1.1" 200 16206 "http://hausegger.activities.at/entry.php?id=10287&login=1" "Mozilla/5.0 (Windows NT 10.0; Win64; x64; rv:135.0) Gecko/20100101 Firefox/135.0"
77.119.174.15 - - [28/Feb/2025:17:25:35 +0100] "POST /entry.php?id=10287& HTTP/1.1" 200 2433 "http://hausegger.activities.at/entry.php?id=10287&login=1" "Mozilla/5.0 (Windows NT 10.0; Win64; x64; rv:135.0) Gecko/20100101 Firefox/135.0"
77.119.174.15 - - [28/Feb/2025:17:25:36 +0100] "GET /gui/javascript/form_form.js?1740759936 HTTP/1.1" 200 16206 "http://hausegger.activities.at/entry.php?id=10287&" "Mozilla/5.0 (Windows NT 10.0; Win64; x64; rv:135.0) Gecko/20100101 Firefox/135.0"
77.119.174.15 - - [28/Feb/2025:17:25:36 +0100] "GET /entry.php?id=10273&logout=true& HTTP/1.1" 200 1912 "http://hausegger.activities.at/entry.php?id=10287&" "Mozilla/5.0 (Windows NT 10.0; Win64; x64; rv:135.0) Gecko/20100101 Firefox/135.0"
77.119.174.15 - - [28/Feb/2025:17:25:36 +0100] "GET /entry.php?id=10270& HTTP/1.1" 200 909 "http://hausegger.activities.at/entry.php?id=10287&" "Mozilla/5.0 (Windows NT 10.0; Win64; x64; rv:135.0) Gecko/20100101 Firefox/135.0"
156.59.198.135 - - [28/Feb/2025:17:27:11 +0100] "GET /renault.activities.at/htdocs/log/cron/exportXML_3115704.txt HTTP/1.0" 404 320 "-" "Mozilla/5.0 (Linux; Android 5.0) AppleWebKit/537.36 (KHTML, like Gecko) Mobile Safari/537.36 (compatible; Bytespider; spider-feedback@bytedance.com)"
47.82.11.132 - - [28/Feb/2025:17:29:39 +0100] "GET /cgi-sys/defaultwebpage.cgi HTTP/1.1" 404 309 "http://food-and-drink.vienna-lodgings.at/cgi-sys/defaultwebpage.cgi" "Mozilla/5.0 (Windows NT 10.0; Win64; x64) AppleWebKit/537.36 (KHTML, like Gecko) Chrome/114.0.0.0 Safari/537.36 Edg/114.0.1823.43"
156.59.198.136 - - [28/Feb/2025:17:31:10 +0100] "GET /renault.activities.at/htdocs/log/cron/exportXML_3115278.txt HTTP/1.0" 404 320 "-" "Mozilla/5.0 (Linux; Android 5.0) AppleWebKit/537.36 (KHTML, like Gecko) Mobile Safari/537.36 (compatible; Bytespider; spider-feedback@bytedance.com)"
156.59.198.136 - - [28/Feb/2025:17:35:11 +0100] "GET /renault.activities.at/htdocs/export/pdf/emuc_document/11043529.pdf HTTP/1.0" 404 322 "-" "Mozilla/5.0 (Linux; Android 5.0) AppleWebKit/537.36 (KHTML, like Gecko) Mobile Safari/537.36 (compatible; Bytespider; spider-feedback@bytedance.com)"
156.59.198.136 - - [28/Feb/2025:17:39:11 +0100] "GET /renault.activities.at/htdocs/export/xml/data/orders/201908211103_RenOrder.xml HTTP/1.0" 404 328 "-" "Mozilla/5.0 (Linux; Android 5.0) AppleWebKit/537.36 (KHTML, like Gecko) Mobile Safari/537.36 (compatible; Bytespider; spider-feedback@bytedance.com)"
89.248.174.186 - - [28/Feb/2025:17:39:19 +0100] "CONNECT google.com:443 HTTP/1.1" 200 423 "-" "Go-http-client/1.1"
104.152.52.107 - - [28/Feb/2025:17:41:11 +0100] "GET / HTTP/1.0" 200 423 "-" "masscan/1.3 (https://github.com/robertdavidgraham/masscan)"
193.68.89.10 - - [28/Feb/2025:17:51:07 +0100] "GET / HTTP/1.1" 200 274 "-" "Mozilla/5.0 (Windows NT 10.0; Win64; x64) AppleWebKit/537.36 (KHTML, like Gecko) Chrome/90.0.4430.85 Safari/537.36 Edg/90.0.818.46"
193.68.89.51 - - [28/Feb/2025:18:02:10 +0100] "GET / HTTP/1.1" 200 274 "-" "Mozilla/5.0 (Windows NT 10.0; Win64; x64) AppleWebKit/537.36 (KHTML, like Gecko) Chrome/90.0.4430.85 Safari/537.36 Edg/90.0.818.46"
92.255.57.58 - - [28/Feb/2025:18:11:12 +0100] "GET /?XDEBUG_SESSION_START=phpstorm HTTP/1.1" 200 274 "-" "Mozilla/5.0 (Windows NT 10.0; Win64; x64) AppleWebKit/537.36 (KHTML, like Gecko) Chrome/78.0.3904.108 Safari/537.36"
156.59.198.136 - - [28/Feb/2025:18:13:04 +0100] "GET /renault.activities.at/htdocs/export/xml/data/orders/202102241403_RenOrder.xml HTTP/1.0" 404 329 "-" "Mozilla/5.0 (Linux; Android 5.0) AppleWebKit/537.36 (KHTML, like Gecko) Mobile Safari/537.36 (compatible; Bytespider; spider-feedback@bytedance.com)"
156.59.198.135 - - [28/Feb/2025:18:17:04 +0100] "GET /renault.activities.at/htdocs/export/pdf/emuc_document/12083856.pdf HTTP/1.0" 404 322 "-" "Mozilla/5.0 (Linux; Android 5.0) AppleWebKit/537.36 (KHTML, like Gecko) Mobile Safari/537.36 (compatible; Bytespider; spider-feedback@bytedance.com)"
48.216.248.91 - - [28/Feb/2025:18:22:29 +0100] "GET / HTTP/1.1" 200 274 "-" "Mozilla/5.0 zgrab/0.x"
112.168.195.245 - - [28/Feb/2025:18:22:33 +0100] "GET / HTTP/1.0" 200 423 "-" "curl/7.88.1"
156.59.198.136 - - [28/Feb/2025:18:47:27 +0100] "GET /renault.activities.at/htdocs/log/cron/reminder_mailing_3115625.txt HTTP/1.0" 404 323 "-" "Mozilla/5.0 (Linux; Android 5.0) AppleWebKit/537.36 (KHTML, like Gecko) Mobile Safari/537.36 (compatible; Bytespider; spider-feedback@bytedance.com)"
156.59.198.136 - - [28/Feb/2025:19:08:59 +0100] "GET /renault.activities.at/htdocs/log/cron/pickupLogisticData_3116084.txt HTTP/1.0" 404 325 "-" "Mozilla/5.0 (Linux; Android 5.0) AppleWebKit/537.36 (KHTML, like Gecko) Mobile Safari/537.36 (compatible; Bytespider; spider-feedback@bytedance.com)"
156.59.198.135 - - [28/Feb/2025:19:13:09 +0100] "GET /renault.activities.at/htdocs/log/cron/importLogisticData_3116510.txt HTTP/1.0" 404 324 "-" "Mozilla/5.0 (Linux; Android 5.0) AppleWebKit/537.36 (KHTML, like Gecko) Mobile Safari/537.36 (compatible; Bytespider; spider-feedback@bytedance.com)"
45.148.10.35 - - [28/Feb/2025:19:23:44 +0100] "\x16\x03\x01" 400 383 "-" "-"
45.148.10.35 - - [28/Feb/2025:19:23:44 +0100] "GET / HTTP/1.1" 400 383 "-" "-"
45.148.10.35 - - [28/Feb/2025:19:23:44 +0100] "GET / HTTP/1.1" 200 423 "-" "l9tcpid/v1.1.0"
45.148.10.35 - - [28/Feb/2025:19:23:44 +0100] "GET /tools/.git/config HTTP/1.1" 404 289 "-" "l9explore/1.2.2"
45.148.10.35 - - [28/Feb/2025:19:23:44 +0100] "GET /config/.git/config HTTP/1.1" 404 288 "-" "l9explore/1.2.2"
45.148.10.35 - - [28/Feb/2025:19:23:44 +0100] "GET /test/.git/config HTTP/1.1" 404 288 "-" "l9explore/1.2.2"
45.148.10.35 - - [28/Feb/2025:19:23:44 +0100] "GET /app/frontend/.git/config HTTP/1.1" 404 294 "-" "l9explore/1.2.2"
45.148.10.35 - - [28/Feb/2025:19:23:44 +0100] "GET /data/processing/.git/config HTTP/1.1" 404 296 "-" "l9explore/1.2.2"
45.148.10.35 - - [28/Feb/2025:19:23:44 +0100] "GET /www/.git/config HTTP/1.1" 404 288 "-" "l9explore/1.2.2"
45.148.10.35 - - [28/Feb/2025:19:23:44 +0100] "GET /v2/.git/config HTTP/1.1" 404 287 "-" "l9explore/1.2.2"
193.68.89.10 - - [28/Feb/2025:19:45:26 +0100] "GET / HTTP/1.1" 200 274 "-" "Mozilla/5.0 (Windows NT 10.0; Win64; x64) AppleWebKit/537.36 (KHTML, like Gecko) Chrome/90.0.4430.85 Safari/537.36 Edg/90.0.818.46"
92.255.57.58 - - [28/Feb/2025:19:46:40 +0100] "GET /actuator/gateway/routes HTTP/1.1" 404 293 "-" "Mozilla/5.0 (Windows NT 10.0; Win64; x64) AppleWebKit/537.36 (KHTML, like Gecko) Chrome/78.0.3904.108 Safari/537.36"
156.59.198.136 - - [28/Feb/2025:19:53:56 +0100] "GET /renault.activities.at/htdocs/log/cron/pickupLogisticData_3115498.txt HTTP/1.0" 404 325 "-" "Mozilla/5.0 (Linux; Android 5.0) AppleWebKit/537.36 (KHTML, like Gecko) Mobile Safari/537.36 (compatible; Bytespider; spider-feedback@bytedance.com)"
156.59.198.135 - - [28/Feb/2025:20:07:48 +0100] "GET /renault.activities.at/htdocs/export/pdf/emuc_document/10969086.pdf HTTP/1.0" 404 322 "-" "Mozilla/5.0 (Linux; Android 5.0) AppleWebKit/537.36 (KHTML, like Gecko) Mobile Safari/537.36 (compatible; Bytespider; spider-feedback@bytedance.com)"
156.59.198.135 - - [28/Feb/2025:20:11:48 +0100] "GET /renault.activities.at/htdocs/export/xml/data/orders/202008171003_RenOrder.xml HTTP/1.0" 404 329 "-" "Mozilla/5.0 (Linux; Android 5.0) AppleWebKit/537.36 (KHTML, like Gecko) Mobile Safari/537.36 (compatible; Bytespider; spider-feedback@bytedance.com)"
193.68.89.51 - - [28/Feb/2025:20:15:03 +0100] "GET / HTTP/1.1" 200 274 "-" "Mozilla/5.0 (Windows NT 10.0; Win64; x64) AppleWebKit/537.36 (KHTML, like Gecko) Chrome/90.0.4430.85 Safari/537.36 Edg/90.0.818.46"
156.59.198.136 - - [28/Feb/2025:20:15:48 +0100] "GET /renault.activities.at/htdocs/export/pdf/emuc_document/11951693.pdf HTTP/1.0" 404 322 "-" "Mozilla/5.0 (Linux; Android 5.0) AppleWebKit/537.36 (KHTML, like Gecko) Mobile Safari/537.36 (compatible; Bytespider; spider-feedback@bytedance.com)"
204.76.203.15 - - [28/Feb/2025:20:21:16 +0100] "GET / HTTP/1.1" 200 274 "-" "Mozilla/5.0 (Windows NT 10.0; Win64; x64) AppleWebKit/537.36 (KHTML, like Gecko) Chrome/90.0.4430.85 Safari/537.36 Edg/90.0.818.46"
92.255.57.58 - - [28/Feb/2025:20:23:44 +0100] "\x16\x03\x01\x05\xa8\x01" 400 383 "-" "-"
156.59.198.136 - - [28/Feb/2025:20:25:01 +0100] "GET /renault.activities.at/htdocs/export/xml/data/orders/202008261603_RenOrder.xml HTTP/1.0" 404 329 "-" "Mozilla/5.0 (Linux; Android 5.0) AppleWebKit/537.36 (KHTML, like Gecko) Mobile Safari/537.36 (compatible; Bytespider; spider-feedback@bytedance.com)"
196.251.72.73 - - [28/Feb/2025:20:34:16 +0100] "GET /.git/refs/ HTTP/1.1" 404 284 "-" "Mozilla/5.0 (Linux; Android 8.1.0; Moto G (5S) Plus) AppleWebKit/537.36 (KHTML, like Gecko) Chrome/76.0.3809.111 Mobile Safari/537.36"
198.235.24.167 - - [28/Feb/2025:20:49:01 +0100] "\x16\x03\x01" 400 383 "-" "-"
198.235.24.167 - - [28/Feb/2025:20:49:01 +0100] "\x16\x03\x01" 400 383 "-" "-"
156.59.198.136 - - [28/Feb/2025:21:03:28 +0100] "GET /renault.activities.at/htdocs/log/cron/reminder_mailing_3115860.txt HTTP/1.0" 404 323 "-" "Mozilla/5.0 (Linux; Android 5.0) AppleWebKit/537.36 (KHTML, like Gecko) Mobile Safari/537.36 (compatible; Bytespider; spider-feedback@bytedance.com)"
156.59.198.136 - - [28/Feb/2025:21:07:28 +0100] "GET /renault.activities.at/htdocs/export/xml/data/orders/202111231303_RenOrder.xml HTTP/1.0" 404 329 "-" "Mozilla/5.0 (Linux; Android 5.0) AppleWebKit/537.36 (KHTML, like Gecko) Mobile Safari/537.36 (compatible; Bytespider; spider-feedback@bytedance.com)"
156.59.198.135 - - [28/Feb/2025:21:13:00 +0100] "GET /renault.activities.at/htdocs/export/xml/data/orders/202101281003_RenOrder.xml HTTP/1.0" 404 329 "-" "Mozilla/5.0 (Linux; Android 5.0) AppleWebKit/537.36 (KHTML, like Gecko) Mobile Safari/537.36 (compatible; Bytespider; spider-feedback@bytedance.com)"
156.59.198.136 - - [28/Feb/2025:21:22:16 +0100] "GET /hausegger.activities.at/stats/lang/awstats-nb.txt HTTP/1.0" 404 309 "-" "Mozilla/5.0 (Linux; Android 5.0) AppleWebKit/537.36 (KHTML, like Gecko) Mobile Safari/537.36 (compatible; Bytespider; spider-feedback@bytedance.com)"
193.68.89.10 - - [28/Feb/2025:21:22:37 +0100] "GET / HTTP/1.1" 200 274 "-" "Mozilla/5.0 (Windows NT 10.0; Win64; x64) AppleWebKit/537.36 (KHTML, like Gecko) Chrome/90.0.4430.85 Safari/537.36 Edg/90.0.818.46"
156.59.198.136 - - [28/Feb/2025:21:26:16 +0100] "GET /renault.activities.at/htdocs/export/xml/data/orders/202010281303_RenOrder.xml HTTP/1.0" 404 328 "-" "Mozilla/5.0 (Linux; Android 5.0) AppleWebKit/537.36 (KHTML, like Gecko) Mobile Safari/537.36 (compatible; Bytespider; spider-feedback@bytedance.com)"
156.59.198.136 - - [28/Feb/2025:21:30:17 +0100] "GET /hausegger.activities.at/stats/lang/awstats-fr.txt HTTP/1.0" 404 309 "-" "Mozilla/5.0 (Linux; Android 5.0) AppleWebKit/537.36 (KHTML, like Gecko) Mobile Safari/537.36 (compatible; Bytespider; spider-feedback@bytedance.com)"
156.59.198.135 - - [28/Feb/2025:21:34:17 +0100] "GET /renault.activities.at/htdocs/export/pdf/emuc_document/11181993.pdf HTTP/1.0" 404 322 "-" "Mozilla/5.0 (Linux; Android 5.0) AppleWebKit/537.36 (KHTML, like Gecko) Mobile Safari/537.36 (compatible; Bytespider; spider-feedback@bytedance.com)"
93.174.93.12 - - [28/Feb/2025:21:35:59 +0100] "GET / HTTP/1.0" 200 423 "-" "Mozilla/5.0 (Linux; Android 7.0; SM-G955U) AppleWebKit/537.36 (KHTML, like Gecko) Chrome/74.0.3729.157 Mobile Safari/537.36"
109.236.61.115 - - [28/Feb/2025:21:36:00 +0100] "GET / HTTP/1.1" 200 423 "-" "Hello World"
193.32.162.38 - - [28/Feb/2025:21:40:48 +0100] "POST /boaform/admin/formLogin HTTP/1.1" 404 293 "http://212.69.160.11:80/admin/login.asp" "Mozilla/5.0 (X11; Ubuntu; Linux x86_64; rv:71.0) Gecko/20100101 Firefox/71.0"
156.59.198.136 - - [28/Feb/2025:22:04:28 +0100] "GET /renault.activities.at/htdocs/log/cron/importLogisticData_3115152.txt HTTP/1.0" 404 324 "-" "Mozilla/5.0 (Linux; Android 5.0) AppleWebKit/537.36 (KHTML, like Gecko) Mobile Safari/537.36 (compatible; Bytespider; spider-feedback@bytedance.com)"
156.59.198.135 - - [28/Feb/2025:22:08:28 +0100] "GET /renault.activities.at/htdocs/pinEdit/editor/help/userhelp-Dateien/image042.jpg HTTP/1.0" 404 328 "-" "Mozilla/5.0 (Linux; Android 5.0) AppleWebKit/537.36 (KHTML, like Gecko) Mobile Safari/537.36 (compatible; Bytespider; spider-feedback@bytedance.com)"
156.59.198.135 - - [28/Feb/2025:22:12:29 +0100] "GET /renault.activities.at/htdocs/export/xml/data/orders/202009151603_RenOrder.xml HTTP/1.0" 404 330 "-" "Mozilla/5.0 (Linux; Android 5.0) AppleWebKit/537.36 (KHTML, like Gecko) Mobile Safari/537.36 (compatible; Bytespider; spider-feedback@bytedance.com)"
110.138.87.28 - - [28/Feb/2025:22:17:50 +0100] "GET / HTTP/1.1" 200 423 "-" "Mozilla/5.0 (Macintosh; Intel Mac OS X 10_11_6) AppleWebKit/601.7.7 (KHTML, like Gecko) Version/9.1.2 Safari/601.7.7"
156.59.198.135 - - [28/Feb/2025:22:19:19 +0100] "GET /renault.activities.at/htdocs/log/cron/system_mail_3115254.txt HTTP/1.0" 404 320 "-" "Mozilla/5.0 (Linux; Android 5.0) AppleWebKit/537.36 (KHTML, like Gecko) Mobile Safari/537.36 (compatible; Bytespider; spider-feedback@bytedance.com)"
66.249.64.34 - - [28/Feb/2025:23:02:42 +0100] "GET /robots.txt HTTP/1.1" 404 292 "-" "Mozilla/5.0 (compatible; Googlebot/2.1; +http://www.google.com/bot.html)"
66.249.64.33 - - [28/Feb/2025:23:02:42 +0100] "GET /favicon.ico HTTP/1.1" 404 292 "-" "Googlebot-Image/1.0"
156.59.198.136 - - [28/Feb/2025:23:03:17 +0100] "GET /renault.activities.at/htdocs/log/cron/exportXML_3116231.txt HTTP/1.0" 404 320 "-" "Mozilla/5.0 (Linux; Android 5.0) AppleWebKit/537.36 (KHTML, like Gecko) Mobile Safari/537.36 (compatible; Bytespider; spider-feedback@bytedance.com)"
121.81.209.40 - - [28/Feb/2025:23:05:43 +0100] "GET / HTTP/1.0" 200 423 "-" "curl/7.88.1"
156.59.198.136 - - [28/Feb/2025:23:07:18 +0100] "GET /renault.activities.at/htdocs/export/pdf/emuc_document/10625568.pdf HTTP/1.0" 404 321 "-" "Mozilla/5.0 (Linux; Android 5.0) AppleWebKit/537.36 (KHTML, like Gecko) Mobile Safari/537.36 (compatible; Bytespider; spider-feedback@bytedance.com)"
156.59.198.135 - - [28/Feb/2025:23:11:18 +0100] "GET /renault.activities.at/htdocs/export/pdf/emuc_document/11549098.pdf HTTP/1.0" 404 322 "-" "Mozilla/5.0 (Linux; Android 5.0) AppleWebKit/537.36 (KHTML, like Gecko) Mobile Safari/537.36 (compatible; Bytespider; spider-feedback@bytedance.com)"
144.202.82.88 - - [28/Feb/2025:23:11:35 +0100] "GET http://example.com/ HTTP/1.1" 200 274 "-" "Mozilla/5.0 (Macintosh; Intel Mac OS X 10_15_7) AppleWebKit/537.36 (KHTML, like Gecko) Chrome/133.0.0.0 Safari/537.36"
144.202.82.88 - - [28/Feb/2025:23:11:35 +0100] "CONNECT example.com:443 HTTP/1.1" 200 423 "-" "Go-http-client/1.1"
156.59.198.136 - - [28/Feb/2025:23:15:19 +0100] "GET /renault.activities.at/htdocs/export/pdf/emuc_document/10396384.pdf HTTP/1.0" 404 322 "-" "Mozilla/5.0 (Linux; Android 5.0) AppleWebKit/537.36 (KHTML, like Gecko) Mobile Safari/537.36 (compatible; Bytespider; spider-feedback@bytedance.com)"
205.210.31.210 - - [28/Feb/2025:23:17:23 +0100] "GET / HTTP/1.0" 200 423 "-" "Expanse, a Palo Alto Networks company, searches across the global IPv4 space multiple times per day to identify customers' presences on the Internet. If you would like to be excluded from our scans, please send IP addresses/domains to: scaninfo@paloaltonetworks.com"
156.59.198.136 - - [28/Feb/2025:23:19:19 +0100] "GET /renault.activities.at/htdocs/export/xml/data/orders/202105100903_RenOrder.xml HTTP/1.0" 404 329 "-" "Mozilla/5.0 (Linux; Android 5.0) AppleWebKit/537.36 (KHTML, like Gecko) Mobile Safari/537.36 (compatible; Bytespider; spider-feedback@bytedance.com)"
193.68.89.10 - - [28/Feb/2025:23:19:44 +0100] "GET / HTTP/1.1" 200 274 "-" "Mozilla/5.0 (Windows NT 10.0; Win64; x64) AppleWebKit/537.36 (KHTML, like Gecko) Chrome/90.0.4430.85 Safari/537.36 Edg/90.0.818.46"
147.45.112.185 - - [28/Feb/2025:23:19:47 +0100] "\x03" 400 383 "-" "-"
156.59.198.136 - - [28/Feb/2025:23:23:18 +0100] "GET /renault.activities.at/htdocs/log/cron/reminder_mailing_3116260.txt HTTP/1.0" 404 323 "-" "Mozilla/5.0 (Linux; Android 5.0) AppleWebKit/537.36 (KHTML, like Gecko) Mobile Safari/537.36 (compatible; Bytespider; spider-feedback@bytedance.com)"
156.59.198.135 - - [28/Feb/2025:23:27:19 +0100] "GET /renault.activities.at/htdocs/log/cron/pickupLogisticData_3114889.txt HTTP/1.0" 404 325 "-" "Mozilla/5.0 (Linux; Android 5.0) AppleWebKit/537.36 (KHTML, like Gecko) Mobile Safari/537.36 (compatible; Bytespider; spider-feedback@bytedance.com)"
156.59.198.135 - - [28/Feb/2025:23:31:19 +0100] "GET /renault.activities.at/htdocs/export/xml/data/orders/202007221603_RenOrder.xml HTTP/1.0" 404 330 "-" "Mozilla/5.0 (Linux; Android 5.0) AppleWebKit/537.36 (KHTML, like Gecko) Mobile Safari/537.36 (compatible; Bytespider; spider-feedback@bytedance.com)"
109.236.61.115 - - [28/Feb/2025:23:32:09 +0100] "GET / HTTP/1.1" 200 423 "-" "Hello World"
80.82.77.202 - - [28/Feb/2025:23:38:38 +0100] "\x16\x03\x02\x01o\x01" 400 383 "-" "-"
159.89.36.16 - - [28/Feb/2025:23:48:14 +0100] "GET /.env HTTP/1.1" 404 280 "-" "Mozilla/5.0 (Macintosh; Intel Mac OS X 10_14_3) AppleWebKit/537.36 (KHTML, like Gecko) Chrome/74.0.3729.157 Safari/537.36"
159.89.36.16 - - [28/Feb/2025:23:51:22 +0100] "GET /.env HTTP/1.1" 404 280 "-" "Mozilla/5.0 Slackware/13.37 (X11; U; Linux x86_64; en-US) AppleWebKit/535.1 (KHTML, like Gecko) Chrome/13.0.782.41"
156.59.198.136 - - [01/Mar/2025:00:02:27 +0100] "GET /renault.activities.at/htdocs/log/cron/system_mail_3115524.txt HTTP/1.0" 404 320 "-" "Mozilla/5.0 (Linux; Android 5.0) AppleWebKit/537.36 (KHTML, like Gecko) Mobile Safari/537.36 (compatible; Bytespider; spider-feedback@bytedance.com)"
156.59.198.136 - - [01/Mar/2025:00:06:27 +0100] "GET /renault.activities.at/htdocs/log/cron/pickupLogisticData_3115697.txt HTTP/1.0" 404 326 "-" "Mozilla/5.0 (Linux; Android 5.0) AppleWebKit/537.36 (KHTML, like Gecko) Mobile Safari/537.36 (compatible; Bytespider; spider-feedback@bytedance.com)"
156.59.198.135 - - [01/Mar/2025:00:10:27 +0100] "GET /renault.activities.at/htdocs/log/cron/importLogisticData_3115482.txt HTTP/1.0" 404 324 "-" "Mozilla/5.0 (Linux; Android 5.0) AppleWebKit/537.36 (KHTML, like Gecko) Mobile Safari/537.36 (compatible; Bytespider; spider-feedback@bytedance.com)"
167.94.138.201 - - [01/Mar/2025:00:13:25 +0100] "GET / HTTP/1.1" 200 423 "-" "-"
167.94.138.201 - - [01/Mar/2025:00:13:43 +0100] "GET / HTTP/1.1" 200 274 "-" "Mozilla/5.0 (compatible; CensysInspect/1.1; +https://about.censys.io/)"
167.94.138.201 - - [01/Mar/2025:00:13:47 +0100] "GET /activities.ico HTTP/1.1" 200 1406 "-" "Mozilla/5.0 (compatible; CensysInspect/1.1; +https://about.censys.io/)"
167.94.138.201 - - [01/Mar/2025:00:13:49 +0100] "GET /favicon.ico HTTP/1.1" 404 295 "-" "Mozilla/5.0 (compatible; CensysInspect/1.1; +https://about.censys.io/)"
167.94.138.201 - - [01/Mar/2025:00:13:52 +0100] "PRI * HTTP/2.0" 400 383 "-" "-"
167.94.138.201 - - [01/Mar/2025:00:14:07 +0100] "GET /favicon.ico HTTP/1.1" 404 295 "-" "Mozilla/5.0 (compatible; CensysInspect/1.1; +https://about.censys.io/)"
167.94.138.201 - - [01/Mar/2025:00:14:15 +0100] "\x16\x03\x01" 400 383 "-" "-"
156.59.198.135 - - [01/Mar/2025:00:14:27 +0100] "GET /renault.activities.at/htdocs/export/pdf/emuc_document/11667092.pdf HTTP/1.0" 404 322 "-" "Mozilla/5.0 (Linux; Android 5.0) AppleWebKit/537.36 (KHTML, like Gecko) Mobile Safari/537.36 (compatible; Bytespider; spider-feedback@bytedance.com)"
156.59.198.135 - - [01/Mar/2025:00:18:27 +0100] "GET /renault.activities.at/htdocs/export/pdf/emuc_document/12291741.pdf HTTP/1.0" 404 322 "-" "Mozilla/5.0 (Linux; Android 5.0) AppleWebKit/537.36 (KHTML, like Gecko) Mobile Safari/537.36 (compatible; Bytespider; spider-feedback@bytedance.com)"
156.59.198.136 - - [01/Mar/2025:00:22:56 +0100] "GET /renault.activities.at/htdocs/export/xml/data/orders/201909241003_RenOrder.xml HTTP/1.0" 404 329 "-" "Mozilla/5.0 (Linux; Android 5.0) AppleWebKit/537.36 (KHTML, like Gecko) Mobile Safari/537.36 (compatible; Bytespider; spider-feedback@bytedance.com)"
156.59.198.135 - - [01/Mar/2025:00:26:56 +0100] "GET /renault.activities.at/htdocs/export/pdf/emuc_document/10764454.pdf HTTP/1.0" 404 322 "-" "Mozilla/5.0 (Linux; Android 5.0) AppleWebKit/537.36 (KHTML, like Gecko) Mobile Safari/537.36 (compatible; Bytespider; spider-feedback@bytedance.com)"
121.129.12.130 - - [01/Mar/2025:00:27:05 +0100] "GET / HTTP/1.0" 200 423 "-" "curl/7.88.1"
156.59.198.136 - - [01/Mar/2025:00:30:56 +0100] "GET /renault.activities.at/htdocs/log/cron/shipp_Export_Data_3115835.txt HTTP/1.0" 404 325 "-" "Mozilla/5.0 (Linux; Android 5.0) AppleWebKit/537.36 (KHTML, like Gecko) Mobile Safari/537.36 (compatible; Bytespider; spider-feedback@bytedance.com)"
156.59.198.136 - - [01/Mar/2025:00:34:56 +0100] "GET /renault.activities.at/htdocs/export/pdf/emuc_document/10883772.pdf HTTP/1.0" 404 323 "-" "Mozilla/5.0 (Linux; Android 5.0) AppleWebKit/537.36 (KHTML, like Gecko) Mobile Safari/537.36 (compatible; Bytespider; spider-feedback@bytedance.com)"
95.214.53.198 - - [01/Mar/2025:00:38:37 +0100] "GET / HTTP/1.1" 200 274 "-" "Mozilla/5.0 (Windows NT 10.0; Win64; x64) AppleWebKit/537.36 (KHTML, like Gecko) Chrome/131.0.6778.140 Safari/537.36"
156.59.198.136 - - [01/Mar/2025:00:38:56 +0100] "GET /renault.activities.at/htdocs/log/cron/exportXML_3115408.txt HTTP/1.0" 404 320 "-" "Mozilla/5.0 (Linux; Android 5.0) AppleWebKit/537.36 (KHTML, like Gecko) Mobile Safari/537.36 (compatible; Bytespider; spider-feedback@bytedance.com)"
156.59.198.135 - - [01/Mar/2025:00:42:56 +0100] "GET /renault.activities.at/htdocs/export/xml/data/orders/202009101403_RenOrder.xml HTTP/1.0" 404 329 "-" "Mozilla/5.0 (Linux; Android 5.0) AppleWebKit/537.36 (KHTML, like Gecko) Mobile Safari/537.36 (compatible; Bytespider; spider-feedback@bytedance.com)"
156.59.198.136 - - [01/Mar/2025:00:46:57 +0100] "GET /renault.activities.at/htdocs/export/xml/data/orders/202110111303_RenOrder.xml HTTP/1.0" 404 329 "-" "Mozilla/5.0 (Linux; Android 5.0) AppleWebKit/537.36 (KHTML, like Gecko) Mobile Safari/537.36 (compatible; Bytespider; spider-feedback@bytedance.com)"
156.59.198.135 - - [01/Mar/2025:00:50:58 +0100] "GET /renault.activities.at/htdocs/log/cron/reminder_mailing_3115794.txt HTTP/1.0" 404 323 "-" "Mozilla/5.0 (Linux; Android 5.0) AppleWebKit/537.36 (KHTML, like Gecko) Mobile Safari/537.36 (compatible; Bytespider; spider-feedback@bytedance.com)"