77.119.174.15 - - [28/Feb/2025:12:39:12 +0100] "GET /entry.php?id=10776&form=10477&name=list& HTTP/1.1" 200 1470 "http://hausegger.activities.at/entry.php?id=10633&" "Mozilla/5.0 (Windows NT 10.0; Win64; x64; rv:135.0) Gecko/20100101 Firefox/135.0"
77.119.174.15 - - [28/Feb/2025:12:39:13 +0100] "GET /gui/javascript/form_form.js?1740742753 HTTP/1.1" 200 16206 "http://hausegger.activities.at/entry.php?id=10621&" "Mozilla/5.0 (Windows NT 10.0; Win64; x64; rv:135.0) Gecko/20100101 Firefox/135.0"
77.119.174.15 - - [28/Feb/2025:12:39:14 +0100] "POST /entry.php?id=10633 HTTP/1.1" 200 1984 "http://hausegger.activities.at/entry.php?id=10633&" "Mozilla/5.0 (Windows NT 10.0; Win64; x64; rv:135.0) Gecko/20100101 Firefox/135.0"
77.119.174.15 - - [28/Feb/2025:12:39:14 +0100] "GET /gui/javascript/form_form.js?1740742754 HTTP/1.1" 200 16206 "http://hausegger.activities.at/entry.php?id=10633" "Mozilla/5.0 (Windows NT 10.0; Win64; x64; rv:135.0) Gecko/20100101 Firefox/135.0"
77.119.174.15 - - [28/Feb/2025:12:39:14 +0100] "GET /entry.php?id=10776&form=10477&name=list& HTTP/1.1" 200 1472 "http://hausegger.activities.at/entry.php?id=10633" "Mozilla/5.0 (Windows NT 10.0; Win64; x64; rv:135.0) Gecko/20100101 Firefox/135.0"
77.119.174.15 - - [28/Feb/2025:12:39:14 +0100] "GET /entry.php?id=10778&form=10477&name=list& HTTP/1.1" 200 3674 "http://hausegger.activities.at/entry.php?id=10633" "Mozilla/5.0 (Windows NT 10.0; Win64; x64; rv:135.0) Gecko/20100101 Firefox/135.0"
77.119.174.15 - - [28/Feb/2025:12:39:16 +0100] "POST /entry.php?id=10621 HTTP/1.1" 200 3832 "http://hausegger.activities.at/entry.php?id=10621&" "Mozilla/5.0 (Windows NT 10.0; Win64; x64; rv:135.0) Gecko/20100101 Firefox/135.0"
77.119.174.15 - - [28/Feb/2025:12:39:16 +0100] "GET /gui/javascript/form_form.js?1740742756 HTTP/1.1" 200 16206 "http://hausegger.activities.at/entry.php?id=10621" "Mozilla/5.0 (Windows NT 10.0; Win64; x64; rv:135.0) Gecko/20100101 Firefox/135.0"
77.119.174.15 - - [28/Feb/2025:12:39:18 +0100] "GET /entry.php?id=11047&object=10285974 HTTP/1.1" 200 1785 "http://hausegger.activities.at/entry.php?id=10621" "Mozilla/5.0 (Windows NT 10.0; Win64; x64; rv:135.0) Gecko/20100101 Firefox/135.0"
77.119.174.15 - - [28/Feb/2025:12:39:18 +0100] "GET /gui/javascript/form_form.js?1740742758 HTTP/1.1" 200 16206 "http://hausegger.activities.at/entry.php?id=11047&object=10285974" "Mozilla/5.0 (Windows NT 10.0; Win64; x64; rv:135.0) Gecko/20100101 Firefox/135.0"
77.119.174.15 - - [28/Feb/2025:12:39:18 +0100] "GET /entry.php?id=11048&&object=10285974 HTTP/1.1" 200 2513 "http://hausegger.activities.at/entry.php?id=11047&object=10285974" "Mozilla/5.0 (Windows NT 10.0; Win64; x64; rv:135.0) Gecko/20100101 Firefox/135.0"
77.119.174.15 - - [28/Feb/2025:12:39:19 +0100] "GET /gui/javascript/form_form.js?1740742759 HTTP/1.1" 200 16206 "http://hausegger.activities.at/entry.php?id=11048&&object=10285974" "Mozilla/5.0 (Windows NT 10.0; Win64; x64; rv:135.0) Gecko/20100101 Firefox/135.0"
77.119.174.15 - - [28/Feb/2025:12:39:48 +0100] "GET /entry.php?id=10271&&ser=742727 HTTP/1.1" 200 987 "http://hausegger.activities.at/entry.php?id=10271&&ser=742666" "Mozilla/5.0 (Windows NT 10.0; Win64; x64; rv:135.0) Gecko/20100101 Firefox/135.0"
77.119.174.15 - - [28/Feb/2025:12:39:48 +0100] "GET /gui/javascript/form_form.js?1740742788 HTTP/1.1" 200 16206 "http://hausegger.activities.at/entry.php?id=10271&&ser=742727" "Mozilla/5.0 (Windows NT 10.0; Win64; x64; rv:135.0) Gecko/20100101 Firefox/135.0"
77.119.174.15 - - [28/Feb/2025:12:40:49 +0100] "GET /entry.php?id=10271&&ser=742788 HTTP/1.1" 200 987 "http://hausegger.activities.at/entry.php?id=10271&&ser=742727" "Mozilla/5.0 (Windows NT 10.0; Win64; x64; rv:135.0) Gecko/20100101 Firefox/135.0"
77.119.174.15 - - [28/Feb/2025:12:40:49 +0100] "GET /gui/javascript/form_form.js?1740742849 HTTP/1.1" 200 16206 "http://hausegger.activities.at/entry.php?id=10271&&ser=742788" "Mozilla/5.0 (Windows NT 10.0; Win64; x64; rv:135.0) Gecko/20100101 Firefox/135.0"
77.119.174.15 - - [28/Feb/2025:12:41:49 +0100] "GET /entry.php?id=10271&&ser=742849 HTTP/1.1" 200 987 "http://hausegger.activities.at/entry.php?id=10271&&ser=742788" "Mozilla/5.0 (Windows NT 10.0; Win64; x64; rv:135.0) Gecko/20100101 Firefox/135.0"
77.119.174.15 - - [28/Feb/2025:12:41:49 +0100] "GET /gui/javascript/form_form.js?1740742909 HTTP/1.1" 200 16206 "http://hausegger.activities.at/entry.php?id=10271&&ser=742849" "Mozilla/5.0 (Windows NT 10.0; Win64; x64; rv:135.0) Gecko/20100101 Firefox/135.0"
77.119.174.15 - - [28/Feb/2025:12:42:49 +0100] "GET /entry.php?id=10271&&ser=742909 HTTP/1.1" 200 987 "http://hausegger.activities.at/entry.php?id=10271&&ser=742849" "Mozilla/5.0 (Windows NT 10.0; Win64; x64; rv:135.0) Gecko/20100101 Firefox/135.0"
77.119.174.15 - - [28/Feb/2025:12:42:49 +0100] "GET /gui/javascript/form_form.js?1740742969 HTTP/1.1" 200 16206 "http://hausegger.activities.at/entry.php?id=10271&&ser=742909" "Mozilla/5.0 (Windows NT 10.0; Win64; x64; rv:135.0) Gecko/20100101 Firefox/135.0"
77.119.174.15 - - [28/Feb/2025:12:43:50 +0100] "GET /entry.php?id=10271&&ser=742969 HTTP/1.1" 200 986 "http://hausegger.activities.at/entry.php?id=10271&&ser=742909" "Mozilla/5.0 (Windows NT 10.0; Win64; x64; rv:135.0) Gecko/20100101 Firefox/135.0"
77.119.174.15 - - [28/Feb/2025:12:43:50 +0100] "GET /gui/javascript/form_form.js?1740743030 HTTP/1.1" 200 16206 "http://hausegger.activities.at/entry.php?id=10271&&ser=742969" "Mozilla/5.0 (Windows NT 10.0; Win64; x64; rv:135.0) Gecko/20100101 Firefox/135.0"
205.210.31.218 - - [28/Feb/2025:12:44:20 +0100] "GET / HTTP/1.1" 200 274 "-" "Expanse, a Palo Alto Networks company, searches across the global IPv4 space multiple times per day to identify customers' presences on the Internet. If you would like to be excluded from our scans, please send IP addresses/domains to: scaninfo@paloaltonetworks.com"
77.119.174.15 - - [28/Feb/2025:12:44:50 +0100] "GET /entry.php?id=10271&&ser=743030 HTTP/1.1" 200 986 "http://hausegger.activities.at/entry.php?id=10271&&ser=742969" "Mozilla/5.0 (Windows NT 10.0; Win64; x64; rv:135.0) Gecko/20100101 Firefox/135.0"
77.119.174.15 - - [28/Feb/2025:12:44:50 +0100] "GET /gui/javascript/form_form.js?1740743090 HTTP/1.1" 200 16206 "http://hausegger.activities.at/entry.php?id=10271&&ser=743030" "Mozilla/5.0 (Windows NT 10.0; Win64; x64; rv:135.0) Gecko/20100101 Firefox/135.0"
77.119.174.15 - - [28/Feb/2025:12:45:57 +0100] "GET /entry.php?id=10271&&ser=743090 HTTP/1.1" 200 986 "http://hausegger.activities.at/entry.php?id=10271&&ser=743030" "Mozilla/5.0 (Windows NT 10.0; Win64; x64; rv:135.0) Gecko/20100101 Firefox/135.0"
77.119.174.15 - - [28/Feb/2025:12:45:57 +0100] "GET /gui/javascript/form_form.js?1740743157 HTTP/1.1" 200 16206 "http://hausegger.activities.at/entry.php?id=10271&&ser=743090" "Mozilla/5.0 (Windows NT 10.0; Win64; x64; rv:135.0) Gecko/20100101 Firefox/135.0"
77.119.174.15 - - [28/Feb/2025:12:46:57 +0100] "GET /entry.php?id=10271&&ser=743157 HTTP/1.1" 200 986 "http://hausegger.activities.at/entry.php?id=10271&&ser=743090" "Mozilla/5.0 (Windows NT 10.0; Win64; x64; rv:135.0) Gecko/20100101 Firefox/135.0"
77.119.174.15 - - [28/Feb/2025:12:46:57 +0100] "GET /gui/javascript/form_form.js?1740743217 HTTP/1.1" 200 16206 "http://hausegger.activities.at/entry.php?id=10271&&ser=743157" "Mozilla/5.0 (Windows NT 10.0; Win64; x64; rv:135.0) Gecko/20100101 Firefox/135.0"
47.82.11.151 - - [28/Feb/2025:12:47:27 +0100] "GET /viewtopic.php?t=481&p=4024 HTTP/1.1" 404 295 "http://triadian.castlegem.co.uk/viewtopic.php?t=481&p=4024" "Mozilla/5.0 (Windows NT 10.0; Win64; x64) AppleWebKit/537.36 (KHTML, like Gecko) Chrome/114.0.0.0 Safari/537.36 Edg/114.0.1823.43"
77.119.174.15 - - [28/Feb/2025:12:48:01 +0100] "GET /entry.php?id=10271&&ser=743217 HTTP/1.1" 200 986 "http://hausegger.activities.at/entry.php?id=10271&&ser=743157" "Mozilla/5.0 (Windows NT 10.0; Win64; x64; rv:135.0) Gecko/20100101 Firefox/135.0"
77.119.174.15 - - [28/Feb/2025:12:48:01 +0100] "GET /gui/javascript/form_form.js?1740743281 HTTP/1.1" 200 16206 "http://hausegger.activities.at/entry.php?id=10271&&ser=743217" "Mozilla/5.0 (Windows NT 10.0; Win64; x64; rv:135.0) Gecko/20100101 Firefox/135.0"
47.82.11.91 - - [28/Feb/2025:12:48:20 +0100] "GET /viewtopic.php?t=538&p=4021 HTTP/1.1" 404 295 "http://triadian.castlegem.co.uk/viewtopic.php?t=538&p=4021" "Mozilla/5.0 (Windows NT 10.0; Win64; x64) AppleWebKit/537.36 (KHTML, like Gecko) Chrome/114.0.0.0 Safari/537.36 Edg/114.0.1823.43"
77.119.174.15 - - [28/Feb/2025:12:49:01 +0100] "GET /entry.php?id=10271&&ser=743281 HTTP/1.1" 200 987 "http://hausegger.activities.at/entry.php?id=10271&&ser=743217" "Mozilla/5.0 (Windows NT 10.0; Win64; x64; rv:135.0) Gecko/20100101 Firefox/135.0"
77.119.174.15 - - [28/Feb/2025:12:49:02 +0100] "GET /gui/javascript/form_form.js?1740743342 HTTP/1.1" 200 16206 "http://hausegger.activities.at/entry.php?id=10271&&ser=743281" "Mozilla/5.0 (Windows NT 10.0; Win64; x64; rv:135.0) Gecko/20100101 Firefox/135.0"
77.119.174.15 - - [28/Feb/2025:12:49:34 +0100] "POST /entry.php?id=10621 HTTP/1.1" 200 3828 "http://hausegger.activities.at/entry.php?id=10621" "Mozilla/5.0 (Windows NT 10.0; Win64; x64; rv:135.0) Gecko/20100101 Firefox/135.0"
77.119.174.15 - - [28/Feb/2025:12:49:34 +0100] "GET /gui/javascript/form_form.js?1740743374 HTTP/1.1" 200 16206 "http://hausegger.activities.at/entry.php?id=10621" "Mozilla/5.0 (Windows NT 10.0; Win64; x64; rv:135.0) Gecko/20100101 Firefox/135.0"
77.119.174.15 - - [28/Feb/2025:12:49:36 +0100] "GET /entry.php?id=11047&object=10339275 HTTP/1.1" 200 1785 "http://hausegger.activities.at/entry.php?id=10621" "Mozilla/5.0 (Windows NT 10.0; Win64; x64; rv:135.0) Gecko/20100101 Firefox/135.0"
77.119.174.15 - - [28/Feb/2025:12:49:36 +0100] "GET /gui/javascript/form_form.js?1740743376 HTTP/1.1" 200 16206 "http://hausegger.activities.at/entry.php?id=11047&object=10339275" "Mozilla/5.0 (Windows NT 10.0; Win64; x64; rv:135.0) Gecko/20100101 Firefox/135.0"
77.119.174.15 - - [28/Feb/2025:12:49:36 +0100] "GET /entry.php?id=11048&&object=10339275 HTTP/1.1" 200 2446 "http://hausegger.activities.at/entry.php?id=11047&object=10339275" "Mozilla/5.0 (Windows NT 10.0; Win64; x64; rv:135.0) Gecko/20100101 Firefox/135.0"
77.119.174.15 - - [28/Feb/2025:12:50:04 +0100] "GET /entry.php?id=10271&&ser=743342 HTTP/1.1" 200 986 "http://hausegger.activities.at/entry.php?id=10271&&ser=743281" "Mozilla/5.0 (Windows NT 10.0; Win64; x64; rv:135.0) Gecko/20100101 Firefox/135.0"
77.119.174.15 - - [28/Feb/2025:12:50:04 +0100] "GET /gui/javascript/form_form.js?1740743404 HTTP/1.1" 200 16206 "http://hausegger.activities.at/entry.php?id=10271&&ser=743342" "Mozilla/5.0 (Windows NT 10.0; Win64; x64; rv:135.0) Gecko/20100101 Firefox/135.0"
77.119.174.15 - - [28/Feb/2025:12:51:04 +0100] "GET /entry.php?id=10271&&ser=743404 HTTP/1.1" 200 987 "http://hausegger.activities.at/entry.php?id=10271&&ser=743342" "Mozilla/5.0 (Windows NT 10.0; Win64; x64; rv:135.0) Gecko/20100101 Firefox/135.0"
77.119.174.15 - - [28/Feb/2025:12:51:04 +0100] "GET /gui/javascript/form_form.js?1740743464 HTTP/1.1" 200 16206 "http://hausegger.activities.at/entry.php?id=10271&&ser=743404" "Mozilla/5.0 (Windows NT 10.0; Win64; x64; rv:135.0) Gecko/20100101 Firefox/135.0"
77.119.174.15 - - [28/Feb/2025:12:52:05 +0100] "GET /entry.php?id=10271&&ser=743464 HTTP/1.1" 200 987 "http://hausegger.activities.at/entry.php?id=10271&&ser=743404" "Mozilla/5.0 (Windows NT 10.0; Win64; x64; rv:135.0) Gecko/20100101 Firefox/135.0"
77.119.174.15 - - [28/Feb/2025:12:52:05 +0100] "GET /gui/javascript/form_form.js?1740743525 HTTP/1.1" 200 16206 "http://hausegger.activities.at/entry.php?id=10271&&ser=743464" "Mozilla/5.0 (Windows NT 10.0; Win64; x64; rv:135.0) Gecko/20100101 Firefox/135.0"
47.82.11.91 - - [28/Feb/2025:12:52:09 +0100] "GET /viewtopic.php?t=328&p=3985 HTTP/1.1" 404 295 "http://triadian.castlegem.co.uk/viewtopic.php?t=328&p=3985" "Mozilla/5.0 (Windows NT 10.0; Win64; x64) AppleWebKit/537.36 (KHTML, like Gecko) Chrome/114.0.0.0 Safari/537.36 Edg/114.0.1823.43"
77.119.174.15 - - [28/Feb/2025:12:52:12 +0100] "POST /entry.php?id=10621 HTTP/1.1" 200 3837 "http://hausegger.activities.at/entry.php?id=10621" "Mozilla/5.0 (Windows NT 10.0; Win64; x64; rv:135.0) Gecko/20100101 Firefox/135.0"
77.119.174.15 - - [28/Feb/2025:12:52:12 +0100] "GET /gui/javascript/form_form.js?1740743532 HTTP/1.1" 200 16206 "http://hausegger.activities.at/entry.php?id=10621" "Mozilla/5.0 (Windows NT 10.0; Win64; x64; rv:135.0) Gecko/20100101 Firefox/135.0"
77.119.174.15 - - [28/Feb/2025:12:52:14 +0100] "GET /entry.php?id=11047&object=10307556 HTTP/1.1" 200 1792 "http://hausegger.activities.at/entry.php?id=10621" "Mozilla/5.0 (Windows NT 10.0; Win64; x64; rv:135.0) Gecko/20100101 Firefox/135.0"
77.119.174.15 - - [28/Feb/2025:12:52:14 +0100] "GET /gui/javascript/form_form.js?1740743534 HTTP/1.1" 200 16206 "http://hausegger.activities.at/entry.php?id=11047&object=10307556" "Mozilla/5.0 (Windows NT 10.0; Win64; x64; rv:135.0) Gecko/20100101 Firefox/135.0"
77.119.174.15 - - [28/Feb/2025:12:52:14 +0100] "GET /entry.php?id=11048&&object=10307556 HTTP/1.1" 200 2498 "http://hausegger.activities.at/entry.php?id=11047&object=10307556" "Mozilla/5.0 (Windows NT 10.0; Win64; x64; rv:135.0) Gecko/20100101 Firefox/135.0"
77.119.174.15 - - [28/Feb/2025:12:53:05 +0100] "GET /entry.php?id=10271&&ser=743525 HTTP/1.1" 200 987 "http://hausegger.activities.at/entry.php?id=10271&&ser=743464" "Mozilla/5.0 (Windows NT 10.0; Win64; x64; rv:135.0) Gecko/20100101 Firefox/135.0"
77.119.174.15 - - [28/Feb/2025:12:53:05 +0100] "GET /gui/javascript/form_form.js?1740743585 HTTP/1.1" 200 16206 "http://hausegger.activities.at/entry.php?id=10271&&ser=743525" "Mozilla/5.0 (Windows NT 10.0; Win64; x64; rv:135.0) Gecko/20100101 Firefox/135.0"
47.82.11.62 - - [28/Feb/2025:12:53:15 +0100] "GET /viewtopic.php?t=521&p=4023 HTTP/1.1" 404 295 "http://triadian.castlegem.co.uk/viewtopic.php?t=521&p=4023" "Mozilla/5.0 (Windows NT 10.0; Win64; x64) AppleWebKit/537.36 (KHTML, like Gecko) Chrome/114.0.0.0 Safari/537.36 Edg/114.0.1823.43"
77.119.174.15 - - [28/Feb/2025:12:54:05 +0100] "GET /entry.php?id=10271&&ser=743585 HTTP/1.1" 200 987 "http://hausegger.activities.at/entry.php?id=10271&&ser=743525" "Mozilla/5.0 (Windows NT 10.0; Win64; x64; rv:135.0) Gecko/20100101 Firefox/135.0"
77.119.174.15 - - [28/Feb/2025:12:54:05 +0100] "GET /gui/javascript/form_form.js?1740743645 HTTP/1.1" 200 16206 "http://hausegger.activities.at/entry.php?id=10271&&ser=743585" "Mozilla/5.0 (Windows NT 10.0; Win64; x64; rv:135.0) Gecko/20100101 Firefox/135.0"
77.119.174.15 - - [28/Feb/2025:12:55:05 +0100] "GET /entry.php?id=10271&&ser=743645 HTTP/1.1" 200 988 "http://hausegger.activities.at/entry.php?id=10271&&ser=743585" "Mozilla/5.0 (Windows NT 10.0; Win64; x64; rv:135.0) Gecko/20100101 Firefox/135.0"
77.119.174.15 - - [28/Feb/2025:12:55:06 +0100] "GET /gui/javascript/form_form.js?1740743706 HTTP/1.1" 200 16206 "http://hausegger.activities.at/entry.php?id=10271&&ser=743645" "Mozilla/5.0 (Windows NT 10.0; Win64; x64; rv:135.0) Gecko/20100101 Firefox/135.0"
77.119.174.15 - - [28/Feb/2025:12:56:06 +0100] "GET /entry.php?id=10271&&ser=743705 HTTP/1.1" 200 987 "http://hausegger.activities.at/entry.php?id=10271&&ser=743645" "Mozilla/5.0 (Windows NT 10.0; Win64; x64; rv:135.0) Gecko/20100101 Firefox/135.0"
77.119.174.15 - - [28/Feb/2025:12:56:06 +0100] "GET /gui/javascript/form_form.js?1740743766 HTTP/1.1" 200 16206 "http://hausegger.activities.at/entry.php?id=10271&&ser=743705" "Mozilla/5.0 (Windows NT 10.0; Win64; x64; rv:135.0) Gecko/20100101 Firefox/135.0"
77.119.174.15 - - [28/Feb/2025:12:57:06 +0100] "GET /entry.php?id=10271&&ser=743766 HTTP/1.1" 200 986 "http://hausegger.activities.at/entry.php?id=10271&&ser=743705" "Mozilla/5.0 (Windows NT 10.0; Win64; x64; rv:135.0) Gecko/20100101 Firefox/135.0"
77.119.174.15 - - [28/Feb/2025:12:57:06 +0100] "GET /gui/javascript/form_form.js?1740743826 HTTP/1.1" 200 16206 "http://hausegger.activities.at/entry.php?id=10271&&ser=743766" "Mozilla/5.0 (Windows NT 10.0; Win64; x64; rv:135.0) Gecko/20100101 Firefox/135.0"
77.119.174.15 - - [28/Feb/2025:12:57:51 +0100] "GET /entry.php?id=10828 HTTP/1.1" 200 9141 "http://hausegger.activities.at/entry.php?id=10270&__app__=10006038" "Mozilla/5.0 (Windows NT 10.0; Win64; x64; rv:135.0) Gecko/20100101 Firefox/135.0"
77.119.174.15 - - [28/Feb/2025:12:57:51 +0100] "GET /gui/javascript/form_form.js?1740743871 HTTP/1.1" 200 16206 "http://hausegger.activities.at/entry.php?id=10828" "Mozilla/5.0 (Windows NT 10.0; Win64; x64; rv:135.0) Gecko/20100101 Firefox/135.0"
77.119.174.15 - - [28/Feb/2025:12:57:51 +0100] "GET /entry.php?id=10889&document_id=& HTTP/1.1" 200 1508 "http://hausegger.activities.at/entry.php?id=10828" "Mozilla/5.0 (Windows NT 10.0; Win64; x64; rv:135.0) Gecko/20100101 Firefox/135.0"
77.119.174.15 - - [28/Feb/2025:12:58:06 +0100] "GET /entry.php?id=10271&&ser=743826 HTTP/1.1" 200 986 "http://hausegger.activities.at/entry.php?id=10271&&ser=743766" "Mozilla/5.0 (Windows NT 10.0; Win64; x64; rv:135.0) Gecko/20100101 Firefox/135.0"
77.119.174.15 - - [28/Feb/2025:12:58:06 +0100] "GET /gui/javascript/form_form.js?1740743886 HTTP/1.1" 200 16206 "http://hausegger.activities.at/entry.php?id=10271&&ser=743826" "Mozilla/5.0 (Windows NT 10.0; Win64; x64; rv:135.0) Gecko/20100101 Firefox/135.0"
77.119.174.15 - - [28/Feb/2025:12:59:07 +0100] "GET /entry.php?id=10271&&ser=743886 HTTP/1.1" 200 986 "http://hausegger.activities.at/entry.php?id=10271&&ser=743826" "Mozilla/5.0 (Windows NT 10.0; Win64; x64; rv:135.0) Gecko/20100101 Firefox/135.0"
77.119.174.15 - - [28/Feb/2025:12:59:07 +0100] "GET /gui/javascript/form_form.js?1740743947 HTTP/1.1" 200 16206 "http://hausegger.activities.at/entry.php?id=10271&&ser=743886" "Mozilla/5.0 (Windows NT 10.0; Win64; x64; rv:135.0) Gecko/20100101 Firefox/135.0"
180.149.126.4 - - [28/Feb/2025:12:59:41 +0100] "GET /stalker_portal/server/tools/auth_simple.php HTTP/1.1" 404 304 "-" "Mozilla/5.0 (Windows NT 5.1; Win64; x64) AppleWebKit/537.36 (KHTML, like Gecko) Chrome/60.0.3112.90 Safari/537.36"
77.119.174.15 - - [28/Feb/2025:13:00:07 +0100] "GET /entry.php?id=10271&&ser=743947 HTTP/1.1" 200 986 "http://hausegger.activities.at/entry.php?id=10271&&ser=743886" "Mozilla/5.0 (Windows NT 10.0; Win64; x64; rv:135.0) Gecko/20100101 Firefox/135.0"
77.119.174.15 - - [28/Feb/2025:13:00:07 +0100] "GET /gui/javascript/form_form.js?1740744007 HTTP/1.1" 200 16206 "http://hausegger.activities.at/entry.php?id=10271&&ser=743947" "Mozilla/5.0 (Windows NT 10.0; Win64; x64; rv:135.0) Gecko/20100101 Firefox/135.0"
77.119.174.15 - - [28/Feb/2025:13:01:07 +0100] "GET /entry.php?id=10271&&ser=744007 HTTP/1.1" 200 986 "http://hausegger.activities.at/entry.php?id=10271&&ser=743947" "Mozilla/5.0 (Windows NT 10.0; Win64; x64; rv:135.0) Gecko/20100101 Firefox/135.0"
77.119.174.15 - - [28/Feb/2025:13:01:07 +0100] "GET /gui/javascript/form_form.js?1740744067 HTTP/1.1" 200 16206 "http://hausegger.activities.at/entry.php?id=10271&&ser=744007" "Mozilla/5.0 (Windows NT 10.0; Win64; x64; rv:135.0) Gecko/20100101 Firefox/135.0"
47.82.11.151 - - [28/Feb/2025:13:02:02 +0100] "GET /viewtopic.php?t=328&p=3986 HTTP/1.1" 404 295 "http://triadian.castlegem.co.uk/viewtopic.php?t=328&p=3986" "Mozilla/5.0 (Windows NT 10.0; Win64; x64) AppleWebKit/537.36 (KHTML, like Gecko) Chrome/114.0.0.0 Safari/537.36 Edg/114.0.1823.43"
77.119.174.15 - - [28/Feb/2025:13:02:08 +0100] "GET /entry.php?id=10271&&ser=744067 HTTP/1.1" 200 986 "http://hausegger.activities.at/entry.php?id=10271&&ser=744007" "Mozilla/5.0 (Windows NT 10.0; Win64; x64; rv:135.0) Gecko/20100101 Firefox/135.0"
77.119.174.15 - - [28/Feb/2025:13:02:08 +0100] "GET /gui/javascript/form_form.js?1740744128 HTTP/1.1" 200 16206 "http://hausegger.activities.at/entry.php?id=10271&&ser=744067" "Mozilla/5.0 (Windows NT 10.0; Win64; x64; rv:135.0) Gecko/20100101 Firefox/135.0"
77.119.174.15 - - [28/Feb/2025:13:03:08 +0100] "GET /entry.php?id=10271&&ser=744128 HTTP/1.1" 200 986 "http://hausegger.activities.at/entry.php?id=10271&&ser=744067" "Mozilla/5.0 (Windows NT 10.0; Win64; x64; rv:135.0) Gecko/20100101 Firefox/135.0"
77.119.174.15 - - [28/Feb/2025:13:03:08 +0100] "GET /gui/javascript/form_form.js?1740744188 HTTP/1.1" 200 16206 "http://hausegger.activities.at/entry.php?id=10271&&ser=744128" "Mozilla/5.0 (Windows NT 10.0; Win64; x64; rv:135.0) Gecko/20100101 Firefox/135.0"
47.79.98.4 - - [28/Feb/2025:13:03:25 +0100] "GET /viewtopic.php?t=328&p=4040 HTTP/1.1" 404 295 "http://triadian.castlegem.co.uk/viewtopic.php?t=328&p=4040" "Mozilla/5.0 (Windows NT 10.0; Win64; x64) AppleWebKit/537.36 (KHTML, like Gecko) Chrome/114.0.0.0 Safari/537.36 Edg/114.0.1823.43"
77.119.174.15 - - [28/Feb/2025:13:04:11 +0100] "GET /entry.php?id=10271&&ser=744188 HTTP/1.1" 200 986 "http://hausegger.activities.at/entry.php?id=10271&&ser=744128" "Mozilla/5.0 (Windows NT 10.0; Win64; x64; rv:135.0) Gecko/20100101 Firefox/135.0"
77.119.174.15 - - [28/Feb/2025:13:04:11 +0100] "GET /gui/javascript/form_form.js?1740744251 HTTP/1.1" 200 16206 "http://hausegger.activities.at/entry.php?id=10271&&ser=744188" "Mozilla/5.0 (Windows NT 10.0; Win64; x64; rv:135.0) Gecko/20100101 Firefox/135.0"
47.82.11.178 - - [28/Feb/2025:13:04:17 +0100] "GET /viewtopic.php?t=328&p=3981 HTTP/1.1" 404 295 "http://triadian.castlegem.co.uk/viewtopic.php?t=328&p=3981" "Mozilla/5.0 (Windows NT 10.0; Win64; x64) AppleWebKit/537.36 (KHTML, like Gecko) Chrome/114.0.0.0 Safari/537.36 Edg/114.0.1823.43"
77.119.174.15 - - [28/Feb/2025:13:05:11 +0100] "GET /entry.php?id=10271&&ser=744251 HTTP/1.1" 200 986 "http://hausegger.activities.at/entry.php?id=10271&&ser=744188" "Mozilla/5.0 (Windows NT 10.0; Win64; x64; rv:135.0) Gecko/20100101 Firefox/135.0"
77.119.174.15 - - [28/Feb/2025:13:05:11 +0100] "GET /gui/javascript/form_form.js?1740744311 HTTP/1.1" 200 16206 "http://hausegger.activities.at/entry.php?id=10271&&ser=744251" "Mozilla/5.0 (Windows NT 10.0; Win64; x64; rv:135.0) Gecko/20100101 Firefox/135.0"
193.68.89.51 - - [28/Feb/2025:13:06:06 +0100] "GET / HTTP/1.1" 200 274 "-" "Mozilla/5.0 (Windows NT 10.0; Win64; x64) AppleWebKit/537.36 (KHTML, like Gecko) Chrome/90.0.4430.85 Safari/537.36 Edg/90.0.818.46"
77.119.174.15 - - [28/Feb/2025:13:06:11 +0100] "GET /entry.php?id=10271&&ser=744311 HTTP/1.1" 200 986 "http://hausegger.activities.at/entry.php?id=10271&&ser=744251" "Mozilla/5.0 (Windows NT 10.0; Win64; x64; rv:135.0) Gecko/20100101 Firefox/135.0"
77.119.174.15 - - [28/Feb/2025:13:06:11 +0100] "GET /gui/javascript/form_form.js?1740744371 HTTP/1.1" 200 16206 "http://hausegger.activities.at/entry.php?id=10271&&ser=744311" "Mozilla/5.0 (Windows NT 10.0; Win64; x64; rv:135.0) Gecko/20100101 Firefox/135.0"
77.119.174.15 - - [28/Feb/2025:13:07:11 +0100] "GET /entry.php?id=10271&&ser=744371 HTTP/1.1" 200 986 "http://hausegger.activities.at/entry.php?id=10271&&ser=744311" "Mozilla/5.0 (Windows NT 10.0; Win64; x64; rv:135.0) Gecko/20100101 Firefox/135.0"
77.119.174.15 - - [28/Feb/2025:13:07:12 +0100] "GET /gui/javascript/form_form.js?1740744432 HTTP/1.1" 200 16206 "http://hausegger.activities.at/entry.php?id=10271&&ser=744371" "Mozilla/5.0 (Windows NT 10.0; Win64; x64; rv:135.0) Gecko/20100101 Firefox/135.0"
47.82.10.29 - - [28/Feb/2025:13:07:22 +0100] "GET /viewtopic.php?t=328&p=4019 HTTP/1.1" 404 295 "http://triadian.castlegem.co.uk/viewtopic.php?t=328&p=4019" "Mozilla/5.0 (Windows NT 10.0; Win64; x64) AppleWebKit/537.36 (KHTML, like Gecko) Chrome/114.0.0.0 Safari/537.36 Edg/114.0.1823.43"
77.119.174.15 - - [28/Feb/2025:13:08:12 +0100] "GET /entry.php?id=10271&&ser=744432 HTTP/1.1" 200 986 "http://hausegger.activities.at/entry.php?id=10271&&ser=744371" "Mozilla/5.0 (Windows NT 10.0; Win64; x64; rv:135.0) Gecko/20100101 Firefox/135.0"
77.119.174.15 - - [28/Feb/2025:13:08:12 +0100] "GET /gui/javascript/form_form.js?1740744492 HTTP/1.1" 200 16206 "http://hausegger.activities.at/entry.php?id=10271&&ser=744432" "Mozilla/5.0 (Windows NT 10.0; Win64; x64; rv:135.0) Gecko/20100101 Firefox/135.0"
77.119.174.15 - - [28/Feb/2025:13:09:13 +0100] "GET /entry.php?id=10271&&ser=744492 HTTP/1.1" 200 987 "http://hausegger.activities.at/entry.php?id=10271&&ser=744432" "Mozilla/5.0 (Windows NT 10.0; Win64; x64; rv:135.0) Gecko/20100101 Firefox/135.0"
77.119.174.15 - - [28/Feb/2025:13:09:13 +0100] "GET /gui/javascript/form_form.js?1740744553 HTTP/1.1" 200 16206 "http://hausegger.activities.at/entry.php?id=10271&&ser=744492" "Mozilla/5.0 (Windows NT 10.0; Win64; x64; rv:135.0) Gecko/20100101 Firefox/135.0"
77.119.174.15 - - [28/Feb/2025:13:10:13 +0100] "GET /entry.php?id=10271&&ser=744553 HTTP/1.1" 200 986 "http://hausegger.activities.at/entry.php?id=10271&&ser=744492" "Mozilla/5.0 (Windows NT 10.0; Win64; x64; rv:135.0) Gecko/20100101 Firefox/135.0"
77.119.174.15 - - [28/Feb/2025:13:10:13 +0100] "GET /gui/javascript/form_form.js?1740744613 HTTP/1.1" 200 16206 "http://hausegger.activities.at/entry.php?id=10271&&ser=744553" "Mozilla/5.0 (Windows NT 10.0; Win64; x64; rv:135.0) Gecko/20100101 Firefox/135.0"
77.119.174.15 - - [28/Feb/2025:13:11:13 +0100] "GET /entry.php?id=10271&&ser=744613 HTTP/1.1" 200 986 "http://hausegger.activities.at/entry.php?id=10271&&ser=744553" "Mozilla/5.0 (Windows NT 10.0; Win64; x64; rv:135.0) Gecko/20100101 Firefox/135.0"
77.119.174.15 - - [28/Feb/2025:13:11:13 +0100] "GET /gui/javascript/form_form.js?1740744673 HTTP/1.1" 200 16206 "http://hausegger.activities.at/entry.php?id=10271&&ser=744613" "Mozilla/5.0 (Windows NT 10.0; Win64; x64; rv:135.0) Gecko/20100101 Firefox/135.0"
77.119.174.15 - - [28/Feb/2025:13:12:14 +0100] "GET /entry.php?id=10271&&ser=744673 HTTP/1.1" 200 985 "http://hausegger.activities.at/entry.php?id=10271&&ser=744613" "Mozilla/5.0 (Windows NT 10.0; Win64; x64; rv:135.0) Gecko/20100101 Firefox/135.0"
77.119.174.15 - - [28/Feb/2025:13:12:14 +0100] "GET /gui/javascript/form_form.js?1740744734 HTTP/1.1" 200 16206 "http://hausegger.activities.at/entry.php?id=10271&&ser=744673" "Mozilla/5.0 (Windows NT 10.0; Win64; x64; rv:135.0) Gecko/20100101 Firefox/135.0"
77.119.174.15 - - [28/Feb/2025:13:13:14 +0100] "GET /entry.php?id=10271&&ser=744734 HTTP/1.1" 200 986 "http://hausegger.activities.at/entry.php?id=10271&&ser=744673" "Mozilla/5.0 (Windows NT 10.0; Win64; x64; rv:135.0) Gecko/20100101 Firefox/135.0"
77.119.174.15 - - [28/Feb/2025:13:13:14 +0100] "GET /gui/javascript/form_form.js?1740744794 HTTP/1.1" 200 16206 "http://hausegger.activities.at/entry.php?id=10271&&ser=744734" "Mozilla/5.0 (Windows NT 10.0; Win64; x64; rv:135.0) Gecko/20100101 Firefox/135.0"
80.82.77.202 - - [28/Feb/2025:13:13:15 +0100] "\x16\x03\x02\x01o\x01" 400 383 "-" "-"
77.119.174.15 - - [28/Feb/2025:13:14:14 +0100] "GET /entry.php?id=10271&&ser=744794 HTTP/1.1" 200 986 "http://hausegger.activities.at/entry.php?id=10271&&ser=744734" "Mozilla/5.0 (Windows NT 10.0; Win64; x64; rv:135.0) Gecko/20100101 Firefox/135.0"
77.119.174.15 - - [28/Feb/2025:13:14:14 +0100] "GET /gui/javascript/form_form.js?1740744854 HTTP/1.1" 200 16206 "http://hausegger.activities.at/entry.php?id=10271&&ser=744794" "Mozilla/5.0 (Windows NT 10.0; Win64; x64; rv:135.0) Gecko/20100101 Firefox/135.0"
77.119.174.15 - - [28/Feb/2025:13:15:14 +0100] "GET /entry.php?id=10271&&ser=744854 HTTP/1.1" 200 986 "http://hausegger.activities.at/entry.php?id=10271&&ser=744794" "Mozilla/5.0 (Windows NT 10.0; Win64; x64; rv:135.0) Gecko/20100101 Firefox/135.0"
77.119.174.15 - - [28/Feb/2025:13:15:15 +0100] "GET /gui/javascript/form_form.js?1740744914 HTTP/1.1" 200 16206 "http://hausegger.activities.at/entry.php?id=10271&&ser=744854" "Mozilla/5.0 (Windows NT 10.0; Win64; x64; rv:135.0) Gecko/20100101 Firefox/135.0"
77.119.174.15 - - [28/Feb/2025:13:16:15 +0100] "GET /entry.php?id=10271&&ser=744914 HTTP/1.1" 200 986 "http://hausegger.activities.at/entry.php?id=10271&&ser=744854" "Mozilla/5.0 (Windows NT 10.0; Win64; x64; rv:135.0) Gecko/20100101 Firefox/135.0"
77.119.174.15 - - [28/Feb/2025:13:16:15 +0100] "GET /gui/javascript/form_form.js?1740744975 HTTP/1.1" 200 16206 "http://hausegger.activities.at/entry.php?id=10271&&ser=744914" "Mozilla/5.0 (Windows NT 10.0; Win64; x64; rv:135.0) Gecko/20100101 Firefox/135.0"
77.119.174.15 - - [28/Feb/2025:13:17:15 +0100] "GET /entry.php?id=10271&&ser=744975 HTTP/1.1" 200 988 "http://hausegger.activities.at/entry.php?id=10271&&ser=744914" "Mozilla/5.0 (Windows NT 10.0; Win64; x64; rv:135.0) Gecko/20100101 Firefox/135.0"
77.119.174.15 - - [28/Feb/2025:13:17:15 +0100] "GET /gui/javascript/form_form.js?1740745035 HTTP/1.1" 200 16206 "http://hausegger.activities.at/entry.php?id=10271&&ser=744975" "Mozilla/5.0 (Windows NT 10.0; Win64; x64; rv:135.0) Gecko/20100101 Firefox/135.0"
77.119.174.15 - - [28/Feb/2025:13:18:15 +0100] "GET /entry.php?id=10271&&ser=745035 HTTP/1.1" 200 988 "http://hausegger.activities.at/entry.php?id=10271&&ser=744975" "Mozilla/5.0 (Windows NT 10.0; Win64; x64; rv:135.0) Gecko/20100101 Firefox/135.0"
77.119.174.15 - - [28/Feb/2025:13:18:15 +0100] "GET /gui/javascript/form_form.js?1740745095 HTTP/1.1" 200 16206 "http://hausegger.activities.at/entry.php?id=10271&&ser=745035" "Mozilla/5.0 (Windows NT 10.0; Win64; x64; rv:135.0) Gecko/20100101 Firefox/135.0"
77.119.174.15 - - [28/Feb/2025:13:19:16 +0100] "GET /entry.php?id=10271&&ser=745095 HTTP/1.1" 200 988 "http://hausegger.activities.at/entry.php?id=10271&&ser=745035" "Mozilla/5.0 (Windows NT 10.0; Win64; x64; rv:135.0) Gecko/20100101 Firefox/135.0"
77.119.174.15 - - [28/Feb/2025:13:19:16 +0100] "GET /gui/javascript/form_form.js?1740745156 HTTP/1.1" 200 16206 "http://hausegger.activities.at/entry.php?id=10271&&ser=745095" "Mozilla/5.0 (Windows NT 10.0; Win64; x64; rv:135.0) Gecko/20100101 Firefox/135.0"
47.82.11.190 - - [28/Feb/2025:13:20:14 +0100] "GET /ucp.php?mode=delete_cookies& HTTP/1.1" 404 290 "http://triadian.castlegem.co.uk/ucp.php?mode=delete_cookies&" "Mozilla/5.0 (Windows NT 10.0; Win64; x64) AppleWebKit/537.36 (KHTML, like Gecko) Chrome/114.0.0.0 Safari/537.36 Edg/114.0.1823.43"
77.119.174.15 - - [28/Feb/2025:13:20:16 +0100] "GET /entry.php?id=10271&&ser=745156 HTTP/1.1" 200 987 "http://hausegger.activities.at/entry.php?id=10271&&ser=745095" "Mozilla/5.0 (Windows NT 10.0; Win64; x64; rv:135.0) Gecko/20100101 Firefox/135.0"
77.119.174.15 - - [28/Feb/2025:13:20:16 +0100] "GET /gui/javascript/form_form.js?1740745216 HTTP/1.1" 200 16206 "http://hausegger.activities.at/entry.php?id=10271&&ser=745156" "Mozilla/5.0 (Windows NT 10.0; Win64; x64; rv:135.0) Gecko/20100101 Firefox/135.0"
77.119.174.15 - - [28/Feb/2025:13:21:16 +0100] "GET /entry.php?id=10271&&ser=745216 HTTP/1.1" 200 987 "http://hausegger.activities.at/entry.php?id=10271&&ser=745156" "Mozilla/5.0 (Windows NT 10.0; Win64; x64; rv:135.0) Gecko/20100101 Firefox/135.0"
77.119.174.15 - - [28/Feb/2025:13:21:16 +0100] "GET /gui/javascript/form_form.js?1740745276 HTTP/1.1" 200 16206 "http://hausegger.activities.at/entry.php?id=10271&&ser=745216" "Mozilla/5.0 (Windows NT 10.0; Win64; x64; rv:135.0) Gecko/20100101 Firefox/135.0"
77.119.174.15 - - [28/Feb/2025:13:22:16 +0100] "GET /entry.php?id=10271&&ser=745276 HTTP/1.1" 200 987 "http://hausegger.activities.at/entry.php?id=10271&&ser=745216" "Mozilla/5.0 (Windows NT 10.0; Win64; x64; rv:135.0) Gecko/20100101 Firefox/135.0"
77.119.174.15 - - [28/Feb/2025:13:22:17 +0100] "GET /gui/javascript/form_form.js?1740745336 HTTP/1.1" 200 16206 "http://hausegger.activities.at/entry.php?id=10271&&ser=745276" "Mozilla/5.0 (Windows NT 10.0; Win64; x64; rv:135.0) Gecko/20100101 Firefox/135.0"
47.82.11.178 - - [28/Feb/2025:13:22:38 +0100] "GET /viewtopic.php?t=521&p=4026 HTTP/1.1" 404 295 "http://triadian.castlegem.co.uk/viewtopic.php?t=521&p=4026" "Mozilla/5.0 (Windows NT 10.0; Win64; x64) AppleWebKit/537.36 (KHTML, like Gecko) Chrome/114.0.0.0 Safari/537.36 Edg/114.0.1823.43"
77.119.174.15 - - [28/Feb/2025:13:23:17 +0100] "GET /entry.php?id=10271&&ser=745336 HTTP/1.1" 200 987 "http://hausegger.activities.at/entry.php?id=10271&&ser=745276" "Mozilla/5.0 (Windows NT 10.0; Win64; x64; rv:135.0) Gecko/20100101 Firefox/135.0"
77.119.174.15 - - [28/Feb/2025:13:23:17 +0100] "GET /gui/javascript/form_form.js?1740745397 HTTP/1.1" 200 16206 "http://hausegger.activities.at/entry.php?id=10271&&ser=745336" "Mozilla/5.0 (Windows NT 10.0; Win64; x64; rv:135.0) Gecko/20100101 Firefox/135.0"
77.119.174.15 - - [28/Feb/2025:13:24:17 +0100] "GET /entry.php?id=10271&&ser=745397 HTTP/1.1" 200 988 "http://hausegger.activities.at/entry.php?id=10271&&ser=745336" "Mozilla/5.0 (Windows NT 10.0; Win64; x64; rv:135.0) Gecko/20100101 Firefox/135.0"
77.119.174.15 - - [28/Feb/2025:13:24:17 +0100] "GET /gui/javascript/form_form.js?1740745457 HTTP/1.1" 200 16206 "http://hausegger.activities.at/entry.php?id=10271&&ser=745397" "Mozilla/5.0 (Windows NT 10.0; Win64; x64; rv:135.0) Gecko/20100101 Firefox/135.0"
77.119.174.15 - - [28/Feb/2025:13:25:17 +0100] "GET /entry.php?id=10271&&ser=745457 HTTP/1.1" 200 988 "http://hausegger.activities.at/entry.php?id=10271&&ser=745397" "Mozilla/5.0 (Windows NT 10.0; Win64; x64; rv:135.0) Gecko/20100101 Firefox/135.0"
77.119.174.15 - - [28/Feb/2025:13:25:17 +0100] "GET /gui/javascript/form_form.js?1740745517 HTTP/1.1" 200 16206 "http://hausegger.activities.at/entry.php?id=10271&&ser=745457" "Mozilla/5.0 (Windows NT 10.0; Win64; x64; rv:135.0) Gecko/20100101 Firefox/135.0"
77.119.174.15 - - [28/Feb/2025:13:26:18 +0100] "GET /entry.php?id=10271&&ser=745517 HTTP/1.1" 200 988 "http://hausegger.activities.at/entry.php?id=10271&&ser=745457" "Mozilla/5.0 (Windows NT 10.0; Win64; x64; rv:135.0) Gecko/20100101 Firefox/135.0"
77.119.174.15 - - [28/Feb/2025:13:26:18 +0100] "GET /gui/javascript/form_form.js?1740745578 HTTP/1.1" 200 16206 "http://hausegger.activities.at/entry.php?id=10271&&ser=745517" "Mozilla/5.0 (Windows NT 10.0; Win64; x64; rv:135.0) Gecko/20100101 Firefox/135.0"
77.119.174.15 - - [28/Feb/2025:13:27:18 +0100] "GET /entry.php?id=10271&&ser=745578 HTTP/1.1" 200 987 "http://hausegger.activities.at/entry.php?id=10271&&ser=745517" "Mozilla/5.0 (Windows NT 10.0; Win64; x64; rv:135.0) Gecko/20100101 Firefox/135.0"
77.119.174.15 - - [28/Feb/2025:13:27:18 +0100] "GET /gui/javascript/form_form.js?1740745638 HTTP/1.1" 200 16206 "http://hausegger.activities.at/entry.php?id=10271&&ser=745578" "Mozilla/5.0 (Windows NT 10.0; Win64; x64; rv:135.0) Gecko/20100101 Firefox/135.0"
77.119.174.15 - - [28/Feb/2025:13:28:18 +0100] "GET /entry.php?id=10271&&ser=745638 HTTP/1.1" 200 986 "http://hausegger.activities.at/entry.php?id=10271&&ser=745578" "Mozilla/5.0 (Windows NT 10.0; Win64; x64; rv:135.0) Gecko/20100101 Firefox/135.0"
77.119.174.15 - - [28/Feb/2025:13:28:18 +0100] "GET /gui/javascript/form_form.js?1740745698 HTTP/1.1" 200 16206 "http://hausegger.activities.at/entry.php?id=10271&&ser=745638" "Mozilla/5.0 (Windows NT 10.0; Win64; x64; rv:135.0) Gecko/20100101 Firefox/135.0"
77.119.174.15 - - [28/Feb/2025:13:29:18 +0100] "GET /entry.php?id=10271&&ser=745698 HTTP/1.1" 200 988 "http://hausegger.activities.at/entry.php?id=10271&&ser=745638" "Mozilla/5.0 (Windows NT 10.0; Win64; x64; rv:135.0) Gecko/20100101 Firefox/135.0"
77.119.174.15 - - [28/Feb/2025:13:29:19 +0100] "GET /gui/javascript/form_form.js?1740745759 HTTP/1.1" 200 16206 "http://hausegger.activities.at/entry.php?id=10271&&ser=745698" "Mozilla/5.0 (Windows NT 10.0; Win64; x64; rv:135.0) Gecko/20100101 Firefox/135.0"
47.82.11.224 - - [28/Feb/2025:13:29:36 +0100] "GET /viewtopic.php?t=521&p=4025 HTTP/1.1" 404 295 "http://triadian.castlegem.co.uk/viewtopic.php?t=521&p=4025" "Mozilla/5.0 (Windows NT 10.0; Win64; x64) AppleWebKit/537.36 (KHTML, like Gecko) Chrome/114.0.0.0 Safari/537.36 Edg/114.0.1823.43"
47.82.11.151 - - [28/Feb/2025:13:30:07 +0100] "GET /viewtopic.php?t=328&p=3982 HTTP/1.1" 404 295 "http://triadian.castlegem.co.uk/viewtopic.php?t=328&p=3982" "Mozilla/5.0 (Windows NT 10.0; Win64; x64) AppleWebKit/537.36 (KHTML, like Gecko) Chrome/114.0.0.0 Safari/537.36 Edg/114.0.1823.43"
77.119.174.15 - - [28/Feb/2025:13:30:19 +0100] "GET /entry.php?id=10271&&ser=745759 HTTP/1.1" 200 986 "http://hausegger.activities.at/entry.php?id=10271&&ser=745698" "Mozilla/5.0 (Windows NT 10.0; Win64; x64; rv:135.0) Gecko/20100101 Firefox/135.0"
77.119.174.15 - - [28/Feb/2025:13:30:19 +0100] "GET /gui/javascript/form_form.js?1740745819 HTTP/1.1" 200 16206 "http://hausegger.activities.at/entry.php?id=10271&&ser=745759" "Mozilla/5.0 (Windows NT 10.0; Win64; x64; rv:135.0) Gecko/20100101 Firefox/135.0"
77.119.174.15 - - [28/Feb/2025:13:31:19 +0100] "GET /entry.php?id=10271&&ser=745819 HTTP/1.1" 200 987 "http://hausegger.activities.at/entry.php?id=10271&&ser=745759" "Mozilla/5.0 (Windows NT 10.0; Win64; x64; rv:135.0) Gecko/20100101 Firefox/135.0"
77.119.174.15 - - [28/Feb/2025:13:31:19 +0100] "GET /gui/javascript/form_form.js?1740745879 HTTP/1.1" 200 16206 "http://hausegger.activities.at/entry.php?id=10271&&ser=745819" "Mozilla/5.0 (Windows NT 10.0; Win64; x64; rv:135.0) Gecko/20100101 Firefox/135.0"
47.82.11.140 - - [28/Feb/2025:13:32:15 +0100] "GET /viewtopic.php?t=328&p=3984 HTTP/1.1" 404 295 "http://triadian.castlegem.co.uk/viewtopic.php?t=328&p=3984" "Mozilla/5.0 (Windows NT 10.0; Win64; x64) AppleWebKit/537.36 (KHTML, like Gecko) Chrome/114.0.0.0 Safari/537.36 Edg/114.0.1823.43"
77.119.174.15 - - [28/Feb/2025:13:32:19 +0100] "GET /entry.php?id=10271&&ser=745879 HTTP/1.1" 200 987 "http://hausegger.activities.at/entry.php?id=10271&&ser=745819" "Mozilla/5.0 (Windows NT 10.0; Win64; x64; rv:135.0) Gecko/20100101 Firefox/135.0"
77.119.174.15 - - [28/Feb/2025:13:32:20 +0100] "GET /gui/javascript/form_form.js?1740745939 HTTP/1.1" 200 16206 "http://hausegger.activities.at/entry.php?id=10271&&ser=745879" "Mozilla/5.0 (Windows NT 10.0; Win64; x64; rv:135.0) Gecko/20100101 Firefox/135.0"
77.119.174.15 - - [28/Feb/2025:13:33:20 +0100] "GET /entry.php?id=10271&&ser=745939 HTTP/1.1" 200 987 "http://hausegger.activities.at/entry.php?id=10271&&ser=745879" "Mozilla/5.0 (Windows NT 10.0; Win64; x64; rv:135.0) Gecko/20100101 Firefox/135.0"
77.119.174.15 - - [28/Feb/2025:13:33:20 +0100] "GET /gui/javascript/form_form.js?1740746000 HTTP/1.1" 200 16206 "http://hausegger.activities.at/entry.php?id=10271&&ser=745939" "Mozilla/5.0 (Windows NT 10.0; Win64; x64; rv:135.0) Gecko/20100101 Firefox/135.0"
77.119.174.15 - - [28/Feb/2025:13:33:29 +0100] "POST /entry.php?id=10828 HTTP/1.1" 200 9332 "http://hausegger.activities.at/entry.php?id=10828" "Mozilla/5.0 (Windows NT 10.0; Win64; x64; rv:135.0) Gecko/20100101 Firefox/135.0"
77.119.174.15 - - [28/Feb/2025:13:33:29 +0100] "GET /gui/javascript/form_form.js?1740746009 HTTP/1.1" 200 16206 "http://hausegger.activities.at/entry.php?id=10828" "Mozilla/5.0 (Windows NT 10.0; Win64; x64; rv:135.0) Gecko/20100101 Firefox/135.0"
77.119.174.15 - - [28/Feb/2025:13:33:29 +0100] "GET /entry.php?id=10889&document_id=& HTTP/1.1" 200 1509 "http://hausegger.activities.at/entry.php?id=10828" "Mozilla/5.0 (Windows NT 10.0; Win64; x64; rv:135.0) Gecko/20100101 Firefox/135.0"
77.119.174.15 - - [28/Feb/2025:13:33:30 +0100] "GET /gui/javascript/form_form.js?1740746010 HTTP/1.1" 200 16206 "http://hausegger.activities.at/entry.php?id=10889&document_id=&" "Mozilla/5.0 (Windows NT 10.0; Win64; x64; rv:135.0) Gecko/20100101 Firefox/135.0"
47.79.3.216 - - [28/Feb/2025:13:33:31 +0100] "GET /viewtopic.php?t=481&p=4033 HTTP/1.1" 404 295 "http://triadian.castlegem.co.uk/viewtopic.php?t=481&p=4033" "Mozilla/5.0 (Windows NT 10.0; Win64; x64) AppleWebKit/537.36 (KHTML, like Gecko) Chrome/114.0.0.0 Safari/537.36 Edg/114.0.1823.43"
77.119.174.15 - - [28/Feb/2025:13:33:32 +0100] "GET /entry.php?id=10877&mode=loadSearchCustomer&obj=number&tag=debitor&value=f&ser=1740740517033 HTTP/1.1" 200 325 "http://hausegger.activities.at/entry.php?id=10828" "Mozilla/5.0 (Windows NT 10.0; Win64; x64; rv:135.0) Gecko/20100101 Firefox/135.0"
77.119.174.15 - - [28/Feb/2025:13:33:33 +0100] "GET /entry.php?id=10877&mode=loadSearchCustomer&obj=number&tag=debitor&value=f.&ser=1740740517456 HTTP/1.1" 200 175 "http://hausegger.activities.at/entry.php?id=10828" "Mozilla/5.0 (Windows NT 10.0; Win64; x64; rv:135.0) Gecko/20100101 Firefox/135.0"
77.119.174.15 - - [28/Feb/2025:13:33:34 +0100] "POST /entry.php?id=10889 HTTP/1.1" 200 1760 "http://hausegger.activities.at/entry.php?id=10889&document_id=&" "Mozilla/5.0 (Windows NT 10.0; Win64; x64; rv:135.0) Gecko/20100101 Firefox/135.0"
77.119.174.15 - - [28/Feb/2025:13:33:34 +0100] "GET /gui/javascript/form_form.js?1740746014 HTTP/1.1" 200 16206 "http://hausegger.activities.at/entry.php?id=10889" "Mozilla/5.0 (Windows NT 10.0; Win64; x64; rv:135.0) Gecko/20100101 Firefox/135.0"
77.119.174.15 - - [28/Feb/2025:13:33:42 +0100] "POST /entry.php?id=10828 HTTP/1.1" 200 8731 "http://hausegger.activities.at/entry.php?id=10828" "Mozilla/5.0 (Windows NT 10.0; Win64; x64; rv:135.0) Gecko/20100101 Firefox/135.0"
77.119.174.15 - - [28/Feb/2025:13:33:43 +0100] "GET /gui/javascript/form_form.js?1740746023 HTTP/1.1" 200 16206 "http://hausegger.activities.at/entry.php?id=10828" "Mozilla/5.0 (Windows NT 10.0; Win64; x64; rv:135.0) Gecko/20100101 Firefox/135.0"
77.119.174.15 - - [28/Feb/2025:13:33:43 +0100] "GET /entry.php?id=10889&document_id=10347951& HTTP/1.1" 200 1509 "http://hausegger.activities.at/entry.php?id=10828" "Mozilla/5.0 (Windows NT 10.0; Win64; x64; rv:135.0) Gecko/20100101 Firefox/135.0"
77.119.174.15 - - [28/Feb/2025:13:33:44 +0100] "POST /entry.php?id=10828 HTTP/1.1" 200 4989 "http://hausegger.activities.at/entry.php?id=10828" "Mozilla/5.0 (Windows NT 10.0; Win64; x64; rv:135.0) Gecko/20100101 Firefox/135.0"
77.119.174.15 - - [28/Feb/2025:13:33:44 +0100] "GET /gui/javascript/form_form.js?1740746024 HTTP/1.1" 200 16206 "http://hausegger.activities.at/entry.php?id=10828" "Mozilla/5.0 (Windows NT 10.0; Win64; x64; rv:135.0) Gecko/20100101 Firefox/135.0"
77.119.174.15 - - [28/Feb/2025:13:33:44 +0100] "GET /entry.php?id=10889&document_id=10347951& HTTP/1.1" 200 1509 "http://hausegger.activities.at/entry.php?id=10828" "Mozilla/5.0 (Windows NT 10.0; Win64; x64; rv:135.0) Gecko/20100101 Firefox/135.0"
77.119.174.15 - - [28/Feb/2025:13:33:48 +0100] "POST /entry.php?id=10828 HTTP/1.1" 200 5015 "http://hausegger.activities.at/entry.php?id=10828" "Mozilla/5.0 (Windows NT 10.0; Win64; x64; rv:135.0) Gecko/20100101 Firefox/135.0"
77.119.174.15 - - [28/Feb/2025:13:33:49 +0100] "GET /gui/javascript/form_form.js?1740746028 HTTP/1.1" 200 16206 "http://hausegger.activities.at/entry.php?id=10828" "Mozilla/5.0 (Windows NT 10.0; Win64; x64; rv:135.0) Gecko/20100101 Firefox/135.0"
77.119.174.15 - - [28/Feb/2025:13:33:49 +0100] "GET /entry.php?id=10889&document_id=10347951& HTTP/1.1" 200 1509 "http://hausegger.activities.at/entry.php?id=10828" "Mozilla/5.0 (Windows NT 10.0; Win64; x64; rv:135.0) Gecko/20100101 Firefox/135.0"
77.119.174.15 - - [28/Feb/2025:13:33:49 +0100] "GET /gui/javascript/form_form.js?1740746029 HTTP/1.1" 200 16206 "http://hausegger.activities.at/entry.php?id=10889&document_id=10347951&" "Mozilla/5.0 (Windows NT 10.0; Win64; x64; rv:135.0) Gecko/20100101 Firefox/135.0"
77.119.174.15 - - [28/Feb/2025:13:33:49 +0100] "POST /entry.php?id=10828 HTTP/1.1" 200 4791 "http://hausegger.activities.at/entry.php?id=10828" "Mozilla/5.0 (Windows NT 10.0; Win64; x64; rv:135.0) Gecko/20100101 Firefox/135.0"
77.119.174.15 - - [28/Feb/2025:13:33:50 +0100] "GET /entry.php?id=10830&&object=10347951&account=&mode=documentdebitor HTTP/1.1" 200 3133 "http://hausegger.activities.at/entry.php?id=10828" "Mozilla/5.0 (Windows NT 10.0; Win64; x64; rv:135.0) Gecko/20100101 Firefox/135.0"
77.119.174.15 - - [28/Feb/2025:13:33:50 +0100] "GET /gui/javascript/form_form.js?1740746030 HTTP/1.1" 200 16206 "http://hausegger.activities.at/entry.php?id=10830&&object=10347951&account=&mode=documentdebitor" "Mozilla/5.0 (Windows NT 10.0; Win64; x64; rv:135.0) Gecko/20100101 Firefox/135.0"
77.119.174.15 - - [28/Feb/2025:13:33:50 +0100] "GET /entry.php?id=10889&document_id=10347951& HTTP/1.1" 200 1509 "http://hausegger.activities.at/entry.php?id=10828" "Mozilla/5.0 (Windows NT 10.0; Win64; x64; rv:135.0) Gecko/20100101 Firefox/135.0"
77.119.174.15 - - [28/Feb/2025:13:33:50 +0100] "GET /framework/icons/rowselect.gif HTTP/1.1" 200 67 "http://hausegger.activities.at/entry.php?id=10830&&object=10347951&account=&mode=documentdebitor" "Mozilla/5.0 (Windows NT 10.0; Win64; x64; rv:135.0) Gecko/20100101 Firefox/135.0"
77.119.174.15 - - [28/Feb/2025:13:33:50 +0100] "POST /entry.php?id=10889 HTTP/1.1" 200 1581 "http://hausegger.activities.at/entry.php?id=10889&document_id=10347951&" "Mozilla/5.0 (Windows NT 10.0; Win64; x64; rv:135.0) Gecko/20100101 Firefox/135.0"
77.119.174.15 - - [28/Feb/2025:13:33:51 +0100] "GET /entry.php?id=10877&mode=loadSearchArticle&obj=article_1&tag=debit&refobject=10347951&value=1&ser=1740740535625 HTTP/1.1" 200 38922 "http://hausegger.activities.at/entry.php?id=10830&&object=10347951&account=&mode=documentdebitor" "Mozilla/5.0 (Windows NT 10.0; Win64; x64; rv:135.0) Gecko/20100101 Firefox/135.0"
77.119.174.15 - - [28/Feb/2025:13:33:51 +0100] "GET /entry.php?id=10877&mode=loadSearchArticle&obj=article_1&tag=debit&refobject=10347951&value=160&ser=1740740535904 HTTP/1.1" 200 1863 "http://hausegger.activities.at/entry.php?id=10830&&object=10347951&account=&mode=documentdebitor" "Mozilla/5.0 (Windows NT 10.0; Win64; x64; rv:135.0) Gecko/20100101 Firefox/135.0"
77.119.174.15 - - [28/Feb/2025:13:33:51 +0100] "GET /entry.php?id=10877&mode=loadSearchArticle&obj=article_1&tag=debit&refobject=10347951&value=160&ser=1740740535968 HTTP/1.1" 200 1863 "http://hausegger.activities.at/entry.php?id=10830&&object=10347951&account=&mode=documentdebitor" "Mozilla/5.0 (Windows NT 10.0; Win64; x64; rv:135.0) Gecko/20100101 Firefox/135.0"
77.119.174.15 - - [28/Feb/2025:13:33:52 +0100] "GET /entry.php?id=10877&mode=loadSearchArticle&obj=article_1&tag=debit&refobject=10347951&value=1601&ser=1740740536489 HTTP/1.1" 200 1401 "http://hausegger.activities.at/entry.php?id=10830&&object=10347951&account=&mode=documentdebitor" "Mozilla/5.0 (Windows NT 10.0; Win64; x64; rv:135.0) Gecko/20100101 Firefox/135.0"
77.119.174.15 - - [28/Feb/2025:13:33:52 +0100] "GET /entry.php?id=10877&mode=loadSearchArticle&obj=article_1&tag=debit&refobject=10347951&value=160160&ser=1740740536785 HTTP/1.1" 200 1289 "http://hausegger.activities.at/entry.php?id=10830&&object=10347951&account=&mode=documentdebitor" "Mozilla/5.0 (Windows NT 10.0; Win64; x64; rv:135.0) Gecko/20100101 Firefox/135.0"
77.119.174.15 - - [28/Feb/2025:13:33:52 +0100] "GET /entry.php?id=10877&mode=loadSearchArticle&obj=article_1&tag=debit&refobject=10347951&value=160160&ser=1740740536891 HTTP/1.1" 200 1289 "http://hausegger.activities.at/entry.php?id=10830&&object=10347951&account=&mode=documentdebitor" "Mozilla/5.0 (Windows NT 10.0; Win64; x64; rv:135.0) Gecko/20100101 Firefox/135.0"
77.119.174.15 - - [28/Feb/2025:13:34:20 +0100] "GET /entry.php?id=10271&&ser=746000 HTTP/1.1" 200 987 "http://hausegger.activities.at/entry.php?id=10271&&ser=745939" "Mozilla/5.0 (Windows NT 10.0; Win64; x64; rv:135.0) Gecko/20100101 Firefox/135.0"
77.119.174.15 - - [28/Feb/2025:13:34:20 +0100] "GET /gui/javascript/form_form.js?1740746060 HTTP/1.1" 200 16206 "http://hausegger.activities.at/entry.php?id=10271&&ser=746000" "Mozilla/5.0 (Windows NT 10.0; Win64; x64; rv:135.0) Gecko/20100101 Firefox/135.0"
77.119.174.15 - - [28/Feb/2025:13:34:25 +0100] "GET /entry.php?id=10877&mode=loadSearchArticle&obj=article_1&tag=debit&refobject=10347951&value=1601601&ser=1740740569856 HTTP/1.1" 200 801 "http://hausegger.activities.at/entry.php?id=10830&&object=10347951&account=&mode=documentdebitor" "Mozilla/5.0 (Windows NT 10.0; Win64; x64; rv:135.0) Gecko/20100101 Firefox/135.0"
77.119.174.15 - - [28/Feb/2025:13:34:25 +0100] "GET /entry.php?id=10877&mode=loadSearchArticle&obj=article_1&tag=debit&refobject=10347951&value=16016010&ser=1740740570016 HTTP/1.1" 200 401 "http://hausegger.activities.at/entry.php?id=10830&&object=10347951&account=&mode=documentdebitor" "Mozilla/5.0 (Windows NT 10.0; Win64; x64; rv:135.0) Gecko/20100101 Firefox/135.0"
77.119.174.15 - - [28/Feb/2025:13:34:25 +0100] "GET /entry.php?id=10877&mode=loadSearchArticle&obj=article_1&tag=debit&refobject=10347951&value=160160106&ser=1740740570176 HTTP/1.1" 200 273 "http://hausegger.activities.at/entry.php?id=10830&&object=10347951&account=&mode=documentdebitor" "Mozilla/5.0 (Windows NT 10.0; Win64; x64; rv:135.0) Gecko/20100101 Firefox/135.0"
77.119.174.15 - - [28/Feb/2025:13:34:27 +0100] "POST /entry.php?id=10889 HTTP/1.1" 200 1923 "http://hausegger.activities.at/entry.php?id=10889" "Mozilla/5.0 (Windows NT 10.0; Win64; x64; rv:135.0) Gecko/20100101 Firefox/135.0"
77.119.174.15 - - [28/Feb/2025:13:34:27 +0100] "GET /gui/javascript/form_form.js?1740746067 HTTP/1.1" 200 16206 "http://hausegger.activities.at/entry.php?id=10889" "Mozilla/5.0 (Windows NT 10.0; Win64; x64; rv:135.0) Gecko/20100101 Firefox/135.0"
77.119.174.15 - - [28/Feb/2025:13:34:27 +0100] "POST /entry.php?id=10889 HTTP/1.1" 200 1681 "http://hausegger.activities.at/entry.php?id=10889" "Mozilla/5.0 (Windows NT 10.0; Win64; x64; rv:135.0) Gecko/20100101 Firefox/135.0"
77.119.174.15 - - [28/Feb/2025:13:34:28 +0100] "GET /gui/javascript/form_form.js?1740746068 HTTP/1.1" 200 16206 "http://hausegger.activities.at/entry.php?id=10889" "Mozilla/5.0 (Windows NT 10.0; Win64; x64; rv:135.0) Gecko/20100101 Firefox/135.0"
77.119.174.15 - - [28/Feb/2025:13:34:29 +0100] "GET /entry.php?id=11270&document=10347951 HTTP/1.1" 200 1975 "http://hausegger.activities.at/entry.php?id=10828" "Mozilla/5.0 (Windows NT 10.0; Win64; x64; rv:135.0) Gecko/20100101 Firefox/135.0"
77.119.174.15 - - [28/Feb/2025:13:34:29 +0100] "GET /gui/javascript/form_bu_document.js?1740746069 HTTP/1.1" 200 2675 "http://hausegger.activities.at/entry.php?id=11270&document=10347951" "Mozilla/5.0 (Windows NT 10.0; Win64; x64; rv:135.0) Gecko/20100101 Firefox/135.0"
