77.119.174.15 - - [28/Feb/2025:11:42:29 +0100] "GET /entry.php?id=10271&&ser=739289 HTTP/1.1" 200 987 "http://hausegger.activities.at/entry.php?id=10271&&ser=739228" "Mozilla/5.0 (Windows NT 10.0; Win64; x64; rv:135.0) Gecko/20100101 Firefox/135.0"
77.119.174.15 - - [28/Feb/2025:11:42:29 +0100] "GET /gui/javascript/form_form.js?1740739349 HTTP/1.1" 200 16206 "http://hausegger.activities.at/entry.php?id=10271&&ser=739289" "Mozilla/5.0 (Windows NT 10.0; Win64; x64; rv:135.0) Gecko/20100101 Firefox/135.0"
77.119.174.15 - - [28/Feb/2025:11:43:29 +0100] "GET /entry.php?id=10271&&ser=739349 HTTP/1.1" 200 987 "http://hausegger.activities.at/entry.php?id=10271&&ser=739289" "Mozilla/5.0 (Windows NT 10.0; Win64; x64; rv:135.0) Gecko/20100101 Firefox/135.0"
77.119.174.15 - - [28/Feb/2025:11:43:29 +0100] "GET /gui/javascript/form_form.js?1740739409 HTTP/1.1" 200 16206 "http://hausegger.activities.at/entry.php?id=10271&&ser=739349" "Mozilla/5.0 (Windows NT 10.0; Win64; x64; rv:135.0) Gecko/20100101 Firefox/135.0"
47.79.3.70 - - [28/Feb/2025:11:43:54 +0100] "GET /viewtopic.php?t=401&p=4048 HTTP/1.1" 404 295 "http://triadian.castlegem.co.uk/viewtopic.php?t=401&p=4048" "Mozilla/5.0 (Windows NT 10.0; Win64; x64) AppleWebKit/537.36 (KHTML, like Gecko) Chrome/114.0.0.0 Safari/537.36 Edg/114.0.1823.43"
77.119.174.15 - - [28/Feb/2025:11:44:30 +0100] "GET /entry.php?id=10271&&ser=739409 HTTP/1.1" 200 987 "http://hausegger.activities.at/entry.php?id=10271&&ser=739349" "Mozilla/5.0 (Windows NT 10.0; Win64; x64; rv:135.0) Gecko/20100101 Firefox/135.0"
77.119.174.15 - - [28/Feb/2025:11:44:30 +0100] "GET /gui/javascript/form_form.js?1740739470 HTTP/1.1" 200 16206 "http://hausegger.activities.at/entry.php?id=10271&&ser=739409" "Mozilla/5.0 (Windows NT 10.0; Win64; x64; rv:135.0) Gecko/20100101 Firefox/135.0"
47.82.11.63 - - [28/Feb/2025:11:44:30 +0100] "GET /ucp.php?mode=terms&sid=8d4cbcd8990df6dd9ce51a173a313566 HTTP/1.1" 404 290 "http://triadian.castlegem.co.uk/ucp.php?mode=terms&sid=8d4cbcd8990df6dd9ce51a173a313566" "Mozilla/5.0 (Windows NT 10.0; Win64; x64) AppleWebKit/537.36 (KHTML, like Gecko) Chrome/114.0.0.0 Safari/537.36 Edg/114.0.1823.43"
77.119.174.15 - - [28/Feb/2025:11:45:30 +0100] "GET /entry.php?id=10271&&ser=739470 HTTP/1.1" 200 987 "http://hausegger.activities.at/entry.php?id=10271&&ser=739409" "Mozilla/5.0 (Windows NT 10.0; Win64; x64; rv:135.0) Gecko/20100101 Firefox/135.0"
77.119.174.15 - - [28/Feb/2025:11:45:30 +0100] "GET /gui/javascript/form_form.js?1740739530 HTTP/1.1" 200 16206 "http://hausegger.activities.at/entry.php?id=10271&&ser=739470" "Mozilla/5.0 (Windows NT 10.0; Win64; x64; rv:135.0) Gecko/20100101 Firefox/135.0"
47.82.11.218 - - [28/Feb/2025:11:45:33 +0100] "GET /viewtopic.php?t=165&p=4045 HTTP/1.1" 404 295 "http://triadian.castlegem.co.uk/viewtopic.php?t=165&p=4045" "Mozilla/5.0 (Windows NT 10.0; Win64; x64) AppleWebKit/537.36 (KHTML, like Gecko) Chrome/114.0.0.0 Safari/537.36 Edg/114.0.1823.43"
47.79.1.97 - - [28/Feb/2025:11:46:14 +0100] "GET /gallery/index.php HTTP/1.1" 404 298 "http://triadian.castlegem.co.uk/gallery/index.php" "Mozilla/5.0 (Windows NT 10.0; Win64; x64) AppleWebKit/537.36 (KHTML, like Gecko) Chrome/114.0.0.0 Safari/537.36 Edg/114.0.1823.43"
77.119.174.15 - - [28/Feb/2025:11:46:30 +0100] "GET /entry.php?id=10271&&ser=739530 HTTP/1.1" 200 987 "http://hausegger.activities.at/entry.php?id=10271&&ser=739470" "Mozilla/5.0 (Windows NT 10.0; Win64; x64; rv:135.0) Gecko/20100101 Firefox/135.0"
77.119.174.15 - - [28/Feb/2025:11:46:30 +0100] "GET /gui/javascript/form_form.js?1740739590 HTTP/1.1" 200 16206 "http://hausegger.activities.at/entry.php?id=10271&&ser=739530" "Mozilla/5.0 (Windows NT 10.0; Win64; x64; rv:135.0) Gecko/20100101 Firefox/135.0"
47.79.5.247 - - [28/Feb/2025:11:47:00 +0100] "GET /viewtopic.php?t=519&p=3893 HTTP/1.1" 404 295 "http://triadian.castlegem.co.uk/viewtopic.php?t=519&p=3893" "Mozilla/5.0 (Windows NT 10.0; Win64; x64) AppleWebKit/537.36 (KHTML, like Gecko) Chrome/114.0.0.0 Safari/537.36 Edg/114.0.1823.43"
77.119.174.15 - - [28/Feb/2025:11:47:31 +0100] "GET /entry.php?id=10271&&ser=739590 HTTP/1.1" 200 987 "http://hausegger.activities.at/entry.php?id=10271&&ser=739530" "Mozilla/5.0 (Windows NT 10.0; Win64; x64; rv:135.0) Gecko/20100101 Firefox/135.0"
77.119.174.15 - - [28/Feb/2025:11:47:31 +0100] "GET /gui/javascript/form_form.js?1740739651 HTTP/1.1" 200 16206 "http://hausegger.activities.at/entry.php?id=10271&&ser=739590" "Mozilla/5.0 (Windows NT 10.0; Win64; x64; rv:135.0) Gecko/20100101 Firefox/135.0"
47.82.10.106 - - [28/Feb/2025:11:47:39 +0100] "GET /viewtopic.php?t=165&p=4054 HTTP/1.1" 404 295 "http://triadian.castlegem.co.uk/viewtopic.php?t=165&p=4054" "Mozilla/5.0 (Windows NT 10.0; Win64; x64) AppleWebKit/537.36 (KHTML, like Gecko) Chrome/114.0.0.0 Safari/537.36 Edg/114.0.1823.43"
47.82.11.78 - - [28/Feb/2025:11:47:55 +0100] "GET /viewtopic.php?t=511&p=3868 HTTP/1.1" 404 295 "http://triadian.castlegem.co.uk/viewtopic.php?t=511&p=3868" "Mozilla/5.0 (Windows NT 10.0; Win64; x64) AppleWebKit/537.36 (KHTML, like Gecko) Chrome/114.0.0.0 Safari/537.36 Edg/114.0.1823.43"
77.119.174.15 - - [28/Feb/2025:11:48:31 +0100] "GET /entry.php?id=10271&&ser=739651 HTTP/1.1" 200 987 "http://hausegger.activities.at/entry.php?id=10271&&ser=739590" "Mozilla/5.0 (Windows NT 10.0; Win64; x64; rv:135.0) Gecko/20100101 Firefox/135.0"
77.119.174.15 - - [28/Feb/2025:11:48:31 +0100] "GET /gui/javascript/form_form.js?1740739711 HTTP/1.1" 200 16206 "http://hausegger.activities.at/entry.php?id=10271&&ser=739651" "Mozilla/5.0 (Windows NT 10.0; Win64; x64; rv:135.0) Gecko/20100101 Firefox/135.0"
47.82.10.29 - - [28/Feb/2025:11:48:43 +0100] "GET /viewtopic.php?t=165&p=4052 HTTP/1.1" 404 295 "http://triadian.castlegem.co.uk/viewtopic.php?t=165&p=4052" "Mozilla/5.0 (Windows NT 10.0; Win64; x64) AppleWebKit/537.36 (KHTML, like Gecko) Chrome/114.0.0.0 Safari/537.36 Edg/114.0.1823.43"
77.119.174.15 - - [28/Feb/2025:11:49:31 +0100] "GET /entry.php?id=10271&&ser=739711 HTTP/1.1" 200 987 "http://hausegger.activities.at/entry.php?id=10271&&ser=739651" "Mozilla/5.0 (Windows NT 10.0; Win64; x64; rv:135.0) Gecko/20100101 Firefox/135.0"
77.119.174.15 - - [28/Feb/2025:11:49:31 +0100] "GET /gui/javascript/form_form.js?1740739771 HTTP/1.1" 200 16206 "http://hausegger.activities.at/entry.php?id=10271&&ser=739711" "Mozilla/5.0 (Windows NT 10.0; Win64; x64; rv:135.0) Gecko/20100101 Firefox/135.0"
77.119.174.15 - - [28/Feb/2025:11:50:31 +0100] "GET /entry.php?id=10271&&ser=739771 HTTP/1.1" 200 987 "http://hausegger.activities.at/entry.php?id=10271&&ser=739711" "Mozilla/5.0 (Windows NT 10.0; Win64; x64; rv:135.0) Gecko/20100101 Firefox/135.0"
77.119.174.15 - - [28/Feb/2025:11:50:32 +0100] "GET /gui/javascript/form_form.js?1740739832 HTTP/1.1" 200 16206 "http://hausegger.activities.at/entry.php?id=10271&&ser=739771" "Mozilla/5.0 (Windows NT 10.0; Win64; x64; rv:135.0) Gecko/20100101 Firefox/135.0"
47.79.120.246 - - [28/Feb/2025:11:50:42 +0100] "GET /viewtopic.php?t=505&p=3803 HTTP/1.1" 404 295 "http://triadian.castlegem.co.uk/viewtopic.php?t=505&p=3803" "Mozilla/5.0 (Windows NT 10.0; Win64; x64) AppleWebKit/537.36 (KHTML, like Gecko) Chrome/114.0.0.0 Safari/537.36 Edg/114.0.1823.43"
77.119.174.15 - - [28/Feb/2025:11:51:32 +0100] "GET /entry.php?id=10271&&ser=739832 HTTP/1.1" 200 987 "http://hausegger.activities.at/entry.php?id=10271&&ser=739771" "Mozilla/5.0 (Windows NT 10.0; Win64; x64; rv:135.0) Gecko/20100101 Firefox/135.0"
77.119.174.15 - - [28/Feb/2025:11:51:32 +0100] "GET /gui/javascript/form_form.js?1740739892 HTTP/1.1" 200 16206 "http://hausegger.activities.at/entry.php?id=10271&&ser=739832" "Mozilla/5.0 (Windows NT 10.0; Win64; x64; rv:135.0) Gecko/20100101 Firefox/135.0"
47.79.123.250 - - [28/Feb/2025:11:52:14 +0100] "GET /ucp.php?mode=resend_act HTTP/1.1" 404 290 "http://triadian.castlegem.co.uk/ucp.php?mode=resend_act" "Mozilla/5.0 (Windows NT 10.0; Win64; x64) AppleWebKit/537.36 (KHTML, like Gecko) Chrome/114.0.0.0 Safari/537.36 Edg/114.0.1823.43"
77.119.174.15 - - [28/Feb/2025:11:52:32 +0100] "GET /entry.php?id=10271&&ser=739892 HTTP/1.1" 200 987 "http://hausegger.activities.at/entry.php?id=10271&&ser=739832" "Mozilla/5.0 (Windows NT 10.0; Win64; x64; rv:135.0) Gecko/20100101 Firefox/135.0"
77.119.174.15 - - [28/Feb/2025:11:52:32 +0100] "GET /gui/javascript/form_form.js?1740739952 HTTP/1.1" 200 16206 "http://hausegger.activities.at/entry.php?id=10271&&ser=739892" "Mozilla/5.0 (Windows NT 10.0; Win64; x64; rv:135.0) Gecko/20100101 Firefox/135.0"
77.119.174.15 - - [28/Feb/2025:11:53:32 +0100] "GET /entry.php?id=10271&&ser=739952 HTTP/1.1" 200 986 "http://hausegger.activities.at/entry.php?id=10271&&ser=739892" "Mozilla/5.0 (Windows NT 10.0; Win64; x64; rv:135.0) Gecko/20100101 Firefox/135.0"
77.119.174.15 - - [28/Feb/2025:11:53:33 +0100] "GET /gui/javascript/form_form.js?1740740012 HTTP/1.1" 200 16206 "http://hausegger.activities.at/entry.php?id=10271&&ser=739952" "Mozilla/5.0 (Windows NT 10.0; Win64; x64; rv:135.0) Gecko/20100101 Firefox/135.0"
47.82.0.163 - - [28/Feb/2025:11:53:36 +0100] "GET /viewtopic.php?t=165&p=4038 HTTP/1.1" 404 295 "http://triadian.castlegem.co.uk/viewtopic.php?t=165&p=4038" "Mozilla/5.0 (Windows NT 10.0; Win64; x64) AppleWebKit/537.36 (KHTML, like Gecko) Chrome/114.0.0.0 Safari/537.36 Edg/114.0.1823.43"
47.79.1.97 - - [28/Feb/2025:11:54:25 +0100] "GET /ucp.php?i=pm&folder=inbox&sid=8d4cbcd8990df6dd9ce51a173a313566 HTTP/1.1" 404 290 "http://triadian.castlegem.co.uk/ucp.php?i=pm&folder=inbox&sid=8d4cbcd8990df6dd9ce51a173a313566" "Mozilla/5.0 (Windows NT 10.0; Win64; x64) AppleWebKit/537.36 (KHTML, like Gecko) Chrome/114.0.0.0 Safari/537.36 Edg/114.0.1823.43"
77.119.174.15 - - [28/Feb/2025:11:54:33 +0100] "GET /entry.php?id=10271&&ser=740012 HTTP/1.1" 200 986 "http://hausegger.activities.at/entry.php?id=10271&&ser=739952" "Mozilla/5.0 (Windows NT 10.0; Win64; x64; rv:135.0) Gecko/20100101 Firefox/135.0"
77.119.174.15 - - [28/Feb/2025:11:54:33 +0100] "GET /gui/javascript/form_form.js?1740740073 HTTP/1.1" 200 16206 "http://hausegger.activities.at/entry.php?id=10271&&ser=740012" "Mozilla/5.0 (Windows NT 10.0; Win64; x64; rv:135.0) Gecko/20100101 Firefox/135.0"
47.82.10.101 - - [28/Feb/2025:11:55:18 +0100] "GET /ucp.php?mode=delete_cookies&sid=8d4cbcd8990df6dd9ce51a173a313566 HTTP/1.1" 404 290 "http://triadian.castlegem.co.uk/ucp.php?mode=delete_cookies&sid=8d4cbcd8990df6dd9ce51a173a313566" "Mozilla/5.0 (Windows NT 10.0; Win64; x64) AppleWebKit/537.36 (KHTML, like Gecko) Chrome/114.0.0.0 Safari/537.36 Edg/114.0.1823.43"
77.119.174.15 - - [28/Feb/2025:11:55:33 +0100] "GET /entry.php?id=10271&&ser=740073 HTTP/1.1" 200 986 "http://hausegger.activities.at/entry.php?id=10271&&ser=740012" "Mozilla/5.0 (Windows NT 10.0; Win64; x64; rv:135.0) Gecko/20100101 Firefox/135.0"
77.119.174.15 - - [28/Feb/2025:11:55:33 +0100] "GET /gui/javascript/form_form.js?1740740133 HTTP/1.1" 200 16206 "http://hausegger.activities.at/entry.php?id=10271&&ser=740073" "Mozilla/5.0 (Windows NT 10.0; Win64; x64; rv:135.0) Gecko/20100101 Firefox/135.0"
47.79.123.24 - - [28/Feb/2025:11:56:19 +0100] "GET /ucp.php?mode=resend_act&sid=8d4cbcd8990df6dd9ce51a173a313566 HTTP/1.1" 404 290 "http://triadian.castlegem.co.uk/ucp.php?mode=resend_act&sid=8d4cbcd8990df6dd9ce51a173a313566" "Mozilla/5.0 (Windows NT 10.0; Win64; x64) AppleWebKit/537.36 (KHTML, like Gecko) Chrome/114.0.0.0 Safari/537.36 Edg/114.0.1823.43"
77.119.174.15 - - [28/Feb/2025:11:56:33 +0100] "GET /entry.php?id=10271&&ser=740133 HTTP/1.1" 200 986 "http://hausegger.activities.at/entry.php?id=10271&&ser=740073" "Mozilla/5.0 (Windows NT 10.0; Win64; x64; rv:135.0) Gecko/20100101 Firefox/135.0"
77.119.174.15 - - [28/Feb/2025:11:56:33 +0100] "GET /gui/javascript/form_form.js?1740740193 HTTP/1.1" 200 16206 "http://hausegger.activities.at/entry.php?id=10271&&ser=740133" "Mozilla/5.0 (Windows NT 10.0; Win64; x64; rv:135.0) Gecko/20100101 Firefox/135.0"
77.119.174.15 - - [28/Feb/2025:11:57:34 +0100] "GET /entry.php?id=10271&&ser=740193 HTTP/1.1" 200 986 "http://hausegger.activities.at/entry.php?id=10271&&ser=740133" "Mozilla/5.0 (Windows NT 10.0; Win64; x64; rv:135.0) Gecko/20100101 Firefox/135.0"
77.119.174.15 - - [28/Feb/2025:11:57:34 +0100] "GET /gui/javascript/form_form.js?1740740254 HTTP/1.1" 200 16206 "http://hausegger.activities.at/entry.php?id=10271&&ser=740193" "Mozilla/5.0 (Windows NT 10.0; Win64; x64; rv:135.0) Gecko/20100101 Firefox/135.0"
77.119.174.15 - - [28/Feb/2025:11:58:34 +0100] "GET /entry.php?id=10271&&ser=740254 HTTP/1.1" 200 986 "http://hausegger.activities.at/entry.php?id=10271&&ser=740193" "Mozilla/5.0 (Windows NT 10.0; Win64; x64; rv:135.0) Gecko/20100101 Firefox/135.0"
77.119.174.15 - - [28/Feb/2025:11:58:34 +0100] "GET /gui/javascript/form_form.js?1740740314 HTTP/1.1" 200 16206 "http://hausegger.activities.at/entry.php?id=10271&&ser=740254" "Mozilla/5.0 (Windows NT 10.0; Win64; x64; rv:135.0) Gecko/20100101 Firefox/135.0"
77.119.174.15 - - [28/Feb/2025:11:59:34 +0100] "GET /entry.php?id=10271&&ser=740314 HTTP/1.1" 200 986 "http://hausegger.activities.at/entry.php?id=10271&&ser=740254" "Mozilla/5.0 (Windows NT 10.0; Win64; x64; rv:135.0) Gecko/20100101 Firefox/135.0"
77.119.174.15 - - [28/Feb/2025:11:59:34 +0100] "GET /gui/javascript/form_form.js?1740740374 HTTP/1.1" 200 16206 "http://hausegger.activities.at/entry.php?id=10271&&ser=740314" "Mozilla/5.0 (Windows NT 10.0; Win64; x64; rv:135.0) Gecko/20100101 Firefox/135.0"
77.119.174.15 - - [28/Feb/2025:12:00:34 +0100] "GET /entry.php?id=10271&&ser=740374 HTTP/1.1" 200 986 "http://hausegger.activities.at/entry.php?id=10271&&ser=740314" "Mozilla/5.0 (Windows NT 10.0; Win64; x64; rv:135.0) Gecko/20100101 Firefox/135.0"
77.119.174.15 - - [28/Feb/2025:12:00:35 +0100] "GET /gui/javascript/form_form.js?1740740435 HTTP/1.1" 200 16206 "http://hausegger.activities.at/entry.php?id=10271&&ser=740374" "Mozilla/5.0 (Windows NT 10.0; Win64; x64; rv:135.0) Gecko/20100101 Firefox/135.0"
77.119.174.15 - - [28/Feb/2025:12:01:35 +0100] "GET /entry.php?id=10271&&ser=740435 HTTP/1.1" 200 986 "http://hausegger.activities.at/entry.php?id=10271&&ser=740374" "Mozilla/5.0 (Windows NT 10.0; Win64; x64; rv:135.0) Gecko/20100101 Firefox/135.0"
77.119.174.15 - - [28/Feb/2025:12:01:35 +0100] "GET /gui/javascript/form_form.js?1740740495 HTTP/1.1" 200 16206 "http://hausegger.activities.at/entry.php?id=10271&&ser=740435" "Mozilla/5.0 (Windows NT 10.0; Win64; x64; rv:135.0) Gecko/20100101 Firefox/135.0"
77.119.174.15 - - [28/Feb/2025:12:02:35 +0100] "GET /entry.php?id=10271&&ser=740495 HTTP/1.1" 200 987 "http://hausegger.activities.at/entry.php?id=10271&&ser=740435" "Mozilla/5.0 (Windows NT 10.0; Win64; x64; rv:135.0) Gecko/20100101 Firefox/135.0"
77.119.174.15 - - [28/Feb/2025:12:02:35 +0100] "GET /gui/javascript/form_form.js?1740740555 HTTP/1.1" 200 16206 "http://hausegger.activities.at/entry.php?id=10271&&ser=740495" "Mozilla/5.0 (Windows NT 10.0; Win64; x64; rv:135.0) Gecko/20100101 Firefox/135.0"
77.119.174.15 - - [28/Feb/2025:12:03:35 +0100] "GET /entry.php?id=10271&&ser=740555 HTTP/1.1" 200 986 "http://hausegger.activities.at/entry.php?id=10271&&ser=740495" "Mozilla/5.0 (Windows NT 10.0; Win64; x64; rv:135.0) Gecko/20100101 Firefox/135.0"
77.119.174.15 - - [28/Feb/2025:12:03:36 +0100] "GET /gui/javascript/form_form.js?1740740615 HTTP/1.1" 200 16206 "http://hausegger.activities.at/entry.php?id=10271&&ser=740555" "Mozilla/5.0 (Windows NT 10.0; Win64; x64; rv:135.0) Gecko/20100101 Firefox/135.0"
156.59.198.135 - - [28/Feb/2025:12:04:04 +0100] "GET /renault.activities.at/htdocs/export/pdf/emuc_document/10949200.pdf HTTP/1.0" 404 322 "-" "Mozilla/5.0 (Linux; Android 5.0) AppleWebKit/537.36 (KHTML, like Gecko) Mobile Safari/537.36 (compatible; Bytespider; spider-feedback@bytedance.com)"
77.119.174.15 - - [28/Feb/2025:12:04:36 +0100] "GET /entry.php?id=10271&&ser=740615 HTTP/1.1" 200 986 "http://hausegger.activities.at/entry.php?id=10271&&ser=740555" "Mozilla/5.0 (Windows NT 10.0; Win64; x64; rv:135.0) Gecko/20100101 Firefox/135.0"
77.119.174.15 - - [28/Feb/2025:12:04:36 +0100] "GET /gui/javascript/form_form.js?1740740676 HTTP/1.1" 200 16206 "http://hausegger.activities.at/entry.php?id=10271&&ser=740615" "Mozilla/5.0 (Windows NT 10.0; Win64; x64; rv:135.0) Gecko/20100101 Firefox/135.0"
77.119.174.15 - - [28/Feb/2025:12:05:36 +0100] "GET /entry.php?id=10271&&ser=740676 HTTP/1.1" 200 986 "http://hausegger.activities.at/entry.php?id=10271&&ser=740615" "Mozilla/5.0 (Windows NT 10.0; Win64; x64; rv:135.0) Gecko/20100101 Firefox/135.0"
77.119.174.15 - - [28/Feb/2025:12:05:36 +0100] "GET /gui/javascript/form_form.js?1740740736 HTTP/1.1" 200 16206 "http://hausegger.activities.at/entry.php?id=10271&&ser=740676" "Mozilla/5.0 (Windows NT 10.0; Win64; x64; rv:135.0) Gecko/20100101 Firefox/135.0"
178.128.95.222 - - [28/Feb/2025:12:06:31 +0100] "GET /aaa9 HTTP/1.1" 404 280 "-" "Mozilla/5.0 zgrab/0.x"
77.119.174.15 - - [28/Feb/2025:12:06:36 +0100] "GET /entry.php?id=10271&&ser=740736 HTTP/1.1" 200 986 "http://hausegger.activities.at/entry.php?id=10271&&ser=740676" "Mozilla/5.0 (Windows NT 10.0; Win64; x64; rv:135.0) Gecko/20100101 Firefox/135.0"
77.119.174.15 - - [28/Feb/2025:12:06:36 +0100] "GET /gui/javascript/form_form.js?1740740796 HTTP/1.1" 200 16206 "http://hausegger.activities.at/entry.php?id=10271&&ser=740736" "Mozilla/5.0 (Windows NT 10.0; Win64; x64; rv:135.0) Gecko/20100101 Firefox/135.0"
47.82.10.104 - - [28/Feb/2025:12:06:43 +0100] "GET /viewtopic.php?t=510&p=3845 HTTP/1.1" 404 295 "http://triadian.castlegem.co.uk/viewtopic.php?t=510&p=3845" "Mozilla/5.0 (Windows NT 10.0; Win64; x64) AppleWebKit/537.36 (KHTML, like Gecko) Chrome/114.0.0.0 Safari/537.36 Edg/114.0.1823.43"
47.82.10.104 - - [28/Feb/2025:12:06:52 +0100] "GET /viewtopic.php?t=165&p=4047 HTTP/1.1" 404 295 "http://triadian.castlegem.co.uk/viewtopic.php?t=165&p=4047" "Mozilla/5.0 (Windows NT 10.0; Win64; x64) AppleWebKit/537.36 (KHTML, like Gecko) Chrome/114.0.0.0 Safari/537.36 Edg/114.0.1823.43"
178.128.95.222 - - [28/Feb/2025:12:06:53 +0100] "GET /aab8 HTTP/1.1" 404 280 "-" "Mozilla/5.0 zgrab/0.x"
178.128.95.222 - - [28/Feb/2025:12:07:10 +0100] "GET / HTTP/1.1" 200 274 "-" "Mozilla/5.0 zgrab/0.x"
77.119.174.15 - - [28/Feb/2025:12:07:37 +0100] "GET /entry.php?id=10271&&ser=740796 HTTP/1.1" 200 986 "http://hausegger.activities.at/entry.php?id=10271&&ser=740736" "Mozilla/5.0 (Windows NT 10.0; Win64; x64; rv:135.0) Gecko/20100101 Firefox/135.0"
77.119.174.15 - - [28/Feb/2025:12:07:37 +0100] "GET /gui/javascript/form_form.js?1740740857 HTTP/1.1" 200 16206 "http://hausegger.activities.at/entry.php?id=10271&&ser=740796" "Mozilla/5.0 (Windows NT 10.0; Win64; x64; rv:135.0) Gecko/20100101 Firefox/135.0"
47.79.123.143 - - [28/Feb/2025:12:07:40 +0100] "GET /viewtopic.php?t=554&p=4071 HTTP/1.1" 404 295 "http://triadian.castlegem.co.uk/viewtopic.php?t=554&p=4071" "Mozilla/5.0 (Windows NT 10.0; Win64; x64) AppleWebKit/537.36 (KHTML, like Gecko) Chrome/114.0.0.0 Safari/537.36 Edg/114.0.1823.43"
156.59.198.135 - - [28/Feb/2025:12:08:04 +0100] "GET /renault.activities.at/htdocs/export/pdf/emuc_document/10460044.pdf HTTP/1.0" 404 321 "-" "Mozilla/5.0 (Linux; Android 5.0) AppleWebKit/537.36 (KHTML, like Gecko) Mobile Safari/537.36 (compatible; Bytespider; spider-feedback@bytedance.com)"
47.79.120.224 - - [28/Feb/2025:12:08:32 +0100] "GET /viewtopic.php?t=571&p=4117 HTTP/1.1" 404 295 "http://triadian.castlegem.co.uk/viewtopic.php?t=571&p=4117" "Mozilla/5.0 (Windows NT 10.0; Win64; x64) AppleWebKit/537.36 (KHTML, like Gecko) Chrome/114.0.0.0 Safari/537.36 Edg/114.0.1823.43"
77.119.174.15 - - [28/Feb/2025:12:08:37 +0100] "GET /entry.php?id=10271&&ser=740857 HTTP/1.1" 200 986 "http://hausegger.activities.at/entry.php?id=10271&&ser=740796" "Mozilla/5.0 (Windows NT 10.0; Win64; x64; rv:135.0) Gecko/20100101 Firefox/135.0"
77.119.174.15 - - [28/Feb/2025:12:08:37 +0100] "GET /gui/javascript/form_form.js?1740740917 HTTP/1.1" 200 16206 "http://hausegger.activities.at/entry.php?id=10271&&ser=740857" "Mozilla/5.0 (Windows NT 10.0; Win64; x64; rv:135.0) Gecko/20100101 Firefox/135.0"
47.82.11.138 - - [28/Feb/2025:12:09:25 +0100] "GET /viewtopic.php?t=542&p=4027 HTTP/1.1" 404 295 "http://triadian.castlegem.co.uk/viewtopic.php?t=542&p=4027" "Mozilla/5.0 (Windows NT 10.0; Win64; x64) AppleWebKit/537.36 (KHTML, like Gecko) Chrome/114.0.0.0 Safari/537.36 Edg/114.0.1823.43"
77.119.174.15 - - [28/Feb/2025:12:09:37 +0100] "GET /entry.php?id=10271&&ser=740917 HTTP/1.1" 200 986 "http://hausegger.activities.at/entry.php?id=10271&&ser=740857" "Mozilla/5.0 (Windows NT 10.0; Win64; x64; rv:135.0) Gecko/20100101 Firefox/135.0"
77.119.174.15 - - [28/Feb/2025:12:09:37 +0100] "GET /gui/javascript/form_form.js?1740740977 HTTP/1.1" 200 16206 "http://hausegger.activities.at/entry.php?id=10271&&ser=740917" "Mozilla/5.0 (Windows NT 10.0; Win64; x64; rv:135.0) Gecko/20100101 Firefox/135.0"
77.119.174.15 - - [28/Feb/2025:12:10:37 +0100] "GET /entry.php?id=10271&&ser=740977 HTTP/1.1" 200 987 "http://hausegger.activities.at/entry.php?id=10271&&ser=740917" "Mozilla/5.0 (Windows NT 10.0; Win64; x64; rv:135.0) Gecko/20100101 Firefox/135.0"
77.119.174.15 - - [28/Feb/2025:12:10:38 +0100] "GET /gui/javascript/form_form.js?1740741037 HTTP/1.1" 200 16206 "http://hausegger.activities.at/entry.php?id=10271&&ser=740977" "Mozilla/5.0 (Windows NT 10.0; Win64; x64; rv:135.0) Gecko/20100101 Firefox/135.0"
77.119.174.15 - - [28/Feb/2025:12:11:38 +0100] "GET /entry.php?id=10271&&ser=741037 HTTP/1.1" 200 987 "http://hausegger.activities.at/entry.php?id=10271&&ser=740977" "Mozilla/5.0 (Windows NT 10.0; Win64; x64; rv:135.0) Gecko/20100101 Firefox/135.0"
77.119.174.15 - - [28/Feb/2025:12:11:38 +0100] "GET /gui/javascript/form_form.js?1740741098 HTTP/1.1" 200 16206 "http://hausegger.activities.at/entry.php?id=10271&&ser=741037" "Mozilla/5.0 (Windows NT 10.0; Win64; x64; rv:135.0) Gecko/20100101 Firefox/135.0"
156.59.198.136 - - [28/Feb/2025:12:12:04 +0100] "GET /renault.activities.at/htdocs/export/xml/data/orders/201911071703_RenOrder.xml HTTP/1.0" 404 329 "-" "Mozilla/5.0 (Linux; Android 5.0) AppleWebKit/537.36 (KHTML, like Gecko) Mobile Safari/537.36 (compatible; Bytespider; spider-feedback@bytedance.com)"
77.119.174.15 - - [28/Feb/2025:12:12:38 +0100] "GET /entry.php?id=10271&&ser=741098 HTTP/1.1" 200 987 "http://hausegger.activities.at/entry.php?id=10271&&ser=741037" "Mozilla/5.0 (Windows NT 10.0; Win64; x64; rv:135.0) Gecko/20100101 Firefox/135.0"
77.119.174.15 - - [28/Feb/2025:12:12:38 +0100] "GET /gui/javascript/form_form.js?1740741158 HTTP/1.1" 200 16206 "http://hausegger.activities.at/entry.php?id=10271&&ser=741098" "Mozilla/5.0 (Windows NT 10.0; Win64; x64; rv:135.0) Gecko/20100101 Firefox/135.0"
77.119.174.15 - - [28/Feb/2025:12:13:38 +0100] "GET /entry.php?id=10271&&ser=741158 HTTP/1.1" 200 987 "http://hausegger.activities.at/entry.php?id=10271&&ser=741098" "Mozilla/5.0 (Windows NT 10.0; Win64; x64; rv:135.0) Gecko/20100101 Firefox/135.0"
77.119.174.15 - - [28/Feb/2025:12:13:38 +0100] "GET /gui/javascript/form_form.js?1740741218 HTTP/1.1" 200 16206 "http://hausegger.activities.at/entry.php?id=10271&&ser=741158" "Mozilla/5.0 (Windows NT 10.0; Win64; x64; rv:135.0) Gecko/20100101 Firefox/135.0"
77.119.174.15 - - [28/Feb/2025:12:14:39 +0100] "GET /entry.php?id=10271&&ser=741218 HTTP/1.1" 200 987 "http://hausegger.activities.at/entry.php?id=10271&&ser=741158" "Mozilla/5.0 (Windows NT 10.0; Win64; x64; rv:135.0) Gecko/20100101 Firefox/135.0"
77.119.174.15 - - [28/Feb/2025:12:14:39 +0100] "GET /gui/javascript/form_form.js?1740741279 HTTP/1.1" 200 16206 "http://hausegger.activities.at/entry.php?id=10271&&ser=741218" "Mozilla/5.0 (Windows NT 10.0; Win64; x64; rv:135.0) Gecko/20100101 Firefox/135.0"
77.119.174.15 - - [28/Feb/2025:12:15:39 +0100] "GET /entry.php?id=10271&&ser=741279 HTTP/1.1" 200 987 "http://hausegger.activities.at/entry.php?id=10271&&ser=741218" "Mozilla/5.0 (Windows NT 10.0; Win64; x64; rv:135.0) Gecko/20100101 Firefox/135.0"
77.119.174.15 - - [28/Feb/2025:12:15:39 +0100] "GET /gui/javascript/form_form.js?1740741339 HTTP/1.1" 200 16206 "http://hausegger.activities.at/entry.php?id=10271&&ser=741279" "Mozilla/5.0 (Windows NT 10.0; Win64; x64; rv:135.0) Gecko/20100101 Firefox/135.0"
77.119.174.15 - - [28/Feb/2025:12:16:39 +0100] "GET /entry.php?id=10271&&ser=741339 HTTP/1.1" 200 987 "http://hausegger.activities.at/entry.php?id=10271&&ser=741279" "Mozilla/5.0 (Windows NT 10.0; Win64; x64; rv:135.0) Gecko/20100101 Firefox/135.0"
77.119.174.15 - - [28/Feb/2025:12:16:39 +0100] "GET /gui/javascript/form_form.js?1740741399 HTTP/1.1" 200 16206 "http://hausegger.activities.at/entry.php?id=10271&&ser=741339" "Mozilla/5.0 (Windows NT 10.0; Win64; x64; rv:135.0) Gecko/20100101 Firefox/135.0"
77.119.174.15 - - [28/Feb/2025:12:17:39 +0100] "GET /entry.php?id=10271&&ser=741399 HTTP/1.1" 200 987 "http://hausegger.activities.at/entry.php?id=10271&&ser=741339" "Mozilla/5.0 (Windows NT 10.0; Win64; x64; rv:135.0) Gecko/20100101 Firefox/135.0"
77.119.174.15 - - [28/Feb/2025:12:17:40 +0100] "GET /gui/javascript/form_form.js?1740741460 HTTP/1.1" 200 16206 "http://hausegger.activities.at/entry.php?id=10271&&ser=741399" "Mozilla/5.0 (Windows NT 10.0; Win64; x64; rv:135.0) Gecko/20100101 Firefox/135.0"
77.119.174.15 - - [28/Feb/2025:12:18:40 +0100] "GET /entry.php?id=10271&&ser=741460 HTTP/1.1" 200 987 "http://hausegger.activities.at/entry.php?id=10271&&ser=741399" "Mozilla/5.0 (Windows NT 10.0; Win64; x64; rv:135.0) Gecko/20100101 Firefox/135.0"
77.119.174.15 - - [28/Feb/2025:12:18:40 +0100] "GET /gui/javascript/form_form.js?1740741520 HTTP/1.1" 200 16206 "http://hausegger.activities.at/entry.php?id=10271&&ser=741460" "Mozilla/5.0 (Windows NT 10.0; Win64; x64; rv:135.0) Gecko/20100101 Firefox/135.0"
77.119.174.15 - - [28/Feb/2025:12:19:40 +0100] "GET /entry.php?id=10271&&ser=741520 HTTP/1.1" 200 986 "http://hausegger.activities.at/entry.php?id=10271&&ser=741460" "Mozilla/5.0 (Windows NT 10.0; Win64; x64; rv:135.0) Gecko/20100101 Firefox/135.0"
77.119.174.15 - - [28/Feb/2025:12:19:40 +0100] "GET /gui/javascript/form_form.js?1740741580 HTTP/1.1" 200 16206 "http://hausegger.activities.at/entry.php?id=10271&&ser=741520" "Mozilla/5.0 (Windows NT 10.0; Win64; x64; rv:135.0) Gecko/20100101 Firefox/135.0"
77.119.174.15 - - [28/Feb/2025:12:20:40 +0100] "GET /entry.php?id=10271&&ser=741580 HTTP/1.1" 200 987 "http://hausegger.activities.at/entry.php?id=10271&&ser=741520" "Mozilla/5.0 (Windows NT 10.0; Win64; x64; rv:135.0) Gecko/20100101 Firefox/135.0"
77.119.174.15 - - [28/Feb/2025:12:20:41 +0100] "GET /gui/javascript/form_form.js?1740741640 HTTP/1.1" 200 16206 "http://hausegger.activities.at/entry.php?id=10271&&ser=741580" "Mozilla/5.0 (Windows NT 10.0; Win64; x64; rv:135.0) Gecko/20100101 Firefox/135.0"
77.119.174.15 - - [28/Feb/2025:12:21:41 +0100] "GET /entry.php?id=10271&&ser=741640 HTTP/1.1" 200 986 "http://hausegger.activities.at/entry.php?id=10271&&ser=741580" "Mozilla/5.0 (Windows NT 10.0; Win64; x64; rv:135.0) Gecko/20100101 Firefox/135.0"
77.119.174.15 - - [28/Feb/2025:12:21:41 +0100] "GET /gui/javascript/form_form.js?1740741701 HTTP/1.1" 200 16206 "http://hausegger.activities.at/entry.php?id=10271&&ser=741640" "Mozilla/5.0 (Windows NT 10.0; Win64; x64; rv:135.0) Gecko/20100101 Firefox/135.0"
77.119.174.15 - - [28/Feb/2025:12:22:41 +0100] "GET /entry.php?id=10271&&ser=741701 HTTP/1.1" 200 987 "http://hausegger.activities.at/entry.php?id=10271&&ser=741640" "Mozilla/5.0 (Windows NT 10.0; Win64; x64; rv:135.0) Gecko/20100101 Firefox/135.0"
77.119.174.15 - - [28/Feb/2025:12:22:41 +0100] "GET /gui/javascript/form_form.js?1740741761 HTTP/1.1" 200 16206 "http://hausegger.activities.at/entry.php?id=10271&&ser=741701" "Mozilla/5.0 (Windows NT 10.0; Win64; x64; rv:135.0) Gecko/20100101 Firefox/135.0"
77.119.174.15 - - [28/Feb/2025:12:23:41 +0100] "GET /entry.php?id=10271&&ser=741761 HTTP/1.1" 200 986 "http://hausegger.activities.at/entry.php?id=10271&&ser=741701" "Mozilla/5.0 (Windows NT 10.0; Win64; x64; rv:135.0) Gecko/20100101 Firefox/135.0"
77.119.174.15 - - [28/Feb/2025:12:23:41 +0100] "GET /gui/javascript/form_form.js?1740741821 HTTP/1.1" 200 16206 "http://hausegger.activities.at/entry.php?id=10271&&ser=741761" "Mozilla/5.0 (Windows NT 10.0; Win64; x64; rv:135.0) Gecko/20100101 Firefox/135.0"
77.119.174.15 - - [28/Feb/2025:12:24:42 +0100] "GET /entry.php?id=10271&&ser=741821 HTTP/1.1" 200 986 "http://hausegger.activities.at/entry.php?id=10271&&ser=741761" "Mozilla/5.0 (Windows NT 10.0; Win64; x64; rv:135.0) Gecko/20100101 Firefox/135.0"
77.119.174.15 - - [28/Feb/2025:12:24:42 +0100] "GET /gui/javascript/form_form.js?1740741882 HTTP/1.1" 200 16206 "http://hausegger.activities.at/entry.php?id=10271&&ser=741821" "Mozilla/5.0 (Windows NT 10.0; Win64; x64; rv:135.0) Gecko/20100101 Firefox/135.0"
77.119.174.15 - - [28/Feb/2025:12:25:42 +0100] "GET /entry.php?id=10271&&ser=741882 HTTP/1.1" 200 986 "http://hausegger.activities.at/entry.php?id=10271&&ser=741821" "Mozilla/5.0 (Windows NT 10.0; Win64; x64; rv:135.0) Gecko/20100101 Firefox/135.0"
77.119.174.15 - - [28/Feb/2025:12:25:42 +0100] "GET /gui/javascript/form_form.js?1740741942 HTTP/1.1" 200 16206 "http://hausegger.activities.at/entry.php?id=10271&&ser=741882" "Mozilla/5.0 (Windows NT 10.0; Win64; x64; rv:135.0) Gecko/20100101 Firefox/135.0"
47.79.120.224 - - [28/Feb/2025:12:26:30 +0100] "GET /viewtopic.php?t=165&p=4053 HTTP/1.1" 404 295 "http://triadian.castlegem.co.uk/viewtopic.php?t=165&p=4053" "Mozilla/5.0 (Windows NT 10.0; Win64; x64) AppleWebKit/537.36 (KHTML, like Gecko) Chrome/114.0.0.0 Safari/537.36 Edg/114.0.1823.43"
77.119.174.15 - - [28/Feb/2025:12:26:42 +0100] "GET /entry.php?id=10271&&ser=741942 HTTP/1.1" 200 986 "http://hausegger.activities.at/entry.php?id=10271&&ser=741882" "Mozilla/5.0 (Windows NT 10.0; Win64; x64; rv:135.0) Gecko/20100101 Firefox/135.0"
77.119.174.15 - - [28/Feb/2025:12:26:42 +0100] "GET /gui/javascript/form_form.js?1740742002 HTTP/1.1" 200 16206 "http://hausegger.activities.at/entry.php?id=10271&&ser=741942" "Mozilla/5.0 (Windows NT 10.0; Win64; x64; rv:135.0) Gecko/20100101 Firefox/135.0"
77.119.174.15 - - [28/Feb/2025:12:27:42 +0100] "GET /entry.php?id=10271&&ser=742002 HTTP/1.1" 200 986 "http://hausegger.activities.at/entry.php?id=10271&&ser=741942" "Mozilla/5.0 (Windows NT 10.0; Win64; x64; rv:135.0) Gecko/20100101 Firefox/135.0"
77.119.174.15 - - [28/Feb/2025:12:27:43 +0100] "GET /gui/javascript/form_form.js?1740742063 HTTP/1.1" 200 16206 "http://hausegger.activities.at/entry.php?id=10271&&ser=742002" "Mozilla/5.0 (Windows NT 10.0; Win64; x64; rv:135.0) Gecko/20100101 Firefox/135.0"
47.82.11.25 - - [28/Feb/2025:12:27:57 +0100] "GET /gallery/image_page.php?album_id=1&image_id=113 HTTP/1.1" 404 300 "http://triadian.castlegem.co.uk/gallery/image_page.php?album_id=1&image_id=113" "Mozilla/5.0 (Windows NT 10.0; Win64; x64) AppleWebKit/537.36 (KHTML, like Gecko) Chrome/114.0.0.0 Safari/537.36 Edg/114.0.1823.43"
47.82.10.101 - - [28/Feb/2025:12:28:25 +0100] "GET /viewtopic.php?t=501&p=3778 HTTP/1.1" 404 295 "http://triadian.castlegem.co.uk/viewtopic.php?t=501&p=3778" "Mozilla/5.0 (Windows NT 10.0; Win64; x64) AppleWebKit/537.36 (KHTML, like Gecko) Chrome/114.0.0.0 Safari/537.36 Edg/114.0.1823.43"
77.119.174.15 - - [28/Feb/2025:12:28:43 +0100] "GET /entry.php?id=10271&&ser=742063 HTTP/1.1" 200 987 "http://hausegger.activities.at/entry.php?id=10271&&ser=742002" "Mozilla/5.0 (Windows NT 10.0; Win64; x64; rv:135.0) Gecko/20100101 Firefox/135.0"
77.119.174.15 - - [28/Feb/2025:12:28:43 +0100] "GET /gui/javascript/form_form.js?1740742123 HTTP/1.1" 200 16206 "http://hausegger.activities.at/entry.php?id=10271&&ser=742063" "Mozilla/5.0 (Windows NT 10.0; Win64; x64; rv:135.0) Gecko/20100101 Firefox/135.0"
47.82.10.68 - - [28/Feb/2025:12:29:19 +0100] "GET /viewtopic.php?p=3756 HTTP/1.1" 404 295 "http://triadian.castlegem.co.uk/viewtopic.php?p=3756" "Mozilla/5.0 (Windows NT 10.0; Win64; x64) AppleWebKit/537.36 (KHTML, like Gecko) Chrome/114.0.0.0 Safari/537.36 Edg/114.0.1823.43"
77.119.174.15 - - [28/Feb/2025:12:29:43 +0100] "GET /entry.php?id=10271&&ser=742123 HTTP/1.1" 200 987 "http://hausegger.activities.at/entry.php?id=10271&&ser=742063" "Mozilla/5.0 (Windows NT 10.0; Win64; x64; rv:135.0) Gecko/20100101 Firefox/135.0"
77.119.174.15 - - [28/Feb/2025:12:29:43 +0100] "GET /gui/javascript/form_form.js?1740742183 HTTP/1.1" 200 16206 "http://hausegger.activities.at/entry.php?id=10271&&ser=742123" "Mozilla/5.0 (Windows NT 10.0; Win64; x64; rv:135.0) Gecko/20100101 Firefox/135.0"
47.82.11.23 - - [28/Feb/2025:12:30:27 +0100] "GET /viewtopic.php?t=360&p=4036 HTTP/1.1" 404 295 "http://triadian.castlegem.co.uk/viewtopic.php?t=360&p=4036" "Mozilla/5.0 (Windows NT 10.0; Win64; x64) AppleWebKit/537.36 (KHTML, like Gecko) Chrome/114.0.0.0 Safari/537.36 Edg/114.0.1823.43"
77.119.174.15 - - [28/Feb/2025:12:30:43 +0100] "GET /entry.php?id=10271&&ser=742183 HTTP/1.1" 200 987 "http://hausegger.activities.at/entry.php?id=10271&&ser=742123" "Mozilla/5.0 (Windows NT 10.0; Win64; x64; rv:135.0) Gecko/20100101 Firefox/135.0"
77.119.174.15 - - [28/Feb/2025:12:30:43 +0100] "GET /gui/javascript/form_form.js?1740742243 HTTP/1.1" 200 16206 "http://hausegger.activities.at/entry.php?id=10271&&ser=742183" "Mozilla/5.0 (Windows NT 10.0; Win64; x64; rv:135.0) Gecko/20100101 Firefox/135.0"
47.82.0.163 - - [28/Feb/2025:12:31:11 +0100] "GET /gallery/search.php?search_id=random HTTP/1.1" 404 298 "http://triadian.castlegem.co.uk/gallery/search.php?search_id=random" "Mozilla/5.0 (Windows NT 10.0; Win64; x64) AppleWebKit/537.36 (KHTML, like Gecko) Chrome/114.0.0.0 Safari/537.36 Edg/114.0.1823.43"
77.119.174.15 - - [28/Feb/2025:12:31:44 +0100] "GET /entry.php?id=10271&&ser=742243 HTTP/1.1" 200 987 "http://hausegger.activities.at/entry.php?id=10271&&ser=742183" "Mozilla/5.0 (Windows NT 10.0; Win64; x64; rv:135.0) Gecko/20100101 Firefox/135.0"
77.119.174.15 - - [28/Feb/2025:12:31:44 +0100] "GET /gui/javascript/form_form.js?1740742304 HTTP/1.1" 200 16206 "http://hausegger.activities.at/entry.php?id=10271&&ser=742243" "Mozilla/5.0 (Windows NT 10.0; Win64; x64; rv:135.0) Gecko/20100101 Firefox/135.0"
47.82.11.62 - - [28/Feb/2025:12:31:46 +0100] "GET /viewtopic.php?t=165&p=4046 HTTP/1.1" 404 295 "http://triadian.castlegem.co.uk/viewtopic.php?t=165&p=4046" "Mozilla/5.0 (Windows NT 10.0; Win64; x64) AppleWebKit/537.36 (KHTML, like Gecko) Chrome/114.0.0.0 Safari/537.36 Edg/114.0.1823.43"
156.59.198.135 - - [28/Feb/2025:12:32:06 +0100] "GET /renault.activities.at/htdocs/export/pdf/emuc_document/10533264.pdf HTTP/1.0" 404 322 "-" "Mozilla/5.0 (Linux; Android 5.0) AppleWebKit/537.36 (KHTML, like Gecko) Mobile Safari/537.36 (compatible; Bytespider; spider-feedback@bytedance.com)"
47.82.11.23 - - [28/Feb/2025:12:32:43 +0100] "GET /viewtopic.php?t=540&p=4062 HTTP/1.1" 404 295 "http://triadian.castlegem.co.uk/viewtopic.php?t=540&p=4062" "Mozilla/5.0 (Windows NT 10.0; Win64; x64) AppleWebKit/537.36 (KHTML, like Gecko) Chrome/114.0.0.0 Safari/537.36 Edg/114.0.1823.43"
77.119.174.15 - - [28/Feb/2025:12:32:44 +0100] "GET /entry.php?id=10271&&ser=742304 HTTP/1.1" 200 987 "http://hausegger.activities.at/entry.php?id=10271&&ser=742243" "Mozilla/5.0 (Windows NT 10.0; Win64; x64; rv:135.0) Gecko/20100101 Firefox/135.0"
77.119.174.15 - - [28/Feb/2025:12:32:44 +0100] "GET /gui/javascript/form_form.js?1740742364 HTTP/1.1" 200 16206 "http://hausegger.activities.at/entry.php?id=10271&&ser=742304" "Mozilla/5.0 (Windows NT 10.0; Win64; x64; rv:135.0) Gecko/20100101 Firefox/135.0"
77.119.174.15 - - [28/Feb/2025:12:33:44 +0100] "GET /entry.php?id=10271&&ser=742364 HTTP/1.1" 200 986 "http://hausegger.activities.at/entry.php?id=10271&&ser=742304" "Mozilla/5.0 (Windows NT 10.0; Win64; x64; rv:135.0) Gecko/20100101 Firefox/135.0"
77.119.174.15 - - [28/Feb/2025:12:33:44 +0100] "GET /gui/javascript/form_form.js?1740742424 HTTP/1.1" 200 16206 "http://hausegger.activities.at/entry.php?id=10271&&ser=742364" "Mozilla/5.0 (Windows NT 10.0; Win64; x64; rv:135.0) Gecko/20100101 Firefox/135.0"
77.119.174.15 - - [28/Feb/2025:12:34:04 +0100] "GET /entry.php?id=11237&type=10665 HTTP/1.1" 200 276 "http://hausegger.activities.at/entry.php?id=10828" "Mozilla/5.0 (Windows NT 10.0; Win64; x64; rv:135.0) Gecko/20100101 Firefox/135.0"
77.119.174.15 - - [28/Feb/2025:12:34:05 +0100] "GET /entry.php?id=10676&&title=Belegsuche HTTP/1.1" 200 1391 "http://hausegger.activities.at/entry.php?id=11237&type=10665" "Mozilla/5.0 (Windows NT 10.0; Win64; x64; rv:135.0) Gecko/20100101 Firefox/135.0"
77.119.174.15 - - [28/Feb/2025:12:34:05 +0100] "GET /gui/javascript/form_form.js?1740742445 HTTP/1.1" 200 16206 "http://hausegger.activities.at/entry.php?id=10676&&title=Belegsuche" "Mozilla/5.0 (Windows NT 10.0; Win64; x64; rv:135.0) Gecko/20100101 Firefox/135.0"
77.119.174.15 - - [28/Feb/2025:12:34:05 +0100] "GET /entry.php?id=11239&mode=document&form=10665& HTTP/1.1" 200 2017 "http://hausegger.activities.at/entry.php?id=11237&type=10665" "Mozilla/5.0 (Windows NT 10.0; Win64; x64; rv:135.0) Gecko/20100101 Firefox/135.0"
77.119.174.15 - - [28/Feb/2025:12:34:05 +0100] "GET /gui/javascript/form_bu_document_workflow.js?1740742445 HTTP/1.1" 200 4900 "http://hausegger.activities.at/entry.php?id=11239&mode=document&form=10665&" "Mozilla/5.0 (Windows NT 10.0; Win64; x64; rv:135.0) Gecko/20100101 Firefox/135.0"
77.119.174.15 - - [28/Feb/2025:12:34:05 +0100] "GET /framework/icons/treeview/ftv2doc.gif HTTP/1.1" 200 199 "http://hausegger.activities.at/entry.php?id=11239&mode=document&form=10665&" "Mozilla/5.0 (Windows NT 10.0; Win64; x64; rv:135.0) Gecko/20100101 Firefox/135.0"
77.119.174.15 - - [28/Feb/2025:12:34:05 +0100] "GET /entry.php?id=11240&mode=document&form=10665& HTTP/1.1" 200 2664 "http://hausegger.activities.at/entry.php?id=11237&type=10665" "Mozilla/5.0 (Windows NT 10.0; Win64; x64; rv:135.0) Gecko/20100101 Firefox/135.0"
77.119.174.15 - - [28/Feb/2025:12:34:05 +0100] "GET /entry.php?id=11238&mode=document&form=10665& HTTP/1.1" 200 3302 "http://hausegger.activities.at/entry.php?id=11237&type=10665" "Mozilla/5.0 (Windows NT 10.0; Win64; x64; rv:135.0) Gecko/20100101 Firefox/135.0"
77.119.174.15 - - [28/Feb/2025:12:34:05 +0100] "GET /entry.php?id=10778&form=11066&name=list& HTTP/1.1" 200 2586 "http://hausegger.activities.at/entry.php?id=11240&mode=document&form=10665&" "Mozilla/5.0 (Windows NT 10.0; Win64; x64; rv:135.0) Gecko/20100101 Firefox/135.0"
77.119.174.15 - - [28/Feb/2025:12:34:05 +0100] "GET /gui/images/icons/kalender.gif HTTP/1.1" 200 564 "http://hausegger.activities.at/entry.php?id=11238&mode=document&form=10665&" "Mozilla/5.0 (Windows NT 10.0; Win64; x64; rv:135.0) Gecko/20100101 Firefox/135.0"
77.119.174.15 - - [28/Feb/2025:12:34:05 +0100] "GET /entry.php?id=10776&form=11066&name=list& HTTP/1.1" 200 1513 "http://hausegger.activities.at/entry.php?id=11240&mode=document&form=10665&" "Mozilla/5.0 (Windows NT 10.0; Win64; x64; rv:135.0) Gecko/20100101 Firefox/135.0"
77.119.174.15 - - [28/Feb/2025:12:34:05 +0100] "GET /framework/icons/sortUp.gif HTTP/1.1" 200 53 "http://hausegger.activities.at/entry.php?id=10776&form=11066&name=list&" "Mozilla/5.0 (Windows NT 10.0; Win64; x64; rv:135.0) Gecko/20100101 Firefox/135.0"
77.119.174.15 - - [28/Feb/2025:12:34:06 +0100] "POST /entry.php?id=11240 HTTP/1.1" 200 2671 "http://hausegger.activities.at/entry.php?id=11240&mode=document&form=10665&" "Mozilla/5.0 (Windows NT 10.0; Win64; x64; rv:135.0) Gecko/20100101 Firefox/135.0"
77.119.174.15 - - [28/Feb/2025:12:34:06 +0100] "GET /gui/javascript/form_bu_document_workflow.js?1740742446 HTTP/1.1" 200 4900 "http://hausegger.activities.at/entry.php?id=11240" "Mozilla/5.0 (Windows NT 10.0; Win64; x64; rv:135.0) Gecko/20100101 Firefox/135.0"
77.119.174.15 - - [28/Feb/2025:12:34:06 +0100] "GET /gui/javascript/form_form.js?1740742446 HTTP/1.1" 200 16206 "http://hausegger.activities.at/entry.php?id=11240" "Mozilla/5.0 (Windows NT 10.0; Win64; x64; rv:135.0) Gecko/20100101 Firefox/135.0"
77.119.174.15 - - [28/Feb/2025:12:34:06 +0100] "GET /entry.php?id=10778&form=11066&name=list& HTTP/1.1" 200 2781 "http://hausegger.activities.at/entry.php?id=11240" "Mozilla/5.0 (Windows NT 10.0; Win64; x64; rv:135.0) Gecko/20100101 Firefox/135.0"
77.119.174.15 - - [28/Feb/2025:12:34:06 +0100] "GET /entry.php?id=10776&form=11066&name=list& HTTP/1.1" 200 1513 "http://hausegger.activities.at/entry.php?id=11240" "Mozilla/5.0 (Windows NT 10.0; Win64; x64; rv:135.0) Gecko/20100101 Firefox/135.0"
77.119.174.15 - - [28/Feb/2025:12:34:07 +0100] "GET /framework/icons/rowselect.gif HTTP/1.1" 200 67 "http://hausegger.activities.at/entry.php?id=10778&form=11066&name=list&" "Mozilla/5.0 (Windows NT 10.0; Win64; x64; rv:135.0) Gecko/20100101 Firefox/135.0"
77.119.174.15 - - [28/Feb/2025:12:34:08 +0100] "POST /entry.php?id=10828 HTTP/1.1" 200 8727 "http://hausegger.activities.at/entry.php?id=10828" "Mozilla/5.0 (Windows NT 10.0; Win64; x64; rv:135.0) Gecko/20100101 Firefox/135.0"
77.119.174.15 - - [28/Feb/2025:12:34:09 +0100] "GET /gui/javascript/form_form.js?1740742449 HTTP/1.1" 200 16206 "http://hausegger.activities.at/entry.php?id=10828" "Mozilla/5.0 (Windows NT 10.0; Win64; x64; rv:135.0) Gecko/20100101 Firefox/135.0"
77.119.174.15 - - [28/Feb/2025:12:34:09 +0100] "GET /entry.php?id=10889&document_id=10347944& HTTP/1.1" 200 1509 "http://hausegger.activities.at/entry.php?id=10828" "Mozilla/5.0 (Windows NT 10.0; Win64; x64; rv:135.0) Gecko/20100101 Firefox/135.0"
77.119.174.15 - - [28/Feb/2025:12:34:10 +0100] "POST /entry.php?id=10828 HTTP/1.1" 200 4789 "http://hausegger.activities.at/entry.php?id=10828" "Mozilla/5.0 (Windows NT 10.0; Win64; x64; rv:135.0) Gecko/20100101 Firefox/135.0"
77.119.174.15 - - [28/Feb/2025:12:34:11 +0100] "GET /gui/javascript/form_form.js?1740742450 HTTP/1.1" 200 16206 "http://hausegger.activities.at/entry.php?id=10828" "Mozilla/5.0 (Windows NT 10.0; Win64; x64; rv:135.0) Gecko/20100101 Firefox/135.0"
77.119.174.15 - - [28/Feb/2025:12:34:11 +0100] "GET /entry.php?id=10889&document_id=10347944& HTTP/1.1" 200 1508 "http://hausegger.activities.at/entry.php?id=10828" "Mozilla/5.0 (Windows NT 10.0; Win64; x64; rv:135.0) Gecko/20100101 Firefox/135.0"
77.119.174.15 - - [28/Feb/2025:12:34:11 +0100] "GET /gui/javascript/form_form.js?1740742451 HTTP/1.1" 200 16206 "http://hausegger.activities.at/entry.php?id=10889&document_id=10347944&" "Mozilla/5.0 (Windows NT 10.0; Win64; x64; rv:135.0) Gecko/20100101 Firefox/135.0"
77.119.174.15 - - [28/Feb/2025:12:34:11 +0100] "GET /entry.php?id=10830&&object=10347944&account=&mode=documentdebitor HTTP/1.1" 200 4264 "http://hausegger.activities.at/entry.php?id=10828" "Mozilla/5.0 (Windows NT 10.0; Win64; x64; rv:135.0) Gecko/20100101 Firefox/135.0"
77.119.174.15 - - [28/Feb/2025:12:34:11 +0100] "GET /gui/styles/DocumentPosition.css HTTP/1.1" 200 614 "http://hausegger.activities.at/entry.php?id=10830&&object=10347944&account=&mode=documentdebitor" "Mozilla/5.0 (Windows NT 10.0; Win64; x64; rv:135.0) Gecko/20100101 Firefox/135.0"
77.119.174.15 - - [28/Feb/2025:12:34:14 +0100] "GET /entry.php?id=11270&document=10347944 HTTP/1.1" 200 1975 "http://hausegger.activities.at/entry.php?id=10828" "Mozilla/5.0 (Windows NT 10.0; Win64; x64; rv:135.0) Gecko/20100101 Firefox/135.0"
77.119.174.15 - - [28/Feb/2025:12:34:14 +0100] "GET /gui/javascript/form_bu_document.js?1740742454 HTTP/1.1" 200 2675 "http://hausegger.activities.at/entry.php?id=11270&document=10347944" "Mozilla/5.0 (Windows NT 10.0; Win64; x64; rv:135.0) Gecko/20100101 Firefox/135.0"
77.119.174.15 - - [28/Feb/2025:12:34:14 +0100] "GET /gui/javascript/form_form.js?1740742454 HTTP/1.1" 200 16206 "http://hausegger.activities.at/entry.php?id=11270&document=10347944" "Mozilla/5.0 (Windows NT 10.0; Win64; x64; rv:135.0) Gecko/20100101 Firefox/135.0"
77.119.174.15 - - [28/Feb/2025:12:34:14 +0100] "GET /entry.php?id=11241&images=false&document=10347944 HTTP/1.1" 200 2277 "http://hausegger.activities.at/entry.php?id=11270&document=10347944" "Mozilla/5.0 (Windows NT 10.0; Win64; x64; rv:135.0) Gecko/20100101 Firefox/135.0"
77.119.174.15 - - [28/Feb/2025:12:34:14 +0100] "GET /entry.php?id=10877&mode=observePrint HTTP/1.1" 200 58 "http://hausegger.activities.at/entry.php?id=11270&document=10347944" "Mozilla/5.0 (Windows NT 10.0; Win64; x64; rv:135.0) Gecko/20100101 Firefox/135.0"
193.68.89.10 - - [28/Feb/2025:12:34:44 +0100] "GET / HTTP/1.1" 200 274 "-" "Mozilla/5.0 (Windows NT 10.0; Win64; x64) AppleWebKit/537.36 (KHTML, like Gecko) Chrome/90.0.4430.85 Safari/537.36 Edg/90.0.818.46"
77.119.174.15 - - [28/Feb/2025:12:34:45 +0100] "GET /entry.php?id=10271&&ser=742424 HTTP/1.1" 200 987 "http://hausegger.activities.at/entry.php?id=10271&&ser=742364" "Mozilla/5.0 (Windows NT 10.0; Win64; x64; rv:135.0) Gecko/20100101 Firefox/135.0"
77.119.174.15 - - [28/Feb/2025:12:34:46 +0100] "GET /gui/javascript/form_form.js?1740742486 HTTP/1.1" 200 16206 "http://hausegger.activities.at/entry.php?id=10271&&ser=742424" "Mozilla/5.0 (Windows NT 10.0; Win64; x64; rv:135.0) Gecko/20100101 Firefox/135.0"
77.119.174.15 - - [28/Feb/2025:12:35:34 +0100] "GET /entry.php?id=10828 HTTP/1.1" 200 9142 "http://hausegger.activities.at/entry.php?id=10270&__app__=10006038" "Mozilla/5.0 (Windows NT 10.0; Win64; x64; rv:135.0) Gecko/20100101 Firefox/135.0"
77.119.174.15 - - [28/Feb/2025:12:35:34 +0100] "GET /gui/javascript/form_form.js?1740742534 HTTP/1.1" 200 16206 "http://hausegger.activities.at/entry.php?id=10828" "Mozilla/5.0 (Windows NT 10.0; Win64; x64; rv:135.0) Gecko/20100101 Firefox/135.0"
77.119.174.15 - - [28/Feb/2025:12:35:34 +0100] "GET /entry.php?id=10889&document_id=& HTTP/1.1" 200 1509 "http://hausegger.activities.at/entry.php?id=10828" "Mozilla/5.0 (Windows NT 10.0; Win64; x64; rv:135.0) Gecko/20100101 Firefox/135.0"
77.119.174.15 - - [28/Feb/2025:12:35:46 +0100] "GET /entry.php?id=10271&&ser=742486 HTTP/1.1" 200 987 "http://hausegger.activities.at/entry.php?id=10271&&ser=742424" "Mozilla/5.0 (Windows NT 10.0; Win64; x64; rv:135.0) Gecko/20100101 Firefox/135.0"
77.119.174.15 - - [28/Feb/2025:12:35:46 +0100] "GET /gui/javascript/form_form.js?1740742546 HTTP/1.1" 200 16206 "http://hausegger.activities.at/entry.php?id=10271&&ser=742486" "Mozilla/5.0 (Windows NT 10.0; Win64; x64; rv:135.0) Gecko/20100101 Firefox/135.0"
77.119.174.15 - - [28/Feb/2025:12:36:46 +0100] "GET /entry.php?id=10271&&ser=742546 HTTP/1.1" 200 987 "http://hausegger.activities.at/entry.php?id=10271&&ser=742486" "Mozilla/5.0 (Windows NT 10.0; Win64; x64; rv:135.0) Gecko/20100101 Firefox/135.0"
77.119.174.15 - - [28/Feb/2025:12:36:46 +0100] "GET /gui/javascript/form_form.js?1740742606 HTTP/1.1" 200 16206 "http://hausegger.activities.at/entry.php?id=10271&&ser=742546" "Mozilla/5.0 (Windows NT 10.0; Win64; x64; rv:135.0) Gecko/20100101 Firefox/135.0"
77.119.174.15 - - [28/Feb/2025:12:37:46 +0100] "GET /entry.php?id=10271&&ser=742606 HTTP/1.1" 200 989 "http://hausegger.activities.at/entry.php?id=10271&&ser=742546" "Mozilla/5.0 (Windows NT 10.0; Win64; x64; rv:135.0) Gecko/20100101 Firefox/135.0"
77.119.174.15 - - [28/Feb/2025:12:37:47 +0100] "GET /gui/javascript/form_form.js?1740742667 HTTP/1.1" 200 16206 "http://hausegger.activities.at/entry.php?id=10271&&ser=742606" "Mozilla/5.0 (Windows NT 10.0; Win64; x64; rv:135.0) Gecko/20100101 Firefox/135.0"
77.119.174.15 - - [28/Feb/2025:12:38:47 +0100] "GET /entry.php?id=10271&&ser=742666 HTTP/1.1" 200 988 "http://hausegger.activities.at/entry.php?id=10271&&ser=742606" "Mozilla/5.0 (Windows NT 10.0; Win64; x64; rv:135.0) Gecko/20100101 Firefox/135.0"
77.119.174.15 - - [28/Feb/2025:12:38:47 +0100] "GET /gui/javascript/form_form.js?1740742727 HTTP/1.1" 200 16206 "http://hausegger.activities.at/entry.php?id=10271&&ser=742666" "Mozilla/5.0 (Windows NT 10.0; Win64; x64; rv:135.0) Gecko/20100101 Firefox/135.0"
77.119.174.15 - - [28/Feb/2025:12:39:12 +0100] "GET /entry.php?id=10632 HTTP/1.1" 200 234 "http://hausegger.activities.at/entry.php?id=10270&__app__=10006038" "Mozilla/5.0 (Windows NT 10.0; Win64; x64; rv:135.0) Gecko/20100101 Firefox/135.0"
77.119.174.15 - - [28/Feb/2025:12:39:12 +0100] "GET /entry.php?id=10633& HTTP/1.1" 200 1980 "http://hausegger.activities.at/entry.php?id=10632" "Mozilla/5.0 (Windows NT 10.0; Win64; x64; rv:135.0) Gecko/20100101 Firefox/135.0"
77.119.174.15 - - [28/Feb/2025:12:39:12 +0100] "GET /entry.php?id=10634& HTTP/1.1" 200 1374 "http://hausegger.activities.at/entry.php?id=10632" "Mozilla/5.0 (Windows NT 10.0; Win64; x64; rv:135.0) Gecko/20100101 Firefox/135.0"
77.119.174.15 - - [28/Feb/2025:12:39:12 +0100] "GET /gui/javascript/form_form.js?1740742752 HTTP/1.1" 200 16206 "http://hausegger.activities.at/entry.php?id=10633&" "Mozilla/5.0 (Windows NT 10.0; Win64; x64; rv:135.0) Gecko/20100101 Firefox/135.0"
77.119.174.15 - - [28/Feb/2025:12:39:12 +0100] "GET /gui/javascript/form_form.js?1740742752 HTTP/1.1" 200 16206 "http://hausegger.activities.at/entry.php?id=10634&" "Mozilla/5.0 (Windows NT 10.0; Win64; x64; rv:135.0) Gecko/20100101 Firefox/135.0"
77.119.174.15 - - [28/Feb/2025:12:39:12 +0100] "GET /entry.php?id=10638& HTTP/1.1" 200 2437 "http://hausegger.activities.at/entry.php?id=10632" "Mozilla/5.0 (Windows NT 10.0; Win64; x64; rv:135.0) Gecko/20100101 Firefox/135.0"
77.119.174.15 - - [28/Feb/2025:12:39:13 +0100] "GET /framework/icons/treeview/ftv2pnode.gif HTTP/1.1" 200 133 "http://hausegger.activities.at/entry.php?id=10638&" "Mozilla/5.0 (Windows NT 10.0; Win64; x64; rv:135.0) Gecko/20100101 Firefox/135.0"
77.119.174.15 - - [28/Feb/2025:12:39:12 +0100] "GET /entry.php?id=10621& HTTP/1.1" 200 3778 "http://hausegger.activities.at/entry.php?id=10632" "Mozilla/5.0 (Windows NT 10.0; Win64; x64; rv:135.0) Gecko/20100101 Firefox/135.0"
77.119.174.15 - - [28/Feb/2025:12:39:12 +0100] "GET /entry.php?id=10778&form=10477&name=list& HTTP/1.1" 200 2483 "http://hausegger.activities.at/entry.php?id=10633&" "Mozilla/5.0 (Windows NT 10.0; Win64; x64; rv:135.0) Gecko/20100101 Firefox/135.0"
