77.119.174.15 - - [03/Mar/2025:18:15:46 +0100] "GET /gui/javascript/form_form.js?1741022146 HTTP/1.1" 200 16206 "http://hausegger.activities.at/entry.php?id=10271&&ser=22086" "Mozilla/5.0 (Windows NT 10.0; Win64; x64; rv:135.0) Gecko/20100101 Firefox/135.0"
77.119.174.15 - - [03/Mar/2025:18:16:47 +0100] "GET /entry.php?id=10271&&ser=22146 HTTP/1.1" 200 986 "http://hausegger.activities.at/entry.php?id=10271&&ser=22086" "Mozilla/5.0 (Windows NT 10.0; Win64; x64; rv:135.0) Gecko/20100101 Firefox/135.0"
77.119.174.15 - - [03/Mar/2025:18:16:47 +0100] "GET /gui/javascript/form_form.js?1741022207 HTTP/1.1" 200 16206 "http://hausegger.activities.at/entry.php?id=10271&&ser=22146" "Mozilla/5.0 (Windows NT 10.0; Win64; x64; rv:135.0) Gecko/20100101 Firefox/135.0"
77.119.174.15 - - [03/Mar/2025:18:17:47 +0100] "GET /entry.php?id=10271&&ser=22207 HTTP/1.1" 200 986 "http://hausegger.activities.at/entry.php?id=10271&&ser=22146" "Mozilla/5.0 (Windows NT 10.0; Win64; x64; rv:135.0) Gecko/20100101 Firefox/135.0"
77.119.174.15 - - [03/Mar/2025:18:17:47 +0100] "GET /gui/javascript/form_form.js?1741022267 HTTP/1.1" 200 16206 "http://hausegger.activities.at/entry.php?id=10271&&ser=22207" "Mozilla/5.0 (Windows NT 10.0; Win64; x64; rv:135.0) Gecko/20100101 Firefox/135.0"
77.119.174.15 - - [03/Mar/2025:18:18:47 +0100] "GET /entry.php?id=10271&&ser=22267 HTTP/1.1" 200 986 "http://hausegger.activities.at/entry.php?id=10271&&ser=22207" "Mozilla/5.0 (Windows NT 10.0; Win64; x64; rv:135.0) Gecko/20100101 Firefox/135.0"
77.119.174.15 - - [03/Mar/2025:18:18:47 +0100] "GET /gui/javascript/form_form.js?1741022327 HTTP/1.1" 200 16206 "http://hausegger.activities.at/entry.php?id=10271&&ser=22267" "Mozilla/5.0 (Windows NT 10.0; Win64; x64; rv:135.0) Gecko/20100101 Firefox/135.0"
77.119.174.15 - - [03/Mar/2025:18:19:47 +0100] "GET /entry.php?id=10271&&ser=22327 HTTP/1.1" 200 986 "http://hausegger.activities.at/entry.php?id=10271&&ser=22267" "Mozilla/5.0 (Windows NT 10.0; Win64; x64; rv:135.0) Gecko/20100101 Firefox/135.0"
77.119.174.15 - - [03/Mar/2025:18:19:48 +0100] "GET /gui/javascript/form_form.js?1741022388 HTTP/1.1" 200 16206 "http://hausegger.activities.at/entry.php?id=10271&&ser=22327" "Mozilla/5.0 (Windows NT 10.0; Win64; x64; rv:135.0) Gecko/20100101 Firefox/135.0"
156.59.198.135 - - [03/Mar/2025:18:19:49 +0100] "GET /renault.activities.at/htdocs/export/pdf/emuc_document/12304865.pdf HTTP/1.0" 404 322 "-" "Mozilla/5.0 (Linux; Android 5.0) AppleWebKit/537.36 (KHTML, like Gecko) Mobile Safari/537.36 (compatible; Bytespider; spider-feedback@bytedance.com)"
77.119.174.15 - - [03/Mar/2025:18:20:48 +0100] "GET /entry.php?id=10271&&ser=22388 HTTP/1.1" 200 986 "http://hausegger.activities.at/entry.php?id=10271&&ser=22327" "Mozilla/5.0 (Windows NT 10.0; Win64; x64; rv:135.0) Gecko/20100101 Firefox/135.0"
77.119.174.15 - - [03/Mar/2025:18:20:48 +0100] "GET /gui/javascript/form_form.js?1741022448 HTTP/1.1" 200 16206 "http://hausegger.activities.at/entry.php?id=10271&&ser=22388" "Mozilla/5.0 (Windows NT 10.0; Win64; x64; rv:135.0) Gecko/20100101 Firefox/135.0"
77.119.174.15 - - [03/Mar/2025:18:21:48 +0100] "GET /entry.php?id=10271&&ser=22448 HTTP/1.1" 200 986 "http://hausegger.activities.at/entry.php?id=10271&&ser=22388" "Mozilla/5.0 (Windows NT 10.0; Win64; x64; rv:135.0) Gecko/20100101 Firefox/135.0"
77.119.174.15 - - [03/Mar/2025:18:21:48 +0100] "GET /gui/javascript/form_form.js?1741022508 HTTP/1.1" 200 16206 "http://hausegger.activities.at/entry.php?id=10271&&ser=22448" "Mozilla/5.0 (Windows NT 10.0; Win64; x64; rv:135.0) Gecko/20100101 Firefox/135.0"
77.119.174.15 - - [03/Mar/2025:18:22:48 +0100] "GET /entry.php?id=10271&&ser=22508 HTTP/1.1" 200 986 "http://hausegger.activities.at/entry.php?id=10271&&ser=22448" "Mozilla/5.0 (Windows NT 10.0; Win64; x64; rv:135.0) Gecko/20100101 Firefox/135.0"
77.119.174.15 - - [03/Mar/2025:18:22:48 +0100] "GET /gui/javascript/form_form.js?1741022568 HTTP/1.1" 200 16206 "http://hausegger.activities.at/entry.php?id=10271&&ser=22508" "Mozilla/5.0 (Windows NT 10.0; Win64; x64; rv:135.0) Gecko/20100101 Firefox/135.0"
77.119.174.15 - - [03/Mar/2025:18:23:49 +0100] "GET /entry.php?id=10271&&ser=22568 HTTP/1.1" 200 986 "http://hausegger.activities.at/entry.php?id=10271&&ser=22508" "Mozilla/5.0 (Windows NT 10.0; Win64; x64; rv:135.0) Gecko/20100101 Firefox/135.0"
77.119.174.15 - - [03/Mar/2025:18:23:49 +0100] "GET /gui/javascript/form_form.js?1741022629 HTTP/1.1" 200 16206 "http://hausegger.activities.at/entry.php?id=10271&&ser=22568" "Mozilla/5.0 (Windows NT 10.0; Win64; x64; rv:135.0) Gecko/20100101 Firefox/135.0"
77.119.174.15 - - [03/Mar/2025:18:24:49 +0100] "GET /entry.php?id=10271&&ser=22629 HTTP/1.1" 200 986 "http://hausegger.activities.at/entry.php?id=10271&&ser=22568" "Mozilla/5.0 (Windows NT 10.0; Win64; x64; rv:135.0) Gecko/20100101 Firefox/135.0"
77.119.174.15 - - [03/Mar/2025:18:24:49 +0100] "GET /gui/javascript/form_form.js?1741022689 HTTP/1.1" 200 16206 "http://hausegger.activities.at/entry.php?id=10271&&ser=22629" "Mozilla/5.0 (Windows NT 10.0; Win64; x64; rv:135.0) Gecko/20100101 Firefox/135.0"
77.119.174.15 - - [03/Mar/2025:18:25:49 +0100] "GET /entry.php?id=10271&&ser=22689 HTTP/1.1" 200 986 "http://hausegger.activities.at/entry.php?id=10271&&ser=22629" "Mozilla/5.0 (Windows NT 10.0; Win64; x64; rv:135.0) Gecko/20100101 Firefox/135.0"
77.119.174.15 - - [03/Mar/2025:18:25:49 +0100] "GET /gui/javascript/form_form.js?1741022749 HTTP/1.1" 200 16206 "http://hausegger.activities.at/entry.php?id=10271&&ser=22689" "Mozilla/5.0 (Windows NT 10.0; Win64; x64; rv:135.0) Gecko/20100101 Firefox/135.0"
77.119.174.15 - - [03/Mar/2025:18:26:50 +0100] "GET /entry.php?id=10271&&ser=22749 HTTP/1.1" 200 986 "http://hausegger.activities.at/entry.php?id=10271&&ser=22689" "Mozilla/5.0 (Windows NT 10.0; Win64; x64; rv:135.0) Gecko/20100101 Firefox/135.0"
77.119.174.15 - - [03/Mar/2025:18:26:50 +0100] "GET /gui/javascript/form_form.js?1741022810 HTTP/1.1" 200 16206 "http://hausegger.activities.at/entry.php?id=10271&&ser=22749" "Mozilla/5.0 (Windows NT 10.0; Win64; x64; rv:135.0) Gecko/20100101 Firefox/135.0"
77.119.174.15 - - [03/Mar/2025:18:27:50 +0100] "GET /entry.php?id=10271&&ser=22810 HTTP/1.1" 200 986 "http://hausegger.activities.at/entry.php?id=10271&&ser=22749" "Mozilla/5.0 (Windows NT 10.0; Win64; x64; rv:135.0) Gecko/20100101 Firefox/135.0"
77.119.174.15 - - [03/Mar/2025:18:27:50 +0100] "GET /gui/javascript/form_form.js?1741022870 HTTP/1.1" 200 16206 "http://hausegger.activities.at/entry.php?id=10271&&ser=22810" "Mozilla/5.0 (Windows NT 10.0; Win64; x64; rv:135.0) Gecko/20100101 Firefox/135.0"
196.251.86.78 - - [03/Mar/2025:18:28:06 +0100] "GET /.env HTTP/1.1" 404 280 "-" "Mozilla/5.0 (Windows; U; ; en-NZ) AppleWebKit/527 (KHTML, like Gecko, Safari/419.3) Arora/0.8.0"
77.119.174.15 - - [03/Mar/2025:18:28:50 +0100] "GET /entry.php?id=10271&&ser=22870 HTTP/1.1" 200 986 "http://hausegger.activities.at/entry.php?id=10271&&ser=22810" "Mozilla/5.0 (Windows NT 10.0; Win64; x64; rv:135.0) Gecko/20100101 Firefox/135.0"
77.119.174.15 - - [03/Mar/2025:18:28:50 +0100] "GET /gui/javascript/form_form.js?1741022930 HTTP/1.1" 200 16206 "http://hausegger.activities.at/entry.php?id=10271&&ser=22870" "Mozilla/5.0 (Windows NT 10.0; Win64; x64; rv:135.0) Gecko/20100101 Firefox/135.0"
77.119.174.15 - - [03/Mar/2025:18:29:51 +0100] "GET /entry.php?id=10271&&ser=22930 HTTP/1.1" 200 986 "http://hausegger.activities.at/entry.php?id=10271&&ser=22870" "Mozilla/5.0 (Windows NT 10.0; Win64; x64; rv:135.0) Gecko/20100101 Firefox/135.0"
77.119.174.15 - - [03/Mar/2025:18:29:51 +0100] "GET /gui/javascript/form_form.js?1741022991 HTTP/1.1" 200 16206 "http://hausegger.activities.at/entry.php?id=10271&&ser=22930" "Mozilla/5.0 (Windows NT 10.0; Win64; x64; rv:135.0) Gecko/20100101 Firefox/135.0"
77.119.174.15 - - [03/Mar/2025:18:30:51 +0100] "GET /entry.php?id=10271&&ser=22991 HTTP/1.1" 200 986 "http://hausegger.activities.at/entry.php?id=10271&&ser=22930" "Mozilla/5.0 (Windows NT 10.0; Win64; x64; rv:135.0) Gecko/20100101 Firefox/135.0"
77.119.174.15 - - [03/Mar/2025:18:30:51 +0100] "GET /gui/javascript/form_form.js?1741023051 HTTP/1.1" 200 16206 "http://hausegger.activities.at/entry.php?id=10271&&ser=22991" "Mozilla/5.0 (Windows NT 10.0; Win64; x64; rv:135.0) Gecko/20100101 Firefox/135.0"
77.119.174.15 - - [03/Mar/2025:18:31:51 +0100] "GET /entry.php?id=10271&&ser=23051 HTTP/1.1" 200 986 "http://hausegger.activities.at/entry.php?id=10271&&ser=22991" "Mozilla/5.0 (Windows NT 10.0; Win64; x64; rv:135.0) Gecko/20100101 Firefox/135.0"
77.119.174.15 - - [03/Mar/2025:18:31:51 +0100] "GET /gui/javascript/form_form.js?1741023111 HTTP/1.1" 200 16206 "http://hausegger.activities.at/entry.php?id=10271&&ser=23051" "Mozilla/5.0 (Windows NT 10.0; Win64; x64; rv:135.0) Gecko/20100101 Firefox/135.0"
77.119.174.15 - - [03/Mar/2025:18:32:51 +0100] "GET /entry.php?id=10271&&ser=23111 HTTP/1.1" 200 988 "http://hausegger.activities.at/entry.php?id=10271&&ser=23051" "Mozilla/5.0 (Windows NT 10.0; Win64; x64; rv:135.0) Gecko/20100101 Firefox/135.0"
77.119.174.15 - - [03/Mar/2025:18:32:52 +0100] "GET /gui/javascript/form_form.js?1741023172 HTTP/1.1" 200 16206 "http://hausegger.activities.at/entry.php?id=10271&&ser=23111" "Mozilla/5.0 (Windows NT 10.0; Win64; x64; rv:135.0) Gecko/20100101 Firefox/135.0"
77.119.174.15 - - [03/Mar/2025:18:33:52 +0100] "GET /entry.php?id=10271&&ser=23171 HTTP/1.1" 200 986 "http://hausegger.activities.at/entry.php?id=10271&&ser=23111" "Mozilla/5.0 (Windows NT 10.0; Win64; x64; rv:135.0) Gecko/20100101 Firefox/135.0"
77.119.174.15 - - [03/Mar/2025:18:33:52 +0100] "GET /gui/javascript/form_form.js?1741023232 HTTP/1.1" 200 16206 "http://hausegger.activities.at/entry.php?id=10271&&ser=23171" "Mozilla/5.0 (Windows NT 10.0; Win64; x64; rv:135.0) Gecko/20100101 Firefox/135.0"
168.232.12.159 - - [03/Mar/2025:18:34:40 +0100] "GET / HTTP/1.1" 200 423 "-" "Mozilla/5.0 (Macintosh; Intel Mac OS X 10_11_6) AppleWebKit/601.7.7 (KHTML, like Gecko) Version/9.1.2 Safari/601.7.7"
77.119.174.15 - - [03/Mar/2025:18:34:52 +0100] "GET /entry.php?id=10271&&ser=23232 HTTP/1.1" 200 986 "http://hausegger.activities.at/entry.php?id=10271&&ser=23171" "Mozilla/5.0 (Windows NT 10.0; Win64; x64; rv:135.0) Gecko/20100101 Firefox/135.0"
77.119.174.15 - - [03/Mar/2025:18:34:52 +0100] "GET /gui/javascript/form_form.js?1741023292 HTTP/1.1" 200 16206 "http://hausegger.activities.at/entry.php?id=10271&&ser=23232" "Mozilla/5.0 (Windows NT 10.0; Win64; x64; rv:135.0) Gecko/20100101 Firefox/135.0"
156.59.198.135 - - [03/Mar/2025:18:35:17 +0100] "GET /renault.activities.at/htdocs/pinEdit/editor/help/userhelp-Dateien/image105.jpg HTTP/1.0" 404 327 "-" "Mozilla/5.0 (Linux; Android 5.0) AppleWebKit/537.36 (KHTML, like Gecko) Mobile Safari/537.36 (compatible; Bytespider; spider-feedback@bytedance.com)"
77.119.174.15 - - [03/Mar/2025:18:35:52 +0100] "GET /entry.php?id=10271&&ser=23292 HTTP/1.1" 200 987 "http://hausegger.activities.at/entry.php?id=10271&&ser=23232" "Mozilla/5.0 (Windows NT 10.0; Win64; x64; rv:135.0) Gecko/20100101 Firefox/135.0"
77.119.174.15 - - [03/Mar/2025:18:35:52 +0100] "GET /gui/javascript/form_form.js?1741023352 HTTP/1.1" 200 16206 "http://hausegger.activities.at/entry.php?id=10271&&ser=23292" "Mozilla/5.0 (Windows NT 10.0; Win64; x64; rv:135.0) Gecko/20100101 Firefox/135.0"
77.119.174.15 - - [03/Mar/2025:18:36:53 +0100] "GET /entry.php?id=10271&&ser=23352 HTTP/1.1" 200 986 "http://hausegger.activities.at/entry.php?id=10271&&ser=23292" "Mozilla/5.0 (Windows NT 10.0; Win64; x64; rv:135.0) Gecko/20100101 Firefox/135.0"
77.119.174.15 - - [03/Mar/2025:18:36:53 +0100] "GET /gui/javascript/form_form.js?1741023413 HTTP/1.1" 200 16206 "http://hausegger.activities.at/entry.php?id=10271&&ser=23352" "Mozilla/5.0 (Windows NT 10.0; Win64; x64; rv:135.0) Gecko/20100101 Firefox/135.0"
77.119.174.15 - - [03/Mar/2025:18:37:53 +0100] "GET /entry.php?id=10271&&ser=23413 HTTP/1.1" 200 986 "http://hausegger.activities.at/entry.php?id=10271&&ser=23352" "Mozilla/5.0 (Windows NT 10.0; Win64; x64; rv:135.0) Gecko/20100101 Firefox/135.0"
77.119.174.15 - - [03/Mar/2025:18:37:53 +0100] "GET /gui/javascript/form_form.js?1741023473 HTTP/1.1" 200 16206 "http://hausegger.activities.at/entry.php?id=10271&&ser=23413" "Mozilla/5.0 (Windows NT 10.0; Win64; x64; rv:135.0) Gecko/20100101 Firefox/135.0"
77.119.174.15 - - [03/Mar/2025:18:38:53 +0100] "GET /entry.php?id=10271&&ser=23473 HTTP/1.1" 200 987 "http://hausegger.activities.at/entry.php?id=10271&&ser=23413" "Mozilla/5.0 (Windows NT 10.0; Win64; x64; rv:135.0) Gecko/20100101 Firefox/135.0"
77.119.174.15 - - [03/Mar/2025:18:38:53 +0100] "GET /gui/javascript/form_form.js?1741023533 HTTP/1.1" 200 16206 "http://hausegger.activities.at/entry.php?id=10271&&ser=23473" "Mozilla/5.0 (Windows NT 10.0; Win64; x64; rv:135.0) Gecko/20100101 Firefox/135.0"
77.119.174.15 - - [03/Mar/2025:18:39:53 +0100] "GET /entry.php?id=10271&&ser=23533 HTTP/1.1" 200 987 "http://hausegger.activities.at/entry.php?id=10271&&ser=23473" "Mozilla/5.0 (Windows NT 10.0; Win64; x64; rv:135.0) Gecko/20100101 Firefox/135.0"
77.119.174.15 - - [03/Mar/2025:18:39:54 +0100] "GET /gui/javascript/form_form.js?1741023594 HTTP/1.1" 200 16206 "http://hausegger.activities.at/entry.php?id=10271&&ser=23533" "Mozilla/5.0 (Windows NT 10.0; Win64; x64; rv:135.0) Gecko/20100101 Firefox/135.0"
77.119.174.15 - - [03/Mar/2025:18:40:54 +0100] "GET /entry.php?id=10271&&ser=23594 HTTP/1.1" 200 987 "http://hausegger.activities.at/entry.php?id=10271&&ser=23533" "Mozilla/5.0 (Windows NT 10.0; Win64; x64; rv:135.0) Gecko/20100101 Firefox/135.0"
77.119.174.15 - - [03/Mar/2025:18:40:54 +0100] "GET /gui/javascript/form_form.js?1741023654 HTTP/1.1" 200 16206 "http://hausegger.activities.at/entry.php?id=10271&&ser=23594" "Mozilla/5.0 (Windows NT 10.0; Win64; x64; rv:135.0) Gecko/20100101 Firefox/135.0"
77.119.174.15 - - [03/Mar/2025:18:41:54 +0100] "GET /entry.php?id=10271&&ser=23654 HTTP/1.1" 200 986 "http://hausegger.activities.at/entry.php?id=10271&&ser=23594" "Mozilla/5.0 (Windows NT 10.0; Win64; x64; rv:135.0) Gecko/20100101 Firefox/135.0"
77.119.174.15 - - [03/Mar/2025:18:41:54 +0100] "GET /gui/javascript/form_form.js?1741023714 HTTP/1.1" 200 16206 "http://hausegger.activities.at/entry.php?id=10271&&ser=23654" "Mozilla/5.0 (Windows NT 10.0; Win64; x64; rv:135.0) Gecko/20100101 Firefox/135.0"
77.119.174.15 - - [03/Mar/2025:18:42:54 +0100] "GET /entry.php?id=10271&&ser=23714 HTTP/1.1" 200 987 "http://hausegger.activities.at/entry.php?id=10271&&ser=23654" "Mozilla/5.0 (Windows NT 10.0; Win64; x64; rv:135.0) Gecko/20100101 Firefox/135.0"
77.119.174.15 - - [03/Mar/2025:18:42:55 +0100] "GET /gui/javascript/form_form.js?1741023774 HTTP/1.1" 200 16206 "http://hausegger.activities.at/entry.php?id=10271&&ser=23714" "Mozilla/5.0 (Windows NT 10.0; Win64; x64; rv:135.0) Gecko/20100101 Firefox/135.0"
77.119.174.15 - - [03/Mar/2025:18:43:55 +0100] "GET /entry.php?id=10271&&ser=23774 HTTP/1.1" 200 986 "http://hausegger.activities.at/entry.php?id=10271&&ser=23714" "Mozilla/5.0 (Windows NT 10.0; Win64; x64; rv:135.0) Gecko/20100101 Firefox/135.0"
77.119.174.15 - - [03/Mar/2025:18:43:55 +0100] "GET /gui/javascript/form_form.js?1741023835 HTTP/1.1" 200 16206 "http://hausegger.activities.at/entry.php?id=10271&&ser=23774" "Mozilla/5.0 (Windows NT 10.0; Win64; x64; rv:135.0) Gecko/20100101 Firefox/135.0"
77.119.174.15 - - [03/Mar/2025:18:44:55 +0100] "GET /entry.php?id=10271&&ser=23835 HTTP/1.1" 200 986 "http://hausegger.activities.at/entry.php?id=10271&&ser=23774" "Mozilla/5.0 (Windows NT 10.0; Win64; x64; rv:135.0) Gecko/20100101 Firefox/135.0"
77.119.174.15 - - [03/Mar/2025:18:44:55 +0100] "GET /gui/javascript/form_form.js?1741023895 HTTP/1.1" 200 16206 "http://hausegger.activities.at/entry.php?id=10271&&ser=23835" "Mozilla/5.0 (Windows NT 10.0; Win64; x64; rv:135.0) Gecko/20100101 Firefox/135.0"
77.119.174.15 - - [03/Mar/2025:18:45:55 +0100] "GET /entry.php?id=10271&&ser=23895 HTTP/1.1" 200 987 "http://hausegger.activities.at/entry.php?id=10271&&ser=23835" "Mozilla/5.0 (Windows NT 10.0; Win64; x64; rv:135.0) Gecko/20100101 Firefox/135.0"
77.119.174.15 - - [03/Mar/2025:18:45:55 +0100] "GET /gui/javascript/form_form.js?1741023955 HTTP/1.1" 200 16206 "http://hausegger.activities.at/entry.php?id=10271&&ser=23895" "Mozilla/5.0 (Windows NT 10.0; Win64; x64; rv:135.0) Gecko/20100101 Firefox/135.0"
77.119.174.15 - - [03/Mar/2025:18:46:56 +0100] "GET /entry.php?id=10271&&ser=23955 HTTP/1.1" 200 986 "http://hausegger.activities.at/entry.php?id=10271&&ser=23895" "Mozilla/5.0 (Windows NT 10.0; Win64; x64; rv:135.0) Gecko/20100101 Firefox/135.0"
77.119.174.15 - - [03/Mar/2025:18:46:56 +0100] "GET /gui/javascript/form_form.js?1741024016 HTTP/1.1" 200 16206 "http://hausegger.activities.at/entry.php?id=10271&&ser=23955" "Mozilla/5.0 (Windows NT 10.0; Win64; x64; rv:135.0) Gecko/20100101 Firefox/135.0"
77.119.174.15 - - [03/Mar/2025:18:47:56 +0100] "GET /entry.php?id=10271&&ser=24016 HTTP/1.1" 200 986 "http://hausegger.activities.at/entry.php?id=10271&&ser=23955" "Mozilla/5.0 (Windows NT 10.0; Win64; x64; rv:135.0) Gecko/20100101 Firefox/135.0"
77.119.174.15 - - [03/Mar/2025:18:47:56 +0100] "GET /gui/javascript/form_form.js?1741024076 HTTP/1.1" 200 16206 "http://hausegger.activities.at/entry.php?id=10271&&ser=24016" "Mozilla/5.0 (Windows NT 10.0; Win64; x64; rv:135.0) Gecko/20100101 Firefox/135.0"
77.119.174.15 - - [03/Mar/2025:18:48:56 +0100] "GET /entry.php?id=10271&&ser=24076 HTTP/1.1" 200 986 "http://hausegger.activities.at/entry.php?id=10271&&ser=24016" "Mozilla/5.0 (Windows NT 10.0; Win64; x64; rv:135.0) Gecko/20100101 Firefox/135.0"
77.119.174.15 - - [03/Mar/2025:18:48:56 +0100] "GET /gui/javascript/form_form.js?1741024136 HTTP/1.1" 200 16206 "http://hausegger.activities.at/entry.php?id=10271&&ser=24076" "Mozilla/5.0 (Windows NT 10.0; Win64; x64; rv:135.0) Gecko/20100101 Firefox/135.0"
77.119.174.15 - - [03/Mar/2025:18:49:57 +0100] "GET /entry.php?id=10271&&ser=24136 HTTP/1.1" 200 986 "http://hausegger.activities.at/entry.php?id=10271&&ser=24076" "Mozilla/5.0 (Windows NT 10.0; Win64; x64; rv:135.0) Gecko/20100101 Firefox/135.0"
77.119.174.15 - - [03/Mar/2025:18:49:57 +0100] "GET /gui/javascript/form_form.js?1741024197 HTTP/1.1" 200 16206 "http://hausegger.activities.at/entry.php?id=10271&&ser=24136" "Mozilla/5.0 (Windows NT 10.0; Win64; x64; rv:135.0) Gecko/20100101 Firefox/135.0"
77.119.174.15 - - [03/Mar/2025:18:50:57 +0100] "GET /entry.php?id=10271&&ser=24197 HTTP/1.1" 200 987 "http://hausegger.activities.at/entry.php?id=10271&&ser=24136" "Mozilla/5.0 (Windows NT 10.0; Win64; x64; rv:135.0) Gecko/20100101 Firefox/135.0"
77.119.174.15 - - [03/Mar/2025:18:50:57 +0100] "GET /gui/javascript/form_form.js?1741024257 HTTP/1.1" 200 16206 "http://hausegger.activities.at/entry.php?id=10271&&ser=24197" "Mozilla/5.0 (Windows NT 10.0; Win64; x64; rv:135.0) Gecko/20100101 Firefox/135.0"
156.59.198.136 - - [03/Mar/2025:18:51:20 +0100] "GET /renault.activities.at/htdocs/export/pdf/emuc_document/11182041.pdf HTTP/1.0" 404 321 "-" "Mozilla/5.0 (Linux; Android 5.0) AppleWebKit/537.36 (KHTML, like Gecko) Mobile Safari/537.36 (compatible; Bytespider; spider-feedback@bytedance.com)"
77.119.174.15 - - [03/Mar/2025:18:51:57 +0100] "GET /entry.php?id=10271&&ser=24257 HTTP/1.1" 200 986 "http://hausegger.activities.at/entry.php?id=10271&&ser=24197" "Mozilla/5.0 (Windows NT 10.0; Win64; x64; rv:135.0) Gecko/20100101 Firefox/135.0"
77.119.174.15 - - [03/Mar/2025:18:51:57 +0100] "GET /gui/javascript/form_form.js?1741024317 HTTP/1.1" 200 16206 "http://hausegger.activities.at/entry.php?id=10271&&ser=24257" "Mozilla/5.0 (Windows NT 10.0; Win64; x64; rv:135.0) Gecko/20100101 Firefox/135.0"
77.119.174.15 - - [03/Mar/2025:18:52:57 +0100] "GET /entry.php?id=10271&&ser=24317 HTTP/1.1" 200 986 "http://hausegger.activities.at/entry.php?id=10271&&ser=24257" "Mozilla/5.0 (Windows NT 10.0; Win64; x64; rv:135.0) Gecko/20100101 Firefox/135.0"
77.119.174.15 - - [03/Mar/2025:18:52:58 +0100] "GET /gui/javascript/form_form.js?1741024378 HTTP/1.1" 200 16206 "http://hausegger.activities.at/entry.php?id=10271&&ser=24317" "Mozilla/5.0 (Windows NT 10.0; Win64; x64; rv:135.0) Gecko/20100101 Firefox/135.0"
77.119.174.15 - - [03/Mar/2025:18:53:58 +0100] "GET /entry.php?id=10271&&ser=24378 HTTP/1.1" 200 986 "http://hausegger.activities.at/entry.php?id=10271&&ser=24317" "Mozilla/5.0 (Windows NT 10.0; Win64; x64; rv:135.0) Gecko/20100101 Firefox/135.0"
77.119.174.15 - - [03/Mar/2025:18:53:58 +0100] "GET /gui/javascript/form_form.js?1741024438 HTTP/1.1" 200 16206 "http://hausegger.activities.at/entry.php?id=10271&&ser=24378" "Mozilla/5.0 (Windows NT 10.0; Win64; x64; rv:135.0) Gecko/20100101 Firefox/135.0"
77.119.174.15 - - [03/Mar/2025:18:54:58 +0100] "GET /entry.php?id=10271&&ser=24438 HTTP/1.1" 200 986 "http://hausegger.activities.at/entry.php?id=10271&&ser=24378" "Mozilla/5.0 (Windows NT 10.0; Win64; x64; rv:135.0) Gecko/20100101 Firefox/135.0"
77.119.174.15 - - [03/Mar/2025:18:54:58 +0100] "GET /gui/javascript/form_form.js?1741024498 HTTP/1.1" 200 16206 "http://hausegger.activities.at/entry.php?id=10271&&ser=24438" "Mozilla/5.0 (Windows NT 10.0; Win64; x64; rv:135.0) Gecko/20100101 Firefox/135.0"
156.59.198.136 - - [03/Mar/2025:18:55:24 +0100] "GET /renault.activities.at/htdocs/export/pdf/emuc_document/10744960.pdf HTTP/1.0" 404 322 "-" "Mozilla/5.0 (Linux; Android 5.0) AppleWebKit/537.36 (KHTML, like Gecko) Mobile Safari/537.36 (compatible; Bytespider; spider-feedback@bytedance.com)"
204.76.203.15 - - [03/Mar/2025:18:55:30 +0100] "GET / HTTP/1.1" 200 274 "-" "Mozilla/5.0 (Windows NT 10.0; Win64; x64) AppleWebKit/537.36 (KHTML, like Gecko) Chrome/90.0.4430.85 Safari/537.36 Edg/90.0.818.46"
77.119.174.15 - - [03/Mar/2025:18:55:58 +0100] "GET /entry.php?id=10271&&ser=24498 HTTP/1.1" 200 987 "http://hausegger.activities.at/entry.php?id=10271&&ser=24438" "Mozilla/5.0 (Windows NT 10.0; Win64; x64; rv:135.0) Gecko/20100101 Firefox/135.0"
77.119.174.15 - - [03/Mar/2025:18:55:59 +0100] "GET /gui/javascript/form_form.js?1741024559 HTTP/1.1" 200 16206 "http://hausegger.activities.at/entry.php?id=10271&&ser=24498" "Mozilla/5.0 (Windows NT 10.0; Win64; x64; rv:135.0) Gecko/20100101 Firefox/135.0"
77.119.174.15 - - [03/Mar/2025:18:56:59 +0100] "GET /entry.php?id=10271&&ser=24559 HTTP/1.1" 200 986 "http://hausegger.activities.at/entry.php?id=10271&&ser=24498" "Mozilla/5.0 (Windows NT 10.0; Win64; x64; rv:135.0) Gecko/20100101 Firefox/135.0"
77.119.174.15 - - [03/Mar/2025:18:56:59 +0100] "GET /gui/javascript/form_form.js?1741024619 HTTP/1.1" 200 16206 "http://hausegger.activities.at/entry.php?id=10271&&ser=24559" "Mozilla/5.0 (Windows NT 10.0; Win64; x64; rv:135.0) Gecko/20100101 Firefox/135.0"
193.68.89.10 - - [03/Mar/2025:18:57:44 +0100] "GET / HTTP/1.1" 200 274 "-" "Mozilla/5.0 (Windows NT 10.0; Win64; x64) AppleWebKit/537.36 (KHTML, like Gecko) Chrome/90.0.4430.85 Safari/537.36 Edg/90.0.818.46"
77.119.174.15 - - [03/Mar/2025:18:57:59 +0100] "GET /entry.php?id=10271&&ser=24619 HTTP/1.1" 200 987 "http://hausegger.activities.at/entry.php?id=10271&&ser=24559" "Mozilla/5.0 (Windows NT 10.0; Win64; x64; rv:135.0) Gecko/20100101 Firefox/135.0"
77.119.174.15 - - [03/Mar/2025:18:57:59 +0100] "GET /gui/javascript/form_form.js?1741024679 HTTP/1.1" 200 16206 "http://hausegger.activities.at/entry.php?id=10271&&ser=24619" "Mozilla/5.0 (Windows NT 10.0; Win64; x64; rv:135.0) Gecko/20100101 Firefox/135.0"
109.236.61.115 - - [03/Mar/2025:18:58:01 +0100] "GET / HTTP/1.1" 200 423 "-" "Hello World"
77.119.174.15 - - [03/Mar/2025:18:58:52 +0100] "GET /entry.php?id=10287&login=1 HTTP/1.1" 200 1878 "http://hausegger.activities.at/entry.php?id=10273&" "Mozilla/5.0 (Windows NT 10.0; Win64; x64; rv:135.0) Gecko/20100101 Firefox/135.0"
77.119.174.15 - - [03/Mar/2025:18:58:52 +0100] "GET /gui/javascript/form_form.js?1741024732 HTTP/1.1" 200 16206 "http://hausegger.activities.at/entry.php?id=10287&login=1" "Mozilla/5.0 (Windows NT 10.0; Win64; x64; rv:135.0) Gecko/20100101 Firefox/135.0"
77.119.174.15 - - [03/Mar/2025:18:58:53 +0100] "POST /entry.php?id=10287& HTTP/1.1" 200 2433 "http://hausegger.activities.at/entry.php?id=10287&login=1" "Mozilla/5.0 (Windows NT 10.0; Win64; x64; rv:135.0) Gecko/20100101 Firefox/135.0"
77.119.174.15 - - [03/Mar/2025:18:58:53 +0100] "GET /gui/javascript/form_form.js?1741024733 HTTP/1.1" 200 16206 "http://hausegger.activities.at/entry.php?id=10287&" "Mozilla/5.0 (Windows NT 10.0; Win64; x64; rv:135.0) Gecko/20100101 Firefox/135.0"
77.119.174.15 - - [03/Mar/2025:18:58:54 +0100] "GET /entry.php?id=10273&logout=true& HTTP/1.1" 200 1912 "http://hausegger.activities.at/entry.php?id=10287&" "Mozilla/5.0 (Windows NT 10.0; Win64; x64; rv:135.0) Gecko/20100101 Firefox/135.0"
77.119.174.15 - - [03/Mar/2025:18:58:54 +0100] "GET /entry.php?id=10270& HTTP/1.1" 200 907 "http://hausegger.activities.at/entry.php?id=10287&" "Mozilla/5.0 (Windows NT 10.0; Win64; x64; rv:135.0) Gecko/20100101 Firefox/135.0"
77.119.174.15 - - [03/Mar/2025:18:58:54 +0100] "GET /gui/javascript/form_form.js?1741024734 HTTP/1.1" 200 16206 "http://hausegger.activities.at/entry.php?id=10270&" "Mozilla/5.0 (Windows NT 10.0; Win64; x64; rv:135.0) Gecko/20100101 Firefox/135.0"
77.119.174.15 - - [03/Mar/2025:18:58:54 +0100] "GET /gui/javascript/form_form.js?1741024734 HTTP/1.1" 200 16206 "http://hausegger.activities.at/entry.php?id=10273&logout=true&" "Mozilla/5.0 (Windows NT 10.0; Win64; x64; rv:135.0) Gecko/20100101 Firefox/135.0"
156.59.198.136 - - [03/Mar/2025:18:59:23 +0100] "GET /renault.activities.at/htdocs/export/pdf/emuc_document/11503834.pdf HTTP/1.0" 404 322 "-" "Mozilla/5.0 (Linux; Android 5.0) AppleWebKit/537.36 (KHTML, like Gecko) Mobile Safari/537.36 (compatible; Bytespider; spider-feedback@bytedance.com)"
156.59.198.136 - - [03/Mar/2025:19:03:24 +0100] "GET /renault.activities.at/htdocs/export/pdf/emuc_document/11182055.pdf HTTP/1.0" 404 321 "-" "Mozilla/5.0 (Linux; Android 5.0) AppleWebKit/537.36 (KHTML, like Gecko) Mobile Safari/537.36 (compatible; Bytespider; spider-feedback@bytedance.com)"
156.59.198.135 - - [03/Mar/2025:19:07:29 +0100] "GET /renault.activities.at/htdocs/export/pdf/emuc_document/11353932.pdf HTTP/1.0" 404 322 "-" "Mozilla/5.0 (Linux; Android 5.0) AppleWebKit/537.36 (KHTML, like Gecko) Mobile Safari/537.36 (compatible; Bytespider; spider-feedback@bytedance.com)"
220.133.162.246 - - [03/Mar/2025:19:30:52 +0100] "GET / HTTP/1.0" 200 423 "-" "curl/7.88.1"
156.59.198.136 - - [03/Mar/2025:19:42:07 +0100] "GET /renault.activities.at/htdocs/export/pdf/emuc_document/11818971.pdf HTTP/1.0" 404 322 "-" "Mozilla/5.0 (Linux; Android 5.0) AppleWebKit/537.36 (KHTML, like Gecko) Mobile Safari/537.36 (compatible; Bytespider; spider-feedback@bytedance.com)"
45.144.212.139 - - [03/Mar/2025:20:02:28 +0100] "GET /.git/refs/tags/ HTTP/1.1" 404 287 "-" "Mozilla/5.0 (X11; CrOS i686 2268.111.0) AppleWebKit/536.11 (KHTML, like Gecko) Chrome/20.0.1132.57 Safari/536.11"
156.59.198.135 - - [03/Mar/2025:20:09:14 +0100] "GET /renault.activities.at/htdocs/export/pdf/emuc_document/11504654.pdf HTTP/1.0" 404 322 "-" "Mozilla/5.0 (Linux; Android 5.0) AppleWebKit/537.36 (KHTML, like Gecko) Mobile Safari/537.36 (compatible; Bytespider; spider-feedback@bytedance.com)"
156.59.198.135 - - [03/Mar/2025:20:13:13 +0100] "GET /renault.activities.at/htdocs/export/pdf/emuc_document/11451609.pdf HTTP/1.0" 404 321 "-" "Mozilla/5.0 (Linux; Android 5.0) AppleWebKit/537.36 (KHTML, like Gecko) Mobile Safari/537.36 (compatible; Bytespider; spider-feedback@bytedance.com)"
156.59.198.136 - - [03/Mar/2025:20:18:20 +0100] "GET /renault.activities.at/htdocs/export/pdf/emuc_document/11124910.pdf HTTP/1.0" 404 321 "-" "Mozilla/5.0 (Linux; Android 5.0) AppleWebKit/537.36 (KHTML, like Gecko) Mobile Safari/537.36 (compatible; Bytespider; spider-feedback@bytedance.com)"
220.134.63.96 - - [03/Mar/2025:20:20:56 +0100] "GET / HTTP/1.0" 200 423 "-" "curl/7.88.1"
156.59.198.136 - - [03/Mar/2025:20:41:07 +0100] "GET /renault.activities.at/htdocs/export/pdf/emuc_document/10770625.pdf HTTP/1.0" 404 322 "-" "Mozilla/5.0 (Linux; Android 5.0) AppleWebKit/537.36 (KHTML, like Gecko) Mobile Safari/537.36 (compatible; Bytespider; spider-feedback@bytedance.com)"
109.236.61.115 - - [03/Mar/2025:20:42:57 +0100] "GET / HTTP/1.1" 200 423 "-" "Hello World"
193.68.89.10 - - [03/Mar/2025:20:42:58 +0100] "GET / HTTP/1.1" 200 274 "-" "Mozilla/5.0 (Windows NT 10.0; Win64; x64) AppleWebKit/537.36 (KHTML, like Gecko) Chrome/90.0.4430.85 Safari/537.36 Edg/90.0.818.46"
156.59.198.136 - - [03/Mar/2025:20:45:07 +0100] "GET /renault.activities.at/htdocs/export/pdf/emuc_document/11548411.pdf HTTP/1.0" 404 321 "-" "Mozilla/5.0 (Linux; Android 5.0) AppleWebKit/537.36 (KHTML, like Gecko) Mobile Safari/537.36 (compatible; Bytespider; spider-feedback@bytedance.com)"
156.59.198.136 - - [03/Mar/2025:20:49:10 +0100] "GET /renault.activities.at/htdocs/export/pdf/emuc_document/11126928.pdf HTTP/1.0" 404 321 "-" "Mozilla/5.0 (Linux; Android 5.0) AppleWebKit/537.36 (KHTML, like Gecko) Mobile Safari/537.36 (compatible; Bytespider; spider-feedback@bytedance.com)"
156.59.198.136 - - [03/Mar/2025:20:53:09 +0100] "GET /renault.activities.at/htdocs/export/pdf/emuc_document/11918385.pdf HTTP/1.0" 404 322 "-" "Mozilla/5.0 (Linux; Android 5.0) AppleWebKit/537.36 (KHTML, like Gecko) Mobile Safari/537.36 (compatible; Bytespider; spider-feedback@bytedance.com)"
141.255.166.90 - - [03/Mar/2025:20:55:03 +0100] "GET /cgi-bin/luci/;stok=/locale HTTP/1.1" 404 371 "-" "-"
156.59.198.135 - - [03/Mar/2025:20:57:09 +0100] "GET /renault.activities.at/htdocs/export/pdf/emuc_document/11213638.pdf HTTP/1.0" 404 322 "-" "Mozilla/5.0 (Linux; Android 5.0) AppleWebKit/537.36 (KHTML, like Gecko) Mobile Safari/537.36 (compatible; Bytespider; spider-feedback@bytedance.com)"
156.59.198.136 - - [03/Mar/2025:21:01:09 +0100] "GET /renault.activities.at/htdocs/export/pdf/emuc_document/11581929.pdf HTTP/1.0" 404 321 "-" "Mozilla/5.0 (Linux; Android 5.0) AppleWebKit/537.36 (KHTML, like Gecko) Mobile Safari/537.36 (compatible; Bytespider; spider-feedback@bytedance.com)"
79.1.131.40 - - [03/Mar/2025:21:32:11 +0100] "GET / HTTP/1.0" 200 423 "-" "curl/7.88.1"
141.255.166.90 - - [03/Mar/2025:21:43:31 +0100] "GET /cgi-bin/luci/;stok=/locale HTTP/1.1" 404 371 "-" "-"
18.188.88.215 - - [03/Mar/2025:21:46:16 +0100] "GET / HTTP/1.1" 200 274 "-" "Mozilla/5.0 (Macintosh; Intel Mac OS X 10_15_7) Chrome/126.0.0.0 Safari/537.36"
18.188.88.215 - - [03/Mar/2025:21:46:44 +0100] "GET / HTTP/1.1" 200 274 "-" "Mozilla/5.0 (Macintosh; Intel Mac OS X 10_15_7) Chrome/126.0.0.0 Safari/537.36"
18.188.88.215 - - [03/Mar/2025:21:47:06 +0100] "\x16\x03\x01" 400 383 "-" "-"
18.188.88.215 - - [03/Mar/2025:21:47:13 +0100] "\x16\x03\x01" 400 383 "-" "-"
18.188.88.215 - - [03/Mar/2025:21:47:15 +0100] "SSH-2.0-Go" 400 383 "-" "-"
18.188.88.215 - - [03/Mar/2025:21:49:52 +0100] "" 400 383 "-" "-"
156.59.198.136 - - [03/Mar/2025:21:52:23 +0100] "GET /renault.activities.at/htdocs/export/pdf/emuc_document/10969038.pdf HTTP/1.0" 404 322 "-" "Mozilla/5.0 (Linux; Android 5.0) AppleWebKit/537.36 (KHTML, like Gecko) Mobile Safari/537.36 (compatible; Bytespider; spider-feedback@bytedance.com)"
80.82.77.202 - - [03/Mar/2025:21:58:33 +0100] "GET / HTTP/1.0" 200 423 "-" "Mozilla/5.0 (Macintosh; U; PPC Mac OS X; en-US) AppleWebKit/125.4 (KHTML, like Gecko, Safari) OmniWeb/v563.15"
156.59.198.136 - - [03/Mar/2025:22:02:05 +0100] "GET /renault.activities.at/htdocs/export/pdf/emuc_document/10320071.pdf HTTP/1.0" 404 322 "-" "Mozilla/5.0 (Linux; Android 5.0) AppleWebKit/537.36 (KHTML, like Gecko) Mobile Safari/537.36 (compatible; Bytespider; spider-feedback@bytedance.com)"
156.59.198.136 - - [03/Mar/2025:22:12:16 +0100] "GET /renault.activities.at/htdocs/export/pdf/emuc_document/12040277.pdf HTTP/1.0" 404 322 "-" "Mozilla/5.0 (Linux; Android 5.0) AppleWebKit/537.36 (KHTML, like Gecko) Mobile Safari/537.36 (compatible; Bytespider; spider-feedback@bytedance.com)"
156.59.198.136 - - [03/Mar/2025:22:16:14 +0100] "GET /renault.activities.at/htdocs/export/pdf/emuc_document/11063034.pdf HTTP/1.0" 404 322 "-" "Mozilla/5.0 (Linux; Android 5.0) AppleWebKit/537.36 (KHTML, like Gecko) Mobile Safari/537.36 (compatible; Bytespider; spider-feedback@bytedance.com)"
193.68.89.10 - - [03/Mar/2025:22:21:39 +0100] "GET / HTTP/1.1" 200 274 "-" "Mozilla/5.0 (Windows NT 10.0; Win64; x64) AppleWebKit/537.36 (KHTML, like Gecko) Chrome/90.0.4430.85 Safari/537.36 Edg/90.0.818.46"
156.59.198.135 - - [03/Mar/2025:22:23:43 +0100] "GET /renault.activities.at/htdocs/export/pdf/emuc_document/10892385.pdf HTTP/1.0" 404 322 "-" "Mozilla/5.0 (Linux; Android 5.0) AppleWebKit/537.36 (KHTML, like Gecko) Mobile Safari/537.36 (compatible; Bytespider; spider-feedback@bytedance.com)"
196.251.72.73 - - [03/Mar/2025:22:29:38 +0100] "GET /.git/refs/heads/ HTTP/1.1" 404 287 "-" "Mozilla/5.0 (Windows NT 6.2; ARM; Trident/7.0; Touch; rv:11.0; WPDesktop; NOKIA; Lumia 635) like Gecko"
92.255.57.58 - - [03/Mar/2025:22:50:55 +0100] "GET /?XDEBUG_SESSION_START=phpstorm HTTP/1.1" 200 274 "-" "Mozilla/5.0 (Windows NT 10.0; Win64; x64) AppleWebKit/537.36 (KHTML, like Gecko) Chrome/78.0.3904.108 Safari/537.36"
109.236.61.115 - - [03/Mar/2025:22:52:43 +0100] "GET / HTTP/1.1" 200 423 "-" "Hello World"
122.117.98.41 - - [03/Mar/2025:23:00:55 +0100] "GET / HTTP/1.0" 200 423 "-" "curl/7.88.1"
156.59.198.136 - - [03/Mar/2025:23:07:37 +0100] "GET /renault.activities.at/htdocs/export/pdf/emuc_document/12001877.pdf HTTP/1.0" 404 322 "-" "Mozilla/5.0 (Linux; Android 5.0) AppleWebKit/537.36 (KHTML, like Gecko) Mobile Safari/537.36 (compatible; Bytespider; spider-feedback@bytedance.com)"
205.210.31.170 - - [03/Mar/2025:23:08:38 +0100] "GET / HTTP/1.0" 200 423 "-" "Expanse, a Palo Alto Networks company, searches across the global IPv4 space multiple times per day to identify customers' presences on the Internet. If you would like to be excluded from our scans, please send IP addresses/domains to: scaninfo@paloaltonetworks.com"
156.59.198.136 - - [03/Mar/2025:23:11:39 +0100] "GET /renault.activities.at/htdocs/export/pdf/emuc_document/11354066.pdf HTTP/1.0" 404 322 "-" "Mozilla/5.0 (Linux; Android 5.0) AppleWebKit/537.36 (KHTML, like Gecko) Mobile Safari/537.36 (compatible; Bytespider; spider-feedback@bytedance.com)"
204.76.203.15 - - [03/Mar/2025:23:13:40 +0100] "GET / HTTP/1.1" 200 274 "-" "Mozilla/5.0 (Windows NT 10.0; Win64; x64) AppleWebKit/537.36 (KHTML, like Gecko) Chrome/90.0.4430.85 Safari/537.36 Edg/90.0.818.46"
156.59.198.136 - - [03/Mar/2025:23:19:20 +0100] "GET /renault.activities.at/htdocs/export/pdf/emuc_document/10963688.pdf HTTP/1.0" 404 322 "-" "Mozilla/5.0 (Linux; Android 5.0) AppleWebKit/537.36 (KHTML, like Gecko) Mobile Safari/537.36 (compatible; Bytespider; spider-feedback@bytedance.com)"
156.59.198.136 - - [03/Mar/2025:23:23:22 +0100] "GET /renault.activities.at/htdocs/export/pdf/emuc_document/11293666.pdf HTTP/1.0" 404 322 "-" "Mozilla/5.0 (Linux; Android 5.0) AppleWebKit/537.36 (KHTML, like Gecko) Mobile Safari/537.36 (compatible; Bytespider; spider-feedback@bytedance.com)"
156.59.198.135 - - [03/Mar/2025:23:27:22 +0100] "GET /renault.activities.at/htdocs/export/pdf/emuc_document/10458470.pdf HTTP/1.0" 404 322 "-" "Mozilla/5.0 (Linux; Android 5.0) AppleWebKit/537.36 (KHTML, like Gecko) Mobile Safari/537.36 (compatible; Bytespider; spider-feedback@bytedance.com)"
156.59.198.136 - - [03/Mar/2025:23:53:59 +0100] "GET /renault.activities.at/htdocs/export/pdf/emuc_document/11818808.pdf HTTP/1.0" 404 321 "-" "Mozilla/5.0 (Linux; Android 5.0) AppleWebKit/537.36 (KHTML, like Gecko) Mobile Safari/537.36 (compatible; Bytespider; spider-feedback@bytedance.com)"
156.59.198.136 - - [03/Mar/2025:23:57:59 +0100] "GET /renault.activities.at/htdocs/export/pdf/emuc_document/11133608.pdf HTTP/1.0" 404 322 "-" "Mozilla/5.0 (Linux; Android 5.0) AppleWebKit/537.36 (KHTML, like Gecko) Mobile Safari/537.36 (compatible; Bytespider; spider-feedback@bytedance.com)"
156.59.198.136 - - [04/Mar/2025:00:02:01 +0100] "GET /renault.activities.at/htdocs/export/pdf/emuc_document/10847583.pdf HTTP/1.0" 404 323 "-" "Mozilla/5.0 (Linux; Android 5.0) AppleWebKit/537.36 (KHTML, like Gecko) Mobile Safari/537.36 (compatible; Bytespider; spider-feedback@bytedance.com)"
156.59.198.136 - - [04/Mar/2025:00:06:00 +0100] "GET /renault.activities.at/htdocs/export/pdf/emuc_document/11043622.pdf HTTP/1.0" 404 322 "-" "Mozilla/5.0 (Linux; Android 5.0) AppleWebKit/537.36 (KHTML, like Gecko) Mobile Safari/537.36 (compatible; Bytespider; spider-feedback@bytedance.com)"
156.59.198.135 - - [04/Mar/2025:00:13:24 +0100] "GET /renault.activities.at/htdocs/export/pdf/emuc_document/11170522.pdf HTTP/1.0" 404 321 "-" "Mozilla/5.0 (Linux; Android 5.0) AppleWebKit/537.36 (KHTML, like Gecko) Mobile Safari/537.36 (compatible; Bytespider; spider-feedback@bytedance.com)"
193.68.89.10 - - [04/Mar/2025:00:16:02 +0100] "GET / HTTP/1.1" 200 274 "-" "Mozilla/5.0 (Windows NT 10.0; Win64; x64) AppleWebKit/537.36 (KHTML, like Gecko) Chrome/90.0.4430.85 Safari/537.36 Edg/90.0.818.46"
156.59.198.135 - - [04/Mar/2025:00:17:24 +0100] "GET /renault.activities.at/htdocs/export/pdf/emuc_document/10712410.pdf HTTP/1.0" 404 322 "-" "Mozilla/5.0 (Linux; Android 5.0) AppleWebKit/537.36 (KHTML, like Gecko) Mobile Safari/537.36 (compatible; Bytespider; spider-feedback@bytedance.com)"
109.236.61.115 - - [04/Mar/2025:00:39:02 +0100] "GET / HTTP/1.1" 200 423 "-" "Hello World"
92.255.57.58 - - [04/Mar/2025:00:46:37 +0100] "GET /actuator/gateway/routes HTTP/1.1" 404 293 "-" "Mozilla/5.0 (Windows NT 10.0; Win64; x64) AppleWebKit/537.36 (KHTML, like Gecko) Chrome/78.0.3904.108 Safari/537.36"
156.59.198.136 - - [04/Mar/2025:00:49:32 +0100] "GET /renault.activities.at/htdocs/export/pdf/emuc_document/10753100.pdf HTTP/1.0" 404 322 "-" "Mozilla/5.0 (Linux; Android 5.0) AppleWebKit/537.36 (KHTML, like Gecko) Mobile Safari/537.36 (compatible; Bytespider; spider-feedback@bytedance.com)"
156.59.198.136 - - [04/Mar/2025:00:53:33 +0100] "GET /renault.activities.at/htdocs/export/pdf/emuc_document/10533367.pdf HTTP/1.0" 404 323 "-" "Mozilla/5.0 (Linux; Android 5.0) AppleWebKit/537.36 (KHTML, like Gecko) Mobile Safari/537.36 (compatible; Bytespider; spider-feedback@bytedance.com)"
156.59.198.135 - - [04/Mar/2025:00:57:33 +0100] "GET /renault.activities.at/htdocs/export/pdf/emuc_document/11046093.pdf HTTP/1.0" 404 322 "-" "Mozilla/5.0 (Linux; Android 5.0) AppleWebKit/537.36 (KHTML, like Gecko) Mobile Safari/537.36 (compatible; Bytespider; spider-feedback@bytedance.com)"