77.119.174.15 - - [10/Mar/2025:14:46:17 +0100] "GET /entry.php?id=10271&&ser=614317 HTTP/1.1" 200 987 "http://hausegger.activities.at/entry.php?id=10271&&ser=614257" "Mozilla/5.0 (Windows NT 10.0; Win64; x64; rv:136.0) Gecko/20100101 Firefox/136.0"
77.119.174.15 - - [10/Mar/2025:14:46:18 +0100] "GET /gui/javascript/form_form.js?1741614378 HTTP/1.1" 200 16206 "http://hausegger.activities.at/entry.php?id=10271&&ser=614317" "Mozilla/5.0 (Windows NT 10.0; Win64; x64; rv:136.0) Gecko/20100101 Firefox/136.0"
77.119.174.15 - - [10/Mar/2025:14:46:43 +0100] "GET /entry.php?id=10271&&ser=614343 HTTP/1.1" 200 987 "http://hausegger.activities.at/entry.php?id=10271&&ser=614283" "Mozilla/5.0 (Windows NT 10.0; Win64; x64; rv:136.0) Gecko/20100101 Firefox/136.0"
77.119.174.15 - - [10/Mar/2025:14:46:43 +0100] "GET /gui/javascript/form_form.js?1741614403 HTTP/1.1" 200 16206 "http://hausegger.activities.at/entry.php?id=10271&&ser=614343" "Mozilla/5.0 (Windows NT 10.0; Win64; x64; rv:136.0) Gecko/20100101 Firefox/136.0"
77.119.174.15 - - [10/Mar/2025:14:47:18 +0100] "GET /entry.php?id=10271&&ser=614378 HTTP/1.1" 200 987 "http://hausegger.activities.at/entry.php?id=10271&&ser=614317" "Mozilla/5.0 (Windows NT 10.0; Win64; x64; rv:136.0) Gecko/20100101 Firefox/136.0"
77.119.174.15 - - [10/Mar/2025:14:47:18 +0100] "GET /gui/javascript/form_form.js?1741614438 HTTP/1.1" 200 16206 "http://hausegger.activities.at/entry.php?id=10271&&ser=614378" "Mozilla/5.0 (Windows NT 10.0; Win64; x64; rv:136.0) Gecko/20100101 Firefox/136.0"
77.119.174.15 - - [10/Mar/2025:14:47:44 +0100] "GET /entry.php?id=10271&&ser=614403 HTTP/1.1" 200 988 "http://hausegger.activities.at/entry.php?id=10271&&ser=614343" "Mozilla/5.0 (Windows NT 10.0; Win64; x64; rv:136.0) Gecko/20100101 Firefox/136.0"
77.119.174.15 - - [10/Mar/2025:14:47:44 +0100] "GET /gui/javascript/form_form.js?1741614464 HTTP/1.1" 200 16206 "http://hausegger.activities.at/entry.php?id=10271&&ser=614403" "Mozilla/5.0 (Windows NT 10.0; Win64; x64; rv:136.0) Gecko/20100101 Firefox/136.0"
77.119.174.15 - - [10/Mar/2025:14:48:18 +0100] "GET /entry.php?id=10271&&ser=614438 HTTP/1.1" 200 987 "http://hausegger.activities.at/entry.php?id=10271&&ser=614378" "Mozilla/5.0 (Windows NT 10.0; Win64; x64; rv:136.0) Gecko/20100101 Firefox/136.0"
77.119.174.15 - - [10/Mar/2025:14:48:18 +0100] "GET /gui/javascript/form_form.js?1741614498 HTTP/1.1" 200 16206 "http://hausegger.activities.at/entry.php?id=10271&&ser=614438" "Mozilla/5.0 (Windows NT 10.0; Win64; x64; rv:136.0) Gecko/20100101 Firefox/136.0"
156.59.198.136 - - [10/Mar/2025:14:48:31 +0100] "GET /renault.activities.at/htdocs/export/pdf/emuc_document/11430904.pdf HTTP/1.0" 404 322 "-" "Mozilla/5.0 (Linux; Android 5.0) AppleWebKit/537.36 (KHTML, like Gecko) Mobile Safari/537.36 (compatible; Bytespider; spider-feedback@bytedance.com)"
77.119.174.15 - - [10/Mar/2025:14:48:44 +0100] "GET /entry.php?id=10271&&ser=614464 HTTP/1.1" 200 987 "http://hausegger.activities.at/entry.php?id=10271&&ser=614403" "Mozilla/5.0 (Windows NT 10.0; Win64; x64; rv:136.0) Gecko/20100101 Firefox/136.0"
77.119.174.15 - - [10/Mar/2025:14:48:44 +0100] "GET /gui/javascript/form_form.js?1741614524 HTTP/1.1" 200 16206 "http://hausegger.activities.at/entry.php?id=10271&&ser=614464" "Mozilla/5.0 (Windows NT 10.0; Win64; x64; rv:136.0) Gecko/20100101 Firefox/136.0"
77.119.174.15 - - [10/Mar/2025:14:49:18 +0100] "GET /entry.php?id=10271&&ser=614498 HTTP/1.1" 200 988 "http://hausegger.activities.at/entry.php?id=10271&&ser=614438" "Mozilla/5.0 (Windows NT 10.0; Win64; x64; rv:136.0) Gecko/20100101 Firefox/136.0"
77.119.174.15 - - [10/Mar/2025:14:49:19 +0100] "GET /gui/javascript/form_form.js?1741614558 HTTP/1.1" 200 16206 "http://hausegger.activities.at/entry.php?id=10271&&ser=614498" "Mozilla/5.0 (Windows NT 10.0; Win64; x64; rv:136.0) Gecko/20100101 Firefox/136.0"
77.119.174.15 - - [10/Mar/2025:14:49:44 +0100] "GET /entry.php?id=10271&&ser=614524 HTTP/1.1" 200 987 "http://hausegger.activities.at/entry.php?id=10271&&ser=614464" "Mozilla/5.0 (Windows NT 10.0; Win64; x64; rv:136.0) Gecko/20100101 Firefox/136.0"
77.119.174.15 - - [10/Mar/2025:14:49:45 +0100] "GET /gui/javascript/form_form.js?1741614584 HTTP/1.1" 200 16206 "http://hausegger.activities.at/entry.php?id=10271&&ser=614524" "Mozilla/5.0 (Windows NT 10.0; Win64; x64; rv:136.0) Gecko/20100101 Firefox/136.0"
77.119.174.15 - - [10/Mar/2025:14:50:19 +0100] "GET /entry.php?id=10271&&ser=614558 HTTP/1.1" 200 987 "http://hausegger.activities.at/entry.php?id=10271&&ser=614498" "Mozilla/5.0 (Windows NT 10.0; Win64; x64; rv:136.0) Gecko/20100101 Firefox/136.0"
77.119.174.15 - - [10/Mar/2025:14:50:19 +0100] "GET /gui/javascript/form_form.js?1741614619 HTTP/1.1" 200 16206 "http://hausegger.activities.at/entry.php?id=10271&&ser=614558" "Mozilla/5.0 (Windows NT 10.0; Win64; x64; rv:136.0) Gecko/20100101 Firefox/136.0"
77.119.174.15 - - [10/Mar/2025:14:50:45 +0100] "GET /entry.php?id=10271&&ser=614584 HTTP/1.1" 200 987 "http://hausegger.activities.at/entry.php?id=10271&&ser=614524" "Mozilla/5.0 (Windows NT 10.0; Win64; x64; rv:136.0) Gecko/20100101 Firefox/136.0"
77.119.174.15 - - [10/Mar/2025:14:50:45 +0100] "GET /gui/javascript/form_form.js?1741614645 HTTP/1.1" 200 16206 "http://hausegger.activities.at/entry.php?id=10271&&ser=614584" "Mozilla/5.0 (Windows NT 10.0; Win64; x64; rv:136.0) Gecko/20100101 Firefox/136.0"
185.242.226.116 - - [10/Mar/2025:14:51:16 +0100] "GET / HTTP/1.1" 200 274 "-" "Mozilla/5.0 (Windows NT 10.0; Win64; x64) AppleWebKit/537.36 (KHTML, like Gecko) Chrome/88.0.4324.190 Safari/537.36"
77.119.174.15 - - [10/Mar/2025:14:51:20 +0100] "GET /entry.php?id=10271&&ser=614619 HTTP/1.1" 200 987 "http://hausegger.activities.at/entry.php?id=10271&&ser=614558" "Mozilla/5.0 (Windows NT 10.0; Win64; x64; rv:136.0) Gecko/20100101 Firefox/136.0"
77.119.174.15 - - [10/Mar/2025:14:51:20 +0100] "GET /gui/javascript/form_form.js?1741614680 HTTP/1.1" 200 16206 "http://hausegger.activities.at/entry.php?id=10271&&ser=614619" "Mozilla/5.0 (Windows NT 10.0; Win64; x64; rv:136.0) Gecko/20100101 Firefox/136.0"
77.119.174.15 - - [10/Mar/2025:14:51:45 +0100] "GET /entry.php?id=10271&&ser=614645 HTTP/1.1" 200 987 "http://hausegger.activities.at/entry.php?id=10271&&ser=614584" "Mozilla/5.0 (Windows NT 10.0; Win64; x64; rv:136.0) Gecko/20100101 Firefox/136.0"
77.119.174.15 - - [10/Mar/2025:14:51:45 +0100] "GET /gui/javascript/form_form.js?1741614705 HTTP/1.1" 200 16206 "http://hausegger.activities.at/entry.php?id=10271&&ser=614645" "Mozilla/5.0 (Windows NT 10.0; Win64; x64; rv:136.0) Gecko/20100101 Firefox/136.0"
77.119.174.15 - - [10/Mar/2025:14:52:20 +0100] "GET /entry.php?id=10271&&ser=614680 HTTP/1.1" 200 987 "http://hausegger.activities.at/entry.php?id=10271&&ser=614619" "Mozilla/5.0 (Windows NT 10.0; Win64; x64; rv:136.0) Gecko/20100101 Firefox/136.0"
77.119.174.15 - - [10/Mar/2025:14:52:20 +0100] "GET /gui/javascript/form_form.js?1741614740 HTTP/1.1" 200 16206 "http://hausegger.activities.at/entry.php?id=10271&&ser=614680" "Mozilla/5.0 (Windows NT 10.0; Win64; x64; rv:136.0) Gecko/20100101 Firefox/136.0"
77.119.174.15 - - [10/Mar/2025:14:52:45 +0100] "GET /entry.php?id=10271&&ser=614705 HTTP/1.1" 200 987 "http://hausegger.activities.at/entry.php?id=10271&&ser=614645" "Mozilla/5.0 (Windows NT 10.0; Win64; x64; rv:136.0) Gecko/20100101 Firefox/136.0"
77.119.174.15 - - [10/Mar/2025:14:52:46 +0100] "GET /gui/javascript/form_form.js?1741614765 HTTP/1.1" 200 16206 "http://hausegger.activities.at/entry.php?id=10271&&ser=614705" "Mozilla/5.0 (Windows NT 10.0; Win64; x64; rv:136.0) Gecko/20100101 Firefox/136.0"
156.59.198.135 - - [10/Mar/2025:14:53:09 +0100] "GET /docs/contadino/2017/GS17-000005.pdf HTTP/1.0" 404 302 "-" "Mozilla/5.0 (Linux; Android 5.0) AppleWebKit/537.36 (KHTML, like Gecko) Mobile Safari/537.36 (compatible; Bytespider; spider-feedback@bytedance.com)"
77.119.174.15 - - [10/Mar/2025:14:53:20 +0100] "GET /entry.php?id=10271&&ser=614740 HTTP/1.1" 200 986 "http://hausegger.activities.at/entry.php?id=10271&&ser=614680" "Mozilla/5.0 (Windows NT 10.0; Win64; x64; rv:136.0) Gecko/20100101 Firefox/136.0"
77.119.174.15 - - [10/Mar/2025:14:53:20 +0100] "GET /gui/javascript/form_form.js?1741614800 HTTP/1.1" 200 16206 "http://hausegger.activities.at/entry.php?id=10271&&ser=614740" "Mozilla/5.0 (Windows NT 10.0; Win64; x64; rv:136.0) Gecko/20100101 Firefox/136.0"
77.119.174.15 - - [10/Mar/2025:14:53:46 +0100] "GET /entry.php?id=10271&&ser=614765 HTTP/1.1" 200 987 "http://hausegger.activities.at/entry.php?id=10271&&ser=614705" "Mozilla/5.0 (Windows NT 10.0; Win64; x64; rv:136.0) Gecko/20100101 Firefox/136.0"
77.119.174.15 - - [10/Mar/2025:14:53:46 +0100] "GET /gui/javascript/form_form.js?1741614826 HTTP/1.1" 200 16206 "http://hausegger.activities.at/entry.php?id=10271&&ser=614765" "Mozilla/5.0 (Windows NT 10.0; Win64; x64; rv:136.0) Gecko/20100101 Firefox/136.0"
77.119.174.15 - - [10/Mar/2025:14:54:21 +0100] "GET /entry.php?id=10271&&ser=614800 HTTP/1.1" 200 986 "http://hausegger.activities.at/entry.php?id=10271&&ser=614740" "Mozilla/5.0 (Windows NT 10.0; Win64; x64; rv:136.0) Gecko/20100101 Firefox/136.0"
77.119.174.15 - - [10/Mar/2025:14:54:21 +0100] "GET /gui/javascript/form_form.js?1741614861 HTTP/1.1" 200 16206 "http://hausegger.activities.at/entry.php?id=10271&&ser=614800" "Mozilla/5.0 (Windows NT 10.0; Win64; x64; rv:136.0) Gecko/20100101 Firefox/136.0"
77.119.174.15 - - [10/Mar/2025:14:54:46 +0100] "GET /entry.php?id=10271&&ser=614826 HTTP/1.1" 200 987 "http://hausegger.activities.at/entry.php?id=10271&&ser=614765" "Mozilla/5.0 (Windows NT 10.0; Win64; x64; rv:136.0) Gecko/20100101 Firefox/136.0"
77.119.174.15 - - [10/Mar/2025:14:54:46 +0100] "GET /gui/javascript/form_form.js?1741614886 HTTP/1.1" 200 16206 "http://hausegger.activities.at/entry.php?id=10271&&ser=614826" "Mozilla/5.0 (Windows NT 10.0; Win64; x64; rv:136.0) Gecko/20100101 Firefox/136.0"
77.119.174.15 - - [10/Mar/2025:14:55:21 +0100] "GET /entry.php?id=10271&&ser=614861 HTTP/1.1" 200 987 "http://hausegger.activities.at/entry.php?id=10271&&ser=614800" "Mozilla/5.0 (Windows NT 10.0; Win64; x64; rv:136.0) Gecko/20100101 Firefox/136.0"
77.119.174.15 - - [10/Mar/2025:14:55:21 +0100] "GET /gui/javascript/form_form.js?1741614921 HTTP/1.1" 200 16206 "http://hausegger.activities.at/entry.php?id=10271&&ser=614861" "Mozilla/5.0 (Windows NT 10.0; Win64; x64; rv:136.0) Gecko/20100101 Firefox/136.0"
77.119.174.15 - - [10/Mar/2025:14:55:47 +0100] "GET /entry.php?id=10271&&ser=614886 HTTP/1.1" 200 987 "http://hausegger.activities.at/entry.php?id=10271&&ser=614826" "Mozilla/5.0 (Windows NT 10.0; Win64; x64; rv:136.0) Gecko/20100101 Firefox/136.0"
77.119.174.15 - - [10/Mar/2025:14:55:47 +0100] "GET /gui/javascript/form_form.js?1741614947 HTTP/1.1" 200 16206 "http://hausegger.activities.at/entry.php?id=10271&&ser=614886" "Mozilla/5.0 (Windows NT 10.0; Win64; x64; rv:136.0) Gecko/20100101 Firefox/136.0"
77.119.174.15 - - [10/Mar/2025:14:56:21 +0100] "GET /entry.php?id=10271&&ser=614921 HTTP/1.1" 200 986 "http://hausegger.activities.at/entry.php?id=10271&&ser=614861" "Mozilla/5.0 (Windows NT 10.0; Win64; x64; rv:136.0) Gecko/20100101 Firefox/136.0"
77.119.174.15 - - [10/Mar/2025:14:56:21 +0100] "GET /gui/javascript/form_form.js?1741614981 HTTP/1.1" 200 16206 "http://hausegger.activities.at/entry.php?id=10271&&ser=614921" "Mozilla/5.0 (Windows NT 10.0; Win64; x64; rv:136.0) Gecko/20100101 Firefox/136.0"
77.119.174.15 - - [10/Mar/2025:14:56:47 +0100] "GET /entry.php?id=10271&&ser=614947 HTTP/1.1" 200 986 "http://hausegger.activities.at/entry.php?id=10271&&ser=614886" "Mozilla/5.0 (Windows NT 10.0; Win64; x64; rv:136.0) Gecko/20100101 Firefox/136.0"
77.119.174.15 - - [10/Mar/2025:14:56:47 +0100] "GET /gui/javascript/form_form.js?1741615007 HTTP/1.1" 200 16206 "http://hausegger.activities.at/entry.php?id=10271&&ser=614947" "Mozilla/5.0 (Windows NT 10.0; Win64; x64; rv:136.0) Gecko/20100101 Firefox/136.0"
77.119.174.15 - - [10/Mar/2025:14:57:22 +0100] "GET /entry.php?id=10271&&ser=614981 HTTP/1.1" 200 987 "http://hausegger.activities.at/entry.php?id=10271&&ser=614921" "Mozilla/5.0 (Windows NT 10.0; Win64; x64; rv:136.0) Gecko/20100101 Firefox/136.0"
77.119.174.15 - - [10/Mar/2025:14:57:22 +0100] "GET /gui/javascript/form_form.js?1741615042 HTTP/1.1" 200 16206 "http://hausegger.activities.at/entry.php?id=10271&&ser=614981" "Mozilla/5.0 (Windows NT 10.0; Win64; x64; rv:136.0) Gecko/20100101 Firefox/136.0"
77.119.174.15 - - [10/Mar/2025:14:57:47 +0100] "GET /entry.php?id=10271&&ser=615007 HTTP/1.1" 200 987 "http://hausegger.activities.at/entry.php?id=10271&&ser=614947" "Mozilla/5.0 (Windows NT 10.0; Win64; x64; rv:136.0) Gecko/20100101 Firefox/136.0"
77.119.174.15 - - [10/Mar/2025:14:57:47 +0100] "GET /gui/javascript/form_form.js?1741615067 HTTP/1.1" 200 16206 "http://hausegger.activities.at/entry.php?id=10271&&ser=615007" "Mozilla/5.0 (Windows NT 10.0; Win64; x64; rv:136.0) Gecko/20100101 Firefox/136.0"
77.119.174.15 - - [10/Mar/2025:14:58:22 +0100] "GET /entry.php?id=10271&&ser=615042 HTTP/1.1" 200 986 "http://hausegger.activities.at/entry.php?id=10271&&ser=614981" "Mozilla/5.0 (Windows NT 10.0; Win64; x64; rv:136.0) Gecko/20100101 Firefox/136.0"
77.119.174.15 - - [10/Mar/2025:14:58:22 +0100] "GET /gui/javascript/form_form.js?1741615102 HTTP/1.1" 200 16206 "http://hausegger.activities.at/entry.php?id=10271&&ser=615042" "Mozilla/5.0 (Windows NT 10.0; Win64; x64; rv:136.0) Gecko/20100101 Firefox/136.0"
77.119.174.15 - - [10/Mar/2025:14:58:47 +0100] "GET /entry.php?id=10271&&ser=615067 HTTP/1.1" 200 988 "http://hausegger.activities.at/entry.php?id=10271&&ser=615007" "Mozilla/5.0 (Windows NT 10.0; Win64; x64; rv:136.0) Gecko/20100101 Firefox/136.0"
77.119.174.15 - - [10/Mar/2025:14:58:48 +0100] "GET /gui/javascript/form_form.js?1741615128 HTTP/1.1" 200 16206 "http://hausegger.activities.at/entry.php?id=10271&&ser=615067" "Mozilla/5.0 (Windows NT 10.0; Win64; x64; rv:136.0) Gecko/20100101 Firefox/136.0"
77.119.174.15 - - [10/Mar/2025:14:59:22 +0100] "GET /entry.php?id=10271&&ser=615102 HTTP/1.1" 200 988 "http://hausegger.activities.at/entry.php?id=10271&&ser=615042" "Mozilla/5.0 (Windows NT 10.0; Win64; x64; rv:136.0) Gecko/20100101 Firefox/136.0"
77.119.174.15 - - [10/Mar/2025:14:59:22 +0100] "GET /gui/javascript/form_form.js?1741615162 HTTP/1.1" 200 16206 "http://hausegger.activities.at/entry.php?id=10271&&ser=615102" "Mozilla/5.0 (Windows NT 10.0; Win64; x64; rv:136.0) Gecko/20100101 Firefox/136.0"
77.119.174.15 - - [10/Mar/2025:14:59:48 +0100] "GET /entry.php?id=10271&&ser=615128 HTTP/1.1" 200 986 "http://hausegger.activities.at/entry.php?id=10271&&ser=615067" "Mozilla/5.0 (Windows NT 10.0; Win64; x64; rv:136.0) Gecko/20100101 Firefox/136.0"
77.119.174.15 - - [10/Mar/2025:14:59:48 +0100] "GET /gui/javascript/form_form.js?1741615188 HTTP/1.1" 200 16206 "http://hausegger.activities.at/entry.php?id=10271&&ser=615128" "Mozilla/5.0 (Windows NT 10.0; Win64; x64; rv:136.0) Gecko/20100101 Firefox/136.0"
77.119.174.15 - - [10/Mar/2025:15:00:23 +0100] "GET /entry.php?id=10271&&ser=615162 HTTP/1.1" 200 987 "http://hausegger.activities.at/entry.php?id=10271&&ser=615102" "Mozilla/5.0 (Windows NT 10.0; Win64; x64; rv:136.0) Gecko/20100101 Firefox/136.0"
77.119.174.15 - - [10/Mar/2025:15:00:23 +0100] "GET /gui/javascript/form_form.js?1741615223 HTTP/1.1" 200 16206 "http://hausegger.activities.at/entry.php?id=10271&&ser=615162" "Mozilla/5.0 (Windows NT 10.0; Win64; x64; rv:136.0) Gecko/20100101 Firefox/136.0"
77.119.174.15 - - [10/Mar/2025:15:00:48 +0100] "GET /entry.php?id=10271&&ser=615188 HTTP/1.1" 200 987 "http://hausegger.activities.at/entry.php?id=10271&&ser=615128" "Mozilla/5.0 (Windows NT 10.0; Win64; x64; rv:136.0) Gecko/20100101 Firefox/136.0"
77.119.174.15 - - [10/Mar/2025:15:00:48 +0100] "GET /gui/javascript/form_form.js?1741615248 HTTP/1.1" 200 16206 "http://hausegger.activities.at/entry.php?id=10271&&ser=615188" "Mozilla/5.0 (Windows NT 10.0; Win64; x64; rv:136.0) Gecko/20100101 Firefox/136.0"
77.119.174.15 - - [10/Mar/2025:15:01:23 +0100] "GET /entry.php?id=10271&&ser=615223 HTTP/1.1" 200 987 "http://hausegger.activities.at/entry.php?id=10271&&ser=615162" "Mozilla/5.0 (Windows NT 10.0; Win64; x64; rv:136.0) Gecko/20100101 Firefox/136.0"
77.119.174.15 - - [10/Mar/2025:15:01:23 +0100] "GET /gui/javascript/form_form.js?1741615283 HTTP/1.1" 200 16206 "http://hausegger.activities.at/entry.php?id=10271&&ser=615223" "Mozilla/5.0 (Windows NT 10.0; Win64; x64; rv:136.0) Gecko/20100101 Firefox/136.0"
77.119.174.15 - - [10/Mar/2025:15:01:49 +0100] "GET /entry.php?id=10271&&ser=615248 HTTP/1.1" 200 987 "http://hausegger.activities.at/entry.php?id=10271&&ser=615188" "Mozilla/5.0 (Windows NT 10.0; Win64; x64; rv:136.0) Gecko/20100101 Firefox/136.0"
77.119.174.15 - - [10/Mar/2025:15:01:49 +0100] "GET /gui/javascript/form_form.js?1741615309 HTTP/1.1" 200 16206 "http://hausegger.activities.at/entry.php?id=10271&&ser=615248" "Mozilla/5.0 (Windows NT 10.0; Win64; x64; rv:136.0) Gecko/20100101 Firefox/136.0"
194.38.23.16 - - [10/Mar/2025:15:02:10 +0100] "GET /assets/plugins/plugins/elrte/src/elrte.src.html HTTP/1.1" 404 399 "-" "ALittle Client"
194.38.23.16 - - [10/Mar/2025:15:02:14 +0100] "GET /assets/global/plugins/plugins/elrte/src/elrte.src.html HTTP/1.1" 404 419 "-" "ALittle Client"
194.38.23.16 - - [10/Mar/2025:15:02:14 +0100] "GET /public/assets/plugins/plugins/elrte/src/elrte.src.html HTTP/1.1" 404 419 "-" "ALittle Client"
77.119.174.15 - - [10/Mar/2025:15:02:23 +0100] "GET /entry.php?id=10271&&ser=615283 HTTP/1.1" 200 987 "http://hausegger.activities.at/entry.php?id=10271&&ser=615223" "Mozilla/5.0 (Windows NT 10.0; Win64; x64; rv:136.0) Gecko/20100101 Firefox/136.0"
77.119.174.15 - - [10/Mar/2025:15:02:24 +0100] "GET /gui/javascript/form_form.js?1741615343 HTTP/1.1" 200 16206 "http://hausegger.activities.at/entry.php?id=10271&&ser=615283" "Mozilla/5.0 (Windows NT 10.0; Win64; x64; rv:136.0) Gecko/20100101 Firefox/136.0"
77.119.174.15 - - [10/Mar/2025:15:02:49 +0100] "GET /entry.php?id=10271&&ser=615309 HTTP/1.1" 200 987 "http://hausegger.activities.at/entry.php?id=10271&&ser=615248" "Mozilla/5.0 (Windows NT 10.0; Win64; x64; rv:136.0) Gecko/20100101 Firefox/136.0"
77.119.174.15 - - [10/Mar/2025:15:02:49 +0100] "GET /gui/javascript/form_form.js?1741615369 HTTP/1.1" 200 16206 "http://hausegger.activities.at/entry.php?id=10271&&ser=615309" "Mozilla/5.0 (Windows NT 10.0; Win64; x64; rv:136.0) Gecko/20100101 Firefox/136.0"
77.119.174.15 - - [10/Mar/2025:15:03:24 +0100] "GET /entry.php?id=10271&&ser=615343 HTTP/1.1" 200 987 "http://hausegger.activities.at/entry.php?id=10271&&ser=615283" "Mozilla/5.0 (Windows NT 10.0; Win64; x64; rv:136.0) Gecko/20100101 Firefox/136.0"
77.119.174.15 - - [10/Mar/2025:15:03:24 +0100] "GET /gui/javascript/form_form.js?1741615404 HTTP/1.1" 200 16206 "http://hausegger.activities.at/entry.php?id=10271&&ser=615343" "Mozilla/5.0 (Windows NT 10.0; Win64; x64; rv:136.0) Gecko/20100101 Firefox/136.0"
196.251.85.250 - - [10/Mar/2025:15:03:40 +0100] "GET /login.rsp HTTP/1.1" 404 354 "-" "Hello World"
77.119.174.15 - - [10/Mar/2025:15:03:49 +0100] "GET /entry.php?id=10271&&ser=615369 HTTP/1.1" 200 987 "http://hausegger.activities.at/entry.php?id=10271&&ser=615309" "Mozilla/5.0 (Windows NT 10.0; Win64; x64; rv:136.0) Gecko/20100101 Firefox/136.0"
77.119.174.15 - - [10/Mar/2025:15:03:49 +0100] "GET /gui/javascript/form_form.js?1741615429 HTTP/1.1" 200 16206 "http://hausegger.activities.at/entry.php?id=10271&&ser=615369" "Mozilla/5.0 (Windows NT 10.0; Win64; x64; rv:136.0) Gecko/20100101 Firefox/136.0"
77.119.174.15 - - [10/Mar/2025:15:04:24 +0100] "GET /entry.php?id=10271&&ser=615404 HTTP/1.1" 200 987 "http://hausegger.activities.at/entry.php?id=10271&&ser=615343" "Mozilla/5.0 (Windows NT 10.0; Win64; x64; rv:136.0) Gecko/20100101 Firefox/136.0"
77.119.174.15 - - [10/Mar/2025:15:04:24 +0100] "GET /gui/javascript/form_form.js?1741615464 HTTP/1.1" 200 16206 "http://hausegger.activities.at/entry.php?id=10271&&ser=615404" "Mozilla/5.0 (Windows NT 10.0; Win64; x64; rv:136.0) Gecko/20100101 Firefox/136.0"
77.119.174.15 - - [10/Mar/2025:15:04:50 +0100] "GET /entry.php?id=10271&&ser=615429 HTTP/1.1" 200 987 "http://hausegger.activities.at/entry.php?id=10271&&ser=615369" "Mozilla/5.0 (Windows NT 10.0; Win64; x64; rv:136.0) Gecko/20100101 Firefox/136.0"
77.119.174.15 - - [10/Mar/2025:15:04:50 +0100] "GET /gui/javascript/form_form.js?1741615490 HTTP/1.1" 200 16206 "http://hausegger.activities.at/entry.php?id=10271&&ser=615429" "Mozilla/5.0 (Windows NT 10.0; Win64; x64; rv:136.0) Gecko/20100101 Firefox/136.0"
77.119.174.15 - - [10/Mar/2025:15:05:24 +0100] "GET /entry.php?id=10271&&ser=615464 HTTP/1.1" 200 988 "http://hausegger.activities.at/entry.php?id=10271&&ser=615404" "Mozilla/5.0 (Windows NT 10.0; Win64; x64; rv:136.0) Gecko/20100101 Firefox/136.0"
77.119.174.15 - - [10/Mar/2025:15:05:24 +0100] "GET /gui/javascript/form_form.js?1741615524 HTTP/1.1" 200 16206 "http://hausegger.activities.at/entry.php?id=10271&&ser=615464" "Mozilla/5.0 (Windows NT 10.0; Win64; x64; rv:136.0) Gecko/20100101 Firefox/136.0"
77.119.174.15 - - [10/Mar/2025:15:06:25 +0100] "GET /entry.php?id=10271&&ser=615524 HTTP/1.1" 200 988 "http://hausegger.activities.at/entry.php?id=10271&&ser=615464" "Mozilla/5.0 (Windows NT 10.0; Win64; x64; rv:136.0) Gecko/20100101 Firefox/136.0"
77.119.174.15 - - [10/Mar/2025:15:06:25 +0100] "GET /gui/javascript/form_form.js?1741615585 HTTP/1.1" 200 16206 "http://hausegger.activities.at/entry.php?id=10271&&ser=615524" "Mozilla/5.0 (Windows NT 10.0; Win64; x64; rv:136.0) Gecko/20100101 Firefox/136.0"
77.119.174.15 - - [10/Mar/2025:15:07:25 +0100] "GET /entry.php?id=10271&&ser=615585 HTTP/1.1" 200 988 "http://hausegger.activities.at/entry.php?id=10271&&ser=615524" "Mozilla/5.0 (Windows NT 10.0; Win64; x64; rv:136.0) Gecko/20100101 Firefox/136.0"
77.119.174.15 - - [10/Mar/2025:15:07:25 +0100] "GET /gui/javascript/form_form.js?1741615645 HTTP/1.1" 200 16206 "http://hausegger.activities.at/entry.php?id=10271&&ser=615585" "Mozilla/5.0 (Windows NT 10.0; Win64; x64; rv:136.0) Gecko/20100101 Firefox/136.0"
77.119.174.15 - - [10/Mar/2025:15:08:25 +0100] "GET /entry.php?id=10271&&ser=615645 HTTP/1.1" 200 988 "http://hausegger.activities.at/entry.php?id=10271&&ser=615585" "Mozilla/5.0 (Windows NT 10.0; Win64; x64; rv:136.0) Gecko/20100101 Firefox/136.0"
77.119.174.15 - - [10/Mar/2025:15:08:25 +0100] "GET /gui/javascript/form_form.js?1741615705 HTTP/1.1" 200 16206 "http://hausegger.activities.at/entry.php?id=10271&&ser=615645" "Mozilla/5.0 (Windows NT 10.0; Win64; x64; rv:136.0) Gecko/20100101 Firefox/136.0"
77.119.174.15 - - [10/Mar/2025:15:09:26 +0100] "GET /entry.php?id=10271&&ser=615705 HTTP/1.1" 200 987 "http://hausegger.activities.at/entry.php?id=10271&&ser=615645" "Mozilla/5.0 (Windows NT 10.0; Win64; x64; rv:136.0) Gecko/20100101 Firefox/136.0"
77.119.174.15 - - [10/Mar/2025:15:09:26 +0100] "GET /gui/javascript/form_form.js?1741615766 HTTP/1.1" 200 16206 "http://hausegger.activities.at/entry.php?id=10271&&ser=615705" "Mozilla/5.0 (Windows NT 10.0; Win64; x64; rv:136.0) Gecko/20100101 Firefox/136.0"
139.162.71.210 - - [10/Mar/2025:15:10:10 +0100] "GET / HTTP/1.1" 200 274 "-" "Mozilla/5.0 zgrab/0.x"
77.119.174.15 - - [10/Mar/2025:15:10:26 +0100] "GET /entry.php?id=10271&&ser=615766 HTTP/1.1" 200 987 "http://hausegger.activities.at/entry.php?id=10271&&ser=615705" "Mozilla/5.0 (Windows NT 10.0; Win64; x64; rv:136.0) Gecko/20100101 Firefox/136.0"
77.119.174.15 - - [10/Mar/2025:15:10:26 +0100] "GET /gui/javascript/form_form.js?1741615826 HTTP/1.1" 200 16206 "http://hausegger.activities.at/entry.php?id=10271&&ser=615766" "Mozilla/5.0 (Windows NT 10.0; Win64; x64; rv:136.0) Gecko/20100101 Firefox/136.0"
77.119.174.15 - - [10/Mar/2025:15:11:26 +0100] "GET /entry.php?id=10271&&ser=615826 HTTP/1.1" 200 987 "http://hausegger.activities.at/entry.php?id=10271&&ser=615766" "Mozilla/5.0 (Windows NT 10.0; Win64; x64; rv:136.0) Gecko/20100101 Firefox/136.0"
77.119.174.15 - - [10/Mar/2025:15:11:26 +0100] "GET /gui/javascript/form_form.js?1741615886 HTTP/1.1" 200 16206 "http://hausegger.activities.at/entry.php?id=10271&&ser=615826" "Mozilla/5.0 (Windows NT 10.0; Win64; x64; rv:136.0) Gecko/20100101 Firefox/136.0"
77.119.174.15 - - [10/Mar/2025:15:12:27 +0100] "GET /entry.php?id=10271&&ser=615886 HTTP/1.1" 200 987 "http://hausegger.activities.at/entry.php?id=10271&&ser=615826" "Mozilla/5.0 (Windows NT 10.0; Win64; x64; rv:136.0) Gecko/20100101 Firefox/136.0"
77.119.174.15 - - [10/Mar/2025:15:12:27 +0100] "GET /gui/javascript/form_form.js?1741615947 HTTP/1.1" 200 16206 "http://hausegger.activities.at/entry.php?id=10271&&ser=615886" "Mozilla/5.0 (Windows NT 10.0; Win64; x64; rv:136.0) Gecko/20100101 Firefox/136.0"
77.119.174.15 - - [10/Mar/2025:15:13:27 +0100] "GET /entry.php?id=10271&&ser=615947 HTTP/1.1" 200 987 "http://hausegger.activities.at/entry.php?id=10271&&ser=615886" "Mozilla/5.0 (Windows NT 10.0; Win64; x64; rv:136.0) Gecko/20100101 Firefox/136.0"
77.119.174.15 - - [10/Mar/2025:15:13:27 +0100] "GET /gui/javascript/form_form.js?1741616007 HTTP/1.1" 200 16206 "http://hausegger.activities.at/entry.php?id=10271&&ser=615947" "Mozilla/5.0 (Windows NT 10.0; Win64; x64; rv:136.0) Gecko/20100101 Firefox/136.0"
77.119.174.15 - - [10/Mar/2025:15:14:27 +0100] "GET /entry.php?id=10271&&ser=616007 HTTP/1.1" 200 987 "http://hausegger.activities.at/entry.php?id=10271&&ser=615947" "Mozilla/5.0 (Windows NT 10.0; Win64; x64; rv:136.0) Gecko/20100101 Firefox/136.0"
77.119.174.15 - - [10/Mar/2025:15:14:27 +0100] "GET /gui/javascript/form_form.js?1741616067 HTTP/1.1" 200 16206 "http://hausegger.activities.at/entry.php?id=10271&&ser=616007" "Mozilla/5.0 (Windows NT 10.0; Win64; x64; rv:136.0) Gecko/20100101 Firefox/136.0"
77.119.174.15 - - [10/Mar/2025:15:15:28 +0100] "GET /entry.php?id=10271&&ser=616067 HTTP/1.1" 200 987 "http://hausegger.activities.at/entry.php?id=10271&&ser=616007" "Mozilla/5.0 (Windows NT 10.0; Win64; x64; rv:136.0) Gecko/20100101 Firefox/136.0"
77.119.174.15 - - [10/Mar/2025:15:15:28 +0100] "GET /gui/javascript/form_form.js?1741616128 HTTP/1.1" 200 16206 "http://hausegger.activities.at/entry.php?id=10271&&ser=616067" "Mozilla/5.0 (Windows NT 10.0; Win64; x64; rv:136.0) Gecko/20100101 Firefox/136.0"
77.119.174.15 - - [10/Mar/2025:15:16:28 +0100] "GET /entry.php?id=10271&&ser=616128 HTTP/1.1" 200 986 "http://hausegger.activities.at/entry.php?id=10271&&ser=616067" "Mozilla/5.0 (Windows NT 10.0; Win64; x64; rv:136.0) Gecko/20100101 Firefox/136.0"
77.119.174.15 - - [10/Mar/2025:15:16:28 +0100] "GET /gui/javascript/form_form.js?1741616188 HTTP/1.1" 200 16206 "http://hausegger.activities.at/entry.php?id=10271&&ser=616128" "Mozilla/5.0 (Windows NT 10.0; Win64; x64; rv:136.0) Gecko/20100101 Firefox/136.0"
77.119.174.15 - - [10/Mar/2025:15:17:28 +0100] "GET /entry.php?id=10271&&ser=616188 HTTP/1.1" 200 987 "http://hausegger.activities.at/entry.php?id=10271&&ser=616128" "Mozilla/5.0 (Windows NT 10.0; Win64; x64; rv:136.0) Gecko/20100101 Firefox/136.0"
77.119.174.15 - - [10/Mar/2025:15:17:28 +0100] "GET /gui/javascript/form_form.js?1741616248 HTTP/1.1" 200 16206 "http://hausegger.activities.at/entry.php?id=10271&&ser=616188" "Mozilla/5.0 (Windows NT 10.0; Win64; x64; rv:136.0) Gecko/20100101 Firefox/136.0"
198.199.86.215 - - [10/Mar/2025:15:18:28 +0100] "\x16\x03\x01" 400 383 "-" "-"
198.199.86.215 - - [10/Mar/2025:15:18:28 +0100] "\x16\x03\x01" 400 383 "-" "-"
198.199.86.215 - - [10/Mar/2025:15:18:28 +0100] "GET / HTTP/1.1" 200 274 "-" "Mozilla/5.0 (Windows NT 10.0; Win64; x64) AppleWebKit/537.36 (KHTML, like Gecko) Chrome/108.0.0.0 Safari/537.36"
198.199.86.215 - - [10/Mar/2025:15:18:28 +0100] "GET /form.html HTTP/1.1" 404 283 "-" "curl/8.1.2"
198.199.86.215 - - [10/Mar/2025:15:18:28 +0100] "GET /upl.php HTTP/1.1" 404 282 "-" "Mozilla/5.0"
77.119.174.15 - - [10/Mar/2025:15:18:29 +0100] "GET /entry.php?id=10271&&ser=616248 HTTP/1.1" 200 987 "http://hausegger.activities.at/entry.php?id=10271&&ser=616188" "Mozilla/5.0 (Windows NT 10.0; Win64; x64; rv:136.0) Gecko/20100101 Firefox/136.0"
198.199.86.215 - - [10/Mar/2025:15:18:29 +0100] "GET /t4 HTTP/1.1" 404 278 "-" "Mozilla/5.0"
77.119.174.15 - - [10/Mar/2025:15:18:29 +0100] "GET /gui/javascript/form_form.js?1741616309 HTTP/1.1" 200 16206 "http://hausegger.activities.at/entry.php?id=10271&&ser=616248" "Mozilla/5.0 (Windows NT 10.0; Win64; x64; rv:136.0) Gecko/20100101 Firefox/136.0"
198.199.86.215 - - [10/Mar/2025:15:18:29 +0100] "GET /geoip/ HTTP/1.1" 404 281 "-" "Mozilla/5.0 (Windows NT 10.0; Win64; x64) AppleWebKit/537.36 (KHTML, like Gecko) Chrome/108.0.0.0 Safari/537.36"
198.199.86.215 - - [10/Mar/2025:15:18:29 +0100] "GET /favicon.ico HTTP/1.1" 404 284 "-" "Mozilla/5.0 (Windows NT 10.0; Win64; x64) AppleWebKit/537.36 (KHTML, like Gecko) Chrome/108.0.0.0 Safari/537.36"
198.199.86.215 - - [10/Mar/2025:15:18:29 +0100] "GET /1.php HTTP/1.1" 404 280 "-" "Mozilla/5.0 (Windows NT 10.0; Win64; x64) AppleWebKit/537.36 (KHTML, like Gecko) Chrome/108.0.0.0 Safari/537.36"
198.199.86.215 - - [10/Mar/2025:15:18:30 +0100] "GET /systembc/password.php HTTP/1.1" 404 291 "-" "Mozilla/5.0 (Windows NT 10.0; Win64; x64) AppleWebKit/537.36 (KHTML, like Gecko) Chrome/108.0.0.0 Safari/537.36"
198.199.86.215 - - [10/Mar/2025:15:18:30 +0100] "GET /password.php HTTP/1.1" 404 285 "-" "Mozilla/5.0 (Windows NT 10.0; Win64; x64) AppleWebKit/537.36 (KHTML, like Gecko) Chrome/108.0.0.0 Safari/537.36"
156.59.198.135 - - [10/Mar/2025:15:19:28 +0100] "GET /renault.activities.at/htdocs/export/pdf/emuc_document/11125039.pdf HTTP/1.0" 404 322 "-" "Mozilla/5.0 (Linux; Android 5.0) AppleWebKit/537.36 (KHTML, like Gecko) Mobile Safari/537.36 (compatible; Bytespider; spider-feedback@bytedance.com)"
77.119.174.15 - - [10/Mar/2025:15:19:29 +0100] "GET /entry.php?id=10271&&ser=616309 HTTP/1.1" 200 987 "http://hausegger.activities.at/entry.php?id=10271&&ser=616248" "Mozilla/5.0 (Windows NT 10.0; Win64; x64; rv:136.0) Gecko/20100101 Firefox/136.0"
77.119.174.15 - - [10/Mar/2025:15:19:29 +0100] "GET /gui/javascript/form_form.js?1741616369 HTTP/1.1" 200 16206 "http://hausegger.activities.at/entry.php?id=10271&&ser=616309" "Mozilla/5.0 (Windows NT 10.0; Win64; x64; rv:136.0) Gecko/20100101 Firefox/136.0"
77.119.174.15 - - [10/Mar/2025:15:20:29 +0100] "GET /entry.php?id=10271&&ser=616369 HTTP/1.1" 200 987 "http://hausegger.activities.at/entry.php?id=10271&&ser=616309" "Mozilla/5.0 (Windows NT 10.0; Win64; x64; rv:136.0) Gecko/20100101 Firefox/136.0"
77.119.174.15 - - [10/Mar/2025:15:20:30 +0100] "GET /gui/javascript/form_form.js?1741616429 HTTP/1.1" 200 16206 "http://hausegger.activities.at/entry.php?id=10271&&ser=616369" "Mozilla/5.0 (Windows NT 10.0; Win64; x64; rv:136.0) Gecko/20100101 Firefox/136.0"
154.81.156.7 - - [10/Mar/2025:15:20:53 +0100] "GET / HTTP/1.1" 200 274 "-" "Mozilla/5.0 (Windows NT 10.0; Win64; x64) AppleWebKit/537.36 (KHTML, like Gecko) Chrome/90.0.4430.85 Safari/537.36 Edg/90.0.818.46"
77.119.174.15 - - [10/Mar/2025:15:21:30 +0100] "GET /entry.php?id=10271&&ser=616429 HTTP/1.1" 200 987 "http://hausegger.activities.at/entry.php?id=10271&&ser=616369" "Mozilla/5.0 (Windows NT 10.0; Win64; x64; rv:136.0) Gecko/20100101 Firefox/136.0"
77.119.174.15 - - [10/Mar/2025:15:21:30 +0100] "GET /gui/javascript/form_form.js?1741616490 HTTP/1.1" 200 16206 "http://hausegger.activities.at/entry.php?id=10271&&ser=616429" "Mozilla/5.0 (Windows NT 10.0; Win64; x64; rv:136.0) Gecko/20100101 Firefox/136.0"
77.119.174.15 - - [10/Mar/2025:15:22:30 +0100] "GET /entry.php?id=10271&&ser=616490 HTTP/1.1" 200 988 "http://hausegger.activities.at/entry.php?id=10271&&ser=616429" "Mozilla/5.0 (Windows NT 10.0; Win64; x64; rv:136.0) Gecko/20100101 Firefox/136.0"
77.119.174.15 - - [10/Mar/2025:15:22:30 +0100] "GET /gui/javascript/form_form.js?1741616550 HTTP/1.1" 200 16206 "http://hausegger.activities.at/entry.php?id=10271&&ser=616490" "Mozilla/5.0 (Windows NT 10.0; Win64; x64; rv:136.0) Gecko/20100101 Firefox/136.0"
156.59.198.135 - - [10/Mar/2025:15:23:28 +0100] "GET /docs/contadino/2018/RECHNUNG/RE18-00009.pdf HTTP/1.0" 404 308 "-" "Mozilla/5.0 (Linux; Android 5.0) AppleWebKit/537.36 (KHTML, like Gecko) Mobile Safari/537.36 (compatible; Bytespider; spider-feedback@bytedance.com)"
77.119.174.15 - - [10/Mar/2025:15:23:30 +0100] "GET /entry.php?id=10271&&ser=616550 HTTP/1.1" 200 987 "http://hausegger.activities.at/entry.php?id=10271&&ser=616490" "Mozilla/5.0 (Windows NT 10.0; Win64; x64; rv:136.0) Gecko/20100101 Firefox/136.0"
77.119.174.15 - - [10/Mar/2025:15:23:31 +0100] "GET /gui/javascript/form_form.js?1741616610 HTTP/1.1" 200 16206 "http://hausegger.activities.at/entry.php?id=10271&&ser=616550" "Mozilla/5.0 (Windows NT 10.0; Win64; x64; rv:136.0) Gecko/20100101 Firefox/136.0"
77.119.174.15 - - [10/Mar/2025:15:24:31 +0100] "GET /entry.php?id=10271&&ser=616610 HTTP/1.1" 200 987 "http://hausegger.activities.at/entry.php?id=10271&&ser=616550" "Mozilla/5.0 (Windows NT 10.0; Win64; x64; rv:136.0) Gecko/20100101 Firefox/136.0"
77.119.174.15 - - [10/Mar/2025:15:24:31 +0100] "GET /gui/javascript/form_form.js?1741616671 HTTP/1.1" 200 16206 "http://hausegger.activities.at/entry.php?id=10271&&ser=616610" "Mozilla/5.0 (Windows NT 10.0; Win64; x64; rv:136.0) Gecko/20100101 Firefox/136.0"
77.119.174.15 - - [10/Mar/2025:15:25:31 +0100] "GET /entry.php?id=10271&&ser=616671 HTTP/1.1" 200 987 "http://hausegger.activities.at/entry.php?id=10271&&ser=616610" "Mozilla/5.0 (Windows NT 10.0; Win64; x64; rv:136.0) Gecko/20100101 Firefox/136.0"
77.119.174.15 - - [10/Mar/2025:15:25:31 +0100] "GET /gui/javascript/form_form.js?1741616731 HTTP/1.1" 200 16206 "http://hausegger.activities.at/entry.php?id=10271&&ser=616671" "Mozilla/5.0 (Windows NT 10.0; Win64; x64; rv:136.0) Gecko/20100101 Firefox/136.0"
77.119.174.15 - - [10/Mar/2025:15:26:31 +0100] "GET /entry.php?id=10271&&ser=616731 HTTP/1.1" 200 987 "http://hausegger.activities.at/entry.php?id=10271&&ser=616671" "Mozilla/5.0 (Windows NT 10.0; Win64; x64; rv:136.0) Gecko/20100101 Firefox/136.0"
77.119.174.15 - - [10/Mar/2025:15:26:32 +0100] "GET /gui/javascript/form_form.js?1741616791 HTTP/1.1" 200 16206 "http://hausegger.activities.at/entry.php?id=10271&&ser=616731" "Mozilla/5.0 (Windows NT 10.0; Win64; x64; rv:136.0) Gecko/20100101 Firefox/136.0"
156.59.198.136 - - [10/Mar/2025:15:27:28 +0100] "GET /renault.activities.at/htdocs/export/pdf/emuc_document/11907427.pdf HTTP/1.0" 404 322 "-" "Mozilla/5.0 (Linux; Android 5.0) AppleWebKit/537.36 (KHTML, like Gecko) Mobile Safari/537.36 (compatible; Bytespider; spider-feedback@bytedance.com)"
77.119.174.15 - - [10/Mar/2025:15:27:32 +0100] "GET /entry.php?id=10271&&ser=616791 HTTP/1.1" 200 987 "http://hausegger.activities.at/entry.php?id=10271&&ser=616731" "Mozilla/5.0 (Windows NT 10.0; Win64; x64; rv:136.0) Gecko/20100101 Firefox/136.0"
77.119.174.15 - - [10/Mar/2025:15:27:32 +0100] "GET /gui/javascript/form_form.js?1741616852 HTTP/1.1" 200 16206 "http://hausegger.activities.at/entry.php?id=10271&&ser=616791" "Mozilla/5.0 (Windows NT 10.0; Win64; x64; rv:136.0) Gecko/20100101 Firefox/136.0"
185.242.226.116 - - [10/Mar/2025:15:28:28 +0100] "GET /activities.ico HTTP/1.1" 200 1406 "-" "python-requests/2.26.0"
185.242.226.116 - - [10/Mar/2025:15:28:28 +0100] "GET / HTTP/1.1" 200 274 "-" "python-requests/2.26.0"
77.119.174.15 - - [10/Mar/2025:15:28:32 +0100] "GET /entry.php?id=10271&&ser=616852 HTTP/1.1" 200 988 "http://hausegger.activities.at/entry.php?id=10271&&ser=616791" "Mozilla/5.0 (Windows NT 10.0; Win64; x64; rv:136.0) Gecko/20100101 Firefox/136.0"
77.119.174.15 - - [10/Mar/2025:15:28:32 +0100] "GET /gui/javascript/form_form.js?1741616912 HTTP/1.1" 200 16206 "http://hausegger.activities.at/entry.php?id=10271&&ser=616852" "Mozilla/5.0 (Windows NT 10.0; Win64; x64; rv:136.0) Gecko/20100101 Firefox/136.0"
77.119.174.15 - - [10/Mar/2025:15:29:32 +0100] "GET /entry.php?id=10271&&ser=616912 HTTP/1.1" 200 987 "http://hausegger.activities.at/entry.php?id=10271&&ser=616852" "Mozilla/5.0 (Windows NT 10.0; Win64; x64; rv:136.0) Gecko/20100101 Firefox/136.0"
77.119.174.15 - - [10/Mar/2025:15:29:33 +0100] "GET /gui/javascript/form_form.js?1741616972 HTTP/1.1" 200 16206 "http://hausegger.activities.at/entry.php?id=10271&&ser=616912" "Mozilla/5.0 (Windows NT 10.0; Win64; x64; rv:136.0) Gecko/20100101 Firefox/136.0"
77.119.174.15 - - [10/Mar/2025:15:30:33 +0100] "GET /entry.php?id=10271&&ser=616972 HTTP/1.1" 200 987 "http://hausegger.activities.at/entry.php?id=10271&&ser=616912" "Mozilla/5.0 (Windows NT 10.0; Win64; x64; rv:136.0) Gecko/20100101 Firefox/136.0"
77.119.174.15 - - [10/Mar/2025:15:30:33 +0100] "GET /gui/javascript/form_form.js?1741617033 HTTP/1.1" 200 16206 "http://hausegger.activities.at/entry.php?id=10271&&ser=616972" "Mozilla/5.0 (Windows NT 10.0; Win64; x64; rv:136.0) Gecko/20100101 Firefox/136.0"
156.59.198.135 - - [10/Mar/2025:15:31:29 +0100] "GET /docs/contadino/2017/GS17-000004.pdf HTTP/1.0" 404 301 "-" "Mozilla/5.0 (Linux; Android 5.0) AppleWebKit/537.36 (KHTML, like Gecko) Mobile Safari/537.36 (compatible; Bytespider; spider-feedback@bytedance.com)"
77.119.174.15 - - [10/Mar/2025:15:31:33 +0100] "GET /entry.php?id=10271&&ser=617033 HTTP/1.1" 200 987 "http://hausegger.activities.at/entry.php?id=10271&&ser=616972" "Mozilla/5.0 (Windows NT 10.0; Win64; x64; rv:136.0) Gecko/20100101 Firefox/136.0"
77.119.174.15 - - [10/Mar/2025:15:31:33 +0100] "GET /gui/javascript/form_form.js?1741617093 HTTP/1.1" 200 16206 "http://hausegger.activities.at/entry.php?id=10271&&ser=617033" "Mozilla/5.0 (Windows NT 10.0; Win64; x64; rv:136.0) Gecko/20100101 Firefox/136.0"
77.119.174.15 - - [10/Mar/2025:15:32:33 +0100] "GET /entry.php?id=10271&&ser=617093 HTTP/1.1" 200 987 "http://hausegger.activities.at/entry.php?id=10271&&ser=617033" "Mozilla/5.0 (Windows NT 10.0; Win64; x64; rv:136.0) Gecko/20100101 Firefox/136.0"
77.119.174.15 - - [10/Mar/2025:15:32:34 +0100] "GET /gui/javascript/form_form.js?1741617153 HTTP/1.1" 200 16206 "http://hausegger.activities.at/entry.php?id=10271&&ser=617093" "Mozilla/5.0 (Windows NT 10.0; Win64; x64; rv:136.0) Gecko/20100101 Firefox/136.0"
77.119.174.15 - - [10/Mar/2025:15:33:34 +0100] "GET /entry.php?id=10271&&ser=617153 HTTP/1.1" 200 988 "http://hausegger.activities.at/entry.php?id=10271&&ser=617093" "Mozilla/5.0 (Windows NT 10.0; Win64; x64; rv:136.0) Gecko/20100101 Firefox/136.0"
77.119.174.15 - - [10/Mar/2025:15:33:34 +0100] "GET /gui/javascript/form_form.js?1741617214 HTTP/1.1" 200 16206 "http://hausegger.activities.at/entry.php?id=10271&&ser=617153" "Mozilla/5.0 (Windows NT 10.0; Win64; x64; rv:136.0) Gecko/20100101 Firefox/136.0"
77.119.174.15 - - [10/Mar/2025:15:34:34 +0100] "GET /entry.php?id=10271&&ser=617214 HTTP/1.1" 200 986 "http://hausegger.activities.at/entry.php?id=10271&&ser=617153" "Mozilla/5.0 (Windows NT 10.0; Win64; x64; rv:136.0) Gecko/20100101 Firefox/136.0"
77.119.174.15 - - [10/Mar/2025:15:34:34 +0100] "GET /gui/javascript/form_form.js?1741617274 HTTP/1.1" 200 16206 "http://hausegger.activities.at/entry.php?id=10271&&ser=617214" "Mozilla/5.0 (Windows NT 10.0; Win64; x64; rv:136.0) Gecko/20100101 Firefox/136.0"
156.59.198.135 - - [10/Mar/2025:15:35:29 +0100] "GET /renault.activities.at/htdocs/export/pdf/emuc_document/10961137.pdf HTTP/1.0" 404 322 "-" "Mozilla/5.0 (Linux; Android 5.0) AppleWebKit/537.36 (KHTML, like Gecko) Mobile Safari/537.36 (compatible; Bytespider; spider-feedback@bytedance.com)"
77.119.174.15 - - [10/Mar/2025:15:35:34 +0100] "GET /entry.php?id=10271&&ser=617274 HTTP/1.1" 200 987 "http://hausegger.activities.at/entry.php?id=10271&&ser=617214" "Mozilla/5.0 (Windows NT 10.0; Win64; x64; rv:136.0) Gecko/20100101 Firefox/136.0"
77.119.174.15 - - [10/Mar/2025:15:35:34 +0100] "GET /gui/javascript/form_form.js?1741617334 HTTP/1.1" 200 16206 "http://hausegger.activities.at/entry.php?id=10271&&ser=617274" "Mozilla/5.0 (Windows NT 10.0; Win64; x64; rv:136.0) Gecko/20100101 Firefox/136.0"
77.119.174.15 - - [10/Mar/2025:15:36:35 +0100] "GET /entry.php?id=10271&&ser=617334 HTTP/1.1" 200 987 "http://hausegger.activities.at/entry.php?id=10271&&ser=617274" "Mozilla/5.0 (Windows NT 10.0; Win64; x64; rv:136.0) Gecko/20100101 Firefox/136.0"
77.119.174.15 - - [10/Mar/2025:15:36:35 +0100] "GET /gui/javascript/form_form.js?1741617395 HTTP/1.1" 200 16206 "http://hausegger.activities.at/entry.php?id=10271&&ser=617334" "Mozilla/5.0 (Windows NT 10.0; Win64; x64; rv:136.0) Gecko/20100101 Firefox/136.0"
77.119.174.15 - - [10/Mar/2025:15:37:35 +0100] "GET /entry.php?id=10271&&ser=617395 HTTP/1.1" 200 987 "http://hausegger.activities.at/entry.php?id=10271&&ser=617334" "Mozilla/5.0 (Windows NT 10.0; Win64; x64; rv:136.0) Gecko/20100101 Firefox/136.0"
77.119.174.15 - - [10/Mar/2025:15:37:35 +0100] "GET /gui/javascript/form_form.js?1741617455 HTTP/1.1" 200 16206 "http://hausegger.activities.at/entry.php?id=10271&&ser=617395" "Mozilla/5.0 (Windows NT 10.0; Win64; x64; rv:136.0) Gecko/20100101 Firefox/136.0"
77.119.174.15 - - [10/Mar/2025:15:38:35 +0100] "GET /entry.php?id=10271&&ser=617455 HTTP/1.1" 200 988 "http://hausegger.activities.at/entry.php?id=10271&&ser=617395" "Mozilla/5.0 (Windows NT 10.0; Win64; x64; rv:136.0) Gecko/20100101 Firefox/136.0"
77.119.174.15 - - [10/Mar/2025:15:38:35 +0100] "GET /gui/javascript/form_form.js?1741617515 HTTP/1.1" 200 16206 "http://hausegger.activities.at/entry.php?id=10271&&ser=617455" "Mozilla/5.0 (Windows NT 10.0; Win64; x64; rv:136.0) Gecko/20100101 Firefox/136.0"
77.119.174.15 - - [10/Mar/2025:15:39:36 +0100] "GET /entry.php?id=10271&&ser=617515 HTTP/1.1" 200 988 "http://hausegger.activities.at/entry.php?id=10271&&ser=617455" "Mozilla/5.0 (Windows NT 10.0; Win64; x64; rv:136.0) Gecko/20100101 Firefox/136.0"
77.119.174.15 - - [10/Mar/2025:15:39:36 +0100] "GET /gui/javascript/form_form.js?1741617576 HTTP/1.1" 200 16206 "http://hausegger.activities.at/entry.php?id=10271&&ser=617515" "Mozilla/5.0 (Windows NT 10.0; Win64; x64; rv:136.0) Gecko/20100101 Firefox/136.0"
77.119.174.15 - - [10/Mar/2025:15:40:36 +0100] "GET /entry.php?id=10271&&ser=617576 HTTP/1.1" 200 987 "http://hausegger.activities.at/entry.php?id=10271&&ser=617515" "Mozilla/5.0 (Windows NT 10.0; Win64; x64; rv:136.0) Gecko/20100101 Firefox/136.0"
77.119.174.15 - - [10/Mar/2025:15:40:36 +0100] "GET /gui/javascript/form_form.js?1741617636 HTTP/1.1" 200 16206 "http://hausegger.activities.at/entry.php?id=10271&&ser=617576" "Mozilla/5.0 (Windows NT 10.0; Win64; x64; rv:136.0) Gecko/20100101 Firefox/136.0"
59.126.160.80 - - [10/Mar/2025:15:41:01 +0100] "GET / HTTP/1.0" 200 423 "-" "curl/7.88.1"
77.119.174.15 - - [10/Mar/2025:15:41:36 +0100] "GET /entry.php?id=10271&&ser=617636 HTTP/1.1" 200 987 "http://hausegger.activities.at/entry.php?id=10271&&ser=617576" "Mozilla/5.0 (Windows NT 10.0; Win64; x64; rv:136.0) Gecko/20100101 Firefox/136.0"
77.119.174.15 - - [10/Mar/2025:15:41:36 +0100] "GET /gui/javascript/form_form.js?1741617696 HTTP/1.1" 200 16206 "http://hausegger.activities.at/entry.php?id=10271&&ser=617636" "Mozilla/5.0 (Windows NT 10.0; Win64; x64; rv:136.0) Gecko/20100101 Firefox/136.0"
77.119.174.15 - - [10/Mar/2025:15:42:07 +0100] "GET /layout.php HTTP/1.1" 200 815 "-" "Mozilla/5.0 (Windows NT 10.0; Win64; x64) AppleWebKit/537.36 (KHTML, like Gecko) Chrome/133.0.0.0 Safari/537.36"
77.119.174.15 - - [10/Mar/2025:15:42:07 +0100] "GET /entry.php?id=10270 HTTP/1.1" 200 909 "http://hausegger.activities.at/layout.php" "Mozilla/5.0 (Windows NT 10.0; Win64; x64) AppleWebKit/537.36 (KHTML, like Gecko) Chrome/133.0.0.0 Safari/537.36"
77.119.174.15 - - [10/Mar/2025:15:42:07 +0100] "GET /entry.php?id=10273 HTTP/1.1" 200 1903 "http://hausegger.activities.at/layout.php" "Mozilla/5.0 (Windows NT 10.0; Win64; x64) AppleWebKit/537.36 (KHTML, like Gecko) Chrome/133.0.0.0 Safari/537.36"
77.119.174.15 - - [10/Mar/2025:15:42:07 +0100] "GET /entry.php?id=10272 HTTP/1.1" 200 1159 "http://hausegger.activities.at/layout.php" "Mozilla/5.0 (Windows NT 10.0; Win64; x64) AppleWebKit/537.36 (KHTML, like Gecko) Chrome/133.0.0.0 Safari/537.36"
77.119.174.15 - - [10/Mar/2025:15:42:07 +0100] "GET /entry.php?id=11412 HTTP/1.1" 200 1759 "http://hausegger.activities.at/layout.php" "Mozilla/5.0 (Windows NT 10.0; Win64; x64) AppleWebKit/537.36 (KHTML, like Gecko) Chrome/133.0.0.0 Safari/537.36"
77.119.174.15 - - [10/Mar/2025:15:42:08 +0100] "GET /framework/webfx/javascript/statusbar/statusBar.js HTTP/1.1" 200 649 "http://hausegger.activities.at/entry.php?id=10272" "Mozilla/5.0 (Windows NT 10.0; Win64; x64) AppleWebKit/537.36 (KHTML, like Gecko) Chrome/133.0.0.0 Safari/537.36"
77.119.174.15 - - [10/Mar/2025:15:42:08 +0100] "GET /gui/javascript/form_form.js?1741617727 HTTP/1.1" 200 16206 "http://hausegger.activities.at/entry.php?id=10270" "Mozilla/5.0 (Windows NT 10.0; Win64; x64) AppleWebKit/537.36 (KHTML, like Gecko) Chrome/133.0.0.0 Safari/537.36"
77.119.174.15 - - [10/Mar/2025:15:42:08 +0100] "GET /gui/images/icons/cancel.gif HTTP/1.1" 200 125 "http://hausegger.activities.at/entry.php?id=11412" "Mozilla/5.0 (Windows NT 10.0; Win64; x64) AppleWebKit/537.36 (KHTML, like Gecko) Chrome/133.0.0.0 Safari/537.36"
77.119.174.15 - - [10/Mar/2025:15:42:08 +0100] "GET /entry.php?id=10287 HTTP/1.1" 200 2419 "http://hausegger.activities.at/entry.php?id=11412" "Mozilla/5.0 (Windows NT 10.0; Win64; x64) AppleWebKit/537.36 (KHTML, like Gecko) Chrome/133.0.0.0 Safari/537.36"
77.119.174.15 - - [10/Mar/2025:15:42:08 +0100] "GET /entry.php?id=10271& HTTP/1.1" 200 935 "http://hausegger.activities.at/entry.php?id=10272" "Mozilla/5.0 (Windows NT 10.0; Win64; x64) AppleWebKit/537.36 (KHTML, like Gecko) Chrome/133.0.0.0 Safari/537.36"
77.119.174.15 - - [10/Mar/2025:15:42:08 +0100] "GET /gui/javascript/form_form.js?1741617728 HTTP/1.1" 200 16206 "http://hausegger.activities.at/entry.php?id=10287" "Mozilla/5.0 (Windows NT 10.0; Win64; x64) AppleWebKit/537.36 (KHTML, like Gecko) Chrome/133.0.0.0 Safari/537.36"
77.119.174.15 - - [10/Mar/2025:15:42:08 +0100] "GET /entry.php?id=10273& HTTP/1.1" 200 1903 "http://hausegger.activities.at/entry.php?id=10287" "Mozilla/5.0 (Windows NT 10.0; Win64; x64) AppleWebKit/537.36 (KHTML, like Gecko) Chrome/133.0.0.0 Safari/537.36"
77.119.174.15 - - [10/Mar/2025:15:42:08 +0100] "GET /entry.php?id=10270& HTTP/1.1" 200 910 "http://hausegger.activities.at/entry.php?id=10287" "Mozilla/5.0 (Windows NT 10.0; Win64; x64) AppleWebKit/537.36 (KHTML, like Gecko) Chrome/133.0.0.0 Safari/537.36"
77.119.174.15 - - [10/Mar/2025:15:42:37 +0100] "GET /entry.php?id=10271&&ser=617696 HTTP/1.1" 200 988 "http://hausegger.activities.at/entry.php?id=10271&&ser=617636" "Mozilla/5.0 (Windows NT 10.0; Win64; x64; rv:136.0) Gecko/20100101 Firefox/136.0"
77.119.174.15 - - [10/Mar/2025:15:42:37 +0100] "GET /gui/javascript/form_form.js?1741617757 HTTP/1.1" 200 16206 "http://hausegger.activities.at/entry.php?id=10271&&ser=617696" "Mozilla/5.0 (Windows NT 10.0; Win64; x64; rv:136.0) Gecko/20100101 Firefox/136.0"
85.234.40.37 - - [10/Mar/2025:15:42:43 +0100] "GET / HTTP/1.0" 200 423 "http://food-and-drink.vienna-lodgings.at/" "Mozilla/5.0 (Windows NT 10.0) AppleWebKit/537.36 (KHTML, like Gecko) Chrome/103.0.0.0 Safari/537.36"
117.50.213.70 - - [10/Mar/2025:15:42:54 +0100] "-" 408 - "-" "-"
77.119.174.15 - - [10/Mar/2025:15:42:11 +0100] "POST /entry.php?id=10287& HTTP/1.1" 200 1968 "http://hausegger.activities.at/entry.php?id=10287" "Mozilla/5.0 (Windows NT 10.0; Win64; x64) AppleWebKit/537.36 (KHTML, like Gecko) Chrome/133.0.0.0 Safari/537.36"
77.119.174.15 - - [10/Mar/2025:15:43:14 +0100] "GET /gui/javascript/form_form.js?1741617794 HTTP/1.1" 200 16206 "http://hausegger.activities.at/entry.php?id=10287&" "Mozilla/5.0 (Windows NT 10.0; Win64; x64) AppleWebKit/537.36 (KHTML, like Gecko) Chrome/133.0.0.0 Safari/537.36"
77.119.174.15 - - [10/Mar/2025:15:43:15 +0100] "GET /entry.php?id=10271& HTTP/1.1" 200 987 "http://hausegger.activities.at/entry.php?id=10271&" "Mozilla/5.0 (Windows NT 10.0; Win64; x64) AppleWebKit/537.36 (KHTML, like Gecko) Chrome/133.0.0.0 Safari/537.36"
77.119.174.15 - - [10/Mar/2025:15:43:15 +0100] "GET /entry.php?id=10273& HTTP/1.1" 200 2011 "http://hausegger.activities.at/entry.php?id=10287&" "Mozilla/5.0 (Windows NT 10.0; Win64; x64) AppleWebKit/537.36 (KHTML, like Gecko) Chrome/133.0.0.0 Safari/537.36"
77.119.174.15 - - [10/Mar/2025:15:43:15 +0100] "GET /gui/javascript/form_form.js?1741617795 HTTP/1.1" 200 16206 "http://hausegger.activities.at/entry.php?id=10271&" "Mozilla/5.0 (Windows NT 10.0; Win64; x64) AppleWebKit/537.36 (KHTML, like Gecko) Chrome/133.0.0.0 Safari/537.36"
77.119.174.15 - - [10/Mar/2025:15:43:15 +0100] "GET /framework/webfx/style/toolbar/images/cbback.gif HTTP/1.1" 404 318 "http://hausegger.activities.at/framework/webfx/style/toolbar/cb2.css" "Mozilla/5.0 (Windows NT 10.0; Win64; x64) AppleWebKit/537.36 (KHTML, like Gecko) Chrome/133.0.0.0 Safari/537.36"
77.119.174.15 - - [10/Mar/2025:15:43:15 +0100] "GET /entry.php?id=10270&__app__=10006038 HTTP/1.1" 200 2231 "http://hausegger.activities.at/entry.php?id=10273&" "Mozilla/5.0 (Windows NT 10.0; Win64; x64) AppleWebKit/537.36 (KHTML, like Gecko) Chrome/133.0.0.0 Safari/537.36"
77.119.174.15 - - [10/Mar/2025:15:43:15 +0100] "GET /framework/webfx/javascript/navigation/crossbrowser.js HTTP/1.1" 200 1842 "http://hausegger.activities.at/entry.php?id=10270&__app__=10006038" "Mozilla/5.0 (Windows NT 10.0; Win64; x64) AppleWebKit/537.36 (KHTML, like Gecko) Chrome/133.0.0.0 Safari/537.36"
77.119.174.15 - - [10/Mar/2025:15:43:15 +0100] "GET /framework/webfx/javascript/navigation/outlook.js HTTP/1.1" 200 6351 "http://hausegger.activities.at/entry.php?id=10270&__app__=10006038" "Mozilla/5.0 (Windows NT 10.0; Win64; x64) AppleWebKit/537.36 (KHTML, like Gecko) Chrome/133.0.0.0 Safari/537.36"
