77.119.174.15 - - [12/Mar/2025:16:42:46 +0100] "GET /entry.php?id=11239&mode=document&form=10668& HTTP/1.1" 200 2023 "http://hausegger.activities.at/entry.php?id=11237&type=10668" "Mozilla/5.0 (Windows NT 10.0; Win64; x64; rv:136.0) Gecko/20100101 Firefox/136.0"
77.119.174.15 - - [12/Mar/2025:16:42:46 +0100] "GET /entry.php?id=11240&mode=document&form=10668& HTTP/1.1" 200 2673 "http://hausegger.activities.at/entry.php?id=11237&type=10668" "Mozilla/5.0 (Windows NT 10.0; Win64; x64; rv:136.0) Gecko/20100101 Firefox/136.0"
77.119.174.15 - - [12/Mar/2025:16:42:46 +0100] "GET /entry.php?id=10776&form=11066&name=list& HTTP/1.1" 200 1515 "http://hausegger.activities.at/entry.php?id=11240&mode=document&form=10668&" "Mozilla/5.0 (Windows NT 10.0; Win64; x64; rv:136.0) Gecko/20100101 Firefox/136.0"
77.119.174.15 - - [12/Mar/2025:16:42:46 +0100] "GET /entry.php?id=10778&form=11066&name=list& HTTP/1.1" 200 2588 "http://hausegger.activities.at/entry.php?id=11240&mode=document&form=10668&" "Mozilla/5.0 (Windows NT 10.0; Win64; x64; rv:136.0) Gecko/20100101 Firefox/136.0"
77.119.174.15 - - [12/Mar/2025:16:42:47 +0100] "POST /entry.php?id=11240 HTTP/1.1" 200 2673 "http://hausegger.activities.at/entry.php?id=11240&mode=document&form=10668&" "Mozilla/5.0 (Windows NT 10.0; Win64; x64; rv:136.0) Gecko/20100101 Firefox/136.0"
77.119.174.15 - - [12/Mar/2025:16:42:47 +0100] "GET /gui/javascript/form_bu_document_workflow.js?1741794167 HTTP/1.1" 200 4900 "http://hausegger.activities.at/entry.php?id=11240" "Mozilla/5.0 (Windows NT 10.0; Win64; x64; rv:136.0) Gecko/20100101 Firefox/136.0"
77.119.174.15 - - [12/Mar/2025:16:42:47 +0100] "GET /gui/javascript/form_form.js?1741794167 HTTP/1.1" 200 16206 "http://hausegger.activities.at/entry.php?id=11240" "Mozilla/5.0 (Windows NT 10.0; Win64; x64; rv:136.0) Gecko/20100101 Firefox/136.0"
77.119.174.15 - - [12/Mar/2025:16:42:47 +0100] "GET /entry.php?id=10778&form=11066&name=list& HTTP/1.1" 200 2789 "http://hausegger.activities.at/entry.php?id=11240" "Mozilla/5.0 (Windows NT 10.0; Win64; x64; rv:136.0) Gecko/20100101 Firefox/136.0"
77.119.174.15 - - [12/Mar/2025:16:42:47 +0100] "GET /entry.php?id=10776&form=11066&name=list& HTTP/1.1" 200 1515 "http://hausegger.activities.at/entry.php?id=11240" "Mozilla/5.0 (Windows NT 10.0; Win64; x64; rv:136.0) Gecko/20100101 Firefox/136.0"
77.119.174.15 - - [12/Mar/2025:16:42:50 +0100] "POST /entry.php?id=10831 HTTP/1.1" 200 8325 "http://hausegger.activities.at/entry.php?id=10831" "Mozilla/5.0 (Windows NT 10.0; Win64; x64; rv:136.0) Gecko/20100101 Firefox/136.0"
77.119.174.15 - - [12/Mar/2025:16:42:50 +0100] "GET /gui/javascript/form_form.js?1741794170 HTTP/1.1" 200 16206 "http://hausegger.activities.at/entry.php?id=10831" "Mozilla/5.0 (Windows NT 10.0; Win64; x64; rv:136.0) Gecko/20100101 Firefox/136.0"
77.119.174.15 - - [12/Mar/2025:16:42:50 +0100] "GET /entry.php?id=10889&document_id=10348488& HTTP/1.1" 200 1508 "http://hausegger.activities.at/entry.php?id=10831" "Mozilla/5.0 (Windows NT 10.0; Win64; x64; rv:136.0) Gecko/20100101 Firefox/136.0"
156.59.198.135 - - [12/Mar/2025:16:42:51 +0100] "GET /renault.2web.at/htdocs/export/pdf/emuc_document/11184263.pdf HTTP/1.0" 404 318 "-" "Mozilla/5.0 (Linux; Android 5.0) AppleWebKit/537.36 (KHTML, like Gecko) Mobile Safari/537.36 (compatible; Bytespider; spider-feedback@bytedance.com)"
77.119.174.15 - - [12/Mar/2025:16:42:52 +0100] "POST /entry.php?id=10831 HTTP/1.1" 200 8378 "http://hausegger.activities.at/entry.php?id=10831" "Mozilla/5.0 (Windows NT 10.0; Win64; x64; rv:136.0) Gecko/20100101 Firefox/136.0"
77.119.174.15 - - [12/Mar/2025:16:42:52 +0100] "GET /gui/javascript/form_form.js?1741794172 HTTP/1.1" 200 16206 "http://hausegger.activities.at/entry.php?id=10831" "Mozilla/5.0 (Windows NT 10.0; Win64; x64; rv:136.0) Gecko/20100101 Firefox/136.0"
77.119.174.15 - - [12/Mar/2025:16:42:52 +0100] "GET /entry.php?id=10889&document_id=10348488& HTTP/1.1" 200 1508 "http://hausegger.activities.at/entry.php?id=10831" "Mozilla/5.0 (Windows NT 10.0; Win64; x64; rv:136.0) Gecko/20100101 Firefox/136.0"
156.59.198.136 - - [12/Mar/2025:16:43:02 +0100] "GET /renault.activities.at/htdocs/export/pdf/emuc_document/10554603.pdf HTTP/1.0" 404 322 "-" "Mozilla/5.0 (Linux; Android 5.0) AppleWebKit/537.36 (KHTML, like Gecko) Mobile Safari/537.36 (compatible; Bytespider; spider-feedback@bytedance.com)"
156.59.198.136 - - [12/Mar/2025:16:43:12 +0100] "GET /renault.2web.at/htdocs/export/pdf/emuc_document/11167513.pdf HTTP/1.0" 404 319 "-" "Mozilla/5.0 (Linux; Android 5.0) AppleWebKit/537.36 (KHTML, like Gecko) Mobile Safari/537.36 (compatible; Bytespider; spider-feedback@bytedance.com)"
156.59.198.135 - - [12/Mar/2025:16:43:22 +0100] "GET /renault.2web.at/htdocs/export/pdf/emuc_document/12381418.pdf HTTP/1.0" 404 318 "-" "Mozilla/5.0 (Linux; Android 5.0) AppleWebKit/537.36 (KHTML, like Gecko) Mobile Safari/537.36 (compatible; Bytespider; spider-feedback@bytedance.com)"
156.59.198.135 - - [12/Mar/2025:16:43:32 +0100] "GET /renault.2web.at/htdocs/export/pdf/emuc_document/12269099.pdf HTTP/1.0" 404 318 "-" "Mozilla/5.0 (Linux; Android 5.0) AppleWebKit/537.36 (KHTML, like Gecko) Mobile Safari/537.36 (compatible; Bytespider; spider-feedback@bytedance.com)"
156.59.198.136 - - [12/Mar/2025:16:43:42 +0100] "GET /renault.activities.at/htdocs/export/pdf/emuc_document/11772886.pdf HTTP/1.0" 404 322 "-" "Mozilla/5.0 (Linux; Android 5.0) AppleWebKit/537.36 (KHTML, like Gecko) Mobile Safari/537.36 (compatible; Bytespider; spider-feedback@bytedance.com)"
77.119.174.15 - - [12/Mar/2025:16:43:43 +0100] "GET /entry.php?id=10271&&ser=794163 HTTP/1.1" 200 987 "http://hausegger.activities.at/entry.php?id=10271&&ser=794102" "Mozilla/5.0 (Windows NT 10.0; Win64; x64; rv:136.0) Gecko/20100101 Firefox/136.0"
77.119.174.15 - - [12/Mar/2025:16:43:43 +0100] "GET /gui/javascript/form_form.js?1741794223 HTTP/1.1" 200 16206 "http://hausegger.activities.at/entry.php?id=10271&&ser=794163" "Mozilla/5.0 (Windows NT 10.0; Win64; x64; rv:136.0) Gecko/20100101 Firefox/136.0"
156.59.198.136 - - [12/Mar/2025:16:43:52 +0100] "GET /renault.2web.at/htdocs/export/pdf/emuc_document/11076605.pdf HTTP/1.0" 404 319 "-" "Mozilla/5.0 (Linux; Android 5.0) AppleWebKit/537.36 (KHTML, like Gecko) Mobile Safari/537.36 (compatible; Bytespider; spider-feedback@bytedance.com)"
156.59.198.136 - - [12/Mar/2025:16:44:03 +0100] "GET /renault.2web.at/htdocs/export/pdf/emuc_document/10425949.pdf HTTP/1.0" 404 318 "-" "Mozilla/5.0 (Linux; Android 5.0) AppleWebKit/537.36 (KHTML, like Gecko) Mobile Safari/537.36 (compatible; Bytespider; spider-feedback@bytedance.com)"
156.59.198.136 - - [12/Mar/2025:16:44:13 +0100] "GET /renault.activities.at/htdocs/export/pdf/emuc_document/11334981.pdf HTTP/1.0" 404 322 "-" "Mozilla/5.0 (Linux; Android 5.0) AppleWebKit/537.36 (KHTML, like Gecko) Mobile Safari/537.36 (compatible; Bytespider; spider-feedback@bytedance.com)"
156.59.198.135 - - [12/Mar/2025:16:44:24 +0100] "GET /renault.activities.at/htdocs/export/pdf/emuc_document/11449471.pdf HTTP/1.0" 404 322 "-" "Mozilla/5.0 (Linux; Android 5.0) AppleWebKit/537.36 (KHTML, like Gecko) Mobile Safari/537.36 (compatible; Bytespider; spider-feedback@bytedance.com)"
156.59.198.135 - - [12/Mar/2025:16:44:34 +0100] "GET /renault.2web.at/htdocs/export/pdf/emuc_document/12383243.pdf HTTP/1.0" 404 319 "-" "Mozilla/5.0 (Linux; Android 5.0) AppleWebKit/537.36 (KHTML, like Gecko) Mobile Safari/537.36 (compatible; Bytespider; spider-feedback@bytedance.com)"
77.119.174.15 - - [12/Mar/2025:16:44:43 +0100] "GET /entry.php?id=10271&&ser=794223 HTTP/1.1" 200 987 "http://hausegger.activities.at/entry.php?id=10271&&ser=794163" "Mozilla/5.0 (Windows NT 10.0; Win64; x64; rv:136.0) Gecko/20100101 Firefox/136.0"
77.119.174.15 - - [12/Mar/2025:16:44:43 +0100] "GET /gui/javascript/form_form.js?1741794283 HTTP/1.1" 200 16206 "http://hausegger.activities.at/entry.php?id=10271&&ser=794223" "Mozilla/5.0 (Windows NT 10.0; Win64; x64; rv:136.0) Gecko/20100101 Firefox/136.0"
156.59.198.135 - - [12/Mar/2025:16:44:44 +0100] "GET /renault.activities.at/htdocs/export/pdf/emuc_document/12129673.pdf HTTP/1.0" 404 323 "-" "Mozilla/5.0 (Linux; Android 5.0) AppleWebKit/537.36 (KHTML, like Gecko) Mobile Safari/537.36 (compatible; Bytespider; spider-feedback@bytedance.com)"
156.59.198.135 - - [12/Mar/2025:16:44:54 +0100] "GET /renault.activities.at/htdocs/export/pdf/emuc_document/12135931.pdf HTTP/1.0" 404 322 "-" "Mozilla/5.0 (Linux; Android 5.0) AppleWebKit/537.36 (KHTML, like Gecko) Mobile Safari/537.36 (compatible; Bytespider; spider-feedback@bytedance.com)"
156.59.198.135 - - [12/Mar/2025:16:45:04 +0100] "GET /renault.2web.at/htdocs/export/pdf/emuc_document/10608457.pdf HTTP/1.0" 404 319 "-" "Mozilla/5.0 (Linux; Android 5.0) AppleWebKit/537.36 (KHTML, like Gecko) Mobile Safari/537.36 (compatible; Bytespider; spider-feedback@bytedance.com)"
156.59.198.135 - - [12/Mar/2025:16:45:14 +0100] "GET /renault.2web.at/htdocs/export/pdf/emuc_document/10883835.pdf HTTP/1.0" 404 319 "-" "Mozilla/5.0 (Linux; Android 5.0) AppleWebKit/537.36 (KHTML, like Gecko) Mobile Safari/537.36 (compatible; Bytespider; spider-feedback@bytedance.com)"
156.59.198.135 - - [12/Mar/2025:16:45:25 +0100] "GET /docs/contadino/2017/RE17-000011.pdf HTTP/1.0" 404 301 "-" "Mozilla/5.0 (Linux; Android 5.0) AppleWebKit/537.36 (KHTML, like Gecko) Mobile Safari/537.36 (compatible; Bytespider; spider-feedback@bytedance.com)"
156.59.198.136 - - [12/Mar/2025:16:45:35 +0100] "GET /renault.activities.at/htdocs/export/pdf/emuc_document/10658449.pdf HTTP/1.0" 404 322 "-" "Mozilla/5.0 (Linux; Android 5.0) AppleWebKit/537.36 (KHTML, like Gecko) Mobile Safari/537.36 (compatible; Bytespider; spider-feedback@bytedance.com)"
77.119.174.15 - - [12/Mar/2025:16:45:43 +0100] "GET /entry.php?id=10271&&ser=794283 HTTP/1.1" 200 988 "http://hausegger.activities.at/entry.php?id=10271&&ser=794223" "Mozilla/5.0 (Windows NT 10.0; Win64; x64; rv:136.0) Gecko/20100101 Firefox/136.0"
77.119.174.15 - - [12/Mar/2025:16:45:44 +0100] "GET /gui/javascript/form_form.js?1741794344 HTTP/1.1" 200 16206 "http://hausegger.activities.at/entry.php?id=10271&&ser=794283" "Mozilla/5.0 (Windows NT 10.0; Win64; x64; rv:136.0) Gecko/20100101 Firefox/136.0"
156.59.198.136 - - [12/Mar/2025:16:45:44 +0100] "GET /renault.2web.at/htdocs/export/pdf/emuc_document/11600494.pdf HTTP/1.0" 404 318 "-" "Mozilla/5.0 (Linux; Android 5.0) AppleWebKit/537.36 (KHTML, like Gecko) Mobile Safari/537.36 (compatible; Bytespider; spider-feedback@bytedance.com)"
156.59.198.135 - - [12/Mar/2025:16:45:55 +0100] "GET /renault.2web.at/htdocs/export/pdf/emuc_document/11898915.pdf HTTP/1.0" 404 318 "-" "Mozilla/5.0 (Linux; Android 5.0) AppleWebKit/537.36 (KHTML, like Gecko) Mobile Safari/537.36 (compatible; Bytespider; spider-feedback@bytedance.com)"
156.59.198.135 - - [12/Mar/2025:16:46:05 +0100] "GET /renault.2web.at/htdocs/export/pdf/emuc_document/11977493.pdf HTTP/1.0" 404 319 "-" "Mozilla/5.0 (Linux; Android 5.0) AppleWebKit/537.36 (KHTML, like Gecko) Mobile Safari/537.36 (compatible; Bytespider; spider-feedback@bytedance.com)"
156.59.198.136 - - [12/Mar/2025:16:46:15 +0100] "GET /renault.2web.at/htdocs/export/pdf/emuc_document/12227630.pdf HTTP/1.0" 404 319 "-" "Mozilla/5.0 (Linux; Android 5.0) AppleWebKit/537.36 (KHTML, like Gecko) Mobile Safari/537.36 (compatible; Bytespider; spider-feedback@bytedance.com)"
156.59.198.136 - - [12/Mar/2025:16:46:26 +0100] "GET /renault.activities.at/htdocs/export/pdf/emuc_document/10742275.pdf HTTP/1.0" 404 322 "-" "Mozilla/5.0 (Linux; Android 5.0) AppleWebKit/537.36 (KHTML, like Gecko) Mobile Safari/537.36 (compatible; Bytespider; spider-feedback@bytedance.com)"
77.119.174.15 - - [12/Mar/2025:16:46:34 +0100] "GET /entry.php?id=10828 HTTP/1.1" 200 9142 "http://hausegger.activities.at/entry.php?id=10270&__app__=10006038" "Mozilla/5.0 (Windows NT 10.0; Win64; x64; rv:136.0) Gecko/20100101 Firefox/136.0"
77.119.174.15 - - [12/Mar/2025:16:46:34 +0100] "GET /gui/javascript/form_form.js?1741794394 HTTP/1.1" 200 16206 "http://hausegger.activities.at/entry.php?id=10828" "Mozilla/5.0 (Windows NT 10.0; Win64; x64; rv:136.0) Gecko/20100101 Firefox/136.0"
77.119.174.15 - - [12/Mar/2025:16:46:34 +0100] "GET /entry.php?id=10889&document_id=& HTTP/1.1" 200 1510 "http://hausegger.activities.at/entry.php?id=10828" "Mozilla/5.0 (Windows NT 10.0; Win64; x64; rv:136.0) Gecko/20100101 Firefox/136.0"
77.119.174.15 - - [12/Mar/2025:16:46:35 +0100] "GET /gui/javascript/form_form.js?1741794395 HTTP/1.1" 200 16206 "http://hausegger.activities.at/entry.php?id=10889&document_id=&" "Mozilla/5.0 (Windows NT 10.0; Win64; x64; rv:136.0) Gecko/20100101 Firefox/136.0"
156.59.198.136 - - [12/Mar/2025:16:46:35 +0100] "GET /renault.activities.at/htdocs/export/pdf/emuc_document/11228102.pdf HTTP/1.0" 404 321 "-" "Mozilla/5.0 (Linux; Android 5.0) AppleWebKit/537.36 (KHTML, like Gecko) Mobile Safari/537.36 (compatible; Bytespider; spider-feedback@bytedance.com)"
77.119.174.15 - - [12/Mar/2025:16:46:45 +0100] "GET /entry.php?id=10271&&ser=794344 HTTP/1.1" 200 987 "http://hausegger.activities.at/entry.php?id=10271&&ser=794283" "Mozilla/5.0 (Windows NT 10.0; Win64; x64; rv:136.0) Gecko/20100101 Firefox/136.0"
77.119.174.15 - - [12/Mar/2025:16:46:45 +0100] "GET /gui/javascript/form_form.js?1741794405 HTTP/1.1" 200 16206 "http://hausegger.activities.at/entry.php?id=10271&&ser=794344" "Mozilla/5.0 (Windows NT 10.0; Win64; x64; rv:136.0) Gecko/20100101 Firefox/136.0"
156.59.198.136 - - [12/Mar/2025:16:46:46 +0100] "GET /renault.2web.at/htdocs/export/pdf/emuc_document/12149028.pdf HTTP/1.0" 404 318 "-" "Mozilla/5.0 (Linux; Android 5.0) AppleWebKit/537.36 (KHTML, like Gecko) Mobile Safari/537.36 (compatible; Bytespider; spider-feedback@bytedance.com)"
156.59.198.136 - - [12/Mar/2025:16:46:56 +0100] "GET /renault.2web.at/htdocs/export/pdf/emuc_document/11170992.pdf HTTP/1.0" 404 318 "-" "Mozilla/5.0 (Linux; Android 5.0) AppleWebKit/537.36 (KHTML, like Gecko) Mobile Safari/537.36 (compatible; Bytespider; spider-feedback@bytedance.com)"
156.59.198.135 - - [12/Mar/2025:16:47:06 +0100] "GET /renault.activities.at/htdocs/export/pdf/emuc_document/10843194.pdf HTTP/1.0" 404 322 "-" "Mozilla/5.0 (Linux; Android 5.0) AppleWebKit/537.36 (KHTML, like Gecko) Mobile Safari/537.36 (compatible; Bytespider; spider-feedback@bytedance.com)"
156.59.198.135 - - [12/Mar/2025:16:47:16 +0100] "GET /renault.2web.at/htdocs/export/pdf/emuc_document/10609450.pdf HTTP/1.0" 404 318 "-" "Mozilla/5.0 (Linux; Android 5.0) AppleWebKit/537.36 (KHTML, like Gecko) Mobile Safari/537.36 (compatible; Bytespider; spider-feedback@bytedance.com)"
156.59.198.135 - - [12/Mar/2025:16:47:27 +0100] "GET /renault.2web.at/htdocs/export/pdf/emuc_document/12465197.pdf HTTP/1.0" 404 318 "-" "Mozilla/5.0 (Linux; Android 5.0) AppleWebKit/537.36 (KHTML, like Gecko) Mobile Safari/537.36 (compatible; Bytespider; spider-feedback@bytedance.com)"
156.59.198.135 - - [12/Mar/2025:16:47:37 +0100] "GET /renault.2web.at/htdocs/export/pdf/emuc_document/11789694.pdf HTTP/1.0" 404 319 "-" "Mozilla/5.0 (Linux; Android 5.0) AppleWebKit/537.36 (KHTML, like Gecko) Mobile Safari/537.36 (compatible; Bytespider; spider-feedback@bytedance.com)"
77.119.174.15 - - [12/Mar/2025:16:47:45 +0100] "GET /entry.php?id=10271&&ser=794405 HTTP/1.1" 200 987 "http://hausegger.activities.at/entry.php?id=10271&&ser=794344" "Mozilla/5.0 (Windows NT 10.0; Win64; x64; rv:136.0) Gecko/20100101 Firefox/136.0"
77.119.174.15 - - [12/Mar/2025:16:47:45 +0100] "GET /gui/javascript/form_form.js?1741794465 HTTP/1.1" 200 16206 "http://hausegger.activities.at/entry.php?id=10271&&ser=794405" "Mozilla/5.0 (Windows NT 10.0; Win64; x64; rv:136.0) Gecko/20100101 Firefox/136.0"
156.59.198.135 - - [12/Mar/2025:16:47:47 +0100] "GET /renault.2web.at/htdocs/export/pdf/emuc_document/10349438.pdf HTTP/1.0" 404 319 "-" "Mozilla/5.0 (Linux; Android 5.0) AppleWebKit/537.36 (KHTML, like Gecko) Mobile Safari/537.36 (compatible; Bytespider; spider-feedback@bytedance.com)"
156.59.198.135 - - [12/Mar/2025:16:47:57 +0100] "GET /renault.activities.at/htdocs/export/pdf/emuc_document/11580810.pdf HTTP/1.0" 404 321 "-" "Mozilla/5.0 (Linux; Android 5.0) AppleWebKit/537.36 (KHTML, like Gecko) Mobile Safari/537.36 (compatible; Bytespider; spider-feedback@bytedance.com)"
156.59.198.135 - - [12/Mar/2025:16:48:08 +0100] "GET /renault.activities.at/htdocs/export/pdf/emuc_document/10610838.pdf HTTP/1.0" 404 322 "-" "Mozilla/5.0 (Linux; Android 5.0) AppleWebKit/537.36 (KHTML, like Gecko) Mobile Safari/537.36 (compatible; Bytespider; spider-feedback@bytedance.com)"
156.59.198.136 - - [12/Mar/2025:16:48:19 +0100] "GET /renault.2web.at/htdocs/export/pdf/emuc_document/11851286.pdf HTTP/1.0" 404 318 "-" "Mozilla/5.0 (Linux; Android 5.0) AppleWebKit/537.36 (KHTML, like Gecko) Mobile Safari/537.36 (compatible; Bytespider; spider-feedback@bytedance.com)"
156.59.198.136 - - [12/Mar/2025:16:48:29 +0100] "GET /renault.activities.at/htdocs/export/pdf/emuc_document/10659979.pdf HTTP/1.0" 404 322 "-" "Mozilla/5.0 (Linux; Android 5.0) AppleWebKit/537.36 (KHTML, like Gecko) Mobile Safari/537.36 (compatible; Bytespider; spider-feedback@bytedance.com)"
156.59.198.135 - - [12/Mar/2025:16:48:39 +0100] "GET /renault.2web.at/htdocs/export/pdf/emuc_document/11850924.pdf HTTP/1.0" 404 318 "-" "Mozilla/5.0 (Linux; Android 5.0) AppleWebKit/537.36 (KHTML, like Gecko) Mobile Safari/537.36 (compatible; Bytespider; spider-feedback@bytedance.com)"
77.119.174.15 - - [12/Mar/2025:16:48:45 +0100] "GET /entry.php?id=10271&&ser=794465 HTTP/1.1" 200 987 "http://hausegger.activities.at/entry.php?id=10271&&ser=794405" "Mozilla/5.0 (Windows NT 10.0; Win64; x64; rv:136.0) Gecko/20100101 Firefox/136.0"
77.119.174.15 - - [12/Mar/2025:16:48:46 +0100] "GET /gui/javascript/form_form.js?1741794526 HTTP/1.1" 200 16206 "http://hausegger.activities.at/entry.php?id=10271&&ser=794465" "Mozilla/5.0 (Windows NT 10.0; Win64; x64; rv:136.0) Gecko/20100101 Firefox/136.0"
156.59.198.135 - - [12/Mar/2025:16:48:49 +0100] "GET /renault.2web.at/htdocs/export/pdf/emuc_document/11580856.pdf HTTP/1.0" 404 318 "-" "Mozilla/5.0 (Linux; Android 5.0) AppleWebKit/537.36 (KHTML, like Gecko) Mobile Safari/537.36 (compatible; Bytespider; spider-feedback@bytedance.com)"
156.59.198.136 - - [12/Mar/2025:16:48:59 +0100] "GET /renault.activities.at/htdocs/export/pdf/emuc_document/12103419.pdf HTTP/1.0" 404 322 "-" "Mozilla/5.0 (Linux; Android 5.0) AppleWebKit/537.36 (KHTML, like Gecko) Mobile Safari/537.36 (compatible; Bytespider; spider-feedback@bytedance.com)"
156.59.198.135 - - [12/Mar/2025:16:49:10 +0100] "GET /renault.activities.at/htdocs/export/pdf/emuc_document/10762442.pdf HTTP/1.0" 404 322 "-" "Mozilla/5.0 (Linux; Android 5.0) AppleWebKit/537.36 (KHTML, like Gecko) Mobile Safari/537.36 (compatible; Bytespider; spider-feedback@bytedance.com)"
156.59.198.136 - - [12/Mar/2025:16:49:21 +0100] "GET /renault.2web.at/htdocs/export/pdf/emuc_document/11580736.pdf HTTP/1.0" 404 319 "-" "Mozilla/5.0 (Linux; Android 5.0) AppleWebKit/537.36 (KHTML, like Gecko) Mobile Safari/537.36 (compatible; Bytespider; spider-feedback@bytedance.com)"
156.59.198.136 - - [12/Mar/2025:16:49:31 +0100] "GET /renault.2web.at/htdocs/export/pdf/emuc_document/11201460.pdf HTTP/1.0" 404 318 "-" "Mozilla/5.0 (Linux; Android 5.0) AppleWebKit/537.36 (KHTML, like Gecko) Mobile Safari/537.36 (compatible; Bytespider; spider-feedback@bytedance.com)"
156.59.198.136 - - [12/Mar/2025:16:49:40 +0100] "GET /renault.2web.at/htdocs/export/pdf/emuc_document/11851244.pdf HTTP/1.0" 404 318 "-" "Mozilla/5.0 (Linux; Android 5.0) AppleWebKit/537.36 (KHTML, like Gecko) Mobile Safari/537.36 (compatible; Bytespider; spider-feedback@bytedance.com)"
77.119.174.15 - - [12/Mar/2025:16:49:46 +0100] "GET /entry.php?id=10271&&ser=794526 HTTP/1.1" 200 987 "http://hausegger.activities.at/entry.php?id=10271&&ser=794465" "Mozilla/5.0 (Windows NT 10.0; Win64; x64; rv:136.0) Gecko/20100101 Firefox/136.0"
77.119.174.15 - - [12/Mar/2025:16:49:46 +0100] "GET /gui/javascript/form_form.js?1741794586 HTTP/1.1" 200 16206 "http://hausegger.activities.at/entry.php?id=10271&&ser=794526" "Mozilla/5.0 (Windows NT 10.0; Win64; x64; rv:136.0) Gecko/20100101 Firefox/136.0"
156.59.198.135 - - [12/Mar/2025:16:49:51 +0100] "GET /renault.activities.at/htdocs/export/pdf/emuc_document/12468168.pdf HTTP/1.0" 404 322 "-" "Mozilla/5.0 (Linux; Android 5.0) AppleWebKit/537.36 (KHTML, like Gecko) Mobile Safari/537.36 (compatible; Bytespider; spider-feedback@bytedance.com)"
156.59.198.135 - - [12/Mar/2025:16:50:01 +0100] "GET /renault.2web.at/htdocs/export/pdf/emuc_document/11430437.pdf HTTP/1.0" 404 319 "-" "Mozilla/5.0 (Linux; Android 5.0) AppleWebKit/537.36 (KHTML, like Gecko) Mobile Safari/537.36 (compatible; Bytespider; spider-feedback@bytedance.com)"
156.59.198.136 - - [12/Mar/2025:16:50:11 +0100] "GET /renault.2web.at/htdocs/export/pdf/emuc_document/12478496.pdf HTTP/1.0" 404 319 "-" "Mozilla/5.0 (Linux; Android 5.0) AppleWebKit/537.36 (KHTML, like Gecko) Mobile Safari/537.36 (compatible; Bytespider; spider-feedback@bytedance.com)"
156.59.198.135 - - [12/Mar/2025:16:50:22 +0100] "GET /renault.2web.at/htdocs/export/pdf/emuc_document/12490956.pdf HTTP/1.0" 404 318 "-" "Mozilla/5.0 (Linux; Android 5.0) AppleWebKit/537.36 (KHTML, like Gecko) Mobile Safari/537.36 (compatible; Bytespider; spider-feedback@bytedance.com)"
156.59.198.136 - - [12/Mar/2025:16:50:32 +0100] "GET /renault.2web.at/htdocs/export/pdf/emuc_document/10608837.pdf HTTP/1.0" 404 319 "-" "Mozilla/5.0 (Linux; Android 5.0) AppleWebKit/537.36 (KHTML, like Gecko) Mobile Safari/537.36 (compatible; Bytespider; spider-feedback@bytedance.com)"
156.59.198.135 - - [12/Mar/2025:16:50:42 +0100] "GET /renault.activities.at/htdocs/export/pdf/emuc_document/12269105.pdf HTTP/1.0" 404 321 "-" "Mozilla/5.0 (Linux; Android 5.0) AppleWebKit/537.36 (KHTML, like Gecko) Mobile Safari/537.36 (compatible; Bytespider; spider-feedback@bytedance.com)"
77.119.174.15 - - [12/Mar/2025:16:50:46 +0100] "GET /entry.php?id=10271&&ser=794586 HTTP/1.1" 200 987 "http://hausegger.activities.at/entry.php?id=10271&&ser=794526" "Mozilla/5.0 (Windows NT 10.0; Win64; x64; rv:136.0) Gecko/20100101 Firefox/136.0"
77.119.174.15 - - [12/Mar/2025:16:50:46 +0100] "GET /gui/javascript/form_form.js?1741794646 HTTP/1.1" 200 16206 "http://hausegger.activities.at/entry.php?id=10271&&ser=794586" "Mozilla/5.0 (Windows NT 10.0; Win64; x64; rv:136.0) Gecko/20100101 Firefox/136.0"
156.59.198.136 - - [12/Mar/2025:16:50:51 +0100] "GET /renault.2web.at/htdocs/export/pdf/emuc_document/12090465.pdf HTTP/1.0" 404 318 "-" "Mozilla/5.0 (Linux; Android 5.0) AppleWebKit/537.36 (KHTML, like Gecko) Mobile Safari/537.36 (compatible; Bytespider; spider-feedback@bytedance.com)"
156.59.198.136 - - [12/Mar/2025:16:51:03 +0100] "GET /renault.2web.at/htdocs/export/pdf/emuc_document/11598961.pdf HTTP/1.0" 404 318 "-" "Mozilla/5.0 (Linux; Android 5.0) AppleWebKit/537.36 (KHTML, like Gecko) Mobile Safari/537.36 (compatible; Bytespider; spider-feedback@bytedance.com)"
156.59.198.136 - - [12/Mar/2025:16:51:12 +0100] "GET /renault.activities.at/htdocs/export/pdf/emuc_document/12076092.pdf HTTP/1.0" 404 322 "-" "Mozilla/5.0 (Linux; Android 5.0) AppleWebKit/537.36 (KHTML, like Gecko) Mobile Safari/537.36 (compatible; Bytespider; spider-feedback@bytedance.com)"
156.59.198.135 - - [12/Mar/2025:16:51:22 +0100] "GET /renault.2web.at/htdocs/export/pdf/emuc_document/12040169.pdf HTTP/1.0" 404 318 "-" "Mozilla/5.0 (Linux; Android 5.0) AppleWebKit/537.36 (KHTML, like Gecko) Mobile Safari/537.36 (compatible; Bytespider; spider-feedback@bytedance.com)"
170.39.218.109 - - [12/Mar/2025:16:51:31 +0100] "GET /.circleci/configs/development.yml HTTP/1.1" 404 314 "-" "-"
170.39.218.109 - - [12/Mar/2025:16:51:31 +0100] "GET /.AWS_/credentials HTTP/1.1" 404 303 "-" "-"
170.39.218.109 - - [12/Mar/2025:16:51:31 +0100] "GET /.aws/credentials HTTP/1.1" 404 301 "-" "-"
170.39.218.109 - - [12/Mar/2025:16:51:32 +0100] "GET /.env.bak HTTP/1.1" 404 297 "-" "-"
170.39.218.109 - - [12/Mar/2025:16:51:32 +0100] "GET /.env.local HTTP/1.1" 404 298 "-" "-"
156.59.198.135 - - [12/Mar/2025:16:51:32 +0100] "GET /renault.2web.at/htdocs/export/pdf/emuc_document/10668818.pdf HTTP/1.0" 404 318 "-" "Mozilla/5.0 (Linux; Android 5.0) AppleWebKit/537.36 (KHTML, like Gecko) Mobile Safari/537.36 (compatible; Bytespider; spider-feedback@bytedance.com)"
170.39.218.109 - - [12/Mar/2025:16:51:32 +0100] "GET /.env.prod HTTP/1.1" 404 297 "-" "-"
170.39.218.109 - - [12/Mar/2025:16:51:33 +0100] "GET /.env.stage HTTP/1.1" 404 298 "-" "-"
170.39.218.109 - - [12/Mar/2025:16:51:33 +0100] "GET /.git/ HTTP/1.1" 404 295 "-" "-"
170.39.218.109 - - [12/Mar/2025:16:51:33 +0100] "GET /.git/FETCH_HEAD HTTP/1.1" 404 302 "-" "-"
170.39.218.109 - - [12/Mar/2025:16:51:34 +0100] "GET /.git/ORIG_HEAD HTTP/1.1" 404 302 "-" "-"
170.39.218.109 - - [12/Mar/2025:16:51:34 +0100] "GET /.git/description HTTP/1.1" 404 301 "-" "-"
170.39.218.109 - - [12/Mar/2025:16:51:34 +0100] "GET /.git/refs/stash HTTP/1.1" 404 301 "-" "-"
170.39.218.109 - - [12/Mar/2025:16:51:35 +0100] "GET /.vscode/.env HTTP/1.1" 404 299 "-" "-"
170.39.218.109 - - [12/Mar/2025:16:51:35 +0100] "GET /_phpinfo.php HTTP/1.1" 404 299 "-" "-"
170.39.218.109 - - [12/Mar/2025:16:51:35 +0100] "GET /_profiler/phpinfo/info.php HTTP/1.1" 404 306 "-" "-"
170.39.218.109 - - [12/Mar/2025:16:51:35 +0100] "GET /admin/.env HTTP/1.1" 404 298 "-" "-"
170.39.218.109 - - [12/Mar/2025:16:51:36 +0100] "GET /conf/.env HTTP/1.1" 404 297 "-" "-"
170.39.218.109 - - [12/Mar/2025:16:51:36 +0100] "GET /config.js HTTP/1.1" 404 298 "-" "-"
170.39.218.109 - - [12/Mar/2025:16:51:37 +0100] "GET /config/application.yml HTTP/1.1" 404 306 "-" "-"
170.39.218.109 - - [12/Mar/2025:16:51:37 +0100] "GET /config/config.json HTTP/1.1" 404 301 "-" "-"
170.39.218.109 - - [12/Mar/2025:16:51:37 +0100] "GET /config/local.yml HTTP/1.1" 404 303 "-" "-"
170.39.218.109 - - [12/Mar/2025:16:51:38 +0100] "GET /config/settings.json HTTP/1.1" 404 303 "-" "-"
170.39.218.109 - - [12/Mar/2025:16:51:38 +0100] "GET /config/settings.prod HTTP/1.1" 404 303 "-" "-"
170.39.218.109 - - [12/Mar/2025:16:51:38 +0100] "GET /core/.env HTTP/1.1" 404 297 "-" "-"
170.39.218.109 - - [12/Mar/2025:16:51:38 +0100] "GET /cron/.env HTTP/1.1" 404 297 "-" "-"
170.39.218.109 - - [12/Mar/2025:16:51:39 +0100] "GET /debug/default/view HTTP/1.1" 404 303 "-" "-"
170.39.218.109 - - [12/Mar/2025:16:51:39 +0100] "GET /development/.env HTTP/1.1" 404 301 "-" "-"
170.39.218.109 - - [12/Mar/2025:16:51:39 +0100] "GET /docker/app/.env HTTP/1.1" 404 301 "-" "-"
170.39.218.109 - - [12/Mar/2025:16:51:40 +0100] "GET /env/.env HTTP/1.1" 404 295 "-" "-"
170.39.218.109 - - [12/Mar/2025:16:51:40 +0100] "GET /index.js HTTP/1.1" 404 297 "-" "-"
170.39.218.109 - - [12/Mar/2025:16:51:40 +0100] "GET /internal/api HTTP/1.1" 404 299 "-" "-"
170.39.218.109 - - [12/Mar/2025:16:51:40 +0100] "GET /js/.env HTTP/1.1" 404 296 "-" "-"
170.39.218.109 - - [12/Mar/2025:16:51:40 +0100] "GET /karma.conf.json HTTP/1.1" 404 301 "-" "-"
170.39.218.109 - - [12/Mar/2025:16:51:41 +0100] "GET /lara/info.php HTTP/1.1" 404 300 "-" "-"
170.39.218.109 - - [12/Mar/2025:16:51:41 +0100] "GET /laravel/.env HTTP/1.1" 404 299 "-" "-"
170.39.218.109 - - [12/Mar/2025:16:51:41 +0100] "GET /laravel/info.php HTTP/1.1" 404 302 "-" "-"
170.39.218.109 - - [12/Mar/2025:16:51:42 +0100] "GET /latest/meta-data/iam/security-credentials/ HTTP/1.1" 404 318 "-" "-"
170.39.218.109 - - [12/Mar/2025:16:51:42 +0100] "GET /local/.env HTTP/1.1" 404 298 "-" "-"
170.39.218.109 - - [12/Mar/2025:16:51:42 +0100] "GET /mailer/.env HTTP/1.1" 404 298 "-" "-"
170.39.218.109 - - [12/Mar/2025:16:51:42 +0100] "GET /main.yml HTTP/1.1" 404 297 "-" "-"
170.39.218.109 - - [12/Mar/2025:16:51:42 +0100] "GET /metadata/computeMetadata/v1 HTTP/1.1" 404 306 "-" "-"
156.59.198.135 - - [12/Mar/2025:16:51:42 +0100] "GET /renault.activities.at/htdocs/export/pdf/emuc_document/11818643.pdf HTTP/1.0" 404 322 "-" "Mozilla/5.0 (Linux; Android 5.0) AppleWebKit/537.36 (KHTML, like Gecko) Mobile Safari/537.36 (compatible; Bytespider; spider-feedback@bytedance.com)"
170.39.218.109 - - [12/Mar/2025:16:51:43 +0100] "GET /new/.env.local HTTP/1.1" 404 300 "-" "-"
170.39.218.109 - - [12/Mar/2025:16:51:43 +0100] "GET /new/.env.staging HTTP/1.1" 404 301 "-" "-"
170.39.218.109 - - [12/Mar/2025:16:51:43 +0100] "GET /node/.env_example HTTP/1.1" 404 303 "-" "-"
170.39.218.109 - - [12/Mar/2025:16:51:43 +0100] "GET /phpinfo HTTP/1.1" 404 296 "-" "-"
170.39.218.109 - - [12/Mar/2025:16:51:43 +0100] "GET /portal/.env HTTP/1.1" 404 298 "-" "-"
170.39.218.109 - - [12/Mar/2025:16:51:44 +0100] "GET /proxy HTTP/1.1" 404 296 "-" "-"
170.39.218.109 - - [12/Mar/2025:16:51:44 +0100] "GET /public/js/main.js HTTP/1.1" 404 304 "-" "-"
170.39.218.109 - - [12/Mar/2025:16:51:44 +0100] "GET /static/js/2.ca066a4b.chunk.js HTTP/1.1" 404 312 "-" "-"
170.39.218.109 - - [12/Mar/2025:16:51:45 +0100] "GET /static/js/main.e85f7a37.js HTTP/1.1" 404 311 "-" "-"
77.119.174.15 - - [12/Mar/2025:16:51:47 +0100] "GET /entry.php?id=10271&&ser=794646 HTTP/1.1" 200 988 "http://hausegger.activities.at/entry.php?id=10271&&ser=794586" "Mozilla/5.0 (Windows NT 10.0; Win64; x64; rv:136.0) Gecko/20100101 Firefox/136.0"
77.119.174.15 - - [12/Mar/2025:16:51:47 +0100] "GET /gui/javascript/form_form.js?1741794707 HTTP/1.1" 200 16206 "http://hausegger.activities.at/entry.php?id=10271&&ser=794646" "Mozilla/5.0 (Windows NT 10.0; Win64; x64; rv:136.0) Gecko/20100101 Firefox/136.0"
156.59.198.135 - - [12/Mar/2025:16:51:53 +0100] "GET /renault.2web.at/htdocs/export/pdf/emuc_document/11483523.pdf HTTP/1.0" 404 319 "-" "Mozilla/5.0 (Linux; Android 5.0) AppleWebKit/537.36 (KHTML, like Gecko) Mobile Safari/537.36 (compatible; Bytespider; spider-feedback@bytedance.com)"
156.59.198.136 - - [12/Mar/2025:16:52:04 +0100] "GET /renault.2web.at/htdocs/export/pdf/emuc_document/10637634.pdf HTTP/1.0" 404 319 "-" "Mozilla/5.0 (Linux; Android 5.0) AppleWebKit/537.36 (KHTML, like Gecko) Mobile Safari/537.36 (compatible; Bytespider; spider-feedback@bytedance.com)"
156.59.198.136 - - [12/Mar/2025:16:52:13 +0100] "GET /renault.2web.at/htdocs/export/pdf/emuc_document/11320369.pdf HTTP/1.0" 404 319 "-" "Mozilla/5.0 (Linux; Android 5.0) AppleWebKit/537.36 (KHTML, like Gecko) Mobile Safari/537.36 (compatible; Bytespider; spider-feedback@bytedance.com)"
156.59.198.136 - - [12/Mar/2025:16:52:23 +0100] "GET /renault.activities.at/htdocs/export/pdf/emuc_document/12468786.pdf HTTP/1.0" 404 322 "-" "Mozilla/5.0 (Linux; Android 5.0) AppleWebKit/537.36 (KHTML, like Gecko) Mobile Safari/537.36 (compatible; Bytespider; spider-feedback@bytedance.com)"
156.59.198.136 - - [12/Mar/2025:16:52:34 +0100] "GET /renault.2web.at/htdocs/export/pdf/emuc_document/12269034.pdf HTTP/1.0" 404 319 "-" "Mozilla/5.0 (Linux; Android 5.0) AppleWebKit/537.36 (KHTML, like Gecko) Mobile Safari/537.36 (compatible; Bytespider; spider-feedback@bytedance.com)"
156.59.198.135 - - [12/Mar/2025:16:52:44 +0100] "GET /renault.2web.at/htdocs/export/pdf/emuc_document/12227669.pdf HTTP/1.0" 404 319 "-" "Mozilla/5.0 (Linux; Android 5.0) AppleWebKit/537.36 (KHTML, like Gecko) Mobile Safari/537.36 (compatible; Bytespider; spider-feedback@bytedance.com)"
77.119.174.15 - - [12/Mar/2025:16:52:47 +0100] "GET /entry.php?id=10271&&ser=794707 HTTP/1.1" 200 988 "http://hausegger.activities.at/entry.php?id=10271&&ser=794646" "Mozilla/5.0 (Windows NT 10.0; Win64; x64; rv:136.0) Gecko/20100101 Firefox/136.0"
77.119.174.15 - - [12/Mar/2025:16:52:47 +0100] "GET /gui/javascript/form_form.js?1741794767 HTTP/1.1" 200 16206 "http://hausegger.activities.at/entry.php?id=10271&&ser=794707" "Mozilla/5.0 (Windows NT 10.0; Win64; x64; rv:136.0) Gecko/20100101 Firefox/136.0"
156.59.198.136 - - [12/Mar/2025:16:52:54 +0100] "GET /renault.activities.at/htdocs/export/pdf/emuc_document/11829530.pdf HTTP/1.0" 404 323 "-" "Mozilla/5.0 (Linux; Android 5.0) AppleWebKit/537.36 (KHTML, like Gecko) Mobile Safari/537.36 (compatible; Bytespider; spider-feedback@bytedance.com)"
156.59.198.135 - - [12/Mar/2025:16:53:04 +0100] "GET /renault.activities.at/htdocs/export/pdf/emuc_document/11430375.pdf HTTP/1.0" 404 322 "-" "Mozilla/5.0 (Linux; Android 5.0) AppleWebKit/537.36 (KHTML, like Gecko) Mobile Safari/537.36 (compatible; Bytespider; spider-feedback@bytedance.com)"
156.59.198.136 - - [12/Mar/2025:16:53:14 +0100] "GET /renault.activities.at/htdocs/export/pdf/emuc_document/11850919.pdf HTTP/1.0" 404 321 "-" "Mozilla/5.0 (Linux; Android 5.0) AppleWebKit/537.36 (KHTML, like Gecko) Mobile Safari/537.36 (compatible; Bytespider; spider-feedback@bytedance.com)"
156.59.198.135 - - [12/Mar/2025:16:53:24 +0100] "GET /renault.activities.at/htdocs/export/pdf/emuc_document/11918498.pdf HTTP/1.0" 404 321 "-" "Mozilla/5.0 (Linux; Android 5.0) AppleWebKit/537.36 (KHTML, like Gecko) Mobile Safari/537.36 (compatible; Bytespider; spider-feedback@bytedance.com)"
156.59.198.135 - - [12/Mar/2025:16:53:34 +0100] "GET /renault.2web.at/htdocs/export/pdf/emuc_document/11890134.pdf HTTP/1.0" 404 318 "-" "Mozilla/5.0 (Linux; Android 5.0) AppleWebKit/537.36 (KHTML, like Gecko) Mobile Safari/537.36 (compatible; Bytespider; spider-feedback@bytedance.com)"
156.59.198.136 - - [12/Mar/2025:16:53:44 +0100] "GET /renault.2web.at/htdocs/export/pdf/emuc_document/11536826.pdf HTTP/1.0" 404 318 "-" "Mozilla/5.0 (Linux; Android 5.0) AppleWebKit/537.36 (KHTML, like Gecko) Mobile Safari/537.36 (compatible; Bytespider; spider-feedback@bytedance.com)"
77.119.174.15 - - [12/Mar/2025:16:53:47 +0100] "GET /entry.php?id=10271&&ser=794767 HTTP/1.1" 200 987 "http://hausegger.activities.at/entry.php?id=10271&&ser=794707" "Mozilla/5.0 (Windows NT 10.0; Win64; x64; rv:136.0) Gecko/20100101 Firefox/136.0"
77.119.174.15 - - [12/Mar/2025:16:53:47 +0100] "GET /gui/javascript/form_form.js?1741794827 HTTP/1.1" 200 16206 "http://hausegger.activities.at/entry.php?id=10271&&ser=794767" "Mozilla/5.0 (Windows NT 10.0; Win64; x64; rv:136.0) Gecko/20100101 Firefox/136.0"
156.59.198.135 - - [12/Mar/2025:16:53:54 +0100] "GET /renault.2web.at/htdocs/export/pdf/emuc_document/11054496.pdf HTTP/1.0" 404 318 "-" "Mozilla/5.0 (Linux; Android 5.0) AppleWebKit/537.36 (KHTML, like Gecko) Mobile Safari/537.36 (compatible; Bytespider; spider-feedback@bytedance.com)"
156.59.198.135 - - [12/Mar/2025:16:54:06 +0100] "GET /renault.2web.at/htdocs/export/pdf/emuc_document/10789922.pdf HTTP/1.0" 404 319 "-" "Mozilla/5.0 (Linux; Android 5.0) AppleWebKit/537.36 (KHTML, like Gecko) Mobile Safari/537.36 (compatible; Bytespider; spider-feedback@bytedance.com)"
184.105.139.68 - - [12/Mar/2025:16:54:11 +0100] "GET / HTTP/1.1" 200 274 "-" "Mozilla/5.0 (iPad; CPU OS 15_7 like Mac OS X) AppleWebKit/605.1.15 (KHTML, like Gecko) Version/15.6,2 Mobile/15E148 Safari/604.1"
156.59.198.135 - - [12/Mar/2025:16:54:15 +0100] "GET /renault.activities.at/htdocs/export/pdf/emuc_document/11250494.pdf HTTP/1.0" 404 322 "-" "Mozilla/5.0 (Linux; Android 5.0) AppleWebKit/537.36 (KHTML, like Gecko) Mobile Safari/537.36 (compatible; Bytespider; spider-feedback@bytedance.com)"
156.59.198.136 - - [12/Mar/2025:16:54:24 +0100] "GET /renault.activities.at/htdocs/export/pdf/emuc_document/11170759.pdf HTTP/1.0" 404 322 "-" "Mozilla/5.0 (Linux; Android 5.0) AppleWebKit/537.36 (KHTML, like Gecko) Mobile Safari/537.36 (compatible; Bytespider; spider-feedback@bytedance.com)"
156.59.198.136 - - [12/Mar/2025:16:54:35 +0100] "GET /renault.activities.at/htdocs/export/pdf/emuc_document/12333267.pdf HTTP/1.0" 404 323 "-" "Mozilla/5.0 (Linux; Android 5.0) AppleWebKit/537.36 (KHTML, like Gecko) Mobile Safari/537.36 (compatible; Bytespider; spider-feedback@bytedance.com)"
156.59.198.136 - - [12/Mar/2025:16:54:45 +0100] "GET /renault.activities.at/htdocs/export/pdf/emuc_document/11379479.pdf HTTP/1.0" 404 322 "-" "Mozilla/5.0 (Linux; Android 5.0) AppleWebKit/537.36 (KHTML, like Gecko) Mobile Safari/537.36 (compatible; Bytespider; spider-feedback@bytedance.com)"
77.119.174.15 - - [12/Mar/2025:16:54:48 +0100] "GET /entry.php?id=10271&&ser=794827 HTTP/1.1" 200 987 "http://hausegger.activities.at/entry.php?id=10271&&ser=794767" "Mozilla/5.0 (Windows NT 10.0; Win64; x64; rv:136.0) Gecko/20100101 Firefox/136.0"
77.119.174.15 - - [12/Mar/2025:16:54:48 +0100] "GET /gui/javascript/form_form.js?1741794888 HTTP/1.1" 200 16206 "http://hausegger.activities.at/entry.php?id=10271&&ser=794827" "Mozilla/5.0 (Windows NT 10.0; Win64; x64; rv:136.0) Gecko/20100101 Firefox/136.0"
156.59.198.135 - - [12/Mar/2025:16:54:56 +0100] "GET /renault.2web.at/htdocs/export/pdf/emuc_document/10252743.pdf HTTP/1.0" 404 319 "-" "Mozilla/5.0 (Linux; Android 5.0) AppleWebKit/537.36 (KHTML, like Gecko) Mobile Safari/537.36 (compatible; Bytespider; spider-feedback@bytedance.com)"
156.59.198.136 - - [12/Mar/2025:16:55:05 +0100] "GET /renault.activities.at/htdocs/export/pdf/emuc_document/12468532.pdf HTTP/1.0" 404 322 "-" "Mozilla/5.0 (Linux; Android 5.0) AppleWebKit/537.36 (KHTML, like Gecko) Mobile Safari/537.36 (compatible; Bytespider; spider-feedback@bytedance.com)"
156.59.198.135 - - [12/Mar/2025:16:55:16 +0100] "GET /renault.activities.at/htdocs/export/pdf/emuc_document/10608866.pdf HTTP/1.0" 404 322 "-" "Mozilla/5.0 (Linux; Android 5.0) AppleWebKit/537.36 (KHTML, like Gecko) Mobile Safari/537.36 (compatible; Bytespider; spider-feedback@bytedance.com)"
156.59.198.135 - - [12/Mar/2025:16:55:26 +0100] "GET /renault.2web.at/htdocs/export/pdf/emuc_document/11213613.pdf HTTP/1.0" 404 318 "-" "Mozilla/5.0 (Linux; Android 5.0) AppleWebKit/537.36 (KHTML, like Gecko) Mobile Safari/537.36 (compatible; Bytespider; spider-feedback@bytedance.com)"
156.59.198.136 - - [12/Mar/2025:16:55:36 +0100] "GET /renault.activities.at/htdocs/export/pdf/emuc_document/11379399.pdf HTTP/1.0" 404 322 "-" "Mozilla/5.0 (Linux; Android 5.0) AppleWebKit/537.36 (KHTML, like Gecko) Mobile Safari/537.36 (compatible; Bytespider; spider-feedback@bytedance.com)"
156.59.198.136 - - [12/Mar/2025:16:55:46 +0100] "GET /renault.2web.at/htdocs/export/pdf/emuc_document/10959087.pdf HTTP/1.0" 404 319 "-" "Mozilla/5.0 (Linux; Android 5.0) AppleWebKit/537.36 (KHTML, like Gecko) Mobile Safari/537.36 (compatible; Bytespider; spider-feedback@bytedance.com)"
77.119.174.15 - - [12/Mar/2025:16:55:48 +0100] "GET /entry.php?id=10271&&ser=794888 HTTP/1.1" 200 987 "http://hausegger.activities.at/entry.php?id=10271&&ser=794827" "Mozilla/5.0 (Windows NT 10.0; Win64; x64; rv:136.0) Gecko/20100101 Firefox/136.0"
77.119.174.15 - - [12/Mar/2025:16:55:48 +0100] "GET /gui/javascript/form_form.js?1741794948 HTTP/1.1" 200 16206 "http://hausegger.activities.at/entry.php?id=10271&&ser=794888" "Mozilla/5.0 (Windows NT 10.0; Win64; x64; rv:136.0) Gecko/20100101 Firefox/136.0"
156.59.198.135 - - [12/Mar/2025:16:55:56 +0100] "GET /renault.2web.at/htdocs/export/pdf/emuc_document/11851396.pdf HTTP/1.0" 404 318 "-" "Mozilla/5.0 (Linux; Android 5.0) AppleWebKit/537.36 (KHTML, like Gecko) Mobile Safari/537.36 (compatible; Bytespider; spider-feedback@bytedance.com)"
156.59.198.135 - - [12/Mar/2025:16:56:06 +0100] "GET /renault.2web.at/htdocs/export/pdf/emuc_document/10354939.pdf HTTP/1.0" 404 319 "-" "Mozilla/5.0 (Linux; Android 5.0) AppleWebKit/537.36 (KHTML, like Gecko) Mobile Safari/537.36 (compatible; Bytespider; spider-feedback@bytedance.com)"
156.59.198.135 - - [12/Mar/2025:16:56:16 +0100] "GET /renault.2web.at/htdocs/export/pdf/emuc_document/11245492.pdf HTTP/1.0" 404 318 "-" "Mozilla/5.0 (Linux; Android 5.0) AppleWebKit/537.36 (KHTML, like Gecko) Mobile Safari/537.36 (compatible; Bytespider; spider-feedback@bytedance.com)"
156.59.198.135 - - [12/Mar/2025:16:56:26 +0100] "GET /renault.2web.at/htdocs/export/pdf/emuc_document/10609071.pdf HTTP/1.0" 404 318 "-" "Mozilla/5.0 (Linux; Android 5.0) AppleWebKit/537.36 (KHTML, like Gecko) Mobile Safari/537.36 (compatible; Bytespider; spider-feedback@bytedance.com)"
156.59.198.136 - - [12/Mar/2025:16:56:37 +0100] "GET /renault.activities.at/htdocs/export/pdf/emuc_document/11772870.pdf HTTP/1.0" 404 322 "-" "Mozilla/5.0 (Linux; Android 5.0) AppleWebKit/537.36 (KHTML, like Gecko) Mobile Safari/537.36 (compatible; Bytespider; spider-feedback@bytedance.com)"
156.59.198.136 - - [12/Mar/2025:16:56:47 +0100] "GET /renault.activities.at/htdocs/export/pdf/emuc_document/12304914.pdf HTTP/1.0" 404 322 "-" "Mozilla/5.0 (Linux; Android 5.0) AppleWebKit/537.36 (KHTML, like Gecko) Mobile Safari/537.36 (compatible; Bytespider; spider-feedback@bytedance.com)"
77.119.174.15 - - [12/Mar/2025:16:56:48 +0100] "GET /entry.php?id=10271&&ser=794948 HTTP/1.1" 200 986 "http://hausegger.activities.at/entry.php?id=10271&&ser=794888" "Mozilla/5.0 (Windows NT 10.0; Win64; x64; rv:136.0) Gecko/20100101 Firefox/136.0"
77.119.174.15 - - [12/Mar/2025:16:56:48 +0100] "GET /gui/javascript/form_form.js?1741795008 HTTP/1.1" 200 16206 "http://hausegger.activities.at/entry.php?id=10271&&ser=794948" "Mozilla/5.0 (Windows NT 10.0; Win64; x64; rv:136.0) Gecko/20100101 Firefox/136.0"
184.105.139.68 - - [12/Mar/2025:16:56:56 +0100] "GET /favicon.ico HTTP/1.1" 404 284 "-" "Mozilla/5.0 (Macintosh; Intel Mac OS X 14_4) AppleWebKit/537.36 (KHTML, like Gecko) Chrome/123.0.0.0 Safari/537.36"
156.59.198.136 - - [12/Mar/2025:16:56:57 +0100] "GET /renault.2web.at/htdocs/export/pdf/emuc_document/12001854.pdf HTTP/1.0" 404 318 "-" "Mozilla/5.0 (Linux; Android 5.0) AppleWebKit/537.36 (KHTML, like Gecko) Mobile Safari/537.36 (compatible; Bytespider; spider-feedback@bytedance.com)"
156.59.198.136 - - [12/Mar/2025:16:57:08 +0100] "GET /renault.2web.at/htdocs/export/pdf/emuc_document/10936565.pdf HTTP/1.0" 404 319 "-" "Mozilla/5.0 (Linux; Android 5.0) AppleWebKit/537.36 (KHTML, like Gecko) Mobile Safari/537.36 (compatible; Bytespider; spider-feedback@bytedance.com)"
156.59.198.135 - - [12/Mar/2025:16:57:18 +0100] "GET /renault.activities.at/htdocs/export/pdf/emuc_document/11782624.pdf HTTP/1.0" 404 322 "-" "Mozilla/5.0 (Linux; Android 5.0) AppleWebKit/537.36 (KHTML, like Gecko) Mobile Safari/537.36 (compatible; Bytespider; spider-feedback@bytedance.com)"
156.59.198.136 - - [12/Mar/2025:16:57:27 +0100] "GET /renault.2web.at/htdocs/export/pdf/emuc_document/12332988.pdf HTTP/1.0" 404 319 "-" "Mozilla/5.0 (Linux; Android 5.0) AppleWebKit/537.36 (KHTML, like Gecko) Mobile Safari/537.36 (compatible; Bytespider; spider-feedback@bytedance.com)"
184.105.139.68 - - [12/Mar/2025:16:57:33 +0100] "GET /geoserver/web/ HTTP/1.1" 404 284 "-" "Mozilla/5.0 (iPad; CPU OS 15_7 like Mac OS X) AppleWebKit/605.1.15 (KHTML, like Gecko) Version/15.6,2 Mobile/15E148 Safari/604.1"
156.59.198.135 - - [12/Mar/2025:16:57:37 +0100] "GET /renault.2web.at/htdocs/export/pdf/emuc_document/11828603.pdf HTTP/1.0" 404 319 "-" "Mozilla/5.0 (Linux; Android 5.0) AppleWebKit/537.36 (KHTML, like Gecko) Mobile Safari/537.36 (compatible; Bytespider; spider-feedback@bytedance.com)"
156.59.198.135 - - [12/Mar/2025:16:57:47 +0100] "GET /renault.2web.at/htdocs/export/pdf/emuc_document/11725116.pdf HTTP/1.0" 404 318 "-" "Mozilla/5.0 (Linux; Android 5.0) AppleWebKit/537.36 (KHTML, like Gecko) Mobile Safari/537.36 (compatible; Bytespider; spider-feedback@bytedance.com)"
77.119.174.15 - - [12/Mar/2025:16:57:49 +0100] "GET /entry.php?id=10271&&ser=795008 HTTP/1.1" 200 986 "http://hausegger.activities.at/entry.php?id=10271&&ser=794948" "Mozilla/5.0 (Windows NT 10.0; Win64; x64; rv:136.0) Gecko/20100101 Firefox/136.0"
77.119.174.15 - - [12/Mar/2025:16:57:49 +0100] "GET /gui/javascript/form_form.js?1741795069 HTTP/1.1" 200 16206 "http://hausegger.activities.at/entry.php?id=10271&&ser=795008" "Mozilla/5.0 (Windows NT 10.0; Win64; x64; rv:136.0) Gecko/20100101 Firefox/136.0"
156.59.198.135 - - [12/Mar/2025:16:57:58 +0100] "GET /renault.2web.at/htdocs/export/pdf/emuc_document/12113274.pdf HTTP/1.0" 404 319 "-" "Mozilla/5.0 (Linux; Android 5.0) AppleWebKit/537.36 (KHTML, like Gecko) Mobile Safari/537.36 (compatible; Bytespider; spider-feedback@bytedance.com)"
184.105.139.68 - - [12/Mar/2025:16:58:05 +0100] "GET /info.php HTTP/1.1" 404 283 "-" "Mozilla/5.0 (iPad; CPU OS 15_7 like Mac OS X) AppleWebKit/605.1.15 (KHTML, like Gecko) Version/15.6,2 Mobile/15E148 Safari/604.1"
184.105.139.68 - - [12/Mar/2025:16:58:07 +0100] "GET /phpinfo.php HTTP/1.1" 200 10191 "-" "Mozilla/5.0 (Windows NT 10.0; Win64; x64; rv:124.0) Gecko/20100101 Firefox/124.0"
156.59.198.135 - - [12/Mar/2025:16:58:08 +0100] "GET /renault.2web.at/htdocs/export/pdf/emuc_document/12397754.pdf HTTP/1.0" 404 319 "-" "Mozilla/5.0 (Linux; Android 5.0) AppleWebKit/537.36 (KHTML, like Gecko) Mobile Safari/537.36 (compatible; Bytespider; spider-feedback@bytedance.com)"
184.105.139.68 - - [12/Mar/2025:16:58:09 +0100] "GET /dashboard/phpinfo.php HTTP/1.1" 404 290 "-" "Mozilla/5.0 (Macintosh; Intel Mac OS X 10_15_7) AppleWebKit/605.1.15 (KHTML, like Gecko) Version/17.3 Safari/605.1.15"
156.59.198.135 - - [12/Mar/2025:16:58:19 +0100] "GET /renault.activities.at/htdocs/export/pdf/emuc_document/10969030.pdf HTTP/1.0" 404 322 "-" "Mozilla/5.0 (Linux; Android 5.0) AppleWebKit/537.36 (KHTML, like Gecko) Mobile Safari/537.36 (compatible; Bytespider; spider-feedback@bytedance.com)"
156.59.198.135 - - [12/Mar/2025:16:58:29 +0100] "GET /renault.activities.at/htdocs/export/pdf/emuc_document/10711421.pdf HTTP/1.0" 404 322 "-" "Mozilla/5.0 (Linux; Android 5.0) AppleWebKit/537.36 (KHTML, like Gecko) Mobile Safari/537.36 (compatible; Bytespider; spider-feedback@bytedance.com)"
156.59.198.136 - - [12/Mar/2025:16:58:38 +0100] "GET /renault.2web.at/htdocs/export/pdf/emuc_document/10789907.pdf HTTP/1.0" 404 319 "-" "Mozilla/5.0 (Linux; Android 5.0) AppleWebKit/537.36 (KHTML, like Gecko) Mobile Safari/537.36 (compatible; Bytespider; spider-feedback@bytedance.com)"
156.59.198.135 - - [12/Mar/2025:16:58:49 +0100] "GET /renault.2web.at/htdocs/export/pdf/emuc_document/11918385.pdf HTTP/1.0" 404 318 "-" "Mozilla/5.0 (Linux; Android 5.0) AppleWebKit/537.36 (KHTML, like Gecko) Mobile Safari/537.36 (compatible; Bytespider; spider-feedback@bytedance.com)"
77.119.174.15 - - [12/Mar/2025:16:58:49 +0100] "GET /entry.php?id=10271&&ser=795069 HTTP/1.1" 200 987 "http://hausegger.activities.at/entry.php?id=10271&&ser=795008" "Mozilla/5.0 (Windows NT 10.0; Win64; x64; rv:136.0) Gecko/20100101 Firefox/136.0"
77.119.174.15 - - [12/Mar/2025:16:58:49 +0100] "GET /gui/javascript/form_form.js?1741795129 HTTP/1.1" 200 16206 "http://hausegger.activities.at/entry.php?id=10271&&ser=795069" "Mozilla/5.0 (Windows NT 10.0; Win64; x64; rv:136.0) Gecko/20100101 Firefox/136.0"
156.59.198.136 - - [12/Mar/2025:16:58:59 +0100] "GET /renault.activities.at/htdocs/export/pdf/emuc_document/12299707.pdf HTTP/1.0" 404 322 "-" "Mozilla/5.0 (Linux; Android 5.0) AppleWebKit/537.36 (KHTML, like Gecko) Mobile Safari/537.36 (compatible; Bytespider; spider-feedback@bytedance.com)"
156.59.198.135 - - [12/Mar/2025:16:59:09 +0100] "GET /renault.activities.at/htdocs/export/pdf/emuc_document/12430530.pdf HTTP/1.0" 404 322 "-" "Mozilla/5.0 (Linux; Android 5.0) AppleWebKit/537.36 (KHTML, like Gecko) Mobile Safari/537.36 (compatible; Bytespider; spider-feedback@bytedance.com)"
156.59.198.135 - - [12/Mar/2025:16:59:19 +0100] "GET /renault.2web.at/htdocs/export/pdf/emuc_document/11254044.pdf HTTP/1.0" 404 317 "-" "Mozilla/5.0 (Linux; Android 5.0) AppleWebKit/537.36 (KHTML, like Gecko) Mobile Safari/537.36 (compatible; Bytespider; spider-feedback@bytedance.com)"
156.59.198.135 - - [12/Mar/2025:16:59:30 +0100] "GET /renault.2web.at/htdocs/export/pdf/emuc_document/12323371.pdf HTTP/1.0" 404 319 "-" "Mozilla/5.0 (Linux; Android 5.0) AppleWebKit/537.36 (KHTML, like Gecko) Mobile Safari/537.36 (compatible; Bytespider; spider-feedback@bytedance.com)"
156.59.198.136 - - [12/Mar/2025:16:59:40 +0100] "GET /renault.activities.at/htdocs/export/pdf/emuc_document/12383243.pdf HTTP/1.0" 404 322 "-" "Mozilla/5.0 (Linux; Android 5.0) AppleWebKit/537.36 (KHTML, like Gecko) Mobile Safari/537.36 (compatible; Bytespider; spider-feedback@bytedance.com)"
77.119.174.15 - - [12/Mar/2025:16:59:49 +0100] "GET /entry.php?id=10271&&ser=795129 HTTP/1.1" 200 987 "http://hausegger.activities.at/entry.php?id=10271&&ser=795069" "Mozilla/5.0 (Windows NT 10.0; Win64; x64; rv:136.0) Gecko/20100101 Firefox/136.0"
77.119.174.15 - - [12/Mar/2025:16:59:49 +0100] "GET /gui/javascript/form_form.js?1741795189 HTTP/1.1" 200 16206 "http://hausegger.activities.at/entry.php?id=10271&&ser=795129" "Mozilla/5.0 (Windows NT 10.0; Win64; x64; rv:136.0) Gecko/20100101 Firefox/136.0"
156.59.198.136 - - [12/Mar/2025:16:59:51 +0100] "GET /renault.activities.at/htdocs/export/pdf/emuc_document/11671783.pdf HTTP/1.0" 404 322 "-" "Mozilla/5.0 (Linux; Android 5.0) AppleWebKit/537.36 (KHTML, like Gecko) Mobile Safari/537.36 (compatible; Bytespider; spider-feedback@bytedance.com)"
156.59.198.136 - - [12/Mar/2025:17:00:02 +0100] "GET /renault.activities.at/htdocs/export/pdf/emuc_document/11763018.pdf HTTP/1.0" 404 322 "-" "Mozilla/5.0 (Linux; Android 5.0) AppleWebKit/537.36 (KHTML, like Gecko) Mobile Safari/537.36 (compatible; Bytespider; spider-feedback@bytedance.com)"
156.59.198.136 - - [12/Mar/2025:17:00:12 +0100] "GET /renault.activities.at/htdocs/export/pdf/emuc_document/11306546.pdf HTTP/1.0" 404 322 "-" "Mozilla/5.0 (Linux; Android 5.0) AppleWebKit/537.36 (KHTML, like Gecko) Mobile Safari/537.36 (compatible; Bytespider; spider-feedback@bytedance.com)"
156.59.198.135 - - [12/Mar/2025:17:00:22 +0100] "GET /renault.activities.at/htdocs/export/pdf/emuc_document/12423036.pdf HTTP/1.0" 404 322 "-" "Mozilla/5.0 (Linux; Android 5.0) AppleWebKit/537.36 (KHTML, like Gecko) Mobile Safari/537.36 (compatible; Bytespider; spider-feedback@bytedance.com)"
156.59.198.136 - - [12/Mar/2025:17:00:32 +0100] "GET /renault.2web.at/htdocs/export/pdf/emuc_document/11133577.pdf HTTP/1.0" 404 319 "-" "Mozilla/5.0 (Linux; Android 5.0) AppleWebKit/537.36 (KHTML, like Gecko) Mobile Safari/537.36 (compatible; Bytespider; spider-feedback@bytedance.com)"
