178.165.172.18 - - [02/Apr/2025:11:31:58 +0200] "GET /gui/javascript/form_form.js?1743586318 HTTP/1.1" 200 16206 "http://hausegger.activities.at/entry.php?id=10271&&ser=586258" "Mozilla/5.0 (Windows NT 10.0; Win64; x64; rv:137.0) Gecko/20100101 Firefox/137.0"
178.165.172.18 - - [02/Apr/2025:11:32:59 +0200] "GET /entry.php?id=10271&&ser=586318 HTTP/1.1" 200 987 "http://hausegger.activities.at/entry.php?id=10271&&ser=586258" "Mozilla/5.0 (Windows NT 10.0; Win64; x64; rv:137.0) Gecko/20100101 Firefox/137.0"
178.165.172.18 - - [02/Apr/2025:11:32:59 +0200] "GET /gui/javascript/form_form.js?1743586379 HTTP/1.1" 200 16206 "http://hausegger.activities.at/entry.php?id=10271&&ser=586318" "Mozilla/5.0 (Windows NT 10.0; Win64; x64; rv:137.0) Gecko/20100101 Firefox/137.0"
178.165.172.18 - - [02/Apr/2025:11:34:00 +0200] "GET /entry.php?id=10271&&ser=586379 HTTP/1.1" 200 987 "http://hausegger.activities.at/entry.php?id=10271&&ser=586318" "Mozilla/5.0 (Windows NT 10.0; Win64; x64; rv:137.0) Gecko/20100101 Firefox/137.0"
178.165.172.18 - - [02/Apr/2025:11:34:00 +0200] "GET /gui/javascript/form_form.js?1743586440 HTTP/1.1" 200 16206 "http://hausegger.activities.at/entry.php?id=10271&&ser=586379" "Mozilla/5.0 (Windows NT 10.0; Win64; x64; rv:137.0) Gecko/20100101 Firefox/137.0"
178.165.172.18 - - [02/Apr/2025:11:35:00 +0200] "GET /entry.php?id=10271&&ser=586440 HTTP/1.1" 200 986 "http://hausegger.activities.at/entry.php?id=10271&&ser=586379" "Mozilla/5.0 (Windows NT 10.0; Win64; x64; rv:137.0) Gecko/20100101 Firefox/137.0"
178.165.172.18 - - [02/Apr/2025:11:35:00 +0200] "GET /gui/javascript/form_form.js?1743586500 HTTP/1.1" 200 16206 "http://hausegger.activities.at/entry.php?id=10271&&ser=586440" "Mozilla/5.0 (Windows NT 10.0; Win64; x64; rv:137.0) Gecko/20100101 Firefox/137.0"
178.165.172.18 - - [02/Apr/2025:11:36:00 +0200] "GET /entry.php?id=10271&&ser=586500 HTTP/1.1" 200 987 "http://hausegger.activities.at/entry.php?id=10271&&ser=586440" "Mozilla/5.0 (Windows NT 10.0; Win64; x64; rv:137.0) Gecko/20100101 Firefox/137.0"
178.165.172.18 - - [02/Apr/2025:11:36:00 +0200] "GET /gui/javascript/form_form.js?1743586560 HTTP/1.1" 200 16206 "http://hausegger.activities.at/entry.php?id=10271&&ser=586500" "Mozilla/5.0 (Windows NT 10.0; Win64; x64; rv:137.0) Gecko/20100101 Firefox/137.0"
178.165.172.18 - - [02/Apr/2025:11:37:01 +0200] "GET /entry.php?id=10271&&ser=586560 HTTP/1.1" 200 986 "http://hausegger.activities.at/entry.php?id=10271&&ser=586500" "Mozilla/5.0 (Windows NT 10.0; Win64; x64; rv:137.0) Gecko/20100101 Firefox/137.0"
178.165.172.18 - - [02/Apr/2025:11:37:01 +0200] "GET /gui/javascript/form_form.js?1743586621 HTTP/1.1" 200 16206 "http://hausegger.activities.at/entry.php?id=10271&&ser=586560" "Mozilla/5.0 (Windows NT 10.0; Win64; x64; rv:137.0) Gecko/20100101 Firefox/137.0"
178.165.172.18 - - [02/Apr/2025:11:38:01 +0200] "GET /entry.php?id=10271&&ser=586621 HTTP/1.1" 200 986 "http://hausegger.activities.at/entry.php?id=10271&&ser=586560" "Mozilla/5.0 (Windows NT 10.0; Win64; x64; rv:137.0) Gecko/20100101 Firefox/137.0"
178.165.172.18 - - [02/Apr/2025:11:38:01 +0200] "GET /gui/javascript/form_form.js?1743586681 HTTP/1.1" 200 16206 "http://hausegger.activities.at/entry.php?id=10271&&ser=586621" "Mozilla/5.0 (Windows NT 10.0; Win64; x64; rv:137.0) Gecko/20100101 Firefox/137.0"
178.165.172.18 - - [02/Apr/2025:11:39:01 +0200] "GET /entry.php?id=10271&&ser=586681 HTTP/1.1" 200 986 "http://hausegger.activities.at/entry.php?id=10271&&ser=586621" "Mozilla/5.0 (Windows NT 10.0; Win64; x64; rv:137.0) Gecko/20100101 Firefox/137.0"
178.165.172.18 - - [02/Apr/2025:11:39:01 +0200] "GET /gui/javascript/form_form.js?1743586741 HTTP/1.1" 200 16206 "http://hausegger.activities.at/entry.php?id=10271&&ser=586681" "Mozilla/5.0 (Windows NT 10.0; Win64; x64; rv:137.0) Gecko/20100101 Firefox/137.0"
151.106.162.202 - - [02/Apr/2025:11:39:02 +0200] "GET /download/file.php?id=250&sid=50f42f9701057481fca9f1af90ed3ef9 HTTP/1.1" 404 297 "-" "Mozilla/5.0 (X11; Ubuntu; Linux x86_64; rv:72.0) Gecko/20100101 Firefox/72.0"
151.106.162.202 - - [02/Apr/2025:11:39:02 +0200] "GET /download/file.php?id=250&sid=50f42f9701057481fca9f1af90ed3ef9 HTTP/1.1" 404 297 "-" "Mozilla/5.0 (X11; Ubuntu; Linux x86_64; rv:72.0) Gecko/20100101 Firefox/72.0"
151.106.162.202 - - [02/Apr/2025:11:39:02 +0200] "GET /download/file.php?id=250&sid=50f42f9701057481fca9f1af90ed3ef9 HTTP/1.1" 404 297 "-" "Mozilla/5.0 (X11; Ubuntu; Linux x86_64; rv:72.0) Gecko/20100101 Firefox/72.0"
178.165.172.18 - - [02/Apr/2025:11:40:01 +0200] "GET /entry.php?id=10271&&ser=586741 HTTP/1.1" 200 987 "http://hausegger.activities.at/entry.php?id=10271&&ser=586681" "Mozilla/5.0 (Windows NT 10.0; Win64; x64; rv:137.0) Gecko/20100101 Firefox/137.0"
178.165.172.18 - - [02/Apr/2025:11:40:02 +0200] "GET /gui/javascript/form_form.js?1743586802 HTTP/1.1" 200 16206 "http://hausegger.activities.at/entry.php?id=10271&&ser=586741" "Mozilla/5.0 (Windows NT 10.0; Win64; x64; rv:137.0) Gecko/20100101 Firefox/137.0"
178.165.172.18 - - [02/Apr/2025:11:41:02 +0200] "GET /entry.php?id=10271&&ser=586802 HTTP/1.1" 200 987 "http://hausegger.activities.at/entry.php?id=10271&&ser=586741" "Mozilla/5.0 (Windows NT 10.0; Win64; x64; rv:137.0) Gecko/20100101 Firefox/137.0"
178.165.172.18 - - [02/Apr/2025:11:41:02 +0200] "GET /gui/javascript/form_form.js?1743586862 HTTP/1.1" 200 16206 "http://hausegger.activities.at/entry.php?id=10271&&ser=586802" "Mozilla/5.0 (Windows NT 10.0; Win64; x64; rv:137.0) Gecko/20100101 Firefox/137.0"
156.59.198.136 - - [02/Apr/2025:11:41:24 +0200] "GET /renault.activities.at/htdocs/export/pdf/emuc_document/11044855.pdf HTTP/1.0" 404 321 "-" "Mozilla/5.0 (Linux; Android 5.0) AppleWebKit/537.36 (KHTML, like Gecko) Mobile Safari/537.36 (compatible; Bytespider; spider-feedback@bytedance.com)"
178.165.172.18 - - [02/Apr/2025:11:42:02 +0200] "GET /entry.php?id=10271&&ser=586862 HTTP/1.1" 200 986 "http://hausegger.activities.at/entry.php?id=10271&&ser=586802" "Mozilla/5.0 (Windows NT 10.0; Win64; x64; rv:137.0) Gecko/20100101 Firefox/137.0"
178.165.172.18 - - [02/Apr/2025:11:42:02 +0200] "GET /gui/javascript/form_form.js?1743586922 HTTP/1.1" 200 16206 "http://hausegger.activities.at/entry.php?id=10271&&ser=586862" "Mozilla/5.0 (Windows NT 10.0; Win64; x64; rv:137.0) Gecko/20100101 Firefox/137.0"
151.106.162.202 - - [02/Apr/2025:11:42:09 +0200] "GET /gallery/image.php?mode=thumbnail&album_id=1&image_id=115&sid=fbf61c710348699c269281f85d38b363 HTTP/1.1" 404 297 "-" "Mozilla/5.0 (X11; Ubuntu; Linux x86_64; rv:72.0) Gecko/20100101 Firefox/72.0"
151.106.162.202 - - [02/Apr/2025:11:42:09 +0200] "GET /gallery/image.php?mode=thumbnail&album_id=1&image_id=115&sid=fbf61c710348699c269281f85d38b363 HTTP/1.1" 404 297 "-" "Mozilla/5.0 (X11; Ubuntu; Linux x86_64; rv:72.0) Gecko/20100101 Firefox/72.0"
151.106.162.202 - - [02/Apr/2025:11:42:09 +0200] "GET /gallery/image.php?mode=thumbnail&album_id=1&image_id=115&sid=fbf61c710348699c269281f85d38b363 HTTP/1.1" 404 297 "-" "Mozilla/5.0 (X11; Ubuntu; Linux x86_64; rv:72.0) Gecko/20100101 Firefox/72.0"
178.165.172.18 - - [02/Apr/2025:11:43:03 +0200] "GET /entry.php?id=10271&&ser=586922 HTTP/1.1" 200 986 "http://hausegger.activities.at/entry.php?id=10271&&ser=586862" "Mozilla/5.0 (Windows NT 10.0; Win64; x64; rv:137.0) Gecko/20100101 Firefox/137.0"
178.165.172.18 - - [02/Apr/2025:11:43:03 +0200] "GET /gui/javascript/form_form.js?1743586983 HTTP/1.1" 200 16206 "http://hausegger.activities.at/entry.php?id=10271&&ser=586922" "Mozilla/5.0 (Windows NT 10.0; Win64; x64; rv:137.0) Gecko/20100101 Firefox/137.0"
178.165.172.18 - - [02/Apr/2025:11:44:03 +0200] "GET /entry.php?id=10271&&ser=586983 HTTP/1.1" 200 987 "http://hausegger.activities.at/entry.php?id=10271&&ser=586922" "Mozilla/5.0 (Windows NT 10.0; Win64; x64; rv:137.0) Gecko/20100101 Firefox/137.0"
178.165.172.18 - - [02/Apr/2025:11:44:03 +0200] "GET /gui/javascript/form_form.js?1743587043 HTTP/1.1" 200 16206 "http://hausegger.activities.at/entry.php?id=10271&&ser=586983" "Mozilla/5.0 (Windows NT 10.0; Win64; x64; rv:137.0) Gecko/20100101 Firefox/137.0"
178.165.172.18 - - [02/Apr/2025:11:45:03 +0200] "GET /entry.php?id=10271&&ser=587043 HTTP/1.1" 200 987 "http://hausegger.activities.at/entry.php?id=10271&&ser=586983" "Mozilla/5.0 (Windows NT 10.0; Win64; x64; rv:137.0) Gecko/20100101 Firefox/137.0"
178.165.172.18 - - [02/Apr/2025:11:45:03 +0200] "GET /gui/javascript/form_form.js?1743587103 HTTP/1.1" 200 16206 "http://hausegger.activities.at/entry.php?id=10271&&ser=587043" "Mozilla/5.0 (Windows NT 10.0; Win64; x64; rv:137.0) Gecko/20100101 Firefox/137.0"
151.106.162.202 - - [02/Apr/2025:11:46:03 +0200] "GET /cron.php?cron_type=tidy_cache&sid=cd0dea410b0c8419ed87ace618fa7536 HTTP/1.1" 404 290 "-" "Mozilla/5.0 (X11; Ubuntu; Linux x86_64; rv:72.0) Gecko/20100101 Firefox/72.0"
178.165.172.18 - - [02/Apr/2025:11:46:03 +0200] "GET /entry.php?id=10271&&ser=587103 HTTP/1.1" 200 987 "http://hausegger.activities.at/entry.php?id=10271&&ser=587043" "Mozilla/5.0 (Windows NT 10.0; Win64; x64; rv:137.0) Gecko/20100101 Firefox/137.0"
151.106.162.202 - - [02/Apr/2025:11:46:04 +0200] "GET /cron.php?cron_type=tidy_cache&sid=cd0dea410b0c8419ed87ace618fa7536 HTTP/1.1" 404 290 "-" "Mozilla/5.0 (X11; Ubuntu; Linux x86_64; rv:72.0) Gecko/20100101 Firefox/72.0"
178.165.172.18 - - [02/Apr/2025:11:46:04 +0200] "GET /gui/javascript/form_form.js?1743587164 HTTP/1.1" 200 16206 "http://hausegger.activities.at/entry.php?id=10271&&ser=587103" "Mozilla/5.0 (Windows NT 10.0; Win64; x64; rv:137.0) Gecko/20100101 Firefox/137.0"
151.106.162.202 - - [02/Apr/2025:11:46:04 +0200] "GET /cron.php?cron_type=tidy_cache&sid=cd0dea410b0c8419ed87ace618fa7536 HTTP/1.1" 404 290 "-" "Mozilla/5.0 (X11; Ubuntu; Linux x86_64; rv:72.0) Gecko/20100101 Firefox/72.0"
178.165.172.18 - - [02/Apr/2025:11:47:04 +0200] "GET /entry.php?id=10271&&ser=587164 HTTP/1.1" 200 987 "http://hausegger.activities.at/entry.php?id=10271&&ser=587103" "Mozilla/5.0 (Windows NT 10.0; Win64; x64; rv:137.0) Gecko/20100101 Firefox/137.0"
178.165.172.18 - - [02/Apr/2025:11:47:04 +0200] "GET /gui/javascript/form_form.js?1743587224 HTTP/1.1" 200 16206 "http://hausegger.activities.at/entry.php?id=10271&&ser=587164" "Mozilla/5.0 (Windows NT 10.0; Win64; x64; rv:137.0) Gecko/20100101 Firefox/137.0"
178.165.172.18 - - [02/Apr/2025:11:48:04 +0200] "GET /entry.php?id=10271&&ser=587224 HTTP/1.1" 200 987 "http://hausegger.activities.at/entry.php?id=10271&&ser=587164" "Mozilla/5.0 (Windows NT 10.0; Win64; x64; rv:137.0) Gecko/20100101 Firefox/137.0"
178.165.172.18 - - [02/Apr/2025:11:48:04 +0200] "GET /gui/javascript/form_form.js?1743587284 HTTP/1.1" 200 16206 "http://hausegger.activities.at/entry.php?id=10271&&ser=587224" "Mozilla/5.0 (Windows NT 10.0; Win64; x64; rv:137.0) Gecko/20100101 Firefox/137.0"
178.165.172.18 - - [02/Apr/2025:11:49:04 +0200] "GET /entry.php?id=10271&&ser=587284 HTTP/1.1" 200 988 "http://hausegger.activities.at/entry.php?id=10271&&ser=587224" "Mozilla/5.0 (Windows NT 10.0; Win64; x64; rv:137.0) Gecko/20100101 Firefox/137.0"
178.165.172.18 - - [02/Apr/2025:11:49:05 +0200] "GET /gui/javascript/form_form.js?1743587345 HTTP/1.1" 200 16206 "http://hausegger.activities.at/entry.php?id=10271&&ser=587284" "Mozilla/5.0 (Windows NT 10.0; Win64; x64; rv:137.0) Gecko/20100101 Firefox/137.0"
178.165.172.18 - - [02/Apr/2025:11:50:05 +0200] "GET /entry.php?id=10271&&ser=587345 HTTP/1.1" 200 987 "http://hausegger.activities.at/entry.php?id=10271&&ser=587284" "Mozilla/5.0 (Windows NT 10.0; Win64; x64; rv:137.0) Gecko/20100101 Firefox/137.0"
178.165.172.18 - - [02/Apr/2025:11:50:05 +0200] "GET /gui/javascript/form_form.js?1743587405 HTTP/1.1" 200 16206 "http://hausegger.activities.at/entry.php?id=10271&&ser=587345" "Mozilla/5.0 (Windows NT 10.0; Win64; x64; rv:137.0) Gecko/20100101 Firefox/137.0"
194.38.23.16 - - [02/Apr/2025:11:50:51 +0200] "GET /plugins/html5-file-upload/html5fileupload.php HTTP/1.1" 404 397 "-" "ALittle Client"
194.38.23.16 - - [02/Apr/2025:11:51:01 +0200] "GET /plugins/html5-file-upload/html5fileupload.php HTTP/1.1" 404 410 "-" "ALittle Client"
178.165.172.18 - - [02/Apr/2025:11:51:05 +0200] "GET /entry.php?id=10271&&ser=587405 HTTP/1.1" 200 988 "http://hausegger.activities.at/entry.php?id=10271&&ser=587345" "Mozilla/5.0 (Windows NT 10.0; Win64; x64; rv:137.0) Gecko/20100101 Firefox/137.0"
178.165.172.18 - - [02/Apr/2025:11:51:05 +0200] "GET /gui/javascript/form_form.js?1743587465 HTTP/1.1" 200 16206 "http://hausegger.activities.at/entry.php?id=10271&&ser=587405" "Mozilla/5.0 (Windows NT 10.0; Win64; x64; rv:137.0) Gecko/20100101 Firefox/137.0"
178.165.172.18 - - [02/Apr/2025:11:52:05 +0200] "GET /entry.php?id=10271&&ser=587465 HTTP/1.1" 200 987 "http://hausegger.activities.at/entry.php?id=10271&&ser=587405" "Mozilla/5.0 (Windows NT 10.0; Win64; x64; rv:137.0) Gecko/20100101 Firefox/137.0"
178.165.172.18 - - [02/Apr/2025:11:52:06 +0200] "GET /gui/javascript/form_form.js?1743587526 HTTP/1.1" 200 16206 "http://hausegger.activities.at/entry.php?id=10271&&ser=587465" "Mozilla/5.0 (Windows NT 10.0; Win64; x64; rv:137.0) Gecko/20100101 Firefox/137.0"
178.165.172.18 - - [02/Apr/2025:11:53:06 +0200] "GET /entry.php?id=10271&&ser=587526 HTTP/1.1" 200 987 "http://hausegger.activities.at/entry.php?id=10271&&ser=587465" "Mozilla/5.0 (Windows NT 10.0; Win64; x64; rv:137.0) Gecko/20100101 Firefox/137.0"
178.165.172.18 - - [02/Apr/2025:11:53:06 +0200] "GET /gui/javascript/form_form.js?1743587586 HTTP/1.1" 200 16206 "http://hausegger.activities.at/entry.php?id=10271&&ser=587526" "Mozilla/5.0 (Windows NT 10.0; Win64; x64; rv:137.0) Gecko/20100101 Firefox/137.0"
178.165.172.18 - - [02/Apr/2025:11:54:06 +0200] "GET /entry.php?id=10271&&ser=587586 HTTP/1.1" 200 987 "http://hausegger.activities.at/entry.php?id=10271&&ser=587526" "Mozilla/5.0 (Windows NT 10.0; Win64; x64; rv:137.0) Gecko/20100101 Firefox/137.0"
178.165.172.18 - - [02/Apr/2025:11:54:06 +0200] "GET /gui/javascript/form_form.js?1743587646 HTTP/1.1" 200 16206 "http://hausegger.activities.at/entry.php?id=10271&&ser=587586" "Mozilla/5.0 (Windows NT 10.0; Win64; x64; rv:137.0) Gecko/20100101 Firefox/137.0"
178.165.172.18 - - [02/Apr/2025:11:55:06 +0200] "GET /entry.php?id=10271&&ser=587646 HTTP/1.1" 200 986 "http://hausegger.activities.at/entry.php?id=10271&&ser=587586" "Mozilla/5.0 (Windows NT 10.0; Win64; x64; rv:137.0) Gecko/20100101 Firefox/137.0"
178.165.172.18 - - [02/Apr/2025:11:55:07 +0200] "GET /gui/javascript/form_form.js?1743587707 HTTP/1.1" 200 16206 "http://hausegger.activities.at/entry.php?id=10271&&ser=587646" "Mozilla/5.0 (Windows NT 10.0; Win64; x64; rv:137.0) Gecko/20100101 Firefox/137.0"
178.165.172.18 - - [02/Apr/2025:11:56:07 +0200] "GET /entry.php?id=10271&&ser=587707 HTTP/1.1" 200 986 "http://hausegger.activities.at/entry.php?id=10271&&ser=587646" "Mozilla/5.0 (Windows NT 10.0; Win64; x64; rv:137.0) Gecko/20100101 Firefox/137.0"
178.165.172.18 - - [02/Apr/2025:11:56:07 +0200] "GET /gui/javascript/form_form.js?1743587767 HTTP/1.1" 200 16206 "http://hausegger.activities.at/entry.php?id=10271&&ser=587707" "Mozilla/5.0 (Windows NT 10.0; Win64; x64; rv:137.0) Gecko/20100101 Firefox/137.0"
178.165.172.18 - - [02/Apr/2025:11:57:07 +0200] "GET /entry.php?id=10271&&ser=587767 HTTP/1.1" 200 987 "http://hausegger.activities.at/entry.php?id=10271&&ser=587707" "Mozilla/5.0 (Windows NT 10.0; Win64; x64; rv:137.0) Gecko/20100101 Firefox/137.0"
178.165.172.18 - - [02/Apr/2025:11:57:07 +0200] "GET /gui/javascript/form_form.js?1743587827 HTTP/1.1" 200 16206 "http://hausegger.activities.at/entry.php?id=10271&&ser=587767" "Mozilla/5.0 (Windows NT 10.0; Win64; x64; rv:137.0) Gecko/20100101 Firefox/137.0"
178.165.172.18 - - [02/Apr/2025:11:58:07 +0200] "GET /entry.php?id=10271&&ser=587827 HTTP/1.1" 200 987 "http://hausegger.activities.at/entry.php?id=10271&&ser=587767" "Mozilla/5.0 (Windows NT 10.0; Win64; x64; rv:137.0) Gecko/20100101 Firefox/137.0"
178.165.172.18 - - [02/Apr/2025:11:58:08 +0200] "GET /gui/javascript/form_form.js?1743587887 HTTP/1.1" 200 16206 "http://hausegger.activities.at/entry.php?id=10271&&ser=587827" "Mozilla/5.0 (Windows NT 10.0; Win64; x64; rv:137.0) Gecko/20100101 Firefox/137.0"
178.165.172.18 - - [02/Apr/2025:11:59:08 +0200] "GET /entry.php?id=10271&&ser=587887 HTTP/1.1" 200 987 "http://hausegger.activities.at/entry.php?id=10271&&ser=587827" "Mozilla/5.0 (Windows NT 10.0; Win64; x64; rv:137.0) Gecko/20100101 Firefox/137.0"
178.165.172.18 - - [02/Apr/2025:11:59:08 +0200] "GET /gui/javascript/form_form.js?1743587948 HTTP/1.1" 200 16206 "http://hausegger.activities.at/entry.php?id=10271&&ser=587887" "Mozilla/5.0 (Windows NT 10.0; Win64; x64; rv:137.0) Gecko/20100101 Firefox/137.0"
178.165.172.18 - - [02/Apr/2025:12:00:08 +0200] "GET /entry.php?id=10271&&ser=587948 HTTP/1.1" 200 986 "http://hausegger.activities.at/entry.php?id=10271&&ser=587887" "Mozilla/5.0 (Windows NT 10.0; Win64; x64; rv:137.0) Gecko/20100101 Firefox/137.0"
178.165.172.18 - - [02/Apr/2025:12:00:08 +0200] "GET /gui/javascript/form_form.js?1743588008 HTTP/1.1" 200 16206 "http://hausegger.activities.at/entry.php?id=10271&&ser=587948" "Mozilla/5.0 (Windows NT 10.0; Win64; x64; rv:137.0) Gecko/20100101 Firefox/137.0"
178.165.172.18 - - [02/Apr/2025:12:01:08 +0200] "GET /entry.php?id=10271&&ser=588008 HTTP/1.1" 200 986 "http://hausegger.activities.at/entry.php?id=10271&&ser=587948" "Mozilla/5.0 (Windows NT 10.0; Win64; x64; rv:137.0) Gecko/20100101 Firefox/137.0"
178.165.172.18 - - [02/Apr/2025:12:01:09 +0200] "GET /gui/javascript/form_form.js?1743588068 HTTP/1.1" 200 16206 "http://hausegger.activities.at/entry.php?id=10271&&ser=588008" "Mozilla/5.0 (Windows NT 10.0; Win64; x64; rv:137.0) Gecko/20100101 Firefox/137.0"
178.165.172.18 - - [02/Apr/2025:12:02:09 +0200] "GET /entry.php?id=10271&&ser=588068 HTTP/1.1" 200 986 "http://hausegger.activities.at/entry.php?id=10271&&ser=588008" "Mozilla/5.0 (Windows NT 10.0; Win64; x64; rv:137.0) Gecko/20100101 Firefox/137.0"
178.165.172.18 - - [02/Apr/2025:12:02:09 +0200] "GET /gui/javascript/form_form.js?1743588129 HTTP/1.1" 200 16206 "http://hausegger.activities.at/entry.php?id=10271&&ser=588068" "Mozilla/5.0 (Windows NT 10.0; Win64; x64; rv:137.0) Gecko/20100101 Firefox/137.0"
178.165.172.18 - - [02/Apr/2025:12:03:09 +0200] "GET /entry.php?id=10271&&ser=588129 HTTP/1.1" 200 986 "http://hausegger.activities.at/entry.php?id=10271&&ser=588068" "Mozilla/5.0 (Windows NT 10.0; Win64; x64; rv:137.0) Gecko/20100101 Firefox/137.0"
178.165.172.18 - - [02/Apr/2025:12:03:09 +0200] "GET /gui/javascript/form_form.js?1743588189 HTTP/1.1" 200 16206 "http://hausegger.activities.at/entry.php?id=10271&&ser=588129" "Mozilla/5.0 (Windows NT 10.0; Win64; x64; rv:137.0) Gecko/20100101 Firefox/137.0"
178.165.172.18 - - [02/Apr/2025:12:04:09 +0200] "GET /entry.php?id=10271&&ser=588189 HTTP/1.1" 200 987 "http://hausegger.activities.at/entry.php?id=10271&&ser=588129" "Mozilla/5.0 (Windows NT 10.0; Win64; x64; rv:137.0) Gecko/20100101 Firefox/137.0"
178.165.172.18 - - [02/Apr/2025:12:04:09 +0200] "GET /gui/javascript/form_form.js?1743588249 HTTP/1.1" 200 16206 "http://hausegger.activities.at/entry.php?id=10271&&ser=588189" "Mozilla/5.0 (Windows NT 10.0; Win64; x64; rv:137.0) Gecko/20100101 Firefox/137.0"
178.165.172.18 - - [02/Apr/2025:12:05:10 +0200] "GET /entry.php?id=10271&&ser=588249 HTTP/1.1" 200 986 "http://hausegger.activities.at/entry.php?id=10271&&ser=588189" "Mozilla/5.0 (Windows NT 10.0; Win64; x64; rv:137.0) Gecko/20100101 Firefox/137.0"
178.165.172.18 - - [02/Apr/2025:12:05:10 +0200] "GET /gui/javascript/form_form.js?1743588310 HTTP/1.1" 200 16206 "http://hausegger.activities.at/entry.php?id=10271&&ser=588249" "Mozilla/5.0 (Windows NT 10.0; Win64; x64; rv:137.0) Gecko/20100101 Firefox/137.0"
178.165.172.18 - - [02/Apr/2025:12:06:10 +0200] "GET /entry.php?id=10271&&ser=588310 HTTP/1.1" 200 987 "http://hausegger.activities.at/entry.php?id=10271&&ser=588249" "Mozilla/5.0 (Windows NT 10.0; Win64; x64; rv:137.0) Gecko/20100101 Firefox/137.0"
178.165.172.18 - - [02/Apr/2025:12:06:10 +0200] "GET /gui/javascript/form_form.js?1743588370 HTTP/1.1" 200 16206 "http://hausegger.activities.at/entry.php?id=10271&&ser=588310" "Mozilla/5.0 (Windows NT 10.0; Win64; x64; rv:137.0) Gecko/20100101 Firefox/137.0"
178.165.172.18 - - [02/Apr/2025:12:07:10 +0200] "GET /entry.php?id=10271&&ser=588370 HTTP/1.1" 200 987 "http://hausegger.activities.at/entry.php?id=10271&&ser=588310" "Mozilla/5.0 (Windows NT 10.0; Win64; x64; rv:137.0) Gecko/20100101 Firefox/137.0"
178.165.172.18 - - [02/Apr/2025:12:07:10 +0200] "GET /gui/javascript/form_form.js?1743588430 HTTP/1.1" 200 16206 "http://hausegger.activities.at/entry.php?id=10271&&ser=588370" "Mozilla/5.0 (Windows NT 10.0; Win64; x64; rv:137.0) Gecko/20100101 Firefox/137.0"
154.81.156.34 - - [02/Apr/2025:12:07:20 +0200] "GET / HTTP/1.1" 200 274 "-" "Mozilla/5.0 (Windows NT 10.0; Win64; x64) AppleWebKit/537.36 (KHTML, like Gecko) Chrome/90.0.4430.85 Safari/537.36 Edg/90.0.818.46"
178.165.172.18 - - [02/Apr/2025:12:08:11 +0200] "GET /entry.php?id=10271&&ser=588430 HTTP/1.1" 200 986 "http://hausegger.activities.at/entry.php?id=10271&&ser=588370" "Mozilla/5.0 (Windows NT 10.0; Win64; x64; rv:137.0) Gecko/20100101 Firefox/137.0"
178.165.172.18 - - [02/Apr/2025:12:08:11 +0200] "GET /gui/javascript/form_form.js?1743588491 HTTP/1.1" 200 16206 "http://hausegger.activities.at/entry.php?id=10271&&ser=588430" "Mozilla/5.0 (Windows NT 10.0; Win64; x64; rv:137.0) Gecko/20100101 Firefox/137.0"
178.165.172.18 - - [02/Apr/2025:12:09:11 +0200] "GET /entry.php?id=10271&&ser=588491 HTTP/1.1" 200 987 "http://hausegger.activities.at/entry.php?id=10271&&ser=588430" "Mozilla/5.0 (Windows NT 10.0; Win64; x64; rv:137.0) Gecko/20100101 Firefox/137.0"
178.165.172.18 - - [02/Apr/2025:12:09:11 +0200] "GET /gui/javascript/form_form.js?1743588551 HTTP/1.1" 200 16206 "http://hausegger.activities.at/entry.php?id=10271&&ser=588491" "Mozilla/5.0 (Windows NT 10.0; Win64; x64; rv:137.0) Gecko/20100101 Firefox/137.0"
178.165.172.18 - - [02/Apr/2025:12:10:11 +0200] "GET /entry.php?id=10271&&ser=588551 HTTP/1.1" 200 986 "http://hausegger.activities.at/entry.php?id=10271&&ser=588491" "Mozilla/5.0 (Windows NT 10.0; Win64; x64; rv:137.0) Gecko/20100101 Firefox/137.0"
178.165.172.18 - - [02/Apr/2025:12:10:11 +0200] "GET /gui/javascript/form_form.js?1743588611 HTTP/1.1" 200 16206 "http://hausegger.activities.at/entry.php?id=10271&&ser=588551" "Mozilla/5.0 (Windows NT 10.0; Win64; x64; rv:137.0) Gecko/20100101 Firefox/137.0"
178.165.172.18 - - [02/Apr/2025:12:11:12 +0200] "GET /entry.php?id=10271&&ser=588611 HTTP/1.1" 200 987 "http://hausegger.activities.at/entry.php?id=10271&&ser=588551" "Mozilla/5.0 (Windows NT 10.0; Win64; x64; rv:137.0) Gecko/20100101 Firefox/137.0"
178.165.172.18 - - [02/Apr/2025:12:11:12 +0200] "GET /gui/javascript/form_form.js?1743588672 HTTP/1.1" 200 16206 "http://hausegger.activities.at/entry.php?id=10271&&ser=588611" "Mozilla/5.0 (Windows NT 10.0; Win64; x64; rv:137.0) Gecko/20100101 Firefox/137.0"
178.165.172.18 - - [02/Apr/2025:12:12:13 +0200] "GET /entry.php?id=10271&&ser=588672 HTTP/1.1" 200 987 "http://hausegger.activities.at/entry.php?id=10271&&ser=588611" "Mozilla/5.0 (Windows NT 10.0; Win64; x64; rv:137.0) Gecko/20100101 Firefox/137.0"
178.165.172.18 - - [02/Apr/2025:12:12:13 +0200] "GET /gui/javascript/form_form.js?1743588733 HTTP/1.1" 200 16206 "http://hausegger.activities.at/entry.php?id=10271&&ser=588672" "Mozilla/5.0 (Windows NT 10.0; Win64; x64; rv:137.0) Gecko/20100101 Firefox/137.0"
198.235.24.238 - - [02/Apr/2025:12:12:33 +0200] "GET / HTTP/1.1" 200 423 "-" "Expanse, a Palo Alto Networks company, searches across the global IPv4 space multiple times per day to identify customers' presences on the Internet. If you would like to be excluded from our scans, please send IP addresses/domains to: scaninfo@paloaltonetworks.com"
178.165.172.18 - - [02/Apr/2025:12:13:13 +0200] "GET /entry.php?id=10271&&ser=588733 HTTP/1.1" 200 987 "http://hausegger.activities.at/entry.php?id=10271&&ser=588672" "Mozilla/5.0 (Windows NT 10.0; Win64; x64; rv:137.0) Gecko/20100101 Firefox/137.0"
178.165.172.18 - - [02/Apr/2025:12:13:13 +0200] "GET /gui/javascript/form_form.js?1743588793 HTTP/1.1" 200 16206 "http://hausegger.activities.at/entry.php?id=10271&&ser=588733" "Mozilla/5.0 (Windows NT 10.0; Win64; x64; rv:137.0) Gecko/20100101 Firefox/137.0"
49.213.232.247 - - [02/Apr/2025:12:13:28 +0200] "GET / HTTP/1.0" 200 423 "-" "curl/7.88.1"
151.106.162.202 - - [02/Apr/2025:12:13:57 +0200] "GET /download/file.php?id=256&sid=a5ca4482dbb26159a9cbe2ca969beff4 HTTP/1.1" 404 297 "-" "Mozilla/5.0 (X11; Ubuntu; Linux x86_64; rv:72.0) Gecko/20100101 Firefox/72.0"
151.106.162.202 - - [02/Apr/2025:12:13:57 +0200] "GET /download/file.php?id=256&sid=a5ca4482dbb26159a9cbe2ca969beff4 HTTP/1.1" 404 297 "-" "Mozilla/5.0 (X11; Ubuntu; Linux x86_64; rv:72.0) Gecko/20100101 Firefox/72.0"
151.106.162.202 - - [02/Apr/2025:12:13:57 +0200] "GET /download/file.php?id=256&sid=a5ca4482dbb26159a9cbe2ca969beff4 HTTP/1.1" 404 297 "-" "Mozilla/5.0 (X11; Ubuntu; Linux x86_64; rv:72.0) Gecko/20100101 Firefox/72.0"
178.165.172.18 - - [02/Apr/2025:12:14:14 +0200] "GET /entry.php?id=10271&&ser=588793 HTTP/1.1" 200 986 "http://hausegger.activities.at/entry.php?id=10271&&ser=588733" "Mozilla/5.0 (Windows NT 10.0; Win64; x64; rv:137.0) Gecko/20100101 Firefox/137.0"
178.165.172.18 - - [02/Apr/2025:12:14:14 +0200] "GET /gui/javascript/form_form.js?1743588854 HTTP/1.1" 200 16206 "http://hausegger.activities.at/entry.php?id=10271&&ser=588793" "Mozilla/5.0 (Windows NT 10.0; Win64; x64; rv:137.0) Gecko/20100101 Firefox/137.0"
178.165.172.18 - - [02/Apr/2025:12:15:14 +0200] "GET /entry.php?id=10271&&ser=588854 HTTP/1.1" 200 987 "http://hausegger.activities.at/entry.php?id=10271&&ser=588793" "Mozilla/5.0 (Windows NT 10.0; Win64; x64; rv:137.0) Gecko/20100101 Firefox/137.0"
178.165.172.18 - - [02/Apr/2025:12:15:15 +0200] "GET /gui/javascript/form_form.js?1743588915 HTTP/1.1" 200 16206 "http://hausegger.activities.at/entry.php?id=10271&&ser=588854" "Mozilla/5.0 (Windows NT 10.0; Win64; x64; rv:137.0) Gecko/20100101 Firefox/137.0"
156.59.198.135 - - [02/Apr/2025:12:15:21 +0200] "GET /renault.activities.at/htdocs/export/pdf/emuc_document/11213686.pdf HTTP/1.0" 404 322 "-" "Mozilla/5.0 (Linux; Android 5.0) AppleWebKit/537.36 (KHTML, like Gecko) Mobile Safari/537.36 (compatible; Bytespider; spider-feedback@bytedance.com)"
156.59.198.136 - - [02/Apr/2025:12:15:30 +0200] "GET /renault.activities.at/htdocs/export/pdf/emuc_document/11228859.pdf HTTP/1.0" 404 321 "-" "Mozilla/5.0 (Linux; Android 5.0) AppleWebKit/537.36 (KHTML, like Gecko) Mobile Safari/537.36 (compatible; Bytespider; spider-feedback@bytedance.com)"
178.165.172.18 - - [02/Apr/2025:12:16:15 +0200] "GET /entry.php?id=10271&&ser=588915 HTTP/1.1" 200 987 "http://hausegger.activities.at/entry.php?id=10271&&ser=588854" "Mozilla/5.0 (Windows NT 10.0; Win64; x64; rv:137.0) Gecko/20100101 Firefox/137.0"
178.165.172.18 - - [02/Apr/2025:12:16:15 +0200] "GET /gui/javascript/form_form.js?1743588975 HTTP/1.1" 200 16206 "http://hausegger.activities.at/entry.php?id=10271&&ser=588915" "Mozilla/5.0 (Windows NT 10.0; Win64; x64; rv:137.0) Gecko/20100101 Firefox/137.0"
178.165.172.18 - - [02/Apr/2025:12:17:15 +0200] "GET /entry.php?id=10271&&ser=588975 HTTP/1.1" 200 987 "http://hausegger.activities.at/entry.php?id=10271&&ser=588915" "Mozilla/5.0 (Windows NT 10.0; Win64; x64; rv:137.0) Gecko/20100101 Firefox/137.0"
178.165.172.18 - - [02/Apr/2025:12:17:15 +0200] "GET /gui/javascript/form_form.js?1743589035 HTTP/1.1" 200 16206 "http://hausegger.activities.at/entry.php?id=10271&&ser=588975" "Mozilla/5.0 (Windows NT 10.0; Win64; x64; rv:137.0) Gecko/20100101 Firefox/137.0"
178.165.172.18 - - [02/Apr/2025:12:18:16 +0200] "GET /entry.php?id=10271&&ser=589035 HTTP/1.1" 200 987 "http://hausegger.activities.at/entry.php?id=10271&&ser=588975" "Mozilla/5.0 (Windows NT 10.0; Win64; x64; rv:137.0) Gecko/20100101 Firefox/137.0"
178.165.172.18 - - [02/Apr/2025:12:18:16 +0200] "GET /gui/javascript/form_form.js?1743589096 HTTP/1.1" 200 16206 "http://hausegger.activities.at/entry.php?id=10271&&ser=589035" "Mozilla/5.0 (Windows NT 10.0; Win64; x64; rv:137.0) Gecko/20100101 Firefox/137.0"
185.242.226.116 - - [02/Apr/2025:12:18:19 +0200] "\x16\x03\x01\x02" 400 383 "-" "-"
178.165.172.18 - - [02/Apr/2025:12:19:16 +0200] "GET /entry.php?id=10271&&ser=589096 HTTP/1.1" 200 987 "http://hausegger.activities.at/entry.php?id=10271&&ser=589035" "Mozilla/5.0 (Windows NT 10.0; Win64; x64; rv:137.0) Gecko/20100101 Firefox/137.0"
178.165.172.18 - - [02/Apr/2025:12:19:16 +0200] "GET /gui/javascript/form_form.js?1743589156 HTTP/1.1" 200 16206 "http://hausegger.activities.at/entry.php?id=10271&&ser=589096" "Mozilla/5.0 (Windows NT 10.0; Win64; x64; rv:137.0) Gecko/20100101 Firefox/137.0"
178.165.172.18 - - [02/Apr/2025:12:20:16 +0200] "GET /entry.php?id=10271&&ser=589156 HTTP/1.1" 200 987 "http://hausegger.activities.at/entry.php?id=10271&&ser=589096" "Mozilla/5.0 (Windows NT 10.0; Win64; x64; rv:137.0) Gecko/20100101 Firefox/137.0"
178.165.172.18 - - [02/Apr/2025:12:20:16 +0200] "GET /gui/javascript/form_form.js?1743589216 HTTP/1.1" 200 16206 "http://hausegger.activities.at/entry.php?id=10271&&ser=589156" "Mozilla/5.0 (Windows NT 10.0; Win64; x64; rv:137.0) Gecko/20100101 Firefox/137.0"
154.81.156.34 - - [02/Apr/2025:12:20:23 +0200] "GET / HTTP/1.1" 200 274 "-" "Mozilla/5.0 (Windows NT 10.0; Win64; x64) AppleWebKit/537.36 (KHTML, like Gecko) Chrome/90.0.4430.85 Safari/537.36 Edg/90.0.818.46"
178.165.172.18 - - [02/Apr/2025:12:21:16 +0200] "GET /entry.php?id=10271&&ser=589216 HTTP/1.1" 200 987 "http://hausegger.activities.at/entry.php?id=10271&&ser=589156" "Mozilla/5.0 (Windows NT 10.0; Win64; x64; rv:137.0) Gecko/20100101 Firefox/137.0"
178.165.172.18 - - [02/Apr/2025:12:21:17 +0200] "GET /gui/javascript/form_form.js?1743589277 HTTP/1.1" 200 16206 "http://hausegger.activities.at/entry.php?id=10271&&ser=589216" "Mozilla/5.0 (Windows NT 10.0; Win64; x64; rv:137.0) Gecko/20100101 Firefox/137.0"
178.165.172.18 - - [02/Apr/2025:12:22:17 +0200] "GET /entry.php?id=10271&&ser=589277 HTTP/1.1" 200 987 "http://hausegger.activities.at/entry.php?id=10271&&ser=589216" "Mozilla/5.0 (Windows NT 10.0; Win64; x64; rv:137.0) Gecko/20100101 Firefox/137.0"
178.165.172.18 - - [02/Apr/2025:12:22:17 +0200] "GET /gui/javascript/form_form.js?1743589337 HTTP/1.1" 200 16206 "http://hausegger.activities.at/entry.php?id=10271&&ser=589277" "Mozilla/5.0 (Windows NT 10.0; Win64; x64; rv:137.0) Gecko/20100101 Firefox/137.0"
178.165.172.18 - - [02/Apr/2025:12:23:18 +0200] "GET /entry.php?id=10271&&ser=589337 HTTP/1.1" 200 987 "http://hausegger.activities.at/entry.php?id=10271&&ser=589277" "Mozilla/5.0 (Windows NT 10.0; Win64; x64; rv:137.0) Gecko/20100101 Firefox/137.0"
178.165.172.18 - - [02/Apr/2025:12:23:18 +0200] "GET /gui/javascript/form_form.js?1743589398 HTTP/1.1" 200 16206 "http://hausegger.activities.at/entry.php?id=10271&&ser=589337" "Mozilla/5.0 (Windows NT 10.0; Win64; x64; rv:137.0) Gecko/20100101 Firefox/137.0"
35.205.211.45 - - [02/Apr/2025:12:23:23 +0200] "GET / HTTP/1.1" 200 274 "-" "python-requests/2.32.3"
178.165.172.18 - - [02/Apr/2025:12:24:18 +0200] "GET /entry.php?id=10271&&ser=589398 HTTP/1.1" 200 987 "http://hausegger.activities.at/entry.php?id=10271&&ser=589337" "Mozilla/5.0 (Windows NT 10.0; Win64; x64; rv:137.0) Gecko/20100101 Firefox/137.0"
178.165.172.18 - - [02/Apr/2025:12:24:18 +0200] "GET /gui/javascript/form_form.js?1743589458 HTTP/1.1" 200 16206 "http://hausegger.activities.at/entry.php?id=10271&&ser=589398" "Mozilla/5.0 (Windows NT 10.0; Win64; x64; rv:137.0) Gecko/20100101 Firefox/137.0"
178.165.172.18 - - [02/Apr/2025:12:25:19 +0200] "GET /entry.php?id=10271&&ser=589458 HTTP/1.1" 200 987 "http://hausegger.activities.at/entry.php?id=10271&&ser=589398" "Mozilla/5.0 (Windows NT 10.0; Win64; x64; rv:137.0) Gecko/20100101 Firefox/137.0"
178.165.172.18 - - [02/Apr/2025:12:25:19 +0200] "GET /gui/javascript/form_form.js?1743589519 HTTP/1.1" 200 16206 "http://hausegger.activities.at/entry.php?id=10271&&ser=589458" "Mozilla/5.0 (Windows NT 10.0; Win64; x64; rv:137.0) Gecko/20100101 Firefox/137.0"
178.165.172.18 - - [02/Apr/2025:12:26:19 +0200] "GET /entry.php?id=10271&&ser=589519 HTTP/1.1" 200 988 "http://hausegger.activities.at/entry.php?id=10271&&ser=589458" "Mozilla/5.0 (Windows NT 10.0; Win64; x64; rv:137.0) Gecko/20100101 Firefox/137.0"
178.165.172.18 - - [02/Apr/2025:12:26:19 +0200] "GET /gui/javascript/form_form.js?1743589579 HTTP/1.1" 200 16206 "http://hausegger.activities.at/entry.php?id=10271&&ser=589519" "Mozilla/5.0 (Windows NT 10.0; Win64; x64; rv:137.0) Gecko/20100101 Firefox/137.0"
178.165.172.18 - - [02/Apr/2025:12:27:19 +0200] "GET /entry.php?id=10271&&ser=589579 HTTP/1.1" 200 987 "http://hausegger.activities.at/entry.php?id=10271&&ser=589519" "Mozilla/5.0 (Windows NT 10.0; Win64; x64; rv:137.0) Gecko/20100101 Firefox/137.0"
178.165.172.18 - - [02/Apr/2025:12:27:19 +0200] "GET /gui/javascript/form_form.js?1743589639 HTTP/1.1" 200 16206 "http://hausegger.activities.at/entry.php?id=10271&&ser=589579" "Mozilla/5.0 (Windows NT 10.0; Win64; x64; rv:137.0) Gecko/20100101 Firefox/137.0"
195.211.191.76 - - [02/Apr/2025:12:27:44 +0200] "GET /.git/index HTTP/1.1" 404 285 "-" "Mozilla/5.0 (OS/2; Warp 4.5; rv:24.0) Gecko/20100101 Firefox/24.0"
178.165.172.18 - - [02/Apr/2025:12:28:20 +0200] "GET /entry.php?id=10271&&ser=589639 HTTP/1.1" 200 987 "http://hausegger.activities.at/entry.php?id=10271&&ser=589579" "Mozilla/5.0 (Windows NT 10.0; Win64; x64; rv:137.0) Gecko/20100101 Firefox/137.0"
178.165.172.18 - - [02/Apr/2025:12:28:20 +0200] "GET /gui/javascript/form_form.js?1743589700 HTTP/1.1" 200 16206 "http://hausegger.activities.at/entry.php?id=10271&&ser=589639" "Mozilla/5.0 (Windows NT 10.0; Win64; x64; rv:137.0) Gecko/20100101 Firefox/137.0"
178.165.172.18 - - [02/Apr/2025:12:29:20 +0200] "GET /entry.php?id=10271&&ser=589700 HTTP/1.1" 200 987 "http://hausegger.activities.at/entry.php?id=10271&&ser=589639" "Mozilla/5.0 (Windows NT 10.0; Win64; x64; rv:137.0) Gecko/20100101 Firefox/137.0"
178.165.172.18 - - [02/Apr/2025:12:29:20 +0200] "GET /gui/javascript/form_form.js?1743589760 HTTP/1.1" 200 16206 "http://hausegger.activities.at/entry.php?id=10271&&ser=589700" "Mozilla/5.0 (Windows NT 10.0; Win64; x64; rv:137.0) Gecko/20100101 Firefox/137.0"
178.165.172.18 - - [02/Apr/2025:12:30:20 +0200] "GET /entry.php?id=10271&&ser=589760 HTTP/1.1" 200 987 "http://hausegger.activities.at/entry.php?id=10271&&ser=589700" "Mozilla/5.0 (Windows NT 10.0; Win64; x64; rv:137.0) Gecko/20100101 Firefox/137.0"
178.165.172.18 - - [02/Apr/2025:12:30:20 +0200] "GET /gui/javascript/form_form.js?1743589820 HTTP/1.1" 200 16206 "http://hausegger.activities.at/entry.php?id=10271&&ser=589760" "Mozilla/5.0 (Windows NT 10.0; Win64; x64; rv:137.0) Gecko/20100101 Firefox/137.0"
178.165.172.18 - - [02/Apr/2025:12:31:21 +0200] "GET /entry.php?id=10271&&ser=589820 HTTP/1.1" 200 986 "http://hausegger.activities.at/entry.php?id=10271&&ser=589760" "Mozilla/5.0 (Windows NT 10.0; Win64; x64; rv:137.0) Gecko/20100101 Firefox/137.0"
178.165.172.18 - - [02/Apr/2025:12:31:21 +0200] "GET /gui/javascript/form_form.js?1743589881 HTTP/1.1" 200 16206 "http://hausegger.activities.at/entry.php?id=10271&&ser=589820" "Mozilla/5.0 (Windows NT 10.0; Win64; x64; rv:137.0) Gecko/20100101 Firefox/137.0"
178.165.172.18 - - [02/Apr/2025:12:32:21 +0200] "GET /entry.php?id=10271&&ser=589881 HTTP/1.1" 200 986 "http://hausegger.activities.at/entry.php?id=10271&&ser=589820" "Mozilla/5.0 (Windows NT 10.0; Win64; x64; rv:137.0) Gecko/20100101 Firefox/137.0"
178.165.172.18 - - [02/Apr/2025:12:32:21 +0200] "GET /gui/javascript/form_form.js?1743589941 HTTP/1.1" 200 16206 "http://hausegger.activities.at/entry.php?id=10271&&ser=589881" "Mozilla/5.0 (Windows NT 10.0; Win64; x64; rv:137.0) Gecko/20100101 Firefox/137.0"
178.165.172.18 - - [02/Apr/2025:12:33:21 +0200] "GET /entry.php?id=10271&&ser=589941 HTTP/1.1" 200 986 "http://hausegger.activities.at/entry.php?id=10271&&ser=589881" "Mozilla/5.0 (Windows NT 10.0; Win64; x64; rv:137.0) Gecko/20100101 Firefox/137.0"
178.165.172.18 - - [02/Apr/2025:12:33:21 +0200] "GET /gui/javascript/form_form.js?1743590001 HTTP/1.1" 200 16206 "http://hausegger.activities.at/entry.php?id=10271&&ser=589941" "Mozilla/5.0 (Windows NT 10.0; Win64; x64; rv:137.0) Gecko/20100101 Firefox/137.0"
178.165.172.18 - - [02/Apr/2025:12:34:22 +0200] "GET /entry.php?id=10271&&ser=590001 HTTP/1.1" 200 987 "http://hausegger.activities.at/entry.php?id=10271&&ser=589941" "Mozilla/5.0 (Windows NT 10.0; Win64; x64; rv:137.0) Gecko/20100101 Firefox/137.0"
178.165.172.18 - - [02/Apr/2025:12:34:22 +0200] "GET /gui/javascript/form_form.js?1743590062 HTTP/1.1" 200 16206 "http://hausegger.activities.at/entry.php?id=10271&&ser=590001" "Mozilla/5.0 (Windows NT 10.0; Win64; x64; rv:137.0) Gecko/20100101 Firefox/137.0"
178.165.172.18 - - [02/Apr/2025:12:35:22 +0200] "GET /entry.php?id=10271&&ser=590062 HTTP/1.1" 200 987 "http://hausegger.activities.at/entry.php?id=10271&&ser=590001" "Mozilla/5.0 (Windows NT 10.0; Win64; x64; rv:137.0) Gecko/20100101 Firefox/137.0"
178.165.172.18 - - [02/Apr/2025:12:35:22 +0200] "GET /gui/javascript/form_form.js?1743590122 HTTP/1.1" 200 16206 "http://hausegger.activities.at/entry.php?id=10271&&ser=590062" "Mozilla/5.0 (Windows NT 10.0; Win64; x64; rv:137.0) Gecko/20100101 Firefox/137.0"
178.165.172.18 - - [02/Apr/2025:12:36:22 +0200] "GET /entry.php?id=10271&&ser=590122 HTTP/1.1" 200 986 "http://hausegger.activities.at/entry.php?id=10271&&ser=590062" "Mozilla/5.0 (Windows NT 10.0; Win64; x64; rv:137.0) Gecko/20100101 Firefox/137.0"
178.165.172.18 - - [02/Apr/2025:12:36:22 +0200] "GET /gui/javascript/form_form.js?1743590182 HTTP/1.1" 200 16206 "http://hausegger.activities.at/entry.php?id=10271&&ser=590122" "Mozilla/5.0 (Windows NT 10.0; Win64; x64; rv:137.0) Gecko/20100101 Firefox/137.0"
178.165.172.18 - - [02/Apr/2025:12:37:23 +0200] "GET /entry.php?id=10271&&ser=590182 HTTP/1.1" 200 987 "http://hausegger.activities.at/entry.php?id=10271&&ser=590122" "Mozilla/5.0 (Windows NT 10.0; Win64; x64; rv:137.0) Gecko/20100101 Firefox/137.0"
178.165.172.18 - - [02/Apr/2025:12:37:23 +0200] "GET /gui/javascript/form_form.js?1743590243 HTTP/1.1" 200 16206 "http://hausegger.activities.at/entry.php?id=10271&&ser=590182" "Mozilla/5.0 (Windows NT 10.0; Win64; x64; rv:137.0) Gecko/20100101 Firefox/137.0"
154.81.156.35 - - [02/Apr/2025:12:38:08 +0200] "GET / HTTP/1.1" 200 274 "-" "Mozilla/5.0 (Windows NT 10.0; Win64; x64) AppleWebKit/537.36 (KHTML, like Gecko) Chrome/90.0.4430.85 Safari/537.36 Edg/90.0.818.46"
178.165.172.18 - - [02/Apr/2025:12:38:23 +0200] "GET /entry.php?id=10271&&ser=590243 HTTP/1.1" 200 986 "http://hausegger.activities.at/entry.php?id=10271&&ser=590182" "Mozilla/5.0 (Windows NT 10.0; Win64; x64; rv:137.0) Gecko/20100101 Firefox/137.0"
178.165.172.18 - - [02/Apr/2025:12:38:23 +0200] "GET /gui/javascript/form_form.js?1743590303 HTTP/1.1" 200 16206 "http://hausegger.activities.at/entry.php?id=10271&&ser=590243" "Mozilla/5.0 (Windows NT 10.0; Win64; x64; rv:137.0) Gecko/20100101 Firefox/137.0"
178.165.172.18 - - [02/Apr/2025:12:39:23 +0200] "GET /entry.php?id=10271&&ser=590303 HTTP/1.1" 200 986 "http://hausegger.activities.at/entry.php?id=10271&&ser=590243" "Mozilla/5.0 (Windows NT 10.0; Win64; x64; rv:137.0) Gecko/20100101 Firefox/137.0"
178.165.172.18 - - [02/Apr/2025:12:39:23 +0200] "GET /gui/javascript/form_form.js?1743590363 HTTP/1.1" 200 16206 "http://hausegger.activities.at/entry.php?id=10271&&ser=590303" "Mozilla/5.0 (Windows NT 10.0; Win64; x64; rv:137.0) Gecko/20100101 Firefox/137.0"
178.165.172.18 - - [02/Apr/2025:12:40:23 +0200] "GET /entry.php?id=10271&&ser=590363 HTTP/1.1" 200 987 "http://hausegger.activities.at/entry.php?id=10271&&ser=590303" "Mozilla/5.0 (Windows NT 10.0; Win64; x64; rv:137.0) Gecko/20100101 Firefox/137.0"
178.165.172.18 - - [02/Apr/2025:12:40:24 +0200] "GET /gui/javascript/form_form.js?1743590424 HTTP/1.1" 200 16206 "http://hausegger.activities.at/entry.php?id=10271&&ser=590363" "Mozilla/5.0 (Windows NT 10.0; Win64; x64; rv:137.0) Gecko/20100101 Firefox/137.0"
178.165.172.18 - - [02/Apr/2025:12:41:24 +0200] "GET /entry.php?id=10271&&ser=590424 HTTP/1.1" 200 987 "http://hausegger.activities.at/entry.php?id=10271&&ser=590363" "Mozilla/5.0 (Windows NT 10.0; Win64; x64; rv:137.0) Gecko/20100101 Firefox/137.0"
178.165.172.18 - - [02/Apr/2025:12:41:24 +0200] "GET /gui/javascript/form_form.js?1743590484 HTTP/1.1" 200 16206 "http://hausegger.activities.at/entry.php?id=10271&&ser=590424" "Mozilla/5.0 (Windows NT 10.0; Win64; x64; rv:137.0) Gecko/20100101 Firefox/137.0"
178.165.172.18 - - [02/Apr/2025:12:42:24 +0200] "GET /entry.php?id=10271&&ser=590484 HTTP/1.1" 200 988 "http://hausegger.activities.at/entry.php?id=10271&&ser=590424" "Mozilla/5.0 (Windows NT 10.0; Win64; x64; rv:137.0) Gecko/20100101 Firefox/137.0"
178.165.172.18 - - [02/Apr/2025:12:42:24 +0200] "GET /gui/javascript/form_form.js?1743590544 HTTP/1.1" 200 16206 "http://hausegger.activities.at/entry.php?id=10271&&ser=590484" "Mozilla/5.0 (Windows NT 10.0; Win64; x64; rv:137.0) Gecko/20100101 Firefox/137.0"
156.59.198.135 - - [02/Apr/2025:12:43:23 +0200] "GET /renault.activities.at/htdocs/export/pdf/emuc_document/12001025.pdf HTTP/1.0" 404 321 "-" "Mozilla/5.0 (Linux; Android 5.0) AppleWebKit/537.36 (KHTML, like Gecko) Mobile Safari/537.36 (compatible; Bytespider; spider-feedback@bytedance.com)"
178.165.172.18 - - [02/Apr/2025:12:43:25 +0200] "GET /entry.php?id=10271&&ser=590544 HTTP/1.1" 200 987 "http://hausegger.activities.at/entry.php?id=10271&&ser=590484" "Mozilla/5.0 (Windows NT 10.0; Win64; x64; rv:137.0) Gecko/20100101 Firefox/137.0"
178.165.172.18 - - [02/Apr/2025:12:43:25 +0200] "GET /gui/javascript/form_form.js?1743590605 HTTP/1.1" 200 16206 "http://hausegger.activities.at/entry.php?id=10271&&ser=590544" "Mozilla/5.0 (Windows NT 10.0; Win64; x64; rv:137.0) Gecko/20100101 Firefox/137.0"
178.165.172.18 - - [02/Apr/2025:12:44:25 +0200] "GET /entry.php?id=10271&&ser=590605 HTTP/1.1" 200 987 "http://hausegger.activities.at/entry.php?id=10271&&ser=590544" "Mozilla/5.0 (Windows NT 10.0; Win64; x64; rv:137.0) Gecko/20100101 Firefox/137.0"
178.165.172.18 - - [02/Apr/2025:12:44:26 +0200] "GET /gui/javascript/form_form.js?1743590666 HTTP/1.1" 200 16206 "http://hausegger.activities.at/entry.php?id=10271&&ser=590605" "Mozilla/5.0 (Windows NT 10.0; Win64; x64; rv:137.0) Gecko/20100101 Firefox/137.0"
178.165.172.18 - - [02/Apr/2025:12:45:26 +0200] "GET /entry.php?id=10271&&ser=590666 HTTP/1.1" 200 987 "http://hausegger.activities.at/entry.php?id=10271&&ser=590605" "Mozilla/5.0 (Windows NT 10.0; Win64; x64; rv:137.0) Gecko/20100101 Firefox/137.0"
178.165.172.18 - - [02/Apr/2025:12:45:27 +0200] "GET /gui/javascript/form_form.js?1743590726 HTTP/1.1" 200 16206 "http://hausegger.activities.at/entry.php?id=10271&&ser=590666" "Mozilla/5.0 (Windows NT 10.0; Win64; x64; rv:137.0) Gecko/20100101 Firefox/137.0"
178.165.172.18 - - [02/Apr/2025:12:46:27 +0200] "GET /entry.php?id=10271&&ser=590726 HTTP/1.1" 200 987 "http://hausegger.activities.at/entry.php?id=10271&&ser=590666" "Mozilla/5.0 (Windows NT 10.0; Win64; x64; rv:137.0) Gecko/20100101 Firefox/137.0"
178.165.172.18 - - [02/Apr/2025:12:46:27 +0200] "GET /gui/javascript/form_form.js?1743590787 HTTP/1.1" 200 16206 "http://hausegger.activities.at/entry.php?id=10271&&ser=590726" "Mozilla/5.0 (Windows NT 10.0; Win64; x64; rv:137.0) Gecko/20100101 Firefox/137.0"
178.165.172.18 - - [02/Apr/2025:12:47:27 +0200] "GET /entry.php?id=10271&&ser=590787 HTTP/1.1" 200 987 "http://hausegger.activities.at/entry.php?id=10271&&ser=590726" "Mozilla/5.0 (Windows NT 10.0; Win64; x64; rv:137.0) Gecko/20100101 Firefox/137.0"
178.165.172.18 - - [02/Apr/2025:12:47:27 +0200] "GET /gui/javascript/form_form.js?1743590847 HTTP/1.1" 200 16206 "http://hausegger.activities.at/entry.php?id=10271&&ser=590787" "Mozilla/5.0 (Windows NT 10.0; Win64; x64; rv:137.0) Gecko/20100101 Firefox/137.0"
178.165.172.18 - - [02/Apr/2025:12:48:27 +0200] "GET /entry.php?id=10271&&ser=590847 HTTP/1.1" 200 987 "http://hausegger.activities.at/entry.php?id=10271&&ser=590787" "Mozilla/5.0 (Windows NT 10.0; Win64; x64; rv:137.0) Gecko/20100101 Firefox/137.0"
178.165.172.18 - - [02/Apr/2025:12:48:28 +0200] "GET /gui/javascript/form_form.js?1743590907 HTTP/1.1" 200 16206 "http://hausegger.activities.at/entry.php?id=10271&&ser=590847" "Mozilla/5.0 (Windows NT 10.0; Win64; x64; rv:137.0) Gecko/20100101 Firefox/137.0"
178.165.172.18 - - [02/Apr/2025:12:49:28 +0200] "GET /entry.php?id=10271&&ser=590907 HTTP/1.1" 200 987 "http://hausegger.activities.at/entry.php?id=10271&&ser=590847" "Mozilla/5.0 (Windows NT 10.0; Win64; x64; rv:137.0) Gecko/20100101 Firefox/137.0"
178.165.172.18 - - [02/Apr/2025:12:49:28 +0200] "GET /gui/javascript/form_form.js?1743590968 HTTP/1.1" 200 16206 "http://hausegger.activities.at/entry.php?id=10271&&ser=590907" "Mozilla/5.0 (Windows NT 10.0; Win64; x64; rv:137.0) Gecko/20100101 Firefox/137.0"
178.165.172.18 - - [02/Apr/2025:12:50:29 +0200] "GET /entry.php?id=10271&&ser=590968 HTTP/1.1" 200 986 "http://hausegger.activities.at/entry.php?id=10271&&ser=590907" "Mozilla/5.0 (Windows NT 10.0; Win64; x64; rv:137.0) Gecko/20100101 Firefox/137.0"
178.165.172.18 - - [02/Apr/2025:12:50:29 +0200] "GET /gui/javascript/form_form.js?1743591029 HTTP/1.1" 200 16206 "http://hausegger.activities.at/entry.php?id=10271&&ser=590968" "Mozilla/5.0 (Windows NT 10.0; Win64; x64; rv:137.0) Gecko/20100101 Firefox/137.0"
178.165.172.18 - - [02/Apr/2025:12:51:29 +0200] "GET /entry.php?id=10271&&ser=591029 HTTP/1.1" 200 986 "http://hausegger.activities.at/entry.php?id=10271&&ser=590968" "Mozilla/5.0 (Windows NT 10.0; Win64; x64; rv:137.0) Gecko/20100101 Firefox/137.0"
178.165.172.18 - - [02/Apr/2025:12:51:29 +0200] "GET /gui/javascript/form_form.js?1743591089 HTTP/1.1" 200 16206 "http://hausegger.activities.at/entry.php?id=10271&&ser=591029" "Mozilla/5.0 (Windows NT 10.0; Win64; x64; rv:137.0) Gecko/20100101 Firefox/137.0"
151.106.162.202 - - [02/Apr/2025:12:51:39 +0200] "GET /cron.php?cron_type=tidy_cache&sid=97191bbe8e89d4081b2c07db2f978a32 HTTP/1.1" 404 290 "-" "Mozilla/5.0 (X11; Ubuntu; Linux x86_64; rv:72.0) Gecko/20100101 Firefox/72.0"
151.106.162.202 - - [02/Apr/2025:12:51:40 +0200] "GET /cron.php?cron_type=tidy_cache&sid=97191bbe8e89d4081b2c07db2f978a32 HTTP/1.1" 404 290 "-" "Mozilla/5.0 (X11; Ubuntu; Linux x86_64; rv:72.0) Gecko/20100101 Firefox/72.0"
151.106.162.202 - - [02/Apr/2025:12:51:40 +0200] "GET /cron.php?cron_type=tidy_cache&sid=97191bbe8e89d4081b2c07db2f978a32 HTTP/1.1" 404 290 "-" "Mozilla/5.0 (X11; Ubuntu; Linux x86_64; rv:72.0) Gecko/20100101 Firefox/72.0"
151.106.162.202 - - [02/Apr/2025:12:52:23 +0200] "GET /cron.php?cron_type=tidy_cache&sid=48430df6a650b49aa656012050488cf0 HTTP/1.1" 404 290 "-" "Mozilla/5.0 (X11; Ubuntu; Linux x86_64; rv:72.0) Gecko/20100101 Firefox/72.0"
151.106.162.202 - - [02/Apr/2025:12:52:28 +0200] "GET /cron.php?cron_type=tidy_cache&sid=48430df6a650b49aa656012050488cf0 HTTP/1.1" 404 290 "-" "Mozilla/5.0 (X11; Ubuntu; Linux x86_64; rv:72.0) Gecko/20100101 Firefox/72.0"
178.165.172.18 - - [02/Apr/2025:12:52:29 +0200] "GET /entry.php?id=10271&&ser=591089 HTTP/1.1" 200 987 "http://hausegger.activities.at/entry.php?id=10271&&ser=591029" "Mozilla/5.0 (Windows NT 10.0; Win64; x64; rv:137.0) Gecko/20100101 Firefox/137.0"
178.165.172.18 - - [02/Apr/2025:12:52:30 +0200] "GET /gui/javascript/form_form.js?1743591150 HTTP/1.1" 200 16206 "http://hausegger.activities.at/entry.php?id=10271&&ser=591089" "Mozilla/5.0 (Windows NT 10.0; Win64; x64; rv:137.0) Gecko/20100101 Firefox/137.0"
151.106.162.202 - - [02/Apr/2025:12:52:33 +0200] "GET /cron.php?cron_type=tidy_cache&sid=48430df6a650b49aa656012050488cf0 HTTP/1.1" 404 290 "-" "Mozilla/5.0 (X11; Ubuntu; Linux x86_64; rv:72.0) Gecko/20100101 Firefox/72.0"
178.165.172.18 - - [02/Apr/2025:12:53:30 +0200] "GET /entry.php?id=10271&&ser=591150 HTTP/1.1" 200 987 "http://hausegger.activities.at/entry.php?id=10271&&ser=591089" "Mozilla/5.0 (Windows NT 10.0; Win64; x64; rv:137.0) Gecko/20100101 Firefox/137.0"
178.165.172.18 - - [02/Apr/2025:12:53:30 +0200] "GET /gui/javascript/form_form.js?1743591210 HTTP/1.1" 200 16206 "http://hausegger.activities.at/entry.php?id=10271&&ser=591150" "Mozilla/5.0 (Windows NT 10.0; Win64; x64; rv:137.0) Gecko/20100101 Firefox/137.0"
178.165.172.18 - - [02/Apr/2025:12:54:30 +0200] "GET /entry.php?id=10271&&ser=591210 HTTP/1.1" 200 987 "http://hausegger.activities.at/entry.php?id=10271&&ser=591150" "Mozilla/5.0 (Windows NT 10.0; Win64; x64; rv:137.0) Gecko/20100101 Firefox/137.0"
178.165.172.18 - - [02/Apr/2025:12:54:30 +0200] "GET /gui/javascript/form_form.js?1743591270 HTTP/1.1" 200 16206 "http://hausegger.activities.at/entry.php?id=10271&&ser=591210" "Mozilla/5.0 (Windows NT 10.0; Win64; x64; rv:137.0) Gecko/20100101 Firefox/137.0"
178.165.172.18 - - [02/Apr/2025:12:55:30 +0200] "GET /entry.php?id=10271&&ser=591270 HTTP/1.1" 200 987 "http://hausegger.activities.at/entry.php?id=10271&&ser=591210" "Mozilla/5.0 (Windows NT 10.0; Win64; x64; rv:137.0) Gecko/20100101 Firefox/137.0"
178.165.172.18 - - [02/Apr/2025:12:55:31 +0200] "GET /gui/javascript/form_form.js?1743591330 HTTP/1.1" 200 16206 "http://hausegger.activities.at/entry.php?id=10271&&ser=591270" "Mozilla/5.0 (Windows NT 10.0; Win64; x64; rv:137.0) Gecko/20100101 Firefox/137.0"
178.165.172.18 - - [02/Apr/2025:12:56:31 +0200] "GET /entry.php?id=10271&&ser=591330 HTTP/1.1" 200 986 "http://hausegger.activities.at/entry.php?id=10271&&ser=591270" "Mozilla/5.0 (Windows NT 10.0; Win64; x64; rv:137.0) Gecko/20100101 Firefox/137.0"
