178.165.172.18 - - [02/Apr/2025:18:59:43 +0200] "GET /entry.php?id=10778&form=11066&name=list& HTTP/1.1" 200 2800 "http://hausegger.activities.at/entry.php?id=11240" "Mozilla/5.0 (Windows NT 10.0; Win64; x64; rv:137.0) Gecko/20100101 Firefox/137.0"
178.165.172.18 - - [02/Apr/2025:18:59:55 +0200] "POST /entry.php?id=10828 HTTP/1.1" 200 8737 "http://hausegger.activities.at/entry.php?id=10828" "Mozilla/5.0 (Windows NT 10.0; Win64; x64; rv:137.0) Gecko/20100101 Firefox/137.0"
178.165.172.18 - - [02/Apr/2025:18:59:55 +0200] "GET /gui/javascript/form_form.js?1743613195 HTTP/1.1" 200 16206 "http://hausegger.activities.at/entry.php?id=10828" "Mozilla/5.0 (Windows NT 10.0; Win64; x64; rv:137.0) Gecko/20100101 Firefox/137.0"
178.165.172.18 - - [02/Apr/2025:18:59:55 +0200] "GET /entry.php?id=10889&document_id=10349202& HTTP/1.1" 200 1509 "http://hausegger.activities.at/entry.php?id=10828" "Mozilla/5.0 (Windows NT 10.0; Win64; x64; rv:137.0) Gecko/20100101 Firefox/137.0"
92.255.57.58 - - [02/Apr/2025:18:59:57 +0200] "GET /?XDEBUG_SESSION_START=phpstorm HTTP/1.1" 200 274 "-" "Mozilla/5.0 (Windows NT 10.0; Win64; x64) AppleWebKit/537.36 (KHTML, like Gecko) Chrome/78.0.3904.108 Safari/537.36"
178.165.172.18 - - [02/Apr/2025:18:59:58 +0200] "POST /entry.php?id=10828 HTTP/1.1" 200 8798 "http://hausegger.activities.at/entry.php?id=10828" "Mozilla/5.0 (Windows NT 10.0; Win64; x64; rv:137.0) Gecko/20100101 Firefox/137.0"
178.165.172.18 - - [02/Apr/2025:18:59:58 +0200] "GET /gui/javascript/form_form.js?1743613198 HTTP/1.1" 200 16206 "http://hausegger.activities.at/entry.php?id=10828" "Mozilla/5.0 (Windows NT 10.0; Win64; x64; rv:137.0) Gecko/20100101 Firefox/137.0"
178.165.172.18 - - [02/Apr/2025:18:59:58 +0200] "GET /entry.php?id=10889&document_id=10349202& HTTP/1.1" 200 1510 "http://hausegger.activities.at/entry.php?id=10828" "Mozilla/5.0 (Windows NT 10.0; Win64; x64; rv:137.0) Gecko/20100101 Firefox/137.0"
178.165.172.18 - - [02/Apr/2025:18:59:59 +0200] "GET /gui/javascript/form_form.js?1743613199 HTTP/1.1" 200 16206 "http://hausegger.activities.at/entry.php?id=10889&document_id=10349202&" "Mozilla/5.0 (Windows NT 10.0; Win64; x64; rv:137.0) Gecko/20100101 Firefox/137.0"
178.165.172.18 - - [02/Apr/2025:19:00:01 +0200] "GET /entry.php?id=11237&type=10665 HTTP/1.1" 200 276 "http://hausegger.activities.at/entry.php?id=10828" "Mozilla/5.0 (Windows NT 10.0; Win64; x64; rv:137.0) Gecko/20100101 Firefox/137.0"
178.165.172.18 - - [02/Apr/2025:19:00:01 +0200] "GET /entry.php?id=11238&mode=document&form=10665& HTTP/1.1" 200 3304 "http://hausegger.activities.at/entry.php?id=11237&type=10665" "Mozilla/5.0 (Windows NT 10.0; Win64; x64; rv:137.0) Gecko/20100101 Firefox/137.0"
178.165.172.18 - - [02/Apr/2025:19:00:01 +0200] "GET /entry.php?id=10676&&title=Belegsuche HTTP/1.1" 200 1391 "http://hausegger.activities.at/entry.php?id=11237&type=10665" "Mozilla/5.0 (Windows NT 10.0; Win64; x64; rv:137.0) Gecko/20100101 Firefox/137.0"
178.165.172.18 - - [02/Apr/2025:19:00:01 +0200] "GET /gui/javascript/form_bu_document_workflow.js?1743613201 HTTP/1.1" 200 4900 "http://hausegger.activities.at/entry.php?id=11238&mode=document&form=10665&" "Mozilla/5.0 (Windows NT 10.0; Win64; x64; rv:137.0) Gecko/20100101 Firefox/137.0"
178.165.172.18 - - [02/Apr/2025:19:00:01 +0200] "GET /gui/javascript/form_form.js?1743613201 HTTP/1.1" 200 16206 "http://hausegger.activities.at/entry.php?id=11238&mode=document&form=10665&" "Mozilla/5.0 (Windows NT 10.0; Win64; x64; rv:137.0) Gecko/20100101 Firefox/137.0"
178.165.172.18 - - [02/Apr/2025:19:00:01 +0200] "GET /gui/javascript/form_form.js?1743613201 HTTP/1.1" 200 16206 "http://hausegger.activities.at/entry.php?id=10676&&title=Belegsuche" "Mozilla/5.0 (Windows NT 10.0; Win64; x64; rv:137.0) Gecko/20100101 Firefox/137.0"
178.165.172.18 - - [02/Apr/2025:19:00:01 +0200] "GET /entry.php?id=11239&mode=document&form=10665& HTTP/1.1" 200 2017 "http://hausegger.activities.at/entry.php?id=11237&type=10665" "Mozilla/5.0 (Windows NT 10.0; Win64; x64; rv:137.0) Gecko/20100101 Firefox/137.0"
178.165.172.18 - - [02/Apr/2025:19:00:01 +0200] "GET /entry.php?id=11240&mode=document&form=10665& HTTP/1.1" 200 2671 "http://hausegger.activities.at/entry.php?id=11237&type=10665" "Mozilla/5.0 (Windows NT 10.0; Win64; x64; rv:137.0) Gecko/20100101 Firefox/137.0"
178.165.172.18 - - [02/Apr/2025:19:00:02 +0200] "GET /entry.php?id=10778&form=11066&name=list& HTTP/1.1" 200 2586 "http://hausegger.activities.at/entry.php?id=11240&mode=document&form=10665&" "Mozilla/5.0 (Windows NT 10.0; Win64; x64; rv:137.0) Gecko/20100101 Firefox/137.0"
178.165.172.18 - - [02/Apr/2025:19:00:01 +0200] "GET /entry.php?id=10776&form=11066&name=list& HTTP/1.1" 200 1513 "http://hausegger.activities.at/entry.php?id=11240&mode=document&form=10665&" "Mozilla/5.0 (Windows NT 10.0; Win64; x64; rv:137.0) Gecko/20100101 Firefox/137.0"
178.165.172.18 - - [02/Apr/2025:19:00:02 +0200] "POST /entry.php?id=11240 HTTP/1.1" 200 2672 "http://hausegger.activities.at/entry.php?id=11240&mode=document&form=10665&" "Mozilla/5.0 (Windows NT 10.0; Win64; x64; rv:137.0) Gecko/20100101 Firefox/137.0"
178.165.172.18 - - [02/Apr/2025:19:00:02 +0200] "GET /gui/javascript/form_bu_document_workflow.js?1743613202 HTTP/1.1" 200 4900 "http://hausegger.activities.at/entry.php?id=11240" "Mozilla/5.0 (Windows NT 10.0; Win64; x64; rv:137.0) Gecko/20100101 Firefox/137.0"
178.165.172.18 - - [02/Apr/2025:19:00:02 +0200] "GET /gui/javascript/form_form.js?1743613202 HTTP/1.1" 200 16206 "http://hausegger.activities.at/entry.php?id=11240" "Mozilla/5.0 (Windows NT 10.0; Win64; x64; rv:137.0) Gecko/20100101 Firefox/137.0"
178.165.172.18 - - [02/Apr/2025:19:00:02 +0200] "GET /entry.php?id=10776&form=11066&name=list& HTTP/1.1" 200 1513 "http://hausegger.activities.at/entry.php?id=11240" "Mozilla/5.0 (Windows NT 10.0; Win64; x64; rv:137.0) Gecko/20100101 Firefox/137.0"
178.165.172.18 - - [02/Apr/2025:19:00:02 +0200] "GET /entry.php?id=10778&form=11066&name=list& HTTP/1.1" 200 2572 "http://hausegger.activities.at/entry.php?id=11240" "Mozilla/5.0 (Windows NT 10.0; Win64; x64; rv:137.0) Gecko/20100101 Firefox/137.0"
178.165.172.18 - - [02/Apr/2025:19:00:03 +0200] "POST /entry.php?id=11240 HTTP/1.1" 200 2673 "http://hausegger.activities.at/entry.php?id=11240" "Mozilla/5.0 (Windows NT 10.0; Win64; x64; rv:137.0) Gecko/20100101 Firefox/137.0"
178.165.172.18 - - [02/Apr/2025:19:00:03 +0200] "GET /gui/javascript/form_bu_document_workflow.js?1743613203 HTTP/1.1" 200 4900 "http://hausegger.activities.at/entry.php?id=11240" "Mozilla/5.0 (Windows NT 10.0; Win64; x64; rv:137.0) Gecko/20100101 Firefox/137.0"
178.165.172.18 - - [02/Apr/2025:19:00:03 +0200] "GET /gui/javascript/form_form.js?1743613203 HTTP/1.1" 200 16206 "http://hausegger.activities.at/entry.php?id=11240" "Mozilla/5.0 (Windows NT 10.0; Win64; x64; rv:137.0) Gecko/20100101 Firefox/137.0"
178.165.172.18 - - [02/Apr/2025:19:00:03 +0200] "GET /entry.php?id=10776&form=11066&name=list& HTTP/1.1" 200 1513 "http://hausegger.activities.at/entry.php?id=11240" "Mozilla/5.0 (Windows NT 10.0; Win64; x64; rv:137.0) Gecko/20100101 Firefox/137.0"
178.165.172.18 - - [02/Apr/2025:19:00:03 +0200] "GET /entry.php?id=10778&form=11066&name=list& HTTP/1.1" 200 2572 "http://hausegger.activities.at/entry.php?id=11240" "Mozilla/5.0 (Windows NT 10.0; Win64; x64; rv:137.0) Gecko/20100101 Firefox/137.0"
178.165.172.18 - - [02/Apr/2025:19:00:14 +0200] "GET /entry.php?id=10271&&ser=613154 HTTP/1.1" 200 987 "http://hausegger.activities.at/entry.php?id=10271&&ser=613094" "Mozilla/5.0 (Windows NT 10.0; Win64; x64; rv:137.0) Gecko/20100101 Firefox/137.0"
178.165.172.18 - - [02/Apr/2025:19:00:14 +0200] "GET /gui/javascript/form_form.js?1743613214 HTTP/1.1" 200 16206 "http://hausegger.activities.at/entry.php?id=10271&&ser=613154" "Mozilla/5.0 (Windows NT 10.0; Win64; x64; rv:137.0) Gecko/20100101 Firefox/137.0"
178.165.172.18 - - [02/Apr/2025:19:01:15 +0200] "GET /entry.php?id=10271&&ser=613214 HTTP/1.1" 200 987 "http://hausegger.activities.at/entry.php?id=10271&&ser=613154" "Mozilla/5.0 (Windows NT 10.0; Win64; x64; rv:137.0) Gecko/20100101 Firefox/137.0"
178.165.172.18 - - [02/Apr/2025:19:01:15 +0200] "GET /gui/javascript/form_form.js?1743613275 HTTP/1.1" 200 16206 "http://hausegger.activities.at/entry.php?id=10271&&ser=613214" "Mozilla/5.0 (Windows NT 10.0; Win64; x64; rv:137.0) Gecko/20100101 Firefox/137.0"
178.165.172.18 - - [02/Apr/2025:19:01:17 +0200] "GET /entry.php?id=10828 HTTP/1.1" 200 9141 "http://hausegger.activities.at/entry.php?id=10270&__app__=10006038" "Mozilla/5.0 (Windows NT 10.0; Win64; x64; rv:137.0) Gecko/20100101 Firefox/137.0"
178.165.172.18 - - [02/Apr/2025:19:01:17 +0200] "GET /gui/javascript/form_form.js?1743613277 HTTP/1.1" 200 16206 "http://hausegger.activities.at/entry.php?id=10828" "Mozilla/5.0 (Windows NT 10.0; Win64; x64; rv:137.0) Gecko/20100101 Firefox/137.0"
178.165.172.18 - - [02/Apr/2025:19:01:17 +0200] "GET /entry.php?id=10889&document_id=& HTTP/1.1" 200 1509 "http://hausegger.activities.at/entry.php?id=10828" "Mozilla/5.0 (Windows NT 10.0; Win64; x64; rv:137.0) Gecko/20100101 Firefox/137.0"
178.165.172.18 - - [02/Apr/2025:19:01:19 +0200] "GET /entry.php?id=11237&type=10665 HTTP/1.1" 200 276 "http://hausegger.activities.at/entry.php?id=10828" "Mozilla/5.0 (Windows NT 10.0; Win64; x64; rv:137.0) Gecko/20100101 Firefox/137.0"
178.165.172.18 - - [02/Apr/2025:19:01:19 +0200] "GET /entry.php?id=11239&mode=document&form=10665& HTTP/1.1" 200 2018 "http://hausegger.activities.at/entry.php?id=11237&type=10665" "Mozilla/5.0 (Windows NT 10.0; Win64; x64; rv:137.0) Gecko/20100101 Firefox/137.0"
178.165.172.18 - - [02/Apr/2025:19:01:19 +0200] "GET /gui/javascript/form_bu_document_workflow.js?1743613279 HTTP/1.1" 200 4900 "http://hausegger.activities.at/entry.php?id=11239&mode=document&form=10665&" "Mozilla/5.0 (Windows NT 10.0; Win64; x64; rv:137.0) Gecko/20100101 Firefox/137.0"
178.165.172.18 - - [02/Apr/2025:19:01:19 +0200] "GET /gui/javascript/form_form.js?1743613279 HTTP/1.1" 200 16206 "http://hausegger.activities.at/entry.php?id=11239&mode=document&form=10665&" "Mozilla/5.0 (Windows NT 10.0; Win64; x64; rv:137.0) Gecko/20100101 Firefox/137.0"
178.165.172.18 - - [02/Apr/2025:19:01:19 +0200] "GET /entry.php?id=11240&mode=document&form=10665& HTTP/1.1" 200 2673 "http://hausegger.activities.at/entry.php?id=11237&type=10665" "Mozilla/5.0 (Windows NT 10.0; Win64; x64; rv:137.0) Gecko/20100101 Firefox/137.0"
178.165.172.18 - - [02/Apr/2025:19:01:19 +0200] "GET /entry.php?id=10676&&title=Belegsuche HTTP/1.1" 200 1392 "http://hausegger.activities.at/entry.php?id=11237&type=10665" "Mozilla/5.0 (Windows NT 10.0; Win64; x64; rv:137.0) Gecko/20100101 Firefox/137.0"
178.165.172.18 - - [02/Apr/2025:19:01:19 +0200] "GET /entry.php?id=11238&mode=document&form=10665& HTTP/1.1" 200 3304 "http://hausegger.activities.at/entry.php?id=11237&type=10665" "Mozilla/5.0 (Windows NT 10.0; Win64; x64; rv:137.0) Gecko/20100101 Firefox/137.0"
178.165.172.18 - - [02/Apr/2025:19:01:20 +0200] "GET /gui/javascript/form_bu_document_workflow.js?1743613280 HTTP/1.1" 200 4900 "http://hausegger.activities.at/entry.php?id=11238&mode=document&form=10665&" "Mozilla/5.0 (Windows NT 10.0; Win64; x64; rv:137.0) Gecko/20100101 Firefox/137.0"
178.165.172.18 - - [02/Apr/2025:19:01:20 +0200] "GET /entry.php?id=10778&form=11066&name=list& HTTP/1.1" 200 2586 "http://hausegger.activities.at/entry.php?id=11240&mode=document&form=10665&" "Mozilla/5.0 (Windows NT 10.0; Win64; x64; rv:137.0) Gecko/20100101 Firefox/137.0"
178.165.172.18 - - [02/Apr/2025:19:01:19 +0200] "GET /entry.php?id=10776&form=11066&name=list& HTTP/1.1" 200 1513 "http://hausegger.activities.at/entry.php?id=11240&mode=document&form=10665&" "Mozilla/5.0 (Windows NT 10.0; Win64; x64; rv:137.0) Gecko/20100101 Firefox/137.0"
178.165.172.18 - - [02/Apr/2025:19:01:20 +0200] "GET /gui/javascript/form_form.js?1743613280 HTTP/1.1" 200 16206 "http://hausegger.activities.at/entry.php?id=11238&mode=document&form=10665&" "Mozilla/5.0 (Windows NT 10.0; Win64; x64; rv:137.0) Gecko/20100101 Firefox/137.0"
178.165.172.18 - - [02/Apr/2025:19:01:20 +0200] "POST /entry.php?id=11240 HTTP/1.1" 200 2675 "http://hausegger.activities.at/entry.php?id=11240&mode=document&form=10665&" "Mozilla/5.0 (Windows NT 10.0; Win64; x64; rv:137.0) Gecko/20100101 Firefox/137.0"
178.165.172.18 - - [02/Apr/2025:19:01:21 +0200] "GET /gui/javascript/form_form.js?1743613281 HTTP/1.1" 200 16206 "http://hausegger.activities.at/entry.php?id=11240" "Mozilla/5.0 (Windows NT 10.0; Win64; x64; rv:137.0) Gecko/20100101 Firefox/137.0"
178.165.172.18 - - [02/Apr/2025:19:01:21 +0200] "GET /entry.php?id=10778&form=11066&name=list& HTTP/1.1" 200 2572 "http://hausegger.activities.at/entry.php?id=11240" "Mozilla/5.0 (Windows NT 10.0; Win64; x64; rv:137.0) Gecko/20100101 Firefox/137.0"
178.165.172.18 - - [02/Apr/2025:19:01:21 +0200] "GET /entry.php?id=10776&form=11066&name=list& HTTP/1.1" 200 1513 "http://hausegger.activities.at/entry.php?id=11240" "Mozilla/5.0 (Windows NT 10.0; Win64; x64; rv:137.0) Gecko/20100101 Firefox/137.0"
178.165.172.18 - - [02/Apr/2025:19:01:23 +0200] "POST /entry.php?id=11240 HTTP/1.1" 200 2672 "http://hausegger.activities.at/entry.php?id=11240" "Mozilla/5.0 (Windows NT 10.0; Win64; x64; rv:137.0) Gecko/20100101 Firefox/137.0"
178.165.172.18 - - [02/Apr/2025:19:01:23 +0200] "GET /gui/javascript/form_bu_document_workflow.js?1743613283 HTTP/1.1" 200 4900 "http://hausegger.activities.at/entry.php?id=11240" "Mozilla/5.0 (Windows NT 10.0; Win64; x64; rv:137.0) Gecko/20100101 Firefox/137.0"
178.165.172.18 - - [02/Apr/2025:19:01:23 +0200] "GET /gui/javascript/form_form.js?1743613283 HTTP/1.1" 200 16206 "http://hausegger.activities.at/entry.php?id=11240" "Mozilla/5.0 (Windows NT 10.0; Win64; x64; rv:137.0) Gecko/20100101 Firefox/137.0"
178.165.172.18 - - [02/Apr/2025:19:01:23 +0200] "GET /entry.php?id=10776&form=11066&name=list& HTTP/1.1" 200 1513 "http://hausegger.activities.at/entry.php?id=11240" "Mozilla/5.0 (Windows NT 10.0; Win64; x64; rv:137.0) Gecko/20100101 Firefox/137.0"
178.165.172.18 - - [02/Apr/2025:19:01:23 +0200] "GET /entry.php?id=10778&form=11066&name=list& HTTP/1.1" 200 2572 "http://hausegger.activities.at/entry.php?id=11240" "Mozilla/5.0 (Windows NT 10.0; Win64; x64; rv:137.0) Gecko/20100101 Firefox/137.0"
178.165.172.18 - - [02/Apr/2025:19:01:25 +0200] "GET /entry.php?id=10828 HTTP/1.1" 200 9143 "http://hausegger.activities.at/entry.php?id=10270&__app__=10006038" "Mozilla/5.0 (Windows NT 10.0; Win64; x64; rv:137.0) Gecko/20100101 Firefox/137.0"
178.165.172.18 - - [02/Apr/2025:19:01:25 +0200] "GET /gui/javascript/form_form.js?1743613285 HTTP/1.1" 200 16206 "http://hausegger.activities.at/entry.php?id=10828" "Mozilla/5.0 (Windows NT 10.0; Win64; x64; rv:137.0) Gecko/20100101 Firefox/137.0"
178.165.172.18 - - [02/Apr/2025:19:01:26 +0200] "GET /entry.php?id=10889&document_id=& HTTP/1.1" 200 1510 "http://hausegger.activities.at/entry.php?id=10828" "Mozilla/5.0 (Windows NT 10.0; Win64; x64; rv:137.0) Gecko/20100101 Firefox/137.0"
178.165.172.18 - - [02/Apr/2025:19:01:26 +0200] "GET /gui/javascript/form_form.js?1743613286 HTTP/1.1" 200 16206 "http://hausegger.activities.at/entry.php?id=10889&document_id=&" "Mozilla/5.0 (Windows NT 10.0; Win64; x64; rv:137.0) Gecko/20100101 Firefox/137.0"
178.165.172.18 - - [02/Apr/2025:19:01:27 +0200] "GET /entry.php?id=11237&type=10665 HTTP/1.1" 200 276 "http://hausegger.activities.at/entry.php?id=10828" "Mozilla/5.0 (Windows NT 10.0; Win64; x64; rv:137.0) Gecko/20100101 Firefox/137.0"
178.165.172.18 - - [02/Apr/2025:19:01:27 +0200] "GET /entry.php?id=10676&&title=Belegsuche HTTP/1.1" 200 1392 "http://hausegger.activities.at/entry.php?id=11237&type=10665" "Mozilla/5.0 (Windows NT 10.0; Win64; x64; rv:137.0) Gecko/20100101 Firefox/137.0"
178.165.172.18 - - [02/Apr/2025:19:01:27 +0200] "GET /gui/javascript/form_form.js?1743613287 HTTP/1.1" 200 16206 "http://hausegger.activities.at/entry.php?id=10676&&title=Belegsuche" "Mozilla/5.0 (Windows NT 10.0; Win64; x64; rv:137.0) Gecko/20100101 Firefox/137.0"
178.165.172.18 - - [02/Apr/2025:19:01:27 +0200] "GET /entry.php?id=11239&mode=document&form=10665& HTTP/1.1" 200 2018 "http://hausegger.activities.at/entry.php?id=11237&type=10665" "Mozilla/5.0 (Windows NT 10.0; Win64; x64; rv:137.0) Gecko/20100101 Firefox/137.0"
178.165.172.18 - - [02/Apr/2025:19:01:27 +0200] "GET /gui/javascript/form_bu_document_workflow.js?1743613287 HTTP/1.1" 200 4900 "http://hausegger.activities.at/entry.php?id=11239&mode=document&form=10665&" "Mozilla/5.0 (Windows NT 10.0; Win64; x64; rv:137.0) Gecko/20100101 Firefox/137.0"
178.165.172.18 - - [02/Apr/2025:19:01:27 +0200] "GET /entry.php?id=11238&mode=document&form=10665& HTTP/1.1" 200 3305 "http://hausegger.activities.at/entry.php?id=11237&type=10665" "Mozilla/5.0 (Windows NT 10.0; Win64; x64; rv:137.0) Gecko/20100101 Firefox/137.0"
178.165.172.18 - - [02/Apr/2025:19:01:27 +0200] "GET /entry.php?id=11240&mode=document&form=10665& HTTP/1.1" 200 2673 "http://hausegger.activities.at/entry.php?id=11237&type=10665" "Mozilla/5.0 (Windows NT 10.0; Win64; x64; rv:137.0) Gecko/20100101 Firefox/137.0"
178.165.172.18 - - [02/Apr/2025:19:01:28 +0200] "GET /gui/javascript/form_form.js?1743613288 HTTP/1.1" 200 16206 "http://hausegger.activities.at/entry.php?id=11240&mode=document&form=10665&" "Mozilla/5.0 (Windows NT 10.0; Win64; x64; rv:137.0) Gecko/20100101 Firefox/137.0"
178.165.172.18 - - [02/Apr/2025:19:01:28 +0200] "GET /gui/javascript/form_bu_document_workflow.js?1743613288 HTTP/1.1" 200 4900 "http://hausegger.activities.at/entry.php?id=11240&mode=document&form=10665&" "Mozilla/5.0 (Windows NT 10.0; Win64; x64; rv:137.0) Gecko/20100101 Firefox/137.0"
178.165.172.18 - - [02/Apr/2025:19:01:28 +0200] "GET /entry.php?id=10778&form=11066&name=list& HTTP/1.1" 200 2586 "http://hausegger.activities.at/entry.php?id=11240&mode=document&form=10665&" "Mozilla/5.0 (Windows NT 10.0; Win64; x64; rv:137.0) Gecko/20100101 Firefox/137.0"
178.165.172.18 - - [02/Apr/2025:19:01:28 +0200] "GET /entry.php?id=10776&form=11066&name=list& HTTP/1.1" 200 1513 "http://hausegger.activities.at/entry.php?id=11240&mode=document&form=10665&" "Mozilla/5.0 (Windows NT 10.0; Win64; x64; rv:137.0) Gecko/20100101 Firefox/137.0"
178.165.172.18 - - [02/Apr/2025:19:01:28 +0200] "POST /entry.php?id=11240 HTTP/1.1" 200 2673 "http://hausegger.activities.at/entry.php?id=11240&mode=document&form=10665&" "Mozilla/5.0 (Windows NT 10.0; Win64; x64; rv:137.0) Gecko/20100101 Firefox/137.0"
178.165.172.18 - - [02/Apr/2025:19:01:28 +0200] "GET /entry.php?id=10776&form=11066&name=list& HTTP/1.1" 200 1513 "http://hausegger.activities.at/entry.php?id=11240" "Mozilla/5.0 (Windows NT 10.0; Win64; x64; rv:137.0) Gecko/20100101 Firefox/137.0"
178.165.172.18 - - [02/Apr/2025:19:01:28 +0200] "GET /entry.php?id=10778&form=11066&name=list& HTTP/1.1" 200 2572 "http://hausegger.activities.at/entry.php?id=11240" "Mozilla/5.0 (Windows NT 10.0; Win64; x64; rv:137.0) Gecko/20100101 Firefox/137.0"
178.165.172.18 - - [02/Apr/2025:19:01:31 +0200] "GET /entry.php?id=10287&login=1 HTTP/1.1" 200 1878 "http://hausegger.activities.at/entry.php?id=10273&" "Mozilla/5.0 (Windows NT 10.0; Win64; x64; rv:137.0) Gecko/20100101 Firefox/137.0"
178.165.172.18 - - [02/Apr/2025:19:01:31 +0200] "GET /gui/javascript/form_form.js?1743613291 HTTP/1.1" 200 16206 "http://hausegger.activities.at/entry.php?id=10287&login=1" "Mozilla/5.0 (Windows NT 10.0; Win64; x64; rv:137.0) Gecko/20100101 Firefox/137.0"
178.165.172.18 - - [02/Apr/2025:19:01:32 +0200] "POST /entry.php?id=10287& HTTP/1.1" 200 2433 "http://hausegger.activities.at/entry.php?id=10287&login=1" "Mozilla/5.0 (Windows NT 10.0; Win64; x64; rv:137.0) Gecko/20100101 Firefox/137.0"
178.165.172.18 - - [02/Apr/2025:19:01:33 +0200] "GET /gui/javascript/form_form.js?1743613293 HTTP/1.1" 200 16206 "http://hausegger.activities.at/entry.php?id=10287&" "Mozilla/5.0 (Windows NT 10.0; Win64; x64; rv:137.0) Gecko/20100101 Firefox/137.0"
178.165.172.18 - - [02/Apr/2025:19:01:33 +0200] "GET /entry.php?id=10273&logout=true& HTTP/1.1" 200 1912 "http://hausegger.activities.at/entry.php?id=10287&" "Mozilla/5.0 (Windows NT 10.0; Win64; x64; rv:137.0) Gecko/20100101 Firefox/137.0"
178.165.172.18 - - [02/Apr/2025:19:01:33 +0200] "GET /entry.php?id=10270& HTTP/1.1" 200 908 "http://hausegger.activities.at/entry.php?id=10287&" "Mozilla/5.0 (Windows NT 10.0; Win64; x64; rv:137.0) Gecko/20100101 Firefox/137.0"
178.165.172.18 - - [02/Apr/2025:19:01:33 +0200] "GET /gui/images/icons/Logo_activites_RGB.gif HTTP/1.1" 200 1336 "http://hausegger.activities.at/entry.php?id=10273&logout=true&" "Mozilla/5.0 (Windows NT 10.0; Win64; x64; rv:137.0) Gecko/20100101 Firefox/137.0"
91.196.152.30 - - [02/Apr/2025:19:05:45 +0200] "\x16\x03\x03\x01\xa6\x01" 400 383 "-" "-"
91.196.152.112 - - [02/Apr/2025:19:05:49 +0200] "GET / HTTP/1.1" 200 423 "-" "Mozilla/5.0 (X11; Ubuntu; Linux x86_64; rv:130.0) Gecko/20100101 Firefox/130.0"
172.178.123.173 - - [02/Apr/2025:19:08:30 +0200] "MGLNDD_212.69.160.11_80" 400 383 "-" "-"
51.91.174.243 - - [02/Apr/2025:19:12:08 +0200] "\x16\x03\x03\x01\xa6\x01" 400 383 "-" "-"
51.91.174.246 - - [02/Apr/2025:19:12:08 +0200] "GET /activities.ico HTTP/1.1" 200 1406 "-" "Mozilla/5.0 (X11; Ubuntu; Linux x86_64; rv:130.0) Gecko/20100101 Firefox/130.0"
156.59.198.135 - - [02/Apr/2025:19:24:08 +0200] "GET /renault.activities.at/htdocs/export/pdf/emuc_document/10556969.pdf HTTP/1.0" 404 322 "-" "Mozilla/5.0 (Linux; Android 5.0) AppleWebKit/537.36 (KHTML, like Gecko) Mobile Safari/537.36 (compatible; Bytespider; spider-feedback@bytedance.com)"
156.59.198.135 - - [02/Apr/2025:19:24:17 +0200] "GET /renault.activities.at/htdocs/export/pdf/emuc_document/11253950.pdf HTTP/1.0" 404 322 "-" "Mozilla/5.0 (Linux; Android 5.0) AppleWebKit/537.36 (KHTML, like Gecko) Mobile Safari/537.36 (compatible; Bytespider; spider-feedback@bytedance.com)"
151.106.162.202 - - [02/Apr/2025:19:32:36 +0200] "GET /download/file.php?id=250&sid=5a9ec837b92f6cbe92b9a2f61cd37a6d HTTP/1.1" 404 297 "-" "Mozilla/5.0 (X11; Ubuntu; Linux x86_64; rv:72.0) Gecko/20100101 Firefox/72.0"
151.106.162.202 - - [02/Apr/2025:19:32:36 +0200] "GET /download/file.php?id=250&sid=5a9ec837b92f6cbe92b9a2f61cd37a6d HTTP/1.1" 404 297 "-" "Mozilla/5.0 (X11; Ubuntu; Linux x86_64; rv:72.0) Gecko/20100101 Firefox/72.0"
151.106.162.202 - - [02/Apr/2025:19:32:36 +0200] "GET /download/file.php?id=250&sid=5a9ec837b92f6cbe92b9a2f61cd37a6d HTTP/1.1" 404 297 "-" "Mozilla/5.0 (X11; Ubuntu; Linux x86_64; rv:72.0) Gecko/20100101 Firefox/72.0"
154.81.156.34 - - [02/Apr/2025:19:33:46 +0200] "GET / HTTP/1.1" 200 274 "-" "Mozilla/5.0 (Windows NT 10.0; Win64; x64) AppleWebKit/537.36 (KHTML, like Gecko) Chrome/90.0.4430.85 Safari/537.36 Edg/90.0.818.46"
151.106.162.202 - - [02/Apr/2025:19:37:31 +0200] "GET /cron.php?cron_type=tidy_sessions&sid=3a68b8114b59f6b9fdb2d6049135bd2c HTTP/1.1" 404 290 "-" "Mozilla/5.0 (X11; Ubuntu; Linux x86_64; rv:72.0) Gecko/20100101 Firefox/72.0"
151.106.162.202 - - [02/Apr/2025:19:37:31 +0200] "GET /cron.php?cron_type=tidy_sessions&sid=3a68b8114b59f6b9fdb2d6049135bd2c HTTP/1.1" 404 290 "-" "Mozilla/5.0 (X11; Ubuntu; Linux x86_64; rv:72.0) Gecko/20100101 Firefox/72.0"
151.106.162.202 - - [02/Apr/2025:19:37:32 +0200] "GET /cron.php?cron_type=tidy_sessions&sid=3a68b8114b59f6b9fdb2d6049135bd2c HTTP/1.1" 404 290 "-" "Mozilla/5.0 (X11; Ubuntu; Linux x86_64; rv:72.0) Gecko/20100101 Firefox/72.0"
151.106.162.202 - - [02/Apr/2025:19:38:39 +0200] "GET /gallery/image.php?mode=thumbnail&album_id=3&image_id=90&sid=ea6576966946c070a6a3830835fd509b HTTP/1.1" 404 297 "-" "Mozilla/5.0 (X11; Ubuntu; Linux x86_64; rv:72.0) Gecko/20100101 Firefox/72.0"
151.106.162.202 - - [02/Apr/2025:19:38:39 +0200] "GET /gallery/image.php?mode=thumbnail&album_id=3&image_id=90&sid=ea6576966946c070a6a3830835fd509b HTTP/1.1" 404 297 "-" "Mozilla/5.0 (X11; Ubuntu; Linux x86_64; rv:72.0) Gecko/20100101 Firefox/72.0"
151.106.162.202 - - [02/Apr/2025:19:38:39 +0200] "GET /gallery/image.php?mode=thumbnail&album_id=3&image_id=90&sid=ea6576966946c070a6a3830835fd509b HTTP/1.1" 404 297 "-" "Mozilla/5.0 (X11; Ubuntu; Linux x86_64; rv:72.0) Gecko/20100101 Firefox/72.0"
156.59.198.136 - - [02/Apr/2025:19:45:35 +0200] "GET /renault.activities.at/htdocs/export/pdf/emuc_document/12210051.pdf HTTP/1.0" 404 321 "-" "Mozilla/5.0 (Linux; Android 5.0) AppleWebKit/537.36 (KHTML, like Gecko) Mobile Safari/537.36 (compatible; Bytespider; spider-feedback@bytedance.com)"
156.59.198.135 - - [02/Apr/2025:19:45:43 +0200] "GET /renault.activities.at/htdocs/export/pdf/emuc_document/10957480.pdf HTTP/1.0" 404 322 "-" "Mozilla/5.0 (Linux; Android 5.0) AppleWebKit/537.36 (KHTML, like Gecko) Mobile Safari/537.36 (compatible; Bytespider; spider-feedback@bytedance.com)"
80.82.77.202 - - [02/Apr/2025:19:53:23 +0200] "\x16\x03\x02\x01o\x01" 400 383 "-" "-"
156.59.198.135 - - [02/Apr/2025:20:13:40 +0200] "GET /renault.activities.at/htdocs/export/pdf/emuc_document/10981099.pdf HTTP/1.0" 404 321 "-" "Mozilla/5.0 (Linux; Android 5.0) AppleWebKit/537.36 (KHTML, like Gecko) Mobile Safari/537.36 (compatible; Bytespider; spider-feedback@bytedance.com)"
151.106.162.202 - - [02/Apr/2025:20:24:48 +0200] "GET /cron.php?cron_type=tidy_cache&sid=545f7e3fac431fb45e000893bded2796 HTTP/1.1" 404 290 "-" "Mozilla/5.0 (X11; Ubuntu; Linux x86_64; rv:72.0) Gecko/20100101 Firefox/72.0"
151.106.162.202 - - [02/Apr/2025:20:24:48 +0200] "GET /cron.php?cron_type=tidy_cache&sid=545f7e3fac431fb45e000893bded2796 HTTP/1.1" 404 290 "-" "Mozilla/5.0 (X11; Ubuntu; Linux x86_64; rv:72.0) Gecko/20100101 Firefox/72.0"
151.106.162.202 - - [02/Apr/2025:20:24:49 +0200] "GET /cron.php?cron_type=tidy_cache&sid=545f7e3fac431fb45e000893bded2796 HTTP/1.1" 404 290 "-" "Mozilla/5.0 (X11; Ubuntu; Linux x86_64; rv:72.0) Gecko/20100101 Firefox/72.0"
151.106.162.202 - - [02/Apr/2025:20:25:25 +0200] "GET /cron.php?cron_type=tidy_cache&sid=3b06b5ca0e8570ff6cff403085b0589c HTTP/1.1" 404 290 "-" "Mozilla/5.0 (X11; Ubuntu; Linux x86_64; rv:72.0) Gecko/20100101 Firefox/72.0"
151.106.162.202 - - [02/Apr/2025:20:25:25 +0200] "GET /cron.php?cron_type=tidy_cache&sid=3b06b5ca0e8570ff6cff403085b0589c HTTP/1.1" 404 290 "-" "Mozilla/5.0 (X11; Ubuntu; Linux x86_64; rv:72.0) Gecko/20100101 Firefox/72.0"
151.106.162.202 - - [02/Apr/2025:20:25:25 +0200] "GET /cron.php?cron_type=tidy_cache&sid=3b06b5ca0e8570ff6cff403085b0589c HTTP/1.1" 404 290 "-" "Mozilla/5.0 (X11; Ubuntu; Linux x86_64; rv:72.0) Gecko/20100101 Firefox/72.0"
196.251.85.238 - - [02/Apr/2025:20:30:18 +0200] "GET /login.rsp HTTP/1.1" 404 354 "-" "Hello World"
80.82.77.202 - - [02/Apr/2025:20:38:09 +0200] "GET / HTTP/1.0" 200 423 "-" "Mozilla/5.0 (Linux; Android 8.0.0; HTC U11) AppleWebKit/537.36 (KHTML, like Gecko) Chrome/76.0.3809.111 Mobile Safari/537.36"
220.71.187.171 - - [02/Apr/2025:20:41:12 +0200] "GET / HTTP/1.0" 200 423 "-" "curl/7.88.1"
151.106.162.202 - - [02/Apr/2025:20:50:13 +0200] "GET /cron.php?cron_type=tidy_cache&sid=b7eeae57aa264718483fd848ed4a51fb HTTP/1.1" 404 290 "-" "Mozilla/5.0 (X11; Ubuntu; Linux x86_64; rv:72.0) Gecko/20100101 Firefox/72.0"
151.106.162.202 - - [02/Apr/2025:20:50:13 +0200] "GET /cron.php?cron_type=tidy_cache&sid=b7eeae57aa264718483fd848ed4a51fb HTTP/1.1" 404 290 "-" "Mozilla/5.0 (X11; Ubuntu; Linux x86_64; rv:72.0) Gecko/20100101 Firefox/72.0"
151.106.162.202 - - [02/Apr/2025:20:50:14 +0200] "GET /cron.php?cron_type=tidy_cache&sid=b7eeae57aa264718483fd848ed4a51fb HTTP/1.1" 404 290 "-" "Mozilla/5.0 (X11; Ubuntu; Linux x86_64; rv:72.0) Gecko/20100101 Firefox/72.0"
156.59.198.135 - - [02/Apr/2025:20:51:21 +0200] "GET /renault.activities.at/htdocs/export/pdf/emuc_document/12017898.pdf HTTP/1.0" 404 322 "-" "Mozilla/5.0 (Linux; Android 5.0) AppleWebKit/537.36 (KHTML, like Gecko) Mobile Safari/537.36 (compatible; Bytespider; spider-feedback@bytedance.com)"
151.106.162.202 - - [02/Apr/2025:20:56:09 +0200] "GET /cron.php?cron_type=tidy_warnings&sid=90f52d5e6778480cc0fcc9932f535cd5 HTTP/1.1" 404 290 "-" "Mozilla/5.0 (X11; Ubuntu; Linux x86_64; rv:72.0) Gecko/20100101 Firefox/72.0"
151.106.162.202 - - [02/Apr/2025:20:56:09 +0200] "GET /cron.php?cron_type=tidy_warnings&sid=90f52d5e6778480cc0fcc9932f535cd5 HTTP/1.1" 404 290 "-" "Mozilla/5.0 (X11; Ubuntu; Linux x86_64; rv:72.0) Gecko/20100101 Firefox/72.0"
151.106.162.202 - - [02/Apr/2025:20:56:09 +0200] "GET /cron.php?cron_type=tidy_warnings&sid=90f52d5e6778480cc0fcc9932f535cd5 HTTP/1.1" 404 290 "-" "Mozilla/5.0 (X11; Ubuntu; Linux x86_64; rv:72.0) Gecko/20100101 Firefox/72.0"
196.251.71.106 - - [02/Apr/2025:21:06:50 +0200] "GET /.env HTTP/1.1" 404 280 "-" "Mozilla/5.0 (Macintosh; Intel Mac OS X 10_14_5) AppleWebKit/605.1.15 (KHTML, like Gecko) Version/12.1.1 Safari/605.1.15"
154.81.156.34 - - [02/Apr/2025:21:09:26 +0200] "GET / HTTP/1.1" 200 423 "-" "-"
156.59.198.135 - - [02/Apr/2025:21:09:35 +0200] "GET /renault.activities.at/htdocs/export/pdf/emuc_document/11170288.pdf HTTP/1.0" 404 322 "-" "Mozilla/5.0 (Linux; Android 5.0) AppleWebKit/537.36 (KHTML, like Gecko) Mobile Safari/537.36 (compatible; Bytespider; spider-feedback@bytedance.com)"
154.81.156.35 - - [02/Apr/2025:21:13:45 +0200] "GET / HTTP/1.1" 200 274 "-" "Mozilla/5.0 (Windows NT 10.0; Win64; x64) AppleWebKit/537.36 (KHTML, like Gecko) Chrome/90.0.4430.85 Safari/537.36 Edg/90.0.818.46"
57.129.64.237 - - [02/Apr/2025:21:16:32 +0200] "GET / HTTP/1.1" 200 274 "-" "Mozilla/5.0 zgrab/0.x"
156.59.198.135 - - [02/Apr/2025:21:18:37 +0200] "GET /renault.activities.at/htdocs/export/pdf/emuc_document/10892337.pdf HTTP/1.0" 404 323 "-" "Mozilla/5.0 (Linux; Android 5.0) AppleWebKit/537.36 (KHTML, like Gecko) Mobile Safari/537.36 (compatible; Bytespider; spider-feedback@bytedance.com)"
156.59.198.136 - - [02/Apr/2025:21:18:47 +0200] "GET /renault.activities.at/htdocs/export/pdf/emuc_document/12067279.pdf HTTP/1.0" 404 322 "-" "Mozilla/5.0 (Linux; Android 5.0) AppleWebKit/537.36 (KHTML, like Gecko) Mobile Safari/537.36 (compatible; Bytespider; spider-feedback@bytedance.com)"
57.129.64.237 - - [02/Apr/2025:21:29:11 +0200] "GET / HTTP/1.1" 200 274 "-" "Mozilla/5.0 (compatible; ModatScanner/1.0; +https://modat.io/)"
49.213.134.200 - - [02/Apr/2025:21:39:32 +0200] "GET / HTTP/1.0" 200 423 "-" "curl/7.88.1"
156.59.198.136 - - [02/Apr/2025:21:46:18 +0200] "GET /renault.activities.at/htdocs/export/pdf/emuc_document/11046276.pdf HTTP/1.0" 404 322 "-" "Mozilla/5.0 (Linux; Android 5.0) AppleWebKit/537.36 (KHTML, like Gecko) Mobile Safari/537.36 (compatible; Bytespider; spider-feedback@bytedance.com)"
93.174.93.12 - - [02/Apr/2025:21:47:39 +0200] "\x16\x03\x02\x01o\x01" 400 383 "-" "-"
172.212.103.78 - - [02/Apr/2025:21:51:36 +0200] "GET / HTTP/1.1" 200 274 "-" "Mozilla/5.0 zgrab/0.x"
151.106.162.202 - - [02/Apr/2025:21:52:51 +0200] "GET /gallery/image.php?mode=thumbnail&album_id=3&image_id=90&sid=c38a1fcbb51e9805ba7db43a6bedc42b HTTP/1.1" 404 297 "-" "Mozilla/5.0 (X11; Ubuntu; Linux x86_64; rv:72.0) Gecko/20100101 Firefox/72.0"
151.106.162.202 - - [02/Apr/2025:21:52:51 +0200] "GET /gallery/image.php?mode=thumbnail&album_id=3&image_id=90&sid=c38a1fcbb51e9805ba7db43a6bedc42b HTTP/1.1" 404 297 "-" "Mozilla/5.0 (X11; Ubuntu; Linux x86_64; rv:72.0) Gecko/20100101 Firefox/72.0"
151.106.162.202 - - [02/Apr/2025:21:52:52 +0200] "GET /gallery/image.php?mode=thumbnail&album_id=3&image_id=90&sid=c38a1fcbb51e9805ba7db43a6bedc42b HTTP/1.1" 404 297 "-" "Mozilla/5.0 (X11; Ubuntu; Linux x86_64; rv:72.0) Gecko/20100101 Firefox/72.0"
156.59.198.136 - - [02/Apr/2025:21:55:15 +0200] "GET /renault.activities.at/htdocs/export/pdf/emuc_document/10673050.pdf HTTP/1.0" 404 323 "-" "Mozilla/5.0 (Linux; Android 5.0) AppleWebKit/537.36 (KHTML, like Gecko) Mobile Safari/537.36 (compatible; Bytespider; spider-feedback@bytedance.com)"
151.106.162.202 - - [02/Apr/2025:22:02:39 +0200] "GET /download/file.php?id=251&sid=4b83f2962f8d7246ca90199a1281e7f3 HTTP/1.1" 404 297 "-" "Mozilla/5.0 (X11; Ubuntu; Linux x86_64; rv:72.0) Gecko/20100101 Firefox/72.0"
151.106.162.202 - - [02/Apr/2025:22:02:41 +0200] "GET /download/file.php?id=251&sid=4b83f2962f8d7246ca90199a1281e7f3 HTTP/1.1" 404 297 "-" "Mozilla/5.0 (X11; Ubuntu; Linux x86_64; rv:72.0) Gecko/20100101 Firefox/72.0"
151.106.162.202 - - [02/Apr/2025:22:02:41 +0200] "GET /download/file.php?id=251&sid=4b83f2962f8d7246ca90199a1281e7f3 HTTP/1.1" 404 297 "-" "Mozilla/5.0 (X11; Ubuntu; Linux x86_64; rv:72.0) Gecko/20100101 Firefox/72.0"
156.59.198.136 - - [02/Apr/2025:22:03:35 +0200] "GET /renault.activities.at/htdocs/export/pdf/emuc_document/10711755.pdf HTTP/1.0" 404 322 "-" "Mozilla/5.0 (Linux; Android 5.0) AppleWebKit/537.36 (KHTML, like Gecko) Mobile Safari/537.36 (compatible; Bytespider; spider-feedback@bytedance.com)"
156.59.198.135 - - [02/Apr/2025:22:03:44 +0200] "GET /renault.activities.at/htdocs/export/pdf/emuc_document/11320502.pdf HTTP/1.0" 404 322 "-" "Mozilla/5.0 (Linux; Android 5.0) AppleWebKit/537.36 (KHTML, like Gecko) Mobile Safari/537.36 (compatible; Bytespider; spider-feedback@bytedance.com)"
156.59.198.136 - - [02/Apr/2025:22:04:46 +0200] "GET /renault.activities.at/htdocs/export/pdf/emuc_document/10554099.pdf HTTP/1.0" 404 322 "-" "Mozilla/5.0 (Linux; Android 5.0) AppleWebKit/537.36 (KHTML, like Gecko) Mobile Safari/537.36 (compatible; Bytespider; spider-feedback@bytedance.com)"
172.220.160.206 - - [02/Apr/2025:22:05:06 +0200] "GET / HTTP/1.0" 200 423 "-" "curl/7.88.1"
156.59.198.136 - - [02/Apr/2025:22:21:58 +0200] "GET /renault.activities.at/htdocs/export/pdf/emuc_document/10460020.pdf HTTP/1.0" 404 321 "-" "Mozilla/5.0 (Linux; Android 5.0) AppleWebKit/537.36 (KHTML, like Gecko) Mobile Safari/537.36 (compatible; Bytespider; spider-feedback@bytedance.com)"
101.199.254.232 - - [02/Apr/2025:22:24:37 +0200] "\x16\x03\x01\x014\x01" 400 383 "-" "-"
101.199.254.201 - - [02/Apr/2025:22:24:38 +0200] "GET / HTTP/1.1" 200 423 "-" "Mozilla/5.0 (Macintosh; Intel Mac OS X 10_15_7) AppleWebKit/537.36 (KHTML, like Gecko) Chrome/120.0.0.0 Safari/537.36 Edg/120.0.0.0"
101.199.254.235 - - [02/Apr/2025:22:24:42 +0200] "GET /activities.ico HTTP/1.1" 200 1406 "-" "Mozilla/5.0 (Macintosh; Intel Mac OS X 10_7_0) AppleWebKit/535.11 (KHTML, like Gecko) Chrome/17.0.963.56 Safari/535.11"
101.199.254.238 - - [02/Apr/2025:22:24:45 +0200] "GET /robots.txt HTTP/1.1" 404 291 "-" "Mozilla/5.0 (Macintosh; Intel Mac OS X 10_7_0) AppleWebKit/535.11 (KHTML, like Gecko) Chrome/17.0.963.56 Safari/535.11"
101.199.254.209 - - [02/Apr/2025:22:24:49 +0200] "GET /sitemap.xml HTTP/1.1" 404 292 "-" "Mozilla/5.0 (Macintosh; Intel Mac OS X 10_7_0) AppleWebKit/535.11 (KHTML, like Gecko) Chrome/17.0.963.56 Safari/535.11"
101.199.254.242 - - [02/Apr/2025:22:24:53 +0200] "GET /config.json HTTP/1.1" 404 292 "-" "Mozilla/5.0 (Macintosh; Intel Mac OS X 10_7_0) AppleWebKit/535.11 (KHTML, like Gecko) Chrome/17.0.963.56 Safari/535.11"
114.32.98.235 - - [02/Apr/2025:22:26:56 +0200] "GET / HTTP/1.0" 200 423 "-" "curl/7.88.1"
151.106.162.202 - - [02/Apr/2025:22:27:37 +0200] "GET /cron.php?cron_type=tidy_cache&sid=a3707261cc2a97da9a05ae1728b1f07e HTTP/1.1" 404 290 "-" "Mozilla/5.0 (X11; Ubuntu; Linux x86_64; rv:72.0) Gecko/20100101 Firefox/72.0"
151.106.162.202 - - [02/Apr/2025:22:27:37 +0200] "GET /cron.php?cron_type=tidy_cache&sid=a3707261cc2a97da9a05ae1728b1f07e HTTP/1.1" 404 290 "-" "Mozilla/5.0 (X11; Ubuntu; Linux x86_64; rv:72.0) Gecko/20100101 Firefox/72.0"
151.106.162.202 - - [02/Apr/2025:22:27:37 +0200] "GET /cron.php?cron_type=tidy_cache&sid=a3707261cc2a97da9a05ae1728b1f07e HTTP/1.1" 404 290 "-" "Mozilla/5.0 (X11; Ubuntu; Linux x86_64; rv:72.0) Gecko/20100101 Firefox/72.0"
151.106.162.202 - - [02/Apr/2025:22:36:15 +0200] "GET /download/file.php?id=237&sid=4bf165e146247b9ddab5f24a092e62ba HTTP/1.1" 404 297 "-" "Mozilla/5.0 (X11; Ubuntu; Linux x86_64; rv:72.0) Gecko/20100101 Firefox/72.0"
151.106.162.202 - - [02/Apr/2025:22:36:15 +0200] "GET /download/file.php?id=237&sid=4bf165e146247b9ddab5f24a092e62ba HTTP/1.1" 404 297 "-" "Mozilla/5.0 (X11; Ubuntu; Linux x86_64; rv:72.0) Gecko/20100101 Firefox/72.0"
151.106.162.202 - - [02/Apr/2025:22:36:15 +0200] "GET /download/file.php?id=237&sid=4bf165e146247b9ddab5f24a092e62ba HTTP/1.1" 404 297 "-" "Mozilla/5.0 (X11; Ubuntu; Linux x86_64; rv:72.0) Gecko/20100101 Firefox/72.0"
151.106.162.202 - - [02/Apr/2025:22:37:01 +0200] "GET /download/file.php?id=252&sid=8539ff0a22f1916c8732c4b735b68d51 HTTP/1.1" 404 297 "-" "Mozilla/5.0 (X11; Ubuntu; Linux x86_64; rv:72.0) Gecko/20100101 Firefox/72.0"
151.106.162.202 - - [02/Apr/2025:22:37:01 +0200] "GET /download/file.php?id=252&sid=8539ff0a22f1916c8732c4b735b68d51 HTTP/1.1" 404 297 "-" "Mozilla/5.0 (X11; Ubuntu; Linux x86_64; rv:72.0) Gecko/20100101 Firefox/72.0"
151.106.162.202 - - [02/Apr/2025:22:37:02 +0200] "GET /download/file.php?id=252&sid=8539ff0a22f1916c8732c4b735b68d51 HTTP/1.1" 404 297 "-" "Mozilla/5.0 (X11; Ubuntu; Linux x86_64; rv:72.0) Gecko/20100101 Firefox/72.0"
125.228.50.59 - - [02/Apr/2025:22:38:39 +0200] "GET / HTTP/1.0" 200 423 "-" "curl/7.88.1"
94.181.156.210 - - [02/Apr/2025:22:40:06 +0200] "GET / HTTP/1.0" 200 423 "-" "Mozilla/5.0 (Windows NT 6.3; Win64; x64) AppleWebKit/537.36 (KHTML, like Gecko) Chrome/75.0.3770.100 Safari/537.36"
151.106.162.202 - - [02/Apr/2025:22:50:01 +0200] "GET /cron.php?cron_type=tidy_cache&sid=0827b522ca4eec8d3fc0a67639e45743 HTTP/1.1" 404 290 "-" "Mozilla/5.0 (X11; Ubuntu; Linux x86_64; rv:72.0) Gecko/20100101 Firefox/72.0"
151.106.162.202 - - [02/Apr/2025:22:50:01 +0200] "GET /cron.php?cron_type=tidy_cache&sid=0827b522ca4eec8d3fc0a67639e45743 HTTP/1.1" 404 290 "-" "Mozilla/5.0 (X11; Ubuntu; Linux x86_64; rv:72.0) Gecko/20100101 Firefox/72.0"
151.106.162.202 - - [02/Apr/2025:22:50:02 +0200] "GET /cron.php?cron_type=tidy_cache&sid=0827b522ca4eec8d3fc0a67639e45743 HTTP/1.1" 404 290 "-" "Mozilla/5.0 (X11; Ubuntu; Linux x86_64; rv:72.0) Gecko/20100101 Firefox/72.0"
156.59.198.136 - - [02/Apr/2025:22:55:25 +0200] "GET /renault.activities.at/htdocs/export/pdf/emuc_document/11271507.pdf HTTP/1.0" 404 322 "-" "Mozilla/5.0 (Linux; Android 5.0) AppleWebKit/537.36 (KHTML, like Gecko) Mobile Safari/537.36 (compatible; Bytespider; spider-feedback@bytedance.com)"
154.81.156.35 - - [02/Apr/2025:23:04:01 +0200] "GET / HTTP/1.1" 200 274 "-" "Mozilla/5.0 (Windows NT 10.0; Win64; x64) AppleWebKit/537.36 (KHTML, like Gecko) Chrome/90.0.4430.85 Safari/537.36 Edg/90.0.818.46"
156.59.198.135 - - [02/Apr/2025:23:05:25 +0200] "GET /renault.activities.at/htdocs/export/pdf/emuc_document/12243382.pdf HTTP/1.0" 404 322 "-" "Mozilla/5.0 (Linux; Android 5.0) AppleWebKit/537.36 (KHTML, like Gecko) Mobile Safari/537.36 (compatible; Bytespider; spider-feedback@bytedance.com)"
185.242.226.116 - - [02/Apr/2025:23:21:31 +0200] "\x16\x03\x01" 400 383 "-" "-"
151.106.162.202 - - [02/Apr/2025:23:29:30 +0200] "GET /cron.php?cron_type=tidy_cache&sid=072ee32c38b6be886e480201aefecfd4 HTTP/1.1" 404 290 "-" "Mozilla/5.0 (X11; Ubuntu; Linux x86_64; rv:72.0) Gecko/20100101 Firefox/72.0"
151.106.162.202 - - [02/Apr/2025:23:29:30 +0200] "GET /cron.php?cron_type=tidy_cache&sid=072ee32c38b6be886e480201aefecfd4 HTTP/1.1" 404 290 "-" "Mozilla/5.0 (X11; Ubuntu; Linux x86_64; rv:72.0) Gecko/20100101 Firefox/72.0"
151.106.162.202 - - [02/Apr/2025:23:29:31 +0200] "GET /cron.php?cron_type=tidy_cache&sid=072ee32c38b6be886e480201aefecfd4 HTTP/1.1" 404 290 "-" "Mozilla/5.0 (X11; Ubuntu; Linux x86_64; rv:72.0) Gecko/20100101 Firefox/72.0"
151.106.162.202 - - [02/Apr/2025:23:29:54 +0200] "GET /cron.php?cron_type=tidy_cache&sid=b0727ceb93776aa6dfe40c21b75859a3 HTTP/1.1" 404 290 "-" "Mozilla/5.0 (X11; Ubuntu; Linux x86_64; rv:72.0) Gecko/20100101 Firefox/72.0"
151.106.162.202 - - [02/Apr/2025:23:29:55 +0200] "GET /cron.php?cron_type=tidy_cache&sid=b0727ceb93776aa6dfe40c21b75859a3 HTTP/1.1" 404 290 "-" "Mozilla/5.0 (X11; Ubuntu; Linux x86_64; rv:72.0) Gecko/20100101 Firefox/72.0"
151.106.162.202 - - [02/Apr/2025:23:29:55 +0200] "GET /cron.php?cron_type=tidy_cache&sid=b0727ceb93776aa6dfe40c21b75859a3 HTTP/1.1" 404 290 "-" "Mozilla/5.0 (X11; Ubuntu; Linux x86_64; rv:72.0) Gecko/20100101 Firefox/72.0"
92.255.57.58 - - [02/Apr/2025:23:31:39 +0200] "GET /actuator/gateway/routes HTTP/1.1" 404 293 "-" "Mozilla/5.0 (Windows NT 10.0; Win64; x64) AppleWebKit/537.36 (KHTML, like Gecko) Chrome/78.0.3904.108 Safari/537.36"
156.59.198.136 - - [02/Apr/2025:23:42:19 +0200] "GET /renault.activities.at/htdocs/export/pdf/emuc_document/10709260.pdf HTTP/1.0" 404 322 "-" "Mozilla/5.0 (Linux; Android 5.0) AppleWebKit/537.36 (KHTML, like Gecko) Mobile Safari/537.36 (compatible; Bytespider; spider-feedback@bytedance.com)"
156.59.198.135 - - [02/Apr/2025:23:42:27 +0200] "GET /renault.activities.at/htdocs/export/pdf/emuc_document/11086200.pdf HTTP/1.0" 404 321 "-" "Mozilla/5.0 (Linux; Android 5.0) AppleWebKit/537.36 (KHTML, like Gecko) Mobile Safari/537.36 (compatible; Bytespider; spider-feedback@bytedance.com)"
92.255.57.58 - - [02/Apr/2025:23:43:46 +0200] "\x16\x03\x01\x05\xa8\x01" 400 383 "-" "-"
110.25.88.166 - - [02/Apr/2025:23:47:23 +0200] "GET / HTTP/1.0" 200 423 "-" "curl/7.88.1"
151.106.162.202 - - [02/Apr/2025:23:48:17 +0200] "GET /cron.php?cron_type=tidy_cache&sid=2b00b24105c72cdc9a17c6f03f0510a6 HTTP/1.1" 404 290 "-" "Mozilla/5.0 (X11; Ubuntu; Linux x86_64; rv:72.0) Gecko/20100101 Firefox/72.0"
151.106.162.202 - - [02/Apr/2025:23:48:17 +0200] "GET /cron.php?cron_type=tidy_cache&sid=2b00b24105c72cdc9a17c6f03f0510a6 HTTP/1.1" 404 290 "-" "Mozilla/5.0 (X11; Ubuntu; Linux x86_64; rv:72.0) Gecko/20100101 Firefox/72.0"
151.106.162.202 - - [02/Apr/2025:23:48:17 +0200] "GET /cron.php?cron_type=tidy_cache&sid=2b00b24105c72cdc9a17c6f03f0510a6 HTTP/1.1" 404 290 "-" "Mozilla/5.0 (X11; Ubuntu; Linux x86_64; rv:72.0) Gecko/20100101 Firefox/72.0"
156.59.198.136 - - [02/Apr/2025:23:50:53 +0200] "GET /renault.activities.at/htdocs/export/pdf/emuc_document/11452058.pdf HTTP/1.0" 404 321 "-" "Mozilla/5.0 (Linux; Android 5.0) AppleWebKit/537.36 (KHTML, like Gecko) Mobile Safari/537.36 (compatible; Bytespider; spider-feedback@bytedance.com)"
156.59.198.135 - - [02/Apr/2025:23:51:02 +0200] "GET /renault.activities.at/htdocs/export/pdf/emuc_document/11170597.pdf HTTP/1.0" 404 322 "-" "Mozilla/5.0 (Linux; Android 5.0) AppleWebKit/537.36 (KHTML, like Gecko) Mobile Safari/537.36 (compatible; Bytespider; spider-feedback@bytedance.com)"
156.59.198.136 - - [02/Apr/2025:23:51:15 +0200] "GET /renault.activities.at/htdocs/export/pdf/emuc_document/11810905.pdf HTTP/1.0" 404 321 "-" "Mozilla/5.0 (Linux; Android 5.0) AppleWebKit/537.36 (KHTML, like Gecko) Mobile Safari/537.36 (compatible; Bytespider; spider-feedback@bytedance.com)"
156.59.198.135 - - [02/Apr/2025:23:51:25 +0200] "GET /renault.activities.at/htdocs/export/pdf/emuc_document/12135959.pdf HTTP/1.0" 404 322 "-" "Mozilla/5.0 (Linux; Android 5.0) AppleWebKit/537.36 (KHTML, like Gecko) Mobile Safari/537.36 (compatible; Bytespider; spider-feedback@bytedance.com)"
156.59.198.136 - - [02/Apr/2025:23:51:33 +0200] "GET /renault.activities.at/htdocs/export/pdf/emuc_document/11312067.pdf HTTP/1.0" 404 322 "-" "Mozilla/5.0 (Linux; Android 5.0) AppleWebKit/537.36 (KHTML, like Gecko) Mobile Safari/537.36 (compatible; Bytespider; spider-feedback@bytedance.com)"
156.59.198.135 - - [03/Apr/2025:00:00:03 +0200] "GET /renault.activities.at/htdocs/export/pdf/emuc_document/11581980.pdf HTTP/1.0" 404 321 "-" "Mozilla/5.0 (Linux; Android 5.0) AppleWebKit/537.36 (KHTML, like Gecko) Mobile Safari/537.36 (compatible; Bytespider; spider-feedback@bytedance.com)"
151.106.162.202 - - [03/Apr/2025:00:04:29 +0200] "GET /cron.php?cron_type=tidy_cache&sid=71a1767ccb40ab9a4d9b2c7a7eadf04b HTTP/1.1" 404 290 "-" "Mozilla/5.0 (X11; Ubuntu; Linux x86_64; rv:72.0) Gecko/20100101 Firefox/72.0"
151.106.162.202 - - [03/Apr/2025:00:04:35 +0200] "GET /cron.php?cron_type=tidy_cache&sid=71a1767ccb40ab9a4d9b2c7a7eadf04b HTTP/1.1" 404 290 "-" "Mozilla/5.0 (X11; Ubuntu; Linux x86_64; rv:72.0) Gecko/20100101 Firefox/72.0"
151.106.162.202 - - [03/Apr/2025:00:04:40 +0200] "GET /cron.php?cron_type=tidy_cache&sid=71a1767ccb40ab9a4d9b2c7a7eadf04b HTTP/1.1" 404 290 "-" "Mozilla/5.0 (X11; Ubuntu; Linux x86_64; rv:72.0) Gecko/20100101 Firefox/72.0"
151.106.162.202 - - [03/Apr/2025:00:08:25 +0200] "GET /cron.php?cron_type=tidy_cache&sid=6423b0f41741433e01cfe57855c9134a HTTP/1.1" 404 290 "-" "Mozilla/5.0 (X11; Ubuntu; Linux x86_64; rv:72.0) Gecko/20100101 Firefox/72.0"
151.106.162.202 - - [03/Apr/2025:00:08:25 +0200] "GET /cron.php?cron_type=tidy_cache&sid=6423b0f41741433e01cfe57855c9134a HTTP/1.1" 404 290 "-" "Mozilla/5.0 (X11; Ubuntu; Linux x86_64; rv:72.0) Gecko/20100101 Firefox/72.0"
151.106.162.202 - - [03/Apr/2025:00:08:26 +0200] "GET /cron.php?cron_type=tidy_cache&sid=6423b0f41741433e01cfe57855c9134a HTTP/1.1" 404 290 "-" "Mozilla/5.0 (X11; Ubuntu; Linux x86_64; rv:72.0) Gecko/20100101 Firefox/72.0"
156.59.198.135 - - [03/Apr/2025:00:09:24 +0200] "GET /renault.activities.at/htdocs/export/pdf/emuc_document/11213673.pdf HTTP/1.0" 404 322 "-" "Mozilla/5.0 (Linux; Android 5.0) AppleWebKit/537.36 (KHTML, like Gecko) Mobile Safari/537.36 (compatible; Bytespider; spider-feedback@bytedance.com)"
151.106.162.202 - - [03/Apr/2025:00:09:26 +0200] "GET /cron.php?cron_type=tidy_sessions&sid=6bd1c1334250c7fcefa3d970dfa4310f HTTP/1.1" 404 290 "-" "Mozilla/5.0 (X11; Ubuntu; Linux x86_64; rv:72.0) Gecko/20100101 Firefox/72.0"
151.106.162.202 - - [03/Apr/2025:00:09:26 +0200] "GET /cron.php?cron_type=tidy_sessions&sid=6bd1c1334250c7fcefa3d970dfa4310f HTTP/1.1" 404 290 "-" "Mozilla/5.0 (X11; Ubuntu; Linux x86_64; rv:72.0) Gecko/20100101 Firefox/72.0"
151.106.162.202 - - [03/Apr/2025:00:09:26 +0200] "GET /cron.php?cron_type=tidy_sessions&sid=6bd1c1334250c7fcefa3d970dfa4310f HTTP/1.1" 404 290 "-" "Mozilla/5.0 (X11; Ubuntu; Linux x86_64; rv:72.0) Gecko/20100101 Firefox/72.0"
156.59.198.136 - - [03/Apr/2025:00:09:33 +0200] "GET /renault.activities.at/htdocs/export/pdf/emuc_document/10961403.pdf HTTP/1.0" 404 322 "-" "Mozilla/5.0 (Linux; Android 5.0) AppleWebKit/537.36 (KHTML, like Gecko) Mobile Safari/537.36 (compatible; Bytespider; spider-feedback@bytedance.com)"
179.43.186.225 - - [03/Apr/2025:00:16:04 +0200] "POST /upload HTTP/1.1" 404 281 "-" "Mozilla/5.0 (SS; Linux x86_64; rv:128.0) Gecko/20100101 Firefox/128.0"
94.181.156.210 - - [03/Apr/2025:00:37:38 +0200] "GET / HTTP/1.0" 200 423 "-" "Mozilla/5.0 (Windows NT 6.3; Win64; x64) AppleWebKit/537.36 (KHTML, like Gecko) Chrome/75.0.3770.100 Safari/537.36"
156.59.198.135 - - [03/Apr/2025:00:49:30 +0200] "GET /renault.activities.at/htdocs/export/pdf/emuc_document/11818767.pdf HTTP/1.0" 404 322 "-" "Mozilla/5.0 (Linux; Android 5.0) AppleWebKit/537.36 (KHTML, like Gecko) Mobile Safari/537.36 (compatible; Bytespider; spider-feedback@bytedance.com)"
154.81.156.35 - - [03/Apr/2025:00:57:27 +0200] "GET / HTTP/1.1" 200 274 "-" "Mozilla/5.0 (Windows NT 10.0; Win64; x64) AppleWebKit/537.36 (KHTML, like Gecko) Chrome/90.0.4430.85 Safari/537.36 Edg/90.0.818.46"
151.106.162.202 - - [03/Apr/2025:00:57:46 +0200] "GET /gallery/image.php?mode=medium&album_id=1&image_id=113&sid=50066e12bd2c032196833cb90fade8f0 HTTP/1.1" 404 297 "-" "Mozilla/5.0 (X11; Ubuntu; Linux x86_64; rv:72.0) Gecko/20100101 Firefox/72.0"
156.59.198.135 - - [03/Apr/2025:00:57:46 +0200] "GET /renault.activities.at/htdocs/export/pdf/emuc_document/10458540.pdf HTTP/1.0" 404 321 "-" "Mozilla/5.0 (Linux; Android 5.0) AppleWebKit/537.36 (KHTML, like Gecko) Mobile Safari/537.36 (compatible; Bytespider; spider-feedback@bytedance.com)"
151.106.162.202 - - [03/Apr/2025:00:57:51 +0200] "GET /gallery/image.php?mode=medium&album_id=1&image_id=113&sid=50066e12bd2c032196833cb90fade8f0 HTTP/1.1" 404 297 "-" "Mozilla/5.0 (X11; Ubuntu; Linux x86_64; rv:72.0) Gecko/20100101 Firefox/72.0"
156.59.198.135 - - [03/Apr/2025:00:57:55 +0200] "GET /renault.activities.at/htdocs/export/pdf/emuc_document/12251479.pdf HTTP/1.0" 404 322 "-" "Mozilla/5.0 (Linux; Android 5.0) AppleWebKit/537.36 (KHTML, like Gecko) Mobile Safari/537.36 (compatible; Bytespider; spider-feedback@bytedance.com)"
151.106.162.202 - - [03/Apr/2025:00:57:57 +0200] "GET /gallery/image.php?mode=medium&album_id=1&image_id=113&sid=50066e12bd2c032196833cb90fade8f0 HTTP/1.1" 404 297 "-" "Mozilla/5.0 (X11; Ubuntu; Linux x86_64; rv:72.0) Gecko/20100101 Firefox/72.0"
151.106.162.202 - - [03/Apr/2025:01:00:38 +0200] "GET /cron.php?cron_type=tidy_cache&sid=18dc989b81c35cc9fd8b8552d6b68d31 HTTP/1.1" 404 290 "-" "Mozilla/5.0 (X11; Ubuntu; Linux x86_64; rv:72.0) Gecko/20100101 Firefox/72.0"
151.106.162.202 - - [03/Apr/2025:01:00:39 +0200] "GET /cron.php?cron_type=tidy_cache&sid=18dc989b81c35cc9fd8b8552d6b68d31 HTTP/1.1" 404 290 "-" "Mozilla/5.0 (X11; Ubuntu; Linux x86_64; rv:72.0) Gecko/20100101 Firefox/72.0"
151.106.162.202 - - [03/Apr/2025:01:00:39 +0200] "GET /cron.php?cron_type=tidy_cache&sid=18dc989b81c35cc9fd8b8552d6b68d31 HTTP/1.1" 404 290 "-" "Mozilla/5.0 (X11; Ubuntu; Linux x86_64; rv:72.0) Gecko/20100101 Firefox/72.0"
43.153.87.54 - - [03/Apr/2025:01:06:01 +0200] "GET / HTTP/1.1" 200 274 "-" "Mozilla/5.0 (iPhone; CPU iPhone OS 13_2_3 like Mac OS X) AppleWebKit/605.1.15 (KHTML, like Gecko) Version/13.0.3 Mobile/15E148 Safari/604.1"
20.169.105.85 - - [03/Apr/2025:01:06:39 +0200] "GET /actuator/health HTTP/1.1" 404 287 "-" "Mozilla/5.0 zgrab/0.x"
49.160.135.102 - - [03/Apr/2025:01:13:42 +0200] "GET / HTTP/1.1" 200 423 "-" "Hello World"
156.59.198.136 - - [03/Apr/2025:01:15:50 +0200] "GET /renault.activities.at/htdocs/export/pdf/emuc_document/11810012.pdf HTTP/1.0" 404 321 "-" "Mozilla/5.0 (Linux; Android 5.0) AppleWebKit/537.36 (KHTML, like Gecko) Mobile Safari/537.36 (compatible; Bytespider; spider-feedback@bytedance.com)"
151.106.162.202 - - [03/Apr/2025:01:22:11 +0200] "GET /gallery/image.php?mode=thumbnail&album_id=1&image_id=112&sid=e5051ba9473c282fecf5745c1acf77e8 HTTP/1.1" 404 297 "-" "Mozilla/5.0 (X11; Ubuntu; Linux x86_64; rv:72.0) Gecko/20100101 Firefox/72.0"
