178.165.172.18 - - [02/Apr/2025:08:49:10 +0200] "GET /entry.php?id=10271&&ser=576490 HTTP/1.1" 200 987 "http://hausegger.activities.at/entry.php?id=10271&&ser=576430" "Mozilla/5.0 (Windows NT 10.0; Win64; x64; rv:136.0) Gecko/20100101 Firefox/136.0"
178.165.172.18 - - [02/Apr/2025:08:49:10 +0200] "GET /gui/javascript/form_form.js?1743576550 HTTP/1.1" 200 16206 "http://hausegger.activities.at/entry.php?id=10271&&ser=576490" "Mozilla/5.0 (Windows NT 10.0; Win64; x64; rv:136.0) Gecko/20100101 Firefox/136.0"
178.165.172.18 - - [02/Apr/2025:08:50:11 +0200] "GET /entry.php?id=10271&&ser=576550 HTTP/1.1" 200 986 "http://hausegger.activities.at/entry.php?id=10271&&ser=576490" "Mozilla/5.0 (Windows NT 10.0; Win64; x64; rv:136.0) Gecko/20100101 Firefox/136.0"
178.165.172.18 - - [02/Apr/2025:08:50:11 +0200] "GET /gui/javascript/form_form.js?1743576611 HTTP/1.1" 200 16206 "http://hausegger.activities.at/entry.php?id=10271&&ser=576550" "Mozilla/5.0 (Windows NT 10.0; Win64; x64; rv:136.0) Gecko/20100101 Firefox/136.0"
154.81.156.35 - - [02/Apr/2025:08:51:00 +0200] "GET / HTTP/1.1" 200 274 "-" "Mozilla/5.0 (Windows NT 10.0; Win64; x64) AppleWebKit/537.36 (KHTML, like Gecko) Chrome/90.0.4430.85 Safari/537.36 Edg/90.0.818.46"
178.165.172.18 - - [02/Apr/2025:08:51:11 +0200] "GET /entry.php?id=10271&&ser=576611 HTTP/1.1" 200 986 "http://hausegger.activities.at/entry.php?id=10271&&ser=576550" "Mozilla/5.0 (Windows NT 10.0; Win64; x64; rv:136.0) Gecko/20100101 Firefox/136.0"
178.165.172.18 - - [02/Apr/2025:08:51:11 +0200] "GET /gui/javascript/form_form.js?1743576671 HTTP/1.1" 200 16206 "http://hausegger.activities.at/entry.php?id=10271&&ser=576611" "Mozilla/5.0 (Windows NT 10.0; Win64; x64; rv:136.0) Gecko/20100101 Firefox/136.0"
178.165.172.18 - - [02/Apr/2025:08:52:11 +0200] "GET /entry.php?id=10271&&ser=576671 HTTP/1.1" 200 988 "http://hausegger.activities.at/entry.php?id=10271&&ser=576611" "Mozilla/5.0 (Windows NT 10.0; Win64; x64; rv:136.0) Gecko/20100101 Firefox/136.0"
178.165.172.18 - - [02/Apr/2025:08:52:12 +0200] "GET /gui/javascript/form_form.js?1743576732 HTTP/1.1" 200 16206 "http://hausegger.activities.at/entry.php?id=10271&&ser=576671" "Mozilla/5.0 (Windows NT 10.0; Win64; x64; rv:136.0) Gecko/20100101 Firefox/136.0"
151.106.162.202 - - [02/Apr/2025:08:53:05 +0200] "GET /cron.php?cron_type=tidy_cache&sid=02ac69a71ed2d83e7ce2016f3cf04c59 HTTP/1.1" 404 290 "-" "Mozilla/5.0 (X11; Ubuntu; Linux x86_64; rv:72.0) Gecko/20100101 Firefox/72.0"
151.106.162.202 - - [02/Apr/2025:08:53:05 +0200] "GET /cron.php?cron_type=tidy_cache&sid=02ac69a71ed2d83e7ce2016f3cf04c59 HTTP/1.1" 404 290 "-" "Mozilla/5.0 (X11; Ubuntu; Linux x86_64; rv:72.0) Gecko/20100101 Firefox/72.0"
151.106.162.202 - - [02/Apr/2025:08:53:06 +0200] "GET /cron.php?cron_type=tidy_cache&sid=02ac69a71ed2d83e7ce2016f3cf04c59 HTTP/1.1" 404 290 "-" "Mozilla/5.0 (X11; Ubuntu; Linux x86_64; rv:72.0) Gecko/20100101 Firefox/72.0"
178.165.172.18 - - [02/Apr/2025:08:53:12 +0200] "GET /entry.php?id=10271&&ser=576731 HTTP/1.1" 200 987 "http://hausegger.activities.at/entry.php?id=10271&&ser=576671" "Mozilla/5.0 (Windows NT 10.0; Win64; x64; rv:136.0) Gecko/20100101 Firefox/136.0"
178.165.172.18 - - [02/Apr/2025:08:53:12 +0200] "GET /gui/javascript/form_form.js?1743576792 HTTP/1.1" 200 16206 "http://hausegger.activities.at/entry.php?id=10271&&ser=576731" "Mozilla/5.0 (Windows NT 10.0; Win64; x64; rv:136.0) Gecko/20100101 Firefox/136.0"
151.106.162.202 - - [02/Apr/2025:08:53:41 +0200] "GET /cron.php?cron_type=tidy_cache&sid=2af59e9f49139379216c08ffb4f59d60 HTTP/1.1" 404 290 "-" "Mozilla/5.0 (X11; Ubuntu; Linux x86_64; rv:72.0) Gecko/20100101 Firefox/72.0"
151.106.162.202 - - [02/Apr/2025:08:53:41 +0200] "GET /cron.php?cron_type=tidy_cache&sid=2af59e9f49139379216c08ffb4f59d60 HTTP/1.1" 404 290 "-" "Mozilla/5.0 (X11; Ubuntu; Linux x86_64; rv:72.0) Gecko/20100101 Firefox/72.0"
151.106.162.202 - - [02/Apr/2025:08:53:42 +0200] "GET /cron.php?cron_type=tidy_cache&sid=2af59e9f49139379216c08ffb4f59d60 HTTP/1.1" 404 290 "-" "Mozilla/5.0 (X11; Ubuntu; Linux x86_64; rv:72.0) Gecko/20100101 Firefox/72.0"
178.165.172.18 - - [02/Apr/2025:08:54:12 +0200] "GET /entry.php?id=10271&&ser=576792 HTTP/1.1" 200 987 "http://hausegger.activities.at/entry.php?id=10271&&ser=576731" "Mozilla/5.0 (Windows NT 10.0; Win64; x64; rv:136.0) Gecko/20100101 Firefox/136.0"
178.165.172.18 - - [02/Apr/2025:08:54:12 +0200] "GET /gui/javascript/form_form.js?1743576852 HTTP/1.1" 200 16206 "http://hausegger.activities.at/entry.php?id=10271&&ser=576792" "Mozilla/5.0 (Windows NT 10.0; Win64; x64; rv:136.0) Gecko/20100101 Firefox/136.0"
178.165.172.18 - - [02/Apr/2025:08:55:12 +0200] "GET /entry.php?id=10271&&ser=576852 HTTP/1.1" 200 987 "http://hausegger.activities.at/entry.php?id=10271&&ser=576792" "Mozilla/5.0 (Windows NT 10.0; Win64; x64; rv:136.0) Gecko/20100101 Firefox/136.0"
178.165.172.18 - - [02/Apr/2025:08:55:13 +0200] "GET /gui/javascript/form_form.js?1743576912 HTTP/1.1" 200 16206 "http://hausegger.activities.at/entry.php?id=10271&&ser=576852" "Mozilla/5.0 (Windows NT 10.0; Win64; x64; rv:136.0) Gecko/20100101 Firefox/136.0"
178.165.172.18 - - [02/Apr/2025:08:56:13 +0200] "GET /entry.php?id=10271&&ser=576912 HTTP/1.1" 200 987 "http://hausegger.activities.at/entry.php?id=10271&&ser=576852" "Mozilla/5.0 (Windows NT 10.0; Win64; x64; rv:136.0) Gecko/20100101 Firefox/136.0"
178.165.172.18 - - [02/Apr/2025:08:56:13 +0200] "GET /gui/javascript/form_form.js?1743576973 HTTP/1.1" 200 16206 "http://hausegger.activities.at/entry.php?id=10271&&ser=576912" "Mozilla/5.0 (Windows NT 10.0; Win64; x64; rv:136.0) Gecko/20100101 Firefox/136.0"
178.165.172.18 - - [02/Apr/2025:08:57:13 +0200] "GET /entry.php?id=10271&&ser=576973 HTTP/1.1" 200 987 "http://hausegger.activities.at/entry.php?id=10271&&ser=576912" "Mozilla/5.0 (Windows NT 10.0; Win64; x64; rv:136.0) Gecko/20100101 Firefox/136.0"
178.165.172.18 - - [02/Apr/2025:08:57:13 +0200] "GET /gui/javascript/form_form.js?1743577033 HTTP/1.1" 200 16206 "http://hausegger.activities.at/entry.php?id=10271&&ser=576973" "Mozilla/5.0 (Windows NT 10.0; Win64; x64; rv:136.0) Gecko/20100101 Firefox/136.0"
178.165.172.18 - - [02/Apr/2025:08:58:14 +0200] "GET /entry.php?id=10271&&ser=577033 HTTP/1.1" 200 987 "http://hausegger.activities.at/entry.php?id=10271&&ser=576973" "Mozilla/5.0 (Windows NT 10.0; Win64; x64; rv:136.0) Gecko/20100101 Firefox/136.0"
178.165.172.18 - - [02/Apr/2025:08:58:14 +0200] "GET /gui/javascript/form_form.js?1743577094 HTTP/1.1" 200 16206 "http://hausegger.activities.at/entry.php?id=10271&&ser=577033" "Mozilla/5.0 (Windows NT 10.0; Win64; x64; rv:136.0) Gecko/20100101 Firefox/136.0"
178.165.172.18 - - [02/Apr/2025:08:59:14 +0200] "GET /entry.php?id=10271&&ser=577094 HTTP/1.1" 200 988 "http://hausegger.activities.at/entry.php?id=10271&&ser=577033" "Mozilla/5.0 (Windows NT 10.0; Win64; x64; rv:136.0) Gecko/20100101 Firefox/136.0"
178.165.172.18 - - [02/Apr/2025:08:59:14 +0200] "GET /gui/javascript/form_form.js?1743577154 HTTP/1.1" 200 16206 "http://hausegger.activities.at/entry.php?id=10271&&ser=577094" "Mozilla/5.0 (Windows NT 10.0; Win64; x64; rv:136.0) Gecko/20100101 Firefox/136.0"
151.106.162.202 - - [02/Apr/2025:09:00:13 +0200] "GET /cron.php?cron_type=tidy_cache&sid=9c3f6ba27c256f5bea5e757c0ac15439 HTTP/1.1" 404 290 "-" "Mozilla/5.0 (X11; Ubuntu; Linux x86_64; rv:72.0) Gecko/20100101 Firefox/72.0"
151.106.162.202 - - [02/Apr/2025:09:00:13 +0200] "GET /cron.php?cron_type=tidy_cache&sid=9c3f6ba27c256f5bea5e757c0ac15439 HTTP/1.1" 404 290 "-" "Mozilla/5.0 (X11; Ubuntu; Linux x86_64; rv:72.0) Gecko/20100101 Firefox/72.0"
151.106.162.202 - - [02/Apr/2025:09:00:13 +0200] "GET /cron.php?cron_type=tidy_cache&sid=9c3f6ba27c256f5bea5e757c0ac15439 HTTP/1.1" 404 290 "-" "Mozilla/5.0 (X11; Ubuntu; Linux x86_64; rv:72.0) Gecko/20100101 Firefox/72.0"
178.165.172.18 - - [02/Apr/2025:09:00:14 +0200] "GET /entry.php?id=10271&&ser=577154 HTTP/1.1" 200 987 "http://hausegger.activities.at/entry.php?id=10271&&ser=577094" "Mozilla/5.0 (Windows NT 10.0; Win64; x64; rv:136.0) Gecko/20100101 Firefox/136.0"
178.165.172.18 - - [02/Apr/2025:09:00:14 +0200] "GET /gui/javascript/form_form.js?1743577214 HTTP/1.1" 200 16206 "http://hausegger.activities.at/entry.php?id=10271&&ser=577154" "Mozilla/5.0 (Windows NT 10.0; Win64; x64; rv:136.0) Gecko/20100101 Firefox/136.0"
178.165.172.18 - - [02/Apr/2025:09:01:15 +0200] "GET /entry.php?id=10271&&ser=577214 HTTP/1.1" 200 987 "http://hausegger.activities.at/entry.php?id=10271&&ser=577154" "Mozilla/5.0 (Windows NT 10.0; Win64; x64; rv:136.0) Gecko/20100101 Firefox/136.0"
178.165.172.18 - - [02/Apr/2025:09:01:15 +0200] "GET /gui/javascript/form_form.js?1743577275 HTTP/1.1" 200 16206 "http://hausegger.activities.at/entry.php?id=10271&&ser=577214" "Mozilla/5.0 (Windows NT 10.0; Win64; x64; rv:136.0) Gecko/20100101 Firefox/136.0"
178.165.172.18 - - [02/Apr/2025:09:02:19 +0200] "GET /entry.php?id=10271&&ser=577275 HTTP/1.1" 200 987 "http://hausegger.activities.at/entry.php?id=10271&&ser=577214" "Mozilla/5.0 (Windows NT 10.0; Win64; x64; rv:136.0) Gecko/20100101 Firefox/136.0"
178.165.172.18 - - [02/Apr/2025:09:02:20 +0200] "GET /gui/javascript/form_form.js?1743577339 HTTP/1.1" 200 16206 "http://hausegger.activities.at/entry.php?id=10271&&ser=577275" "Mozilla/5.0 (Windows NT 10.0; Win64; x64; rv:136.0) Gecko/20100101 Firefox/136.0"
178.165.172.18 - - [02/Apr/2025:09:03:24 +0200] "GET /entry.php?id=10271&&ser=577339 HTTP/1.1" 200 987 "http://hausegger.activities.at/entry.php?id=10271&&ser=577275" "Mozilla/5.0 (Windows NT 10.0; Win64; x64; rv:136.0) Gecko/20100101 Firefox/136.0"
178.165.172.18 - - [02/Apr/2025:09:03:24 +0200] "GET /gui/javascript/form_form.js?1743577404 HTTP/1.1" 200 16206 "http://hausegger.activities.at/entry.php?id=10271&&ser=577339" "Mozilla/5.0 (Windows NT 10.0; Win64; x64; rv:136.0) Gecko/20100101 Firefox/136.0"
178.165.172.18 - - [02/Apr/2025:09:04:25 +0200] "GET /entry.php?id=10271&&ser=577404 HTTP/1.1" 200 988 "http://hausegger.activities.at/entry.php?id=10271&&ser=577339" "Mozilla/5.0 (Windows NT 10.0; Win64; x64; rv:136.0) Gecko/20100101 Firefox/136.0"
178.165.172.18 - - [02/Apr/2025:09:04:25 +0200] "GET /gui/javascript/form_form.js?1743577465 HTTP/1.1" 200 16206 "http://hausegger.activities.at/entry.php?id=10271&&ser=577404" "Mozilla/5.0 (Windows NT 10.0; Win64; x64; rv:136.0) Gecko/20100101 Firefox/136.0"
178.165.172.18 - - [02/Apr/2025:09:05:26 +0200] "GET /entry.php?id=10271&&ser=577465 HTTP/1.1" 200 987 "http://hausegger.activities.at/entry.php?id=10271&&ser=577404" "Mozilla/5.0 (Windows NT 10.0; Win64; x64; rv:136.0) Gecko/20100101 Firefox/136.0"
178.165.172.18 - - [02/Apr/2025:09:05:26 +0200] "GET /gui/javascript/form_form.js?1743577526 HTTP/1.1" 200 16206 "http://hausegger.activities.at/entry.php?id=10271&&ser=577465" "Mozilla/5.0 (Windows NT 10.0; Win64; x64; rv:136.0) Gecko/20100101 Firefox/136.0"
178.165.172.18 - - [02/Apr/2025:09:06:26 +0200] "GET /entry.php?id=10271&&ser=577526 HTTP/1.1" 200 988 "http://hausegger.activities.at/entry.php?id=10271&&ser=577465" "Mozilla/5.0 (Windows NT 10.0; Win64; x64; rv:136.0) Gecko/20100101 Firefox/136.0"
178.165.172.18 - - [02/Apr/2025:09:06:26 +0200] "GET /gui/javascript/form_form.js?1743577586 HTTP/1.1" 200 16206 "http://hausegger.activities.at/entry.php?id=10271&&ser=577526" "Mozilla/5.0 (Windows NT 10.0; Win64; x64; rv:136.0) Gecko/20100101 Firefox/136.0"
178.165.172.18 - - [02/Apr/2025:09:07:26 +0200] "GET /entry.php?id=10271&&ser=577586 HTTP/1.1" 200 987 "http://hausegger.activities.at/entry.php?id=10271&&ser=577526" "Mozilla/5.0 (Windows NT 10.0; Win64; x64; rv:136.0) Gecko/20100101 Firefox/136.0"
178.165.172.18 - - [02/Apr/2025:09:07:26 +0200] "GET /gui/javascript/form_form.js?1743577646 HTTP/1.1" 200 16206 "http://hausegger.activities.at/entry.php?id=10271&&ser=577586" "Mozilla/5.0 (Windows NT 10.0; Win64; x64; rv:136.0) Gecko/20100101 Firefox/136.0"
178.165.172.18 - - [02/Apr/2025:09:07:48 +0200] "GET /entry.php?id=11049 HTTP/1.1" 200 2130 "http://hausegger.activities.at/entry.php?id=10270&__app__=10006038" "Mozilla/5.0 (Windows NT 10.0; Win64; x64; rv:136.0) Gecko/20100101 Firefox/136.0"
178.165.172.18 - - [02/Apr/2025:09:07:48 +0200] "GET /gui/javascript/form_lo_store_administration.js?1743577668 HTTP/1.1" 200 4261 "http://hausegger.activities.at/entry.php?id=11049" "Mozilla/5.0 (Windows NT 10.0; Win64; x64; rv:136.0) Gecko/20100101 Firefox/136.0"
178.165.172.18 - - [02/Apr/2025:09:07:48 +0200] "GET /gui/javascript/form_form.js?1743577668 HTTP/1.1" 200 16206 "http://hausegger.activities.at/entry.php?id=11049" "Mozilla/5.0 (Windows NT 10.0; Win64; x64; rv:136.0) Gecko/20100101 Firefox/136.0"
178.165.172.18 - - [02/Apr/2025:09:07:48 +0200] "GET /entry.php?id=11355&hiddetitle=true& HTTP/1.1" 200 335 "http://hausegger.activities.at/entry.php?id=11049" "Mozilla/5.0 (Windows NT 10.0; Win64; x64; rv:136.0) Gecko/20100101 Firefox/136.0"
178.165.172.18 - - [02/Apr/2025:09:07:49 +0200] "GET /entry.php?id=10714&&chooserview=articlestoredata&view=true HTTP/1.1" 200 3982 "http://hausegger.activities.at/entry.php?id=11355&hiddetitle=true&" "Mozilla/5.0 (Windows NT 10.0; Win64; x64; rv:136.0) Gecko/20100101 Firefox/136.0"
178.165.172.18 - - [02/Apr/2025:09:07:49 +0200] "GET /activities/framework/KoolControls/KoolAjax/koolajax.php?8436e354c842500aba3cbaf0584c0c24 HTTP/1.1" 200 4079 "http://hausegger.activities.at/entry.php?id=10714&&chooserview=articlestoredata&view=true" "Mozilla/5.0 (Windows NT 10.0; Win64; x64; rv:136.0) Gecko/20100101 Firefox/136.0"
178.165.172.18 - - [02/Apr/2025:09:07:49 +0200] "GET /gui/javascript/form_form.js?1743577669 HTTP/1.1" 200 16206 "http://hausegger.activities.at/entry.php?id=10714&&chooserview=articlestoredata&view=true" "Mozilla/5.0 (Windows NT 10.0; Win64; x64; rv:136.0) Gecko/20100101 Firefox/136.0"
178.165.172.18 - - [02/Apr/2025:09:07:49 +0200] "GET /entry.php?id=10715&&chooserview=articlestoredata&view=true HTTP/1.1" 200 2505 "http://hausegger.activities.at/entry.php?id=11355&hiddetitle=true&" "Mozilla/5.0 (Windows NT 10.0; Win64; x64; rv:136.0) Gecko/20100101 Firefox/136.0"
178.165.172.18 - - [02/Apr/2025:09:07:49 +0200] "GET /activities/framework/KoolControls/KoolTreeView/kooltreeview.php?c7cd9180e88ffef8e70f13526bb4f5f7 HTTP/1.1" 200 5055 "http://hausegger.activities.at/entry.php?id=10714&&chooserview=articlestoredata&view=true" "Mozilla/5.0 (Windows NT 10.0; Win64; x64; rv:136.0) Gecko/20100101 Firefox/136.0"
178.165.172.18 - - [02/Apr/2025:09:07:49 +0200] "GET /entry.php?id=10776&form=10560&name=list& HTTP/1.1" 200 1448 "http://hausegger.activities.at/entry.php?id=10715&&chooserview=articlestoredata&view=true" "Mozilla/5.0 (Windows NT 10.0; Win64; x64; rv:136.0) Gecko/20100101 Firefox/136.0"
178.165.172.18 - - [02/Apr/2025:09:07:49 +0200] "GET /entry.php?id=10778&form=10560&name=list& HTTP/1.1" 200 2510 "http://hausegger.activities.at/entry.php?id=10715&&chooserview=articlestoredata&view=true" "Mozilla/5.0 (Windows NT 10.0; Win64; x64; rv:136.0) Gecko/20100101 Firefox/136.0"
178.165.172.18 - - [02/Apr/2025:09:07:50 +0200] "GET /gui/images/progressbar.gif HTTP/1.1" 200 2157 "http://hausegger.activities.at/entry.php?id=10272" "Mozilla/5.0 (Windows NT 10.0; Win64; x64; rv:136.0) Gecko/20100101 Firefox/136.0"
178.165.172.18 - - [02/Apr/2025:09:07:50 +0200] "POST /entry.php?id=11049 HTTP/1.1" 200 2121 "http://hausegger.activities.at/entry.php?id=11049" "Mozilla/5.0 (Windows NT 10.0; Win64; x64; rv:136.0) Gecko/20100101 Firefox/136.0"
178.165.172.18 - - [02/Apr/2025:09:07:50 +0200] "GET /gui/javascript/form_lo_store_administration.js?1743577670 HTTP/1.1" 200 4261 "http://hausegger.activities.at/entry.php?id=11049" "Mozilla/5.0 (Windows NT 10.0; Win64; x64; rv:136.0) Gecko/20100101 Firefox/136.0"
178.165.172.18 - - [02/Apr/2025:09:07:50 +0200] "GET /gui/javascript/form_form.js?1743577670 HTTP/1.1" 200 16206 "http://hausegger.activities.at/entry.php?id=11049" "Mozilla/5.0 (Windows NT 10.0; Win64; x64; rv:136.0) Gecko/20100101 Firefox/136.0"
178.165.172.18 - - [02/Apr/2025:09:07:50 +0200] "GET /entry.php?id=11358&&hiddetitle=1 HTTP/1.1" 200 190 "http://hausegger.activities.at/entry.php?id=11049" "Mozilla/5.0 (Windows NT 10.0; Win64; x64; rv:136.0) Gecko/20100101 Firefox/136.0"
178.165.172.18 - - [02/Apr/2025:09:07:50 +0200] "GET /entry.php?id=11356&hiddetitle=1& HTTP/1.1" 200 3103 "http://hausegger.activities.at/entry.php?id=11358&&hiddetitle=1" "Mozilla/5.0 (Windows NT 10.0; Win64; x64; rv:136.0) Gecko/20100101 Firefox/136.0"
178.165.172.18 - - [02/Apr/2025:09:07:51 +0200] "GET /framework/webfx/javascript/treeview/ua.js HTTP/1.1" 200 1378 "http://hausegger.activities.at/entry.php?id=11356&hiddetitle=1&" "Mozilla/5.0 (Windows NT 10.0; Win64; x64; rv:136.0) Gecko/20100101 Firefox/136.0"
178.165.172.18 - - [02/Apr/2025:09:07:51 +0200] "GET /framework/webfx/javascript/treeview/ftiens4.js HTTP/1.1" 200 9905 "http://hausegger.activities.at/entry.php?id=11356&hiddetitle=1&" "Mozilla/5.0 (Windows NT 10.0; Win64; x64; rv:136.0) Gecko/20100101 Firefox/136.0"
178.165.172.18 - - [02/Apr/2025:09:07:50 +0200] "GET /entry.php?id=11357&hiddetitle=1& HTTP/1.1" 200 2215 "http://hausegger.activities.at/entry.php?id=11358&&hiddetitle=1" "Mozilla/5.0 (Windows NT 10.0; Win64; x64; rv:136.0) Gecko/20100101 Firefox/136.0"
178.165.172.18 - - [02/Apr/2025:09:07:51 +0200] "GET /gui/javascript/form_form.js?1743577671 HTTP/1.1" 200 16206 "http://hausegger.activities.at/entry.php?id=11356&hiddetitle=1&" "Mozilla/5.0 (Windows NT 10.0; Win64; x64; rv:136.0) Gecko/20100101 Firefox/136.0"
178.165.172.18 - - [02/Apr/2025:09:07:51 +0200] "GET /gui/javascript/form_lo_store_administration.js?1743577671 HTTP/1.1" 200 4261 "http://hausegger.activities.at/entry.php?id=11357&hiddetitle=1&" "Mozilla/5.0 (Windows NT 10.0; Win64; x64; rv:136.0) Gecko/20100101 Firefox/136.0"
178.165.172.18 - - [02/Apr/2025:09:07:51 +0200] "GET /framework/icons/treeview/ftv2doc.gif HTTP/1.1" 200 199 "http://hausegger.activities.at/entry.php?id=11356&hiddetitle=1&" "Mozilla/5.0 (Windows NT 10.0; Win64; x64; rv:136.0) Gecko/20100101 Firefox/136.0"
178.165.172.18 - - [02/Apr/2025:09:07:51 +0200] "GET /framework/icons/treeview/ftv2vertline.gif HTTP/1.1" 200 140 "http://hausegger.activities.at/entry.php?id=11356&hiddetitle=1&" "Mozilla/5.0 (Windows NT 10.0; Win64; x64; rv:136.0) Gecko/20100101 Firefox/136.0"
178.165.172.18 - - [02/Apr/2025:09:07:51 +0200] "GET /framework/icons/treeview/ftv2pnode.gif HTTP/1.1" 200 133 "http://hausegger.activities.at/entry.php?id=11356&hiddetitle=1&" "Mozilla/5.0 (Windows NT 10.0; Win64; x64; rv:136.0) Gecko/20100101 Firefox/136.0"
178.165.172.18 - - [02/Apr/2025:09:07:51 +0200] "GET /framework/icons/treeview/ftv2node.gif HTTP/1.1" 200 147 "http://hausegger.activities.at/entry.php?id=11356&hiddetitle=1&" "Mozilla/5.0 (Windows NT 10.0; Win64; x64; rv:136.0) Gecko/20100101 Firefox/136.0"
178.165.172.18 - - [02/Apr/2025:09:07:51 +0200] "GET /framework/icons/treeview/ftv2plastnode.gif HTTP/1.1" 200 130 "http://hausegger.activities.at/entry.php?id=11356&hiddetitle=1&" "Mozilla/5.0 (Windows NT 10.0; Win64; x64; rv:136.0) Gecko/20100101 Firefox/136.0"
178.165.172.18 - - [02/Apr/2025:09:07:51 +0200] "GET /framework/icons/treeview/ftv2folderopen.gif HTTP/1.1" 200 167 "http://hausegger.activities.at/entry.php?id=11356&hiddetitle=1&" "Mozilla/5.0 (Windows NT 10.0; Win64; x64; rv:136.0) Gecko/20100101 Firefox/136.0"
178.165.172.18 - - [02/Apr/2025:09:07:51 +0200] "GET /framework/icons/treeview/filter.gif HTTP/1.1" 200 107 "http://hausegger.activities.at/entry.php?id=11356&hiddetitle=1&" "Mozilla/5.0 (Windows NT 10.0; Win64; x64; rv:136.0) Gecko/20100101 Firefox/136.0"
178.165.172.18 - - [02/Apr/2025:09:07:51 +0200] "GET /framework/icons/treeview/ftv2folderclosed.gif HTTP/1.1" 200 161 "http://hausegger.activities.at/entry.php?id=11356&hiddetitle=1&" "Mozilla/5.0 (Windows NT 10.0; Win64; x64; rv:136.0) Gecko/20100101 Firefox/136.0"
178.165.172.18 - - [02/Apr/2025:09:07:51 +0200] "GET /entry.php?id=10776&form=11185&name=list& HTTP/1.1" 200 1496 "http://hausegger.activities.at/entry.php?id=11357&hiddetitle=1&" "Mozilla/5.0 (Windows NT 10.0; Win64; x64; rv:136.0) Gecko/20100101 Firefox/136.0"
178.165.172.18 - - [02/Apr/2025:09:07:51 +0200] "GET /entry.php?id=10778&form=11185&name=list& HTTP/1.1" 200 2546 "http://hausegger.activities.at/entry.php?id=11357&hiddetitle=1&" "Mozilla/5.0 (Windows NT 10.0; Win64; x64; rv:136.0) Gecko/20100101 Firefox/136.0"
178.165.172.18 - - [02/Apr/2025:09:07:51 +0200] "GET /framework/icons/treeview/trans.gif HTTP/1.1" 200 814 "http://hausegger.activities.at/entry.php?id=11356&hiddetitle=1&" "Mozilla/5.0 (Windows NT 10.0; Win64; x64; rv:136.0) Gecko/20100101 Firefox/136.0"
178.165.172.18 - - [02/Apr/2025:09:07:51 +0200] "GET /framework/icons/treeview/ftv2lastnode.gif HTTP/1.1" 200 142 "http://hausegger.activities.at/entry.php?id=11356&hiddetitle=1&" "Mozilla/5.0 (Windows NT 10.0; Win64; x64; rv:136.0) Gecko/20100101 Firefox/136.0"
178.165.172.18 - - [02/Apr/2025:09:07:51 +0200] "GET /framework/icons/treeview/ftv2blank.gif HTTP/1.1" 200 135 "http://hausegger.activities.at/entry.php?id=11356&hiddetitle=1&" "Mozilla/5.0 (Windows NT 10.0; Win64; x64; rv:136.0) Gecko/20100101 Firefox/136.0"
178.165.172.18 - - [02/Apr/2025:09:07:53 +0200] "POST /entry.php?id=11356 HTTP/1.1" 200 2352 "http://hausegger.activities.at/entry.php?id=11356&hiddetitle=1&" "Mozilla/5.0 (Windows NT 10.0; Win64; x64; rv:136.0) Gecko/20100101 Firefox/136.0"
178.165.172.18 - - [02/Apr/2025:09:07:54 +0200] "GET /gui/javascript/form_lo_store_administration.js?1743577673 HTTP/1.1" 200 4261 "http://hausegger.activities.at/entry.php?id=11356" "Mozilla/5.0 (Windows NT 10.0; Win64; x64; rv:136.0) Gecko/20100101 Firefox/136.0"
178.165.172.18 - - [02/Apr/2025:09:07:54 +0200] "GET /framework/webfx/javascript/popupcalendar/popcalendar.js HTTP/1.1" 200 6338 "http://hausegger.activities.at/entry.php?id=11356" "Mozilla/5.0 (Windows NT 10.0; Win64; x64; rv:136.0) Gecko/20100101 Firefox/136.0"
178.165.172.18 - - [02/Apr/2025:09:07:54 +0200] "GET /gui/javascript/form_form.js?1743577673 HTTP/1.1" 200 16206 "http://hausegger.activities.at/entry.php?id=11356" "Mozilla/5.0 (Windows NT 10.0; Win64; x64; rv:136.0) Gecko/20100101 Firefox/136.0"
178.165.172.18 - - [02/Apr/2025:09:07:54 +0200] "GET /framework/icons/popupcalendar/drop1.gif HTTP/1.1" 200 290 "http://hausegger.activities.at/entry.php?id=11356" "Mozilla/5.0 (Windows NT 10.0; Win64; x64; rv:136.0) Gecko/20100101 Firefox/136.0"
178.165.172.18 - - [02/Apr/2025:09:07:54 +0200] "GET /framework/icons/popupcalendar/drop2.gif HTTP/1.1" 200 289 "http://hausegger.activities.at/entry.php?id=11356" "Mozilla/5.0 (Windows NT 10.0; Win64; x64; rv:136.0) Gecko/20100101 Firefox/136.0"
178.165.172.18 - - [02/Apr/2025:09:07:54 +0200] "GET /framework/icons/popupcalendar/right1.gif HTTP/1.1" 200 286 "http://hausegger.activities.at/entry.php?id=11356" "Mozilla/5.0 (Windows NT 10.0; Win64; x64; rv:136.0) Gecko/20100101 Firefox/136.0"
178.165.172.18 - - [02/Apr/2025:09:07:54 +0200] "GET /framework/icons/popupcalendar/left1.gif HTTP/1.1" 200 288 "http://hausegger.activities.at/entry.php?id=11356" "Mozilla/5.0 (Windows NT 10.0; Win64; x64; rv:136.0) Gecko/20100101 Firefox/136.0"
178.165.172.18 - - [02/Apr/2025:09:07:54 +0200] "GET /framework/icons/popupcalendar/close.gif HTTP/1.1" 200 106 "http://hausegger.activities.at/entry.php?id=11356" "Mozilla/5.0 (Windows NT 10.0; Win64; x64; rv:136.0) Gecko/20100101 Firefox/136.0"
178.165.172.18 - - [02/Apr/2025:09:07:54 +0200] "GET /framework/icons/popupcalendar/left2.gif HTTP/1.1" 200 287 "http://hausegger.activities.at/entry.php?id=11356" "Mozilla/5.0 (Windows NT 10.0; Win64; x64; rv:136.0) Gecko/20100101 Firefox/136.0"
178.165.172.18 - - [02/Apr/2025:09:07:54 +0200] "GET /entry.php?id=10776&form=11184&name=list& HTTP/1.1" 200 1376 "http://hausegger.activities.at/entry.php?id=11356" "Mozilla/5.0 (Windows NT 10.0; Win64; x64; rv:136.0) Gecko/20100101 Firefox/136.0"
178.165.172.18 - - [02/Apr/2025:09:07:54 +0200] "GET /entry.php?id=10778&form=11184&name=list& HTTP/1.1" 200 3351 "http://hausegger.activities.at/entry.php?id=11356" "Mozilla/5.0 (Windows NT 10.0; Win64; x64; rv:136.0) Gecko/20100101 Firefox/136.0"
178.165.172.18 - - [02/Apr/2025:09:07:54 +0200] "GET /framework/icons/popupcalendar/right2.gif HTTP/1.1" 200 286 "http://hausegger.activities.at/entry.php?id=11356" "Mozilla/5.0 (Windows NT 10.0; Win64; x64; rv:136.0) Gecko/20100101 Firefox/136.0"
151.106.162.202 - - [02/Apr/2025:09:07:54 +0200] "GET /cron.php?cron_type=tidy_cache&sid=01d3cb317d1716bd1ec0ef4e20befbe3 HTTP/1.1" 404 290 "-" "Mozilla/5.0 (X11; Ubuntu; Linux x86_64; rv:72.0) Gecko/20100101 Firefox/72.0"
151.106.162.202 - - [02/Apr/2025:09:07:55 +0200] "GET /cron.php?cron_type=tidy_cache&sid=01d3cb317d1716bd1ec0ef4e20befbe3 HTTP/1.1" 404 290 "-" "Mozilla/5.0 (X11; Ubuntu; Linux x86_64; rv:72.0) Gecko/20100101 Firefox/72.0"
151.106.162.202 - - [02/Apr/2025:09:07:55 +0200] "GET /cron.php?cron_type=tidy_cache&sid=01d3cb317d1716bd1ec0ef4e20befbe3 HTTP/1.1" 404 290 "-" "Mozilla/5.0 (X11; Ubuntu; Linux x86_64; rv:72.0) Gecko/20100101 Firefox/72.0"
178.165.172.18 - - [02/Apr/2025:09:07:57 +0200] "GET /framework/icons/rowselect.gif HTTP/1.1" 200 67 "http://hausegger.activities.at/entry.php?id=10778&form=11184&name=list&" "Mozilla/5.0 (Windows NT 10.0; Win64; x64; rv:136.0) Gecko/20100101 Firefox/136.0"
178.165.172.18 - - [02/Apr/2025:09:07:57 +0200] "POST /entry.php?id=11357 HTTP/1.1" 200 2289 "http://hausegger.activities.at/entry.php?id=11357&hiddetitle=1&" "Mozilla/5.0 (Windows NT 10.0; Win64; x64; rv:136.0) Gecko/20100101 Firefox/136.0"
178.165.172.18 - - [02/Apr/2025:09:07:57 +0200] "GET /gui/javascript/form_lo_store_administration.js?1743577677 HTTP/1.1" 200 4261 "http://hausegger.activities.at/entry.php?id=11357" "Mozilla/5.0 (Windows NT 10.0; Win64; x64; rv:136.0) Gecko/20100101 Firefox/136.0"
178.165.172.18 - - [02/Apr/2025:09:07:57 +0200] "GET /gui/javascript/form_form.js?1743577677 HTTP/1.1" 200 16206 "http://hausegger.activities.at/entry.php?id=11357" "Mozilla/5.0 (Windows NT 10.0; Win64; x64; rv:136.0) Gecko/20100101 Firefox/136.0"
178.165.172.18 - - [02/Apr/2025:09:07:58 +0200] "GET /entry.php?id=10776&form=11185&name=list& HTTP/1.1" 200 1554 "http://hausegger.activities.at/entry.php?id=11357" "Mozilla/5.0 (Windows NT 10.0; Win64; x64; rv:136.0) Gecko/20100101 Firefox/136.0"
178.165.172.18 - - [02/Apr/2025:09:07:58 +0200] "GET /entry.php?id=10778&form=11185&name=list& HTTP/1.1" 200 2997 "http://hausegger.activities.at/entry.php?id=11357" "Mozilla/5.0 (Windows NT 10.0; Win64; x64; rv:136.0) Gecko/20100101 Firefox/136.0"
178.165.172.18 - - [02/Apr/2025:09:07:58 +0200] "GET /gui/images/icons/printer.gif HTTP/1.1" 200 1013 "http://hausegger.activities.at/entry.php?id=10778&form=11185&name=list&" "Mozilla/5.0 (Windows NT 10.0; Win64; x64; rv:136.0) Gecko/20100101 Firefox/136.0"
178.165.172.18 - - [02/Apr/2025:09:07:58 +0200] "GET /gui/images/icons/textedit.gif HTTP/1.1" 200 1019 "http://hausegger.activities.at/entry.php?id=10778&form=11185&name=list&" "Mozilla/5.0 (Windows NT 10.0; Win64; x64; rv:136.0) Gecko/20100101 Firefox/136.0"
178.165.172.18 - - [02/Apr/2025:09:08:27 +0200] "GET /entry.php?id=10271&&ser=577646 HTTP/1.1" 200 987 "http://hausegger.activities.at/entry.php?id=10271&&ser=577586" "Mozilla/5.0 (Windows NT 10.0; Win64; x64; rv:136.0) Gecko/20100101 Firefox/136.0"
178.165.172.18 - - [02/Apr/2025:09:08:27 +0200] "GET /gui/javascript/form_form.js?1743577707 HTTP/1.1" 200 16206 "http://hausegger.activities.at/entry.php?id=10271&&ser=577646" "Mozilla/5.0 (Windows NT 10.0; Win64; x64; rv:136.0) Gecko/20100101 Firefox/136.0"
178.165.172.18 - - [02/Apr/2025:09:09:27 +0200] "GET /entry.php?id=10271&&ser=577707 HTTP/1.1" 200 987 "http://hausegger.activities.at/entry.php?id=10271&&ser=577646" "Mozilla/5.0 (Windows NT 10.0; Win64; x64; rv:136.0) Gecko/20100101 Firefox/136.0"
178.165.172.18 - - [02/Apr/2025:09:09:27 +0200] "GET /gui/javascript/form_form.js?1743577767 HTTP/1.1" 200 16206 "http://hausegger.activities.at/entry.php?id=10271&&ser=577707" "Mozilla/5.0 (Windows NT 10.0; Win64; x64; rv:136.0) Gecko/20100101 Firefox/136.0"
178.165.172.18 - - [02/Apr/2025:09:10:27 +0200] "GET /entry.php?id=10271&&ser=577767 HTTP/1.1" 200 987 "http://hausegger.activities.at/entry.php?id=10271&&ser=577707" "Mozilla/5.0 (Windows NT 10.0; Win64; x64; rv:136.0) Gecko/20100101 Firefox/136.0"
178.165.172.18 - - [02/Apr/2025:09:10:27 +0200] "GET /gui/javascript/form_form.js?1743577827 HTTP/1.1" 200 16206 "http://hausegger.activities.at/entry.php?id=10271&&ser=577767" "Mozilla/5.0 (Windows NT 10.0; Win64; x64; rv:136.0) Gecko/20100101 Firefox/136.0"
178.165.172.18 - - [02/Apr/2025:09:11:28 +0200] "GET /entry.php?id=10271&&ser=577827 HTTP/1.1" 200 987 "http://hausegger.activities.at/entry.php?id=10271&&ser=577767" "Mozilla/5.0 (Windows NT 10.0; Win64; x64; rv:136.0) Gecko/20100101 Firefox/136.0"
178.165.172.18 - - [02/Apr/2025:09:11:28 +0200] "GET /gui/javascript/form_form.js?1743577888 HTTP/1.1" 200 16206 "http://hausegger.activities.at/entry.php?id=10271&&ser=577827" "Mozilla/5.0 (Windows NT 10.0; Win64; x64; rv:136.0) Gecko/20100101 Firefox/136.0"
178.165.172.18 - - [02/Apr/2025:09:12:28 +0200] "GET /entry.php?id=10271&&ser=577888 HTTP/1.1" 200 987 "http://hausegger.activities.at/entry.php?id=10271&&ser=577827" "Mozilla/5.0 (Windows NT 10.0; Win64; x64; rv:136.0) Gecko/20100101 Firefox/136.0"
178.165.172.18 - - [02/Apr/2025:09:12:28 +0200] "GET /gui/javascript/form_form.js?1743577948 HTTP/1.1" 200 16206 "http://hausegger.activities.at/entry.php?id=10271&&ser=577888" "Mozilla/5.0 (Windows NT 10.0; Win64; x64; rv:136.0) Gecko/20100101 Firefox/136.0"
178.165.172.18 - - [02/Apr/2025:09:13:28 +0200] "GET /entry.php?id=10271&&ser=577948 HTTP/1.1" 200 986 "http://hausegger.activities.at/entry.php?id=10271&&ser=577888" "Mozilla/5.0 (Windows NT 10.0; Win64; x64; rv:136.0) Gecko/20100101 Firefox/136.0"
178.165.172.18 - - [02/Apr/2025:09:13:28 +0200] "GET /gui/javascript/form_form.js?1743578008 HTTP/1.1" 200 16206 "http://hausegger.activities.at/entry.php?id=10271&&ser=577948" "Mozilla/5.0 (Windows NT 10.0; Win64; x64; rv:136.0) Gecko/20100101 Firefox/136.0"
94.181.156.210 - - [02/Apr/2025:09:14:26 +0200] "GET / HTTP/1.0" 200 423 "-" "Mozilla/5.0 (Windows NT 6.3; Win64; x64) AppleWebKit/537.36 (KHTML, like Gecko) Chrome/75.0.3770.100 Safari/537.36"
178.165.172.18 - - [02/Apr/2025:09:14:29 +0200] "GET /entry.php?id=10271&&ser=578008 HTTP/1.1" 200 986 "http://hausegger.activities.at/entry.php?id=10271&&ser=577948" "Mozilla/5.0 (Windows NT 10.0; Win64; x64; rv:136.0) Gecko/20100101 Firefox/136.0"
178.165.172.18 - - [02/Apr/2025:09:14:29 +0200] "GET /gui/javascript/form_form.js?1743578069 HTTP/1.1" 200 16206 "http://hausegger.activities.at/entry.php?id=10271&&ser=578008" "Mozilla/5.0 (Windows NT 10.0; Win64; x64; rv:136.0) Gecko/20100101 Firefox/136.0"
178.165.172.18 - - [02/Apr/2025:09:15:29 +0200] "GET /entry.php?id=10271&&ser=578069 HTTP/1.1" 200 987 "http://hausegger.activities.at/entry.php?id=10271&&ser=578008" "Mozilla/5.0 (Windows NT 10.0; Win64; x64; rv:136.0) Gecko/20100101 Firefox/136.0"
178.165.172.18 - - [02/Apr/2025:09:15:29 +0200] "GET /gui/javascript/form_form.js?1743578129 HTTP/1.1" 200 16206 "http://hausegger.activities.at/entry.php?id=10271&&ser=578069" "Mozilla/5.0 (Windows NT 10.0; Win64; x64; rv:136.0) Gecko/20100101 Firefox/136.0"
178.165.172.18 - - [02/Apr/2025:09:16:29 +0200] "GET /entry.php?id=10271&&ser=578129 HTTP/1.1" 200 987 "http://hausegger.activities.at/entry.php?id=10271&&ser=578069" "Mozilla/5.0 (Windows NT 10.0; Win64; x64; rv:136.0) Gecko/20100101 Firefox/136.0"
178.165.172.18 - - [02/Apr/2025:09:16:30 +0200] "GET /gui/javascript/form_form.js?1743578189 HTTP/1.1" 200 16206 "http://hausegger.activities.at/entry.php?id=10271&&ser=578129" "Mozilla/5.0 (Windows NT 10.0; Win64; x64; rv:136.0) Gecko/20100101 Firefox/136.0"
156.59.198.135 - - [02/Apr/2025:09:17:26 +0200] "GET /renault.activities.at/htdocs/export/pdf/emuc_document/12423058.pdf HTTP/1.0" 404 322 "-" "Mozilla/5.0 (Linux; Android 5.0) AppleWebKit/537.36 (KHTML, like Gecko) Mobile Safari/537.36 (compatible; Bytespider; spider-feedback@bytedance.com)"
178.165.172.18 - - [02/Apr/2025:09:17:30 +0200] "GET /entry.php?id=10271&&ser=578189 HTTP/1.1" 200 986 "http://hausegger.activities.at/entry.php?id=10271&&ser=578129" "Mozilla/5.0 (Windows NT 10.0; Win64; x64; rv:136.0) Gecko/20100101 Firefox/136.0"
178.165.172.18 - - [02/Apr/2025:09:17:30 +0200] "GET /gui/javascript/form_form.js?1743578250 HTTP/1.1" 200 16206 "http://hausegger.activities.at/entry.php?id=10271&&ser=578189" "Mozilla/5.0 (Windows NT 10.0; Win64; x64; rv:136.0) Gecko/20100101 Firefox/136.0"
156.59.198.135 - - [02/Apr/2025:09:18:07 +0200] "GET /renault.activities.at/htdocs/export/pdf/emuc_document/11312062.pdf HTTP/1.0" 404 322 "-" "Mozilla/5.0 (Linux; Android 5.0) AppleWebKit/537.36 (KHTML, like Gecko) Mobile Safari/537.36 (compatible; Bytespider; spider-feedback@bytedance.com)"
178.165.172.18 - - [02/Apr/2025:09:18:30 +0200] "GET /entry.php?id=10271&&ser=578250 HTTP/1.1" 200 987 "http://hausegger.activities.at/entry.php?id=10271&&ser=578189" "Mozilla/5.0 (Windows NT 10.0; Win64; x64; rv:136.0) Gecko/20100101 Firefox/136.0"
178.165.172.18 - - [02/Apr/2025:09:18:30 +0200] "GET /gui/javascript/form_form.js?1743578310 HTTP/1.1" 200 16206 "http://hausegger.activities.at/entry.php?id=10271&&ser=578250" "Mozilla/5.0 (Windows NT 10.0; Win64; x64; rv:136.0) Gecko/20100101 Firefox/136.0"
178.165.172.18 - - [02/Apr/2025:09:19:30 +0200] "GET /entry.php?id=10271&&ser=578310 HTTP/1.1" 200 987 "http://hausegger.activities.at/entry.php?id=10271&&ser=578250" "Mozilla/5.0 (Windows NT 10.0; Win64; x64; rv:136.0) Gecko/20100101 Firefox/136.0"
178.165.172.18 - - [02/Apr/2025:09:19:30 +0200] "GET /gui/javascript/form_form.js?1743578370 HTTP/1.1" 200 16206 "http://hausegger.activities.at/entry.php?id=10271&&ser=578310" "Mozilla/5.0 (Windows NT 10.0; Win64; x64; rv:136.0) Gecko/20100101 Firefox/136.0"
178.165.172.18 - - [02/Apr/2025:09:20:31 +0200] "GET /entry.php?id=10271&&ser=578370 HTTP/1.1" 200 986 "http://hausegger.activities.at/entry.php?id=10271&&ser=578310" "Mozilla/5.0 (Windows NT 10.0; Win64; x64; rv:136.0) Gecko/20100101 Firefox/136.0"
178.165.172.18 - - [02/Apr/2025:09:20:31 +0200] "GET /gui/javascript/form_form.js?1743578431 HTTP/1.1" 200 16206 "http://hausegger.activities.at/entry.php?id=10271&&ser=578370" "Mozilla/5.0 (Windows NT 10.0; Win64; x64; rv:136.0) Gecko/20100101 Firefox/136.0"
91.202.4.43 - - [02/Apr/2025:09:20:41 +0200] "GET / HTTP/1.1" 200 274 "-" "Mozilla/5.0 (Windows NT 10.0; Win64; x64) AppleWebKit/537.36 (KHTML, like Gecko) Chrome/58.0.3029.110 Safari/537.3"
93.174.93.12 - - [02/Apr/2025:09:21:06 +0200] "\x16\x03\x02\x01o\x01" 400 383 "-" "-"
178.165.172.18 - - [02/Apr/2025:09:21:31 +0200] "GET /entry.php?id=10271&&ser=578431 HTTP/1.1" 200 986 "http://hausegger.activities.at/entry.php?id=10271&&ser=578370" "Mozilla/5.0 (Windows NT 10.0; Win64; x64; rv:136.0) Gecko/20100101 Firefox/136.0"
178.165.172.18 - - [02/Apr/2025:09:21:31 +0200] "GET /gui/javascript/form_form.js?1743578491 HTTP/1.1" 200 16206 "http://hausegger.activities.at/entry.php?id=10271&&ser=578431" "Mozilla/5.0 (Windows NT 10.0; Win64; x64; rv:136.0) Gecko/20100101 Firefox/136.0"
178.165.172.18 - - [02/Apr/2025:09:22:31 +0200] "GET /entry.php?id=10271&&ser=578491 HTTP/1.1" 200 987 "http://hausegger.activities.at/entry.php?id=10271&&ser=578431" "Mozilla/5.0 (Windows NT 10.0; Win64; x64; rv:136.0) Gecko/20100101 Firefox/136.0"
178.165.172.18 - - [02/Apr/2025:09:22:31 +0200] "GET /gui/javascript/form_form.js?1743578551 HTTP/1.1" 200 16206 "http://hausegger.activities.at/entry.php?id=10271&&ser=578491" "Mozilla/5.0 (Windows NT 10.0; Win64; x64; rv:136.0) Gecko/20100101 Firefox/136.0"
178.165.172.18 - - [02/Apr/2025:09:23:32 +0200] "GET /entry.php?id=10271&&ser=578551 HTTP/1.1" 200 987 "http://hausegger.activities.at/entry.php?id=10271&&ser=578491" "Mozilla/5.0 (Windows NT 10.0; Win64; x64; rv:136.0) Gecko/20100101 Firefox/136.0"
178.165.172.18 - - [02/Apr/2025:09:23:32 +0200] "GET /gui/javascript/form_form.js?1743578612 HTTP/1.1" 200 16206 "http://hausegger.activities.at/entry.php?id=10271&&ser=578551" "Mozilla/5.0 (Windows NT 10.0; Win64; x64; rv:136.0) Gecko/20100101 Firefox/136.0"
151.106.162.202 - - [02/Apr/2025:09:24:02 +0200] "GET /cron.php?cron_type=tidy_cache&sid=5bf3da76673f491788c5401844e46c48 HTTP/1.1" 404 290 "-" "Mozilla/5.0 (X11; Ubuntu; Linux x86_64; rv:72.0) Gecko/20100101 Firefox/72.0"
151.106.162.202 - - [02/Apr/2025:09:24:02 +0200] "GET /cron.php?cron_type=tidy_cache&sid=5bf3da76673f491788c5401844e46c48 HTTP/1.1" 404 290 "-" "Mozilla/5.0 (X11; Ubuntu; Linux x86_64; rv:72.0) Gecko/20100101 Firefox/72.0"
151.106.162.202 - - [02/Apr/2025:09:24:03 +0200] "GET /cron.php?cron_type=tidy_cache&sid=5bf3da76673f491788c5401844e46c48 HTTP/1.1" 404 290 "-" "Mozilla/5.0 (X11; Ubuntu; Linux x86_64; rv:72.0) Gecko/20100101 Firefox/72.0"
178.165.172.18 - - [02/Apr/2025:09:24:32 +0200] "GET /entry.php?id=10271&&ser=578612 HTTP/1.1" 200 987 "http://hausegger.activities.at/entry.php?id=10271&&ser=578551" "Mozilla/5.0 (Windows NT 10.0; Win64; x64; rv:136.0) Gecko/20100101 Firefox/136.0"
178.165.172.18 - - [02/Apr/2025:09:24:32 +0200] "GET /gui/javascript/form_form.js?1743578672 HTTP/1.1" 200 16206 "http://hausegger.activities.at/entry.php?id=10271&&ser=578612" "Mozilla/5.0 (Windows NT 10.0; Win64; x64; rv:136.0) Gecko/20100101 Firefox/136.0"
178.165.172.18 - - [02/Apr/2025:09:25:33 +0200] "GET /entry.php?id=10271&&ser=578672 HTTP/1.1" 200 987 "http://hausegger.activities.at/entry.php?id=10271&&ser=578612" "Mozilla/5.0 (Windows NT 10.0; Win64; x64; rv:136.0) Gecko/20100101 Firefox/136.0"
178.165.172.18 - - [02/Apr/2025:09:25:33 +0200] "GET /gui/javascript/form_form.js?1743578733 HTTP/1.1" 200 16206 "http://hausegger.activities.at/entry.php?id=10271&&ser=578672" "Mozilla/5.0 (Windows NT 10.0; Win64; x64; rv:136.0) Gecko/20100101 Firefox/136.0"
178.165.172.18 - - [02/Apr/2025:09:26:34 +0200] "GET /entry.php?id=10271&&ser=578733 HTTP/1.1" 200 987 "http://hausegger.activities.at/entry.php?id=10271&&ser=578672" "Mozilla/5.0 (Windows NT 10.0; Win64; x64; rv:136.0) Gecko/20100101 Firefox/136.0"
178.165.172.18 - - [02/Apr/2025:09:26:34 +0200] "GET /gui/javascript/form_form.js?1743578794 HTTP/1.1" 200 16206 "http://hausegger.activities.at/entry.php?id=10271&&ser=578733" "Mozilla/5.0 (Windows NT 10.0; Win64; x64; rv:136.0) Gecko/20100101 Firefox/136.0"
178.165.172.18 - - [02/Apr/2025:09:27:34 +0200] "GET /entry.php?id=10271&&ser=578794 HTTP/1.1" 200 986 "http://hausegger.activities.at/entry.php?id=10271&&ser=578733" "Mozilla/5.0 (Windows NT 10.0; Win64; x64; rv:136.0) Gecko/20100101 Firefox/136.0"
178.165.172.18 - - [02/Apr/2025:09:27:34 +0200] "GET /gui/javascript/form_form.js?1743578854 HTTP/1.1" 200 16206 "http://hausegger.activities.at/entry.php?id=10271&&ser=578794" "Mozilla/5.0 (Windows NT 10.0; Win64; x64; rv:136.0) Gecko/20100101 Firefox/136.0"
178.165.172.18 - - [02/Apr/2025:09:28:34 +0200] "GET /entry.php?id=10271&&ser=578854 HTTP/1.1" 200 987 "http://hausegger.activities.at/entry.php?id=10271&&ser=578794" "Mozilla/5.0 (Windows NT 10.0; Win64; x64; rv:136.0) Gecko/20100101 Firefox/136.0"
178.165.172.18 - - [02/Apr/2025:09:28:34 +0200] "GET /gui/javascript/form_form.js?1743578914 HTTP/1.1" 200 16206 "http://hausegger.activities.at/entry.php?id=10271&&ser=578854" "Mozilla/5.0 (Windows NT 10.0; Win64; x64; rv:136.0) Gecko/20100101 Firefox/136.0"
178.165.172.18 - - [02/Apr/2025:09:29:35 +0200] "GET /entry.php?id=10271&&ser=578914 HTTP/1.1" 200 988 "http://hausegger.activities.at/entry.php?id=10271&&ser=578854" "Mozilla/5.0 (Windows NT 10.0; Win64; x64; rv:136.0) Gecko/20100101 Firefox/136.0"
178.165.172.18 - - [02/Apr/2025:09:29:35 +0200] "GET /gui/javascript/form_form.js?1743578975 HTTP/1.1" 200 16206 "http://hausegger.activities.at/entry.php?id=10271&&ser=578914" "Mozilla/5.0 (Windows NT 10.0; Win64; x64; rv:136.0) Gecko/20100101 Firefox/136.0"
178.165.172.18 - - [02/Apr/2025:09:30:35 +0200] "GET /entry.php?id=10271&&ser=578975 HTTP/1.1" 200 988 "http://hausegger.activities.at/entry.php?id=10271&&ser=578914" "Mozilla/5.0 (Windows NT 10.0; Win64; x64; rv:136.0) Gecko/20100101 Firefox/136.0"
178.165.172.18 - - [02/Apr/2025:09:30:35 +0200] "GET /gui/javascript/form_form.js?1743579035 HTTP/1.1" 200 16206 "http://hausegger.activities.at/entry.php?id=10271&&ser=578975" "Mozilla/5.0 (Windows NT 10.0; Win64; x64; rv:136.0) Gecko/20100101 Firefox/136.0"
178.165.172.18 - - [02/Apr/2025:09:31:35 +0200] "GET /entry.php?id=10271&&ser=579035 HTTP/1.1" 200 988 "http://hausegger.activities.at/entry.php?id=10271&&ser=578975" "Mozilla/5.0 (Windows NT 10.0; Win64; x64; rv:136.0) Gecko/20100101 Firefox/136.0"
178.165.172.18 - - [02/Apr/2025:09:31:36 +0200] "GET /gui/javascript/form_form.js?1743579095 HTTP/1.1" 200 16206 "http://hausegger.activities.at/entry.php?id=10271&&ser=579035" "Mozilla/5.0 (Windows NT 10.0; Win64; x64; rv:136.0) Gecko/20100101 Firefox/136.0"
178.165.172.18 - - [02/Apr/2025:09:32:36 +0200] "GET /entry.php?id=10271&&ser=579095 HTTP/1.1" 200 988 "http://hausegger.activities.at/entry.php?id=10271&&ser=579035" "Mozilla/5.0 (Windows NT 10.0; Win64; x64; rv:136.0) Gecko/20100101 Firefox/136.0"
178.165.172.18 - - [02/Apr/2025:09:32:36 +0200] "GET /gui/javascript/form_form.js?1743579156 HTTP/1.1" 200 16206 "http://hausegger.activities.at/entry.php?id=10271&&ser=579095" "Mozilla/5.0 (Windows NT 10.0; Win64; x64; rv:136.0) Gecko/20100101 Firefox/136.0"
178.165.172.18 - - [02/Apr/2025:09:33:36 +0200] "GET /entry.php?id=10271&&ser=579156 HTTP/1.1" 200 987 "http://hausegger.activities.at/entry.php?id=10271&&ser=579095" "Mozilla/5.0 (Windows NT 10.0; Win64; x64; rv:136.0) Gecko/20100101 Firefox/136.0"
178.165.172.18 - - [02/Apr/2025:09:33:36 +0200] "GET /gui/javascript/form_form.js?1743579216 HTTP/1.1" 200 16206 "http://hausegger.activities.at/entry.php?id=10271&&ser=579156" "Mozilla/5.0 (Windows NT 10.0; Win64; x64; rv:136.0) Gecko/20100101 Firefox/136.0"
45.135.193.65 - - [02/Apr/2025:09:34:27 +0200] "GET /.git/config HTTP/1.1" 404 285 "-" "Mozilla/5.0 (Macintosh; U; Intel Mac OS X 10_6_5; de-de) AppleWebKit/534.15 (KHTML, like Gecko) Version/5.0.3 Safari/533.19.4"
178.165.172.18 - - [02/Apr/2025:09:34:37 +0200] "GET /entry.php?id=10271&&ser=579216 HTTP/1.1" 200 987 "http://hausegger.activities.at/entry.php?id=10271&&ser=579156" "Mozilla/5.0 (Windows NT 10.0; Win64; x64; rv:136.0) Gecko/20100101 Firefox/136.0"
178.165.172.18 - - [02/Apr/2025:09:34:37 +0200] "GET /gui/javascript/form_form.js?1743579277 HTTP/1.1" 200 16206 "http://hausegger.activities.at/entry.php?id=10271&&ser=579216" "Mozilla/5.0 (Windows NT 10.0; Win64; x64; rv:136.0) Gecko/20100101 Firefox/136.0"
178.165.172.18 - - [02/Apr/2025:09:35:37 +0200] "GET /entry.php?id=10271&&ser=579277 HTTP/1.1" 200 987 "http://hausegger.activities.at/entry.php?id=10271&&ser=579216" "Mozilla/5.0 (Windows NT 10.0; Win64; x64; rv:136.0) Gecko/20100101 Firefox/136.0"
178.165.172.18 - - [02/Apr/2025:09:35:37 +0200] "GET /gui/javascript/form_form.js?1743579337 HTTP/1.1" 200 16206 "http://hausegger.activities.at/entry.php?id=10271&&ser=579277" "Mozilla/5.0 (Windows NT 10.0; Win64; x64; rv:136.0) Gecko/20100101 Firefox/136.0"
178.165.172.18 - - [02/Apr/2025:09:36:37 +0200] "GET /entry.php?id=10271&&ser=579337 HTTP/1.1" 200 987 "http://hausegger.activities.at/entry.php?id=10271&&ser=579277" "Mozilla/5.0 (Windows NT 10.0; Win64; x64; rv:136.0) Gecko/20100101 Firefox/136.0"
178.165.172.18 - - [02/Apr/2025:09:36:37 +0200] "GET /gui/javascript/form_form.js?1743579397 HTTP/1.1" 200 16206 "http://hausegger.activities.at/entry.php?id=10271&&ser=579337" "Mozilla/5.0 (Windows NT 10.0; Win64; x64; rv:136.0) Gecko/20100101 Firefox/136.0"
178.165.172.18 - - [02/Apr/2025:09:37:40 +0200] "GET /entry.php?id=10271&&ser=579397 HTTP/1.1" 200 987 "http://hausegger.activities.at/entry.php?id=10271&&ser=579337" "Mozilla/5.0 (Windows NT 10.0; Win64; x64; rv:136.0) Gecko/20100101 Firefox/136.0"
178.165.172.18 - - [02/Apr/2025:09:37:40 +0200] "GET /gui/javascript/form_form.js?1743579460 HTTP/1.1" 200 16206 "http://hausegger.activities.at/entry.php?id=10271&&ser=579397" "Mozilla/5.0 (Windows NT 10.0; Win64; x64; rv:136.0) Gecko/20100101 Firefox/136.0"
178.165.172.18 - - [02/Apr/2025:09:38:40 +0200] "GET /entry.php?id=10271&&ser=579460 HTTP/1.1" 200 987 "http://hausegger.activities.at/entry.php?id=10271&&ser=579397" "Mozilla/5.0 (Windows NT 10.0; Win64; x64; rv:136.0) Gecko/20100101 Firefox/136.0"
178.165.172.18 - - [02/Apr/2025:09:38:40 +0200] "GET /gui/javascript/form_form.js?1743579520 HTTP/1.1" 200 16206 "http://hausegger.activities.at/entry.php?id=10271&&ser=579460" "Mozilla/5.0 (Windows NT 10.0; Win64; x64; rv:136.0) Gecko/20100101 Firefox/136.0"
178.165.172.18 - - [02/Apr/2025:09:39:40 +0200] "GET /entry.php?id=10271&&ser=579520 HTTP/1.1" 200 987 "http://hausegger.activities.at/entry.php?id=10271&&ser=579460" "Mozilla/5.0 (Windows NT 10.0; Win64; x64; rv:136.0) Gecko/20100101 Firefox/136.0"
178.165.172.18 - - [02/Apr/2025:09:39:41 +0200] "GET /gui/javascript/form_form.js?1743579581 HTTP/1.1" 200 16206 "http://hausegger.activities.at/entry.php?id=10271&&ser=579520" "Mozilla/5.0 (Windows NT 10.0; Win64; x64; rv:136.0) Gecko/20100101 Firefox/136.0"
151.106.162.202 - - [02/Apr/2025:09:40:10 +0200] "GET /cron.php?cron_type=tidy_cache&sid=aa4b8404e199d9e6c2e1b20032cdc768 HTTP/1.1" 404 290 "-" "Mozilla/5.0 (X11; Ubuntu; Linux x86_64; rv:72.0) Gecko/20100101 Firefox/72.0"
151.106.162.202 - - [02/Apr/2025:09:40:10 +0200] "GET /cron.php?cron_type=tidy_cache&sid=aa4b8404e199d9e6c2e1b20032cdc768 HTTP/1.1" 404 290 "-" "Mozilla/5.0 (X11; Ubuntu; Linux x86_64; rv:72.0) Gecko/20100101 Firefox/72.0"
151.106.162.202 - - [02/Apr/2025:09:40:11 +0200] "GET /cron.php?cron_type=tidy_cache&sid=aa4b8404e199d9e6c2e1b20032cdc768 HTTP/1.1" 404 290 "-" "Mozilla/5.0 (X11; Ubuntu; Linux x86_64; rv:72.0) Gecko/20100101 Firefox/72.0"
178.165.172.18 - - [02/Apr/2025:09:40:41 +0200] "GET /entry.php?id=10271&&ser=579581 HTTP/1.1" 200 986 "http://hausegger.activities.at/entry.php?id=10271&&ser=579520" "Mozilla/5.0 (Windows NT 10.0; Win64; x64; rv:136.0) Gecko/20100101 Firefox/136.0"
178.165.172.18 - - [02/Apr/2025:09:40:41 +0200] "GET /gui/javascript/form_form.js?1743579641 HTTP/1.1" 200 16206 "http://hausegger.activities.at/entry.php?id=10271&&ser=579581" "Mozilla/5.0 (Windows NT 10.0; Win64; x64; rv:136.0) Gecko/20100101 Firefox/136.0"
178.165.172.18 - - [02/Apr/2025:09:41:41 +0200] "GET /entry.php?id=10271&&ser=579641 HTTP/1.1" 200 986 "http://hausegger.activities.at/entry.php?id=10271&&ser=579581" "Mozilla/5.0 (Windows NT 10.0; Win64; x64; rv:136.0) Gecko/20100101 Firefox/136.0"
178.165.172.18 - - [02/Apr/2025:09:41:41 +0200] "GET /gui/javascript/form_form.js?1743579701 HTTP/1.1" 200 16206 "http://hausegger.activities.at/entry.php?id=10271&&ser=579641" "Mozilla/5.0 (Windows NT 10.0; Win64; x64; rv:136.0) Gecko/20100101 Firefox/136.0"
156.59.198.135 - - [02/Apr/2025:09:42:10 +0200] "GET /renault.activities.at/htdocs/export/pdf/emuc_document/11170586.pdf HTTP/1.0" 404 322 "-" "Mozilla/5.0 (Linux; Android 5.0) AppleWebKit/537.36 (KHTML, like Gecko) Mobile Safari/537.36 (compatible; Bytespider; spider-feedback@bytedance.com)"
178.165.172.18 - - [02/Apr/2025:09:42:42 +0200] "GET /entry.php?id=10271&&ser=579701 HTTP/1.1" 200 987 "http://hausegger.activities.at/entry.php?id=10271&&ser=579641" "Mozilla/5.0 (Windows NT 10.0; Win64; x64; rv:136.0) Gecko/20100101 Firefox/136.0"
178.165.172.18 - - [02/Apr/2025:09:42:42 +0200] "GET /gui/javascript/form_form.js?1743579762 HTTP/1.1" 200 16206 "http://hausegger.activities.at/entry.php?id=10271&&ser=579701" "Mozilla/5.0 (Windows NT 10.0; Win64; x64; rv:136.0) Gecko/20100101 Firefox/136.0"
178.165.172.18 - - [02/Apr/2025:09:43:42 +0200] "GET /entry.php?id=10271&&ser=579762 HTTP/1.1" 200 987 "http://hausegger.activities.at/entry.php?id=10271&&ser=579701" "Mozilla/5.0 (Windows NT 10.0; Win64; x64; rv:136.0) Gecko/20100101 Firefox/136.0"
178.165.172.18 - - [02/Apr/2025:09:43:42 +0200] "GET /gui/javascript/form_form.js?1743579822 HTTP/1.1" 200 16206 "http://hausegger.activities.at/entry.php?id=10271&&ser=579762" "Mozilla/5.0 (Windows NT 10.0; Win64; x64; rv:136.0) Gecko/20100101 Firefox/136.0"
178.165.172.18 - - [02/Apr/2025:09:44:42 +0200] "GET /entry.php?id=10271&&ser=579822 HTTP/1.1" 200 987 "http://hausegger.activities.at/entry.php?id=10271&&ser=579762" "Mozilla/5.0 (Windows NT 10.0; Win64; x64; rv:136.0) Gecko/20100101 Firefox/136.0"
178.165.172.18 - - [02/Apr/2025:09:44:42 +0200] "GET /gui/javascript/form_form.js?1743579882 HTTP/1.1" 200 16206 "http://hausegger.activities.at/entry.php?id=10271&&ser=579822" "Mozilla/5.0 (Windows NT 10.0; Win64; x64; rv:136.0) Gecko/20100101 Firefox/136.0"
178.165.172.18 - - [02/Apr/2025:09:45:42 +0200] "GET /entry.php?id=10271&&ser=579882 HTTP/1.1" 200 987 "http://hausegger.activities.at/entry.php?id=10271&&ser=579822" "Mozilla/5.0 (Windows NT 10.0; Win64; x64; rv:136.0) Gecko/20100101 Firefox/136.0"
178.165.172.18 - - [02/Apr/2025:09:45:43 +0200] "GET /gui/javascript/form_form.js?1743579943 HTTP/1.1" 200 16206 "http://hausegger.activities.at/entry.php?id=10271&&ser=579882" "Mozilla/5.0 (Windows NT 10.0; Win64; x64; rv:136.0) Gecko/20100101 Firefox/136.0"
178.165.172.18 - - [02/Apr/2025:09:46:43 +0200] "GET /entry.php?id=10271&&ser=579943 HTTP/1.1" 200 986 "http://hausegger.activities.at/entry.php?id=10271&&ser=579882" "Mozilla/5.0 (Windows NT 10.0; Win64; x64; rv:136.0) Gecko/20100101 Firefox/136.0"
178.165.172.18 - - [02/Apr/2025:09:46:43 +0200] "GET /gui/javascript/form_form.js?1743580003 HTTP/1.1" 200 16206 "http://hausegger.activities.at/entry.php?id=10271&&ser=579943" "Mozilla/5.0 (Windows NT 10.0; Win64; x64; rv:136.0) Gecko/20100101 Firefox/136.0"
