178.165.172.18 - - [04/Apr/2025:12:33:34 +0200] "GET /gui/javascript/form_form.js?1743762814 HTTP/1.1" 200 16206 "http://hausegger.activities.at/entry.php?id=10271&&ser=762754" "Mozilla/5.0 (Windows NT 10.0; Win64; x64; rv:137.0) Gecko/20100101 Firefox/137.0"
178.165.172.18 - - [04/Apr/2025:12:34:34 +0200] "GET /entry.php?id=10271&&ser=762814 HTTP/1.1" 200 987 "http://hausegger.activities.at/entry.php?id=10271&&ser=762754" "Mozilla/5.0 (Windows NT 10.0; Win64; x64; rv:137.0) Gecko/20100101 Firefox/137.0"
178.165.172.18 - - [04/Apr/2025:12:34:35 +0200] "GET /gui/javascript/form_form.js?1743762875 HTTP/1.1" 200 16206 "http://hausegger.activities.at/entry.php?id=10271&&ser=762814" "Mozilla/5.0 (Windows NT 10.0; Win64; x64; rv:137.0) Gecko/20100101 Firefox/137.0"
151.106.176.244 - - [04/Apr/2025:12:35:11 +0200] "GET /cron.php?cron_type=tidy_cache&sid=a7a6e10479d21cf7beb2b67ec8f23136 HTTP/1.1" 404 290 "-" "Mozilla/5.0 (X11; Ubuntu; Linux x86_64; rv:72.0) Gecko/20100101 Firefox/72.0"
151.106.176.244 - - [04/Apr/2025:12:35:12 +0200] "GET /cron.php?cron_type=tidy_cache&sid=a7a6e10479d21cf7beb2b67ec8f23136 HTTP/1.1" 404 290 "-" "Mozilla/5.0 (X11; Ubuntu; Linux x86_64; rv:72.0) Gecko/20100101 Firefox/72.0"
151.106.176.244 - - [04/Apr/2025:12:35:12 +0200] "GET /cron.php?cron_type=tidy_cache&sid=a7a6e10479d21cf7beb2b67ec8f23136 HTTP/1.1" 404 290 "-" "Mozilla/5.0 (X11; Ubuntu; Linux x86_64; rv:72.0) Gecko/20100101 Firefox/72.0"
178.165.172.18 - - [04/Apr/2025:12:35:35 +0200] "GET /entry.php?id=10271&&ser=762875 HTTP/1.1" 200 987 "http://hausegger.activities.at/entry.php?id=10271&&ser=762814" "Mozilla/5.0 (Windows NT 10.0; Win64; x64; rv:137.0) Gecko/20100101 Firefox/137.0"
178.165.172.18 - - [04/Apr/2025:12:35:35 +0200] "GET /gui/javascript/form_form.js?1743762935 HTTP/1.1" 200 16206 "http://hausegger.activities.at/entry.php?id=10271&&ser=762875" "Mozilla/5.0 (Windows NT 10.0; Win64; x64; rv:137.0) Gecko/20100101 Firefox/137.0"
178.165.172.18 - - [04/Apr/2025:12:36:35 +0200] "GET /entry.php?id=10271&&ser=762935 HTTP/1.1" 200 987 "http://hausegger.activities.at/entry.php?id=10271&&ser=762875" "Mozilla/5.0 (Windows NT 10.0; Win64; x64; rv:137.0) Gecko/20100101 Firefox/137.0"
178.165.172.18 - - [04/Apr/2025:12:36:35 +0200] "GET /gui/javascript/form_form.js?1743762995 HTTP/1.1" 200 16206 "http://hausegger.activities.at/entry.php?id=10271&&ser=762935" "Mozilla/5.0 (Windows NT 10.0; Win64; x64; rv:137.0) Gecko/20100101 Firefox/137.0"
178.165.172.18 - - [04/Apr/2025:12:37:35 +0200] "GET /entry.php?id=10271&&ser=762995 HTTP/1.1" 200 988 "http://hausegger.activities.at/entry.php?id=10271&&ser=762935" "Mozilla/5.0 (Windows NT 10.0; Win64; x64; rv:137.0) Gecko/20100101 Firefox/137.0"
178.165.172.18 - - [04/Apr/2025:12:37:36 +0200] "GET /gui/javascript/form_form.js?1743763055 HTTP/1.1" 200 16206 "http://hausegger.activities.at/entry.php?id=10271&&ser=762995" "Mozilla/5.0 (Windows NT 10.0; Win64; x64; rv:137.0) Gecko/20100101 Firefox/137.0"
178.165.172.18 - - [04/Apr/2025:12:38:36 +0200] "GET /entry.php?id=10271&&ser=763055 HTTP/1.1" 200 986 "http://hausegger.activities.at/entry.php?id=10271&&ser=762995" "Mozilla/5.0 (Windows NT 10.0; Win64; x64; rv:137.0) Gecko/20100101 Firefox/137.0"
178.165.172.18 - - [04/Apr/2025:12:38:36 +0200] "GET /gui/javascript/form_form.js?1743763116 HTTP/1.1" 200 16206 "http://hausegger.activities.at/entry.php?id=10271&&ser=763055" "Mozilla/5.0 (Windows NT 10.0; Win64; x64; rv:137.0) Gecko/20100101 Firefox/137.0"
178.165.172.18 - - [04/Apr/2025:12:39:36 +0200] "GET /entry.php?id=10271&&ser=763116 HTTP/1.1" 200 987 "http://hausegger.activities.at/entry.php?id=10271&&ser=763055" "Mozilla/5.0 (Windows NT 10.0; Win64; x64; rv:137.0) Gecko/20100101 Firefox/137.0"
178.165.172.18 - - [04/Apr/2025:12:39:36 +0200] "GET /gui/javascript/form_form.js?1743763176 HTTP/1.1" 200 16206 "http://hausegger.activities.at/entry.php?id=10271&&ser=763116" "Mozilla/5.0 (Windows NT 10.0; Win64; x64; rv:137.0) Gecko/20100101 Firefox/137.0"
154.81.156.35 - - [04/Apr/2025:12:40:29 +0200] "GET / HTTP/1.1" 200 274 "-" "Mozilla/5.0 (Windows NT 10.0; Win64; x64) AppleWebKit/537.36 (KHTML, like Gecko) Chrome/90.0.4430.85 Safari/537.36 Edg/90.0.818.46"
178.165.172.18 - - [04/Apr/2025:12:40:36 +0200] "GET /entry.php?id=10271&&ser=763176 HTTP/1.1" 200 987 "http://hausegger.activities.at/entry.php?id=10271&&ser=763116" "Mozilla/5.0 (Windows NT 10.0; Win64; x64; rv:137.0) Gecko/20100101 Firefox/137.0"
178.165.172.18 - - [04/Apr/2025:12:40:36 +0200] "GET /gui/javascript/form_form.js?1743763236 HTTP/1.1" 200 16206 "http://hausegger.activities.at/entry.php?id=10271&&ser=763176" "Mozilla/5.0 (Windows NT 10.0; Win64; x64; rv:137.0) Gecko/20100101 Firefox/137.0"
178.165.172.18 - - [04/Apr/2025:12:41:37 +0200] "GET /entry.php?id=10271&&ser=763236 HTTP/1.1" 200 987 "http://hausegger.activities.at/entry.php?id=10271&&ser=763176" "Mozilla/5.0 (Windows NT 10.0; Win64; x64; rv:137.0) Gecko/20100101 Firefox/137.0"
178.165.172.18 - - [04/Apr/2025:12:41:37 +0200] "GET /gui/javascript/form_form.js?1743763297 HTTP/1.1" 200 16206 "http://hausegger.activities.at/entry.php?id=10271&&ser=763236" "Mozilla/5.0 (Windows NT 10.0; Win64; x64; rv:137.0) Gecko/20100101 Firefox/137.0"
156.59.198.136 - - [04/Apr/2025:12:42:13 +0200] "GET /renault.activities.at/htdocs/export/pdf/emuc_document/12040264.pdf HTTP/1.0" 404 321 "-" "Mozilla/5.0 (Linux; Android 5.0) AppleWebKit/537.36 (KHTML, like Gecko) Mobile Safari/537.36 (compatible; Bytespider; spider-feedback@bytedance.com)"
178.165.172.18 - - [04/Apr/2025:12:42:38 +0200] "GET /entry.php?id=10271&&ser=763297 HTTP/1.1" 200 987 "http://hausegger.activities.at/entry.php?id=10271&&ser=763236" "Mozilla/5.0 (Windows NT 10.0; Win64; x64; rv:137.0) Gecko/20100101 Firefox/137.0"
178.165.172.18 - - [04/Apr/2025:12:42:38 +0200] "GET /gui/javascript/form_form.js?1743763358 HTTP/1.1" 200 16206 "http://hausegger.activities.at/entry.php?id=10271&&ser=763297" "Mozilla/5.0 (Windows NT 10.0; Win64; x64; rv:137.0) Gecko/20100101 Firefox/137.0"
178.165.172.18 - - [04/Apr/2025:12:43:38 +0200] "GET /entry.php?id=10271&&ser=763358 HTTP/1.1" 200 987 "http://hausegger.activities.at/entry.php?id=10271&&ser=763297" "Mozilla/5.0 (Windows NT 10.0; Win64; x64; rv:137.0) Gecko/20100101 Firefox/137.0"
178.165.172.18 - - [04/Apr/2025:12:43:38 +0200] "GET /gui/javascript/form_form.js?1743763418 HTTP/1.1" 200 16206 "http://hausegger.activities.at/entry.php?id=10271&&ser=763358" "Mozilla/5.0 (Windows NT 10.0; Win64; x64; rv:137.0) Gecko/20100101 Firefox/137.0"
178.165.172.18 - - [04/Apr/2025:12:44:38 +0200] "GET /entry.php?id=10271&&ser=763418 HTTP/1.1" 200 987 "http://hausegger.activities.at/entry.php?id=10271&&ser=763358" "Mozilla/5.0 (Windows NT 10.0; Win64; x64; rv:137.0) Gecko/20100101 Firefox/137.0"
178.165.172.18 - - [04/Apr/2025:12:44:38 +0200] "GET /gui/javascript/form_form.js?1743763478 HTTP/1.1" 200 16206 "http://hausegger.activities.at/entry.php?id=10271&&ser=763418" "Mozilla/5.0 (Windows NT 10.0; Win64; x64; rv:137.0) Gecko/20100101 Firefox/137.0"
178.165.172.18 - - [04/Apr/2025:12:45:39 +0200] "GET /entry.php?id=10271&&ser=763478 HTTP/1.1" 200 987 "http://hausegger.activities.at/entry.php?id=10271&&ser=763418" "Mozilla/5.0 (Windows NT 10.0; Win64; x64; rv:137.0) Gecko/20100101 Firefox/137.0"
178.165.172.18 - - [04/Apr/2025:12:45:39 +0200] "GET /gui/javascript/form_form.js?1743763539 HTTP/1.1" 200 16206 "http://hausegger.activities.at/entry.php?id=10271&&ser=763478" "Mozilla/5.0 (Windows NT 10.0; Win64; x64; rv:137.0) Gecko/20100101 Firefox/137.0"
178.165.172.18 - - [04/Apr/2025:12:46:40 +0200] "GET /entry.php?id=10271&&ser=763539 HTTP/1.1" 200 987 "http://hausegger.activities.at/entry.php?id=10271&&ser=763478" "Mozilla/5.0 (Windows NT 10.0; Win64; x64; rv:137.0) Gecko/20100101 Firefox/137.0"
178.165.172.18 - - [04/Apr/2025:12:46:40 +0200] "GET /gui/javascript/form_form.js?1743763600 HTTP/1.1" 200 16206 "http://hausegger.activities.at/entry.php?id=10271&&ser=763539" "Mozilla/5.0 (Windows NT 10.0; Win64; x64; rv:137.0) Gecko/20100101 Firefox/137.0"
178.165.172.18 - - [04/Apr/2025:12:47:40 +0200] "GET /entry.php?id=10271&&ser=763600 HTTP/1.1" 200 987 "http://hausegger.activities.at/entry.php?id=10271&&ser=763539" "Mozilla/5.0 (Windows NT 10.0; Win64; x64; rv:137.0) Gecko/20100101 Firefox/137.0"
178.165.172.18 - - [04/Apr/2025:12:47:40 +0200] "GET /gui/javascript/form_form.js?1743763660 HTTP/1.1" 200 16206 "http://hausegger.activities.at/entry.php?id=10271&&ser=763600" "Mozilla/5.0 (Windows NT 10.0; Win64; x64; rv:137.0) Gecko/20100101 Firefox/137.0"
178.165.172.18 - - [04/Apr/2025:12:48:41 +0200] "GET /entry.php?id=10271&&ser=763660 HTTP/1.1" 200 986 "http://hausegger.activities.at/entry.php?id=10271&&ser=763600" "Mozilla/5.0 (Windows NT 10.0; Win64; x64; rv:137.0) Gecko/20100101 Firefox/137.0"
178.165.172.18 - - [04/Apr/2025:12:48:41 +0200] "GET /gui/javascript/form_form.js?1743763721 HTTP/1.1" 200 16206 "http://hausegger.activities.at/entry.php?id=10271&&ser=763660" "Mozilla/5.0 (Windows NT 10.0; Win64; x64; rv:137.0) Gecko/20100101 Firefox/137.0"
156.59.198.135 - - [04/Apr/2025:12:49:02 +0200] "GET /renault.activities.at/htdocs/export/pdf/emuc_document/10762904.pdf HTTP/1.0" 404 322 "-" "Mozilla/5.0 (Linux; Android 5.0) AppleWebKit/537.36 (KHTML, like Gecko) Mobile Safari/537.36 (compatible; Bytespider; spider-feedback@bytedance.com)"
178.165.172.18 - - [04/Apr/2025:12:49:41 +0200] "GET /entry.php?id=10271&&ser=763721 HTTP/1.1" 200 986 "http://hausegger.activities.at/entry.php?id=10271&&ser=763660" "Mozilla/5.0 (Windows NT 10.0; Win64; x64; rv:137.0) Gecko/20100101 Firefox/137.0"
178.165.172.18 - - [04/Apr/2025:12:49:41 +0200] "GET /gui/javascript/form_form.js?1743763781 HTTP/1.1" 200 16206 "http://hausegger.activities.at/entry.php?id=10271&&ser=763721" "Mozilla/5.0 (Windows NT 10.0; Win64; x64; rv:137.0) Gecko/20100101 Firefox/137.0"
178.165.172.18 - - [04/Apr/2025:12:50:41 +0200] "GET /entry.php?id=10271&&ser=763781 HTTP/1.1" 200 986 "http://hausegger.activities.at/entry.php?id=10271&&ser=763721" "Mozilla/5.0 (Windows NT 10.0; Win64; x64; rv:137.0) Gecko/20100101 Firefox/137.0"
178.165.172.18 - - [04/Apr/2025:12:50:41 +0200] "GET /gui/javascript/form_form.js?1743763841 HTTP/1.1" 200 16206 "http://hausegger.activities.at/entry.php?id=10271&&ser=763781" "Mozilla/5.0 (Windows NT 10.0; Win64; x64; rv:137.0) Gecko/20100101 Firefox/137.0"
178.165.172.18 - - [04/Apr/2025:12:51:42 +0200] "GET /entry.php?id=10271&&ser=763841 HTTP/1.1" 200 986 "http://hausegger.activities.at/entry.php?id=10271&&ser=763781" "Mozilla/5.0 (Windows NT 10.0; Win64; x64; rv:137.0) Gecko/20100101 Firefox/137.0"
178.165.172.18 - - [04/Apr/2025:12:51:42 +0200] "GET /gui/javascript/form_form.js?1743763902 HTTP/1.1" 200 16206 "http://hausegger.activities.at/entry.php?id=10271&&ser=763841" "Mozilla/5.0 (Windows NT 10.0; Win64; x64; rv:137.0) Gecko/20100101 Firefox/137.0"
178.165.172.18 - - [04/Apr/2025:12:52:42 +0200] "GET /entry.php?id=10271&&ser=763902 HTTP/1.1" 200 987 "http://hausegger.activities.at/entry.php?id=10271&&ser=763841" "Mozilla/5.0 (Windows NT 10.0; Win64; x64; rv:137.0) Gecko/20100101 Firefox/137.0"
178.165.172.18 - - [04/Apr/2025:12:52:42 +0200] "GET /gui/javascript/form_form.js?1743763962 HTTP/1.1" 200 16206 "http://hausegger.activities.at/entry.php?id=10271&&ser=763902" "Mozilla/5.0 (Windows NT 10.0; Win64; x64; rv:137.0) Gecko/20100101 Firefox/137.0"
151.106.162.214 - - [04/Apr/2025:12:53:13 +0200] "GET /gallery/image.php?mode=thumbnail&album_id=1&image_id=113&sid=9e7d5da2ede94dfcdaea7a01f07758e7 HTTP/1.1" 404 297 "-" "Mozilla/5.0 (X11; Ubuntu; Linux x86_64; rv:72.0) Gecko/20100101 Firefox/72.0"
151.106.162.214 - - [04/Apr/2025:12:53:13 +0200] "GET /gallery/image.php?mode=thumbnail&album_id=1&image_id=113&sid=9e7d5da2ede94dfcdaea7a01f07758e7 HTTP/1.1" 404 297 "-" "Mozilla/5.0 (X11; Ubuntu; Linux x86_64; rv:72.0) Gecko/20100101 Firefox/72.0"
151.106.162.214 - - [04/Apr/2025:12:53:13 +0200] "GET /gallery/image.php?mode=thumbnail&album_id=1&image_id=113&sid=9e7d5da2ede94dfcdaea7a01f07758e7 HTTP/1.1" 404 297 "-" "Mozilla/5.0 (X11; Ubuntu; Linux x86_64; rv:72.0) Gecko/20100101 Firefox/72.0"
178.165.172.18 - - [04/Apr/2025:12:53:42 +0200] "GET /entry.php?id=10271&&ser=763962 HTTP/1.1" 200 987 "http://hausegger.activities.at/entry.php?id=10271&&ser=763902" "Mozilla/5.0 (Windows NT 10.0; Win64; x64; rv:137.0) Gecko/20100101 Firefox/137.0"
178.165.172.18 - - [04/Apr/2025:12:53:42 +0200] "GET /gui/javascript/form_form.js?1743764022 HTTP/1.1" 200 16206 "http://hausegger.activities.at/entry.php?id=10271&&ser=763962" "Mozilla/5.0 (Windows NT 10.0; Win64; x64; rv:137.0) Gecko/20100101 Firefox/137.0"
178.165.172.18 - - [04/Apr/2025:12:54:42 +0200] "GET /entry.php?id=10271&&ser=764022 HTTP/1.1" 200 987 "http://hausegger.activities.at/entry.php?id=10271&&ser=763962" "Mozilla/5.0 (Windows NT 10.0; Win64; x64; rv:137.0) Gecko/20100101 Firefox/137.0"
178.165.172.18 - - [04/Apr/2025:12:54:43 +0200] "GET /gui/javascript/form_form.js?1743764083 HTTP/1.1" 200 16206 "http://hausegger.activities.at/entry.php?id=10271&&ser=764022" "Mozilla/5.0 (Windows NT 10.0; Win64; x64; rv:137.0) Gecko/20100101 Firefox/137.0"
156.59.198.135 - - [04/Apr/2025:12:55:25 +0200] "GET /renault.activities.at/htdocs/export/pdf/emuc_document/11170522.pdf HTTP/1.0" 404 321 "-" "Mozilla/5.0 (Linux; Android 5.0) AppleWebKit/537.36 (KHTML, like Gecko) Mobile Safari/537.36 (compatible; Bytespider; spider-feedback@bytedance.com)"
156.59.198.136 - - [04/Apr/2025:12:55:34 +0200] "GET /renault.activities.at/htdocs/export/pdf/emuc_document/11353969.pdf HTTP/1.0" 404 322 "-" "Mozilla/5.0 (Linux; Android 5.0) AppleWebKit/537.36 (KHTML, like Gecko) Mobile Safari/537.36 (compatible; Bytespider; spider-feedback@bytedance.com)"
178.165.172.18 - - [04/Apr/2025:12:55:43 +0200] "GET /entry.php?id=10271&&ser=764083 HTTP/1.1" 200 987 "http://hausegger.activities.at/entry.php?id=10271&&ser=764022" "Mozilla/5.0 (Windows NT 10.0; Win64; x64; rv:137.0) Gecko/20100101 Firefox/137.0"
178.165.172.18 - - [04/Apr/2025:12:55:43 +0200] "GET /gui/javascript/form_form.js?1743764143 HTTP/1.1" 200 16206 "http://hausegger.activities.at/entry.php?id=10271&&ser=764083" "Mozilla/5.0 (Windows NT 10.0; Win64; x64; rv:137.0) Gecko/20100101 Firefox/137.0"
151.106.183.52 - - [04/Apr/2025:12:56:22 +0200] "GET /download/file.php?id=242&sid=1a8d68352bbf3ecb0168c8abf216bc21 HTTP/1.1" 404 297 "-" "Mozilla/5.0 (X11; Ubuntu; Linux x86_64; rv:72.0) Gecko/20100101 Firefox/72.0"
151.106.183.52 - - [04/Apr/2025:12:56:23 +0200] "GET /download/file.php?id=242&sid=1a8d68352bbf3ecb0168c8abf216bc21 HTTP/1.1" 404 297 "-" "Mozilla/5.0 (X11; Ubuntu; Linux x86_64; rv:72.0) Gecko/20100101 Firefox/72.0"
151.106.183.52 - - [04/Apr/2025:12:56:23 +0200] "GET /download/file.php?id=242&sid=1a8d68352bbf3ecb0168c8abf216bc21 HTTP/1.1" 404 297 "-" "Mozilla/5.0 (X11; Ubuntu; Linux x86_64; rv:72.0) Gecko/20100101 Firefox/72.0"
178.165.172.18 - - [04/Apr/2025:12:56:44 +0200] "GET /entry.php?id=10271&&ser=764143 HTTP/1.1" 200 987 "http://hausegger.activities.at/entry.php?id=10271&&ser=764083" "Mozilla/5.0 (Windows NT 10.0; Win64; x64; rv:137.0) Gecko/20100101 Firefox/137.0"
178.165.172.18 - - [04/Apr/2025:12:56:44 +0200] "GET /gui/javascript/form_form.js?1743764204 HTTP/1.1" 200 16206 "http://hausegger.activities.at/entry.php?id=10271&&ser=764143" "Mozilla/5.0 (Windows NT 10.0; Win64; x64; rv:137.0) Gecko/20100101 Firefox/137.0"
178.165.172.18 - - [04/Apr/2025:12:57:44 +0200] "GET /entry.php?id=10271&&ser=764204 HTTP/1.1" 200 987 "http://hausegger.activities.at/entry.php?id=10271&&ser=764143" "Mozilla/5.0 (Windows NT 10.0; Win64; x64; rv:137.0) Gecko/20100101 Firefox/137.0"
178.165.172.18 - - [04/Apr/2025:12:57:44 +0200] "GET /gui/javascript/form_form.js?1743764264 HTTP/1.1" 200 16206 "http://hausegger.activities.at/entry.php?id=10271&&ser=764204" "Mozilla/5.0 (Windows NT 10.0; Win64; x64; rv:137.0) Gecko/20100101 Firefox/137.0"
178.165.172.18 - - [04/Apr/2025:12:58:45 +0200] "GET /entry.php?id=10271&&ser=764264 HTTP/1.1" 200 987 "http://hausegger.activities.at/entry.php?id=10271&&ser=764204" "Mozilla/5.0 (Windows NT 10.0; Win64; x64; rv:137.0) Gecko/20100101 Firefox/137.0"
178.165.172.18 - - [04/Apr/2025:12:58:45 +0200] "GET /gui/javascript/form_form.js?1743764325 HTTP/1.1" 200 16206 "http://hausegger.activities.at/entry.php?id=10271&&ser=764264" "Mozilla/5.0 (Windows NT 10.0; Win64; x64; rv:137.0) Gecko/20100101 Firefox/137.0"
178.165.172.18 - - [04/Apr/2025:12:59:45 +0200] "GET /entry.php?id=10271&&ser=764325 HTTP/1.1" 200 987 "http://hausegger.activities.at/entry.php?id=10271&&ser=764264" "Mozilla/5.0 (Windows NT 10.0; Win64; x64; rv:137.0) Gecko/20100101 Firefox/137.0"
178.165.172.18 - - [04/Apr/2025:12:59:45 +0200] "GET /gui/javascript/form_form.js?1743764385 HTTP/1.1" 200 16206 "http://hausegger.activities.at/entry.php?id=10271&&ser=764325" "Mozilla/5.0 (Windows NT 10.0; Win64; x64; rv:137.0) Gecko/20100101 Firefox/137.0"
109.205.213.198 - - [04/Apr/2025:12:59:59 +0200] "GET / HTTP/1.1" 200 274 "-" "Mozilla/5.0 (Windows NT 10.0; Win64; x64) AppleWebKit/537.36 (KHTML, like Gecko) Chrome/90.0.4430.85 Safari/537.36 Edg/90.0.818.46"
178.165.172.18 - - [04/Apr/2025:13:00:45 +0200] "GET /entry.php?id=10271&&ser=764385 HTTP/1.1" 200 987 "http://hausegger.activities.at/entry.php?id=10271&&ser=764325" "Mozilla/5.0 (Windows NT 10.0; Win64; x64; rv:137.0) Gecko/20100101 Firefox/137.0"
178.165.172.18 - - [04/Apr/2025:13:00:46 +0200] "GET /gui/javascript/form_form.js?1743764445 HTTP/1.1" 200 16206 "http://hausegger.activities.at/entry.php?id=10271&&ser=764385" "Mozilla/5.0 (Windows NT 10.0; Win64; x64; rv:137.0) Gecko/20100101 Firefox/137.0"
178.165.172.18 - - [04/Apr/2025:13:01:46 +0200] "GET /entry.php?id=10271&&ser=764445 HTTP/1.1" 200 987 "http://hausegger.activities.at/entry.php?id=10271&&ser=764385" "Mozilla/5.0 (Windows NT 10.0; Win64; x64; rv:137.0) Gecko/20100101 Firefox/137.0"
178.165.172.18 - - [04/Apr/2025:13:01:46 +0200] "GET /gui/javascript/form_form.js?1743764506 HTTP/1.1" 200 16206 "http://hausegger.activities.at/entry.php?id=10271&&ser=764445" "Mozilla/5.0 (Windows NT 10.0; Win64; x64; rv:137.0) Gecko/20100101 Firefox/137.0"
156.59.198.136 - - [04/Apr/2025:13:02:04 +0200] "GET /renault.activities.at/htdocs/export/pdf/emuc_document/12304865.pdf HTTP/1.0" 404 322 "-" "Mozilla/5.0 (Linux; Android 5.0) AppleWebKit/537.36 (KHTML, like Gecko) Mobile Safari/537.36 (compatible; Bytespider; spider-feedback@bytedance.com)"
156.59.198.136 - - [04/Apr/2025:13:02:13 +0200] "GET /renault.activities.at/htdocs/export/pdf/emuc_document/12291812.pdf HTTP/1.0" 404 321 "-" "Mozilla/5.0 (Linux; Android 5.0) AppleWebKit/537.36 (KHTML, like Gecko) Mobile Safari/537.36 (compatible; Bytespider; spider-feedback@bytedance.com)"
156.59.198.135 - - [04/Apr/2025:13:02:22 +0200] "GET /renault.activities.at/htdocs/export/pdf/emuc_document/11182055.pdf HTTP/1.0" 404 321 "-" "Mozilla/5.0 (Linux; Android 5.0) AppleWebKit/537.36 (KHTML, like Gecko) Mobile Safari/537.36 (compatible; Bytespider; spider-feedback@bytedance.com)"
156.59.198.136 - - [04/Apr/2025:13:02:31 +0200] "GET /renault.activities.at/htdocs/export/pdf/emuc_document/11824027.pdf HTTP/1.0" 404 322 "-" "Mozilla/5.0 (Linux; Android 5.0) AppleWebKit/537.36 (KHTML, like Gecko) Mobile Safari/537.36 (compatible; Bytespider; spider-feedback@bytedance.com)"
156.59.198.136 - - [04/Apr/2025:13:02:39 +0200] "GET /renault.activities.at/htdocs/export/pdf/emuc_document/11185086.pdf HTTP/1.0" 404 321 "-" "Mozilla/5.0 (Linux; Android 5.0) AppleWebKit/537.36 (KHTML, like Gecko) Mobile Safari/537.36 (compatible; Bytespider; spider-feedback@bytedance.com)"
178.165.172.18 - - [04/Apr/2025:13:02:46 +0200] "GET /entry.php?id=10271&&ser=764506 HTTP/1.1" 200 987 "http://hausegger.activities.at/entry.php?id=10271&&ser=764445" "Mozilla/5.0 (Windows NT 10.0; Win64; x64; rv:137.0) Gecko/20100101 Firefox/137.0"
178.165.172.18 - - [04/Apr/2025:13:02:46 +0200] "GET /gui/javascript/form_form.js?1743764566 HTTP/1.1" 200 16206 "http://hausegger.activities.at/entry.php?id=10271&&ser=764506" "Mozilla/5.0 (Windows NT 10.0; Win64; x64; rv:137.0) Gecko/20100101 Firefox/137.0"
178.165.172.18 - - [04/Apr/2025:13:03:46 +0200] "GET /entry.php?id=10271&&ser=764566 HTTP/1.1" 200 987 "http://hausegger.activities.at/entry.php?id=10271&&ser=764506" "Mozilla/5.0 (Windows NT 10.0; Win64; x64; rv:137.0) Gecko/20100101 Firefox/137.0"
178.165.172.18 - - [04/Apr/2025:13:03:47 +0200] "GET /gui/javascript/form_form.js?1743764626 HTTP/1.1" 200 16206 "http://hausegger.activities.at/entry.php?id=10271&&ser=764566" "Mozilla/5.0 (Windows NT 10.0; Win64; x64; rv:137.0) Gecko/20100101 Firefox/137.0"
178.165.172.18 - - [04/Apr/2025:13:04:47 +0200] "GET /entry.php?id=10271&&ser=764626 HTTP/1.1" 200 986 "http://hausegger.activities.at/entry.php?id=10271&&ser=764566" "Mozilla/5.0 (Windows NT 10.0; Win64; x64; rv:137.0) Gecko/20100101 Firefox/137.0"
178.165.172.18 - - [04/Apr/2025:13:04:48 +0200] "GET /gui/javascript/form_form.js?1743764687 HTTP/1.1" 200 16206 "http://hausegger.activities.at/entry.php?id=10271&&ser=764626" "Mozilla/5.0 (Windows NT 10.0; Win64; x64; rv:137.0) Gecko/20100101 Firefox/137.0"
178.165.172.18 - - [04/Apr/2025:13:05:48 +0200] "GET /entry.php?id=10271&&ser=764687 HTTP/1.1" 200 987 "http://hausegger.activities.at/entry.php?id=10271&&ser=764626" "Mozilla/5.0 (Windows NT 10.0; Win64; x64; rv:137.0) Gecko/20100101 Firefox/137.0"
178.165.172.18 - - [04/Apr/2025:13:05:49 +0200] "GET /gui/javascript/form_form.js?1743764749 HTTP/1.1" 200 16206 "http://hausegger.activities.at/entry.php?id=10271&&ser=764687" "Mozilla/5.0 (Windows NT 10.0; Win64; x64; rv:137.0) Gecko/20100101 Firefox/137.0"
178.165.172.18 - - [04/Apr/2025:13:06:49 +0200] "GET /entry.php?id=10271&&ser=764749 HTTP/1.1" 200 986 "http://hausegger.activities.at/entry.php?id=10271&&ser=764687" "Mozilla/5.0 (Windows NT 10.0; Win64; x64; rv:137.0) Gecko/20100101 Firefox/137.0"
178.165.172.18 - - [04/Apr/2025:13:06:49 +0200] "GET /gui/javascript/form_form.js?1743764809 HTTP/1.1" 200 16206 "http://hausegger.activities.at/entry.php?id=10271&&ser=764749" "Mozilla/5.0 (Windows NT 10.0; Win64; x64; rv:137.0) Gecko/20100101 Firefox/137.0"
178.165.172.18 - - [04/Apr/2025:13:07:49 +0200] "GET /entry.php?id=10271&&ser=764809 HTTP/1.1" 200 987 "http://hausegger.activities.at/entry.php?id=10271&&ser=764749" "Mozilla/5.0 (Windows NT 10.0; Win64; x64; rv:137.0) Gecko/20100101 Firefox/137.0"
178.165.172.18 - - [04/Apr/2025:13:07:49 +0200] "GET /gui/javascript/form_form.js?1743764869 HTTP/1.1" 200 16206 "http://hausegger.activities.at/entry.php?id=10271&&ser=764809" "Mozilla/5.0 (Windows NT 10.0; Win64; x64; rv:137.0) Gecko/20100101 Firefox/137.0"
178.165.172.18 - - [04/Apr/2025:13:08:49 +0200] "GET /entry.php?id=10271&&ser=764869 HTTP/1.1" 200 987 "http://hausegger.activities.at/entry.php?id=10271&&ser=764809" "Mozilla/5.0 (Windows NT 10.0; Win64; x64; rv:137.0) Gecko/20100101 Firefox/137.0"
178.165.172.18 - - [04/Apr/2025:13:08:50 +0200] "GET /gui/javascript/form_form.js?1743764930 HTTP/1.1" 200 16206 "http://hausegger.activities.at/entry.php?id=10271&&ser=764869" "Mozilla/5.0 (Windows NT 10.0; Win64; x64; rv:137.0) Gecko/20100101 Firefox/137.0"
178.165.172.18 - - [04/Apr/2025:13:09:50 +0200] "GET /entry.php?id=10271&&ser=764930 HTTP/1.1" 200 987 "http://hausegger.activities.at/entry.php?id=10271&&ser=764869" "Mozilla/5.0 (Windows NT 10.0; Win64; x64; rv:137.0) Gecko/20100101 Firefox/137.0"
178.165.172.18 - - [04/Apr/2025:13:09:50 +0200] "GET /gui/javascript/form_form.js?1743764990 HTTP/1.1" 200 16206 "http://hausegger.activities.at/entry.php?id=10271&&ser=764930" "Mozilla/5.0 (Windows NT 10.0; Win64; x64; rv:137.0) Gecko/20100101 Firefox/137.0"
151.106.166.60 - - [04/Apr/2025:13:10:48 +0200] "GET /cron.php?cron_type=tidy_cache&sid=301472e380cd33a4964946d1e5c62890 HTTP/1.1" 404 290 "-" "Mozilla/5.0 (X11; Ubuntu; Linux x86_64; rv:72.0) Gecko/20100101 Firefox/72.0"
151.106.166.60 - - [04/Apr/2025:13:10:48 +0200] "GET /cron.php?cron_type=tidy_cache&sid=301472e380cd33a4964946d1e5c62890 HTTP/1.1" 404 290 "-" "Mozilla/5.0 (X11; Ubuntu; Linux x86_64; rv:72.0) Gecko/20100101 Firefox/72.0"
151.106.166.60 - - [04/Apr/2025:13:10:48 +0200] "GET /cron.php?cron_type=tidy_cache&sid=301472e380cd33a4964946d1e5c62890 HTTP/1.1" 404 290 "-" "Mozilla/5.0 (X11; Ubuntu; Linux x86_64; rv:72.0) Gecko/20100101 Firefox/72.0"
178.165.172.18 - - [04/Apr/2025:13:10:50 +0200] "GET /entry.php?id=10271&&ser=764990 HTTP/1.1" 200 987 "http://hausegger.activities.at/entry.php?id=10271&&ser=764930" "Mozilla/5.0 (Windows NT 10.0; Win64; x64; rv:137.0) Gecko/20100101 Firefox/137.0"
178.165.172.18 - - [04/Apr/2025:13:10:50 +0200] "GET /gui/javascript/form_form.js?1743765050 HTTP/1.1" 200 16206 "http://hausegger.activities.at/entry.php?id=10271&&ser=764990" "Mozilla/5.0 (Windows NT 10.0; Win64; x64; rv:137.0) Gecko/20100101 Firefox/137.0"
178.165.172.18 - - [04/Apr/2025:13:11:51 +0200] "GET /entry.php?id=10271&&ser=765050 HTTP/1.1" 200 986 "http://hausegger.activities.at/entry.php?id=10271&&ser=764990" "Mozilla/5.0 (Windows NT 10.0; Win64; x64; rv:137.0) Gecko/20100101 Firefox/137.0"
178.165.172.18 - - [04/Apr/2025:13:11:51 +0200] "GET /gui/javascript/form_form.js?1743765111 HTTP/1.1" 200 16206 "http://hausegger.activities.at/entry.php?id=10271&&ser=765050" "Mozilla/5.0 (Windows NT 10.0; Win64; x64; rv:137.0) Gecko/20100101 Firefox/137.0"
178.165.172.18 - - [04/Apr/2025:13:12:51 +0200] "GET /entry.php?id=10271&&ser=765111 HTTP/1.1" 200 986 "http://hausegger.activities.at/entry.php?id=10271&&ser=765050" "Mozilla/5.0 (Windows NT 10.0; Win64; x64; rv:137.0) Gecko/20100101 Firefox/137.0"
178.165.172.18 - - [04/Apr/2025:13:12:51 +0200] "GET /gui/javascript/form_form.js?1743765171 HTTP/1.1" 200 16206 "http://hausegger.activities.at/entry.php?id=10271&&ser=765111" "Mozilla/5.0 (Windows NT 10.0; Win64; x64; rv:137.0) Gecko/20100101 Firefox/137.0"
178.165.172.18 - - [04/Apr/2025:13:13:52 +0200] "GET /entry.php?id=10271&&ser=765171 HTTP/1.1" 200 987 "http://hausegger.activities.at/entry.php?id=10271&&ser=765111" "Mozilla/5.0 (Windows NT 10.0; Win64; x64; rv:137.0) Gecko/20100101 Firefox/137.0"
178.165.172.18 - - [04/Apr/2025:13:13:52 +0200] "GET /gui/javascript/form_form.js?1743765232 HTTP/1.1" 200 16206 "http://hausegger.activities.at/entry.php?id=10271&&ser=765171" "Mozilla/5.0 (Windows NT 10.0; Win64; x64; rv:137.0) Gecko/20100101 Firefox/137.0"
178.165.172.18 - - [04/Apr/2025:13:14:52 +0200] "GET /entry.php?id=10271&&ser=765232 HTTP/1.1" 200 987 "http://hausegger.activities.at/entry.php?id=10271&&ser=765171" "Mozilla/5.0 (Windows NT 10.0; Win64; x64; rv:137.0) Gecko/20100101 Firefox/137.0"
178.165.172.18 - - [04/Apr/2025:13:14:52 +0200] "GET /gui/javascript/form_form.js?1743765292 HTTP/1.1" 200 16206 "http://hausegger.activities.at/entry.php?id=10271&&ser=765232" "Mozilla/5.0 (Windows NT 10.0; Win64; x64; rv:137.0) Gecko/20100101 Firefox/137.0"
178.165.172.18 - - [04/Apr/2025:13:15:52 +0200] "GET /entry.php?id=10271&&ser=765292 HTTP/1.1" 200 987 "http://hausegger.activities.at/entry.php?id=10271&&ser=765232" "Mozilla/5.0 (Windows NT 10.0; Win64; x64; rv:137.0) Gecko/20100101 Firefox/137.0"
178.165.172.18 - - [04/Apr/2025:13:15:52 +0200] "GET /gui/javascript/form_form.js?1743765352 HTTP/1.1" 200 16206 "http://hausegger.activities.at/entry.php?id=10271&&ser=765292" "Mozilla/5.0 (Windows NT 10.0; Win64; x64; rv:137.0) Gecko/20100101 Firefox/137.0"
178.165.172.18 - - [04/Apr/2025:13:16:53 +0200] "GET /entry.php?id=10271&&ser=765352 HTTP/1.1" 200 987 "http://hausegger.activities.at/entry.php?id=10271&&ser=765292" "Mozilla/5.0 (Windows NT 10.0; Win64; x64; rv:137.0) Gecko/20100101 Firefox/137.0"
178.165.172.18 - - [04/Apr/2025:13:16:53 +0200] "GET /gui/javascript/form_form.js?1743765413 HTTP/1.1" 200 16206 "http://hausegger.activities.at/entry.php?id=10271&&ser=765352" "Mozilla/5.0 (Windows NT 10.0; Win64; x64; rv:137.0) Gecko/20100101 Firefox/137.0"
178.165.172.18 - - [04/Apr/2025:13:17:53 +0200] "GET /entry.php?id=10271&&ser=765413 HTTP/1.1" 200 986 "http://hausegger.activities.at/entry.php?id=10271&&ser=765352" "Mozilla/5.0 (Windows NT 10.0; Win64; x64; rv:137.0) Gecko/20100101 Firefox/137.0"
178.165.172.18 - - [04/Apr/2025:13:17:53 +0200] "GET /gui/javascript/form_form.js?1743765473 HTTP/1.1" 200 16206 "http://hausegger.activities.at/entry.php?id=10271&&ser=765413" "Mozilla/5.0 (Windows NT 10.0; Win64; x64; rv:137.0) Gecko/20100101 Firefox/137.0"
151.106.162.8 - - [04/Apr/2025:13:18:49 +0200] "GET /download/file.php?id=251&sid=c69a839e44c3409b71c45267b15d78ed HTTP/1.1" 404 297 "-" "Mozilla/5.0 (X11; Ubuntu; Linux x86_64; rv:72.0) Gecko/20100101 Firefox/72.0"
151.106.162.8 - - [04/Apr/2025:13:18:50 +0200] "GET /download/file.php?id=251&sid=c69a839e44c3409b71c45267b15d78ed HTTP/1.1" 404 297 "-" "Mozilla/5.0 (X11; Ubuntu; Linux x86_64; rv:72.0) Gecko/20100101 Firefox/72.0"
151.106.162.8 - - [04/Apr/2025:13:18:50 +0200] "GET /download/file.php?id=251&sid=c69a839e44c3409b71c45267b15d78ed HTTP/1.1" 404 297 "-" "Mozilla/5.0 (X11; Ubuntu; Linux x86_64; rv:72.0) Gecko/20100101 Firefox/72.0"
178.165.172.18 - - [04/Apr/2025:13:18:53 +0200] "GET /entry.php?id=10271&&ser=765473 HTTP/1.1" 200 988 "http://hausegger.activities.at/entry.php?id=10271&&ser=765413" "Mozilla/5.0 (Windows NT 10.0; Win64; x64; rv:137.0) Gecko/20100101 Firefox/137.0"
178.165.172.18 - - [04/Apr/2025:13:18:53 +0200] "GET /gui/javascript/form_form.js?1743765533 HTTP/1.1" 200 16206 "http://hausegger.activities.at/entry.php?id=10271&&ser=765473" "Mozilla/5.0 (Windows NT 10.0; Win64; x64; rv:137.0) Gecko/20100101 Firefox/137.0"
185.40.4.51 - - [04/Apr/2025:13:19:08 +0200] "GET / HTTP/1.1" 200 274 "-" "Mozilla/5.0 (Windows NT 10.0; Win64; x64) AppleWebKit/537.36 (KHTML, like Gecko) Chrome/90.0.4430.85 Safari/537.36 Edg/90.0.818.46"
178.165.172.18 - - [04/Apr/2025:13:19:54 +0200] "GET /entry.php?id=10271&&ser=765533 HTTP/1.1" 200 988 "http://hausegger.activities.at/entry.php?id=10271&&ser=765473" "Mozilla/5.0 (Windows NT 10.0; Win64; x64; rv:137.0) Gecko/20100101 Firefox/137.0"
178.165.172.18 - - [04/Apr/2025:13:19:54 +0200] "GET /gui/javascript/form_form.js?1743765594 HTTP/1.1" 200 16206 "http://hausegger.activities.at/entry.php?id=10271&&ser=765533" "Mozilla/5.0 (Windows NT 10.0; Win64; x64; rv:137.0) Gecko/20100101 Firefox/137.0"
178.165.172.18 - - [04/Apr/2025:13:20:54 +0200] "GET /entry.php?id=10271&&ser=765594 HTTP/1.1" 200 988 "http://hausegger.activities.at/entry.php?id=10271&&ser=765533" "Mozilla/5.0 (Windows NT 10.0; Win64; x64; rv:137.0) Gecko/20100101 Firefox/137.0"
178.165.172.18 - - [04/Apr/2025:13:20:54 +0200] "GET /gui/javascript/form_form.js?1743765654 HTTP/1.1" 200 16206 "http://hausegger.activities.at/entry.php?id=10271&&ser=765594" "Mozilla/5.0 (Windows NT 10.0; Win64; x64; rv:137.0) Gecko/20100101 Firefox/137.0"
178.165.172.18 - - [04/Apr/2025:13:21:54 +0200] "GET /entry.php?id=10271&&ser=765654 HTTP/1.1" 200 986 "http://hausegger.activities.at/entry.php?id=10271&&ser=765594" "Mozilla/5.0 (Windows NT 10.0; Win64; x64; rv:137.0) Gecko/20100101 Firefox/137.0"
178.165.172.18 - - [04/Apr/2025:13:21:54 +0200] "GET /gui/javascript/form_form.js?1743765714 HTTP/1.1" 200 16206 "http://hausegger.activities.at/entry.php?id=10271&&ser=765654" "Mozilla/5.0 (Windows NT 10.0; Win64; x64; rv:137.0) Gecko/20100101 Firefox/137.0"
178.165.172.18 - - [04/Apr/2025:13:22:55 +0200] "GET /entry.php?id=10271&&ser=765714 HTTP/1.1" 200 986 "http://hausegger.activities.at/entry.php?id=10271&&ser=765654" "Mozilla/5.0 (Windows NT 10.0; Win64; x64; rv:137.0) Gecko/20100101 Firefox/137.0"
178.165.172.18 - - [04/Apr/2025:13:22:55 +0200] "GET /gui/javascript/form_form.js?1743765775 HTTP/1.1" 200 16206 "http://hausegger.activities.at/entry.php?id=10271&&ser=765714" "Mozilla/5.0 (Windows NT 10.0; Win64; x64; rv:137.0) Gecko/20100101 Firefox/137.0"
220.89.4.100 - - [04/Apr/2025:13:23:11 +0200] "GET / HTTP/1.0" 200 423 "-" "curl/7.88.1"
178.165.172.18 - - [04/Apr/2025:13:23:55 +0200] "GET /entry.php?id=10271&&ser=765775 HTTP/1.1" 200 988 "http://hausegger.activities.at/entry.php?id=10271&&ser=765714" "Mozilla/5.0 (Windows NT 10.0; Win64; x64; rv:137.0) Gecko/20100101 Firefox/137.0"
178.165.172.18 - - [04/Apr/2025:13:23:55 +0200] "GET /gui/javascript/form_form.js?1743765835 HTTP/1.1" 200 16206 "http://hausegger.activities.at/entry.php?id=10271&&ser=765775" "Mozilla/5.0 (Windows NT 10.0; Win64; x64; rv:137.0) Gecko/20100101 Firefox/137.0"
178.165.172.18 - - [04/Apr/2025:13:24:55 +0200] "GET /entry.php?id=10271&&ser=765835 HTTP/1.1" 200 988 "http://hausegger.activities.at/entry.php?id=10271&&ser=765775" "Mozilla/5.0 (Windows NT 10.0; Win64; x64; rv:137.0) Gecko/20100101 Firefox/137.0"
178.165.172.18 - - [04/Apr/2025:13:24:55 +0200] "GET /gui/javascript/form_form.js?1743765895 HTTP/1.1" 200 16206 "http://hausegger.activities.at/entry.php?id=10271&&ser=765835" "Mozilla/5.0 (Windows NT 10.0; Win64; x64; rv:137.0) Gecko/20100101 Firefox/137.0"
178.165.172.18 - - [04/Apr/2025:13:25:56 +0200] "GET /entry.php?id=10271&&ser=765895 HTTP/1.1" 200 988 "http://hausegger.activities.at/entry.php?id=10271&&ser=765835" "Mozilla/5.0 (Windows NT 10.0; Win64; x64; rv:137.0) Gecko/20100101 Firefox/137.0"
178.165.172.18 - - [04/Apr/2025:13:25:56 +0200] "GET /gui/javascript/form_form.js?1743765956 HTTP/1.1" 200 16206 "http://hausegger.activities.at/entry.php?id=10271&&ser=765895" "Mozilla/5.0 (Windows NT 10.0; Win64; x64; rv:137.0) Gecko/20100101 Firefox/137.0"
110.35.152.45 - - [04/Apr/2025:13:26:18 +0200] "GET / HTTP/1.0" 200 423 "-" "curl/7.88.1"
178.165.172.18 - - [04/Apr/2025:13:26:56 +0200] "GET /entry.php?id=10271&&ser=765956 HTTP/1.1" 200 987 "http://hausegger.activities.at/entry.php?id=10271&&ser=765895" "Mozilla/5.0 (Windows NT 10.0; Win64; x64; rv:137.0) Gecko/20100101 Firefox/137.0"
178.165.172.18 - - [04/Apr/2025:13:26:56 +0200] "GET /gui/javascript/form_form.js?1743766016 HTTP/1.1" 200 16206 "http://hausegger.activities.at/entry.php?id=10271&&ser=765956" "Mozilla/5.0 (Windows NT 10.0; Win64; x64; rv:137.0) Gecko/20100101 Firefox/137.0"
151.106.162.8 - - [04/Apr/2025:13:27:47 +0200] "GET /cron.php?cron_type=tidy_cache&sid=5bc9406e00f29b6e539eb6132a701088 HTTP/1.1" 404 290 "-" "Mozilla/5.0 (X11; Ubuntu; Linux x86_64; rv:72.0) Gecko/20100101 Firefox/72.0"
151.106.162.8 - - [04/Apr/2025:13:27:47 +0200] "GET /cron.php?cron_type=tidy_cache&sid=5bc9406e00f29b6e539eb6132a701088 HTTP/1.1" 404 290 "-" "Mozilla/5.0 (X11; Ubuntu; Linux x86_64; rv:72.0) Gecko/20100101 Firefox/72.0"
151.106.162.8 - - [04/Apr/2025:13:27:47 +0200] "GET /cron.php?cron_type=tidy_cache&sid=5bc9406e00f29b6e539eb6132a701088 HTTP/1.1" 404 290 "-" "Mozilla/5.0 (X11; Ubuntu; Linux x86_64; rv:72.0) Gecko/20100101 Firefox/72.0"
178.165.172.18 - - [04/Apr/2025:13:27:56 +0200] "GET /entry.php?id=10271&&ser=766016 HTTP/1.1" 200 987 "http://hausegger.activities.at/entry.php?id=10271&&ser=765956" "Mozilla/5.0 (Windows NT 10.0; Win64; x64; rv:137.0) Gecko/20100101 Firefox/137.0"
178.165.172.18 - - [04/Apr/2025:13:27:57 +0200] "GET /gui/javascript/form_form.js?1743766076 HTTP/1.1" 200 16206 "http://hausegger.activities.at/entry.php?id=10271&&ser=766016" "Mozilla/5.0 (Windows NT 10.0; Win64; x64; rv:137.0) Gecko/20100101 Firefox/137.0"
178.165.172.18 - - [04/Apr/2025:13:28:57 +0200] "GET /entry.php?id=10271&&ser=766076 HTTP/1.1" 200 986 "http://hausegger.activities.at/entry.php?id=10271&&ser=766016" "Mozilla/5.0 (Windows NT 10.0; Win64; x64; rv:137.0) Gecko/20100101 Firefox/137.0"
178.165.172.18 - - [04/Apr/2025:13:28:57 +0200] "GET /gui/javascript/form_form.js?1743766137 HTTP/1.1" 200 16206 "http://hausegger.activities.at/entry.php?id=10271&&ser=766076" "Mozilla/5.0 (Windows NT 10.0; Win64; x64; rv:137.0) Gecko/20100101 Firefox/137.0"
103.206.103.134 - - [04/Apr/2025:13:29:22 +0200] "GET /boaform/admin/formLogin?username=user&psd=user HTTP/1.0" 404 378 "-" "-"
178.165.172.18 - - [04/Apr/2025:13:29:57 +0200] "GET /entry.php?id=10271&&ser=766137 HTTP/1.1" 200 987 "http://hausegger.activities.at/entry.php?id=10271&&ser=766076" "Mozilla/5.0 (Windows NT 10.0; Win64; x64; rv:137.0) Gecko/20100101 Firefox/137.0"
178.165.172.18 - - [04/Apr/2025:13:29:57 +0200] "GET /gui/javascript/form_form.js?1743766197 HTTP/1.1" 200 16206 "http://hausegger.activities.at/entry.php?id=10271&&ser=766137" "Mozilla/5.0 (Windows NT 10.0; Win64; x64; rv:137.0) Gecko/20100101 Firefox/137.0"
178.165.172.18 - - [04/Apr/2025:13:30:57 +0200] "GET /entry.php?id=10271&&ser=766197 HTTP/1.1" 200 988 "http://hausegger.activities.at/entry.php?id=10271&&ser=766137" "Mozilla/5.0 (Windows NT 10.0; Win64; x64; rv:137.0) Gecko/20100101 Firefox/137.0"
178.165.172.18 - - [04/Apr/2025:13:30:58 +0200] "GET /gui/javascript/form_form.js?1743766258 HTTP/1.1" 200 16206 "http://hausegger.activities.at/entry.php?id=10271&&ser=766197" "Mozilla/5.0 (Windows NT 10.0; Win64; x64; rv:137.0) Gecko/20100101 Firefox/137.0"
139.59.72.206 - - [04/Apr/2025:13:31:00 +0200] "GET / HTTP/1.1" 200 274 "-" "Mozilla/5.0 (compatible)"
139.59.72.206 - - [04/Apr/2025:13:31:00 +0200] "GET /activities.ico HTTP/1.1" 200 1406 "http://mail.universimed.pl/" "Mozilla/5.0 (compatible)"
139.59.72.206 - - [04/Apr/2025:13:31:01 +0200] "GET /ads.txt HTTP/1.1" 404 285 "-" "Mozilla/5.0 (compatible)"
167.94.138.62 - - [04/Apr/2025:13:31:18 +0200] "GET / HTTP/1.1" 200 274 "-" "Mozilla/5.0 (compatible; CensysInspect/1.1; +https://about.censys.io/)"
167.94.138.62 - - [04/Apr/2025:13:31:21 +0200] "GET /activities.ico HTTP/1.1" 200 1406 "-" "Mozilla/5.0 (compatible; CensysInspect/1.1; +https://about.censys.io/)"
167.94.138.62 - - [04/Apr/2025:13:31:28 +0200] "GET /favicon.ico HTTP/1.1" 404 284 "-" "Mozilla/5.0 (compatible; CensysInspect/1.1; +https://about.censys.io/)"
167.94.138.62 - - [04/Apr/2025:13:31:32 +0200] "PRI * HTTP/2.0" 400 383 "-" "-"
167.94.138.62 - - [04/Apr/2025:13:31:53 +0200] "GET /favicon.ico HTTP/1.1" 404 284 "-" "Mozilla/5.0 (compatible; CensysInspect/1.1; +https://about.censys.io/)"
167.94.138.62 - - [04/Apr/2025:13:31:56 +0200] "\x16\x03\x01" 400 383 "-" "-"
178.165.172.18 - - [04/Apr/2025:13:31:58 +0200] "GET /entry.php?id=10271&&ser=766257 HTTP/1.1" 200 987 "http://hausegger.activities.at/entry.php?id=10271&&ser=766197" "Mozilla/5.0 (Windows NT 10.0; Win64; x64; rv:137.0) Gecko/20100101 Firefox/137.0"
178.165.172.18 - - [04/Apr/2025:13:31:58 +0200] "GET /gui/javascript/form_form.js?1743766318 HTTP/1.1" 200 16206 "http://hausegger.activities.at/entry.php?id=10271&&ser=766257" "Mozilla/5.0 (Windows NT 10.0; Win64; x64; rv:137.0) Gecko/20100101 Firefox/137.0"
178.165.172.18 - - [04/Apr/2025:13:32:58 +0200] "GET /entry.php?id=10271&&ser=766318 HTTP/1.1" 200 987 "http://hausegger.activities.at/entry.php?id=10271&&ser=766257" "Mozilla/5.0 (Windows NT 10.0; Win64; x64; rv:137.0) Gecko/20100101 Firefox/137.0"
178.165.172.18 - - [04/Apr/2025:13:32:58 +0200] "GET /gui/javascript/form_form.js?1743766378 HTTP/1.1" 200 16206 "http://hausegger.activities.at/entry.php?id=10271&&ser=766318" "Mozilla/5.0 (Windows NT 10.0; Win64; x64; rv:137.0) Gecko/20100101 Firefox/137.0"
178.165.172.18 - - [04/Apr/2025:13:33:58 +0200] "GET /entry.php?id=10271&&ser=766378 HTTP/1.1" 200 986 "http://hausegger.activities.at/entry.php?id=10271&&ser=766318" "Mozilla/5.0 (Windows NT 10.0; Win64; x64; rv:137.0) Gecko/20100101 Firefox/137.0"
178.165.172.18 - - [04/Apr/2025:13:33:59 +0200] "GET /gui/javascript/form_form.js?1743766439 HTTP/1.1" 200 16206 "http://hausegger.activities.at/entry.php?id=10271&&ser=766378" "Mozilla/5.0 (Windows NT 10.0; Win64; x64; rv:137.0) Gecko/20100101 Firefox/137.0"
178.165.172.18 - - [04/Apr/2025:13:34:59 +0200] "GET /entry.php?id=10271&&ser=766439 HTTP/1.1" 200 987 "http://hausegger.activities.at/entry.php?id=10271&&ser=766378" "Mozilla/5.0 (Windows NT 10.0; Win64; x64; rv:137.0) Gecko/20100101 Firefox/137.0"
178.165.172.18 - - [04/Apr/2025:13:34:59 +0200] "GET /gui/javascript/form_form.js?1743766499 HTTP/1.1" 200 16206 "http://hausegger.activities.at/entry.php?id=10271&&ser=766439" "Mozilla/5.0 (Windows NT 10.0; Win64; x64; rv:137.0) Gecko/20100101 Firefox/137.0"
185.247.137.184 - - [04/Apr/2025:13:35:18 +0200] "GET / HTTP/1.1" 200 274 "-" "Mozilla/5.0 (compatible; InternetMeasurement/1.0; +https://internet-measurement.com/)"
87.236.176.205 - - [04/Apr/2025:13:35:20 +0200] "GET /activities.ico HTTP/1.1" 200 1406 "-" "Mozilla/5.0 (compatible; InternetMeasurement/1.0; +https://internet-measurement.com/)"
178.165.172.18 - - [04/Apr/2025:13:35:59 +0200] "GET /entry.php?id=10271&&ser=766499 HTTP/1.1" 200 988 "http://hausegger.activities.at/entry.php?id=10271&&ser=766439" "Mozilla/5.0 (Windows NT 10.0; Win64; x64; rv:137.0) Gecko/20100101 Firefox/137.0"
178.165.172.18 - - [04/Apr/2025:13:35:59 +0200] "GET /gui/javascript/form_form.js?1743766559 HTTP/1.1" 200 16206 "http://hausegger.activities.at/entry.php?id=10271&&ser=766499" "Mozilla/5.0 (Windows NT 10.0; Win64; x64; rv:137.0) Gecko/20100101 Firefox/137.0"
178.165.172.18 - - [04/Apr/2025:13:36:59 +0200] "GET /entry.php?id=10271&&ser=766559 HTTP/1.1" 200 987 "http://hausegger.activities.at/entry.php?id=10271&&ser=766499" "Mozilla/5.0 (Windows NT 10.0; Win64; x64; rv:137.0) Gecko/20100101 Firefox/137.0"
178.165.172.18 - - [04/Apr/2025:13:37:00 +0200] "GET /gui/javascript/form_form.js?1743766619 HTTP/1.1" 200 16206 "http://hausegger.activities.at/entry.php?id=10271&&ser=766559" "Mozilla/5.0 (Windows NT 10.0; Win64; x64; rv:137.0) Gecko/20100101 Firefox/137.0"
178.165.172.18 - - [04/Apr/2025:13:38:00 +0200] "GET /entry.php?id=10271&&ser=766619 HTTP/1.1" 200 987 "http://hausegger.activities.at/entry.php?id=10271&&ser=766559" "Mozilla/5.0 (Windows NT 10.0; Win64; x64; rv:137.0) Gecko/20100101 Firefox/137.0"
178.165.172.18 - - [04/Apr/2025:13:38:00 +0200] "GET /gui/javascript/form_form.js?1743766680 HTTP/1.1" 200 16206 "http://hausegger.activities.at/entry.php?id=10271&&ser=766619" "Mozilla/5.0 (Windows NT 10.0; Win64; x64; rv:137.0) Gecko/20100101 Firefox/137.0"
3.129.90.58 - - [04/Apr/2025:13:38:19 +0200] "GET /.env HTTP/1.1" 404 288 "-" "Mozilla/5.0 (Windows NT 10.0; WOW64) AppleWebKit/537.36 (KHTML, like Gecko) Chrome/55.0.2883.87 Safari/537.36"
178.165.172.18 - - [04/Apr/2025:13:39:00 +0200] "GET /entry.php?id=10271&&ser=766680 HTTP/1.1" 200 987 "http://hausegger.activities.at/entry.php?id=10271&&ser=766619" "Mozilla/5.0 (Windows NT 10.0; Win64; x64; rv:137.0) Gecko/20100101 Firefox/137.0"
178.165.172.18 - - [04/Apr/2025:13:39:00 +0200] "GET /gui/javascript/form_form.js?1743766740 HTTP/1.1" 200 16206 "http://hausegger.activities.at/entry.php?id=10271&&ser=766680" "Mozilla/5.0 (Windows NT 10.0; Win64; x64; rv:137.0) Gecko/20100101 Firefox/137.0"
178.165.172.18 - - [04/Apr/2025:13:40:01 +0200] "GET /entry.php?id=10271&&ser=766740 HTTP/1.1" 200 986 "http://hausegger.activities.at/entry.php?id=10271&&ser=766680" "Mozilla/5.0 (Windows NT 10.0; Win64; x64; rv:137.0) Gecko/20100101 Firefox/137.0"
178.165.172.18 - - [04/Apr/2025:13:40:01 +0200] "GET /gui/javascript/form_form.js?1743766801 HTTP/1.1" 200 16206 "http://hausegger.activities.at/entry.php?id=10271&&ser=766740" "Mozilla/5.0 (Windows NT 10.0; Win64; x64; rv:137.0) Gecko/20100101 Firefox/137.0"
178.165.172.18 - - [04/Apr/2025:13:41:02 +0200] "GET /entry.php?id=10271&&ser=766801 HTTP/1.1" 200 987 "http://hausegger.activities.at/entry.php?id=10271&&ser=766740" "Mozilla/5.0 (Windows NT 10.0; Win64; x64; rv:137.0) Gecko/20100101 Firefox/137.0"
178.165.172.18 - - [04/Apr/2025:13:41:02 +0200] "GET /gui/javascript/form_form.js?1743766862 HTTP/1.1" 200 16206 "http://hausegger.activities.at/entry.php?id=10271&&ser=766801" "Mozilla/5.0 (Windows NT 10.0; Win64; x64; rv:137.0) Gecko/20100101 Firefox/137.0"
178.165.172.18 - - [04/Apr/2025:13:42:02 +0200] "GET /entry.php?id=10271&&ser=766862 HTTP/1.1" 200 986 "http://hausegger.activities.at/entry.php?id=10271&&ser=766801" "Mozilla/5.0 (Windows NT 10.0; Win64; x64; rv:137.0) Gecko/20100101 Firefox/137.0"
178.165.172.18 - - [04/Apr/2025:13:42:02 +0200] "GET /gui/javascript/form_form.js?1743766922 HTTP/1.1" 200 16206 "http://hausegger.activities.at/entry.php?id=10271&&ser=766862" "Mozilla/5.0 (Windows NT 10.0; Win64; x64; rv:137.0) Gecko/20100101 Firefox/137.0"
178.165.172.18 - - [04/Apr/2025:13:43:02 +0200] "GET /entry.php?id=10271&&ser=766922 HTTP/1.1" 200 986 "http://hausegger.activities.at/entry.php?id=10271&&ser=766862" "Mozilla/5.0 (Windows NT 10.0; Win64; x64; rv:137.0) Gecko/20100101 Firefox/137.0"
178.165.172.18 - - [04/Apr/2025:13:43:03 +0200] "GET /gui/javascript/form_form.js?1743766982 HTTP/1.1" 200 16206 "http://hausegger.activities.at/entry.php?id=10271&&ser=766922" "Mozilla/5.0 (Windows NT 10.0; Win64; x64; rv:137.0) Gecko/20100101 Firefox/137.0"
178.165.172.18 - - [04/Apr/2025:13:44:03 +0200] "GET /entry.php?id=10271&&ser=766982 HTTP/1.1" 200 987 "http://hausegger.activities.at/entry.php?id=10271&&ser=766922" "Mozilla/5.0 (Windows NT 10.0; Win64; x64; rv:137.0) Gecko/20100101 Firefox/137.0"
178.165.172.18 - - [04/Apr/2025:13:44:03 +0200] "GET /gui/javascript/form_form.js?1743767043 HTTP/1.1" 200 16206 "http://hausegger.activities.at/entry.php?id=10271&&ser=766982" "Mozilla/5.0 (Windows NT 10.0; Win64; x64; rv:137.0) Gecko/20100101 Firefox/137.0"
178.165.172.18 - - [04/Apr/2025:13:45:03 +0200] "GET /entry.php?id=10271&&ser=767043 HTTP/1.1" 200 987 "http://hausegger.activities.at/entry.php?id=10271&&ser=766982" "Mozilla/5.0 (Windows NT 10.0; Win64; x64; rv:137.0) Gecko/20100101 Firefox/137.0"
178.165.172.18 - - [04/Apr/2025:13:45:03 +0200] "GET /gui/javascript/form_form.js?1743767103 HTTP/1.1" 200 16206 "http://hausegger.activities.at/entry.php?id=10271&&ser=767043" "Mozilla/5.0 (Windows NT 10.0; Win64; x64; rv:137.0) Gecko/20100101 Firefox/137.0"
178.165.172.18 - - [04/Apr/2025:13:46:03 +0200] "GET /entry.php?id=10271&&ser=767103 HTTP/1.1" 200 987 "http://hausegger.activities.at/entry.php?id=10271&&ser=767043" "Mozilla/5.0 (Windows NT 10.0; Win64; x64; rv:137.0) Gecko/20100101 Firefox/137.0"
178.165.172.18 - - [04/Apr/2025:13:46:03 +0200] "GET /gui/javascript/form_form.js?1743767163 HTTP/1.1" 200 16206 "http://hausegger.activities.at/entry.php?id=10271&&ser=767103" "Mozilla/5.0 (Windows NT 10.0; Win64; x64; rv:137.0) Gecko/20100101 Firefox/137.0"
178.165.172.18 - - [04/Apr/2025:13:47:04 +0200] "GET /entry.php?id=10271&&ser=767163 HTTP/1.1" 200 987 "http://hausegger.activities.at/entry.php?id=10271&&ser=767103" "Mozilla/5.0 (Windows NT 10.0; Win64; x64; rv:137.0) Gecko/20100101 Firefox/137.0"
178.165.172.18 - - [04/Apr/2025:13:47:04 +0200] "GET /gui/javascript/form_form.js?1743767224 HTTP/1.1" 200 16206 "http://hausegger.activities.at/entry.php?id=10271&&ser=767163" "Mozilla/5.0 (Windows NT 10.0; Win64; x64; rv:137.0) Gecko/20100101 Firefox/137.0"
178.165.172.18 - - [04/Apr/2025:13:48:04 +0200] "GET /entry.php?id=10271&&ser=767224 HTTP/1.1" 200 987 "http://hausegger.activities.at/entry.php?id=10271&&ser=767163" "Mozilla/5.0 (Windows NT 10.0; Win64; x64; rv:137.0) Gecko/20100101 Firefox/137.0"
178.165.172.18 - - [04/Apr/2025:13:48:04 +0200] "GET /gui/javascript/form_form.js?1743767284 HTTP/1.1" 200 16206 "http://hausegger.activities.at/entry.php?id=10271&&ser=767224" "Mozilla/5.0 (Windows NT 10.0; Win64; x64; rv:137.0) Gecko/20100101 Firefox/137.0"
178.165.172.18 - - [04/Apr/2025:13:49:04 +0200] "GET /entry.php?id=10271&&ser=767284 HTTP/1.1" 200 987 "http://hausegger.activities.at/entry.php?id=10271&&ser=767224" "Mozilla/5.0 (Windows NT 10.0; Win64; x64; rv:137.0) Gecko/20100101 Firefox/137.0"
178.165.172.18 - - [04/Apr/2025:13:49:04 +0200] "GET /gui/javascript/form_form.js?1743767344 HTTP/1.1" 200 16206 "http://hausegger.activities.at/entry.php?id=10271&&ser=767284" "Mozilla/5.0 (Windows NT 10.0; Win64; x64; rv:137.0) Gecko/20100101 Firefox/137.0"
178.165.172.18 - - [04/Apr/2025:13:50:05 +0200] "GET /entry.php?id=10271&&ser=767344 HTTP/1.1" 200 987 "http://hausegger.activities.at/entry.php?id=10271&&ser=767284" "Mozilla/5.0 (Windows NT 10.0; Win64; x64; rv:137.0) Gecko/20100101 Firefox/137.0"
178.165.172.18 - - [04/Apr/2025:13:50:05 +0200] "GET /gui/javascript/form_form.js?1743767405 HTTP/1.1" 200 16206 "http://hausegger.activities.at/entry.php?id=10271&&ser=767344" "Mozilla/5.0 (Windows NT 10.0; Win64; x64; rv:137.0) Gecko/20100101 Firefox/137.0"
178.165.172.18 - - [04/Apr/2025:13:51:05 +0200] "GET /entry.php?id=10271&&ser=767405 HTTP/1.1" 200 987 "http://hausegger.activities.at/entry.php?id=10271&&ser=767344" "Mozilla/5.0 (Windows NT 10.0; Win64; x64; rv:137.0) Gecko/20100101 Firefox/137.0"
178.165.172.18 - - [04/Apr/2025:13:51:05 +0200] "GET /gui/javascript/form_form.js?1743767465 HTTP/1.1" 200 16206 "http://hausegger.activities.at/entry.php?id=10271&&ser=767405" "Mozilla/5.0 (Windows NT 10.0; Win64; x64; rv:137.0) Gecko/20100101 Firefox/137.0"
178.165.172.18 - - [04/Apr/2025:13:52:05 +0200] "GET /entry.php?id=10271&&ser=767465 HTTP/1.1" 200 987 "http://hausegger.activities.at/entry.php?id=10271&&ser=767405" "Mozilla/5.0 (Windows NT 10.0; Win64; x64; rv:137.0) Gecko/20100101 Firefox/137.0"
178.165.172.18 - - [04/Apr/2025:13:52:05 +0200] "GET /gui/javascript/form_form.js?1743767525 HTTP/1.1" 200 16206 "http://hausegger.activities.at/entry.php?id=10271&&ser=767465" "Mozilla/5.0 (Windows NT 10.0; Win64; x64; rv:137.0) Gecko/20100101 Firefox/137.0"
178.165.172.18 - - [04/Apr/2025:13:53:06 +0200] "GET /entry.php?id=10271&&ser=767525 HTTP/1.1" 200 987 "http://hausegger.activities.at/entry.php?id=10271&&ser=767465" "Mozilla/5.0 (Windows NT 10.0; Win64; x64; rv:137.0) Gecko/20100101 Firefox/137.0"
178.165.172.18 - - [04/Apr/2025:13:53:06 +0200] "GET /gui/javascript/form_form.js?1743767586 HTTP/1.1" 200 16206 "http://hausegger.activities.at/entry.php?id=10271&&ser=767525" "Mozilla/5.0 (Windows NT 10.0; Win64; x64; rv:137.0) Gecko/20100101 Firefox/137.0"
