151.106.191.239 - - [05/Apr/2025:20:45:23 +0200] "GET /gallery/image.php?mode=thumbnail&album_id=1&image_id=113&sid=98b65d6c39c1263d86e03462d645a528 HTTP/1.1" 404 297 "-" "Mozilla/5.0 (X11; Ubuntu; Linux x86_64; rv:72.0) Gecko/20100101 Firefox/72.0"
151.106.191.239 - - [05/Apr/2025:20:45:24 +0200] "GET /gallery/image.php?mode=thumbnail&album_id=1&image_id=113&sid=98b65d6c39c1263d86e03462d645a528 HTTP/1.1" 404 297 "-" "Mozilla/5.0 (X11; Ubuntu; Linux x86_64; rv:72.0) Gecko/20100101 Firefox/72.0"
151.106.162.8 - - [05/Apr/2025:20:48:26 +0200] "GET /download/file.php?id=253&sid=4b83f2962f8d7246ca90199a1281e7f3 HTTP/1.1" 404 297 "-" "Mozilla/5.0 (X11; Ubuntu; Linux x86_64; rv:72.0) Gecko/20100101 Firefox/72.0"
151.106.162.8 - - [05/Apr/2025:20:48:26 +0200] "GET /download/file.php?id=253&sid=4b83f2962f8d7246ca90199a1281e7f3 HTTP/1.1" 404 297 "-" "Mozilla/5.0 (X11; Ubuntu; Linux x86_64; rv:72.0) Gecko/20100101 Firefox/72.0"
151.106.162.8 - - [05/Apr/2025:20:48:26 +0200] "GET /download/file.php?id=253&sid=4b83f2962f8d7246ca90199a1281e7f3 HTTP/1.1" 404 297 "-" "Mozilla/5.0 (X11; Ubuntu; Linux x86_64; rv:72.0) Gecko/20100101 Firefox/72.0"
156.59.198.135 - - [05/Apr/2025:20:49:41 +0200] "GET /renault.activities.at/htdocs/export/pdf/emuc_document/12135439.pdf HTTP/1.0" 404 322 "-" "Mozilla/5.0 (Linux; Android 5.0) AppleWebKit/537.36 (KHTML, like Gecko) Mobile Safari/537.36 (compatible; Bytespider; spider-feedback@bytedance.com)"
156.59.198.135 - - [05/Apr/2025:20:49:50 +0200] "GET /renault.activities.at/htdocs/export/pdf/emuc_document/10533380.pdf HTTP/1.0" 404 322 "-" "Mozilla/5.0 (Linux; Android 5.0) AppleWebKit/537.36 (KHTML, like Gecko) Mobile Safari/537.36 (compatible; Bytespider; spider-feedback@bytedance.com)"
151.106.181.25 - - [05/Apr/2025:20:51:09 +0200] "GET /gallery/image.php?mode=thumbnail&album_id=8&image_id=106&sid=ba9aa32efebca7190ef7f73342cbbe84 HTTP/1.1" 404 297 "-" "Mozilla/5.0 (X11; Ubuntu; Linux x86_64; rv:72.0) Gecko/20100101 Firefox/72.0"
151.106.181.25 - - [05/Apr/2025:20:51:09 +0200] "GET /gallery/image.php?mode=thumbnail&album_id=8&image_id=106&sid=ba9aa32efebca7190ef7f73342cbbe84 HTTP/1.1" 404 297 "-" "Mozilla/5.0 (X11; Ubuntu; Linux x86_64; rv:72.0) Gecko/20100101 Firefox/72.0"
151.106.181.25 - - [05/Apr/2025:20:51:10 +0200] "GET /gallery/image.php?mode=thumbnail&album_id=8&image_id=106&sid=ba9aa32efebca7190ef7f73342cbbe84 HTTP/1.1" 404 297 "-" "Mozilla/5.0 (X11; Ubuntu; Linux x86_64; rv:72.0) Gecko/20100101 Firefox/72.0"
151.106.186.76 - - [05/Apr/2025:20:58:49 +0200] "GET /gallery/image.php?mode=thumbnail&album_id=3&image_id=90&sid=56b4f06bdec0473c39966f66e193cbed HTTP/1.1" 404 297 "-" "Mozilla/5.0 (X11; Ubuntu; Linux x86_64; rv:72.0) Gecko/20100101 Firefox/72.0"
151.106.186.76 - - [05/Apr/2025:20:58:49 +0200] "GET /gallery/image.php?mode=thumbnail&album_id=3&image_id=90&sid=56b4f06bdec0473c39966f66e193cbed HTTP/1.1" 404 297 "-" "Mozilla/5.0 (X11; Ubuntu; Linux x86_64; rv:72.0) Gecko/20100101 Firefox/72.0"
151.106.186.76 - - [05/Apr/2025:20:58:49 +0200] "GET /gallery/image.php?mode=thumbnail&album_id=3&image_id=90&sid=56b4f06bdec0473c39966f66e193cbed HTTP/1.1" 404 297 "-" "Mozilla/5.0 (X11; Ubuntu; Linux x86_64; rv:72.0) Gecko/20100101 Firefox/72.0"
156.59.198.135 - - [05/Apr/2025:21:00:06 +0200] "GET /renault.activities.at/htdocs/export/pdf/emuc_document/12291191.pdf HTTP/1.0" 404 321 "-" "Mozilla/5.0 (Linux; Android 5.0) AppleWebKit/537.36 (KHTML, like Gecko) Mobile Safari/537.36 (compatible; Bytespider; spider-feedback@bytedance.com)"
151.106.181.99 - - [05/Apr/2025:21:01:51 +0200] "GET /download/file.php?id=256&sid=4f90275dd0560d07d2f6c26fd482480d HTTP/1.1" 404 297 "-" "Mozilla/5.0 (X11; Ubuntu; Linux x86_64; rv:72.0) Gecko/20100101 Firefox/72.0"
151.106.181.99 - - [05/Apr/2025:21:01:51 +0200] "GET /download/file.php?id=256&sid=4f90275dd0560d07d2f6c26fd482480d HTTP/1.1" 404 297 "-" "Mozilla/5.0 (X11; Ubuntu; Linux x86_64; rv:72.0) Gecko/20100101 Firefox/72.0"
151.106.181.99 - - [05/Apr/2025:21:01:51 +0200] "GET /download/file.php?id=256&sid=4f90275dd0560d07d2f6c26fd482480d HTTP/1.1" 404 297 "-" "Mozilla/5.0 (X11; Ubuntu; Linux x86_64; rv:72.0) Gecko/20100101 Firefox/72.0"
151.106.178.34 - - [05/Apr/2025:21:02:57 +0200] "GET /download/file.php?id=234&sid=f6a70b1fe567e8012eb770e83e3db242 HTTP/1.1" 404 297 "-" "Mozilla/5.0 (X11; Ubuntu; Linux x86_64; rv:72.0) Gecko/20100101 Firefox/72.0"
151.106.178.34 - - [05/Apr/2025:21:02:57 +0200] "GET /download/file.php?id=234&sid=f6a70b1fe567e8012eb770e83e3db242 HTTP/1.1" 404 297 "-" "Mozilla/5.0 (X11; Ubuntu; Linux x86_64; rv:72.0) Gecko/20100101 Firefox/72.0"
151.106.178.34 - - [05/Apr/2025:21:02:58 +0200] "GET /download/file.php?id=234&sid=f6a70b1fe567e8012eb770e83e3db242 HTTP/1.1" 404 297 "-" "Mozilla/5.0 (X11; Ubuntu; Linux x86_64; rv:72.0) Gecko/20100101 Firefox/72.0"
185.40.4.51 - - [05/Apr/2025:21:06:09 +0200] "GET / HTTP/1.1" 200 274 "-" "Mozilla/5.0 (Windows NT 10.0; Win64; x64) AppleWebKit/537.36 (KHTML, like Gecko) Chrome/90.0.4430.85 Safari/537.36 Edg/90.0.818.46"
151.106.166.201 - - [05/Apr/2025:21:12:19 +0200] "GET /cron.php?cron_type=tidy_cache&sid=201ba20d34885bd309e49151bed74b3a HTTP/1.1" 404 290 "-" "Mozilla/5.0 (X11; Ubuntu; Linux x86_64; rv:72.0) Gecko/20100101 Firefox/72.0"
151.106.166.201 - - [05/Apr/2025:21:12:19 +0200] "GET /cron.php?cron_type=tidy_cache&sid=201ba20d34885bd309e49151bed74b3a HTTP/1.1" 404 290 "-" "Mozilla/5.0 (X11; Ubuntu; Linux x86_64; rv:72.0) Gecko/20100101 Firefox/72.0"
151.106.166.201 - - [05/Apr/2025:21:12:19 +0200] "GET /cron.php?cron_type=tidy_cache&sid=201ba20d34885bd309e49151bed74b3a HTTP/1.1" 404 290 "-" "Mozilla/5.0 (X11; Ubuntu; Linux x86_64; rv:72.0) Gecko/20100101 Firefox/72.0"
217.114.43.161 - - [05/Apr/2025:21:13:05 +0200] "GET /phpinfo HTTP/1.1" 404 282 "-" "Mozilla/5.0 (Windows NT 10.0; Win64; x64) AppleWebKit/537.36 (KHTML, like Gecko) Chrome/91.0.4472.124 Safari/537.36"
217.114.43.161 - - [05/Apr/2025:21:13:06 +0200] "GET /phpinfo.php HTTP/1.1" 200 10210 "-" "Mozilla/5.0 (X11; Linux x86_64) AppleWebKit/537.36 (KHTML, like Gecko) Chrome/91.0.4472.124 Safari/537.36"
217.114.43.161 - - [05/Apr/2025:21:13:06 +0200] "GET /test.php HTTP/1.1" 200 20 "-" "Mozilla/5.0 (Macintosh; Intel Mac OS X 10_15_7) AppleWebKit/537.36 (KHTML, like Gecko) Chrome/91.0.4472.124 Safari/537.36"
217.114.43.161 - - [05/Apr/2025:21:13:06 +0200] "GET /_profiler/phpinfo HTTP/1.1" 404 289 "-" "Mozilla/5.0 (X11; Linux x86_64) AppleWebKit/537.36 (KHTML, like Gecko) Chrome/91.0.4472.124 Safari/537.36"
217.114.43.161 - - [05/Apr/2025:21:13:06 +0200] "GET /info.php HTTP/1.1" 404 283 "-" "Mozilla/5.0 (Windows NT 10.0; Win64; x64) AppleWebKit/537.36 (KHTML, like Gecko) Chrome/91.0.4472.124 Safari/537.36"
217.114.43.161 - - [05/Apr/2025:21:13:06 +0200] "GET /php.php HTTP/1.1" 404 281 "-" "Mozilla/5.0 (Macintosh; Intel Mac OS X 10_15_7) AppleWebKit/537.36 (KHTML, like Gecko) Chrome/91.0.4472.124 Safari/537.36"
217.114.43.161 - - [05/Apr/2025:21:13:06 +0200] "GET /i.php HTTP/1.1" 404 280 "-" "Mozilla/5.0 (Windows NT 10.0; Win64; x64) AppleWebKit/537.36 (KHTML, like Gecko) Chrome/91.0.4472.124 Safari/537.36"
217.114.43.161 - - [05/Apr/2025:21:13:06 +0200] "GET /pi.php HTTP/1.1" 404 281 "-" "Mozilla/5.0 (X11; Linux x86_64) AppleWebKit/537.36 (KHTML, like Gecko) Chrome/91.0.4472.124 Safari/537.36"
217.114.43.161 - - [05/Apr/2025:21:13:07 +0200] "GET /phpinfo1.php HTTP/1.1" 404 285 "-" "Mozilla/5.0 (Macintosh; Intel Mac OS X 10_15_7) AppleWebKit/537.36 (KHTML, like Gecko) Chrome/91.0.4472.124 Safari/537.36"
217.114.43.161 - - [05/Apr/2025:21:13:07 +0200] "GET /.aws/credentials HTTP/1.1" 404 287 "-" "Mozilla/5.0 (X11; Linux x86_64) AppleWebKit/537.36 (KHTML, like Gecko) Chrome/91.0.4472.124 Safari/537.36"
217.114.43.161 - - [05/Apr/2025:21:13:07 +0200] "GET /p.php HTTP/1.1" 404 280 "-" "Mozilla/5.0 (Macintosh; Intel Mac OS X 10_15_7) AppleWebKit/537.36 (KHTML, like Gecko) Chrome/91.0.4472.124 Safari/537.36"
217.114.43.161 - - [05/Apr/2025:21:13:07 +0200] "GET /1.php HTTP/1.1" 404 280 "-" "Mozilla/5.0 (X11; Linux x86_64) AppleWebKit/537.36 (KHTML, like Gecko) Chrome/91.0.4472.124 Safari/537.36"
156.59.198.135 - - [05/Apr/2025:21:14:46 +0200] "GET /renault.activities.at/htdocs/export/pdf/emuc_document/11907420.pdf HTTP/1.0" 404 322 "-" "Mozilla/5.0 (Linux; Android 5.0) AppleWebKit/537.36 (KHTML, like Gecko) Mobile Safari/537.36 (compatible; Bytespider; spider-feedback@bytedance.com)"
156.59.198.135 - - [05/Apr/2025:21:14:55 +0200] "GET /renault.activities.at/htdocs/export/pdf/emuc_document/10424458.pdf HTTP/1.0" 404 321 "-" "Mozilla/5.0 (Linux; Android 5.0) AppleWebKit/537.36 (KHTML, like Gecko) Mobile Safari/537.36 (compatible; Bytespider; spider-feedback@bytedance.com)"
151.106.160.158 - - [05/Apr/2025:21:15:31 +0200] "GET /styles/Factions/theme/images/tabstrip_ababi.png HTTP/1.1" 404 317 "-" "Mozilla/5.0 (X11; Ubuntu; Linux x86_64; rv:72.0) Gecko/20100101 Firefox/72.0"
151.106.160.158 - - [05/Apr/2025:21:15:31 +0200] "GET /styles/Factions/theme/images/tabstrip_ababi.png HTTP/1.1" 404 317 "-" "Mozilla/5.0 (X11; Ubuntu; Linux x86_64; rv:72.0) Gecko/20100101 Firefox/72.0"
151.106.160.158 - - [05/Apr/2025:21:15:31 +0200] "GET /styles/Factions/theme/images/tabstrip_ababi.png HTTP/1.1" 404 317 "-" "Mozilla/5.0 (X11; Ubuntu; Linux x86_64; rv:72.0) Gecko/20100101 Firefox/72.0"
151.106.165.204 - - [05/Apr/2025:21:16:32 +0200] "GET /cron.php?cron_type=tidy_cache&sid=9c4ba30fe00809dc8e1222fca0ba7dcb HTTP/1.1" 404 290 "-" "Mozilla/5.0 (X11; Ubuntu; Linux x86_64; rv:72.0) Gecko/20100101 Firefox/72.0"
151.106.165.204 - - [05/Apr/2025:21:16:33 +0200] "GET /cron.php?cron_type=tidy_cache&sid=9c4ba30fe00809dc8e1222fca0ba7dcb HTTP/1.1" 404 290 "-" "Mozilla/5.0 (X11; Ubuntu; Linux x86_64; rv:72.0) Gecko/20100101 Firefox/72.0"
151.106.165.204 - - [05/Apr/2025:21:16:33 +0200] "GET /cron.php?cron_type=tidy_cache&sid=9c4ba30fe00809dc8e1222fca0ba7dcb HTTP/1.1" 404 290 "-" "Mozilla/5.0 (X11; Ubuntu; Linux x86_64; rv:72.0) Gecko/20100101 Firefox/72.0"
80.82.77.202 - - [05/Apr/2025:21:18:06 +0200] "\x16\x03\x02\x01o\x01" 400 383 "-" "-"
151.106.164.53 - - [05/Apr/2025:21:19:07 +0200] "GET /download/file.php?id=252&sid=11a8732ec75b9537fd82dc56ac552843 HTTP/1.1" 404 297 "-" "Mozilla/5.0 (X11; Ubuntu; Linux x86_64; rv:72.0) Gecko/20100101 Firefox/72.0"
151.106.164.53 - - [05/Apr/2025:21:19:07 +0200] "GET /download/file.php?id=252&sid=11a8732ec75b9537fd82dc56ac552843 HTTP/1.1" 404 297 "-" "Mozilla/5.0 (X11; Ubuntu; Linux x86_64; rv:72.0) Gecko/20100101 Firefox/72.0"
151.106.164.53 - - [05/Apr/2025:21:19:07 +0200] "GET /download/file.php?id=252&sid=11a8732ec75b9537fd82dc56ac552843 HTTP/1.1" 404 297 "-" "Mozilla/5.0 (X11; Ubuntu; Linux x86_64; rv:72.0) Gecko/20100101 Firefox/72.0"
151.106.163.149 - - [05/Apr/2025:21:19:44 +0200] "GET /cron.php?cron_type=tidy_cache&sid=6569f7a3c70e9e56284ff4fcbba59434 HTTP/1.1" 404 290 "-" "Mozilla/5.0 (X11; Ubuntu; Linux x86_64; rv:72.0) Gecko/20100101 Firefox/72.0"
151.106.163.149 - - [05/Apr/2025:21:19:44 +0200] "GET /cron.php?cron_type=tidy_cache&sid=6569f7a3c70e9e56284ff4fcbba59434 HTTP/1.1" 404 290 "-" "Mozilla/5.0 (X11; Ubuntu; Linux x86_64; rv:72.0) Gecko/20100101 Firefox/72.0"
151.106.163.149 - - [05/Apr/2025:21:19:45 +0200] "GET /cron.php?cron_type=tidy_cache&sid=6569f7a3c70e9e56284ff4fcbba59434 HTTP/1.1" 404 290 "-" "Mozilla/5.0 (X11; Ubuntu; Linux x86_64; rv:72.0) Gecko/20100101 Firefox/72.0"
156.59.198.136 - - [05/Apr/2025:21:25:21 +0200] "GET /renault.activities.at/htdocs/export/pdf/emuc_document/11293674.pdf HTTP/1.0" 404 323 "-" "Mozilla/5.0 (Linux; Android 5.0) AppleWebKit/537.36 (KHTML, like Gecko) Mobile Safari/537.36 (compatible; Bytespider; spider-feedback@bytedance.com)"
156.59.198.136 - - [05/Apr/2025:21:48:57 +0200] "GET /renault.activities.at/htdocs/export/pdf/emuc_document/11890628.pdf HTTP/1.0" 404 321 "-" "Mozilla/5.0 (Linux; Android 5.0) AppleWebKit/537.36 (KHTML, like Gecko) Mobile Safari/537.36 (compatible; Bytespider; spider-feedback@bytedance.com)"
151.106.164.53 - - [05/Apr/2025:21:49:08 +0200] "GET /cron.php?cron_type=tidy_cache&sid=14e3402d4ec2d6b5bf1a6925fbe88846 HTTP/1.1" 404 290 "-" "Mozilla/5.0 (X11; Ubuntu; Linux x86_64; rv:72.0) Gecko/20100101 Firefox/72.0"
151.106.164.53 - - [05/Apr/2025:21:49:08 +0200] "GET /cron.php?cron_type=tidy_cache&sid=14e3402d4ec2d6b5bf1a6925fbe88846 HTTP/1.1" 404 290 "-" "Mozilla/5.0 (X11; Ubuntu; Linux x86_64; rv:72.0) Gecko/20100101 Firefox/72.0"
151.106.164.53 - - [05/Apr/2025:21:49:08 +0200] "GET /cron.php?cron_type=tidy_cache&sid=14e3402d4ec2d6b5bf1a6925fbe88846 HTTP/1.1" 404 290 "-" "Mozilla/5.0 (X11; Ubuntu; Linux x86_64; rv:72.0) Gecko/20100101 Firefox/72.0"
151.106.164.53 - - [05/Apr/2025:21:52:51 +0200] "GET /gallery/image.php?mode=thumbnail&album_id=1&image_id=111&sid=e5051ba9473c282fecf5745c1acf77e8 HTTP/1.1" 404 297 "-" "Mozilla/5.0 (X11; Ubuntu; Linux x86_64; rv:72.0) Gecko/20100101 Firefox/72.0"
151.106.164.53 - - [05/Apr/2025:21:52:51 +0200] "GET /gallery/image.php?mode=thumbnail&album_id=1&image_id=111&sid=e5051ba9473c282fecf5745c1acf77e8 HTTP/1.1" 404 297 "-" "Mozilla/5.0 (X11; Ubuntu; Linux x86_64; rv:72.0) Gecko/20100101 Firefox/72.0"
151.106.164.53 - - [05/Apr/2025:21:52:51 +0200] "GET /gallery/image.php?mode=thumbnail&album_id=1&image_id=111&sid=e5051ba9473c282fecf5745c1acf77e8 HTTP/1.1" 404 297 "-" "Mozilla/5.0 (X11; Ubuntu; Linux x86_64; rv:72.0) Gecko/20100101 Firefox/72.0"
154.81.156.35 - - [05/Apr/2025:21:54:58 +0200] "GET / HTTP/1.1" 200 274 "-" "Mozilla/5.0 (Windows NT 10.0; Win64; x64) AppleWebKit/537.36 (KHTML, like Gecko) Chrome/90.0.4430.85 Safari/537.36 Edg/90.0.818.46"
156.59.198.136 - - [05/Apr/2025:21:59:04 +0200] "GET /renault.activities.at/htdocs/export/pdf/emuc_document/12000991.pdf HTTP/1.0" 404 321 "-" "Mozilla/5.0 (Linux; Android 5.0) AppleWebKit/537.36 (KHTML, like Gecko) Mobile Safari/537.36 (compatible; Bytespider; spider-feedback@bytedance.com)"
205.210.31.21 - - [05/Apr/2025:22:00:16 +0200] "GET / HTTP/1.1" 200 423 "-" "-"
5.183.209.244 - - [05/Apr/2025:22:02:07 +0200] "GET / HTTP/1.1" 200 423 "-" "-"
151.106.181.25 - - [05/Apr/2025:22:08:43 +0200] "GET /download/file.php?id=253&sid=c4442f772187b7f93af5b7b474e6d7de HTTP/1.1" 404 297 "-" "Mozilla/5.0 (X11; Ubuntu; Linux x86_64; rv:72.0) Gecko/20100101 Firefox/72.0"
151.106.181.25 - - [05/Apr/2025:22:08:43 +0200] "GET /download/file.php?id=253&sid=c4442f772187b7f93af5b7b474e6d7de HTTP/1.1" 404 297 "-" "Mozilla/5.0 (X11; Ubuntu; Linux x86_64; rv:72.0) Gecko/20100101 Firefox/72.0"
151.106.181.25 - - [05/Apr/2025:22:08:43 +0200] "GET /download/file.php?id=253&sid=c4442f772187b7f93af5b7b474e6d7de HTTP/1.1" 404 297 "-" "Mozilla/5.0 (X11; Ubuntu; Linux x86_64; rv:72.0) Gecko/20100101 Firefox/72.0"
57.129.64.237 - - [05/Apr/2025:22:10:14 +0200] "GET / HTTP/1.1" 200 274 "-" "Mozilla/5.0 (compatible; ModatScanner/1.0; +https://modat.io/)"
156.59.198.135 - - [05/Apr/2025:22:13:50 +0200] "GET /renault.activities.at/htdocs/export/pdf/emuc_document/11254020.pdf HTTP/1.0" 404 321 "-" "Mozilla/5.0 (Linux; Android 5.0) AppleWebKit/537.36 (KHTML, like Gecko) Mobile Safari/537.36 (compatible; Bytespider; spider-feedback@bytedance.com)"
100.14.83.251 - - [05/Apr/2025:22:15:55 +0200] "GET / HTTP/1.0" 200 423 "-" "curl/7.88.1"
154.81.156.34 - - [05/Apr/2025:22:19:57 +0200] "GET / HTTP/1.1" 200 274 "-" "Mozilla/5.0 (Windows NT 10.0; Win64; x64) AppleWebKit/537.36 (KHTML, like Gecko) Chrome/90.0.4430.85 Safari/537.36 Edg/90.0.818.46"
92.255.57.58 - - [05/Apr/2025:22:29:15 +0200] "GET /?XDEBUG_SESSION_START=phpstorm HTTP/1.1" 200 274 "-" "Mozilla/5.0 (Windows NT 10.0; Win64; x64) AppleWebKit/537.36 (KHTML, like Gecko) Chrome/78.0.3904.108 Safari/537.36"
151.106.166.201 - - [05/Apr/2025:22:34:42 +0200] "GET /download/file.php?id=251&sid=d75a97c061b522f01c6747d240bc0429 HTTP/1.1" 404 297 "-" "Mozilla/5.0 (X11; Ubuntu; Linux x86_64; rv:72.0) Gecko/20100101 Firefox/72.0"
151.106.166.201 - - [05/Apr/2025:22:34:42 +0200] "GET /download/file.php?id=251&sid=d75a97c061b522f01c6747d240bc0429 HTTP/1.1" 404 297 "-" "Mozilla/5.0 (X11; Ubuntu; Linux x86_64; rv:72.0) Gecko/20100101 Firefox/72.0"
151.106.166.201 - - [05/Apr/2025:22:34:43 +0200] "GET /download/file.php?id=251&sid=d75a97c061b522f01c6747d240bc0429 HTTP/1.1" 404 297 "-" "Mozilla/5.0 (X11; Ubuntu; Linux x86_64; rv:72.0) Gecko/20100101 Firefox/72.0"
109.205.213.198 - - [05/Apr/2025:22:46:48 +0200] "GET / HTTP/1.1" 200 274 "-" "Mozilla/5.0 (Windows NT 10.0; Win64; x64) AppleWebKit/537.36 (KHTML, like Gecko) Chrome/90.0.4430.85 Safari/537.36 Edg/90.0.818.46"
103.207.124.126 - - [05/Apr/2025:22:53:29 +0200] "GET /boaform/admin/formLogin?username=admin&psd=admin HTTP/1.0" 404 378 "-" "-"
156.59.198.136 - - [05/Apr/2025:22:55:32 +0200] "GET /renault.activities.at/htdocs/export/pdf/emuc_document/11312036.pdf HTTP/1.0" 404 322 "-" "Mozilla/5.0 (Linux; Android 5.0) AppleWebKit/537.36 (KHTML, like Gecko) Mobile Safari/537.36 (compatible; Bytespider; spider-feedback@bytedance.com)"
156.59.198.136 - - [05/Apr/2025:22:55:40 +0200] "GET /renault.activities.at/htdocs/export/pdf/emuc_document/11320807.pdf HTTP/1.0" 404 322 "-" "Mozilla/5.0 (Linux; Android 5.0) AppleWebKit/537.36 (KHTML, like Gecko) Mobile Safari/537.36 (compatible; Bytespider; spider-feedback@bytedance.com)"
151.106.169.235 - - [05/Apr/2025:22:57:01 +0200] "GET /cron.php?cron_type=tidy_cache&sid=a80f29fc37c8a6cd32e5dc07420a70d6 HTTP/1.1" 404 290 "-" "Mozilla/5.0 (X11; Ubuntu; Linux x86_64; rv:72.0) Gecko/20100101 Firefox/72.0"
151.106.169.235 - - [05/Apr/2025:22:57:01 +0200] "GET /cron.php?cron_type=tidy_cache&sid=a80f29fc37c8a6cd32e5dc07420a70d6 HTTP/1.1" 404 290 "-" "Mozilla/5.0 (X11; Ubuntu; Linux x86_64; rv:72.0) Gecko/20100101 Firefox/72.0"
151.106.169.235 - - [05/Apr/2025:22:57:01 +0200] "GET /cron.php?cron_type=tidy_cache&sid=a80f29fc37c8a6cd32e5dc07420a70d6 HTTP/1.1" 404 290 "-" "Mozilla/5.0 (X11; Ubuntu; Linux x86_64; rv:72.0) Gecko/20100101 Firefox/72.0"
156.59.198.135 - - [05/Apr/2025:22:59:33 +0200] "GET /renault.activities.at/htdocs/export/pdf/emuc_document/12205398.pdf HTTP/1.0" 404 322 "-" "Mozilla/5.0 (Linux; Android 5.0) AppleWebKit/537.36 (KHTML, like Gecko) Mobile Safari/537.36 (compatible; Bytespider; spider-feedback@bytedance.com)"
156.59.198.136 - - [05/Apr/2025:23:05:48 +0200] "GET /renault.activities.at/htdocs/export/pdf/emuc_document/11504440.pdf HTTP/1.0" 404 321 "-" "Mozilla/5.0 (Linux; Android 5.0) AppleWebKit/537.36 (KHTML, like Gecko) Mobile Safari/537.36 (compatible; Bytespider; spider-feedback@bytedance.com)"
151.106.164.42 - - [05/Apr/2025:23:24:47 +0200] "GET /download/file.php?id=251&sid=a64ee32341bd27d175c1b2e2bc4968ca HTTP/1.1" 404 297 "-" "Mozilla/5.0 (X11; Ubuntu; Linux x86_64; rv:72.0) Gecko/20100101 Firefox/72.0"
151.106.164.42 - - [05/Apr/2025:23:24:47 +0200] "GET /download/file.php?id=251&sid=a64ee32341bd27d175c1b2e2bc4968ca HTTP/1.1" 404 297 "-" "Mozilla/5.0 (X11; Ubuntu; Linux x86_64; rv:72.0) Gecko/20100101 Firefox/72.0"
151.106.164.42 - - [05/Apr/2025:23:24:47 +0200] "GET /download/file.php?id=251&sid=a64ee32341bd27d175c1b2e2bc4968ca HTTP/1.1" 404 297 "-" "Mozilla/5.0 (X11; Ubuntu; Linux x86_64; rv:72.0) Gecko/20100101 Firefox/72.0"
5.183.209.244 - - [05/Apr/2025:23:25:43 +0200] "GET / HTTP/1.1" 200 423 "-" "-"
92.255.57.58 - - [05/Apr/2025:23:29:22 +0200] "GET /actuator/gateway/routes HTTP/1.1" 404 293 "-" "Mozilla/5.0 (Windows NT 10.0; Win64; x64) AppleWebKit/537.36 (KHTML, like Gecko) Chrome/78.0.3904.108 Safari/537.36"
151.106.162.30 - - [05/Apr/2025:23:31:32 +0200] "GET /download/file.php?id=252&sid=265dffae84d89928a6f5881e9621fa4f HTTP/1.1" 404 297 "-" "Mozilla/5.0 (X11; Ubuntu; Linux x86_64; rv:72.0) Gecko/20100101 Firefox/72.0"
151.106.162.30 - - [05/Apr/2025:23:31:33 +0200] "GET /download/file.php?id=252&sid=265dffae84d89928a6f5881e9621fa4f HTTP/1.1" 404 297 "-" "Mozilla/5.0 (X11; Ubuntu; Linux x86_64; rv:72.0) Gecko/20100101 Firefox/72.0"
151.106.162.30 - - [05/Apr/2025:23:31:33 +0200] "GET /download/file.php?id=252&sid=265dffae84d89928a6f5881e9621fa4f HTTP/1.1" 404 297 "-" "Mozilla/5.0 (X11; Ubuntu; Linux x86_64; rv:72.0) Gecko/20100101 Firefox/72.0"
151.106.166.243 - - [05/Apr/2025:23:37:44 +0200] "GET /download/file.php?avatar=164_1373124289.png HTTP/1.1" 404 297 "-" "Mozilla/5.0 (X11; Ubuntu; Linux x86_64; rv:72.0) Gecko/20100101 Firefox/72.0"
151.106.166.243 - - [05/Apr/2025:23:37:44 +0200] "GET /download/file.php?avatar=164_1373124289.png HTTP/1.1" 404 297 "-" "Mozilla/5.0 (X11; Ubuntu; Linux x86_64; rv:72.0) Gecko/20100101 Firefox/72.0"
151.106.166.243 - - [05/Apr/2025:23:37:45 +0200] "GET /download/file.php?avatar=164_1373124289.png HTTP/1.1" 404 297 "-" "Mozilla/5.0 (X11; Ubuntu; Linux x86_64; rv:72.0) Gecko/20100101 Firefox/72.0"
154.81.156.34 - - [05/Apr/2025:23:38:36 +0200] "GET / HTTP/1.1" 200 274 "-" "Mozilla/5.0 (Windows NT 10.0; Win64; x64) AppleWebKit/537.36 (KHTML, like Gecko) Chrome/90.0.4430.85 Safari/537.36 Edg/90.0.818.46"
151.106.169.235 - - [05/Apr/2025:23:38:40 +0200] "GET /cron.php?cron_type=tidy_cache&sid=395fa56c509d2295fd799233f08211d0 HTTP/1.1" 404 290 "-" "Mozilla/5.0 (X11; Ubuntu; Linux x86_64; rv:72.0) Gecko/20100101 Firefox/72.0"
151.106.169.235 - - [05/Apr/2025:23:38:40 +0200] "GET /cron.php?cron_type=tidy_cache&sid=395fa56c509d2295fd799233f08211d0 HTTP/1.1" 404 290 "-" "Mozilla/5.0 (X11; Ubuntu; Linux x86_64; rv:72.0) Gecko/20100101 Firefox/72.0"
151.106.169.235 - - [05/Apr/2025:23:38:40 +0200] "GET /cron.php?cron_type=tidy_cache&sid=395fa56c509d2295fd799233f08211d0 HTTP/1.1" 404 290 "-" "Mozilla/5.0 (X11; Ubuntu; Linux x86_64; rv:72.0) Gecko/20100101 Firefox/72.0"
151.106.163.149 - - [05/Apr/2025:23:45:09 +0200] "GET /gallery/image.php?mode=thumbnail&album_id=1&image_id=115&sid=7bf126ea071b2f23a506d97d28061aef HTTP/1.1" 404 297 "-" "Mozilla/5.0 (X11; Ubuntu; Linux x86_64; rv:72.0) Gecko/20100101 Firefox/72.0"
151.106.163.149 - - [05/Apr/2025:23:45:09 +0200] "GET /gallery/image.php?mode=thumbnail&album_id=1&image_id=115&sid=7bf126ea071b2f23a506d97d28061aef HTTP/1.1" 404 297 "-" "Mozilla/5.0 (X11; Ubuntu; Linux x86_64; rv:72.0) Gecko/20100101 Firefox/72.0"
151.106.163.149 - - [05/Apr/2025:23:45:09 +0200] "GET /gallery/image.php?mode=thumbnail&album_id=1&image_id=115&sid=7bf126ea071b2f23a506d97d28061aef HTTP/1.1" 404 297 "-" "Mozilla/5.0 (X11; Ubuntu; Linux x86_64; rv:72.0) Gecko/20100101 Firefox/72.0"
156.59.198.135 - - [05/Apr/2025:23:49:05 +0200] "GET /renault.activities.at/htdocs/export/pdf/emuc_document/10754098.pdf HTTP/1.0" 404 322 "-" "Mozilla/5.0 (Linux; Android 5.0) AppleWebKit/537.36 (KHTML, like Gecko) Mobile Safari/537.36 (compatible; Bytespider; spider-feedback@bytedance.com)"
151.106.161.79 - - [05/Apr/2025:23:50:43 +0200] "GET /cron.php?cron_type=tidy_cache&sid=3cadc8ebe6439438b7fec32e973b2277 HTTP/1.1" 404 290 "-" "Mozilla/5.0 (X11; Ubuntu; Linux x86_64; rv:72.0) Gecko/20100101 Firefox/72.0"
151.106.161.79 - - [05/Apr/2025:23:50:44 +0200] "GET /cron.php?cron_type=tidy_cache&sid=3cadc8ebe6439438b7fec32e973b2277 HTTP/1.1" 404 290 "-" "Mozilla/5.0 (X11; Ubuntu; Linux x86_64; rv:72.0) Gecko/20100101 Firefox/72.0"
151.106.161.79 - - [05/Apr/2025:23:50:44 +0200] "GET /cron.php?cron_type=tidy_cache&sid=3cadc8ebe6439438b7fec32e973b2277 HTTP/1.1" 404 290 "-" "Mozilla/5.0 (X11; Ubuntu; Linux x86_64; rv:72.0) Gecko/20100101 Firefox/72.0"
151.106.178.34 - - [05/Apr/2025:23:52:42 +0200] "GET /cron.php?cron_type=tidy_cache&sid=701ce3fd718c0a0e53cf121d07dad757 HTTP/1.1" 404 290 "-" "Mozilla/5.0 (X11; Ubuntu; Linux x86_64; rv:72.0) Gecko/20100101 Firefox/72.0"
151.106.178.34 - - [05/Apr/2025:23:52:42 +0200] "GET /cron.php?cron_type=tidy_cache&sid=701ce3fd718c0a0e53cf121d07dad757 HTTP/1.1" 404 290 "-" "Mozilla/5.0 (X11; Ubuntu; Linux x86_64; rv:72.0) Gecko/20100101 Firefox/72.0"
151.106.178.34 - - [05/Apr/2025:23:52:42 +0200] "GET /cron.php?cron_type=tidy_cache&sid=701ce3fd718c0a0e53cf121d07dad757 HTTP/1.1" 404 290 "-" "Mozilla/5.0 (X11; Ubuntu; Linux x86_64; rv:72.0) Gecko/20100101 Firefox/72.0"
68.183.8.234 - - [05/Apr/2025:23:58:02 +0200] "GET / HTTP/1.1" 200 274 "-" "Mozilla/5.0 zgrab/0.x"
156.59.198.135 - - [05/Apr/2025:23:58:53 +0200] "GET /renault.activities.at/htdocs/export/pdf/emuc_document/10625489.pdf HTTP/1.0" 404 322 "-" "Mozilla/5.0 (Linux; Android 5.0) AppleWebKit/537.36 (KHTML, like Gecko) Mobile Safari/537.36 (compatible; Bytespider; spider-feedback@bytedance.com)"
151.106.191.138 - - [06/Apr/2025:00:00:59 +0200] "GET /cron.php?cron_type=tidy_cache&sid=ba5cf8b482133491cac8a612cfe38a3b HTTP/1.1" 404 290 "-" "Mozilla/5.0 (X11; Ubuntu; Linux x86_64; rv:72.0) Gecko/20100101 Firefox/72.0"
151.106.191.138 - - [06/Apr/2025:00:01:00 +0200] "GET /cron.php?cron_type=tidy_cache&sid=ba5cf8b482133491cac8a612cfe38a3b HTTP/1.1" 404 290 "-" "Mozilla/5.0 (X11; Ubuntu; Linux x86_64; rv:72.0) Gecko/20100101 Firefox/72.0"
151.106.191.138 - - [06/Apr/2025:00:01:00 +0200] "GET /cron.php?cron_type=tidy_cache&sid=ba5cf8b482133491cac8a612cfe38a3b HTTP/1.1" 404 290 "-" "Mozilla/5.0 (X11; Ubuntu; Linux x86_64; rv:72.0) Gecko/20100101 Firefox/72.0"
151.106.165.0 - - [06/Apr/2025:00:01:40 +0200] "GET /download/file.php?id=250&sid=8539ff0a22f1916c8732c4b735b68d51 HTTP/1.1" 404 297 "-" "Mozilla/5.0 (X11; Ubuntu; Linux x86_64; rv:72.0) Gecko/20100101 Firefox/72.0"
151.106.165.0 - - [06/Apr/2025:00:01:40 +0200] "GET /download/file.php?id=250&sid=8539ff0a22f1916c8732c4b735b68d51 HTTP/1.1" 404 297 "-" "Mozilla/5.0 (X11; Ubuntu; Linux x86_64; rv:72.0) Gecko/20100101 Firefox/72.0"
151.106.165.0 - - [06/Apr/2025:00:01:40 +0200] "GET /download/file.php?id=250&sid=8539ff0a22f1916c8732c4b735b68d51 HTTP/1.1" 404 297 "-" "Mozilla/5.0 (X11; Ubuntu; Linux x86_64; rv:72.0) Gecko/20100101 Firefox/72.0"
154.81.156.35 - - [06/Apr/2025:00:04:19 +0200] "GET / HTTP/1.1" 200 274 "-" "Mozilla/5.0 (Windows NT 10.0; Win64; x64) AppleWebKit/537.36 (KHTML, like Gecko) Chrome/90.0.4430.85 Safari/537.36 Edg/90.0.818.46"
91.238.181.93 - - [06/Apr/2025:00:05:35 +0200] "\x03" 400 383 "-" "-"
92.255.57.58 - - [06/Apr/2025:00:07:56 +0200] "\x16\x03\x01\x05\xa8\x01" 400 383 "-" "-"
45.140.17.52 - - [06/Apr/2025:00:10:20 +0200] "\x03" 400 383 "-" "-"
185.191.127.222 - - [06/Apr/2025:00:17:55 +0200] "GET /cgi-bin/luci/;stok=/locale HTTP/1.1" 404 371 "-" "-"
151.106.164.127 - - [06/Apr/2025:00:25:13 +0200] "GET /download/file.php?id=255&sid=5552cc0f1baca433f20dbd5b14889251 HTTP/1.1" 404 297 "-" "Mozilla/5.0 (X11; Ubuntu; Linux x86_64; rv:72.0) Gecko/20100101 Firefox/72.0"
151.106.164.127 - - [06/Apr/2025:00:25:13 +0200] "GET /download/file.php?id=255&sid=5552cc0f1baca433f20dbd5b14889251 HTTP/1.1" 404 297 "-" "Mozilla/5.0 (X11; Ubuntu; Linux x86_64; rv:72.0) Gecko/20100101 Firefox/72.0"
151.106.164.127 - - [06/Apr/2025:00:25:14 +0200] "GET /download/file.php?id=255&sid=5552cc0f1baca433f20dbd5b14889251 HTTP/1.1" 404 297 "-" "Mozilla/5.0 (X11; Ubuntu; Linux x86_64; rv:72.0) Gecko/20100101 Firefox/72.0"
44.220.188.109 - - [06/Apr/2025:00:26:49 +0200] "GET / HTTP/1.1" 200 274 "-" "Mozilla/5.0 (Windows NT 6.2;en-US) AppleWebKit/537.32.36 (KHTML, live Gecko) Chrome/56.0.3037.56 Safari/537.32"
154.81.156.34 - - [06/Apr/2025:00:31:07 +0200] "GET / HTTP/1.1" 200 274 "-" "Mozilla/5.0 (Windows NT 10.0; Win64; x64) AppleWebKit/537.36 (KHTML, like Gecko) Chrome/90.0.4430.85 Safari/537.36 Edg/90.0.818.46"
151.106.162.30 - - [06/Apr/2025:00:32:52 +0200] "GET /download/file.php?id=252&sid=c4e1e26759b6251e689d28360a695c03 HTTP/1.1" 404 297 "-" "Mozilla/5.0 (X11; Ubuntu; Linux x86_64; rv:72.0) Gecko/20100101 Firefox/72.0"
151.106.162.30 - - [06/Apr/2025:00:32:52 +0200] "GET /download/file.php?id=252&sid=c4e1e26759b6251e689d28360a695c03 HTTP/1.1" 404 297 "-" "Mozilla/5.0 (X11; Ubuntu; Linux x86_64; rv:72.0) Gecko/20100101 Firefox/72.0"
151.106.162.30 - - [06/Apr/2025:00:32:53 +0200] "GET /download/file.php?id=252&sid=c4e1e26759b6251e689d28360a695c03 HTTP/1.1" 404 297 "-" "Mozilla/5.0 (X11; Ubuntu; Linux x86_64; rv:72.0) Gecko/20100101 Firefox/72.0"
151.106.181.25 - - [06/Apr/2025:00:38:34 +0200] "GET /download/file.php?id=167&sid=cf36c84702a5d9fadb010f61c64b983d HTTP/1.1" 404 297 "-" "Mozilla/5.0 (X11; Ubuntu; Linux x86_64; rv:72.0) Gecko/20100101 Firefox/72.0"
151.106.181.25 - - [06/Apr/2025:00:38:34 +0200] "GET /download/file.php?id=167&sid=cf36c84702a5d9fadb010f61c64b983d HTTP/1.1" 404 297 "-" "Mozilla/5.0 (X11; Ubuntu; Linux x86_64; rv:72.0) Gecko/20100101 Firefox/72.0"
151.106.181.25 - - [06/Apr/2025:00:38:34 +0200] "GET /download/file.php?id=167&sid=cf36c84702a5d9fadb010f61c64b983d HTTP/1.1" 404 297 "-" "Mozilla/5.0 (X11; Ubuntu; Linux x86_64; rv:72.0) Gecko/20100101 Firefox/72.0"
151.106.177.184 - - [06/Apr/2025:00:41:10 +0200] "GET /cron.php?cron_type=tidy_cache&sid=d926eb3abaa529117a5688b3b2cc60f9 HTTP/1.1" 404 290 "-" "Mozilla/5.0 (X11; Ubuntu; Linux x86_64; rv:72.0) Gecko/20100101 Firefox/72.0"
151.106.177.184 - - [06/Apr/2025:00:41:10 +0200] "GET /cron.php?cron_type=tidy_cache&sid=d926eb3abaa529117a5688b3b2cc60f9 HTTP/1.1" 404 290 "-" "Mozilla/5.0 (X11; Ubuntu; Linux x86_64; rv:72.0) Gecko/20100101 Firefox/72.0"
151.106.177.184 - - [06/Apr/2025:00:41:11 +0200] "GET /cron.php?cron_type=tidy_cache&sid=d926eb3abaa529117a5688b3b2cc60f9 HTTP/1.1" 404 290 "-" "Mozilla/5.0 (X11; Ubuntu; Linux x86_64; rv:72.0) Gecko/20100101 Firefox/72.0"
156.59.198.135 - - [06/Apr/2025:00:43:57 +0200] "GET /renault.activities.at/htdocs/export/pdf/emuc_document/11072186.pdf HTTP/1.0" 404 322 "-" "Mozilla/5.0 (Linux; Android 5.0) AppleWebKit/537.36 (KHTML, like Gecko) Mobile Safari/537.36 (compatible; Bytespider; spider-feedback@bytedance.com)"
151.106.177.184 - - [06/Apr/2025:00:44:16 +0200] "GET /download/file.php?id=255&sid=d94eb42920fc14a677c63d2ee5a7b45a HTTP/1.1" 404 297 "-" "Mozilla/5.0 (X11; Ubuntu; Linux x86_64; rv:72.0) Gecko/20100101 Firefox/72.0"
151.106.177.184 - - [06/Apr/2025:00:44:16 +0200] "GET /download/file.php?id=255&sid=d94eb42920fc14a677c63d2ee5a7b45a HTTP/1.1" 404 297 "-" "Mozilla/5.0 (X11; Ubuntu; Linux x86_64; rv:72.0) Gecko/20100101 Firefox/72.0"
151.106.177.184 - - [06/Apr/2025:00:44:16 +0200] "GET /download/file.php?id=255&sid=d94eb42920fc14a677c63d2ee5a7b45a HTTP/1.1" 404 297 "-" "Mozilla/5.0 (X11; Ubuntu; Linux x86_64; rv:72.0) Gecko/20100101 Firefox/72.0"
151.106.173.252 - - [06/Apr/2025:00:48:03 +0200] "GET /cron.php?cron_type=tidy_cache&sid=ae9f3b68332022eeb80530e6dc95df6d HTTP/1.1" 404 290 "-" "Mozilla/5.0 (X11; Ubuntu; Linux x86_64; rv:72.0) Gecko/20100101 Firefox/72.0"
151.106.173.252 - - [06/Apr/2025:00:48:03 +0200] "GET /cron.php?cron_type=tidy_cache&sid=ae9f3b68332022eeb80530e6dc95df6d HTTP/1.1" 404 290 "-" "Mozilla/5.0 (X11; Ubuntu; Linux x86_64; rv:72.0) Gecko/20100101 Firefox/72.0"
151.106.173.252 - - [06/Apr/2025:00:48:04 +0200] "GET /cron.php?cron_type=tidy_cache&sid=ae9f3b68332022eeb80530e6dc95df6d HTTP/1.1" 404 290 "-" "Mozilla/5.0 (X11; Ubuntu; Linux x86_64; rv:72.0) Gecko/20100101 Firefox/72.0"
151.106.162.30 - - [06/Apr/2025:00:50:30 +0200] "GET /cron.php?cron_type=tidy_cache&sid=72527bd0719b0f136558f52a4f565eeb HTTP/1.1" 404 290 "-" "Mozilla/5.0 (X11; Ubuntu; Linux x86_64; rv:72.0) Gecko/20100101 Firefox/72.0"
151.106.162.30 - - [06/Apr/2025:00:50:31 +0200] "GET /cron.php?cron_type=tidy_cache&sid=72527bd0719b0f136558f52a4f565eeb HTTP/1.1" 404 290 "-" "Mozilla/5.0 (X11; Ubuntu; Linux x86_64; rv:72.0) Gecko/20100101 Firefox/72.0"
151.106.162.30 - - [06/Apr/2025:00:50:31 +0200] "GET /cron.php?cron_type=tidy_cache&sid=72527bd0719b0f136558f52a4f565eeb HTTP/1.1" 404 290 "-" "Mozilla/5.0 (X11; Ubuntu; Linux x86_64; rv:72.0) Gecko/20100101 Firefox/72.0"
80.82.77.202 - - [06/Apr/2025:00:53:00 +0200] "GET / HTTP/1.0" 200 423 "-" "Opera/9.60 (J2ME/MIDP; Opera Mini/4.2.14320/554; U; cs) Presto/2.2.0"
156.59.198.136 - - [06/Apr/2025:00:59:28 +0200] "GET /renault.activities.at/htdocs/export/pdf/emuc_document/11503806.pdf HTTP/1.0" 404 322 "-" "Mozilla/5.0 (Linux; Android 5.0) AppleWebKit/537.36 (KHTML, like Gecko) Mobile Safari/537.36 (compatible; Bytespider; spider-feedback@bytedance.com)"
156.59.198.135 - - [06/Apr/2025:01:00:04 +0200] "GET /renault.activities.at/htdocs/export/pdf/emuc_document/10354944.pdf HTTP/1.0" 404 322 "-" "Mozilla/5.0 (Linux; Android 5.0) AppleWebKit/537.36 (KHTML, like Gecko) Mobile Safari/537.36 (compatible; Bytespider; spider-feedback@bytedance.com)"
156.59.198.135 - - [06/Apr/2025:01:00:13 +0200] "GET /renault.activities.at/htdocs/export/pdf/emuc_document/10672914.pdf HTTP/1.0" 404 322 "-" "Mozilla/5.0 (Linux; Android 5.0) AppleWebKit/537.36 (KHTML, like Gecko) Mobile Safari/537.36 (compatible; Bytespider; spider-feedback@bytedance.com)"
151.106.191.138 - - [06/Apr/2025:01:02:53 +0200] "GET /download/file.php?id=256&sid=0577dfc7128ebbb68d59527b673a8137 HTTP/1.1" 404 297 "-" "Mozilla/5.0 (X11; Ubuntu; Linux x86_64; rv:72.0) Gecko/20100101 Firefox/72.0"
151.106.191.138 - - [06/Apr/2025:01:02:54 +0200] "GET /download/file.php?id=256&sid=0577dfc7128ebbb68d59527b673a8137 HTTP/1.1" 404 297 "-" "Mozilla/5.0 (X11; Ubuntu; Linux x86_64; rv:72.0) Gecko/20100101 Firefox/72.0"
151.106.191.138 - - [06/Apr/2025:01:02:54 +0200] "GET /download/file.php?id=256&sid=0577dfc7128ebbb68d59527b673a8137 HTTP/1.1" 404 297 "-" "Mozilla/5.0 (X11; Ubuntu; Linux x86_64; rv:72.0) Gecko/20100101 Firefox/72.0"
151.106.166.201 - - [06/Apr/2025:01:05:10 +0200] "GET /gallery/image.php?mode=thumbnail&album_id=1&image_id=114&sid=0c8d4ca51199da22788c2a1ef7454de6 HTTP/1.1" 404 297 "-" "Mozilla/5.0 (X11; Ubuntu; Linux x86_64; rv:72.0) Gecko/20100101 Firefox/72.0"
151.106.166.201 - - [06/Apr/2025:01:05:10 +0200] "GET /gallery/image.php?mode=thumbnail&album_id=1&image_id=114&sid=0c8d4ca51199da22788c2a1ef7454de6 HTTP/1.1" 404 297 "-" "Mozilla/5.0 (X11; Ubuntu; Linux x86_64; rv:72.0) Gecko/20100101 Firefox/72.0"
151.106.166.201 - - [06/Apr/2025:01:05:11 +0200] "GET /gallery/image.php?mode=thumbnail&album_id=1&image_id=114&sid=0c8d4ca51199da22788c2a1ef7454de6 HTTP/1.1" 404 297 "-" "Mozilla/5.0 (X11; Ubuntu; Linux x86_64; rv:72.0) Gecko/20100101 Firefox/72.0"
151.106.167.56 - - [06/Apr/2025:01:09:23 +0200] "GET /cron.php?cron_type=tidy_cache&sid=4263d08db16bbbd8256b9a9da9d4f01b HTTP/1.1" 404 290 "-" "Mozilla/5.0 (X11; Ubuntu; Linux x86_64; rv:72.0) Gecko/20100101 Firefox/72.0"
151.106.167.56 - - [06/Apr/2025:01:09:23 +0200] "GET /cron.php?cron_type=tidy_cache&sid=4263d08db16bbbd8256b9a9da9d4f01b HTTP/1.1" 404 290 "-" "Mozilla/5.0 (X11; Ubuntu; Linux x86_64; rv:72.0) Gecko/20100101 Firefox/72.0"
151.106.167.56 - - [06/Apr/2025:01:09:24 +0200] "GET /cron.php?cron_type=tidy_cache&sid=4263d08db16bbbd8256b9a9da9d4f01b HTTP/1.1" 404 290 "-" "Mozilla/5.0 (X11; Ubuntu; Linux x86_64; rv:72.0) Gecko/20100101 Firefox/72.0"
151.106.161.79 - - [06/Apr/2025:01:16:48 +0200] "GET /download/file.php?id=253&sid=0577dfc7128ebbb68d59527b673a8137 HTTP/1.1" 404 297 "-" "Mozilla/5.0 (X11; Ubuntu; Linux x86_64; rv:72.0) Gecko/20100101 Firefox/72.0"
151.106.161.79 - - [06/Apr/2025:01:16:48 +0200] "GET /download/file.php?id=253&sid=0577dfc7128ebbb68d59527b673a8137 HTTP/1.1" 404 297 "-" "Mozilla/5.0 (X11; Ubuntu; Linux x86_64; rv:72.0) Gecko/20100101 Firefox/72.0"
151.106.161.79 - - [06/Apr/2025:01:16:48 +0200] "GET /download/file.php?id=253&sid=0577dfc7128ebbb68d59527b673a8137 HTTP/1.1" 404 297 "-" "Mozilla/5.0 (X11; Ubuntu; Linux x86_64; rv:72.0) Gecko/20100101 Firefox/72.0"
147.139.145.197 - - [06/Apr/2025:01:23:12 +0200] "\x16\x03\x01" 400 383 "-" "-"
147.139.145.197 - - [06/Apr/2025:01:23:12 +0200] "GET /jquery-3.3.1.min.js HTTP/1.1" 404 291 "-" "Go-http-client/1.1"
147.139.145.197 - - [06/Apr/2025:01:23:16 +0200] "\x16\x03\x01" 400 383 "-" "-"
154.81.156.35 - - [06/Apr/2025:01:25:56 +0200] "GET / HTTP/1.1" 200 274 "-" "Mozilla/5.0 (Windows NT 10.0; Win64; x64) AppleWebKit/537.36 (KHTML, like Gecko) Chrome/90.0.4430.85 Safari/537.36 Edg/90.0.818.46"
185.40.4.51 - - [06/Apr/2025:01:27:30 +0200] "GET / HTTP/1.1" 200 274 "-" "Mozilla/5.0 (Windows NT 10.0; Win64; x64) AppleWebKit/537.36 (KHTML, like Gecko) Chrome/90.0.4430.85 Safari/537.36 Edg/90.0.818.46"
151.106.183.52 - - [06/Apr/2025:01:29:02 +0200] "GET /cron.php?cron_type=tidy_cache&sid=2683d9dd381f3fcaaff06c36a17affcd HTTP/1.1" 404 290 "-" "Mozilla/5.0 (X11; Ubuntu; Linux x86_64; rv:72.0) Gecko/20100101 Firefox/72.0"
151.106.183.52 - - [06/Apr/2025:01:29:02 +0200] "GET /cron.php?cron_type=tidy_cache&sid=2683d9dd381f3fcaaff06c36a17affcd HTTP/1.1" 404 290 "-" "Mozilla/5.0 (X11; Ubuntu; Linux x86_64; rv:72.0) Gecko/20100101 Firefox/72.0"
151.106.183.52 - - [06/Apr/2025:01:29:02 +0200] "GET /cron.php?cron_type=tidy_cache&sid=2683d9dd381f3fcaaff06c36a17affcd HTTP/1.1" 404 290 "-" "Mozilla/5.0 (X11; Ubuntu; Linux x86_64; rv:72.0) Gecko/20100101 Firefox/72.0"
154.81.156.34 - - [06/Apr/2025:01:30:32 +0200] "GET / HTTP/1.1" 200 274 "-" "Mozilla/5.0 (Windows NT 10.0; Win64; x64) AppleWebKit/537.36 (KHTML, like Gecko) Chrome/90.0.4430.85 Safari/537.36 Edg/90.0.818.46"
151.106.164.53 - - [06/Apr/2025:01:37:13 +0200] "GET /cron.php?cron_type=tidy_cache&sid=ab1085ebfcc1c7ca72a18e00c400e6a9 HTTP/1.1" 404 290 "-" "Mozilla/5.0 (X11; Ubuntu; Linux x86_64; rv:72.0) Gecko/20100101 Firefox/72.0"
151.106.164.53 - - [06/Apr/2025:01:37:13 +0200] "GET /cron.php?cron_type=tidy_cache&sid=ab1085ebfcc1c7ca72a18e00c400e6a9 HTTP/1.1" 404 290 "-" "Mozilla/5.0 (X11; Ubuntu; Linux x86_64; rv:72.0) Gecko/20100101 Firefox/72.0"
151.106.164.53 - - [06/Apr/2025:01:37:13 +0200] "GET /cron.php?cron_type=tidy_cache&sid=ab1085ebfcc1c7ca72a18e00c400e6a9 HTTP/1.1" 404 290 "-" "Mozilla/5.0 (X11; Ubuntu; Linux x86_64; rv:72.0) Gecko/20100101 Firefox/72.0"
151.106.162.30 - - [06/Apr/2025:01:46:44 +0200] "GET /cron.php?cron_type=tidy_cache&sid=aa765c90a1fa41aa01ab0059e816c1d5 HTTP/1.1" 404 290 "-" "Mozilla/5.0 (X11; Ubuntu; Linux x86_64; rv:72.0) Gecko/20100101 Firefox/72.0"
151.106.162.30 - - [06/Apr/2025:01:46:45 +0200] "GET /cron.php?cron_type=tidy_cache&sid=aa765c90a1fa41aa01ab0059e816c1d5 HTTP/1.1" 404 290 "-" "Mozilla/5.0 (X11; Ubuntu; Linux x86_64; rv:72.0) Gecko/20100101 Firefox/72.0"
151.106.162.30 - - [06/Apr/2025:01:46:45 +0200] "GET /cron.php?cron_type=tidy_cache&sid=aa765c90a1fa41aa01ab0059e816c1d5 HTTP/1.1" 404 290 "-" "Mozilla/5.0 (X11; Ubuntu; Linux x86_64; rv:72.0) Gecko/20100101 Firefox/72.0"
151.106.163.240 - - [06/Apr/2025:01:50:44 +0200] "GET /download/file.php?id=252&sid=e85fd140808eca4f842d0633b7dafa95 HTTP/1.1" 404 297 "-" "Mozilla/5.0 (X11; Ubuntu; Linux x86_64; rv:72.0) Gecko/20100101 Firefox/72.0"
151.106.163.240 - - [06/Apr/2025:01:50:44 +0200] "GET /download/file.php?id=252&sid=e85fd140808eca4f842d0633b7dafa95 HTTP/1.1" 404 297 "-" "Mozilla/5.0 (X11; Ubuntu; Linux x86_64; rv:72.0) Gecko/20100101 Firefox/72.0"
151.106.163.240 - - [06/Apr/2025:01:50:45 +0200] "GET /download/file.php?id=252&sid=e85fd140808eca4f842d0633b7dafa95 HTTP/1.1" 404 297 "-" "Mozilla/5.0 (X11; Ubuntu; Linux x86_64; rv:72.0) Gecko/20100101 Firefox/72.0"
151.106.165.0 - - [06/Apr/2025:01:51:29 +0200] "GET /cron.php?cron_type=tidy_cache&sid=8f88300b7a51c3ab4b02557cc6e4622a HTTP/1.1" 404 290 "-" "Mozilla/5.0 (X11; Ubuntu; Linux x86_64; rv:72.0) Gecko/20100101 Firefox/72.0"
151.106.165.0 - - [06/Apr/2025:01:51:29 +0200] "GET /cron.php?cron_type=tidy_cache&sid=8f88300b7a51c3ab4b02557cc6e4622a HTTP/1.1" 404 290 "-" "Mozilla/5.0 (X11; Ubuntu; Linux x86_64; rv:72.0) Gecko/20100101 Firefox/72.0"
151.106.165.0 - - [06/Apr/2025:01:51:29 +0200] "GET /cron.php?cron_type=tidy_cache&sid=8f88300b7a51c3ab4b02557cc6e4622a HTTP/1.1" 404 290 "-" "Mozilla/5.0 (X11; Ubuntu; Linux x86_64; rv:72.0) Gecko/20100101 Firefox/72.0"
156.59.198.136 - - [06/Apr/2025:01:53:23 +0200] "GET /renault.activities.at/htdocs/export/pdf/emuc_document/11133412.pdf HTTP/1.0" 404 322 "-" "Mozilla/5.0 (Linux; Android 5.0) AppleWebKit/537.36 (KHTML, like Gecko) Mobile Safari/537.36 (compatible; Bytespider; spider-feedback@bytedance.com)"
195.211.191.127 - - [06/Apr/2025:01:54:01 +0200] "GET /_profiler/phpinfo HTTP/1.1" 404 289 "-" "Mozilla/5.0 (Macintosh; Intel Mac OS X 10_15_7) AppleWebKit/537.36 (KHTML, like Gecko) Chrome/100.0.4692.56 Safari/537.36"
154.81.156.35 - - [06/Apr/2025:01:54:21 +0200] "GET / HTTP/1.1" 200 274 "-" "Mozilla/5.0 (Windows NT 10.0; Win64; x64) AppleWebKit/537.36 (KHTML, like Gecko) Chrome/90.0.4430.85 Safari/537.36 Edg/90.0.818.46"
151.106.164.42 - - [06/Apr/2025:01:58:56 +0200] "GET /cron.php?cron_type=tidy_cache&sid=2941ab3ea1ea2c6c460f29e7021c02d3 HTTP/1.1" 404 290 "-" "Mozilla/5.0 (X11; Ubuntu; Linux x86_64; rv:72.0) Gecko/20100101 Firefox/72.0"
151.106.164.42 - - [06/Apr/2025:01:58:56 +0200] "GET /cron.php?cron_type=tidy_cache&sid=2941ab3ea1ea2c6c460f29e7021c02d3 HTTP/1.1" 404 290 "-" "Mozilla/5.0 (X11; Ubuntu; Linux x86_64; rv:72.0) Gecko/20100101 Firefox/72.0"
151.106.164.42 - - [06/Apr/2025:01:58:56 +0200] "GET /cron.php?cron_type=tidy_cache&sid=2941ab3ea1ea2c6c460f29e7021c02d3 HTTP/1.1" 404 290 "-" "Mozilla/5.0 (X11; Ubuntu; Linux x86_64; rv:72.0) Gecko/20100101 Firefox/72.0"