151.106.191.239 - - [05/Apr/2025:02:07:06 +0200] "GET /gallery/image.php?mode=thumbnail&album_id=1&image_id=115&sid=ea6576966946c070a6a3830835fd509b HTTP/1.1" 404 297 "-" "Mozilla/5.0 (X11; Ubuntu; Linux x86_64; rv:72.0) Gecko/20100101 Firefox/72.0"
151.106.191.239 - - [05/Apr/2025:02:07:06 +0200] "GET /gallery/image.php?mode=thumbnail&album_id=1&image_id=115&sid=ea6576966946c070a6a3830835fd509b HTTP/1.1" 404 297 "-" "Mozilla/5.0 (X11; Ubuntu; Linux x86_64; rv:72.0) Gecko/20100101 Firefox/72.0"
151.106.191.239 - - [05/Apr/2025:02:07:06 +0200] "GET /gallery/image.php?mode=thumbnail&album_id=1&image_id=115&sid=ea6576966946c070a6a3830835fd509b HTTP/1.1" 404 297 "-" "Mozilla/5.0 (X11; Ubuntu; Linux x86_64; rv:72.0) Gecko/20100101 Firefox/72.0"
151.106.181.25 - - [05/Apr/2025:02:09:55 +0200] "GET /styles/Factions/theme/images/tabstrip_media.png HTTP/1.1" 404 316 "-" "Mozilla/5.0 (X11; Ubuntu; Linux x86_64; rv:72.0) Gecko/20100101 Firefox/72.0"
151.106.181.25 - - [05/Apr/2025:02:09:55 +0200] "GET /styles/Factions/theme/images/tabstrip_media.png HTTP/1.1" 404 316 "-" "Mozilla/5.0 (X11; Ubuntu; Linux x86_64; rv:72.0) Gecko/20100101 Firefox/72.0"
151.106.181.25 - - [05/Apr/2025:02:09:56 +0200] "GET /styles/Factions/theme/images/tabstrip_media.png HTTP/1.1" 404 316 "-" "Mozilla/5.0 (X11; Ubuntu; Linux x86_64; rv:72.0) Gecko/20100101 Firefox/72.0"
156.59.198.136 - - [05/Apr/2025:02:13:18 +0200] "GET /renault.activities.at/htdocs/export/pdf/emuc_document/11077099.pdf HTTP/1.0" 404 322 "-" "Mozilla/5.0 (Linux; Android 5.0) AppleWebKit/537.36 (KHTML, like Gecko) Mobile Safari/537.36 (compatible; Bytespider; spider-feedback@bytedance.com)"
151.106.177.184 - - [05/Apr/2025:02:13:20 +0200] "GET /cron.php?cron_type=tidy_cache&sid=c09a9c3bc13215de8ec69f11c8d7cf99 HTTP/1.1" 404 290 "-" "Mozilla/5.0 (X11; Ubuntu; Linux x86_64; rv:72.0) Gecko/20100101 Firefox/72.0"
151.106.177.184 - - [05/Apr/2025:02:13:20 +0200] "GET /cron.php?cron_type=tidy_cache&sid=c09a9c3bc13215de8ec69f11c8d7cf99 HTTP/1.1" 404 290 "-" "Mozilla/5.0 (X11; Ubuntu; Linux x86_64; rv:72.0) Gecko/20100101 Firefox/72.0"
151.106.177.184 - - [05/Apr/2025:02:13:20 +0200] "GET /cron.php?cron_type=tidy_cache&sid=c09a9c3bc13215de8ec69f11c8d7cf99 HTTP/1.1" 404 290 "-" "Mozilla/5.0 (X11; Ubuntu; Linux x86_64; rv:72.0) Gecko/20100101 Firefox/72.0"
156.59.198.136 - - [05/Apr/2025:02:13:27 +0200] "GET /renault.activities.at/htdocs/export/pdf/emuc_document/12466700.pdf HTTP/1.0" 404 322 "-" "Mozilla/5.0 (Linux; Android 5.0) AppleWebKit/537.36 (KHTML, like Gecko) Mobile Safari/537.36 (compatible; Bytespider; spider-feedback@bytedance.com)"
156.59.198.136 - - [05/Apr/2025:02:13:37 +0200] "GET /renault.activities.at/htdocs/export/pdf/emuc_document/12205319.pdf HTTP/1.0" 404 322 "-" "Mozilla/5.0 (Linux; Android 5.0) AppleWebKit/537.36 (KHTML, like Gecko) Mobile Safari/537.36 (compatible; Bytespider; spider-feedback@bytedance.com)"
156.59.198.135 - - [05/Apr/2025:02:13:46 +0200] "GET /renault.activities.at/htdocs/export/pdf/emuc_document/11913500.pdf HTTP/1.0" 404 322 "-" "Mozilla/5.0 (Linux; Android 5.0) AppleWebKit/537.36 (KHTML, like Gecko) Mobile Safari/537.36 (compatible; Bytespider; spider-feedback@bytedance.com)"
151.106.164.53 - - [05/Apr/2025:02:32:00 +0200] "GET /cron.php?cron_type=tidy_cache&sid=0568b4ef67bcd14e35c17173f9eec000 HTTP/1.1" 404 290 "-" "Mozilla/5.0 (X11; Ubuntu; Linux x86_64; rv:72.0) Gecko/20100101 Firefox/72.0"
151.106.164.53 - - [05/Apr/2025:02:32:00 +0200] "GET /cron.php?cron_type=tidy_cache&sid=0568b4ef67bcd14e35c17173f9eec000 HTTP/1.1" 404 290 "-" "Mozilla/5.0 (X11; Ubuntu; Linux x86_64; rv:72.0) Gecko/20100101 Firefox/72.0"
151.106.164.53 - - [05/Apr/2025:02:32:00 +0200] "GET /cron.php?cron_type=tidy_cache&sid=0568b4ef67bcd14e35c17173f9eec000 HTTP/1.1" 404 290 "-" "Mozilla/5.0 (X11; Ubuntu; Linux x86_64; rv:72.0) Gecko/20100101 Firefox/72.0"
196.251.70.87 - - [05/Apr/2025:02:32:11 +0200] "GET /.env HTTP/1.1" 404 280 "-" "Mozilla/5.0 (Windows NT 10.0; Win64; x64) AppleWebKit/537.36 (KHTML, like Gecko) Chrome/73.0.3683.75 Safari/537.36"
151.106.162.8 - - [05/Apr/2025:02:32:17 +0200] "GET /cron.php?cron_type=tidy_cache&sid=bcc3066596d7b98cbae1c80dfc84ddd7 HTTP/1.1" 404 290 "-" "Mozilla/5.0 (X11; Ubuntu; Linux x86_64; rv:72.0) Gecko/20100101 Firefox/72.0"
151.106.162.8 - - [05/Apr/2025:02:32:17 +0200] "GET /cron.php?cron_type=tidy_cache&sid=bcc3066596d7b98cbae1c80dfc84ddd7 HTTP/1.1" 404 290 "-" "Mozilla/5.0 (X11; Ubuntu; Linux x86_64; rv:72.0) Gecko/20100101 Firefox/72.0"
151.106.162.8 - - [05/Apr/2025:02:32:17 +0200] "GET /cron.php?cron_type=tidy_cache&sid=bcc3066596d7b98cbae1c80dfc84ddd7 HTTP/1.1" 404 290 "-" "Mozilla/5.0 (X11; Ubuntu; Linux x86_64; rv:72.0) Gecko/20100101 Firefox/72.0"
167.94.146.63 - - [05/Apr/2025:02:34:30 +0200] "GET / HTTP/1.1" 200 423 "-" "-"
167.94.146.63 - - [05/Apr/2025:02:34:34 +0200] "GET / HTTP/1.1" 200 274 "-" "Mozilla/5.0 (compatible; CensysInspect/1.1; +https://about.censys.io/)"
167.94.146.63 - - [05/Apr/2025:02:34:35 +0200] "GET /activities.ico HTTP/1.1" 200 1406 "-" "Mozilla/5.0 (compatible; CensysInspect/1.1; +https://about.censys.io/)"
167.94.146.63 - - [05/Apr/2025:02:34:36 +0200] "GET /favicon.ico HTTP/1.1" 404 284 "-" "Mozilla/5.0 (compatible; CensysInspect/1.1; +https://about.censys.io/)"
167.94.146.63 - - [05/Apr/2025:02:34:36 +0200] "PRI * HTTP/2.0" 400 383 "-" "-"
167.94.146.63 - - [05/Apr/2025:02:34:41 +0200] "GET /favicon.ico HTTP/1.1" 404 284 "-" "Mozilla/5.0 (compatible; CensysInspect/1.1; +https://about.censys.io/)"
167.94.146.63 - - [05/Apr/2025:02:34:41 +0200] "\x16\x03\x01" 400 383 "-" "-"
151.106.163.149 - - [05/Apr/2025:02:35:44 +0200] "GET /gallery/image.php?mode=thumbnail&album_id=8&image_id=106&sid=d8722c610946994e09586380e96a5549 HTTP/1.1" 404 297 "-" "Mozilla/5.0 (X11; Ubuntu; Linux x86_64; rv:72.0) Gecko/20100101 Firefox/72.0"
151.106.163.149 - - [05/Apr/2025:02:35:44 +0200] "GET /gallery/image.php?mode=thumbnail&album_id=8&image_id=106&sid=d8722c610946994e09586380e96a5549 HTTP/1.1" 404 297 "-" "Mozilla/5.0 (X11; Ubuntu; Linux x86_64; rv:72.0) Gecko/20100101 Firefox/72.0"
156.59.198.135 - - [05/Apr/2025:02:47:54 +0200] "GET /renault.activities.at/htdocs/export/pdf/emuc_document/10770060.pdf HTTP/1.0" 404 322 "-" "Mozilla/5.0 (Linux; Android 5.0) AppleWebKit/537.36 (KHTML, like Gecko) Mobile Safari/537.36 (compatible; Bytespider; spider-feedback@bytedance.com)"
151.106.181.99 - - [05/Apr/2025:02:53:23 +0200] "GET /cron.php?cron_type=tidy_cache&sid=1c275d098aeebfbe700b200a13b2a0ed HTTP/1.1" 404 290 "-" "Mozilla/5.0 (X11; Ubuntu; Linux x86_64; rv:72.0) Gecko/20100101 Firefox/72.0"
151.106.181.99 - - [05/Apr/2025:02:53:23 +0200] "GET /cron.php?cron_type=tidy_cache&sid=1c275d098aeebfbe700b200a13b2a0ed HTTP/1.1" 404 290 "-" "Mozilla/5.0 (X11; Ubuntu; Linux x86_64; rv:72.0) Gecko/20100101 Firefox/72.0"
151.106.181.99 - - [05/Apr/2025:02:53:24 +0200] "GET /cron.php?cron_type=tidy_cache&sid=1c275d098aeebfbe700b200a13b2a0ed HTTP/1.1" 404 290 "-" "Mozilla/5.0 (X11; Ubuntu; Linux x86_64; rv:72.0) Gecko/20100101 Firefox/72.0"
151.106.184.192 - - [05/Apr/2025:02:58:28 +0200] "GET /download/file.php?id=238&sid=ea7b3109e70efe873324dd5b17e0bdbb HTTP/1.1" 404 297 "-" "Mozilla/5.0 (X11; Ubuntu; Linux x86_64; rv:72.0) Gecko/20100101 Firefox/72.0"
151.106.184.192 - - [05/Apr/2025:02:58:28 +0200] "GET /download/file.php?id=238&sid=ea7b3109e70efe873324dd5b17e0bdbb HTTP/1.1" 404 297 "-" "Mozilla/5.0 (X11; Ubuntu; Linux x86_64; rv:72.0) Gecko/20100101 Firefox/72.0"
151.106.184.192 - - [05/Apr/2025:02:58:28 +0200] "GET /download/file.php?id=238&sid=ea7b3109e70efe873324dd5b17e0bdbb HTTP/1.1" 404 297 "-" "Mozilla/5.0 (X11; Ubuntu; Linux x86_64; rv:72.0) Gecko/20100101 Firefox/72.0"
40.119.29.137 - - [05/Apr/2025:03:01:59 +0200] "GET /druid/index.html HTTP/1.1" 404 287 "-" "Mozilla/5.0 zgrab/0.x"
156.59.198.135 - - [05/Apr/2025:03:05:52 +0200] "GET /renault.activities.at/htdocs/export/pdf/emuc_document/10553738.pdf HTTP/1.0" 404 323 "-" "Mozilla/5.0 (Linux; Android 5.0) AppleWebKit/537.36 (KHTML, like Gecko) Mobile Safari/537.36 (compatible; Bytespider; spider-feedback@bytedance.com)"
151.106.176.244 - - [05/Apr/2025:03:07:56 +0200] "GET /download/file.php?id=256&sid=e90c3c271f3ec3c30474b3067feaed50 HTTP/1.1" 404 297 "-" "Mozilla/5.0 (X11; Ubuntu; Linux x86_64; rv:72.0) Gecko/20100101 Firefox/72.0"
151.106.176.244 - - [05/Apr/2025:03:07:56 +0200] "GET /download/file.php?id=256&sid=e90c3c271f3ec3c30474b3067feaed50 HTTP/1.1" 404 297 "-" "Mozilla/5.0 (X11; Ubuntu; Linux x86_64; rv:72.0) Gecko/20100101 Firefox/72.0"
151.106.176.244 - - [05/Apr/2025:03:07:56 +0200] "GET /download/file.php?id=256&sid=e90c3c271f3ec3c30474b3067feaed50 HTTP/1.1" 404 297 "-" "Mozilla/5.0 (X11; Ubuntu; Linux x86_64; rv:72.0) Gecko/20100101 Firefox/72.0"
179.43.186.225 - - [05/Apr/2025:03:14:55 +0200] "GET /fuel/pages/select/?filter=%27%2bpi(print(%24a%3d%27system%27))%2b%24a(%27cat%20/etc/passwd%27)%2b%27 HTTP/1.1" 404 289 "-" "Mozilla/5.0 (Windows NT 6.1; Win64; x64; rv:55.0) Gecko/20100101 Firefox/55.0"
156.59.198.135 - - [05/Apr/2025:03:15:25 +0200] "GET /renault.activities.at/htdocs/export/pdf/emuc_document/10460094.pdf HTTP/1.0" 404 321 "-" "Mozilla/5.0 (Linux; Android 5.0) AppleWebKit/537.36 (KHTML, like Gecko) Mobile Safari/537.36 (compatible; Bytespider; spider-feedback@bytedance.com)"
156.59.198.136 - - [05/Apr/2025:03:15:34 +0200] "GET /renault.activities.at/htdocs/export/pdf/emuc_document/11581925.pdf HTTP/1.0" 404 321 "-" "Mozilla/5.0 (Linux; Android 5.0) AppleWebKit/537.36 (KHTML, like Gecko) Mobile Safari/537.36 (compatible; Bytespider; spider-feedback@bytedance.com)"
156.59.198.136 - - [05/Apr/2025:03:15:42 +0200] "GET /renault.activities.at/htdocs/export/pdf/emuc_document/11044973.pdf HTTP/1.0" 404 322 "-" "Mozilla/5.0 (Linux; Android 5.0) AppleWebKit/537.36 (KHTML, like Gecko) Mobile Safari/537.36 (compatible; Bytespider; spider-feedback@bytedance.com)"
151.106.163.240 - - [05/Apr/2025:03:19:44 +0200] "GET /cron.php?cron_type=tidy_cache&sid=a087c2c04ca59b171f82551645f5974e HTTP/1.1" 404 290 "-" "Mozilla/5.0 (X11; Ubuntu; Linux x86_64; rv:72.0) Gecko/20100101 Firefox/72.0"
151.106.163.240 - - [05/Apr/2025:03:19:44 +0200] "GET /cron.php?cron_type=tidy_cache&sid=a087c2c04ca59b171f82551645f5974e HTTP/1.1" 404 290 "-" "Mozilla/5.0 (X11; Ubuntu; Linux x86_64; rv:72.0) Gecko/20100101 Firefox/72.0"
151.106.163.240 - - [05/Apr/2025:03:19:45 +0200] "GET /cron.php?cron_type=tidy_cache&sid=a087c2c04ca59b171f82551645f5974e HTTP/1.1" 404 290 "-" "Mozilla/5.0 (X11; Ubuntu; Linux x86_64; rv:72.0) Gecko/20100101 Firefox/72.0"
151.106.180.26 - - [05/Apr/2025:03:23:10 +0200] "GET /download/file.php?id=212&sid=1edf55f6f181e62ff495b4d5f64d4b5c HTTP/1.1" 404 297 "-" "Mozilla/5.0 (X11; Ubuntu; Linux x86_64; rv:72.0) Gecko/20100101 Firefox/72.0"
151.106.180.26 - - [05/Apr/2025:03:23:10 +0200] "GET /download/file.php?id=212&sid=1edf55f6f181e62ff495b4d5f64d4b5c HTTP/1.1" 404 297 "-" "Mozilla/5.0 (X11; Ubuntu; Linux x86_64; rv:72.0) Gecko/20100101 Firefox/72.0"
151.106.180.26 - - [05/Apr/2025:03:23:10 +0200] "GET /download/file.php?id=212&sid=1edf55f6f181e62ff495b4d5f64d4b5c HTTP/1.1" 404 297 "-" "Mozilla/5.0 (X11; Ubuntu; Linux x86_64; rv:72.0) Gecko/20100101 Firefox/72.0"
151.106.191.138 - - [05/Apr/2025:03:25:24 +0200] "GET /cron.php?cron_type=tidy_cache&sid=509f9147fd926afe86f0565d35e57481 HTTP/1.1" 404 290 "-" "Mozilla/5.0 (X11; Ubuntu; Linux x86_64; rv:72.0) Gecko/20100101 Firefox/72.0"
151.106.191.138 - - [05/Apr/2025:03:25:24 +0200] "GET /cron.php?cron_type=tidy_cache&sid=509f9147fd926afe86f0565d35e57481 HTTP/1.1" 404 290 "-" "Mozilla/5.0 (X11; Ubuntu; Linux x86_64; rv:72.0) Gecko/20100101 Firefox/72.0"
151.106.191.138 - - [05/Apr/2025:03:25:24 +0200] "GET /cron.php?cron_type=tidy_cache&sid=509f9147fd926afe86f0565d35e57481 HTTP/1.1" 404 290 "-" "Mozilla/5.0 (X11; Ubuntu; Linux x86_64; rv:72.0) Gecko/20100101 Firefox/72.0"
196.251.87.179 - - [05/Apr/2025:03:27:17 +0200] "GET /heh.php HTTP/1.1" 404 372 "-" "Mozilla/5.0 (Windows NT 10.0; Win64; x64) AppleWebKit/537.36 (KHTML, like Gecko) Chrome/95.0.4638.69 Safari/537.36"
151.106.164.53 - - [05/Apr/2025:03:35:16 +0200] "GET /gallery/image.php?mode=thumbnail&album_id=1&image_id=111&sid=56b4f06bdec0473c39966f66e193cbed HTTP/1.1" 404 297 "-" "Mozilla/5.0 (X11; Ubuntu; Linux x86_64; rv:72.0) Gecko/20100101 Firefox/72.0"
151.106.164.53 - - [05/Apr/2025:03:35:16 +0200] "GET /gallery/image.php?mode=thumbnail&album_id=1&image_id=111&sid=56b4f06bdec0473c39966f66e193cbed HTTP/1.1" 404 297 "-" "Mozilla/5.0 (X11; Ubuntu; Linux x86_64; rv:72.0) Gecko/20100101 Firefox/72.0"
151.106.164.53 - - [05/Apr/2025:03:35:16 +0200] "GET /gallery/image.php?mode=thumbnail&album_id=1&image_id=111&sid=56b4f06bdec0473c39966f66e193cbed HTTP/1.1" 404 297 "-" "Mozilla/5.0 (X11; Ubuntu; Linux x86_64; rv:72.0) Gecko/20100101 Firefox/72.0"
109.205.213.198 - - [05/Apr/2025:03:35:43 +0200] "GET / HTTP/1.1" 200 274 "-" "Mozilla/5.0 (Windows NT 10.0; Win64; x64) AppleWebKit/537.36 (KHTML, like Gecko) Chrome/90.0.4430.85 Safari/537.36 Edg/90.0.818.46"
179.43.191.19 - - [05/Apr/2025:03:40:17 +0200] "GET /mailman/listinfo/mailman HTTP/1.1" 404 290 "https://google.com" "Mozilla/5.0 (Windows NT 10.0; Win64; x64) AppleWebKit/537.36 (KHTML, like Gecko) Chrome/116.0.0.0 Safari/537.36"
156.59.198.136 - - [05/Apr/2025:03:49:09 +0200] "GET /renault.activities.at/htdocs/export/pdf/emuc_document/11504804.pdf HTTP/1.0" 404 321 "-" "Mozilla/5.0 (Linux; Android 5.0) AppleWebKit/537.36 (KHTML, like Gecko) Mobile Safari/537.36 (compatible; Bytespider; spider-feedback@bytedance.com)"
35.190.205.136 - - [05/Apr/2025:03:49:43 +0200] "GET / HTTP/1.1" 200 274 "-" "python-requests/2.32.3"
151.106.160.158 - - [05/Apr/2025:03:52:01 +0200] "GET /cron.php?cron_type=tidy_cache&sid=c9fd71621150c8053ad7dc5687e05286 HTTP/1.1" 404 290 "-" "Mozilla/5.0 (X11; Ubuntu; Linux x86_64; rv:72.0) Gecko/20100101 Firefox/72.0"
151.106.160.158 - - [05/Apr/2025:03:52:01 +0200] "GET /cron.php?cron_type=tidy_cache&sid=c9fd71621150c8053ad7dc5687e05286 HTTP/1.1" 404 290 "-" "Mozilla/5.0 (X11; Ubuntu; Linux x86_64; rv:72.0) Gecko/20100101 Firefox/72.0"
151.106.160.158 - - [05/Apr/2025:03:52:01 +0200] "GET /cron.php?cron_type=tidy_cache&sid=c9fd71621150c8053ad7dc5687e05286 HTTP/1.1" 404 290 "-" "Mozilla/5.0 (X11; Ubuntu; Linux x86_64; rv:72.0) Gecko/20100101 Firefox/72.0"
45.148.10.235 - - [05/Apr/2025:03:53:40 +0200] "GET / HTTP/1.1" 200 423 "-" "-"
154.81.156.35 - - [05/Apr/2025:03:53:46 +0200] "GET / HTTP/1.1" 200 274 "-" "Mozilla/5.0 (Windows NT 10.0; Win64; x64) AppleWebKit/537.36 (KHTML, like Gecko) Chrome/90.0.4430.85 Safari/537.36 Edg/90.0.818.46"
151.106.164.217 - - [05/Apr/2025:03:55:20 +0200] "GET /download/file.php?id=231&sid=bc5e5031ade0bd6b6d97f875627f2e36 HTTP/1.1" 404 297 "-" "Mozilla/5.0 (X11; Ubuntu; Linux x86_64; rv:72.0) Gecko/20100101 Firefox/72.0"
151.106.164.217 - - [05/Apr/2025:03:55:20 +0200] "GET /download/file.php?id=231&sid=bc5e5031ade0bd6b6d97f875627f2e36 HTTP/1.1" 404 297 "-" "Mozilla/5.0 (X11; Ubuntu; Linux x86_64; rv:72.0) Gecko/20100101 Firefox/72.0"
151.106.164.217 - - [05/Apr/2025:03:55:21 +0200] "GET /download/file.php?id=231&sid=bc5e5031ade0bd6b6d97f875627f2e36 HTTP/1.1" 404 297 "-" "Mozilla/5.0 (X11; Ubuntu; Linux x86_64; rv:72.0) Gecko/20100101 Firefox/72.0"
151.106.160.247 - - [05/Apr/2025:04:05:49 +0200] "GET /cron.php?cron_type=tidy_cache&sid=5a045ea38a95ab4ef3f1e57713ee2247 HTTP/1.1" 404 290 "-" "Mozilla/5.0 (X11; Ubuntu; Linux x86_64; rv:72.0) Gecko/20100101 Firefox/72.0"
151.106.160.247 - - [05/Apr/2025:04:05:49 +0200] "GET /cron.php?cron_type=tidy_cache&sid=5a045ea38a95ab4ef3f1e57713ee2247 HTTP/1.1" 404 290 "-" "Mozilla/5.0 (X11; Ubuntu; Linux x86_64; rv:72.0) Gecko/20100101 Firefox/72.0"
151.106.160.247 - - [05/Apr/2025:04:05:49 +0200] "GET /cron.php?cron_type=tidy_cache&sid=5a045ea38a95ab4ef3f1e57713ee2247 HTTP/1.1" 404 290 "-" "Mozilla/5.0 (X11; Ubuntu; Linux x86_64; rv:72.0) Gecko/20100101 Firefox/72.0"
91.238.181.93 - - [05/Apr/2025:04:08:42 +0200] "\x03" 400 383 "-" "-"
151.106.180.26 - - [05/Apr/2025:04:09:08 +0200] "GET /cron.php?cron_type=tidy_cache&sid=50c6d24a29faf1dc960f90539caeb9ac HTTP/1.1" 404 290 "-" "Mozilla/5.0 (X11; Ubuntu; Linux x86_64; rv:72.0) Gecko/20100101 Firefox/72.0"
151.106.180.26 - - [05/Apr/2025:04:09:09 +0200] "GET /cron.php?cron_type=tidy_cache&sid=50c6d24a29faf1dc960f90539caeb9ac HTTP/1.1" 404 290 "-" "Mozilla/5.0 (X11; Ubuntu; Linux x86_64; rv:72.0) Gecko/20100101 Firefox/72.0"
151.106.180.26 - - [05/Apr/2025:04:09:09 +0200] "GET /cron.php?cron_type=tidy_cache&sid=50c6d24a29faf1dc960f90539caeb9ac HTTP/1.1" 404 290 "-" "Mozilla/5.0 (X11; Ubuntu; Linux x86_64; rv:72.0) Gecko/20100101 Firefox/72.0"
93.174.93.12 - - [05/Apr/2025:04:14:32 +0200] "\x16\x03\x02\x01o\x01" 400 383 "-" "-"
156.59.198.136 - - [05/Apr/2025:04:15:54 +0200] "GET /renault.activities.at/htdocs/export/pdf/emuc_document/11182077.pdf HTTP/1.0" 404 322 "-" "Mozilla/5.0 (Linux; Android 5.0) AppleWebKit/537.36 (KHTML, like Gecko) Mobile Safari/537.36 (compatible; Bytespider; spider-feedback@bytedance.com)"
156.59.198.135 - - [05/Apr/2025:04:16:02 +0200] "GET /renault.activities.at/htdocs/export/pdf/emuc_document/10320086.pdf HTTP/1.0" 404 322 "-" "Mozilla/5.0 (Linux; Android 5.0) AppleWebKit/537.36 (KHTML, like Gecko) Mobile Safari/537.36 (compatible; Bytespider; spider-feedback@bytedance.com)"
156.59.198.136 - - [05/Apr/2025:04:16:34 +0200] "GET /renault.activities.at/htdocs/export/pdf/emuc_document/10320058.pdf HTTP/1.0" 404 322 "-" "Mozilla/5.0 (Linux; Android 5.0) AppleWebKit/537.36 (KHTML, like Gecko) Mobile Safari/537.36 (compatible; Bytespider; spider-feedback@bytedance.com)"
137.184.177.27 - - [05/Apr/2025:04:23:07 +0200] "GET /.env HTTP/1.1" 404 280 "-" "Mozilla/5.0 Keydrop"
137.184.177.27 - - [05/Apr/2025:04:23:07 +0200] "GET /.git/config HTTP/1.1" 404 285 "-" "Mozilla/5.0 Keydrop"
151.106.164.217 - - [05/Apr/2025:04:33:02 +0200] "GET /download/file.php?id=252&sid=8ed97c090a0d95f4c7d82e6f7f7dab86 HTTP/1.1" 404 297 "-" "Mozilla/5.0 (X11; Ubuntu; Linux x86_64; rv:72.0) Gecko/20100101 Firefox/72.0"
151.106.164.217 - - [05/Apr/2025:04:33:03 +0200] "GET /download/file.php?id=252&sid=8ed97c090a0d95f4c7d82e6f7f7dab86 HTTP/1.1" 404 297 "-" "Mozilla/5.0 (X11; Ubuntu; Linux x86_64; rv:72.0) Gecko/20100101 Firefox/72.0"
151.106.164.217 - - [05/Apr/2025:04:33:03 +0200] "GET /download/file.php?id=252&sid=8ed97c090a0d95f4c7d82e6f7f7dab86 HTTP/1.1" 404 297 "-" "Mozilla/5.0 (X11; Ubuntu; Linux x86_64; rv:72.0) Gecko/20100101 Firefox/72.0"
117.209.94.143 - - [05/Apr/2025:04:36:18 +0200] "GET /boaform/admin/formLogin?username=ec8&psd=ec8 HTTP/1.0" 404 378 "-" "-"
156.59.198.135 - - [05/Apr/2025:04:46:57 +0200] "GET /renault.activities.at/htdocs/export/pdf/emuc_document/10623574.pdf HTTP/1.0" 404 323 "-" "Mozilla/5.0 (Linux; Android 5.0) AppleWebKit/537.36 (KHTML, like Gecko) Mobile Safari/537.36 (compatible; Bytespider; spider-feedback@bytedance.com)"
151.106.163.240 - - [05/Apr/2025:05:01:45 +0200] "GET /cron.php?cron_type=tidy_cache&sid=284f7c4ec085f2960c4323976f6bccdf HTTP/1.1" 404 290 "-" "Mozilla/5.0 (X11; Ubuntu; Linux x86_64; rv:72.0) Gecko/20100101 Firefox/72.0"
151.106.163.240 - - [05/Apr/2025:05:01:45 +0200] "GET /cron.php?cron_type=tidy_cache&sid=284f7c4ec085f2960c4323976f6bccdf HTTP/1.1" 404 290 "-" "Mozilla/5.0 (X11; Ubuntu; Linux x86_64; rv:72.0) Gecko/20100101 Firefox/72.0"
151.106.163.240 - - [05/Apr/2025:05:01:45 +0200] "GET /cron.php?cron_type=tidy_cache&sid=284f7c4ec085f2960c4323976f6bccdf HTTP/1.1" 404 290 "-" "Mozilla/5.0 (X11; Ubuntu; Linux x86_64; rv:72.0) Gecko/20100101 Firefox/72.0"
156.59.198.135 - - [05/Apr/2025:05:05:13 +0200] "GET /renault.activities.at/htdocs/export/pdf/emuc_document/10711479.pdf HTTP/1.0" 404 322 "-" "Mozilla/5.0 (Linux; Android 5.0) AppleWebKit/537.36 (KHTML, like Gecko) Mobile Safari/537.36 (compatible; Bytespider; spider-feedback@bytedance.com)"
151.106.164.127 - - [05/Apr/2025:05:12:13 +0200] "GET /download/file.php?id=255&sid=8a7f3d7614094a2f09aefec01c9df986 HTTP/1.1" 404 297 "-" "Mozilla/5.0 (X11; Ubuntu; Linux x86_64; rv:72.0) Gecko/20100101 Firefox/72.0"
151.106.164.127 - - [05/Apr/2025:05:12:13 +0200] "GET /download/file.php?id=255&sid=8a7f3d7614094a2f09aefec01c9df986 HTTP/1.1" 404 297 "-" "Mozilla/5.0 (X11; Ubuntu; Linux x86_64; rv:72.0) Gecko/20100101 Firefox/72.0"
151.106.164.127 - - [05/Apr/2025:05:12:14 +0200] "GET /download/file.php?id=255&sid=8a7f3d7614094a2f09aefec01c9df986 HTTP/1.1" 404 297 "-" "Mozilla/5.0 (X11; Ubuntu; Linux x86_64; rv:72.0) Gecko/20100101 Firefox/72.0"
59.91.240.7 - - [05/Apr/2025:05:19:25 +0200] "GET / HTTP/1.1" 200 423 "-" "Mozilla/5.0 (Windows NT 6.1; WOW64) AppleWebKit/537.36 (KHTML, like Gecko) Chrome/51.0.2704.103 Safari/537.36"
151.106.169.235 - - [05/Apr/2025:05:21:14 +0200] "GET /download/file.php?id=231&sid=21586c4b32cb50e04e89a13211f2f41b HTTP/1.1" 404 297 "-" "Mozilla/5.0 (X11; Ubuntu; Linux x86_64; rv:72.0) Gecko/20100101 Firefox/72.0"
151.106.169.235 - - [05/Apr/2025:05:21:15 +0200] "GET /download/file.php?id=231&sid=21586c4b32cb50e04e89a13211f2f41b HTTP/1.1" 404 297 "-" "Mozilla/5.0 (X11; Ubuntu; Linux x86_64; rv:72.0) Gecko/20100101 Firefox/72.0"
151.106.169.235 - - [05/Apr/2025:05:21:15 +0200] "GET /download/file.php?id=231&sid=21586c4b32cb50e04e89a13211f2f41b HTTP/1.1" 404 297 "-" "Mozilla/5.0 (X11; Ubuntu; Linux x86_64; rv:72.0) Gecko/20100101 Firefox/72.0"
154.81.156.35 - - [05/Apr/2025:05:32:28 +0200] "GET / HTTP/1.1" 200 274 "-" "Mozilla/5.0 (Windows NT 10.0; Win64; x64) AppleWebKit/537.36 (KHTML, like Gecko) Chrome/90.0.4430.85 Safari/537.36 Edg/90.0.818.46"
151.106.186.76 - - [05/Apr/2025:05:32:57 +0200] "GET /download/file.php?id=250&sid=72cb00d476cef618abcbd36f50d112da HTTP/1.1" 404 297 "-" "Mozilla/5.0 (X11; Ubuntu; Linux x86_64; rv:72.0) Gecko/20100101 Firefox/72.0"
151.106.186.76 - - [05/Apr/2025:05:32:57 +0200] "GET /download/file.php?id=250&sid=72cb00d476cef618abcbd36f50d112da HTTP/1.1" 404 297 "-" "Mozilla/5.0 (X11; Ubuntu; Linux x86_64; rv:72.0) Gecko/20100101 Firefox/72.0"
151.106.186.76 - - [05/Apr/2025:05:32:57 +0200] "GET /download/file.php?id=250&sid=72cb00d476cef618abcbd36f50d112da HTTP/1.1" 404 297 "-" "Mozilla/5.0 (X11; Ubuntu; Linux x86_64; rv:72.0) Gecko/20100101 Firefox/72.0"
93.174.93.12 - - [05/Apr/2025:05:41:32 +0200] "GET / HTTP/1.0" 200 423 "-" "Mozilla/5.0 (Linux; Android 8.0.0; LND-AL30) AppleWebKit/537.36 (KHTML, like Gecko) Chrome/76.0.3809.89 Mobile Safari/537.36"
156.59.198.135 - - [05/Apr/2025:05:48:05 +0200] "GET /renault.activities.at/htdocs/export/pdf/emuc_document/10961155.pdf HTTP/1.0" 404 321 "-" "Mozilla/5.0 (Linux; Android 5.0) AppleWebKit/537.36 (KHTML, like Gecko) Mobile Safari/537.36 (compatible; Bytespider; spider-feedback@bytedance.com)"
147.185.132.106 - - [05/Apr/2025:05:52:34 +0200] "GET / HTTP/1.0" 200 423 "-" "Expanse, a Palo Alto Networks company, searches across the global IPv4 space multiple times per day to identify customers' presences on the Internet. If you would like to be excluded from our scans, please send IP addresses/domains to: scaninfo@paloaltonetworks.com"
45.90.163.37 - - [05/Apr/2025:05:54:13 +0200] "GET / HTTP/1.1" 200 423 "-" "-"
151.106.186.76 - - [05/Apr/2025:05:55:33 +0200] "GET /cron.php?cron_type=tidy_sessions&sid=e2ee444d3a0cec03168ac429057ad679 HTTP/1.1" 404 290 "-" "Mozilla/5.0 (X11; Ubuntu; Linux x86_64; rv:72.0) Gecko/20100101 Firefox/72.0"
151.106.186.76 - - [05/Apr/2025:05:55:33 +0200] "GET /cron.php?cron_type=tidy_sessions&sid=e2ee444d3a0cec03168ac429057ad679 HTTP/1.1" 404 290 "-" "Mozilla/5.0 (X11; Ubuntu; Linux x86_64; rv:72.0) Gecko/20100101 Firefox/72.0"
151.106.186.76 - - [05/Apr/2025:05:55:34 +0200] "GET /cron.php?cron_type=tidy_sessions&sid=e2ee444d3a0cec03168ac429057ad679 HTTP/1.1" 404 290 "-" "Mozilla/5.0 (X11; Ubuntu; Linux x86_64; rv:72.0) Gecko/20100101 Firefox/72.0"
156.59.198.136 - - [05/Apr/2025:05:56:53 +0200] "GET /renault.activities.at/htdocs/export/pdf/emuc_document/10668108.pdf HTTP/1.0" 404 322 "-" "Mozilla/5.0 (Linux; Android 5.0) AppleWebKit/537.36 (KHTML, like Gecko) Mobile Safari/537.36 (compatible; Bytespider; spider-feedback@bytedance.com)"
151.106.166.243 - - [05/Apr/2025:06:05:56 +0200] "GET /download/file.php?id=250&sid=c4442f772187b7f93af5b7b474e6d7de HTTP/1.1" 404 297 "-" "Mozilla/5.0 (X11; Ubuntu; Linux x86_64; rv:72.0) Gecko/20100101 Firefox/72.0"
151.106.166.243 - - [05/Apr/2025:06:05:56 +0200] "GET /download/file.php?id=250&sid=c4442f772187b7f93af5b7b474e6d7de HTTP/1.1" 404 297 "-" "Mozilla/5.0 (X11; Ubuntu; Linux x86_64; rv:72.0) Gecko/20100101 Firefox/72.0"
151.106.166.243 - - [05/Apr/2025:06:05:56 +0200] "GET /download/file.php?id=250&sid=c4442f772187b7f93af5b7b474e6d7de HTTP/1.1" 404 297 "-" "Mozilla/5.0 (X11; Ubuntu; Linux x86_64; rv:72.0) Gecko/20100101 Firefox/72.0"
41.219.185.170 - - [05/Apr/2025:06:06:05 +0200] "GET / HTTP/1.1" 200 423 "-" "Mozilla/5.0 (Windows NT 10.0; WOW64) AppleWebKit/537.36 (KHTML, like Gecko) Chrome/51.0.2704.103 Safari/537.36"
185.40.4.51 - - [05/Apr/2025:06:07:19 +0200] "GET / HTTP/1.1" 200 274 "-" "Mozilla/5.0 (Windows NT 10.0; Win64; x64) AppleWebKit/537.36 (KHTML, like Gecko) Chrome/90.0.4430.85 Safari/537.36 Edg/90.0.818.46"
84.239.48.143 - - [05/Apr/2025:06:07:25 +0200] "GET /.env HTTP/1.1" 404 291 "-" "Mozilla/5.0 (Macintosh; Intel Mac OS X 10.15; rv:77.0) Gecko/20100101 Firefox/77.0"
84.239.48.143 - - [05/Apr/2025:06:07:29 +0200] "GET /.env HTTP/1.1" 404 287 "-" "Mozilla/5.0 (Macintosh; Intel Mac OS X 10.15; rv:77.0) Gecko/20100101 Firefox/77.0"
84.239.48.143 - - [05/Apr/2025:06:07:29 +0200] "GET /.env HTTP/1.1" 404 288 "-" "Mozilla/5.0 (Macintosh; Intel Mac OS X 10.15; rv:77.0) Gecko/20100101 Firefox/77.0"
84.239.48.143 - - [05/Apr/2025:06:07:30 +0200] "GET /.env HTTP/1.1" 404 286 "-" "Mozilla/5.0 (Macintosh; Intel Mac OS X 10.15; rv:77.0) Gecko/20100101 Firefox/77.0"
151.106.161.79 - - [05/Apr/2025:06:10:20 +0200] "GET /gallery/image.php?mode=thumbnail&album_id=1&image_id=111&sid=b8b95ed4c1fdb25f94ef0ee438672e5c HTTP/1.1" 404 297 "-" "Mozilla/5.0 (X11; Ubuntu; Linux x86_64; rv:72.0) Gecko/20100101 Firefox/72.0"
151.106.161.79 - - [05/Apr/2025:06:10:20 +0200] "GET /gallery/image.php?mode=thumbnail&album_id=1&image_id=111&sid=b8b95ed4c1fdb25f94ef0ee438672e5c HTTP/1.1" 404 297 "-" "Mozilla/5.0 (X11; Ubuntu; Linux x86_64; rv:72.0) Gecko/20100101 Firefox/72.0"
151.106.161.79 - - [05/Apr/2025:06:10:21 +0200] "GET /gallery/image.php?mode=thumbnail&album_id=1&image_id=111&sid=b8b95ed4c1fdb25f94ef0ee438672e5c HTTP/1.1" 404 297 "-" "Mozilla/5.0 (X11; Ubuntu; Linux x86_64; rv:72.0) Gecko/20100101 Firefox/72.0"
151.106.186.76 - - [05/Apr/2025:06:24:38 +0200] "GET /cron.php?cron_type=tidy_cache&sid=acd1cd60cf35957ed959d139e858b5ce HTTP/1.1" 404 290 "-" "Mozilla/5.0 (X11; Ubuntu; Linux x86_64; rv:72.0) Gecko/20100101 Firefox/72.0"
151.106.186.76 - - [05/Apr/2025:06:24:38 +0200] "GET /cron.php?cron_type=tidy_cache&sid=acd1cd60cf35957ed959d139e858b5ce HTTP/1.1" 404 290 "-" "Mozilla/5.0 (X11; Ubuntu; Linux x86_64; rv:72.0) Gecko/20100101 Firefox/72.0"
151.106.186.76 - - [05/Apr/2025:06:24:39 +0200] "GET /cron.php?cron_type=tidy_cache&sid=acd1cd60cf35957ed959d139e858b5ce HTTP/1.1" 404 290 "-" "Mozilla/5.0 (X11; Ubuntu; Linux x86_64; rv:72.0) Gecko/20100101 Firefox/72.0"
167.94.138.114 - - [05/Apr/2025:06:32:06 +0200] "GET / HTTP/1.1" 200 423 "-" "-"
167.94.138.114 - - [05/Apr/2025:06:32:14 +0200] "GET / HTTP/1.1" 200 274 "-" "Mozilla/5.0 (compatible; CensysInspect/1.1; +https://about.censys.io/)"
167.94.138.114 - - [05/Apr/2025:06:32:17 +0200] "GET /activities.ico HTTP/1.1" 200 1406 "-" "Mozilla/5.0 (compatible; CensysInspect/1.1; +https://about.censys.io/)"
167.94.138.114 - - [05/Apr/2025:06:32:19 +0200] "GET /favicon.ico HTTP/1.1" 404 284 "-" "Mozilla/5.0 (compatible; CensysInspect/1.1; +https://about.censys.io/)"
167.94.138.114 - - [05/Apr/2025:06:32:21 +0200] "PRI * HTTP/2.0" 400 383 "-" "-"
167.94.138.114 - - [05/Apr/2025:06:32:31 +0200] "GET /favicon.ico HTTP/1.1" 404 284 "-" "Mozilla/5.0 (compatible; CensysInspect/1.1; +https://about.censys.io/)"
167.94.138.114 - - [05/Apr/2025:06:32:33 +0200] "\x16\x03\x01" 400 383 "-" "-"
43.166.245.120 - - [05/Apr/2025:06:32:43 +0200] "GET / HTTP/1.1" 200 274 "-" "Mozilla/5.0 (iPhone; CPU iPhone OS 13_2_3 like Mac OS X) AppleWebKit/605.1.15 (KHTML, like Gecko) Version/13.0.3 Mobile/15E148 Safari/604.1"
43.153.101.217 - - [05/Apr/2025:06:39:30 +0200] "GET / HTTP/1.1" 200 274 "-" "Mozilla/5.0 (iPhone; CPU iPhone OS 13_2_3 like Mac OS X) AppleWebKit/605.1.15 (KHTML, like Gecko) Version/13.0.3 Mobile/15E148 Safari/604.1"
109.205.213.198 - - [05/Apr/2025:06:39:30 +0200] "GET / HTTP/1.1" 200 274 "-" "Mozilla/5.0 (Windows NT 10.0; Win64; x64) AppleWebKit/537.36 (KHTML, like Gecko) Chrome/90.0.4430.85 Safari/537.36 Edg/90.0.818.46"
151.106.186.76 - - [05/Apr/2025:06:42:46 +0200] "GET /cron.php?cron_type=tidy_cache&sid=c78e1ad325109707afb69c383dc26381 HTTP/1.1" 404 290 "-" "Mozilla/5.0 (X11; Ubuntu; Linux x86_64; rv:72.0) Gecko/20100101 Firefox/72.0"
151.106.186.76 - - [05/Apr/2025:06:42:46 +0200] "GET /cron.php?cron_type=tidy_cache&sid=c78e1ad325109707afb69c383dc26381 HTTP/1.1" 404 290 "-" "Mozilla/5.0 (X11; Ubuntu; Linux x86_64; rv:72.0) Gecko/20100101 Firefox/72.0"
151.106.186.76 - - [05/Apr/2025:06:42:47 +0200] "GET /cron.php?cron_type=tidy_cache&sid=c78e1ad325109707afb69c383dc26381 HTTP/1.1" 404 290 "-" "Mozilla/5.0 (X11; Ubuntu; Linux x86_64; rv:72.0) Gecko/20100101 Firefox/72.0"
151.106.186.76 - - [05/Apr/2025:06:43:19 +0200] "GET /cron.php?cron_type=tidy_cache&sid=8e289d1fc98a8f68109aae2bfaba6402 HTTP/1.1" 404 290 "-" "Mozilla/5.0 (X11; Ubuntu; Linux x86_64; rv:72.0) Gecko/20100101 Firefox/72.0"
151.106.186.76 - - [05/Apr/2025:06:43:19 +0200] "GET /cron.php?cron_type=tidy_cache&sid=8e289d1fc98a8f68109aae2bfaba6402 HTTP/1.1" 404 290 "-" "Mozilla/5.0 (X11; Ubuntu; Linux x86_64; rv:72.0) Gecko/20100101 Firefox/72.0"
151.106.186.76 - - [05/Apr/2025:06:43:19 +0200] "GET /cron.php?cron_type=tidy_cache&sid=8e289d1fc98a8f68109aae2bfaba6402 HTTP/1.1" 404 290 "-" "Mozilla/5.0 (X11; Ubuntu; Linux x86_64; rv:72.0) Gecko/20100101 Firefox/72.0"
156.59.198.136 - - [05/Apr/2025:06:53:19 +0200] "GET /renault.activities.at/htdocs/export/pdf/emuc_document/10396397.pdf HTTP/1.0" 404 323 "-" "Mozilla/5.0 (Linux; Android 5.0) AppleWebKit/537.36 (KHTML, like Gecko) Mobile Safari/537.36 (compatible; Bytespider; spider-feedback@bytedance.com)"
188.6.21.120 - - [05/Apr/2025:07:07:35 +0200] "GET / HTTP/1.0" 200 423 "-" "-"
151.106.166.201 - - [05/Apr/2025:07:14:19 +0200] "GET /cron.php?cron_type=tidy_cache&sid=c858172e37798b4cfe164d64d9e0dd25 HTTP/1.1" 404 290 "-" "Mozilla/5.0 (X11; Ubuntu; Linux x86_64; rv:72.0) Gecko/20100101 Firefox/72.0"
151.106.166.201 - - [05/Apr/2025:07:14:19 +0200] "GET /cron.php?cron_type=tidy_cache&sid=c858172e37798b4cfe164d64d9e0dd25 HTTP/1.1" 404 290 "-" "Mozilla/5.0 (X11; Ubuntu; Linux x86_64; rv:72.0) Gecko/20100101 Firefox/72.0"
151.106.166.201 - - [05/Apr/2025:07:14:19 +0200] "GET /cron.php?cron_type=tidy_cache&sid=c858172e37798b4cfe164d64d9e0dd25 HTTP/1.1" 404 290 "-" "Mozilla/5.0 (X11; Ubuntu; Linux x86_64; rv:72.0) Gecko/20100101 Firefox/72.0"
151.106.163.240 - - [05/Apr/2025:07:14:51 +0200] "GET /cron.php?cron_type=tidy_cache&sid=8d282303ddc0f32e383aae10a67190e9 HTTP/1.1" 404 290 "-" "Mozilla/5.0 (X11; Ubuntu; Linux x86_64; rv:72.0) Gecko/20100101 Firefox/72.0"
151.106.163.240 - - [05/Apr/2025:07:14:51 +0200] "GET /cron.php?cron_type=tidy_cache&sid=8d282303ddc0f32e383aae10a67190e9 HTTP/1.1" 404 290 "-" "Mozilla/5.0 (X11; Ubuntu; Linux x86_64; rv:72.0) Gecko/20100101 Firefox/72.0"
151.106.163.240 - - [05/Apr/2025:07:14:51 +0200] "GET /cron.php?cron_type=tidy_cache&sid=8d282303ddc0f32e383aae10a67190e9 HTTP/1.1" 404 290 "-" "Mozilla/5.0 (X11; Ubuntu; Linux x86_64; rv:72.0) Gecko/20100101 Firefox/72.0"
151.106.166.243 - - [05/Apr/2025:07:15:03 +0200] "GET /cron.php?cron_type=tidy_cache&sid=4aa4123490fd623f9ca4883a7ec78ea8 HTTP/1.1" 404 290 "-" "Mozilla/5.0 (X11; Ubuntu; Linux x86_64; rv:72.0) Gecko/20100101 Firefox/72.0"
151.106.166.243 - - [05/Apr/2025:07:15:03 +0200] "GET /cron.php?cron_type=tidy_cache&sid=4aa4123490fd623f9ca4883a7ec78ea8 HTTP/1.1" 404 290 "-" "Mozilla/5.0 (X11; Ubuntu; Linux x86_64; rv:72.0) Gecko/20100101 Firefox/72.0"
151.106.166.243 - - [05/Apr/2025:07:15:03 +0200] "GET /cron.php?cron_type=tidy_cache&sid=4aa4123490fd623f9ca4883a7ec78ea8 HTTP/1.1" 404 290 "-" "Mozilla/5.0 (X11; Ubuntu; Linux x86_64; rv:72.0) Gecko/20100101 Firefox/72.0"
151.106.163.149 - - [05/Apr/2025:07:19:41 +0200] "GET /cron.php?cron_type=tidy_cache&sid=1b7ab1339830d141d5e624514d479a44 HTTP/1.1" 404 290 "-" "Mozilla/5.0 (X11; Ubuntu; Linux x86_64; rv:72.0) Gecko/20100101 Firefox/72.0"
151.106.163.149 - - [05/Apr/2025:07:19:41 +0200] "GET /cron.php?cron_type=tidy_cache&sid=1b7ab1339830d141d5e624514d479a44 HTTP/1.1" 404 290 "-" "Mozilla/5.0 (X11; Ubuntu; Linux x86_64; rv:72.0) Gecko/20100101 Firefox/72.0"
151.106.163.149 - - [05/Apr/2025:07:19:41 +0200] "GET /cron.php?cron_type=tidy_cache&sid=1b7ab1339830d141d5e624514d479a44 HTTP/1.1" 404 290 "-" "Mozilla/5.0 (X11; Ubuntu; Linux x86_64; rv:72.0) Gecko/20100101 Firefox/72.0"
156.59.198.135 - - [05/Apr/2025:07:21:33 +0200] "GET /renault.activities.at/htdocs/export/pdf/emuc_document/10745076.pdf HTTP/1.0" 404 322 "-" "Mozilla/5.0 (Linux; Android 5.0) AppleWebKit/537.36 (KHTML, like Gecko) Mobile Safari/537.36 (compatible; Bytespider; spider-feedback@bytedance.com)"
156.59.198.135 - - [05/Apr/2025:07:21:42 +0200] "GET /renault.2web.at/htdocs/export/pdf/emuc_document/10969001.pdf HTTP/1.0" 404 318 "-" "Mozilla/5.0 (Linux; Android 5.0) AppleWebKit/537.36 (KHTML, like Gecko) Mobile Safari/537.36 (compatible; Bytespider; spider-feedback@bytedance.com)"
45.148.10.235 - - [05/Apr/2025:07:23:12 +0200] "GET / HTTP/1.1" 200 423 "-" "-"
154.81.156.35 - - [05/Apr/2025:07:24:18 +0200] "GET / HTTP/1.1" 200 274 "-" "Mozilla/5.0 (Windows NT 10.0; Win64; x64) AppleWebKit/537.36 (KHTML, like Gecko) Chrome/90.0.4430.85 Safari/537.36 Edg/90.0.818.46"
151.106.184.192 - - [05/Apr/2025:07:29:18 +0200] "GET /download/file.php?id=253&sid=8c77e9a8f2ab2cc1834857dee98702e5 HTTP/1.1" 404 297 "-" "Mozilla/5.0 (X11; Ubuntu; Linux x86_64; rv:72.0) Gecko/20100101 Firefox/72.0"
151.106.184.192 - - [05/Apr/2025:07:29:19 +0200] "GET /download/file.php?id=253&sid=8c77e9a8f2ab2cc1834857dee98702e5 HTTP/1.1" 404 297 "-" "Mozilla/5.0 (X11; Ubuntu; Linux x86_64; rv:72.0) Gecko/20100101 Firefox/72.0"
151.106.184.192 - - [05/Apr/2025:07:29:19 +0200] "GET /download/file.php?id=253&sid=8c77e9a8f2ab2cc1834857dee98702e5 HTTP/1.1" 404 297 "-" "Mozilla/5.0 (X11; Ubuntu; Linux x86_64; rv:72.0) Gecko/20100101 Firefox/72.0"
93.174.93.12 - - [05/Apr/2025:07:29:47 +0200] "GET / HTTP/1.0" 200 423 "-" "Mozilla/5.0 (X11; Linux x86_64) AppleWebKit/537.36 (KHTML, like Gecko) Chrome/66.0.3359.170 Safari/537.36"
151.106.171.1 - - [05/Apr/2025:07:34:06 +0200] "GET /download/file.php?id=256&sid=9601a6042b024961c6607cbeeee78b17 HTTP/1.1" 404 297 "-" "Mozilla/5.0 (X11; Ubuntu; Linux x86_64; rv:72.0) Gecko/20100101 Firefox/72.0"
151.106.171.1 - - [05/Apr/2025:07:34:06 +0200] "GET /download/file.php?id=256&sid=9601a6042b024961c6607cbeeee78b17 HTTP/1.1" 404 297 "-" "Mozilla/5.0 (X11; Ubuntu; Linux x86_64; rv:72.0) Gecko/20100101 Firefox/72.0"
151.106.171.1 - - [05/Apr/2025:07:34:06 +0200] "GET /download/file.php?id=256&sid=9601a6042b024961c6607cbeeee78b17 HTTP/1.1" 404 297 "-" "Mozilla/5.0 (X11; Ubuntu; Linux x86_64; rv:72.0) Gecko/20100101 Firefox/72.0"
151.106.191.138 - - [05/Apr/2025:07:35:24 +0200] "GET /cron.php?cron_type=tidy_sessions&sid=f7dacad7719c7f1abc04dac9c859027f HTTP/1.1" 404 290 "-" "Mozilla/5.0 (X11; Ubuntu; Linux x86_64; rv:72.0) Gecko/20100101 Firefox/72.0"
151.106.191.138 - - [05/Apr/2025:07:35:24 +0200] "GET /cron.php?cron_type=tidy_sessions&sid=f7dacad7719c7f1abc04dac9c859027f HTTP/1.1" 404 290 "-" "Mozilla/5.0 (X11; Ubuntu; Linux x86_64; rv:72.0) Gecko/20100101 Firefox/72.0"
151.106.191.138 - - [05/Apr/2025:07:35:25 +0200] "GET /cron.php?cron_type=tidy_sessions&sid=f7dacad7719c7f1abc04dac9c859027f HTTP/1.1" 404 290 "-" "Mozilla/5.0 (X11; Ubuntu; Linux x86_64; rv:72.0) Gecko/20100101 Firefox/72.0"
151.106.183.52 - - [05/Apr/2025:07:42:53 +0200] "GET /download/file.php?id=250&sid=265dffae84d89928a6f5881e9621fa4f HTTP/1.1" 404 297 "-" "Mozilla/5.0 (X11; Ubuntu; Linux x86_64; rv:72.0) Gecko/20100101 Firefox/72.0"
151.106.183.52 - - [05/Apr/2025:07:42:53 +0200] "GET /download/file.php?id=250&sid=265dffae84d89928a6f5881e9621fa4f HTTP/1.1" 404 297 "-" "Mozilla/5.0 (X11; Ubuntu; Linux x86_64; rv:72.0) Gecko/20100101 Firefox/72.0"
151.106.183.52 - - [05/Apr/2025:07:42:53 +0200] "GET /download/file.php?id=250&sid=265dffae84d89928a6f5881e9621fa4f HTTP/1.1" 404 297 "-" "Mozilla/5.0 (X11; Ubuntu; Linux x86_64; rv:72.0) Gecko/20100101 Firefox/72.0"
156.59.198.135 - - [05/Apr/2025:07:47:03 +0200] "GET /renault.activities.at/htdocs/export/pdf/emuc_document/10961232.pdf HTTP/1.0" 404 322 "-" "Mozilla/5.0 (Linux; Android 5.0) AppleWebKit/537.36 (KHTML, like Gecko) Mobile Safari/537.36 (compatible; Bytespider; spider-feedback@bytedance.com)"
47.128.122.44 - - [05/Apr/2025:07:47:14 +0200] "GET /robots.txt HTTP/1.1" 404 284 "-" "Mozilla/5.0 (Linux; Android 5.0) AppleWebKit/537.36 (KHTML, like Gecko) Mobile Safari/537.36 (compatible; Bytespider; spider-feedback@bytedance.com)"
47.128.55.207 - - [05/Apr/2025:07:48:02 +0200] "GET /robots.txt HTTP/1.1" 404 284 "-" "Mozilla/5.0 (Linux; Android 5.0) AppleWebKit/537.36 (KHTML, like Gecko) Mobile Safari/537.36 (compatible; Bytespider; spider-feedback@bytedance.com)"
47.128.111.68 - - [05/Apr/2025:07:48:36 +0200] "GET /robots.txt HTTP/1.1" 404 284 "-" "Mozilla/5.0 (Linux; Android 5.0) AppleWebKit/537.36 (KHTML, like Gecko) Mobile Safari/537.36 (compatible; Bytespider; spider-feedback@bytedance.com)"
47.128.22.87 - - [05/Apr/2025:07:48:53 +0200] "GET /robots.txt HTTP/1.1" 404 284 "-" "Mozilla/5.0 (Linux; Android 5.0) AppleWebKit/537.36 (KHTML, like Gecko) Mobile Safari/537.36 (compatible; Bytespider; spider-feedback@bytedance.com)"
195.211.191.127 - - [05/Apr/2025:07:56:38 +0200] "GET / HTTP/1.1" 200 274 "-" "Opera/9.80 (Macintosh; Intel Mac OS X 10.6.8; U; fr) Presto/2.9.168 Version/11.52"
151.106.162.30 - - [05/Apr/2025:08:02:10 +0200] "GET /cron.php?cron_type=tidy_cache&sid=5577be7d1207721d91c1c89fa8922f28 HTTP/1.1" 404 290 "-" "Mozilla/5.0 (X11; Ubuntu; Linux x86_64; rv:72.0) Gecko/20100101 Firefox/72.0"
151.106.162.30 - - [05/Apr/2025:08:02:11 +0200] "GET /cron.php?cron_type=tidy_cache&sid=5577be7d1207721d91c1c89fa8922f28 HTTP/1.1" 404 290 "-" "Mozilla/5.0 (X11; Ubuntu; Linux x86_64; rv:72.0) Gecko/20100101 Firefox/72.0"
151.106.162.30 - - [05/Apr/2025:08:02:11 +0200] "GET /cron.php?cron_type=tidy_cache&sid=5577be7d1207721d91c1c89fa8922f28 HTTP/1.1" 404 290 "-" "Mozilla/5.0 (X11; Ubuntu; Linux x86_64; rv:72.0) Gecko/20100101 Firefox/72.0"
43.143.60.88 - - [05/Apr/2025:08:11:36 +0200] "GET / HTTP/1.1" 200 274 "-" "Mozilla/5.0 (Linux; Android 10; LIO-AN00 Build/HUAWEILIO-AN00; wv) MicroMessenger Weixin QQ AppleWebKit/537.36 (KHTML, like Gecko) Version/4.0 Chrome/78.0.3904.62 XWEB/2692 MMWEBSDK/200901 Mobile Safari/537.36"
151.106.163.149 - - [05/Apr/2025:08:21:30 +0200] "GET /cron.php?cron_type=tidy_cache&sid=f7d02e490ab4d3a0867691772e54a2c8 HTTP/1.1" 404 290 "-" "Mozilla/5.0 (X11; Ubuntu; Linux x86_64; rv:72.0) Gecko/20100101 Firefox/72.0"
151.106.163.149 - - [05/Apr/2025:08:21:31 +0200] "GET /cron.php?cron_type=tidy_cache&sid=f7d02e490ab4d3a0867691772e54a2c8 HTTP/1.1" 404 290 "-" "Mozilla/5.0 (X11; Ubuntu; Linux x86_64; rv:72.0) Gecko/20100101 Firefox/72.0"
151.106.163.149 - - [05/Apr/2025:08:21:31 +0200] "GET /cron.php?cron_type=tidy_cache&sid=f7d02e490ab4d3a0867691772e54a2c8 HTTP/1.1" 404 290 "-" "Mozilla/5.0 (X11; Ubuntu; Linux x86_64; rv:72.0) Gecko/20100101 Firefox/72.0"
151.106.167.56 - - [05/Apr/2025:08:28:04 +0200] "GET /cron.php?cron_type=tidy_cache&sid=4afc1f2e294c911e99c828130b055a22 HTTP/1.1" 404 290 "-" "Mozilla/5.0 (X11; Ubuntu; Linux x86_64; rv:72.0) Gecko/20100101 Firefox/72.0"
151.106.167.56 - - [05/Apr/2025:08:28:04 +0200] "GET /cron.php?cron_type=tidy_cache&sid=4afc1f2e294c911e99c828130b055a22 HTTP/1.1" 404 290 "-" "Mozilla/5.0 (X11; Ubuntu; Linux x86_64; rv:72.0) Gecko/20100101 Firefox/72.0"
151.106.167.56 - - [05/Apr/2025:08:28:04 +0200] "GET /cron.php?cron_type=tidy_cache&sid=4afc1f2e294c911e99c828130b055a22 HTTP/1.1" 404 290 "-" "Mozilla/5.0 (X11; Ubuntu; Linux x86_64; rv:72.0) Gecko/20100101 Firefox/72.0"
151.106.181.99 - - [05/Apr/2025:08:29:06 +0200] "GET /download/file.php?id=250&sid=f3fec9edac1a87ef3685d7d4e740b119 HTTP/1.1" 404 297 "-" "Mozilla/5.0 (X11; Ubuntu; Linux x86_64; rv:72.0) Gecko/20100101 Firefox/72.0"
151.106.181.99 - - [05/Apr/2025:08:29:06 +0200] "GET /download/file.php?id=250&sid=f3fec9edac1a87ef3685d7d4e740b119 HTTP/1.1" 404 297 "-" "Mozilla/5.0 (X11; Ubuntu; Linux x86_64; rv:72.0) Gecko/20100101 Firefox/72.0"
151.106.181.99 - - [05/Apr/2025:08:29:07 +0200] "GET /download/file.php?id=250&sid=f3fec9edac1a87ef3685d7d4e740b119 HTTP/1.1" 404 297 "-" "Mozilla/5.0 (X11; Ubuntu; Linux x86_64; rv:72.0) Gecko/20100101 Firefox/72.0"
27.147.135.163 - - [05/Apr/2025:08:33:24 +0200] "GET / HTTP/1.1" 200 423 "-" "Mozilla/5.0 (Windows NT 6.1; WOW64) AppleWebKit/537.36 (KHTML, like Gecko) Chrome/52.0.2743.116 Safari/537.36"
151.106.181.99 - - [05/Apr/2025:08:35:13 +0200] "GET /cron.php?cron_type=tidy_cache&sid=fd9e7cb183f3370bff9ab7aedf7ec350 HTTP/1.1" 404 290 "-" "Mozilla/5.0 (X11; Ubuntu; Linux x86_64; rv:72.0) Gecko/20100101 Firefox/72.0"
151.106.181.99 - - [05/Apr/2025:08:35:13 +0200] "GET /cron.php?cron_type=tidy_cache&sid=fd9e7cb183f3370bff9ab7aedf7ec350 HTTP/1.1" 404 290 "-" "Mozilla/5.0 (X11; Ubuntu; Linux x86_64; rv:72.0) Gecko/20100101 Firefox/72.0"
151.106.181.99 - - [05/Apr/2025:08:35:13 +0200] "GET /cron.php?cron_type=tidy_cache&sid=fd9e7cb183f3370bff9ab7aedf7ec350 HTTP/1.1" 404 290 "-" "Mozilla/5.0 (X11; Ubuntu; Linux x86_64; rv:72.0) Gecko/20100101 Firefox/72.0"
151.106.160.247 - - [05/Apr/2025:08:36:26 +0200] "GET /cron.php?cron_type=tidy_cache&sid=92e5024bdf8c82b2d3f0dc17cbc4003e HTTP/1.1" 404 290 "-" "Mozilla/5.0 (X11; Ubuntu; Linux x86_64; rv:72.0) Gecko/20100101 Firefox/72.0"
151.106.160.247 - - [05/Apr/2025:08:36:26 +0200] "GET /cron.php?cron_type=tidy_cache&sid=92e5024bdf8c82b2d3f0dc17cbc4003e HTTP/1.1" 404 290 "-" "Mozilla/5.0 (X11; Ubuntu; Linux x86_64; rv:72.0) Gecko/20100101 Firefox/72.0"
151.106.160.247 - - [05/Apr/2025:08:36:27 +0200] "GET /cron.php?cron_type=tidy_cache&sid=92e5024bdf8c82b2d3f0dc17cbc4003e HTTP/1.1" 404 290 "-" "Mozilla/5.0 (X11; Ubuntu; Linux x86_64; rv:72.0) Gecko/20100101 Firefox/72.0"
14.35.16.123 - - [05/Apr/2025:08:47:44 +0200] "GET / HTTP/1.0" 200 423 "-" "curl/7.88.1"
14.35.16.123 - - [05/Apr/2025:08:47:44 +0200] "GET / HTTP/1.0" 200 423 "-" "curl/7.88.1"
151.106.184.192 - - [05/Apr/2025:08:48:53 +0200] "GET /cron.php?cron_type=tidy_cache&sid=c3b2e8ef44b858e3047fcdb8f192bedd HTTP/1.1" 404 290 "-" "Mozilla/5.0 (X11; Ubuntu; Linux x86_64; rv:72.0) Gecko/20100101 Firefox/72.0"
151.106.184.192 - - [05/Apr/2025:08:48:53 +0200] "GET /cron.php?cron_type=tidy_cache&sid=c3b2e8ef44b858e3047fcdb8f192bedd HTTP/1.1" 404 290 "-" "Mozilla/5.0 (X11; Ubuntu; Linux x86_64; rv:72.0) Gecko/20100101 Firefox/72.0"
151.106.184.192 - - [05/Apr/2025:08:48:53 +0200] "GET /cron.php?cron_type=tidy_cache&sid=c3b2e8ef44b858e3047fcdb8f192bedd HTTP/1.1" 404 290 "-" "Mozilla/5.0 (X11; Ubuntu; Linux x86_64; rv:72.0) Gecko/20100101 Firefox/72.0"
151.106.161.79 - - [05/Apr/2025:09:01:47 +0200] "GET /cron.php?cron_type=tidy_cache&sid=2db559eeaf5d97ee1db2936574f5d61d HTTP/1.1" 404 290 "-" "Mozilla/5.0 (X11; Ubuntu; Linux x86_64; rv:72.0) Gecko/20100101 Firefox/72.0"
151.106.161.79 - - [05/Apr/2025:09:01:47 +0200] "GET /cron.php?cron_type=tidy_cache&sid=2db559eeaf5d97ee1db2936574f5d61d HTTP/1.1" 404 290 "-" "Mozilla/5.0 (X11; Ubuntu; Linux x86_64; rv:72.0) Gecko/20100101 Firefox/72.0"
151.106.161.79 - - [05/Apr/2025:09:01:48 +0200] "GET /cron.php?cron_type=tidy_cache&sid=2db559eeaf5d97ee1db2936574f5d61d HTTP/1.1" 404 290 "-" "Mozilla/5.0 (X11; Ubuntu; Linux x86_64; rv:72.0) Gecko/20100101 Firefox/72.0"
220.133.67.163 - - [05/Apr/2025:09:06:22 +0200] "GET / HTTP/1.0" 200 423 "-" "curl/7.88.1"
151.106.163.149 - - [05/Apr/2025:09:07:03 +0200] "GET /download/file.php?id=253&sid=5e5f8b24256a5cda8ea35aedc7efbb6f HTTP/1.1" 404 297 "-" "Mozilla/5.0 (X11; Ubuntu; Linux x86_64; rv:72.0) Gecko/20100101 Firefox/72.0"
151.106.163.149 - - [05/Apr/2025:09:07:03 +0200] "GET /download/file.php?id=253&sid=5e5f8b24256a5cda8ea35aedc7efbb6f HTTP/1.1" 404 297 "-" "Mozilla/5.0 (X11; Ubuntu; Linux x86_64; rv:72.0) Gecko/20100101 Firefox/72.0"
151.106.163.149 - - [05/Apr/2025:09:07:03 +0200] "GET /download/file.php?id=253&sid=5e5f8b24256a5cda8ea35aedc7efbb6f HTTP/1.1" 404 297 "-" "Mozilla/5.0 (X11; Ubuntu; Linux x86_64; rv:72.0) Gecko/20100101 Firefox/72.0"
151.106.166.201 - - [05/Apr/2025:09:07:22 +0200] "GET /download/file.php?id=250&sid=4af7780528aa77dddb0404880afd95b6 HTTP/1.1" 404 297 "-" "Mozilla/5.0 (X11; Ubuntu; Linux x86_64; rv:72.0) Gecko/20100101 Firefox/72.0"
151.106.166.201 - - [05/Apr/2025:09:07:23 +0200] "GET /download/file.php?id=250&sid=4af7780528aa77dddb0404880afd95b6 HTTP/1.1" 404 297 "-" "Mozilla/5.0 (X11; Ubuntu; Linux x86_64; rv:72.0) Gecko/20100101 Firefox/72.0"
151.106.166.201 - - [05/Apr/2025:09:07:23 +0200] "GET /download/file.php?id=250&sid=4af7780528aa77dddb0404880afd95b6 HTTP/1.1" 404 297 "-" "Mozilla/5.0 (X11; Ubuntu; Linux x86_64; rv:72.0) Gecko/20100101 Firefox/72.0"
154.81.156.35 - - [05/Apr/2025:09:09:05 +0200] "GET / HTTP/1.1" 200 274 "-" "Mozilla/5.0 (Windows NT 10.0; Win64; x64) AppleWebKit/537.36 (KHTML, like Gecko) Chrome/90.0.4430.85 Safari/537.36 Edg/90.0.818.46"
151.106.177.184 - - [05/Apr/2025:09:11:26 +0200] "GET /gallery/image.php?mode=thumbnail&album_id=1&image_id=111&sid=cb65ba255173a66c69be81facd2e8d32 HTTP/1.1" 404 297 "-" "Mozilla/5.0 (X11; Ubuntu; Linux x86_64; rv:72.0) Gecko/20100101 Firefox/72.0"
151.106.177.184 - - [05/Apr/2025:09:11:26 +0200] "GET /gallery/image.php?mode=thumbnail&album_id=1&image_id=111&sid=cb65ba255173a66c69be81facd2e8d32 HTTP/1.1" 404 297 "-" "Mozilla/5.0 (X11; Ubuntu; Linux x86_64; rv:72.0) Gecko/20100101 Firefox/72.0"
151.106.177.184 - - [05/Apr/2025:09:11:27 +0200] "GET /gallery/image.php?mode=thumbnail&album_id=1&image_id=111&sid=cb65ba255173a66c69be81facd2e8d32 HTTP/1.1" 404 297 "-" "Mozilla/5.0 (X11; Ubuntu; Linux x86_64; rv:72.0) Gecko/20100101 Firefox/72.0"
151.106.164.53 - - [05/Apr/2025:09:15:57 +0200] "GET /cron.php?cron_type=tidy_warnings&sid=3aea309fa9aa6b3f9b4d787df334c8b7 HTTP/1.1" 404 290 "-" "Mozilla/5.0 (X11; Ubuntu; Linux x86_64; rv:72.0) Gecko/20100101 Firefox/72.0"
151.106.164.53 - - [05/Apr/2025:09:15:57 +0200] "GET /cron.php?cron_type=tidy_warnings&sid=3aea309fa9aa6b3f9b4d787df334c8b7 HTTP/1.1" 404 290 "-" "Mozilla/5.0 (X11; Ubuntu; Linux x86_64; rv:72.0) Gecko/20100101 Firefox/72.0"
151.106.164.53 - - [05/Apr/2025:09:15:57 +0200] "GET /cron.php?cron_type=tidy_warnings&sid=3aea309fa9aa6b3f9b4d787df334c8b7 HTTP/1.1" 404 290 "-" "Mozilla/5.0 (X11; Ubuntu; Linux x86_64; rv:72.0) Gecko/20100101 Firefox/72.0"
151.106.163.149 - - [05/Apr/2025:09:20:50 +0200] "GET /gallery/image.php?mode=thumbnail&album_id=1&image_id=114&sid=d40081bb8f6a6cc5afb959e6a8911488 HTTP/1.1" 404 297 "-" "Mozilla/5.0 (X11; Ubuntu; Linux x86_64; rv:72.0) Gecko/20100101 Firefox/72.0"
151.106.163.149 - - [05/Apr/2025:09:20:51 +0200] "GET /gallery/image.php?mode=thumbnail&album_id=1&image_id=114&sid=d40081bb8f6a6cc5afb959e6a8911488 HTTP/1.1" 404 297 "-" "Mozilla/5.0 (X11; Ubuntu; Linux x86_64; rv:72.0) Gecko/20100101 Firefox/72.0"
151.106.163.149 - - [05/Apr/2025:09:20:51 +0200] "GET /gallery/image.php?mode=thumbnail&album_id=1&image_id=114&sid=d40081bb8f6a6cc5afb959e6a8911488 HTTP/1.1" 404 297 "-" "Mozilla/5.0 (X11; Ubuntu; Linux x86_64; rv:72.0) Gecko/20100101 Firefox/72.0"
156.59.198.136 - - [05/Apr/2025:09:24:52 +0200] "GET /renault.activities.at/htdocs/export/pdf/emuc_document/10668837.pdf HTTP/1.0" 404 323 "-" "Mozilla/5.0 (Linux; Android 5.0) AppleWebKit/537.36 (KHTML, like Gecko) Mobile Safari/537.36 (compatible; Bytespider; spider-feedback@bytedance.com)"
156.59.198.136 - - [05/Apr/2025:09:25:00 +0200] "GET /renault.activities.at/htdocs/export/pdf/emuc_document/11214645.pdf HTTP/1.0" 404 321 "-" "Mozilla/5.0 (Linux; Android 5.0) AppleWebKit/537.36 (KHTML, like Gecko) Mobile Safari/537.36 (compatible; Bytespider; spider-feedback@bytedance.com)"
156.59.198.135 - - [05/Apr/2025:09:25:09 +0200] "GET /renault.activities.at/htdocs/export/pdf/emuc_document/10981088.pdf HTTP/1.0" 404 321 "-" "Mozilla/5.0 (Linux; Android 5.0) AppleWebKit/537.36 (KHTML, like Gecko) Mobile Safari/537.36 (compatible; Bytespider; spider-feedback@bytedance.com)"
151.106.162.8 - - [05/Apr/2025:09:26:09 +0200] "GET /download/file.php?id=252&sid=fb02aa5864cff41d06b093a0164bec7d HTTP/1.1" 404 297 "-" "Mozilla/5.0 (X11; Ubuntu; Linux x86_64; rv:72.0) Gecko/20100101 Firefox/72.0"
151.106.162.8 - - [05/Apr/2025:09:26:10 +0200] "GET /download/file.php?id=252&sid=fb02aa5864cff41d06b093a0164bec7d HTTP/1.1" 404 297 "-" "Mozilla/5.0 (X11; Ubuntu; Linux x86_64; rv:72.0) Gecko/20100101 Firefox/72.0"
151.106.162.8 - - [05/Apr/2025:09:26:10 +0200] "GET /download/file.php?id=252&sid=fb02aa5864cff41d06b093a0164bec7d HTTP/1.1" 404 297 "-" "Mozilla/5.0 (X11; Ubuntu; Linux x86_64; rv:72.0) Gecko/20100101 Firefox/72.0"
151.106.166.201 - - [05/Apr/2025:09:26:15 +0200] "GET /cron.php?cron_type=tidy_cache&sid=16c74718eb399688abe05685b70edd05 HTTP/1.1" 404 290 "-" "Mozilla/5.0 (X11; Ubuntu; Linux x86_64; rv:72.0) Gecko/20100101 Firefox/72.0"
