151.106.173.252 - - [05/Apr/2025:14:53:34 +0200] "GET /download/file.php?id=255&sid=4b83f2962f8d7246ca90199a1281e7f3 HTTP/1.1" 404 297 "-" "Mozilla/5.0 (X11; Ubuntu; Linux x86_64; rv:72.0) Gecko/20100101 Firefox/72.0"
156.59.198.135 - - [05/Apr/2025:14:57:42 +0200] "GET /renault.activities.at/htdocs/export/pdf/emuc_document/11644510.pdf HTTP/1.0" 404 321 "-" "Mozilla/5.0 (Linux; Android 5.0) AppleWebKit/537.36 (KHTML, like Gecko) Mobile Safari/537.36 (compatible; Bytespider; spider-feedback@bytedance.com)"
151.106.164.53 - - [05/Apr/2025:15:00:26 +0200] "GET /cron.php?cron_type=tidy_cache&sid=ac5ee9776c9a8496ba459731c4918c16 HTTP/1.1" 404 290 "-" "Mozilla/5.0 (X11; Ubuntu; Linux x86_64; rv:72.0) Gecko/20100101 Firefox/72.0"
151.106.164.53 - - [05/Apr/2025:15:00:27 +0200] "GET /cron.php?cron_type=tidy_cache&sid=ac5ee9776c9a8496ba459731c4918c16 HTTP/1.1" 404 290 "-" "Mozilla/5.0 (X11; Ubuntu; Linux x86_64; rv:72.0) Gecko/20100101 Firefox/72.0"
151.106.164.53 - - [05/Apr/2025:15:00:27 +0200] "GET /cron.php?cron_type=tidy_cache&sid=ac5ee9776c9a8496ba459731c4918c16 HTTP/1.1" 404 290 "-" "Mozilla/5.0 (X11; Ubuntu; Linux x86_64; rv:72.0) Gecko/20100101 Firefox/72.0"
170.64.209.153 - - [05/Apr/2025:15:01:18 +0200] "\x16\x03\x01" 400 383 "-" "-"
170.64.209.153 - - [05/Apr/2025:15:01:18 +0200] "\x16\x03\x01" 400 383 "-" "-"
170.64.209.153 - - [05/Apr/2025:15:01:19 +0200] "GET / HTTP/1.1" 200 274 "-" "Mozilla/5.0 (Windows NT 10.0; Win64; x64) AppleWebKit/537.36 (KHTML, like Gecko) Chrome/108.0.0.0 Safari/537.36"
170.64.209.153 - - [05/Apr/2025:15:01:19 +0200] "GET /form.html HTTP/1.1" 404 283 "-" "curl/8.1.2"
170.64.209.153 - - [05/Apr/2025:15:01:20 +0200] "GET /upl.php HTTP/1.1" 404 282 "-" "Mozilla/5.0"
170.64.209.153 - - [05/Apr/2025:15:01:21 +0200] "GET /t4 HTTP/1.1" 404 278 "-" "Mozilla/5.0"
170.64.209.153 - - [05/Apr/2025:15:01:21 +0200] "GET /geoip/ HTTP/1.1" 404 281 "-" "Mozilla/5.0 (Windows NT 10.0; Win64; x64) AppleWebKit/537.36 (KHTML, like Gecko) Chrome/108.0.0.0 Safari/537.36"
170.64.209.153 - - [05/Apr/2025:15:01:22 +0200] "GET /favicon.ico HTTP/1.1" 404 284 "-" "Mozilla/5.0 (Windows NT 10.0; Win64; x64) AppleWebKit/537.36 (KHTML, like Gecko) Chrome/108.0.0.0 Safari/537.36"
170.64.209.153 - - [05/Apr/2025:15:01:22 +0200] "GET /1.php HTTP/1.1" 404 280 "-" "Mozilla/5.0 (Windows NT 10.0; Win64; x64) AppleWebKit/537.36 (KHTML, like Gecko) Chrome/108.0.0.0 Safari/537.36"
170.64.209.153 - - [05/Apr/2025:15:01:23 +0200] "GET /systembc/password.php HTTP/1.1" 404 291 "-" "Mozilla/5.0 (Windows NT 10.0; Win64; x64) AppleWebKit/537.36 (KHTML, like Gecko) Chrome/108.0.0.0 Safari/537.36"
170.64.209.153 - - [05/Apr/2025:15:01:23 +0200] "GET /password.php HTTP/1.1" 404 285 "-" "Mozilla/5.0 (Windows NT 10.0; Win64; x64) AppleWebKit/537.36 (KHTML, like Gecko) Chrome/108.0.0.0 Safari/537.36"
162.216.150.51 - - [05/Apr/2025:15:05:38 +0200] "GET / HTTP/1.1" 200 274 "-" "Expanse, a Palo Alto Networks company, searches across the global IPv4 space multiple times per day to identify customers' presences on the Internet. If you would like to be excluded from our scans, please send IP addresses/domains to: scaninfo@paloaltonetworks.com"
185.40.4.51 - - [05/Apr/2025:15:07:25 +0200] "GET / HTTP/1.1" 200 274 "-" "Mozilla/5.0 (Windows NT 10.0; Win64; x64) AppleWebKit/537.36 (KHTML, like Gecko) Chrome/90.0.4430.85 Safari/537.36 Edg/90.0.818.46"
156.59.198.136 - - [05/Apr/2025:15:07:49 +0200] "GET /renault.activities.at/htdocs/export/pdf/emuc_document/11213742.pdf HTTP/1.0" 404 322 "-" "Mozilla/5.0 (Linux; Android 5.0) AppleWebKit/537.36 (KHTML, like Gecko) Mobile Safari/537.36 (compatible; Bytespider; spider-feedback@bytedance.com)"
156.59.198.135 - - [05/Apr/2025:15:07:57 +0200] "GET /renault.activities.at/htdocs/export/pdf/emuc_document/10748599.pdf HTTP/1.0" 404 322 "-" "Mozilla/5.0 (Linux; Android 5.0) AppleWebKit/537.36 (KHTML, like Gecko) Mobile Safari/537.36 (compatible; Bytespider; spider-feedback@bytedance.com)"
151.106.171.1 - - [05/Apr/2025:15:13:37 +0200] "GET /download/file.php?id=244&sid=841a8f7307efffec6672a4e029c632f2 HTTP/1.1" 404 297 "-" "Mozilla/5.0 (X11; Ubuntu; Linux x86_64; rv:72.0) Gecko/20100101 Firefox/72.0"
151.106.171.1 - - [05/Apr/2025:15:13:38 +0200] "GET /download/file.php?id=244&sid=841a8f7307efffec6672a4e029c632f2 HTTP/1.1" 404 297 "-" "Mozilla/5.0 (X11; Ubuntu; Linux x86_64; rv:72.0) Gecko/20100101 Firefox/72.0"
151.106.171.1 - - [05/Apr/2025:15:13:38 +0200] "GET /download/file.php?id=244&sid=841a8f7307efffec6672a4e029c632f2 HTTP/1.1" 404 297 "-" "Mozilla/5.0 (X11; Ubuntu; Linux x86_64; rv:72.0) Gecko/20100101 Firefox/72.0"
156.59.198.135 - - [05/Apr/2025:15:24:14 +0200] "GET /renault.activities.at/htdocs/export/pdf/emuc_document/11213647.pdf HTTP/1.0" 404 322 "-" "Mozilla/5.0 (Linux; Android 5.0) AppleWebKit/537.36 (KHTML, like Gecko) Mobile Safari/537.36 (compatible; Bytespider; spider-feedback@bytedance.com)"
59.23.71.188 - - [05/Apr/2025:15:24:18 +0200] "GET / HTTP/1.0" 200 423 "-" "curl/7.88.1"
151.106.168.134 - - [05/Apr/2025:15:29:10 +0200] "GET /cron.php?cron_type=tidy_cache&sid=197dc45236bcc401735491e8d54aca52 HTTP/1.1" 404 290 "-" "Mozilla/5.0 (X11; Ubuntu; Linux x86_64; rv:72.0) Gecko/20100101 Firefox/72.0"
151.106.168.134 - - [05/Apr/2025:15:29:11 +0200] "GET /cron.php?cron_type=tidy_cache&sid=197dc45236bcc401735491e8d54aca52 HTTP/1.1" 404 290 "-" "Mozilla/5.0 (X11; Ubuntu; Linux x86_64; rv:72.0) Gecko/20100101 Firefox/72.0"
151.106.168.134 - - [05/Apr/2025:15:29:11 +0200] "GET /cron.php?cron_type=tidy_cache&sid=197dc45236bcc401735491e8d54aca52 HTTP/1.1" 404 290 "-" "Mozilla/5.0 (X11; Ubuntu; Linux x86_64; rv:72.0) Gecko/20100101 Firefox/72.0"
151.106.160.247 - - [05/Apr/2025:15:31:57 +0200] "GET /download/file.php?id=234&sid=545f7e3fac431fb45e000893bded2796 HTTP/1.1" 404 297 "-" "Mozilla/5.0 (X11; Ubuntu; Linux x86_64; rv:72.0) Gecko/20100101 Firefox/72.0"
151.106.160.247 - - [05/Apr/2025:15:31:57 +0200] "GET /download/file.php?id=234&sid=545f7e3fac431fb45e000893bded2796 HTTP/1.1" 404 297 "-" "Mozilla/5.0 (X11; Ubuntu; Linux x86_64; rv:72.0) Gecko/20100101 Firefox/72.0"
151.106.160.247 - - [05/Apr/2025:15:31:57 +0200] "GET /download/file.php?id=234&sid=545f7e3fac431fb45e000893bded2796 HTTP/1.1" 404 297 "-" "Mozilla/5.0 (X11; Ubuntu; Linux x86_64; rv:72.0) Gecko/20100101 Firefox/72.0"
93.174.93.12 - - [05/Apr/2025:15:33:19 +0200] "\x16\x03\x02\x01o\x01" 400 383 "-" "-"
194.247.173.99 - - [05/Apr/2025:15:38:46 +0200] "GET /robots.txt HTTP/1.1" 404 366 "-" "Mozilla/5.0 (compatible; MJ12bot/v1.4.8; http://mj12bot.com/)"
194.247.173.99 - - [05/Apr/2025:15:38:48 +0200] "GET /viewtopic.php?t=326&p=2840 HTTP/1.1" 404 295 "-" "Mozilla/5.0 (compatible; MJ12bot/v1.4.8; http://mj12bot.com/)"
151.106.163.149 - - [05/Apr/2025:15:42:02 +0200] "GET /gallery/image.php?mode=thumbnail&album_id=1&image_id=115&sid=98b65d6c39c1263d86e03462d645a528 HTTP/1.1" 404 297 "-" "Mozilla/5.0 (X11; Ubuntu; Linux x86_64; rv:72.0) Gecko/20100101 Firefox/72.0"
151.106.163.149 - - [05/Apr/2025:15:42:02 +0200] "GET /gallery/image.php?mode=thumbnail&album_id=1&image_id=115&sid=98b65d6c39c1263d86e03462d645a528 HTTP/1.1" 404 297 "-" "Mozilla/5.0 (X11; Ubuntu; Linux x86_64; rv:72.0) Gecko/20100101 Firefox/72.0"
151.106.163.149 - - [05/Apr/2025:15:42:03 +0200] "GET /gallery/image.php?mode=thumbnail&album_id=1&image_id=115&sid=98b65d6c39c1263d86e03462d645a528 HTTP/1.1" 404 297 "-" "Mozilla/5.0 (X11; Ubuntu; Linux x86_64; rv:72.0) Gecko/20100101 Firefox/72.0"
64.227.163.216 - - [05/Apr/2025:15:46:02 +0200] "GET / HTTP/1.1" 200 274 "-" "Mozilla/5.0 (compatible)"
64.227.163.216 - - [05/Apr/2025:15:46:03 +0200] "GET /activities.ico HTTP/1.1" 200 1406 "http://coffeenostra.castlegem.co.uk/" "Mozilla/5.0 (compatible)"
64.227.163.216 - - [05/Apr/2025:15:46:03 +0200] "GET /ads.txt HTTP/1.1" 404 293 "-" "Mozilla/5.0 (compatible)"
156.59.198.135 - - [05/Apr/2025:15:48:41 +0200] "GET /renault.activities.at/htdocs/export/pdf/emuc_document/10668906.pdf HTTP/1.0" 404 321 "-" "Mozilla/5.0 (Linux; Android 5.0) AppleWebKit/537.36 (KHTML, like Gecko) Mobile Safari/537.36 (compatible; Bytespider; spider-feedback@bytedance.com)"
114.119.128.19 - - [05/Apr/2025:15:49:44 +0200] "GET /robots.txt HTTP/1.1" 404 291 "-" "Mozilla/5.0 (compatible;PetalBot;+https://webmaster.petalsearch.com/site/petalbot)"
167.94.145.96 - - [05/Apr/2025:15:53:46 +0200] "GET / HTTP/1.1" 200 423 "-" "-"
167.94.145.96 - - [05/Apr/2025:15:53:51 +0200] "GET / HTTP/1.1" 200 274 "-" "Mozilla/5.0 (compatible; CensysInspect/1.1; +https://about.censys.io/)"
167.94.145.96 - - [05/Apr/2025:15:53:51 +0200] "GET /activities.ico HTTP/1.1" 200 1406 "-" "Mozilla/5.0 (compatible; CensysInspect/1.1; +https://about.censys.io/)"
167.94.145.96 - - [05/Apr/2025:15:53:51 +0200] "GET /favicon.ico HTTP/1.1" 404 284 "-" "Mozilla/5.0 (compatible; CensysInspect/1.1; +https://about.censys.io/)"
167.94.145.96 - - [05/Apr/2025:15:53:51 +0200] "PRI * HTTP/2.0" 400 383 "-" "-"
167.94.145.96 - - [05/Apr/2025:15:53:56 +0200] "GET /favicon.ico HTTP/1.1" 404 284 "-" "Mozilla/5.0 (compatible; CensysInspect/1.1; +https://about.censys.io/)"
167.94.145.96 - - [05/Apr/2025:15:53:56 +0200] "\x16\x03\x01" 400 383 "-" "-"
151.106.186.76 - - [05/Apr/2025:15:57:07 +0200] "GET /gallery/image.php?mode=thumbnail&album_id=8&image_id=107&sid=ba9aa32efebca7190ef7f73342cbbe84 HTTP/1.1" 404 297 "-" "Mozilla/5.0 (X11; Ubuntu; Linux x86_64; rv:72.0) Gecko/20100101 Firefox/72.0"
151.106.186.76 - - [05/Apr/2025:15:57:07 +0200] "GET /gallery/image.php?mode=thumbnail&album_id=8&image_id=107&sid=ba9aa32efebca7190ef7f73342cbbe84 HTTP/1.1" 404 297 "-" "Mozilla/5.0 (X11; Ubuntu; Linux x86_64; rv:72.0) Gecko/20100101 Firefox/72.0"
151.106.186.76 - - [05/Apr/2025:15:57:07 +0200] "GET /gallery/image.php?mode=thumbnail&album_id=8&image_id=107&sid=ba9aa32efebca7190ef7f73342cbbe84 HTTP/1.1" 404 297 "-" "Mozilla/5.0 (X11; Ubuntu; Linux x86_64; rv:72.0) Gecko/20100101 Firefox/72.0"
156.59.198.136 - - [05/Apr/2025:15:57:52 +0200] "GET /renault.activities.at/htdocs/export/pdf/emuc_document/12466917.pdf HTTP/1.0" 404 322 "-" "Mozilla/5.0 (Linux; Android 5.0) AppleWebKit/537.36 (KHTML, like Gecko) Mobile Safari/537.36 (compatible; Bytespider; spider-feedback@bytedance.com)"
199.204.96.10 - - [05/Apr/2025:15:59:34 +0200] "GET /manifest.json HTTP/1.1" 404 285 "-" "Mozilla/5.0 (Windows NT 10.0; Win64; x64) AppleWebKit/537.36 (KHTML, like Gecko) Chrome/122.0.0.0 Safari/537.36"
156.59.198.136 - - [05/Apr/2025:16:15:26 +0200] "GET /renault.activities.at/htdocs/export/pdf/emuc_document/10745101.pdf HTTP/1.0" 404 322 "-" "Mozilla/5.0 (Linux; Android 5.0) AppleWebKit/537.36 (KHTML, like Gecko) Mobile Safari/537.36 (compatible; Bytespider; spider-feedback@bytedance.com)"
151.106.165.204 - - [05/Apr/2025:16:18:20 +0200] "GET /download/file.php?id=251&sid=e889d10900f63fe88e9b972b3329a492 HTTP/1.1" 404 297 "-" "Mozilla/5.0 (X11; Ubuntu; Linux x86_64; rv:72.0) Gecko/20100101 Firefox/72.0"
151.106.165.204 - - [05/Apr/2025:16:18:21 +0200] "GET /download/file.php?id=251&sid=e889d10900f63fe88e9b972b3329a492 HTTP/1.1" 404 297 "-" "Mozilla/5.0 (X11; Ubuntu; Linux x86_64; rv:72.0) Gecko/20100101 Firefox/72.0"
151.106.165.204 - - [05/Apr/2025:16:18:21 +0200] "GET /download/file.php?id=251&sid=e889d10900f63fe88e9b972b3329a492 HTTP/1.1" 404 297 "-" "Mozilla/5.0 (X11; Ubuntu; Linux x86_64; rv:72.0) Gecko/20100101 Firefox/72.0"
151.106.184.192 - - [05/Apr/2025:16:25:10 +0200] "GET /cron.php?cron_type=tidy_cache&sid=b2d31d7b76146478a7987af6bed38e36 HTTP/1.1" 404 290 "-" "Mozilla/5.0 (X11; Ubuntu; Linux x86_64; rv:72.0) Gecko/20100101 Firefox/72.0"
151.106.184.192 - - [05/Apr/2025:16:25:10 +0200] "GET /cron.php?cron_type=tidy_cache&sid=b2d31d7b76146478a7987af6bed38e36 HTTP/1.1" 404 290 "-" "Mozilla/5.0 (X11; Ubuntu; Linux x86_64; rv:72.0) Gecko/20100101 Firefox/72.0"
151.106.184.192 - - [05/Apr/2025:16:25:10 +0200] "GET /cron.php?cron_type=tidy_cache&sid=b2d31d7b76146478a7987af6bed38e36 HTTP/1.1" 404 290 "-" "Mozilla/5.0 (X11; Ubuntu; Linux x86_64; rv:72.0) Gecko/20100101 Firefox/72.0"
151.106.166.243 - - [05/Apr/2025:16:26:00 +0200] "GET /cron.php?cron_type=tidy_cache&sid=7ddccf368af0882def8420a10bbeec26 HTTP/1.1" 404 290 "-" "Mozilla/5.0 (X11; Ubuntu; Linux x86_64; rv:72.0) Gecko/20100101 Firefox/72.0"
151.106.166.243 - - [05/Apr/2025:16:26:01 +0200] "GET /cron.php?cron_type=tidy_cache&sid=7ddccf368af0882def8420a10bbeec26 HTTP/1.1" 404 290 "-" "Mozilla/5.0 (X11; Ubuntu; Linux x86_64; rv:72.0) Gecko/20100101 Firefox/72.0"
151.106.166.243 - - [05/Apr/2025:16:26:01 +0200] "GET /cron.php?cron_type=tidy_cache&sid=7ddccf368af0882def8420a10bbeec26 HTTP/1.1" 404 290 "-" "Mozilla/5.0 (X11; Ubuntu; Linux x86_64; rv:72.0) Gecko/20100101 Firefox/72.0"
195.211.191.127 - - [05/Apr/2025:16:28:41 +0200] "GET /.env HTTP/1.1" 404 280 "-" "Mozilla/5.0 (iPhone; U; CPU iPhone OS 5_1_1 like Mac OS X; da-dk) AppleWebKit/534.46.0 (KHTML, like Gecko) CriOS/19.0.1084.60 Mobile/9B206 Safari/7534.48.3"
151.106.173.252 - - [05/Apr/2025:16:28:57 +0200] "GET /cron.php?cron_type=tidy_cache&sid=b24b933bcbdfd3d65d957f73deb96ef5 HTTP/1.1" 404 290 "-" "Mozilla/5.0 (X11; Ubuntu; Linux x86_64; rv:72.0) Gecko/20100101 Firefox/72.0"
151.106.173.252 - - [05/Apr/2025:16:28:57 +0200] "GET /cron.php?cron_type=tidy_cache&sid=b24b933bcbdfd3d65d957f73deb96ef5 HTTP/1.1" 404 290 "-" "Mozilla/5.0 (X11; Ubuntu; Linux x86_64; rv:72.0) Gecko/20100101 Firefox/72.0"
151.106.173.252 - - [05/Apr/2025:16:28:58 +0200] "GET /cron.php?cron_type=tidy_cache&sid=b24b933bcbdfd3d65d957f73deb96ef5 HTTP/1.1" 404 290 "-" "Mozilla/5.0 (X11; Ubuntu; Linux x86_64; rv:72.0) Gecko/20100101 Firefox/72.0"
151.106.181.99 - - [05/Apr/2025:16:30:45 +0200] "GET /cron.php?cron_type=tidy_warnings&sid=cf36c84702a5d9fadb010f61c64b983d HTTP/1.1" 404 290 "-" "Mozilla/5.0 (X11; Ubuntu; Linux x86_64; rv:72.0) Gecko/20100101 Firefox/72.0"
151.106.181.99 - - [05/Apr/2025:16:30:45 +0200] "GET /cron.php?cron_type=tidy_warnings&sid=cf36c84702a5d9fadb010f61c64b983d HTTP/1.1" 404 290 "-" "Mozilla/5.0 (X11; Ubuntu; Linux x86_64; rv:72.0) Gecko/20100101 Firefox/72.0"
151.106.181.99 - - [05/Apr/2025:16:30:46 +0200] "GET /cron.php?cron_type=tidy_warnings&sid=cf36c84702a5d9fadb010f61c64b983d HTTP/1.1" 404 290 "-" "Mozilla/5.0 (X11; Ubuntu; Linux x86_64; rv:72.0) Gecko/20100101 Firefox/72.0"
151.106.163.240 - - [05/Apr/2025:16:30:50 +0200] "GET /cron.php?cron_type=tidy_cache&sid=58c01a5ab0abc2c9ae77618c589a7850 HTTP/1.1" 404 290 "-" "Mozilla/5.0 (X11; Ubuntu; Linux x86_64; rv:72.0) Gecko/20100101 Firefox/72.0"
151.106.163.240 - - [05/Apr/2025:16:30:50 +0200] "GET /cron.php?cron_type=tidy_cache&sid=58c01a5ab0abc2c9ae77618c589a7850 HTTP/1.1" 404 290 "-" "Mozilla/5.0 (X11; Ubuntu; Linux x86_64; rv:72.0) Gecko/20100101 Firefox/72.0"
151.106.163.240 - - [05/Apr/2025:16:30:51 +0200] "GET /cron.php?cron_type=tidy_cache&sid=58c01a5ab0abc2c9ae77618c589a7850 HTTP/1.1" 404 290 "-" "Mozilla/5.0 (X11; Ubuntu; Linux x86_64; rv:72.0) Gecko/20100101 Firefox/72.0"
151.106.183.52 - - [05/Apr/2025:16:34:21 +0200] "GET /cron.php?cron_type=tidy_cache&sid=e28298aecfae339d1fd17a1f64e301ba HTTP/1.1" 404 290 "-" "Mozilla/5.0 (X11; Ubuntu; Linux x86_64; rv:72.0) Gecko/20100101 Firefox/72.0"
151.106.183.52 - - [05/Apr/2025:16:34:21 +0200] "GET /cron.php?cron_type=tidy_cache&sid=e28298aecfae339d1fd17a1f64e301ba HTTP/1.1" 404 290 "-" "Mozilla/5.0 (X11; Ubuntu; Linux x86_64; rv:72.0) Gecko/20100101 Firefox/72.0"
151.106.183.52 - - [05/Apr/2025:16:34:22 +0200] "GET /cron.php?cron_type=tidy_cache&sid=e28298aecfae339d1fd17a1f64e301ba HTTP/1.1" 404 290 "-" "Mozilla/5.0 (X11; Ubuntu; Linux x86_64; rv:72.0) Gecko/20100101 Firefox/72.0"
154.81.156.35 - - [05/Apr/2025:16:35:34 +0200] "GET / HTTP/1.1" 200 274 "-" "Mozilla/5.0 (Windows NT 10.0; Win64; x64) AppleWebKit/537.36 (KHTML, like Gecko) Chrome/90.0.4430.85 Safari/537.36 Edg/90.0.818.46"
109.205.213.198 - - [05/Apr/2025:16:36:45 +0200] "GET / HTTP/1.1" 200 274 "-" "Mozilla/5.0 (Windows NT 10.0; Win64; x64) AppleWebKit/537.36 (KHTML, like Gecko) Chrome/90.0.4430.85 Safari/537.36 Edg/90.0.818.46"
151.106.163.149 - - [05/Apr/2025:16:46:27 +0200] "GET /download/file.php?id=256&sid=5a9ec837b92f6cbe92b9a2f61cd37a6d HTTP/1.1" 404 297 "-" "Mozilla/5.0 (X11; Ubuntu; Linux x86_64; rv:72.0) Gecko/20100101 Firefox/72.0"
151.106.163.149 - - [05/Apr/2025:16:46:27 +0200] "GET /download/file.php?id=256&sid=5a9ec837b92f6cbe92b9a2f61cd37a6d HTTP/1.1" 404 297 "-" "Mozilla/5.0 (X11; Ubuntu; Linux x86_64; rv:72.0) Gecko/20100101 Firefox/72.0"
151.106.163.149 - - [05/Apr/2025:16:46:27 +0200] "GET /download/file.php?id=256&sid=5a9ec837b92f6cbe92b9a2f61cd37a6d HTTP/1.1" 404 297 "-" "Mozilla/5.0 (X11; Ubuntu; Linux x86_64; rv:72.0) Gecko/20100101 Firefox/72.0"
156.59.198.136 - - [05/Apr/2025:16:51:18 +0200] "GET /renault.activities.at/htdocs/export/pdf/emuc_document/10969095.pdf HTTP/1.0" 404 321 "-" "Mozilla/5.0 (Linux; Android 5.0) AppleWebKit/537.36 (KHTML, like Gecko) Mobile Safari/537.36 (compatible; Bytespider; spider-feedback@bytedance.com)"
141.98.11.83 - - [05/Apr/2025:16:51:53 +0200] "GET / HTTP/1.1" 200 423 "-" "Hello World/1.0"
151.106.169.235 - - [05/Apr/2025:16:55:57 +0200] "GET /download/file.php?id=166&sid=832d8157c3994e159a0666d35b5aee8f HTTP/1.1" 404 297 "-" "Mozilla/5.0 (X11; Ubuntu; Linux x86_64; rv:72.0) Gecko/20100101 Firefox/72.0"
151.106.169.235 - - [05/Apr/2025:16:55:57 +0200] "GET /download/file.php?id=166&sid=832d8157c3994e159a0666d35b5aee8f HTTP/1.1" 404 297 "-" "Mozilla/5.0 (X11; Ubuntu; Linux x86_64; rv:72.0) Gecko/20100101 Firefox/72.0"
151.106.169.235 - - [05/Apr/2025:16:55:58 +0200] "GET /download/file.php?id=166&sid=832d8157c3994e159a0666d35b5aee8f HTTP/1.1" 404 297 "-" "Mozilla/5.0 (X11; Ubuntu; Linux x86_64; rv:72.0) Gecko/20100101 Firefox/72.0"
151.106.162.8 - - [05/Apr/2025:16:57:31 +0200] "GET /download/file.php?id=243&sid=a249ac2602927d33b77a6a53b5319a12 HTTP/1.1" 404 297 "-" "Mozilla/5.0 (X11; Ubuntu; Linux x86_64; rv:72.0) Gecko/20100101 Firefox/72.0"
151.106.162.8 - - [05/Apr/2025:16:57:31 +0200] "GET /download/file.php?id=243&sid=a249ac2602927d33b77a6a53b5319a12 HTTP/1.1" 404 297 "-" "Mozilla/5.0 (X11; Ubuntu; Linux x86_64; rv:72.0) Gecko/20100101 Firefox/72.0"
151.106.162.8 - - [05/Apr/2025:16:57:32 +0200] "GET /download/file.php?id=243&sid=a249ac2602927d33b77a6a53b5319a12 HTTP/1.1" 404 297 "-" "Mozilla/5.0 (X11; Ubuntu; Linux x86_64; rv:72.0) Gecko/20100101 Firefox/72.0"
156.59.198.136 - - [05/Apr/2025:17:09:46 +0200] "GET /renault.activities.at/htdocs/export/pdf/emuc_document/11171001.pdf HTTP/1.0" 404 321 "-" "Mozilla/5.0 (Linux; Android 5.0) AppleWebKit/537.36 (KHTML, like Gecko) Mobile Safari/537.36 (compatible; Bytespider; spider-feedback@bytedance.com)"
156.59.198.135 - - [05/Apr/2025:17:10:45 +0200] "GET /renault.activities.at/htdocs/export/pdf/emuc_document/11043520.pdf HTTP/1.0" 404 322 "-" "Mozilla/5.0 (Linux; Android 5.0) AppleWebKit/537.36 (KHTML, like Gecko) Mobile Safari/537.36 (compatible; Bytespider; spider-feedback@bytedance.com)"
151.106.166.201 - - [05/Apr/2025:17:13:22 +0200] "GET /cron.php?cron_type=tidy_cache&sid=4bf165e146247b9ddab5f24a092e62ba HTTP/1.1" 404 290 "-" "Mozilla/5.0 (X11; Ubuntu; Linux x86_64; rv:72.0) Gecko/20100101 Firefox/72.0"
151.106.166.201 - - [05/Apr/2025:17:13:22 +0200] "GET /cron.php?cron_type=tidy_cache&sid=4bf165e146247b9ddab5f24a092e62ba HTTP/1.1" 404 290 "-" "Mozilla/5.0 (X11; Ubuntu; Linux x86_64; rv:72.0) Gecko/20100101 Firefox/72.0"
151.106.166.201 - - [05/Apr/2025:17:13:22 +0200] "GET /cron.php?cron_type=tidy_cache&sid=4bf165e146247b9ddab5f24a092e62ba HTTP/1.1" 404 290 "-" "Mozilla/5.0 (X11; Ubuntu; Linux x86_64; rv:72.0) Gecko/20100101 Firefox/72.0"
151.106.173.252 - - [05/Apr/2025:17:13:52 +0200] "GET /gallery/image.php?mode=thumbnail&album_id=3&image_id=90&sid=754c24edf3686020c411d2cadb21f019 HTTP/1.1" 404 297 "-" "Mozilla/5.0 (X11; Ubuntu; Linux x86_64; rv:72.0) Gecko/20100101 Firefox/72.0"
151.106.173.252 - - [05/Apr/2025:17:13:52 +0200] "GET /gallery/image.php?mode=thumbnail&album_id=3&image_id=90&sid=754c24edf3686020c411d2cadb21f019 HTTP/1.1" 404 297 "-" "Mozilla/5.0 (X11; Ubuntu; Linux x86_64; rv:72.0) Gecko/20100101 Firefox/72.0"
151.106.173.252 - - [05/Apr/2025:17:13:53 +0200] "GET /gallery/image.php?mode=thumbnail&album_id=3&image_id=90&sid=754c24edf3686020c411d2cadb21f019 HTTP/1.1" 404 297 "-" "Mozilla/5.0 (X11; Ubuntu; Linux x86_64; rv:72.0) Gecko/20100101 Firefox/72.0"
156.59.198.135 - - [05/Apr/2025:17:18:45 +0200] "GET /renault.activities.at/htdocs/export/pdf/emuc_document/11320411.pdf HTTP/1.0" 404 322 "-" "Mozilla/5.0 (Linux; Android 5.0) AppleWebKit/537.36 (KHTML, like Gecko) Mobile Safari/537.36 (compatible; Bytespider; spider-feedback@bytedance.com)"
199.45.154.148 - - [05/Apr/2025:17:20:42 +0200] "GET / HTTP/1.1" 200 423 "-" "-"
199.45.154.148 - - [05/Apr/2025:17:20:47 +0200] "GET / HTTP/1.1" 200 274 "-" "Mozilla/5.0 (compatible; CensysInspect/1.1; +https://about.censys.io/)"
199.45.154.148 - - [05/Apr/2025:17:20:48 +0200] "GET /activities.ico HTTP/1.1" 200 1406 "-" "Mozilla/5.0 (compatible; CensysInspect/1.1; +https://about.censys.io/)"
199.45.154.148 - - [05/Apr/2025:17:20:48 +0200] "GET /favicon.ico HTTP/1.1" 404 284 "-" "Mozilla/5.0 (compatible; CensysInspect/1.1; +https://about.censys.io/)"
199.45.154.148 - - [05/Apr/2025:17:20:49 +0200] "PRI * HTTP/2.0" 400 383 "-" "-"
199.45.154.148 - - [05/Apr/2025:17:20:53 +0200] "GET /favicon.ico HTTP/1.1" 404 284 "-" "Mozilla/5.0 (compatible; CensysInspect/1.1; +https://about.censys.io/)"
199.45.154.148 - - [05/Apr/2025:17:20:56 +0200] "\x16\x03\x01" 400 383 "-" "-"
194.38.23.16 - - [05/Apr/2025:17:26:41 +0200] "GET / HTTP/1.1" 200 423 "-" "ALittle Client"
156.59.198.135 - - [05/Apr/2025:17:26:58 +0200] "GET /renault.activities.at/htdocs/export/pdf/emuc_document/10425905.pdf HTTP/1.0" 404 321 "-" "Mozilla/5.0 (Linux; Android 5.0) AppleWebKit/537.36 (KHTML, like Gecko) Mobile Safari/537.36 (compatible; Bytespider; spider-feedback@bytedance.com)"
194.38.23.16 - - [05/Apr/2025:17:27:05 +0200] "GET / HTTP/1.1" 200 423 "-" "ALittle Client"
179.43.186.225 - - [05/Apr/2025:17:32:36 +0200] "GET /plugins/editors/jckeditor/plugins/jtreelink/dialogs/links.php?extension=menu&view=menu&parent=\"%20UNION%20SELECT%20NULL,NULL,CONCAT_WS(0x203a20,USER(),DATABASE(),VERSION(),md5(999999999)),NULL,NULL,NULL,NULL,NULL--%20aa HTTP/1.1" 404 313 "http://212.69.160.11" "Mozilla/5.0 (Macintosh; Intel Mac OS X 10_15_7) AppleWebKit/605.1.15 (KHTML, like Gecko) Version/17.1.2 Safari/605.1.15"
151.106.164.53 - - [05/Apr/2025:17:36:10 +0200] "GET /gallery/image.php?mode=thumbnail&album_id=3&image_id=90&sid=7deb4b80986f4df14c590560b764cad9 HTTP/1.1" 404 297 "-" "Mozilla/5.0 (X11; Ubuntu; Linux x86_64; rv:72.0) Gecko/20100101 Firefox/72.0"
151.106.164.53 - - [05/Apr/2025:17:36:10 +0200] "GET /gallery/image.php?mode=thumbnail&album_id=3&image_id=90&sid=7deb4b80986f4df14c590560b764cad9 HTTP/1.1" 404 297 "-" "Mozilla/5.0 (X11; Ubuntu; Linux x86_64; rv:72.0) Gecko/20100101 Firefox/72.0"
151.106.164.53 - - [05/Apr/2025:17:36:10 +0200] "GET /gallery/image.php?mode=thumbnail&album_id=3&image_id=90&sid=7deb4b80986f4df14c590560b764cad9 HTTP/1.1" 404 297 "-" "Mozilla/5.0 (X11; Ubuntu; Linux x86_64; rv:72.0) Gecko/20100101 Firefox/72.0"
151.106.168.134 - - [05/Apr/2025:17:41:48 +0200] "GET /download/file.php?id=254&sid=c69a839e44c3409b71c45267b15d78ed HTTP/1.1" 404 297 "-" "Mozilla/5.0 (X11; Ubuntu; Linux x86_64; rv:72.0) Gecko/20100101 Firefox/72.0"
151.106.168.134 - - [05/Apr/2025:17:41:48 +0200] "GET /download/file.php?id=254&sid=c69a839e44c3409b71c45267b15d78ed HTTP/1.1" 404 297 "-" "Mozilla/5.0 (X11; Ubuntu; Linux x86_64; rv:72.0) Gecko/20100101 Firefox/72.0"
151.106.168.134 - - [05/Apr/2025:17:41:49 +0200] "GET /download/file.php?id=254&sid=c69a839e44c3409b71c45267b15d78ed HTTP/1.1" 404 297 "-" "Mozilla/5.0 (X11; Ubuntu; Linux x86_64; rv:72.0) Gecko/20100101 Firefox/72.0"
151.106.163.149 - - [05/Apr/2025:17:41:55 +0200] "GET /cron.php?cron_type=tidy_cache&sid=2cd3ec2a0e443ea6692141912a6c1b13 HTTP/1.1" 404 290 "-" "Mozilla/5.0 (X11; Ubuntu; Linux x86_64; rv:72.0) Gecko/20100101 Firefox/72.0"
151.106.163.149 - - [05/Apr/2025:17:41:55 +0200] "GET /cron.php?cron_type=tidy_cache&sid=2cd3ec2a0e443ea6692141912a6c1b13 HTTP/1.1" 404 290 "-" "Mozilla/5.0 (X11; Ubuntu; Linux x86_64; rv:72.0) Gecko/20100101 Firefox/72.0"
151.106.163.149 - - [05/Apr/2025:17:41:55 +0200] "GET /cron.php?cron_type=tidy_cache&sid=2cd3ec2a0e443ea6692141912a6c1b13 HTTP/1.1" 404 290 "-" "Mozilla/5.0 (X11; Ubuntu; Linux x86_64; rv:72.0) Gecko/20100101 Firefox/72.0"
151.106.164.42 - - [05/Apr/2025:17:44:00 +0200] "GET /cron.php?cron_type=tidy_cache&sid=20ed85a9497d13f0c8dbaeeffe2da8b4 HTTP/1.1" 404 290 "-" "Mozilla/5.0 (X11; Ubuntu; Linux x86_64; rv:72.0) Gecko/20100101 Firefox/72.0"
151.106.164.42 - - [05/Apr/2025:17:44:00 +0200] "GET /cron.php?cron_type=tidy_cache&sid=20ed85a9497d13f0c8dbaeeffe2da8b4 HTTP/1.1" 404 290 "-" "Mozilla/5.0 (X11; Ubuntu; Linux x86_64; rv:72.0) Gecko/20100101 Firefox/72.0"
151.106.164.42 - - [05/Apr/2025:17:44:01 +0200] "GET /cron.php?cron_type=tidy_cache&sid=20ed85a9497d13f0c8dbaeeffe2da8b4 HTTP/1.1" 404 290 "-" "Mozilla/5.0 (X11; Ubuntu; Linux x86_64; rv:72.0) Gecko/20100101 Firefox/72.0"
151.106.164.42 - - [05/Apr/2025:17:45:52 +0200] "GET /cron.php?cron_type=tidy_cache&sid=bff3e5c99e56882299bd9dd0e906fa97 HTTP/1.1" 404 290 "-" "Mozilla/5.0 (X11; Ubuntu; Linux x86_64; rv:72.0) Gecko/20100101 Firefox/72.0"
151.106.164.42 - - [05/Apr/2025:17:45:52 +0200] "GET /cron.php?cron_type=tidy_cache&sid=bff3e5c99e56882299bd9dd0e906fa97 HTTP/1.1" 404 290 "-" "Mozilla/5.0 (X11; Ubuntu; Linux x86_64; rv:72.0) Gecko/20100101 Firefox/72.0"
151.106.164.42 - - [05/Apr/2025:17:45:52 +0200] "GET /cron.php?cron_type=tidy_cache&sid=bff3e5c99e56882299bd9dd0e906fa97 HTTP/1.1" 404 290 "-" "Mozilla/5.0 (X11; Ubuntu; Linux x86_64; rv:72.0) Gecko/20100101 Firefox/72.0"
151.106.181.99 - - [05/Apr/2025:17:46:46 +0200] "GET /cron.php?cron_type=tidy_cache&sid=fa209e99fd528dcb7788663061b35bff HTTP/1.1" 404 290 "-" "Mozilla/5.0 (X11; Ubuntu; Linux x86_64; rv:72.0) Gecko/20100101 Firefox/72.0"
151.106.181.99 - - [05/Apr/2025:17:46:46 +0200] "GET /cron.php?cron_type=tidy_cache&sid=fa209e99fd528dcb7788663061b35bff HTTP/1.1" 404 290 "-" "Mozilla/5.0 (X11; Ubuntu; Linux x86_64; rv:72.0) Gecko/20100101 Firefox/72.0"
151.106.181.99 - - [05/Apr/2025:17:46:46 +0200] "GET /cron.php?cron_type=tidy_cache&sid=fa209e99fd528dcb7788663061b35bff HTTP/1.1" 404 290 "-" "Mozilla/5.0 (X11; Ubuntu; Linux x86_64; rv:72.0) Gecko/20100101 Firefox/72.0"
151.106.165.0 - - [05/Apr/2025:17:49:10 +0200] "GET /cron.php?cron_type=tidy_cache&sid=0fb8aff993d55bee0a287da77deae197 HTTP/1.1" 404 290 "-" "Mozilla/5.0 (X11; Ubuntu; Linux x86_64; rv:72.0) Gecko/20100101 Firefox/72.0"
151.106.165.0 - - [05/Apr/2025:17:49:11 +0200] "GET /cron.php?cron_type=tidy_cache&sid=0fb8aff993d55bee0a287da77deae197 HTTP/1.1" 404 290 "-" "Mozilla/5.0 (X11; Ubuntu; Linux x86_64; rv:72.0) Gecko/20100101 Firefox/72.0"
151.106.165.0 - - [05/Apr/2025:17:49:11 +0200] "GET /cron.php?cron_type=tidy_cache&sid=0fb8aff993d55bee0a287da77deae197 HTTP/1.1" 404 290 "-" "Mozilla/5.0 (X11; Ubuntu; Linux x86_64; rv:72.0) Gecko/20100101 Firefox/72.0"
151.106.162.30 - - [05/Apr/2025:18:01:49 +0200] "GET /download/file.php?id=256&sid=1c34a344762052c442d08799cad37c2e HTTP/1.1" 404 297 "-" "Mozilla/5.0 (X11; Ubuntu; Linux x86_64; rv:72.0) Gecko/20100101 Firefox/72.0"
151.106.162.30 - - [05/Apr/2025:18:01:49 +0200] "GET /download/file.php?id=256&sid=1c34a344762052c442d08799cad37c2e HTTP/1.1" 404 297 "-" "Mozilla/5.0 (X11; Ubuntu; Linux x86_64; rv:72.0) Gecko/20100101 Firefox/72.0"
151.106.162.30 - - [05/Apr/2025:18:01:50 +0200] "GET /download/file.php?id=256&sid=1c34a344762052c442d08799cad37c2e HTTP/1.1" 404 297 "-" "Mozilla/5.0 (X11; Ubuntu; Linux x86_64; rv:72.0) Gecko/20100101 Firefox/72.0"
110.45.19.201 - - [05/Apr/2025:18:05:02 +0200] "GET / HTTP/1.0" 200 423 "-" "curl/7.88.1"
151.106.165.204 - - [05/Apr/2025:18:09:26 +0200] "GET /download/file.php?id=251&sid=50f42f9701057481fca9f1af90ed3ef9 HTTP/1.1" 404 297 "-" "Mozilla/5.0 (X11; Ubuntu; Linux x86_64; rv:72.0) Gecko/20100101 Firefox/72.0"
151.106.165.204 - - [05/Apr/2025:18:09:26 +0200] "GET /download/file.php?id=251&sid=50f42f9701057481fca9f1af90ed3ef9 HTTP/1.1" 404 297 "-" "Mozilla/5.0 (X11; Ubuntu; Linux x86_64; rv:72.0) Gecko/20100101 Firefox/72.0"
151.106.165.204 - - [05/Apr/2025:18:09:27 +0200] "GET /download/file.php?id=251&sid=50f42f9701057481fca9f1af90ed3ef9 HTTP/1.1" 404 297 "-" "Mozilla/5.0 (X11; Ubuntu; Linux x86_64; rv:72.0) Gecko/20100101 Firefox/72.0"
156.59.198.135 - - [05/Apr/2025:18:11:06 +0200] "GET /renault.activities.at/htdocs/export/pdf/emuc_document/10320222.pdf HTTP/1.0" 404 322 "-" "Mozilla/5.0 (Linux; Android 5.0) AppleWebKit/537.36 (KHTML, like Gecko) Mobile Safari/537.36 (compatible; Bytespider; spider-feedback@bytedance.com)"
151.106.162.8 - - [05/Apr/2025:18:11:42 +0200] "GET /cron.php?cron_type=tidy_cache&sid=1375c2e87183799249a413591a790fef HTTP/1.1" 404 290 "-" "Mozilla/5.0 (X11; Ubuntu; Linux x86_64; rv:72.0) Gecko/20100101 Firefox/72.0"
151.106.162.8 - - [05/Apr/2025:18:11:43 +0200] "GET /cron.php?cron_type=tidy_cache&sid=1375c2e87183799249a413591a790fef HTTP/1.1" 404 290 "-" "Mozilla/5.0 (X11; Ubuntu; Linux x86_64; rv:72.0) Gecko/20100101 Firefox/72.0"
151.106.162.8 - - [05/Apr/2025:18:11:43 +0200] "GET /cron.php?cron_type=tidy_cache&sid=1375c2e87183799249a413591a790fef HTTP/1.1" 404 290 "-" "Mozilla/5.0 (X11; Ubuntu; Linux x86_64; rv:72.0) Gecko/20100101 Firefox/72.0"
196.251.85.238 - - [05/Apr/2025:18:18:14 +0200] "GET /login.rsp HTTP/1.1" 404 354 "-" "Hello World"
154.81.156.35 - - [05/Apr/2025:18:20:53 +0200] "GET / HTTP/1.1" 200 274 "-" "Mozilla/5.0 (Windows NT 10.0; Win64; x64) AppleWebKit/537.36 (KHTML, like Gecko) Chrome/90.0.4430.85 Safari/537.36 Edg/90.0.818.46"
151.106.162.8 - - [05/Apr/2025:18:22:02 +0200] "GET /gallery/image.php?mode=thumbnail&album_id=8&image_id=107&sid=8d282303ddc0f32e383aae10a67190e9 HTTP/1.1" 404 297 "-" "Mozilla/5.0 (X11; Ubuntu; Linux x86_64; rv:72.0) Gecko/20100101 Firefox/72.0"
151.106.162.8 - - [05/Apr/2025:18:22:03 +0200] "GET /gallery/image.php?mode=thumbnail&album_id=8&image_id=107&sid=8d282303ddc0f32e383aae10a67190e9 HTTP/1.1" 404 297 "-" "Mozilla/5.0 (X11; Ubuntu; Linux x86_64; rv:72.0) Gecko/20100101 Firefox/72.0"
151.106.162.8 - - [05/Apr/2025:18:22:03 +0200] "GET /gallery/image.php?mode=thumbnail&album_id=8&image_id=107&sid=8d282303ddc0f32e383aae10a67190e9 HTTP/1.1" 404 297 "-" "Mozilla/5.0 (X11; Ubuntu; Linux x86_64; rv:72.0) Gecko/20100101 Firefox/72.0"
151.106.183.52 - - [05/Apr/2025:18:23:11 +0200] "GET /cron.php?cron_type=tidy_cache&sid=72cb00d476cef618abcbd36f50d112da HTTP/1.1" 404 290 "-" "Mozilla/5.0 (X11; Ubuntu; Linux x86_64; rv:72.0) Gecko/20100101 Firefox/72.0"
151.106.183.52 - - [05/Apr/2025:18:23:11 +0200] "GET /cron.php?cron_type=tidy_cache&sid=72cb00d476cef618abcbd36f50d112da HTTP/1.1" 404 290 "-" "Mozilla/5.0 (X11; Ubuntu; Linux x86_64; rv:72.0) Gecko/20100101 Firefox/72.0"
151.106.183.52 - - [05/Apr/2025:18:23:11 +0200] "GET /cron.php?cron_type=tidy_cache&sid=72cb00d476cef618abcbd36f50d112da HTTP/1.1" 404 290 "-" "Mozilla/5.0 (X11; Ubuntu; Linux x86_64; rv:72.0) Gecko/20100101 Firefox/72.0"
151.106.166.201 - - [05/Apr/2025:18:32:53 +0200] "GET /download/file.php?id=251&sid=0577dfc7128ebbb68d59527b673a8137 HTTP/1.1" 404 297 "-" "Mozilla/5.0 (X11; Ubuntu; Linux x86_64; rv:72.0) Gecko/20100101 Firefox/72.0"
151.106.166.201 - - [05/Apr/2025:18:32:54 +0200] "GET /download/file.php?id=251&sid=0577dfc7128ebbb68d59527b673a8137 HTTP/1.1" 404 297 "-" "Mozilla/5.0 (X11; Ubuntu; Linux x86_64; rv:72.0) Gecko/20100101 Firefox/72.0"
151.106.166.201 - - [05/Apr/2025:18:32:54 +0200] "GET /download/file.php?id=251&sid=0577dfc7128ebbb68d59527b673a8137 HTTP/1.1" 404 297 "-" "Mozilla/5.0 (X11; Ubuntu; Linux x86_64; rv:72.0) Gecko/20100101 Firefox/72.0"
156.59.198.136 - - [05/Apr/2025:18:43:10 +0200] "GET /renault.activities.at/htdocs/export/pdf/emuc_document/11811012.pdf HTTP/1.0" 404 321 "-" "Mozilla/5.0 (Linux; Android 5.0) AppleWebKit/537.36 (KHTML, like Gecko) Mobile Safari/537.36 (compatible; Bytespider; spider-feedback@bytedance.com)"
156.59.198.136 - - [05/Apr/2025:18:43:20 +0200] "GET /renault.activities.at/htdocs/export/pdf/emuc_document/10969077.pdf HTTP/1.0" 404 322 "-" "Mozilla/5.0 (Linux; Android 5.0) AppleWebKit/537.36 (KHTML, like Gecko) Mobile Safari/537.36 (compatible; Bytespider; spider-feedback@bytedance.com)"
156.59.198.135 - - [05/Apr/2025:18:43:28 +0200] "GET /renault.activities.at/htdocs/export/pdf/emuc_document/11869365.pdf HTTP/1.0" 404 322 "-" "Mozilla/5.0 (Linux; Android 5.0) AppleWebKit/537.36 (KHTML, like Gecko) Mobile Safari/537.36 (compatible; Bytespider; spider-feedback@bytedance.com)"
156.59.198.135 - - [05/Apr/2025:18:43:38 +0200] "GET /renault.activities.at/htdocs/export/pdf/emuc_document/11659706.pdf HTTP/1.0" 404 322 "-" "Mozilla/5.0 (Linux; Android 5.0) AppleWebKit/537.36 (KHTML, like Gecko) Mobile Safari/537.36 (compatible; Bytespider; spider-feedback@bytedance.com)"
151.106.164.42 - - [05/Apr/2025:18:44:13 +0200] "GET /gallery/image.php?mode=thumbnail&album_id=1&image_id=112&sid=b8b95ed4c1fdb25f94ef0ee438672e5c HTTP/1.1" 404 297 "-" "Mozilla/5.0 (X11; Ubuntu; Linux x86_64; rv:72.0) Gecko/20100101 Firefox/72.0"
151.106.164.42 - - [05/Apr/2025:18:44:13 +0200] "GET /gallery/image.php?mode=thumbnail&album_id=1&image_id=112&sid=b8b95ed4c1fdb25f94ef0ee438672e5c HTTP/1.1" 404 297 "-" "Mozilla/5.0 (X11; Ubuntu; Linux x86_64; rv:72.0) Gecko/20100101 Firefox/72.0"
151.106.164.42 - - [05/Apr/2025:18:44:14 +0200] "GET /gallery/image.php?mode=thumbnail&album_id=1&image_id=112&sid=b8b95ed4c1fdb25f94ef0ee438672e5c HTTP/1.1" 404 297 "-" "Mozilla/5.0 (X11; Ubuntu; Linux x86_64; rv:72.0) Gecko/20100101 Firefox/72.0"
20.168.7.215 - - [05/Apr/2025:18:50:19 +0200] "MGLNDD_212.69.160.11_80" 400 383 "-" "-"
151.106.166.243 - - [05/Apr/2025:18:50:49 +0200] "GET /cron.php?cron_type=tidy_cache&sid=bd71b09cf2747b62212fa64764280903 HTTP/1.1" 404 290 "-" "Mozilla/5.0 (X11; Ubuntu; Linux x86_64; rv:72.0) Gecko/20100101 Firefox/72.0"
151.106.166.243 - - [05/Apr/2025:18:50:49 +0200] "GET /cron.php?cron_type=tidy_cache&sid=bd71b09cf2747b62212fa64764280903 HTTP/1.1" 404 290 "-" "Mozilla/5.0 (X11; Ubuntu; Linux x86_64; rv:72.0) Gecko/20100101 Firefox/72.0"
151.106.166.243 - - [05/Apr/2025:18:50:50 +0200] "GET /cron.php?cron_type=tidy_cache&sid=bd71b09cf2747b62212fa64764280903 HTTP/1.1" 404 290 "-" "Mozilla/5.0 (X11; Ubuntu; Linux x86_64; rv:72.0) Gecko/20100101 Firefox/72.0"
151.106.191.239 - - [05/Apr/2025:18:51:42 +0200] "GET /download/file.php?id=254&sid=fac9f86390e27881c82b1e0938db5b79 HTTP/1.1" 404 297 "-" "Mozilla/5.0 (X11; Ubuntu; Linux x86_64; rv:72.0) Gecko/20100101 Firefox/72.0"
151.106.191.239 - - [05/Apr/2025:18:51:42 +0200] "GET /download/file.php?id=254&sid=fac9f86390e27881c82b1e0938db5b79 HTTP/1.1" 404 297 "-" "Mozilla/5.0 (X11; Ubuntu; Linux x86_64; rv:72.0) Gecko/20100101 Firefox/72.0"
151.106.191.239 - - [05/Apr/2025:18:51:43 +0200] "GET /download/file.php?id=254&sid=fac9f86390e27881c82b1e0938db5b79 HTTP/1.1" 404 297 "-" "Mozilla/5.0 (X11; Ubuntu; Linux x86_64; rv:72.0) Gecko/20100101 Firefox/72.0"
151.106.168.134 - - [05/Apr/2025:18:54:50 +0200] "GET /cron.php?cron_type=tidy_warnings&sid=2741fe308f508c2ccfd2118fd611901a HTTP/1.1" 404 290 "-" "Mozilla/5.0 (X11; Ubuntu; Linux x86_64; rv:72.0) Gecko/20100101 Firefox/72.0"
151.106.168.134 - - [05/Apr/2025:18:54:50 +0200] "GET /cron.php?cron_type=tidy_warnings&sid=2741fe308f508c2ccfd2118fd611901a HTTP/1.1" 404 290 "-" "Mozilla/5.0 (X11; Ubuntu; Linux x86_64; rv:72.0) Gecko/20100101 Firefox/72.0"
151.106.168.134 - - [05/Apr/2025:18:54:50 +0200] "GET /cron.php?cron_type=tidy_warnings&sid=2741fe308f508c2ccfd2118fd611901a HTTP/1.1" 404 290 "-" "Mozilla/5.0 (X11; Ubuntu; Linux x86_64; rv:72.0) Gecko/20100101 Firefox/72.0"
151.106.191.138 - - [05/Apr/2025:18:56:33 +0200] "GET /images/smilies/icon_cool.gif HTTP/1.1" 404 305 "-" "Mozilla/5.0 (X11; Ubuntu; Linux x86_64; rv:72.0) Gecko/20100101 Firefox/72.0"
151.106.191.138 - - [05/Apr/2025:18:56:34 +0200] "GET /images/smilies/icon_cool.gif HTTP/1.1" 404 305 "-" "Mozilla/5.0 (X11; Ubuntu; Linux x86_64; rv:72.0) Gecko/20100101 Firefox/72.0"
151.106.191.138 - - [05/Apr/2025:18:56:34 +0200] "GET /images/smilies/icon_cool.gif HTTP/1.1" 404 305 "-" "Mozilla/5.0 (X11; Ubuntu; Linux x86_64; rv:72.0) Gecko/20100101 Firefox/72.0"
43.130.91.95 - - [05/Apr/2025:18:56:44 +0200] "GET / HTTP/1.1" 200 274 "-" "Mozilla/5.0 (iPhone; CPU iPhone OS 13_2_3 like Mac OS X) AppleWebKit/605.1.15 (KHTML, like Gecko) Version/13.0.3 Mobile/15E148 Safari/604.1"
151.106.162.8 - - [05/Apr/2025:18:57:33 +0200] "GET /gallery/image.php?mode=thumbnail&album_id=8&image_id=107&sid=98b65d6c39c1263d86e03462d645a528 HTTP/1.1" 404 297 "-" "Mozilla/5.0 (X11; Ubuntu; Linux x86_64; rv:72.0) Gecko/20100101 Firefox/72.0"
151.106.162.8 - - [05/Apr/2025:18:57:33 +0200] "GET /gallery/image.php?mode=thumbnail&album_id=8&image_id=107&sid=98b65d6c39c1263d86e03462d645a528 HTTP/1.1" 404 297 "-" "Mozilla/5.0 (X11; Ubuntu; Linux x86_64; rv:72.0) Gecko/20100101 Firefox/72.0"
151.106.162.8 - - [05/Apr/2025:18:57:33 +0200] "GET /gallery/image.php?mode=thumbnail&album_id=8&image_id=107&sid=98b65d6c39c1263d86e03462d645a528 HTTP/1.1" 404 297 "-" "Mozilla/5.0 (X11; Ubuntu; Linux x86_64; rv:72.0) Gecko/20100101 Firefox/72.0"
151.106.166.60 - - [05/Apr/2025:19:03:17 +0200] "GET /styles/Factions/imageset/icon_topic_latest.gif HTTP/1.1" 404 316 "-" "Mozilla/5.0 (X11; Ubuntu; Linux x86_64; rv:72.0) Gecko/20100101 Firefox/72.0"
151.106.166.60 - - [05/Apr/2025:19:03:17 +0200] "GET /styles/Factions/imageset/icon_topic_latest.gif HTTP/1.1" 404 316 "-" "Mozilla/5.0 (X11; Ubuntu; Linux x86_64; rv:72.0) Gecko/20100101 Firefox/72.0"
151.106.166.60 - - [05/Apr/2025:19:03:18 +0200] "GET /styles/Factions/imageset/icon_topic_latest.gif HTTP/1.1" 404 316 "-" "Mozilla/5.0 (X11; Ubuntu; Linux x86_64; rv:72.0) Gecko/20100101 Firefox/72.0"
80.82.77.202 - - [05/Apr/2025:19:08:44 +0200] "GET / HTTP/1.0" 200 423 "-" "nook browser/1.0"
156.59.198.136 - - [05/Apr/2025:19:10:05 +0200] "GET /renault.activities.at/htdocs/export/pdf/emuc_document/11170987.pdf HTTP/1.0" 404 322 "-" "Mozilla/5.0 (Linux; Android 5.0) AppleWebKit/537.36 (KHTML, like Gecko) Mobile Safari/537.36 (compatible; Bytespider; spider-feedback@bytedance.com)"
151.106.162.214 - - [05/Apr/2025:19:10:43 +0200] "GET /cron.php?cron_type=tidy_cache&sid=54cf60fefc8e78282fba5adeca6e5666 HTTP/1.1" 404 290 "-" "Mozilla/5.0 (X11; Ubuntu; Linux x86_64; rv:72.0) Gecko/20100101 Firefox/72.0"
151.106.162.214 - - [05/Apr/2025:19:10:43 +0200] "GET /cron.php?cron_type=tidy_cache&sid=54cf60fefc8e78282fba5adeca6e5666 HTTP/1.1" 404 290 "-" "Mozilla/5.0 (X11; Ubuntu; Linux x86_64; rv:72.0) Gecko/20100101 Firefox/72.0"
151.106.162.214 - - [05/Apr/2025:19:10:43 +0200] "GET /cron.php?cron_type=tidy_cache&sid=54cf60fefc8e78282fba5adeca6e5666 HTTP/1.1" 404 290 "-" "Mozilla/5.0 (X11; Ubuntu; Linux x86_64; rv:72.0) Gecko/20100101 Firefox/72.0"
45.43.33.218 - - [05/Apr/2025:19:12:31 +0200] "\x16\x03\x03\x01\xa6\x01" 400 383 "-" "-"
45.43.33.218 - - [05/Apr/2025:19:12:44 +0200] "GET / HTTP/1.1" 200 423 "-" "Mozilla/5.0 (X11; Ubuntu; Linux x86_64; rv:130.0) Gecko/20100101 Firefox/130.0"
45.43.33.218 - - [05/Apr/2025:19:13:51 +0200] "\x16\x03\x03\x01\xa6\x01" 400 383 "-" "-"
151.106.166.243 - - [05/Apr/2025:19:13:52 +0200] "GET /download/file.php?id=250&sid=be5a01afe5fadea2d0505fec89304edd HTTP/1.1" 404 297 "-" "Mozilla/5.0 (X11; Ubuntu; Linux x86_64; rv:72.0) Gecko/20100101 Firefox/72.0"
151.106.166.243 - - [05/Apr/2025:19:13:52 +0200] "GET /download/file.php?id=250&sid=be5a01afe5fadea2d0505fec89304edd HTTP/1.1" 404 297 "-" "Mozilla/5.0 (X11; Ubuntu; Linux x86_64; rv:72.0) Gecko/20100101 Firefox/72.0"
151.106.166.243 - - [05/Apr/2025:19:13:52 +0200] "GET /download/file.php?id=250&sid=be5a01afe5fadea2d0505fec89304edd HTTP/1.1" 404 297 "-" "Mozilla/5.0 (X11; Ubuntu; Linux x86_64; rv:72.0) Gecko/20100101 Firefox/72.0"
45.43.33.218 - - [05/Apr/2025:19:13:58 +0200] "GET / HTTP/1.1" 200 423 "-" "Mozilla/5.0 (X11; Ubuntu; Linux x86_64; rv:130.0) Gecko/20100101 Firefox/130.0"
156.59.198.135 - - [05/Apr/2025:19:19:09 +0200] "GET /renault.activities.at/htdocs/export/pdf/emuc_document/11167483.pdf HTTP/1.0" 404 322 "-" "Mozilla/5.0 (Linux; Android 5.0) AppleWebKit/537.36 (KHTML, like Gecko) Mobile Safari/537.36 (compatible; Bytespider; spider-feedback@bytedance.com)"
156.59.198.136 - - [05/Apr/2025:19:19:18 +0200] "GET /renault.activities.at/htdocs/export/pdf/emuc_document/11224879.pdf HTTP/1.0" 404 322 "-" "Mozilla/5.0 (Linux; Android 5.0) AppleWebKit/537.36 (KHTML, like Gecko) Mobile Safari/537.36 (compatible; Bytespider; spider-feedback@bytedance.com)"
151.106.191.239 - - [05/Apr/2025:19:33:00 +0200] "GET /download/file.php?id=256&sid=fac9f86390e27881c82b1e0938db5b79 HTTP/1.1" 404 297 "-" "Mozilla/5.0 (X11; Ubuntu; Linux x86_64; rv:72.0) Gecko/20100101 Firefox/72.0"
151.106.191.239 - - [05/Apr/2025:19:33:01 +0200] "GET /download/file.php?id=256&sid=fac9f86390e27881c82b1e0938db5b79 HTTP/1.1" 404 297 "-" "Mozilla/5.0 (X11; Ubuntu; Linux x86_64; rv:72.0) Gecko/20100101 Firefox/72.0"
151.106.191.239 - - [05/Apr/2025:19:33:01 +0200] "GET /download/file.php?id=256&sid=fac9f86390e27881c82b1e0938db5b79 HTTP/1.1" 404 297 "-" "Mozilla/5.0 (X11; Ubuntu; Linux x86_64; rv:72.0) Gecko/20100101 Firefox/72.0"
151.106.165.0 - - [05/Apr/2025:19:35:23 +0200] "GET /cron.php?cron_type=tidy_cache&sid=e4ca2b7367c1e02143630998accc1097 HTTP/1.1" 404 290 "-" "Mozilla/5.0 (X11; Ubuntu; Linux x86_64; rv:72.0) Gecko/20100101 Firefox/72.0"
151.106.165.0 - - [05/Apr/2025:19:35:24 +0200] "GET /cron.php?cron_type=tidy_cache&sid=e4ca2b7367c1e02143630998accc1097 HTTP/1.1" 404 290 "-" "Mozilla/5.0 (X11; Ubuntu; Linux x86_64; rv:72.0) Gecko/20100101 Firefox/72.0"
151.106.165.0 - - [05/Apr/2025:19:35:24 +0200] "GET /cron.php?cron_type=tidy_cache&sid=e4ca2b7367c1e02143630998accc1097 HTTP/1.1" 404 290 "-" "Mozilla/5.0 (X11; Ubuntu; Linux x86_64; rv:72.0) Gecko/20100101 Firefox/72.0"
94.181.156.210 - - [05/Apr/2025:19:40:20 +0200] "GET / HTTP/1.0" 200 423 "http://coffeenostra.castlegem.co.uk/" "Mozilla/5.0 (Windows NT 6.3; WOW64) AppleWebKit/537.36 (KHTML, like Gecko) Chrome/103.0.5060.114 Safari/537.36"
109.205.213.198 - - [05/Apr/2025:19:45:02 +0200] "GET / HTTP/1.1" 200 274 "-" "Mozilla/5.0 (Windows NT 10.0; Win64; x64) AppleWebKit/537.36 (KHTML, like Gecko) Chrome/90.0.4430.85 Safari/537.36 Edg/90.0.818.46"
151.106.166.60 - - [05/Apr/2025:19:45:59 +0200] "GET /download/file.php?id=250&sid=8ed97c090a0d95f4c7d82e6f7f7dab86 HTTP/1.1" 404 297 "-" "Mozilla/5.0 (X11; Ubuntu; Linux x86_64; rv:72.0) Gecko/20100101 Firefox/72.0"
151.106.166.60 - - [05/Apr/2025:19:45:59 +0200] "GET /download/file.php?id=250&sid=8ed97c090a0d95f4c7d82e6f7f7dab86 HTTP/1.1" 404 297 "-" "Mozilla/5.0 (X11; Ubuntu; Linux x86_64; rv:72.0) Gecko/20100101 Firefox/72.0"
151.106.166.60 - - [05/Apr/2025:19:45:59 +0200] "GET /download/file.php?id=250&sid=8ed97c090a0d95f4c7d82e6f7f7dab86 HTTP/1.1" 404 297 "-" "Mozilla/5.0 (X11; Ubuntu; Linux x86_64; rv:72.0) Gecko/20100101 Firefox/72.0"
156.59.198.135 - - [05/Apr/2025:19:47:42 +0200] "GET /renault.activities.at/htdocs/export/pdf/emuc_document/12135529.pdf HTTP/1.0" 404 322 "-" "Mozilla/5.0 (Linux; Android 5.0) AppleWebKit/537.36 (KHTML, like Gecko) Mobile Safari/537.36 (compatible; Bytespider; spider-feedback@bytedance.com)"
156.59.198.136 - - [05/Apr/2025:19:47:51 +0200] "GET /renault.activities.at/htdocs/export/pdf/emuc_document/10556928.pdf HTTP/1.0" 404 322 "-" "Mozilla/5.0 (Linux; Android 5.0) AppleWebKit/537.36 (KHTML, like Gecko) Mobile Safari/537.36 (compatible; Bytespider; spider-feedback@bytedance.com)"
47.128.28.92 - - [05/Apr/2025:19:47:59 +0200] "GET /robots.txt HTTP/1.1" 404 284 "-" "Mozilla/5.0 (Linux; Android 5.0) AppleWebKit/537.36 (KHTML, like Gecko) Mobile Safari/537.36 (compatible; Bytespider; spider-feedback@bytedance.com)"
47.128.44.217 - - [05/Apr/2025:19:48:13 +0200] "GET /robots.txt HTTP/1.1" 404 284 "-" "Mozilla/5.0 (Linux; Android 5.0) AppleWebKit/537.36 (KHTML, like Gecko) Mobile Safari/537.36 (compatible; Bytespider; spider-feedback@bytedance.com)"
156.59.198.135 - - [05/Apr/2025:19:56:39 +0200] "GET /renault.activities.at/htdocs/export/pdf/emuc_document/12126646.pdf HTTP/1.0" 404 321 "-" "Mozilla/5.0 (Linux; Android 5.0) AppleWebKit/537.36 (KHTML, like Gecko) Mobile Safari/537.36 (compatible; Bytespider; spider-feedback@bytedance.com)"
156.59.198.135 - - [05/Apr/2025:19:56:49 +0200] "GET /renault.activities.at/htdocs/export/pdf/emuc_document/11504277.pdf HTTP/1.0" 404 322 "-" "Mozilla/5.0 (Linux; Android 5.0) AppleWebKit/537.36 (KHTML, like Gecko) Mobile Safari/537.36 (compatible; Bytespider; spider-feedback@bytedance.com)"
151.106.181.99 - - [05/Apr/2025:20:02:58 +0200] "GET /cron.php?cron_type=tidy_cache&sid=a64ee32341bd27d175c1b2e2bc4968ca HTTP/1.1" 404 290 "-" "Mozilla/5.0 (X11; Ubuntu; Linux x86_64; rv:72.0) Gecko/20100101 Firefox/72.0"
151.106.181.99 - - [05/Apr/2025:20:02:58 +0200] "GET /cron.php?cron_type=tidy_cache&sid=a64ee32341bd27d175c1b2e2bc4968ca HTTP/1.1" 404 290 "-" "Mozilla/5.0 (X11; Ubuntu; Linux x86_64; rv:72.0) Gecko/20100101 Firefox/72.0"
151.106.181.99 - - [05/Apr/2025:20:02:58 +0200] "GET /cron.php?cron_type=tidy_cache&sid=a64ee32341bd27d175c1b2e2bc4968ca HTTP/1.1" 404 290 "-" "Mozilla/5.0 (X11; Ubuntu; Linux x86_64; rv:72.0) Gecko/20100101 Firefox/72.0"
185.91.127.81 - - [05/Apr/2025:20:06:31 +0200] "CONNECT pro.ip-api.com:443 HTTP/1.1" 200 423 "-" "Mozilla/5.0"
151.106.162.214 - - [05/Apr/2025:20:11:18 +0200] "GET /download/file.php?id=254&sid=265dffae84d89928a6f5881e9621fa4f HTTP/1.1" 404 297 "-" "Mozilla/5.0 (X11; Ubuntu; Linux x86_64; rv:72.0) Gecko/20100101 Firefox/72.0"
151.106.162.214 - - [05/Apr/2025:20:11:18 +0200] "GET /download/file.php?id=254&sid=265dffae84d89928a6f5881e9621fa4f HTTP/1.1" 404 297 "-" "Mozilla/5.0 (X11; Ubuntu; Linux x86_64; rv:72.0) Gecko/20100101 Firefox/72.0"
151.106.162.214 - - [05/Apr/2025:20:11:18 +0200] "GET /download/file.php?id=254&sid=265dffae84d89928a6f5881e9621fa4f HTTP/1.1" 404 297 "-" "Mozilla/5.0 (X11; Ubuntu; Linux x86_64; rv:72.0) Gecko/20100101 Firefox/72.0"
156.59.198.135 - - [05/Apr/2025:20:13:42 +0200] "GET /renault.activities.at/htdocs/export/pdf/emuc_document/11810916.pdf HTTP/1.0" 404 321 "-" "Mozilla/5.0 (Linux; Android 5.0) AppleWebKit/537.36 (KHTML, like Gecko) Mobile Safari/537.36 (compatible; Bytespider; spider-feedback@bytedance.com)"
156.59.198.135 - - [05/Apr/2025:20:13:51 +0200] "GET /renault.activities.at/htdocs/export/pdf/emuc_document/12291131.pdf HTTP/1.0" 404 321 "-" "Mozilla/5.0 (Linux; Android 5.0) AppleWebKit/537.36 (KHTML, like Gecko) Mobile Safari/537.36 (compatible; Bytespider; spider-feedback@bytedance.com)"
151.106.162.214 - - [05/Apr/2025:20:15:12 +0200] "GET /download/file.php?id=251&sid=6ff1203ea21ad55ae131b8f2a9dee9b6 HTTP/1.1" 404 297 "-" "Mozilla/5.0 (X11; Ubuntu; Linux x86_64; rv:72.0) Gecko/20100101 Firefox/72.0"
151.106.162.214 - - [05/Apr/2025:20:15:12 +0200] "GET /download/file.php?id=251&sid=6ff1203ea21ad55ae131b8f2a9dee9b6 HTTP/1.1" 404 297 "-" "Mozilla/5.0 (X11; Ubuntu; Linux x86_64; rv:72.0) Gecko/20100101 Firefox/72.0"
151.106.162.214 - - [05/Apr/2025:20:15:12 +0200] "GET /download/file.php?id=251&sid=6ff1203ea21ad55ae131b8f2a9dee9b6 HTTP/1.1" 404 297 "-" "Mozilla/5.0 (X11; Ubuntu; Linux x86_64; rv:72.0) Gecko/20100101 Firefox/72.0"
159.203.107.246 - - [05/Apr/2025:20:16:02 +0200] "GET / HTTP/1.1" 200 274 "-" "Mozilla/5.0 (compatible)"
159.203.107.246 - - [05/Apr/2025:20:16:02 +0200] "GET /activities.ico HTTP/1.1" 200 1406 "http://mail.creativecube.at/" "Mozilla/5.0 (compatible)"
159.203.107.246 - - [05/Apr/2025:20:16:02 +0200] "GET /ads.txt HTTP/1.1" 404 287 "-" "Mozilla/5.0 (compatible)"
196.251.85.250 - - [05/Apr/2025:20:19:37 +0200] "GET /login.rsp HTTP/1.1" 404 354 "-" "Hello World"
154.81.156.35 - - [05/Apr/2025:20:22:27 +0200] "GET / HTTP/1.1" 200 274 "-" "Mozilla/5.0 (Windows NT 10.0; Win64; x64) AppleWebKit/537.36 (KHTML, like Gecko) Chrome/90.0.4430.85 Safari/537.36 Edg/90.0.818.46"
151.106.169.76 - - [05/Apr/2025:20:41:30 +0200] "GET /cron.php?cron_type=tidy_cache&sid=031da1352e41b5e56cd97cc3239e7ac5 HTTP/1.1" 404 290 "-" "Mozilla/5.0 (X11; Ubuntu; Linux x86_64; rv:72.0) Gecko/20100101 Firefox/72.0"
151.106.169.76 - - [05/Apr/2025:20:41:30 +0200] "GET /cron.php?cron_type=tidy_cache&sid=031da1352e41b5e56cd97cc3239e7ac5 HTTP/1.1" 404 290 "-" "Mozilla/5.0 (X11; Ubuntu; Linux x86_64; rv:72.0) Gecko/20100101 Firefox/72.0"
151.106.169.76 - - [05/Apr/2025:20:41:30 +0200] "GET /cron.php?cron_type=tidy_cache&sid=031da1352e41b5e56cd97cc3239e7ac5 HTTP/1.1" 404 290 "-" "Mozilla/5.0 (X11; Ubuntu; Linux x86_64; rv:72.0) Gecko/20100101 Firefox/72.0"
151.106.180.26 - - [05/Apr/2025:20:42:53 +0200] "GET /cron.php?cron_type=tidy_cache&sid=5b13d7a37e934343785cf5cbc1d03bea HTTP/1.1" 404 290 "-" "Mozilla/5.0 (X11; Ubuntu; Linux x86_64; rv:72.0) Gecko/20100101 Firefox/72.0"
151.106.180.26 - - [05/Apr/2025:20:42:54 +0200] "GET /cron.php?cron_type=tidy_cache&sid=5b13d7a37e934343785cf5cbc1d03bea HTTP/1.1" 404 290 "-" "Mozilla/5.0 (X11; Ubuntu; Linux x86_64; rv:72.0) Gecko/20100101 Firefox/72.0"
151.106.180.26 - - [05/Apr/2025:20:42:54 +0200] "GET /cron.php?cron_type=tidy_cache&sid=5b13d7a37e934343785cf5cbc1d03bea HTTP/1.1" 404 290 "-" "Mozilla/5.0 (X11; Ubuntu; Linux x86_64; rv:72.0) Gecko/20100101 Firefox/72.0"
151.106.191.239 - - [05/Apr/2025:20:45:23 +0200] "GET /gallery/image.php?mode=thumbnail&album_id=1&image_id=113&sid=98b65d6c39c1263d86e03462d645a528 HTTP/1.1" 404 297 "-" "Mozilla/5.0 (X11; Ubuntu; Linux x86_64; rv:72.0) Gecko/20100101 Firefox/72.0"
