156.59.198.136 - - [06/Apr/2025:06:44:46 +0200] "GET /renault.activities.at/htdocs/export/pdf/emuc_document/11157879.pdf HTTP/1.0" 404 322 "-" "Mozilla/5.0 (Linux; Android 5.0) AppleWebKit/537.36 (KHTML, like Gecko) Mobile Safari/537.36 (compatible; Bytespider; spider-feedback@bytedance.com)"
151.106.191.138 - - [06/Apr/2025:06:50:31 +0200] "GET /cron.php?cron_type=tidy_cache&sid=b98177e753d31cf68b2d59bfa69182d1 HTTP/1.1" 404 290 "-" "Mozilla/5.0 (X11; Ubuntu; Linux x86_64; rv:72.0) Gecko/20100101 Firefox/72.0"
151.106.191.138 - - [06/Apr/2025:06:50:32 +0200] "GET /cron.php?cron_type=tidy_cache&sid=b98177e753d31cf68b2d59bfa69182d1 HTTP/1.1" 404 290 "-" "Mozilla/5.0 (X11; Ubuntu; Linux x86_64; rv:72.0) Gecko/20100101 Firefox/72.0"
151.106.191.138 - - [06/Apr/2025:06:50:32 +0200] "GET /cron.php?cron_type=tidy_cache&sid=b98177e753d31cf68b2d59bfa69182d1 HTTP/1.1" 404 290 "-" "Mozilla/5.0 (X11; Ubuntu; Linux x86_64; rv:72.0) Gecko/20100101 Firefox/72.0"
151.106.160.158 - - [06/Apr/2025:06:51:25 +0200] "GET /cron.php?cron_type=tidy_cache&sid=4eeac10421776913f9ba17a925be80a9 HTTP/1.1" 404 290 "-" "Mozilla/5.0 (X11; Ubuntu; Linux x86_64; rv:72.0) Gecko/20100101 Firefox/72.0"
151.106.160.158 - - [06/Apr/2025:06:51:25 +0200] "GET /cron.php?cron_type=tidy_cache&sid=4eeac10421776913f9ba17a925be80a9 HTTP/1.1" 404 290 "-" "Mozilla/5.0 (X11; Ubuntu; Linux x86_64; rv:72.0) Gecko/20100101 Firefox/72.0"
151.106.160.158 - - [06/Apr/2025:06:51:26 +0200] "GET /cron.php?cron_type=tidy_cache&sid=4eeac10421776913f9ba17a925be80a9 HTTP/1.1" 404 290 "-" "Mozilla/5.0 (X11; Ubuntu; Linux x86_64; rv:72.0) Gecko/20100101 Firefox/72.0"
151.106.162.214 - - [06/Apr/2025:06:55:00 +0200] "GET /download/file.php?id=167&sid=1ed7509ecd970d78d4c98acd553277d8 HTTP/1.1" 404 297 "-" "Mozilla/5.0 (X11; Ubuntu; Linux x86_64; rv:72.0) Gecko/20100101 Firefox/72.0"
151.106.162.214 - - [06/Apr/2025:06:55:00 +0200] "GET /download/file.php?id=167&sid=1ed7509ecd970d78d4c98acd553277d8 HTTP/1.1" 404 297 "-" "Mozilla/5.0 (X11; Ubuntu; Linux x86_64; rv:72.0) Gecko/20100101 Firefox/72.0"
151.106.162.214 - - [06/Apr/2025:06:55:01 +0200] "GET /download/file.php?id=167&sid=1ed7509ecd970d78d4c98acd553277d8 HTTP/1.1" 404 297 "-" "Mozilla/5.0 (X11; Ubuntu; Linux x86_64; rv:72.0) Gecko/20100101 Firefox/72.0"
40.124.175.251 - - [06/Apr/2025:06:58:01 +0200] "MGLNDD_212.69.160.11_80" 400 383 "-" "-"
151.106.162.30 - - [06/Apr/2025:07:00:57 +0200] "GET /download/file.php?id=215&sid=9b88cff751f27a809289dd31254b8116 HTTP/1.1" 404 297 "-" "Mozilla/5.0 (X11; Ubuntu; Linux x86_64; rv:72.0) Gecko/20100101 Firefox/72.0"
151.106.162.30 - - [06/Apr/2025:07:00:57 +0200] "GET /download/file.php?id=215&sid=9b88cff751f27a809289dd31254b8116 HTTP/1.1" 404 297 "-" "Mozilla/5.0 (X11; Ubuntu; Linux x86_64; rv:72.0) Gecko/20100101 Firefox/72.0"
151.106.162.30 - - [06/Apr/2025:07:00:57 +0200] "GET /download/file.php?id=215&sid=9b88cff751f27a809289dd31254b8116 HTTP/1.1" 404 297 "-" "Mozilla/5.0 (X11; Ubuntu; Linux x86_64; rv:72.0) Gecko/20100101 Firefox/72.0"
151.106.181.99 - - [06/Apr/2025:07:01:04 +0200] "GET /cron.php?cron_type=tidy_cache&sid=4615260e98f0f806009282c870c21b99 HTTP/1.1" 404 290 "-" "Mozilla/5.0 (X11; Ubuntu; Linux x86_64; rv:72.0) Gecko/20100101 Firefox/72.0"
151.106.181.99 - - [06/Apr/2025:07:01:04 +0200] "GET /cron.php?cron_type=tidy_cache&sid=4615260e98f0f806009282c870c21b99 HTTP/1.1" 404 290 "-" "Mozilla/5.0 (X11; Ubuntu; Linux x86_64; rv:72.0) Gecko/20100101 Firefox/72.0"
151.106.181.99 - - [06/Apr/2025:07:01:04 +0200] "GET /cron.php?cron_type=tidy_cache&sid=4615260e98f0f806009282c870c21b99 HTTP/1.1" 404 290 "-" "Mozilla/5.0 (X11; Ubuntu; Linux x86_64; rv:72.0) Gecko/20100101 Firefox/72.0"
93.174.93.12 - - [06/Apr/2025:07:06:42 +0200] "GET / HTTP/1.0" 200 423 "-" "Mozilla/5.0 (iPad; U; CPU OS 4_3 like Mac OS X; en-us) AppleWebKit/533.17.9 (KHTML, like Gecko) Version/5.0.2 Mobile/8F190 Safari/6533.18.5"
190.231.192.128 - - [06/Apr/2025:07:08:12 +0200] "GET / HTTP/1.0" 200 423 "-" "-"
151.106.162.8 - - [06/Apr/2025:07:11:15 +0200] "GET /download/file.php?id=254&sid=a298abe2cb5a66f5b5d114b63580e210 HTTP/1.1" 404 297 "-" "Mozilla/5.0 (X11; Ubuntu; Linux x86_64; rv:72.0) Gecko/20100101 Firefox/72.0"
151.106.162.8 - - [06/Apr/2025:07:11:15 +0200] "GET /download/file.php?id=254&sid=a298abe2cb5a66f5b5d114b63580e210 HTTP/1.1" 404 297 "-" "Mozilla/5.0 (X11; Ubuntu; Linux x86_64; rv:72.0) Gecko/20100101 Firefox/72.0"
151.106.162.8 - - [06/Apr/2025:07:11:15 +0200] "GET /download/file.php?id=254&sid=a298abe2cb5a66f5b5d114b63580e210 HTTP/1.1" 404 297 "-" "Mozilla/5.0 (X11; Ubuntu; Linux x86_64; rv:72.0) Gecko/20100101 Firefox/72.0"
151.106.183.52 - - [06/Apr/2025:07:11:38 +0200] "GET /cron.php?cron_type=tidy_sessions&sid=953cce539bf798c3e416410e630d1172 HTTP/1.1" 404 290 "-" "Mozilla/5.0 (X11; Ubuntu; Linux x86_64; rv:72.0) Gecko/20100101 Firefox/72.0"
151.106.183.52 - - [06/Apr/2025:07:11:38 +0200] "GET /cron.php?cron_type=tidy_sessions&sid=953cce539bf798c3e416410e630d1172 HTTP/1.1" 404 290 "-" "Mozilla/5.0 (X11; Ubuntu; Linux x86_64; rv:72.0) Gecko/20100101 Firefox/72.0"
151.106.183.52 - - [06/Apr/2025:07:11:39 +0200] "GET /cron.php?cron_type=tidy_sessions&sid=953cce539bf798c3e416410e630d1172 HTTP/1.1" 404 290 "-" "Mozilla/5.0 (X11; Ubuntu; Linux x86_64; rv:72.0) Gecko/20100101 Firefox/72.0"
151.106.191.239 - - [06/Apr/2025:07:13:17 +0200] "GET /download/file.php?id=238&sid=ce1518e268a17117765e76cb238689c5 HTTP/1.1" 404 297 "-" "Mozilla/5.0 (X11; Ubuntu; Linux x86_64; rv:72.0) Gecko/20100101 Firefox/72.0"
151.106.191.239 - - [06/Apr/2025:07:13:17 +0200] "GET /download/file.php?id=238&sid=ce1518e268a17117765e76cb238689c5 HTTP/1.1" 404 297 "-" "Mozilla/5.0 (X11; Ubuntu; Linux x86_64; rv:72.0) Gecko/20100101 Firefox/72.0"
151.106.191.239 - - [06/Apr/2025:07:13:17 +0200] "GET /download/file.php?id=238&sid=ce1518e268a17117765e76cb238689c5 HTTP/1.1" 404 297 "-" "Mozilla/5.0 (X11; Ubuntu; Linux x86_64; rv:72.0) Gecko/20100101 Firefox/72.0"
156.59.198.135 - - [06/Apr/2025:07:15:16 +0200] "GET /renault.activities.at/htdocs/export/pdf/emuc_document/11201479.pdf HTTP/1.0" 404 322 "-" "Mozilla/5.0 (Linux; Android 5.0) AppleWebKit/537.36 (KHTML, like Gecko) Mobile Safari/537.36 (compatible; Bytespider; spider-feedback@bytedance.com)"
151.106.190.62 - - [06/Apr/2025:07:16:22 +0200] "GET /cron.php?cron_type=tidy_cache&sid=4328841805b36fdac0940d7eec6998e9 HTTP/1.1" 404 290 "-" "Mozilla/5.0 (X11; Ubuntu; Linux x86_64; rv:72.0) Gecko/20100101 Firefox/72.0"
151.106.190.62 - - [06/Apr/2025:07:16:22 +0200] "GET /cron.php?cron_type=tidy_cache&sid=4328841805b36fdac0940d7eec6998e9 HTTP/1.1" 404 290 "-" "Mozilla/5.0 (X11; Ubuntu; Linux x86_64; rv:72.0) Gecko/20100101 Firefox/72.0"
151.106.190.62 - - [06/Apr/2025:07:16:23 +0200] "GET /cron.php?cron_type=tidy_cache&sid=4328841805b36fdac0940d7eec6998e9 HTTP/1.1" 404 290 "-" "Mozilla/5.0 (X11; Ubuntu; Linux x86_64; rv:72.0) Gecko/20100101 Firefox/72.0"
151.106.173.252 - - [06/Apr/2025:07:18:12 +0200] "GET /gallery/image.php?mode=thumbnail&album_id=3&image_id=90&sid=ca84c3e75f1950714b85e3cef718c25d HTTP/1.1" 404 297 "-" "Mozilla/5.0 (X11; Ubuntu; Linux x86_64; rv:72.0) Gecko/20100101 Firefox/72.0"
151.106.173.252 - - [06/Apr/2025:07:18:12 +0200] "GET /gallery/image.php?mode=thumbnail&album_id=3&image_id=90&sid=ca84c3e75f1950714b85e3cef718c25d HTTP/1.1" 404 297 "-" "Mozilla/5.0 (X11; Ubuntu; Linux x86_64; rv:72.0) Gecko/20100101 Firefox/72.0"
151.106.173.252 - - [06/Apr/2025:07:18:12 +0200] "GET /gallery/image.php?mode=thumbnail&album_id=3&image_id=90&sid=ca84c3e75f1950714b85e3cef718c25d HTTP/1.1" 404 297 "-" "Mozilla/5.0 (X11; Ubuntu; Linux x86_64; rv:72.0) Gecko/20100101 Firefox/72.0"
154.81.156.34 - - [06/Apr/2025:07:19:00 +0200] "GET / HTTP/1.1" 200 274 "-" "Mozilla/5.0 (Windows NT 10.0; Win64; x64) AppleWebKit/537.36 (KHTML, like Gecko) Chrome/90.0.4430.85 Safari/537.36 Edg/90.0.818.46"
154.81.156.35 - - [06/Apr/2025:07:28:42 +0200] "GET / HTTP/1.1" 200 274 "-" "Mozilla/5.0 (Windows NT 10.0; Win64; x64) AppleWebKit/537.36 (KHTML, like Gecko) Chrome/90.0.4430.85 Safari/537.36 Edg/90.0.818.46"
123.4.209.118 - - [06/Apr/2025:07:33:50 +0200] "GET /boaform/admin/formLogin?username=admin&psd=admin HTTP/1.0" 404 378 "-" "-"
205.210.31.64 - - [06/Apr/2025:07:49:26 +0200] "\x16\x03\x01" 400 383 "-" "-"
205.210.31.64 - - [06/Apr/2025:07:49:26 +0200] "\x16\x03\x01" 400 383 "-" "-"
47.128.99.38 - - [06/Apr/2025:07:53:05 +0200] "GET /robots.txt HTTP/1.1" 404 284 "-" "Mozilla/5.0 (Linux; Android 5.0) AppleWebKit/537.36 (KHTML, like Gecko) Mobile Safari/537.36 (compatible; Bytespider; spider-feedback@bytedance.com)"
156.59.198.136 - - [06/Apr/2025:07:53:12 +0200] "GET /renault.activities.at/htdocs/export/pdf/emuc_document/10460031.pdf HTTP/1.0" 404 322 "-" "Mozilla/5.0 (Linux; Android 5.0) AppleWebKit/537.36 (KHTML, like Gecko) Mobile Safari/537.36 (compatible; Bytespider; spider-feedback@bytedance.com)"
47.128.50.52 - - [06/Apr/2025:07:53:21 +0200] "GET /robots.txt HTTP/1.1" 404 284 "-" "Mozilla/5.0 (Linux; Android 5.0) AppleWebKit/537.36 (KHTML, like Gecko) Mobile Safari/537.36 (compatible; Bytespider; spider-feedback@bytedance.com)"
47.128.34.232 - - [06/Apr/2025:07:53:38 +0200] "GET /robots.txt HTTP/1.1" 404 284 "-" "Mozilla/5.0 (Linux; Android 5.0) AppleWebKit/537.36 (KHTML, like Gecko) Mobile Safari/537.36 (compatible; Bytespider; spider-feedback@bytedance.com)"
47.128.47.153 - - [06/Apr/2025:07:54:05 +0200] "GET /robots.txt HTTP/1.1" 404 284 "-" "Mozilla/5.0 (Linux; Android 5.0) AppleWebKit/537.36 (KHTML, like Gecko) Mobile Safari/537.36 (compatible; Bytespider; spider-feedback@bytedance.com)"
156.59.198.136 - - [06/Apr/2025:07:58:02 +0200] "GET /renault.activities.at/htdocs/export/pdf/emuc_document/11035944.pdf HTTP/1.0" 404 322 "-" "Mozilla/5.0 (Linux; Android 5.0) AppleWebKit/537.36 (KHTML, like Gecko) Mobile Safari/537.36 (compatible; Bytespider; spider-feedback@bytedance.com)"
156.59.198.136 - - [06/Apr/2025:07:58:11 +0200] "GET /renault.activities.at/htdocs/export/pdf/emuc_document/11646644.pdf HTTP/1.0" 404 321 "-" "Mozilla/5.0 (Linux; Android 5.0) AppleWebKit/537.36 (KHTML, like Gecko) Mobile Safari/537.36 (compatible; Bytespider; spider-feedback@bytedance.com)"
151.106.164.53 - - [06/Apr/2025:08:05:57 +0200] "GET /cron.php?cron_type=tidy_sessions&sid=1cf0c18132d7d32652f9847286e5d3ba HTTP/1.1" 404 290 "-" "Mozilla/5.0 (X11; Ubuntu; Linux x86_64; rv:72.0) Gecko/20100101 Firefox/72.0"
151.106.164.53 - - [06/Apr/2025:08:05:57 +0200] "GET /cron.php?cron_type=tidy_sessions&sid=1cf0c18132d7d32652f9847286e5d3ba HTTP/1.1" 404 290 "-" "Mozilla/5.0 (X11; Ubuntu; Linux x86_64; rv:72.0) Gecko/20100101 Firefox/72.0"
151.106.164.53 - - [06/Apr/2025:08:05:58 +0200] "GET /cron.php?cron_type=tidy_sessions&sid=1cf0c18132d7d32652f9847286e5d3ba HTTP/1.1" 404 290 "-" "Mozilla/5.0 (X11; Ubuntu; Linux x86_64; rv:72.0) Gecko/20100101 Firefox/72.0"
156.59.198.136 - - [06/Apr/2025:08:08:53 +0200] "GET /renault.activities.at/htdocs/export/pdf/emuc_document/12299601.pdf HTTP/1.0" 404 321 "-" "Mozilla/5.0 (Linux; Android 5.0) AppleWebKit/537.36 (KHTML, like Gecko) Mobile Safari/537.36 (compatible; Bytespider; spider-feedback@bytedance.com)"
151.106.169.235 - - [06/Apr/2025:08:13:36 +0200] "GET /gallery/image.php?mode=thumbnail&album_id=1&image_id=113&sid=4aa4123490fd623f9ca4883a7ec78ea8 HTTP/1.1" 404 297 "-" "Mozilla/5.0 (X11; Ubuntu; Linux x86_64; rv:72.0) Gecko/20100101 Firefox/72.0"
151.106.169.235 - - [06/Apr/2025:08:13:36 +0200] "GET /gallery/image.php?mode=thumbnail&album_id=1&image_id=113&sid=4aa4123490fd623f9ca4883a7ec78ea8 HTTP/1.1" 404 297 "-" "Mozilla/5.0 (X11; Ubuntu; Linux x86_64; rv:72.0) Gecko/20100101 Firefox/72.0"
151.106.169.235 - - [06/Apr/2025:08:13:36 +0200] "GET /gallery/image.php?mode=thumbnail&album_id=1&image_id=113&sid=4aa4123490fd623f9ca4883a7ec78ea8 HTTP/1.1" 404 297 "-" "Mozilla/5.0 (X11; Ubuntu; Linux x86_64; rv:72.0) Gecko/20100101 Firefox/72.0"
151.106.162.8 - - [06/Apr/2025:08:13:58 +0200] "GET /cron.php?cron_type=tidy_cache&sid=955579e92c919cc6e947af872af7c606 HTTP/1.1" 404 290 "-" "Mozilla/5.0 (X11; Ubuntu; Linux x86_64; rv:72.0) Gecko/20100101 Firefox/72.0"
151.106.162.8 - - [06/Apr/2025:08:13:58 +0200] "GET /cron.php?cron_type=tidy_cache&sid=955579e92c919cc6e947af872af7c606 HTTP/1.1" 404 290 "-" "Mozilla/5.0 (X11; Ubuntu; Linux x86_64; rv:72.0) Gecko/20100101 Firefox/72.0"
151.106.162.8 - - [06/Apr/2025:08:13:58 +0200] "GET /cron.php?cron_type=tidy_cache&sid=955579e92c919cc6e947af872af7c606 HTTP/1.1" 404 290 "-" "Mozilla/5.0 (X11; Ubuntu; Linux x86_64; rv:72.0) Gecko/20100101 Firefox/72.0"
156.59.198.136 - - [06/Apr/2025:08:18:25 +0200] "GET /renault.activities.at/htdocs/export/pdf/emuc_document/10672714.pdf HTTP/1.0" 404 322 "-" "Mozilla/5.0 (Linux; Android 5.0) AppleWebKit/537.36 (KHTML, like Gecko) Mobile Safari/537.36 (compatible; Bytespider; spider-feedback@bytedance.com)"
151.106.166.60 - - [06/Apr/2025:08:19:04 +0200] "GET /cron.php?cron_type=tidy_cache&sid=464208785900d22008c055a9f80a59f4 HTTP/1.1" 404 290 "-" "Mozilla/5.0 (X11; Ubuntu; Linux x86_64; rv:72.0) Gecko/20100101 Firefox/72.0"
151.106.166.60 - - [06/Apr/2025:08:19:04 +0200] "GET /cron.php?cron_type=tidy_cache&sid=464208785900d22008c055a9f80a59f4 HTTP/1.1" 404 290 "-" "Mozilla/5.0 (X11; Ubuntu; Linux x86_64; rv:72.0) Gecko/20100101 Firefox/72.0"
151.106.166.60 - - [06/Apr/2025:08:19:04 +0200] "GET /cron.php?cron_type=tidy_cache&sid=464208785900d22008c055a9f80a59f4 HTTP/1.1" 404 290 "-" "Mozilla/5.0 (X11; Ubuntu; Linux x86_64; rv:72.0) Gecko/20100101 Firefox/72.0"
109.205.213.198 - - [06/Apr/2025:08:21:25 +0200] "GET / HTTP/1.1" 200 274 "-" "Mozilla/5.0 (Windows NT 10.0; Win64; x64) AppleWebKit/537.36 (KHTML, like Gecko) Chrome/90.0.4430.85 Safari/537.36 Edg/90.0.818.46"
154.81.156.34 - - [06/Apr/2025:08:30:44 +0200] "GET / HTTP/1.1" 200 274 "-" "Mozilla/5.0 (Windows NT 10.0; Win64; x64) AppleWebKit/537.36 (KHTML, like Gecko) Chrome/90.0.4430.85 Safari/537.36 Edg/90.0.818.46"
151.106.161.79 - - [06/Apr/2025:08:32:58 +0200] "GET /cron.php?cron_type=tidy_sessions&sid=053f7ab6a7e309d7292a587a43c64c84 HTTP/1.1" 404 290 "-" "Mozilla/5.0 (X11; Ubuntu; Linux x86_64; rv:72.0) Gecko/20100101 Firefox/72.0"
151.106.161.79 - - [06/Apr/2025:08:32:58 +0200] "GET /cron.php?cron_type=tidy_sessions&sid=053f7ab6a7e309d7292a587a43c64c84 HTTP/1.1" 404 290 "-" "Mozilla/5.0 (X11; Ubuntu; Linux x86_64; rv:72.0) Gecko/20100101 Firefox/72.0"
151.106.161.79 - - [06/Apr/2025:08:32:58 +0200] "GET /cron.php?cron_type=tidy_sessions&sid=053f7ab6a7e309d7292a587a43c64c84 HTTP/1.1" 404 290 "-" "Mozilla/5.0 (X11; Ubuntu; Linux x86_64; rv:72.0) Gecko/20100101 Firefox/72.0"
115.231.78.11 - - [06/Apr/2025:08:37:21 +0200] "GET / HTTP/1.1" 200 423 "-" "Mozilla/5.0 (Windows NT 6.1) AppleWebKit/537.36 (KHTML, like Gecko) Chrome/71.0.2623.112 Safari/537.36"
115.231.78.11 - - [06/Apr/2025:08:37:22 +0200] "GET /activities.ico HTTP/1.1" 200 1406 "-" "Mozilla/5.0 (Windows NT 6.1; WOW64) AppleWebKit/537.36 (KHTML, like Gecko) Chrome/63.0.3239.132 Safari/537.36 QIHU 360SE"
115.231.78.11 - - [06/Apr/2025:08:37:22 +0200] "GET /robots.txt HTTP/1.1" 404 284 "-" "Mozilla/5.0 (Windows NT 6.1; WOW64) AppleWebKit/537.36 (KHTML, like Gecko) Chrome/63.0.3239.132 Safari/537.36 QIHU 360SE"
94.181.156.210 - - [06/Apr/2025:08:50:20 +0200] "GET / HTTP/1.0" 200 423 "-" "Mozilla/5.0 (Windows NT 6.3; Win64; x64) AppleWebKit/537.36 (KHTML, like Gecko) Chrome/75.0.3770.100 Safari/537.36"
151.106.162.8 - - [06/Apr/2025:08:57:15 +0200] "GET /gallery/image.php?mode=thumbnail&album_id=8&image_id=107&sid=669362553ce370259aee3a1d9b4f7bb1 HTTP/1.1" 404 297 "-" "Mozilla/5.0 (X11; Ubuntu; Linux x86_64; rv:72.0) Gecko/20100101 Firefox/72.0"
151.106.162.8 - - [06/Apr/2025:08:57:15 +0200] "GET /gallery/image.php?mode=thumbnail&album_id=8&image_id=107&sid=669362553ce370259aee3a1d9b4f7bb1 HTTP/1.1" 404 297 "-" "Mozilla/5.0 (X11; Ubuntu; Linux x86_64; rv:72.0) Gecko/20100101 Firefox/72.0"
151.106.162.8 - - [06/Apr/2025:08:57:16 +0200] "GET /gallery/image.php?mode=thumbnail&album_id=8&image_id=107&sid=669362553ce370259aee3a1d9b4f7bb1 HTTP/1.1" 404 297 "-" "Mozilla/5.0 (X11; Ubuntu; Linux x86_64; rv:72.0) Gecko/20100101 Firefox/72.0"
156.59.198.135 - - [06/Apr/2025:09:01:10 +0200] "GET /renault.activities.at/htdocs/export/pdf/emuc_document/11035936.pdf HTTP/1.0" 404 322 "-" "Mozilla/5.0 (Linux; Android 5.0) AppleWebKit/537.36 (KHTML, like Gecko) Mobile Safari/537.36 (compatible; Bytespider; spider-feedback@bytedance.com)"
156.59.198.136 - - [06/Apr/2025:09:05:39 +0200] "GET /renault.activities.at/htdocs/export/pdf/emuc_document/11013263.pdf HTTP/1.0" 404 322 "-" "Mozilla/5.0 (Linux; Android 5.0) AppleWebKit/537.36 (KHTML, like Gecko) Mobile Safari/537.36 (compatible; Bytespider; spider-feedback@bytedance.com)"
156.59.198.135 - - [06/Apr/2025:09:06:05 +0200] "GET /renault.activities.at/htdocs/export/pdf/emuc_document/10961175.pdf HTTP/1.0" 404 322 "-" "Mozilla/5.0 (Linux; Android 5.0) AppleWebKit/537.36 (KHTML, like Gecko) Mobile Safari/537.36 (compatible; Bytespider; spider-feedback@bytedance.com)"
151.106.177.184 - - [06/Apr/2025:09:14:31 +0200] "GET /download/file.php?id=230&sid=2f83815c7dea7626e5204eaa9c45d56b HTTP/1.1" 404 297 "-" "Mozilla/5.0 (X11; Ubuntu; Linux x86_64; rv:72.0) Gecko/20100101 Firefox/72.0"
151.106.177.184 - - [06/Apr/2025:09:14:32 +0200] "GET /download/file.php?id=230&sid=2f83815c7dea7626e5204eaa9c45d56b HTTP/1.1" 404 297 "-" "Mozilla/5.0 (X11; Ubuntu; Linux x86_64; rv:72.0) Gecko/20100101 Firefox/72.0"
151.106.177.184 - - [06/Apr/2025:09:14:32 +0200] "GET /download/file.php?id=230&sid=2f83815c7dea7626e5204eaa9c45d56b HTTP/1.1" 404 297 "-" "Mozilla/5.0 (X11; Ubuntu; Linux x86_64; rv:72.0) Gecko/20100101 Firefox/72.0"
151.106.173.252 - - [06/Apr/2025:09:14:59 +0200] "GET /download/file.php?id=253&sid=d75a97c061b522f01c6747d240bc0429 HTTP/1.1" 404 297 "-" "Mozilla/5.0 (X11; Ubuntu; Linux x86_64; rv:72.0) Gecko/20100101 Firefox/72.0"
151.106.173.252 - - [06/Apr/2025:09:14:59 +0200] "GET /download/file.php?id=253&sid=d75a97c061b522f01c6747d240bc0429 HTTP/1.1" 404 297 "-" "Mozilla/5.0 (X11; Ubuntu; Linux x86_64; rv:72.0) Gecko/20100101 Firefox/72.0"
151.106.173.252 - - [06/Apr/2025:09:14:59 +0200] "GET /download/file.php?id=253&sid=d75a97c061b522f01c6747d240bc0429 HTTP/1.1" 404 297 "-" "Mozilla/5.0 (X11; Ubuntu; Linux x86_64; rv:72.0) Gecko/20100101 Firefox/72.0"
156.59.198.136 - - [06/Apr/2025:09:16:01 +0200] "GET /renault.activities.at/htdocs/export/pdf/emuc_document/10252799.pdf HTTP/1.0" 404 322 "-" "Mozilla/5.0 (Linux; Android 5.0) AppleWebKit/537.36 (KHTML, like Gecko) Mobile Safari/537.36 (compatible; Bytespider; spider-feedback@bytedance.com)"
154.81.156.35 - - [06/Apr/2025:09:26:14 +0200] "GET / HTTP/1.1" 200 274 "-" "Mozilla/5.0 (Windows NT 10.0; Win64; x64) AppleWebKit/537.36 (KHTML, like Gecko) Chrome/90.0.4430.85 Safari/537.36 Edg/90.0.818.46"
151.106.160.158 - - [06/Apr/2025:09:29:34 +0200] "GET /download/file.php?id=253&sid=bd71b09cf2747b62212fa64764280903 HTTP/1.1" 404 297 "-" "Mozilla/5.0 (X11; Ubuntu; Linux x86_64; rv:72.0) Gecko/20100101 Firefox/72.0"
151.106.160.158 - - [06/Apr/2025:09:29:35 +0200] "GET /download/file.php?id=253&sid=bd71b09cf2747b62212fa64764280903 HTTP/1.1" 404 297 "-" "Mozilla/5.0 (X11; Ubuntu; Linux x86_64; rv:72.0) Gecko/20100101 Firefox/72.0"
151.106.160.158 - - [06/Apr/2025:09:29:35 +0200] "GET /download/file.php?id=253&sid=bd71b09cf2747b62212fa64764280903 HTTP/1.1" 404 297 "-" "Mozilla/5.0 (X11; Ubuntu; Linux x86_64; rv:72.0) Gecko/20100101 Firefox/72.0"
151.106.191.138 - - [06/Apr/2025:09:32:36 +0200] "GET /styles/Factions/theme/images/tabstrip_abgam.png HTTP/1.1" 404 318 "-" "Mozilla/5.0 (X11; Ubuntu; Linux x86_64; rv:72.0) Gecko/20100101 Firefox/72.0"
151.106.191.138 - - [06/Apr/2025:09:32:36 +0200] "GET /styles/Factions/theme/images/tabstrip_abgam.png HTTP/1.1" 404 318 "-" "Mozilla/5.0 (X11; Ubuntu; Linux x86_64; rv:72.0) Gecko/20100101 Firefox/72.0"
151.106.191.138 - - [06/Apr/2025:09:32:37 +0200] "GET /styles/Factions/theme/images/tabstrip_abgam.png HTTP/1.1" 404 318 "-" "Mozilla/5.0 (X11; Ubuntu; Linux x86_64; rv:72.0) Gecko/20100101 Firefox/72.0"
43.135.182.95 - - [06/Apr/2025:09:44:44 +0200] "GET / HTTP/1.1" 200 274 "-" "Mozilla/5.0 (iPhone; CPU iPhone OS 13_2_3 like Mac OS X) AppleWebKit/605.1.15 (KHTML, like Gecko) Version/13.0.3 Mobile/15E148 Safari/604.1"
151.106.162.8 - - [06/Apr/2025:09:49:03 +0200] "GET /gallery/image.php?mode=thumbnail&album_id=1&image_id=114&sid=b7e0303a92d6d282d782a44dd171c2a1 HTTP/1.1" 404 297 "-" "Mozilla/5.0 (X11; Ubuntu; Linux x86_64; rv:72.0) Gecko/20100101 Firefox/72.0"
151.106.162.8 - - [06/Apr/2025:09:49:04 +0200] "GET /gallery/image.php?mode=thumbnail&album_id=1&image_id=114&sid=b7e0303a92d6d282d782a44dd171c2a1 HTTP/1.1" 404 297 "-" "Mozilla/5.0 (X11; Ubuntu; Linux x86_64; rv:72.0) Gecko/20100101 Firefox/72.0"
151.106.162.8 - - [06/Apr/2025:09:49:04 +0200] "GET /gallery/image.php?mode=thumbnail&album_id=1&image_id=114&sid=b7e0303a92d6d282d782a44dd171c2a1 HTTP/1.1" 404 297 "-" "Mozilla/5.0 (X11; Ubuntu; Linux x86_64; rv:72.0) Gecko/20100101 Firefox/72.0"
154.81.156.34 - - [06/Apr/2025:09:50:28 +0200] "GET / HTTP/1.1" 200 274 "-" "Mozilla/5.0 (Windows NT 10.0; Win64; x64) AppleWebKit/537.36 (KHTML, like Gecko) Chrome/90.0.4430.85 Safari/537.36 Edg/90.0.818.46"
151.106.164.42 - - [06/Apr/2025:09:52:47 +0200] "GET /cron.php?cron_type=tidy_cache&sid=e5051ba9473c282fecf5745c1acf77e8 HTTP/1.1" 404 290 "-" "Mozilla/5.0 (X11; Ubuntu; Linux x86_64; rv:72.0) Gecko/20100101 Firefox/72.0"
151.106.164.42 - - [06/Apr/2025:09:52:47 +0200] "GET /cron.php?cron_type=tidy_cache&sid=e5051ba9473c282fecf5745c1acf77e8 HTTP/1.1" 404 290 "-" "Mozilla/5.0 (X11; Ubuntu; Linux x86_64; rv:72.0) Gecko/20100101 Firefox/72.0"
151.106.164.42 - - [06/Apr/2025:09:52:47 +0200] "GET /cron.php?cron_type=tidy_cache&sid=e5051ba9473c282fecf5745c1acf77e8 HTTP/1.1" 404 290 "-" "Mozilla/5.0 (X11; Ubuntu; Linux x86_64; rv:72.0) Gecko/20100101 Firefox/72.0"
141.98.11.83 - - [06/Apr/2025:10:01:08 +0200] "GET / HTTP/1.1" 200 274 "-" "Mozilla/5.0"
151.106.164.53 - - [06/Apr/2025:10:09:38 +0200] "GET /cron.php?cron_type=tidy_cache&sid=5feee3d4f9a682871c8a905f3459b16d HTTP/1.1" 404 290 "-" "Mozilla/5.0 (X11; Ubuntu; Linux x86_64; rv:72.0) Gecko/20100101 Firefox/72.0"
151.106.164.53 - - [06/Apr/2025:10:09:38 +0200] "GET /cron.php?cron_type=tidy_cache&sid=5feee3d4f9a682871c8a905f3459b16d HTTP/1.1" 404 290 "-" "Mozilla/5.0 (X11; Ubuntu; Linux x86_64; rv:72.0) Gecko/20100101 Firefox/72.0"
151.106.164.53 - - [06/Apr/2025:10:09:39 +0200] "GET /cron.php?cron_type=tidy_cache&sid=5feee3d4f9a682871c8a905f3459b16d HTTP/1.1" 404 290 "-" "Mozilla/5.0 (X11; Ubuntu; Linux x86_64; rv:72.0) Gecko/20100101 Firefox/72.0"
151.106.165.204 - - [06/Apr/2025:10:10:18 +0200] "GET /download/file.php?id=251&sid=2d2081bb873390197de452a98cb660c8 HTTP/1.1" 404 297 "-" "Mozilla/5.0 (X11; Ubuntu; Linux x86_64; rv:72.0) Gecko/20100101 Firefox/72.0"
151.106.165.204 - - [06/Apr/2025:10:10:19 +0200] "GET /download/file.php?id=251&sid=2d2081bb873390197de452a98cb660c8 HTTP/1.1" 404 297 "-" "Mozilla/5.0 (X11; Ubuntu; Linux x86_64; rv:72.0) Gecko/20100101 Firefox/72.0"
151.106.165.204 - - [06/Apr/2025:10:10:19 +0200] "GET /download/file.php?id=251&sid=2d2081bb873390197de452a98cb660c8 HTTP/1.1" 404 297 "-" "Mozilla/5.0 (X11; Ubuntu; Linux x86_64; rv:72.0) Gecko/20100101 Firefox/72.0"
151.106.166.201 - - [06/Apr/2025:10:13:34 +0200] "GET /cron.php?cron_type=tidy_cache&sid=9601a6042b024961c6607cbeeee78b17 HTTP/1.1" 404 290 "-" "Mozilla/5.0 (X11; Ubuntu; Linux x86_64; rv:72.0) Gecko/20100101 Firefox/72.0"
151.106.166.201 - - [06/Apr/2025:10:13:34 +0200] "GET /cron.php?cron_type=tidy_cache&sid=9601a6042b024961c6607cbeeee78b17 HTTP/1.1" 404 290 "-" "Mozilla/5.0 (X11; Ubuntu; Linux x86_64; rv:72.0) Gecko/20100101 Firefox/72.0"
151.106.166.201 - - [06/Apr/2025:10:13:34 +0200] "GET /cron.php?cron_type=tidy_cache&sid=9601a6042b024961c6607cbeeee78b17 HTTP/1.1" 404 290 "-" "Mozilla/5.0 (X11; Ubuntu; Linux x86_64; rv:72.0) Gecko/20100101 Firefox/72.0"
151.106.165.204 - - [06/Apr/2025:10:15:36 +0200] "GET /cron.php?cron_type=tidy_cache&sid=e0b024bcd074dc57d86ab437287a1b4f HTTP/1.1" 404 290 "-" "Mozilla/5.0 (X11; Ubuntu; Linux x86_64; rv:72.0) Gecko/20100101 Firefox/72.0"
151.106.165.204 - - [06/Apr/2025:10:15:36 +0200] "GET /cron.php?cron_type=tidy_cache&sid=e0b024bcd074dc57d86ab437287a1b4f HTTP/1.1" 404 290 "-" "Mozilla/5.0 (X11; Ubuntu; Linux x86_64; rv:72.0) Gecko/20100101 Firefox/72.0"
151.106.165.204 - - [06/Apr/2025:10:15:37 +0200] "GET /cron.php?cron_type=tidy_cache&sid=e0b024bcd074dc57d86ab437287a1b4f HTTP/1.1" 404 290 "-" "Mozilla/5.0 (X11; Ubuntu; Linux x86_64; rv:72.0) Gecko/20100101 Firefox/72.0"
151.106.163.240 - - [06/Apr/2025:10:26:02 +0200] "GET /download/file.php?avatar=172_1410474935.jpg HTTP/1.1" 404 297 "-" "Mozilla/5.0 (X11; Ubuntu; Linux x86_64; rv:72.0) Gecko/20100101 Firefox/72.0"
151.106.163.240 - - [06/Apr/2025:10:26:02 +0200] "GET /download/file.php?avatar=172_1410474935.jpg HTTP/1.1" 404 297 "-" "Mozilla/5.0 (X11; Ubuntu; Linux x86_64; rv:72.0) Gecko/20100101 Firefox/72.0"
151.106.163.240 - - [06/Apr/2025:10:26:03 +0200] "GET /download/file.php?avatar=172_1410474935.jpg HTTP/1.1" 404 297 "-" "Mozilla/5.0 (X11; Ubuntu; Linux x86_64; rv:72.0) Gecko/20100101 Firefox/72.0"
151.106.162.214 - - [06/Apr/2025:10:26:34 +0200] "GET /download/file.php?id=253&sid=51f0ea219f7cd92aaecdabc9d7f6fc44 HTTP/1.1" 404 297 "-" "Mozilla/5.0 (X11; Ubuntu; Linux x86_64; rv:72.0) Gecko/20100101 Firefox/72.0"
151.106.162.214 - - [06/Apr/2025:10:26:35 +0200] "GET /download/file.php?id=253&sid=51f0ea219f7cd92aaecdabc9d7f6fc44 HTTP/1.1" 404 297 "-" "Mozilla/5.0 (X11; Ubuntu; Linux x86_64; rv:72.0) Gecko/20100101 Firefox/72.0"
151.106.162.214 - - [06/Apr/2025:10:26:35 +0200] "GET /download/file.php?id=253&sid=51f0ea219f7cd92aaecdabc9d7f6fc44 HTTP/1.1" 404 297 "-" "Mozilla/5.0 (X11; Ubuntu; Linux x86_64; rv:72.0) Gecko/20100101 Firefox/72.0"
151.106.177.184 - - [06/Apr/2025:10:27:41 +0200] "GET /download/file.php?id=234&sid=258de9632fcc3eed211fe60afcfebe41 HTTP/1.1" 404 297 "-" "Mozilla/5.0 (X11; Ubuntu; Linux x86_64; rv:72.0) Gecko/20100101 Firefox/72.0"
151.106.177.184 - - [06/Apr/2025:10:27:41 +0200] "GET /download/file.php?id=234&sid=258de9632fcc3eed211fe60afcfebe41 HTTP/1.1" 404 297 "-" "Mozilla/5.0 (X11; Ubuntu; Linux x86_64; rv:72.0) Gecko/20100101 Firefox/72.0"
151.106.177.184 - - [06/Apr/2025:10:27:41 +0200] "GET /download/file.php?id=234&sid=258de9632fcc3eed211fe60afcfebe41 HTTP/1.1" 404 297 "-" "Mozilla/5.0 (X11; Ubuntu; Linux x86_64; rv:72.0) Gecko/20100101 Firefox/72.0"
151.106.171.1 - - [06/Apr/2025:10:28:12 +0200] "GET /download/file.php?id=212&sid=ba0194857554d1e1cb6b36dc6cd09f6f HTTP/1.1" 404 297 "-" "Mozilla/5.0 (X11; Ubuntu; Linux x86_64; rv:72.0) Gecko/20100101 Firefox/72.0"
151.106.171.1 - - [06/Apr/2025:10:28:12 +0200] "GET /download/file.php?id=212&sid=ba0194857554d1e1cb6b36dc6cd09f6f HTTP/1.1" 404 297 "-" "Mozilla/5.0 (X11; Ubuntu; Linux x86_64; rv:72.0) Gecko/20100101 Firefox/72.0"
151.106.171.1 - - [06/Apr/2025:10:28:13 +0200] "GET /download/file.php?id=212&sid=ba0194857554d1e1cb6b36dc6cd09f6f HTTP/1.1" 404 297 "-" "Mozilla/5.0 (X11; Ubuntu; Linux x86_64; rv:72.0) Gecko/20100101 Firefox/72.0"
5.183.209.244 - - [06/Apr/2025:10:29:33 +0200] "GET / HTTP/1.1" 200 274 "-" "Mozilla/5.0 (Windows NT 10.0; Win64; x64) AppleWebKit/537.36 (KHTML, like Gecko) Chrome/90.0.4430.85 Safari/537.36 Edg/90.0.818.46"
195.211.191.127 - - [06/Apr/2025:10:38:43 +0200] "GET /.git/config HTTP/1.1" 404 285 "-" "Mozilla/5.0 (Windows NT 6.1; WOW64) AppleWebKit/537.36 (KHTML, like Gecko) Chrome/44.0.2403.155 Safari/537.36 OPR/31.0.1889.174"
196.251.85.238 - - [06/Apr/2025:10:39:47 +0200] "GET /login.rsp HTTP/1.1" 404 354 "-" "Hello World"
151.106.163.149 - - [06/Apr/2025:10:39:57 +0200] "GET /gallery/image.php?mode=thumbnail&album_id=1&image_id=113&sid=669362553ce370259aee3a1d9b4f7bb1 HTTP/1.1" 404 297 "-" "Mozilla/5.0 (X11; Ubuntu; Linux x86_64; rv:72.0) Gecko/20100101 Firefox/72.0"
151.106.163.149 - - [06/Apr/2025:10:39:57 +0200] "GET /gallery/image.php?mode=thumbnail&album_id=1&image_id=113&sid=669362553ce370259aee3a1d9b4f7bb1 HTTP/1.1" 404 297 "-" "Mozilla/5.0 (X11; Ubuntu; Linux x86_64; rv:72.0) Gecko/20100101 Firefox/72.0"
151.106.163.149 - - [06/Apr/2025:10:39:57 +0200] "GET /gallery/image.php?mode=thumbnail&album_id=1&image_id=113&sid=669362553ce370259aee3a1d9b4f7bb1 HTTP/1.1" 404 297 "-" "Mozilla/5.0 (X11; Ubuntu; Linux x86_64; rv:72.0) Gecko/20100101 Firefox/72.0"
195.211.191.127 - - [06/Apr/2025:10:41:14 +0200] "GET /.git/config HTTP/1.1" 404 285 "-" "Mozilla/5.0 (Linux; Android 12; SM-G781U1) AppleWebKit/537.36 (KHTML, like Gecko) Chrome/101.0.4951.41 Mobile Safari/537.36"
151.106.162.214 - - [06/Apr/2025:10:43:43 +0200] "GET /images/smilies/icon_lol.gif HTTP/1.1" 404 304 "-" "Mozilla/5.0 (X11; Ubuntu; Linux x86_64; rv:72.0) Gecko/20100101 Firefox/72.0"
151.106.162.214 - - [06/Apr/2025:10:43:43 +0200] "GET /images/smilies/icon_lol.gif HTTP/1.1" 404 304 "-" "Mozilla/5.0 (X11; Ubuntu; Linux x86_64; rv:72.0) Gecko/20100101 Firefox/72.0"
151.106.162.214 - - [06/Apr/2025:10:43:43 +0200] "GET /images/smilies/icon_lol.gif HTTP/1.1" 404 304 "-" "Mozilla/5.0 (X11; Ubuntu; Linux x86_64; rv:72.0) Gecko/20100101 Firefox/72.0"
151.106.186.76 - - [06/Apr/2025:10:45:13 +0200] "GET /gallery/image.php?mode=thumbnail&album_id=1&image_id=115&sid=7deb4b80986f4df14c590560b764cad9 HTTP/1.1" 404 297 "-" "Mozilla/5.0 (X11; Ubuntu; Linux x86_64; rv:72.0) Gecko/20100101 Firefox/72.0"
151.106.186.76 - - [06/Apr/2025:10:45:14 +0200] "GET /gallery/image.php?mode=thumbnail&album_id=1&image_id=115&sid=7deb4b80986f4df14c590560b764cad9 HTTP/1.1" 404 297 "-" "Mozilla/5.0 (X11; Ubuntu; Linux x86_64; rv:72.0) Gecko/20100101 Firefox/72.0"
151.106.186.76 - - [06/Apr/2025:10:45:14 +0200] "GET /gallery/image.php?mode=thumbnail&album_id=1&image_id=115&sid=7deb4b80986f4df14c590560b764cad9 HTTP/1.1" 404 297 "-" "Mozilla/5.0 (X11; Ubuntu; Linux x86_64; rv:72.0) Gecko/20100101 Firefox/72.0"
156.59.198.135 - - [06/Apr/2025:10:45:17 +0200] "GET /renault.activities.at/htdocs/export/pdf/emuc_document/10319958.pdf HTTP/1.0" 404 322 "-" "Mozilla/5.0 (Linux; Android 5.0) AppleWebKit/537.36 (KHTML, like Gecko) Mobile Safari/537.36 (compatible; Bytespider; spider-feedback@bytedance.com)"
151.106.160.247 - - [06/Apr/2025:10:47:39 +0200] "GET /images/smilies/icon_question.gif HTTP/1.1" 404 306 "-" "Mozilla/5.0 (X11; Ubuntu; Linux x86_64; rv:72.0) Gecko/20100101 Firefox/72.0"
151.106.160.247 - - [06/Apr/2025:10:47:39 +0200] "GET /images/smilies/icon_question.gif HTTP/1.1" 404 306 "-" "Mozilla/5.0 (X11; Ubuntu; Linux x86_64; rv:72.0) Gecko/20100101 Firefox/72.0"
151.106.160.247 - - [06/Apr/2025:10:47:39 +0200] "GET /images/smilies/icon_question.gif HTTP/1.1" 404 306 "-" "Mozilla/5.0 (X11; Ubuntu; Linux x86_64; rv:72.0) Gecko/20100101 Firefox/72.0"
154.81.156.34 - - [06/Apr/2025:10:48:46 +0200] "GET / HTTP/1.1" 200 274 "-" "Mozilla/5.0 (Windows NT 10.0; Win64; x64) AppleWebKit/537.36 (KHTML, like Gecko) Chrome/90.0.4430.85 Safari/537.36 Edg/90.0.818.46"
151.106.166.60 - - [06/Apr/2025:10:51:49 +0200] "GET /cron.php?cron_type=tidy_cache&sid=1e8c8f7ca2458050694af603bc17d6cb HTTP/1.1" 404 290 "-" "Mozilla/5.0 (X11; Ubuntu; Linux x86_64; rv:72.0) Gecko/20100101 Firefox/72.0"
151.106.166.60 - - [06/Apr/2025:10:51:50 +0200] "GET /cron.php?cron_type=tidy_cache&sid=1e8c8f7ca2458050694af603bc17d6cb HTTP/1.1" 404 290 "-" "Mozilla/5.0 (X11; Ubuntu; Linux x86_64; rv:72.0) Gecko/20100101 Firefox/72.0"
151.106.166.60 - - [06/Apr/2025:10:51:50 +0200] "GET /cron.php?cron_type=tidy_cache&sid=1e8c8f7ca2458050694af603bc17d6cb HTTP/1.1" 404 290 "-" "Mozilla/5.0 (X11; Ubuntu; Linux x86_64; rv:72.0) Gecko/20100101 Firefox/72.0"
151.106.164.42 - - [06/Apr/2025:10:53:14 +0200] "GET /download/file.php?id=242&sid=0731ccd9f32a855c460232ba73da0168 HTTP/1.1" 404 297 "-" "Mozilla/5.0 (X11; Ubuntu; Linux x86_64; rv:72.0) Gecko/20100101 Firefox/72.0"
151.106.164.42 - - [06/Apr/2025:10:53:14 +0200] "GET /download/file.php?id=242&sid=0731ccd9f32a855c460232ba73da0168 HTTP/1.1" 404 297 "-" "Mozilla/5.0 (X11; Ubuntu; Linux x86_64; rv:72.0) Gecko/20100101 Firefox/72.0"
151.106.164.42 - - [06/Apr/2025:10:53:14 +0200] "GET /download/file.php?id=242&sid=0731ccd9f32a855c460232ba73da0168 HTTP/1.1" 404 297 "-" "Mozilla/5.0 (X11; Ubuntu; Linux x86_64; rv:72.0) Gecko/20100101 Firefox/72.0"
156.59.198.136 - - [06/Apr/2025:10:55:03 +0200] "GET /renault.activities.at/htdocs/export/pdf/emuc_document/10776083.pdf HTTP/1.0" 404 323 "-" "Mozilla/5.0 (Linux; Android 5.0) AppleWebKit/537.36 (KHTML, like Gecko) Mobile Safari/537.36 (compatible; Bytespider; spider-feedback@bytedance.com)"
156.59.198.135 - - [06/Apr/2025:10:55:18 +0200] "GET /renault.activities.at/htdocs/export/pdf/emuc_document/11503795.pdf HTTP/1.0" 404 322 "-" "Mozilla/5.0 (Linux; Android 5.0) AppleWebKit/537.36 (KHTML, like Gecko) Mobile Safari/537.36 (compatible; Bytespider; spider-feedback@bytedance.com)"
156.59.198.136 - - [06/Apr/2025:10:55:26 +0200] "GET /renault.activities.at/htdocs/export/pdf/emuc_document/11182073.pdf HTTP/1.0" 404 322 "-" "Mozilla/5.0 (Linux; Android 5.0) AppleWebKit/537.36 (KHTML, like Gecko) Mobile Safari/537.36 (compatible; Bytespider; spider-feedback@bytedance.com)"
156.59.198.136 - - [06/Apr/2025:10:55:35 +0200] "GET /renault.activities.at/htdocs/export/pdf/emuc_document/10533835.pdf HTTP/1.0" 404 322 "-" "Mozilla/5.0 (Linux; Android 5.0) AppleWebKit/537.36 (KHTML, like Gecko) Mobile Safari/537.36 (compatible; Bytespider; spider-feedback@bytedance.com)"
93.174.93.12 - - [06/Apr/2025:10:56:14 +0200] "\x16\x03\x02\x01o\x01" 400 383 "-" "-"
151.106.166.201 - - [06/Apr/2025:10:58:24 +0200] "GET /cron.php?cron_type=tidy_cache&sid=760d145df3cda3a271d6878b31a17363 HTTP/1.1" 404 290 "-" "Mozilla/5.0 (X11; Ubuntu; Linux x86_64; rv:72.0) Gecko/20100101 Firefox/72.0"
151.106.166.201 - - [06/Apr/2025:10:58:24 +0200] "GET /cron.php?cron_type=tidy_cache&sid=760d145df3cda3a271d6878b31a17363 HTTP/1.1" 404 290 "-" "Mozilla/5.0 (X11; Ubuntu; Linux x86_64; rv:72.0) Gecko/20100101 Firefox/72.0"
151.106.166.201 - - [06/Apr/2025:10:58:24 +0200] "GET /cron.php?cron_type=tidy_cache&sid=760d145df3cda3a271d6878b31a17363 HTTP/1.1" 404 290 "-" "Mozilla/5.0 (X11; Ubuntu; Linux x86_64; rv:72.0) Gecko/20100101 Firefox/72.0"
109.205.213.198 - - [06/Apr/2025:11:05:52 +0200] "GET / HTTP/1.1" 200 274 "-" "Mozilla/5.0 (Windows NT 10.0; Win64; x64) AppleWebKit/537.36 (KHTML, like Gecko) Chrome/90.0.4430.85 Safari/537.36 Edg/90.0.818.46"
151.106.160.158 - - [06/Apr/2025:11:08:35 +0200] "GET /cron.php?cron_type=tidy_cache&sid=fee15a89b8e31e942ed6fbfe0f423160 HTTP/1.1" 404 290 "-" "Mozilla/5.0 (X11; Ubuntu; Linux x86_64; rv:72.0) Gecko/20100101 Firefox/72.0"
151.106.160.158 - - [06/Apr/2025:11:08:35 +0200] "GET /cron.php?cron_type=tidy_cache&sid=fee15a89b8e31e942ed6fbfe0f423160 HTTP/1.1" 404 290 "-" "Mozilla/5.0 (X11; Ubuntu; Linux x86_64; rv:72.0) Gecko/20100101 Firefox/72.0"
151.106.160.158 - - [06/Apr/2025:11:08:36 +0200] "GET /cron.php?cron_type=tidy_cache&sid=fee15a89b8e31e942ed6fbfe0f423160 HTTP/1.1" 404 290 "-" "Mozilla/5.0 (X11; Ubuntu; Linux x86_64; rv:72.0) Gecko/20100101 Firefox/72.0"
154.81.156.35 - - [06/Apr/2025:11:14:04 +0200] "GET / HTTP/1.1" 200 274 "-" "Mozilla/5.0 (Windows NT 10.0; Win64; x64) AppleWebKit/537.36 (KHTML, like Gecko) Chrome/90.0.4430.85 Safari/537.36 Edg/90.0.818.46"
185.255.122.19 - - [06/Apr/2025:11:15:14 +0200] "GET / HTTP/1.1" 200 274 "-" "Mozilla/5.0 (Windows NT 10.0; Win64; x64) AppleWebKit/537.36 (KHTML, like Gecko) Chrome/90.0.4430.85 Safari/537.36 Edg/90.0.818.46"
151.106.164.127 - - [06/Apr/2025:11:18:13 +0200] "GET /download/file.php?id=255&sid=2523b3a88996141b071034532d56351a HTTP/1.1" 404 297 "-" "Mozilla/5.0 (X11; Ubuntu; Linux x86_64; rv:72.0) Gecko/20100101 Firefox/72.0"
151.106.164.127 - - [06/Apr/2025:11:18:13 +0200] "GET /download/file.php?id=255&sid=2523b3a88996141b071034532d56351a HTTP/1.1" 404 297 "-" "Mozilla/5.0 (X11; Ubuntu; Linux x86_64; rv:72.0) Gecko/20100101 Firefox/72.0"
151.106.164.127 - - [06/Apr/2025:11:18:13 +0200] "GET /download/file.php?id=255&sid=2523b3a88996141b071034532d56351a HTTP/1.1" 404 297 "-" "Mozilla/5.0 (X11; Ubuntu; Linux x86_64; rv:72.0) Gecko/20100101 Firefox/72.0"
151.106.176.244 - - [06/Apr/2025:11:30:25 +0200] "GET /gallery/image.php?mode=thumbnail&album_id=1&image_id=113&sid=3ce4dba55eef583a9c44dceeac261c3b HTTP/1.1" 404 297 "-" "Mozilla/5.0 (X11; Ubuntu; Linux x86_64; rv:72.0) Gecko/20100101 Firefox/72.0"
151.106.176.244 - - [06/Apr/2025:11:30:25 +0200] "GET /gallery/image.php?mode=thumbnail&album_id=1&image_id=113&sid=3ce4dba55eef583a9c44dceeac261c3b HTTP/1.1" 404 297 "-" "Mozilla/5.0 (X11; Ubuntu; Linux x86_64; rv:72.0) Gecko/20100101 Firefox/72.0"
151.106.176.244 - - [06/Apr/2025:11:30:25 +0200] "GET /gallery/image.php?mode=thumbnail&album_id=1&image_id=113&sid=3ce4dba55eef583a9c44dceeac261c3b HTTP/1.1" 404 297 "-" "Mozilla/5.0 (X11; Ubuntu; Linux x86_64; rv:72.0) Gecko/20100101 Firefox/72.0"
198.235.24.12 - - [06/Apr/2025:11:36:37 +0200] "GET / HTTP/1.1" 200 423 "-" "-"
156.59.198.136 - - [06/Apr/2025:11:48:19 +0200] "GET /renault.activities.at/htdocs/export/pdf/emuc_document/12023034.pdf HTTP/1.0" 404 322 "-" "Mozilla/5.0 (Linux; Android 5.0) AppleWebKit/537.36 (KHTML, like Gecko) Mobile Safari/537.36 (compatible; Bytespider; spider-feedback@bytedance.com)"
156.59.198.136 - - [06/Apr/2025:11:48:28 +0200] "GET /renault.activities.at/htdocs/export/pdf/emuc_document/10776095.pdf HTTP/1.0" 404 322 "-" "Mozilla/5.0 (Linux; Android 5.0) AppleWebKit/537.36 (KHTML, like Gecko) Mobile Safari/537.36 (compatible; Bytespider; spider-feedback@bytedance.com)"
156.59.198.136 - - [06/Apr/2025:11:48:37 +0200] "GET /renault.activities.at/htdocs/export/pdf/emuc_document/11184884.pdf HTTP/1.0" 404 321 "-" "Mozilla/5.0 (Linux; Android 5.0) AppleWebKit/537.36 (KHTML, like Gecko) Mobile Safari/537.36 (compatible; Bytespider; spider-feedback@bytedance.com)"
141.98.11.83 - - [06/Apr/2025:11:56:56 +0200] "GET / HTTP/1.1" 200 274 "-" "Mozilla/5.0"
151.106.183.52 - - [06/Apr/2025:11:57:28 +0200] "GET /download/file.php?id=250&sid=4b83f2962f8d7246ca90199a1281e7f3 HTTP/1.1" 404 297 "-" "Mozilla/5.0 (X11; Ubuntu; Linux x86_64; rv:72.0) Gecko/20100101 Firefox/72.0"
151.106.183.52 - - [06/Apr/2025:11:57:29 +0200] "GET /download/file.php?id=250&sid=4b83f2962f8d7246ca90199a1281e7f3 HTTP/1.1" 404 297 "-" "Mozilla/5.0 (X11; Ubuntu; Linux x86_64; rv:72.0) Gecko/20100101 Firefox/72.0"
151.106.183.52 - - [06/Apr/2025:11:57:29 +0200] "GET /download/file.php?id=250&sid=4b83f2962f8d7246ca90199a1281e7f3 HTTP/1.1" 404 297 "-" "Mozilla/5.0 (X11; Ubuntu; Linux x86_64; rv:72.0) Gecko/20100101 Firefox/72.0"
220.89.4.100 - - [06/Apr/2025:12:03:46 +0200] "GET / HTTP/1.0" 200 423 "-" "curl/7.88.1"
154.81.156.34 - - [06/Apr/2025:12:05:27 +0200] "GET / HTTP/1.1" 200 274 "-" "Mozilla/5.0 (Windows NT 10.0; Win64; x64) AppleWebKit/537.36 (KHTML, like Gecko) Chrome/90.0.4430.85 Safari/537.36 Edg/90.0.818.46"
151.106.162.214 - - [06/Apr/2025:12:06:15 +0200] "GET /cron.php?cron_type=tidy_cache&sid=167c2fb367783b37522e8f1e947a4ba2 HTTP/1.1" 404 290 "-" "Mozilla/5.0 (X11; Ubuntu; Linux x86_64; rv:72.0) Gecko/20100101 Firefox/72.0"
151.106.162.214 - - [06/Apr/2025:12:06:15 +0200] "GET /cron.php?cron_type=tidy_cache&sid=167c2fb367783b37522e8f1e947a4ba2 HTTP/1.1" 404 290 "-" "Mozilla/5.0 (X11; Ubuntu; Linux x86_64; rv:72.0) Gecko/20100101 Firefox/72.0"
151.106.177.184 - - [06/Apr/2025:12:08:52 +0200] "GET /cron.php?cron_type=tidy_cache&sid=e889d10900f63fe88e9b972b3329a492 HTTP/1.1" 404 290 "-" "Mozilla/5.0 (X11; Ubuntu; Linux x86_64; rv:72.0) Gecko/20100101 Firefox/72.0"
151.106.177.184 - - [06/Apr/2025:12:08:52 +0200] "GET /cron.php?cron_type=tidy_cache&sid=e889d10900f63fe88e9b972b3329a492 HTTP/1.1" 404 290 "-" "Mozilla/5.0 (X11; Ubuntu; Linux x86_64; rv:72.0) Gecko/20100101 Firefox/72.0"
151.106.177.184 - - [06/Apr/2025:12:08:52 +0200] "GET /cron.php?cron_type=tidy_cache&sid=e889d10900f63fe88e9b972b3329a492 HTTP/1.1" 404 290 "-" "Mozilla/5.0 (X11; Ubuntu; Linux x86_64; rv:72.0) Gecko/20100101 Firefox/72.0"
151.106.186.76 - - [06/Apr/2025:12:10:38 +0200] "GET /gallery/image.php?mode=thumbnail&album_id=1&image_id=113&sid=eb7ba6cd64f040a3456bcdfc3c43d7cd HTTP/1.1" 404 297 "-" "Mozilla/5.0 (X11; Ubuntu; Linux x86_64; rv:72.0) Gecko/20100101 Firefox/72.0"
151.106.186.76 - - [06/Apr/2025:12:10:39 +0200] "GET /gallery/image.php?mode=thumbnail&album_id=1&image_id=113&sid=eb7ba6cd64f040a3456bcdfc3c43d7cd HTTP/1.1" 404 297 "-" "Mozilla/5.0 (X11; Ubuntu; Linux x86_64; rv:72.0) Gecko/20100101 Firefox/72.0"
151.106.186.76 - - [06/Apr/2025:12:10:39 +0200] "GET /gallery/image.php?mode=thumbnail&album_id=1&image_id=113&sid=eb7ba6cd64f040a3456bcdfc3c43d7cd HTTP/1.1" 404 297 "-" "Mozilla/5.0 (X11; Ubuntu; Linux x86_64; rv:72.0) Gecko/20100101 Firefox/72.0"
151.106.178.34 - - [06/Apr/2025:12:11:46 +0200] "GET /cron.php?cron_type=tidy_cache&sid=b2e794e1c5e9770d1bbbaddf52f59527 HTTP/1.1" 404 290 "-" "Mozilla/5.0 (X11; Ubuntu; Linux x86_64; rv:72.0) Gecko/20100101 Firefox/72.0"
151.106.178.34 - - [06/Apr/2025:12:11:46 +0200] "GET /cron.php?cron_type=tidy_cache&sid=b2e794e1c5e9770d1bbbaddf52f59527 HTTP/1.1" 404 290 "-" "Mozilla/5.0 (X11; Ubuntu; Linux x86_64; rv:72.0) Gecko/20100101 Firefox/72.0"
151.106.178.34 - - [06/Apr/2025:12:11:46 +0200] "GET /cron.php?cron_type=tidy_cache&sid=b2e794e1c5e9770d1bbbaddf52f59527 HTTP/1.1" 404 290 "-" "Mozilla/5.0 (X11; Ubuntu; Linux x86_64; rv:72.0) Gecko/20100101 Firefox/72.0"
151.106.181.99 - - [06/Apr/2025:12:12:38 +0200] "GET /cron.php?cron_type=tidy_cache&sid=f79fbda257b6b7a2ceb64f81c73280f4 HTTP/1.1" 404 290 "-" "Mozilla/5.0 (X11; Ubuntu; Linux x86_64; rv:72.0) Gecko/20100101 Firefox/72.0"
151.106.181.99 - - [06/Apr/2025:12:12:38 +0200] "GET /cron.php?cron_type=tidy_cache&sid=f79fbda257b6b7a2ceb64f81c73280f4 HTTP/1.1" 404 290 "-" "Mozilla/5.0 (X11; Ubuntu; Linux x86_64; rv:72.0) Gecko/20100101 Firefox/72.0"
151.106.181.99 - - [06/Apr/2025:12:12:38 +0200] "GET /cron.php?cron_type=tidy_cache&sid=f79fbda257b6b7a2ceb64f81c73280f4 HTTP/1.1" 404 290 "-" "Mozilla/5.0 (X11; Ubuntu; Linux x86_64; rv:72.0) Gecko/20100101 Firefox/72.0"
196.251.85.250 - - [06/Apr/2025:12:15:10 +0200] "GET /login.rsp HTTP/1.1" 404 354 "-" "Hello World"
176.126.103.21 - - [06/Apr/2025:12:16:00 +0200] "GET /phpinfo.php HTTP/1.1" 200 10474 "-" "Mozilla/5.0 (Windows NT 10.0; Win64; x64) AppleWebKit/537.36 (KHTML, like Gecko) Chrome/118.0.0.0 Safari/537.36"
156.59.198.135 - - [06/Apr/2025:12:18:05 +0200] "GET /renault.activities.at/htdocs/export/pdf/emuc_document/11293566.pdf HTTP/1.0" 404 322 "-" "Mozilla/5.0 (Linux; Android 5.0) AppleWebKit/537.36 (KHTML, like Gecko) Mobile Safari/537.36 (compatible; Bytespider; spider-feedback@bytedance.com)"
156.59.198.136 - - [06/Apr/2025:12:18:14 +0200] "GET /renault.activities.at/htdocs/export/pdf/emuc_document/10309950.pdf HTTP/1.0" 404 322 "-" "Mozilla/5.0 (Linux; Android 5.0) AppleWebKit/537.36 (KHTML, like Gecko) Mobile Safari/537.36 (compatible; Bytespider; spider-feedback@bytedance.com)"
156.59.198.136 - - [06/Apr/2025:12:18:23 +0200] "GET /renault.activities.at/htdocs/export/pdf/emuc_document/10742316.pdf HTTP/1.0" 404 322 "-" "Mozilla/5.0 (Linux; Android 5.0) AppleWebKit/537.36 (KHTML, like Gecko) Mobile Safari/537.36 (compatible; Bytespider; spider-feedback@bytedance.com)"
156.59.198.136 - - [06/Apr/2025:12:18:32 +0200] "GET /renault.2web.at/htdocs/export/pdf/emuc_document/11582009.pdf HTTP/1.0" 404 318 "-" "Mozilla/5.0 (Linux; Android 5.0) AppleWebKit/537.36 (KHTML, like Gecko) Mobile Safari/537.36 (compatible; Bytespider; spider-feedback@bytedance.com)"
151.106.166.201 - - [06/Apr/2025:12:18:36 +0200] "GET /gallery/image.php?mode=medium&album_id=1&image_id=115&sid=acd1cd60cf35957ed959d139e858b5ce HTTP/1.1" 404 297 "-" "Mozilla/5.0 (X11; Ubuntu; Linux x86_64; rv:72.0) Gecko/20100101 Firefox/72.0"
151.106.166.201 - - [06/Apr/2025:12:18:36 +0200] "GET /gallery/image.php?mode=medium&album_id=1&image_id=115&sid=acd1cd60cf35957ed959d139e858b5ce HTTP/1.1" 404 297 "-" "Mozilla/5.0 (X11; Ubuntu; Linux x86_64; rv:72.0) Gecko/20100101 Firefox/72.0"
151.106.166.201 - - [06/Apr/2025:12:18:37 +0200] "GET /gallery/image.php?mode=medium&album_id=1&image_id=115&sid=acd1cd60cf35957ed959d139e858b5ce HTTP/1.1" 404 297 "-" "Mozilla/5.0 (X11; Ubuntu; Linux x86_64; rv:72.0) Gecko/20100101 Firefox/72.0"
156.59.198.135 - - [06/Apr/2025:12:18:41 +0200] "GET /renault.activities.at/htdocs/export/pdf/emuc_document/10961179.pdf HTTP/1.0" 404 322 "-" "Mozilla/5.0 (Linux; Android 5.0) AppleWebKit/537.36 (KHTML, like Gecko) Mobile Safari/537.36 (compatible; Bytespider; spider-feedback@bytedance.com)"
156.59.198.136 - - [06/Apr/2025:12:18:50 +0200] "GET /renault.activities.at/htdocs/export/pdf/emuc_document/12001788.pdf HTTP/1.0" 404 322 "-" "Mozilla/5.0 (Linux; Android 5.0) AppleWebKit/537.36 (KHTML, like Gecko) Mobile Safari/537.36 (compatible; Bytespider; spider-feedback@bytedance.com)"
194.164.107.4 - - [06/Apr/2025:12:26:51 +0200] "\x16\x03\x01" 400 383 "-" "-"
151.106.181.25 - - [06/Apr/2025:12:31:13 +0200] "GET /cron.php?cron_type=tidy_cache&sid=10b3126750d0aeebb6061174a3ea9d0c HTTP/1.1" 404 290 "-" "Mozilla/5.0 (X11; Ubuntu; Linux x86_64; rv:72.0) Gecko/20100101 Firefox/72.0"
151.106.181.25 - - [06/Apr/2025:12:31:14 +0200] "GET /cron.php?cron_type=tidy_cache&sid=10b3126750d0aeebb6061174a3ea9d0c HTTP/1.1" 404 290 "-" "Mozilla/5.0 (X11; Ubuntu; Linux x86_64; rv:72.0) Gecko/20100101 Firefox/72.0"
151.106.181.25 - - [06/Apr/2025:12:31:14 +0200] "GET /cron.php?cron_type=tidy_cache&sid=10b3126750d0aeebb6061174a3ea9d0c HTTP/1.1" 404 290 "-" "Mozilla/5.0 (X11; Ubuntu; Linux x86_64; rv:72.0) Gecko/20100101 Firefox/72.0"
151.106.162.8 - - [06/Apr/2025:12:31:15 +0200] "GET /download/file.php?id=253&sid=e90c3c271f3ec3c30474b3067feaed50 HTTP/1.1" 404 297 "-" "Mozilla/5.0 (X11; Ubuntu; Linux x86_64; rv:72.0) Gecko/20100101 Firefox/72.0"
151.106.162.8 - - [06/Apr/2025:12:31:15 +0200] "GET /download/file.php?id=253&sid=e90c3c271f3ec3c30474b3067feaed50 HTTP/1.1" 404 297 "-" "Mozilla/5.0 (X11; Ubuntu; Linux x86_64; rv:72.0) Gecko/20100101 Firefox/72.0"
151.106.162.8 - - [06/Apr/2025:12:31:15 +0200] "GET /download/file.php?id=253&sid=e90c3c271f3ec3c30474b3067feaed50 HTTP/1.1" 404 297 "-" "Mozilla/5.0 (X11; Ubuntu; Linux x86_64; rv:72.0) Gecko/20100101 Firefox/72.0"
208.125.100.18 - - [06/Apr/2025:12:34:04 +0200] "GET / HTTP/1.0" 200 423 "-" "curl/7.88.1"
151.106.167.56 - - [06/Apr/2025:12:38:35 +0200] "GET /download/file.php?id=166&sid=1ed7509ecd970d78d4c98acd553277d8 HTTP/1.1" 404 297 "-" "Mozilla/5.0 (X11; Ubuntu; Linux x86_64; rv:72.0) Gecko/20100101 Firefox/72.0"
151.106.167.56 - - [06/Apr/2025:12:38:36 +0200] "GET /download/file.php?id=166&sid=1ed7509ecd970d78d4c98acd553277d8 HTTP/1.1" 404 297 "-" "Mozilla/5.0 (X11; Ubuntu; Linux x86_64; rv:72.0) Gecko/20100101 Firefox/72.0"
151.106.167.56 - - [06/Apr/2025:12:38:36 +0200] "GET /download/file.php?id=166&sid=1ed7509ecd970d78d4c98acd553277d8 HTTP/1.1" 404 297 "-" "Mozilla/5.0 (X11; Ubuntu; Linux x86_64; rv:72.0) Gecko/20100101 Firefox/72.0"
151.106.169.235 - - [06/Apr/2025:12:39:01 +0200] "GET /download/file.php?id=250&sid=d75a97c061b522f01c6747d240bc0429 HTTP/1.1" 404 297 "-" "Mozilla/5.0 (X11; Ubuntu; Linux x86_64; rv:72.0) Gecko/20100101 Firefox/72.0"
151.106.169.235 - - [06/Apr/2025:12:39:01 +0200] "GET /download/file.php?id=250&sid=d75a97c061b522f01c6747d240bc0429 HTTP/1.1" 404 297 "-" "Mozilla/5.0 (X11; Ubuntu; Linux x86_64; rv:72.0) Gecko/20100101 Firefox/72.0"
151.106.169.235 - - [06/Apr/2025:12:39:01 +0200] "GET /download/file.php?id=250&sid=d75a97c061b522f01c6747d240bc0429 HTTP/1.1" 404 297 "-" "Mozilla/5.0 (X11; Ubuntu; Linux x86_64; rv:72.0) Gecko/20100101 Firefox/72.0"
194.164.107.4 - - [06/Apr/2025:12:43:36 +0200] "GET / HTTP/1.1" 200 274 "-" "Mozilla/5.0 (Windows NT 10.0; Win64; x64) AppleWebKit/537.36 (KHTML, like Gecko) Chrome/102.0.0.0 Safari/537.36"
194.164.107.4 - - [06/Apr/2025:12:45:41 +0200] "GET /activities.ico HTTP/1.1" 200 1406 "-" "Mozilla/5.0 (Windows NT 10.0; Win64; x64) AppleWebKit/537.36 (KHTML, like Gecko) Chrome/102.0.0.0 Safari/537.36"
151.106.191.239 - - [06/Apr/2025:12:49:08 +0200] "GET /cron.php?cron_type=tidy_sessions&sid=49c0fc4eeb3f92c9660927737ccca25c HTTP/1.1" 404 290 "-" "Mozilla/5.0 (X11; Ubuntu; Linux x86_64; rv:72.0) Gecko/20100101 Firefox/72.0"
151.106.191.239 - - [06/Apr/2025:12:49:08 +0200] "GET /cron.php?cron_type=tidy_sessions&sid=49c0fc4eeb3f92c9660927737ccca25c HTTP/1.1" 404 290 "-" "Mozilla/5.0 (X11; Ubuntu; Linux x86_64; rv:72.0) Gecko/20100101 Firefox/72.0"
151.106.191.239 - - [06/Apr/2025:12:49:09 +0200] "GET /cron.php?cron_type=tidy_sessions&sid=49c0fc4eeb3f92c9660927737ccca25c HTTP/1.1" 404 290 "-" "Mozilla/5.0 (X11; Ubuntu; Linux x86_64; rv:72.0) Gecko/20100101 Firefox/72.0"
156.59.198.135 - - [06/Apr/2025:12:50:04 +0200] "GET /renault.activities.at/htdocs/export/pdf/emuc_document/11044868.pdf HTTP/1.0" 404 322 "-" "Mozilla/5.0 (Linux; Android 5.0) AppleWebKit/537.36 (KHTML, like Gecko) Mobile Safari/537.36 (compatible; Bytespider; spider-feedback@bytedance.com)"
156.59.198.135 - - [06/Apr/2025:12:50:13 +0200] "GET /renault.activities.at/htdocs/export/pdf/emuc_document/11133488.pdf HTTP/1.0" 404 322 "-" "Mozilla/5.0 (Linux; Android 5.0) AppleWebKit/537.36 (KHTML, like Gecko) Mobile Safari/537.36 (compatible; Bytespider; spider-feedback@bytedance.com)"
151.106.183.52 - - [06/Apr/2025:12:50:53 +0200] "GET /gallery/image.php?mode=medium&album_id=1&image_id=111&sid=180596f3ed396d9623b73a4016140611 HTTP/1.1" 404 297 "-" "Mozilla/5.0 (X11; Ubuntu; Linux x86_64; rv:72.0) Gecko/20100101 Firefox/72.0"
