178.165.172.18 - - [07/Apr/2025:11:21:49 +0200] "GET /gui/javascript/form_form.js?1744017709 HTTP/1.1" 200 16206 "http://hausegger.activities.at/entry.php?id=10271&&ser=17648" "Mozilla/5.0 (Windows NT 10.0; Win64; x64; rv:137.0) Gecko/20100101 Firefox/137.0"
178.165.172.18 - - [07/Apr/2025:11:22:12 +0200] "GET /entry.php?id=10271&&ser=17672 HTTP/1.1" 200 986 "http://hausegger.activities.at/entry.php?id=10271&&ser=17612" "Mozilla/5.0 (Windows NT 10.0; Win64; x64; rv:137.0) Gecko/20100101 Firefox/137.0"
178.165.172.18 - - [07/Apr/2025:11:22:12 +0200] "GET /gui/javascript/form_form.js?1744017732 HTTP/1.1" 200 16206 "http://hausegger.activities.at/entry.php?id=10271&&ser=17672" "Mozilla/5.0 (Windows NT 10.0; Win64; x64; rv:137.0) Gecko/20100101 Firefox/137.0"
178.165.172.18 - - [07/Apr/2025:11:22:49 +0200] "GET /entry.php?id=10271&&ser=17709 HTTP/1.1" 200 986 "http://hausegger.activities.at/entry.php?id=10271&&ser=17648" "Mozilla/5.0 (Windows NT 10.0; Win64; x64; rv:137.0) Gecko/20100101 Firefox/137.0"
178.165.172.18 - - [07/Apr/2025:11:22:49 +0200] "GET /gui/javascript/form_form.js?1744017769 HTTP/1.1" 200 16206 "http://hausegger.activities.at/entry.php?id=10271&&ser=17709" "Mozilla/5.0 (Windows NT 10.0; Win64; x64; rv:137.0) Gecko/20100101 Firefox/137.0"
156.59.198.135 - - [07/Apr/2025:11:23:02 +0200] "GET /renault.activities.at/htdocs/export/pdf/emuc_document/10553938.pdf HTTP/1.0" 404 322 "-" "Mozilla/5.0 (Linux; Android 5.0) AppleWebKit/537.36 (KHTML, like Gecko) Mobile Safari/537.36 (compatible; Bytespider; spider-feedback@bytedance.com)"
156.59.198.136 - - [07/Apr/2025:11:23:11 +0200] "GET /renault.activities.at/htdocs/export/pdf/emuc_document/11824062.pdf HTTP/1.0" 404 321 "-" "Mozilla/5.0 (Linux; Android 5.0) AppleWebKit/537.36 (KHTML, like Gecko) Mobile Safari/537.36 (compatible; Bytespider; spider-feedback@bytedance.com)"
178.165.172.18 - - [07/Apr/2025:11:23:13 +0200] "GET /entry.php?id=10271&&ser=17732 HTTP/1.1" 200 986 "http://hausegger.activities.at/entry.php?id=10271&&ser=17672" "Mozilla/5.0 (Windows NT 10.0; Win64; x64; rv:137.0) Gecko/20100101 Firefox/137.0"
178.165.172.18 - - [07/Apr/2025:11:23:13 +0200] "GET /gui/javascript/form_form.js?1744017793 HTTP/1.1" 200 16206 "http://hausegger.activities.at/entry.php?id=10271&&ser=17732" "Mozilla/5.0 (Windows NT 10.0; Win64; x64; rv:137.0) Gecko/20100101 Firefox/137.0"
178.165.172.18 - - [07/Apr/2025:11:23:49 +0200] "GET /entry.php?id=10271&&ser=17769 HTTP/1.1" 200 986 "http://hausegger.activities.at/entry.php?id=10271&&ser=17709" "Mozilla/5.0 (Windows NT 10.0; Win64; x64; rv:137.0) Gecko/20100101 Firefox/137.0"
178.165.172.18 - - [07/Apr/2025:11:23:49 +0200] "GET /gui/javascript/form_form.js?1744017829 HTTP/1.1" 200 16206 "http://hausegger.activities.at/entry.php?id=10271&&ser=17769" "Mozilla/5.0 (Windows NT 10.0; Win64; x64; rv:137.0) Gecko/20100101 Firefox/137.0"
112.111.93.41 - - [07/Apr/2025:11:23:56 +0200] "POST /cgi-bin/.%2e/.%2e/.%2e/.%2e/.%2e/.%2e/.%2e/.%2e/.%2e/.%2e/bin/sh HTTP/1.1" 400 373 "-" "Custom-AsyncHttpClient"
112.111.93.41 - - [07/Apr/2025:11:23:57 +0200] "POST /cgi-bin/%%32%65%%32%65/%%32%65%%32%65/%%32%65%%32%65/%%32%65%%32%65/%%32%65%%32%65/%%32%65%%32%65/%%32%65%%32%65/bin/sh HTTP/1.1" 400 373 "-" "Custom-AsyncHttpClient"
112.111.93.41 - - [07/Apr/2025:11:23:59 +0200] "POST /hello.world?%ADd+allow_url_include%3d1+%ADd+auto_prepend_file%3dphp://input HTTP/1.1" 404 356 "-" "Custom-AsyncHttpClient"
112.111.93.41 - - [07/Apr/2025:11:24:01 +0200] "GET /vendor/phpunit/phpunit/src/Util/PHP/eval-stdin.php HTTP/1.1" 404 395 "-" "Custom-AsyncHttpClient"
112.111.93.41 - - [07/Apr/2025:11:24:04 +0200] "GET /vendor/phpunit/phpunit/Util/PHP/eval-stdin.php HTTP/1.1" 404 391 "-" "Custom-AsyncHttpClient"
112.111.93.41 - - [07/Apr/2025:11:24:06 +0200] "GET /vendor/phpunit/src/Util/PHP/eval-stdin.php HTTP/1.1" 404 387 "-" "Custom-AsyncHttpClient"
112.111.93.41 - - [07/Apr/2025:11:24:07 +0200] "GET /vendor/phpunit/Util/PHP/eval-stdin.php HTTP/1.1" 404 383 "-" "Custom-AsyncHttpClient"
112.111.93.41 - - [07/Apr/2025:11:24:09 +0200] "GET /vendor/phpunit/phpunit/LICENSE/eval-stdin.php HTTP/1.1" 404 390 "-" "Custom-AsyncHttpClient"
112.111.93.41 - - [07/Apr/2025:11:24:11 +0200] "GET /vendor/vendor/phpunit/phpunit/src/Util/PHP/eval-stdin.php HTTP/1.1" 404 402 "-" "Custom-AsyncHttpClient"
178.165.172.18 - - [07/Apr/2025:11:24:13 +0200] "GET /entry.php?id=10271&&ser=17793 HTTP/1.1" 200 986 "http://hausegger.activities.at/entry.php?id=10271&&ser=17732" "Mozilla/5.0 (Windows NT 10.0; Win64; x64; rv:137.0) Gecko/20100101 Firefox/137.0"
178.165.172.18 - - [07/Apr/2025:11:24:13 +0200] "GET /gui/javascript/form_form.js?1744017853 HTTP/1.1" 200 16206 "http://hausegger.activities.at/entry.php?id=10271&&ser=17793" "Mozilla/5.0 (Windows NT 10.0; Win64; x64; rv:137.0) Gecko/20100101 Firefox/137.0"
112.111.93.41 - - [07/Apr/2025:11:24:14 +0200] "GET /phpunit/phpunit/src/Util/PHP/eval-stdin.php HTTP/1.1" 404 388 "-" "Custom-AsyncHttpClient"
112.111.93.41 - - [07/Apr/2025:11:24:16 +0200] "GET /phpunit/phpunit/Util/PHP/eval-stdin.php HTTP/1.1" 404 384 "-" "Custom-AsyncHttpClient"
112.111.93.41 - - [07/Apr/2025:11:24:18 +0200] "GET /phpunit/src/Util/PHP/eval-stdin.php HTTP/1.1" 404 380 "-" "Custom-AsyncHttpClient"
112.111.93.41 - - [07/Apr/2025:11:24:20 +0200] "GET /phpunit/Util/PHP/eval-stdin.php HTTP/1.1" 404 376 "-" "Custom-AsyncHttpClient"
112.111.93.41 - - [07/Apr/2025:11:24:25 +0200] "GET /lib/phpunit/phpunit/src/Util/PHP/eval-stdin.php HTTP/1.1" 404 392 "-" "Custom-AsyncHttpClient"
112.111.93.41 - - [07/Apr/2025:11:24:27 +0200] "GET /lib/phpunit/phpunit/Util/PHP/eval-stdin.php HTTP/1.1" 404 388 "-" "Custom-AsyncHttpClient"
112.111.93.41 - - [07/Apr/2025:11:24:29 +0200] "GET /lib/phpunit/src/Util/PHP/eval-stdin.php HTTP/1.1" 404 384 "-" "Custom-AsyncHttpClient"
112.111.93.41 - - [07/Apr/2025:11:24:31 +0200] "GET /lib/phpunit/Util/PHP/eval-stdin.php HTTP/1.1" 404 380 "-" "Custom-AsyncHttpClient"
112.111.93.41 - - [07/Apr/2025:11:24:33 +0200] "GET /lib/vendor/phpunit/phpunit/src/Util/PHP/eval-stdin.php HTTP/1.1" 404 399 "-" "Custom-AsyncHttpClient"
112.111.93.41 - - [07/Apr/2025:11:24:35 +0200] "GET /laravel/vendor/phpunit/phpunit/src/Util/PHP/eval-stdin.php HTTP/1.1" 404 403 "-" "Custom-AsyncHttpClient"
112.111.93.41 - - [07/Apr/2025:11:24:38 +0200] "GET /www/vendor/phpunit/phpunit/src/Util/PHP/eval-stdin.php HTTP/1.1" 404 399 "-" "Custom-AsyncHttpClient"
112.111.93.41 - - [07/Apr/2025:11:24:39 +0200] "GET /ws/vendor/phpunit/phpunit/src/Util/PHP/eval-stdin.php HTTP/1.1" 404 398 "-" "Custom-AsyncHttpClient"
112.111.93.41 - - [07/Apr/2025:11:24:42 +0200] "GET /yii/vendor/phpunit/phpunit/src/Util/PHP/eval-stdin.php HTTP/1.1" 404 399 "-" "Custom-AsyncHttpClient"
178.165.172.18 - - [07/Apr/2025:11:24:49 +0200] "GET /entry.php?id=10271&&ser=17829 HTTP/1.1" 200 986 "http://hausegger.activities.at/entry.php?id=10271&&ser=17769" "Mozilla/5.0 (Windows NT 10.0; Win64; x64; rv:137.0) Gecko/20100101 Firefox/137.0"
178.165.172.18 - - [07/Apr/2025:11:24:50 +0200] "GET /gui/javascript/form_form.js?1744017889 HTTP/1.1" 200 16206 "http://hausegger.activities.at/entry.php?id=10271&&ser=17829" "Mozilla/5.0 (Windows NT 10.0; Win64; x64; rv:137.0) Gecko/20100101 Firefox/137.0"
112.111.93.41 - - [07/Apr/2025:11:24:50 +0200] "GET /zend/vendor/phpunit/phpunit/src/Util/PHP/eval-stdin.php HTTP/1.1" 404 400 "-" "Custom-AsyncHttpClient"
112.111.93.41 - - [07/Apr/2025:11:24:52 +0200] "GET /ws/ec/vendor/phpunit/phpunit/src/Util/PHP/eval-stdin.php HTTP/1.1" 404 401 "-" "Custom-AsyncHttpClient"
112.111.93.41 - - [07/Apr/2025:11:24:55 +0200] "GET /V2/vendor/phpunit/phpunit/src/Util/PHP/eval-stdin.php HTTP/1.1" 404 398 "-" "Custom-AsyncHttpClient"
112.111.93.41 - - [07/Apr/2025:11:24:57 +0200] "GET /tests/vendor/phpunit/phpunit/src/Util/PHP/eval-stdin.php HTTP/1.1" 404 401 "-" "Custom-AsyncHttpClient"
178.165.172.18 - - [07/Apr/2025:11:25:13 +0200] "GET /entry.php?id=10271&&ser=17853 HTTP/1.1" 200 986 "http://hausegger.activities.at/entry.php?id=10271&&ser=17793" "Mozilla/5.0 (Windows NT 10.0; Win64; x64; rv:137.0) Gecko/20100101 Firefox/137.0"
178.165.172.18 - - [07/Apr/2025:11:25:13 +0200] "GET /gui/javascript/form_form.js?1744017913 HTTP/1.1" 200 16206 "http://hausegger.activities.at/entry.php?id=10271&&ser=17853" "Mozilla/5.0 (Windows NT 10.0; Win64; x64; rv:137.0) Gecko/20100101 Firefox/137.0"
112.111.93.41 - - [07/Apr/2025:11:25:41 +0200] "GET /test/vendor/phpunit/phpunit/src/Util/PHP/eval-stdin.php HTTP/1.1" 404 400 "-" "Custom-AsyncHttpClient"
112.111.93.41 - - [07/Apr/2025:11:25:43 +0200] "GET /testing/vendor/phpunit/phpunit/src/Util/PHP/eval-stdin.php HTTP/1.1" 404 403 "-" "Custom-AsyncHttpClient"
112.111.93.41 - - [07/Apr/2025:11:25:45 +0200] "GET /api/vendor/phpunit/phpunit/src/Util/PHP/eval-stdin.php HTTP/1.1" 404 399 "-" "Custom-AsyncHttpClient"
112.111.93.41 - - [07/Apr/2025:11:25:47 +0200] "GET /demo/vendor/phpunit/phpunit/src/Util/PHP/eval-stdin.php HTTP/1.1" 404 400 "-" "Custom-AsyncHttpClient"
112.111.93.41 - - [07/Apr/2025:11:25:49 +0200] "GET /cms/vendor/phpunit/phpunit/src/Util/PHP/eval-stdin.php HTTP/1.1" 404 399 "-" "Custom-AsyncHttpClient"
178.165.172.18 - - [07/Apr/2025:11:25:50 +0200] "GET /entry.php?id=10271&&ser=17889 HTTP/1.1" 200 986 "http://hausegger.activities.at/entry.php?id=10271&&ser=17829" "Mozilla/5.0 (Windows NT 10.0; Win64; x64; rv:137.0) Gecko/20100101 Firefox/137.0"
178.165.172.18 - - [07/Apr/2025:11:25:50 +0200] "GET /gui/javascript/form_form.js?1744017950 HTTP/1.1" 200 16206 "http://hausegger.activities.at/entry.php?id=10271&&ser=17889" "Mozilla/5.0 (Windows NT 10.0; Win64; x64; rv:137.0) Gecko/20100101 Firefox/137.0"
112.111.93.41 - - [07/Apr/2025:11:25:51 +0200] "GET /crm/vendor/phpunit/phpunit/src/Util/PHP/eval-stdin.php HTTP/1.1" 404 399 "-" "Custom-AsyncHttpClient"
112.111.93.41 - - [07/Apr/2025:11:25:53 +0200] "GET /admin/vendor/phpunit/phpunit/src/Util/PHP/eval-stdin.php HTTP/1.1" 404 401 "-" "Custom-AsyncHttpClient"
112.111.93.41 - - [07/Apr/2025:11:25:55 +0200] "GET /backup/vendor/phpunit/phpunit/src/Util/PHP/eval-stdin.php HTTP/1.1" 404 402 "-" "Custom-AsyncHttpClient"
112.111.93.41 - - [07/Apr/2025:11:25:57 +0200] "GET /blog/vendor/phpunit/phpunit/src/Util/PHP/eval-stdin.php HTTP/1.1" 404 400 "-" "Custom-AsyncHttpClient"
112.111.93.41 - - [07/Apr/2025:11:26:00 +0200] "GET /workspace/drupal/vendor/phpunit/phpunit/src/Util/PHP/eval-stdin.php HTTP/1.1" 404 412 "-" "Custom-AsyncHttpClient"
112.111.93.41 - - [07/Apr/2025:11:26:01 +0200] "GET /panel/vendor/phpunit/phpunit/src/Util/PHP/eval-stdin.php HTTP/1.1" 404 401 "-" "Custom-AsyncHttpClient"
112.111.93.41 - - [07/Apr/2025:11:26:03 +0200] "GET /public/vendor/phpunit/phpunit/src/Util/PHP/eval-stdin.php HTTP/1.1" 404 402 "-" "Custom-AsyncHttpClient"
112.111.93.41 - - [07/Apr/2025:11:26:05 +0200] "GET /apps/vendor/phpunit/phpunit/src/Util/PHP/eval-stdin.php HTTP/1.1" 404 400 "-" "Custom-AsyncHttpClient"
112.111.93.41 - - [07/Apr/2025:11:26:12 +0200] "GET /app/vendor/phpunit/phpunit/src/Util/PHP/eval-stdin.php HTTP/1.1" 404 399 "-" "Custom-AsyncHttpClient"
112.111.93.41 - - [07/Apr/2025:11:26:13 +0200] "GET /index.php?s=/index/\\think\\app/invokefunction&function=call_user_func_array&vars[0]=md5&vars[1][]=Hello HTTP/1.1" 200 423 "-" "Custom-AsyncHttpClient"
178.165.172.18 - - [07/Apr/2025:11:26:14 +0200] "GET /entry.php?id=10271&&ser=17913 HTTP/1.1" 200 986 "http://hausegger.activities.at/entry.php?id=10271&&ser=17853" "Mozilla/5.0 (Windows NT 10.0; Win64; x64; rv:137.0) Gecko/20100101 Firefox/137.0"
178.165.172.18 - - [07/Apr/2025:11:26:14 +0200] "GET /gui/javascript/form_form.js?1744017974 HTTP/1.1" 200 16206 "http://hausegger.activities.at/entry.php?id=10271&&ser=17913" "Mozilla/5.0 (Windows NT 10.0; Win64; x64; rv:137.0) Gecko/20100101 Firefox/137.0"
112.111.93.41 - - [07/Apr/2025:11:26:15 +0200] "GET /public/index.php?s=/index/\\think\\app/invokefunction&function=call_user_func_array&vars[0]=md5&vars[1][]=Hello HTTP/1.1" 404 361 "-" "Custom-AsyncHttpClient"
112.111.93.41 - - [07/Apr/2025:11:26:18 +0200] "GET /index.php?lang=../../../../../../../../usr/local/lib/php/pearcmd&+config-create+/&/+/tmp/index1.php HTTP/1.1" 200 423 "-" "Custom-AsyncHttpClient"
112.111.93.41 - - [07/Apr/2025:11:26:19 +0200] "GET /index.php?lang=../../../../../../../../tmp/index1 HTTP/1.1" 200 423 "-" "Custom-AsyncHttpClient"
112.111.93.41 - - [07/Apr/2025:11:26:21 +0200] "GET /containers/json HTTP/1.1" 404 360 "-" "Custom-AsyncHttpClient"
178.165.172.18 - - [07/Apr/2025:11:26:50 +0200] "GET /entry.php?id=10271&&ser=17950 HTTP/1.1" 200 985 "http://hausegger.activities.at/entry.php?id=10271&&ser=17889" "Mozilla/5.0 (Windows NT 10.0; Win64; x64; rv:137.0) Gecko/20100101 Firefox/137.0"
178.165.172.18 - - [07/Apr/2025:11:26:50 +0200] "GET /gui/javascript/form_form.js?1744018010 HTTP/1.1" 200 16206 "http://hausegger.activities.at/entry.php?id=10271&&ser=17950" "Mozilla/5.0 (Windows NT 10.0; Win64; x64; rv:137.0) Gecko/20100101 Firefox/137.0"
178.165.172.18 - - [07/Apr/2025:11:27:14 +0200] "GET /entry.php?id=10271&&ser=17974 HTTP/1.1" 200 985 "http://hausegger.activities.at/entry.php?id=10271&&ser=17913" "Mozilla/5.0 (Windows NT 10.0; Win64; x64; rv:137.0) Gecko/20100101 Firefox/137.0"
178.165.172.18 - - [07/Apr/2025:11:27:14 +0200] "GET /gui/javascript/form_form.js?1744018034 HTTP/1.1" 200 16206 "http://hausegger.activities.at/entry.php?id=10271&&ser=17974" "Mozilla/5.0 (Windows NT 10.0; Win64; x64; rv:137.0) Gecko/20100101 Firefox/137.0"
178.165.172.18 - - [07/Apr/2025:11:27:50 +0200] "GET /entry.php?id=10271&&ser=18010 HTTP/1.1" 200 985 "http://hausegger.activities.at/entry.php?id=10271&&ser=17950" "Mozilla/5.0 (Windows NT 10.0; Win64; x64; rv:137.0) Gecko/20100101 Firefox/137.0"
178.165.172.18 - - [07/Apr/2025:11:27:50 +0200] "GET /gui/javascript/form_form.js?1744018070 HTTP/1.1" 200 16206 "http://hausegger.activities.at/entry.php?id=10271&&ser=18010" "Mozilla/5.0 (Windows NT 10.0; Win64; x64; rv:137.0) Gecko/20100101 Firefox/137.0"
151.106.181.99 - - [07/Apr/2025:11:28:01 +0200] "GET /download/file.php?id=251&sid=8cfd46d7dea4f83a2ab3ffa863d29358 HTTP/1.1" 404 297 "-" "Mozilla/5.0 (X11; Ubuntu; Linux x86_64; rv:72.0) Gecko/20100101 Firefox/72.0"
151.106.181.99 - - [07/Apr/2025:11:28:01 +0200] "GET /download/file.php?id=251&sid=8cfd46d7dea4f83a2ab3ffa863d29358 HTTP/1.1" 404 297 "-" "Mozilla/5.0 (X11; Ubuntu; Linux x86_64; rv:72.0) Gecko/20100101 Firefox/72.0"
151.106.181.99 - - [07/Apr/2025:11:28:01 +0200] "GET /download/file.php?id=251&sid=8cfd46d7dea4f83a2ab3ffa863d29358 HTTP/1.1" 404 297 "-" "Mozilla/5.0 (X11; Ubuntu; Linux x86_64; rv:72.0) Gecko/20100101 Firefox/72.0"
178.165.172.18 - - [07/Apr/2025:11:28:14 +0200] "GET /entry.php?id=10271&&ser=18034 HTTP/1.1" 200 985 "http://hausegger.activities.at/entry.php?id=10271&&ser=17974" "Mozilla/5.0 (Windows NT 10.0; Win64; x64; rv:137.0) Gecko/20100101 Firefox/137.0"
178.165.172.18 - - [07/Apr/2025:11:28:14 +0200] "GET /gui/javascript/form_form.js?1744018094 HTTP/1.1" 200 16206 "http://hausegger.activities.at/entry.php?id=10271&&ser=18034" "Mozilla/5.0 (Windows NT 10.0; Win64; x64; rv:137.0) Gecko/20100101 Firefox/137.0"
178.165.172.18 - - [07/Apr/2025:11:28:51 +0200] "GET /entry.php?id=10271&&ser=18070 HTTP/1.1" 200 985 "http://hausegger.activities.at/entry.php?id=10271&&ser=18010" "Mozilla/5.0 (Windows NT 10.0; Win64; x64; rv:137.0) Gecko/20100101 Firefox/137.0"
178.165.172.18 - - [07/Apr/2025:11:28:51 +0200] "GET /gui/javascript/form_form.js?1744018131 HTTP/1.1" 200 16206 "http://hausegger.activities.at/entry.php?id=10271&&ser=18070" "Mozilla/5.0 (Windows NT 10.0; Win64; x64; rv:137.0) Gecko/20100101 Firefox/137.0"
178.165.172.18 - - [07/Apr/2025:11:29:15 +0200] "GET /entry.php?id=10271&&ser=18094 HTTP/1.1" 200 986 "http://hausegger.activities.at/entry.php?id=10271&&ser=18034" "Mozilla/5.0 (Windows NT 10.0; Win64; x64; rv:137.0) Gecko/20100101 Firefox/137.0"
178.165.172.18 - - [07/Apr/2025:11:29:15 +0200] "GET /gui/javascript/form_form.js?1744018155 HTTP/1.1" 200 16206 "http://hausegger.activities.at/entry.php?id=10271&&ser=18094" "Mozilla/5.0 (Windows NT 10.0; Win64; x64; rv:137.0) Gecko/20100101 Firefox/137.0"
178.165.172.18 - - [07/Apr/2025:11:29:51 +0200] "GET /entry.php?id=10271&&ser=18131 HTTP/1.1" 200 985 "http://hausegger.activities.at/entry.php?id=10271&&ser=18070" "Mozilla/5.0 (Windows NT 10.0; Win64; x64; rv:137.0) Gecko/20100101 Firefox/137.0"
178.165.172.18 - - [07/Apr/2025:11:29:51 +0200] "GET /gui/javascript/form_form.js?1744018191 HTTP/1.1" 200 16206 "http://hausegger.activities.at/entry.php?id=10271&&ser=18131" "Mozilla/5.0 (Windows NT 10.0; Win64; x64; rv:137.0) Gecko/20100101 Firefox/137.0"
178.165.172.18 - - [07/Apr/2025:11:30:15 +0200] "GET /entry.php?id=10271&&ser=18155 HTTP/1.1" 200 985 "http://hausegger.activities.at/entry.php?id=10271&&ser=18094" "Mozilla/5.0 (Windows NT 10.0; Win64; x64; rv:137.0) Gecko/20100101 Firefox/137.0"
178.165.172.18 - - [07/Apr/2025:11:30:15 +0200] "GET /gui/javascript/form_form.js?1744018215 HTTP/1.1" 200 16206 "http://hausegger.activities.at/entry.php?id=10271&&ser=18155" "Mozilla/5.0 (Windows NT 10.0; Win64; x64; rv:137.0) Gecko/20100101 Firefox/137.0"
178.165.172.18 - - [07/Apr/2025:11:30:51 +0200] "GET /entry.php?id=10271&&ser=18191 HTTP/1.1" 200 985 "http://hausegger.activities.at/entry.php?id=10271&&ser=18131" "Mozilla/5.0 (Windows NT 10.0; Win64; x64; rv:137.0) Gecko/20100101 Firefox/137.0"
178.165.172.18 - - [07/Apr/2025:11:30:51 +0200] "GET /gui/javascript/form_form.js?1744018251 HTTP/1.1" 200 16206 "http://hausegger.activities.at/entry.php?id=10271&&ser=18191" "Mozilla/5.0 (Windows NT 10.0; Win64; x64; rv:137.0) Gecko/20100101 Firefox/137.0"
178.165.172.18 - - [07/Apr/2025:11:31:15 +0200] "GET /entry.php?id=10271&&ser=18215 HTTP/1.1" 200 986 "http://hausegger.activities.at/entry.php?id=10271&&ser=18155" "Mozilla/5.0 (Windows NT 10.0; Win64; x64; rv:137.0) Gecko/20100101 Firefox/137.0"
178.165.172.18 - - [07/Apr/2025:11:31:15 +0200] "GET /gui/javascript/form_form.js?1744018275 HTTP/1.1" 200 16206 "http://hausegger.activities.at/entry.php?id=10271&&ser=18215" "Mozilla/5.0 (Windows NT 10.0; Win64; x64; rv:137.0) Gecko/20100101 Firefox/137.0"
178.165.172.18 - - [07/Apr/2025:11:31:52 +0200] "GET /entry.php?id=10271&&ser=18251 HTTP/1.1" 200 985 "http://hausegger.activities.at/entry.php?id=10271&&ser=18191" "Mozilla/5.0 (Windows NT 10.0; Win64; x64; rv:137.0) Gecko/20100101 Firefox/137.0"
178.165.172.18 - - [07/Apr/2025:11:31:52 +0200] "GET /gui/javascript/form_form.js?1744018312 HTTP/1.1" 200 16206 "http://hausegger.activities.at/entry.php?id=10271&&ser=18251" "Mozilla/5.0 (Windows NT 10.0; Win64; x64; rv:137.0) Gecko/20100101 Firefox/137.0"
178.165.172.18 - - [07/Apr/2025:11:32:16 +0200] "GET /entry.php?id=10271&&ser=18275 HTTP/1.1" 200 986 "http://hausegger.activities.at/entry.php?id=10271&&ser=18215" "Mozilla/5.0 (Windows NT 10.0; Win64; x64; rv:137.0) Gecko/20100101 Firefox/137.0"
178.165.172.18 - - [07/Apr/2025:11:32:16 +0200] "GET /gui/javascript/form_form.js?1744018336 HTTP/1.1" 200 16206 "http://hausegger.activities.at/entry.php?id=10271&&ser=18275" "Mozilla/5.0 (Windows NT 10.0; Win64; x64; rv:137.0) Gecko/20100101 Firefox/137.0"
178.165.172.18 - - [07/Apr/2025:11:32:52 +0200] "GET /entry.php?id=10271&&ser=18312 HTTP/1.1" 200 986 "http://hausegger.activities.at/entry.php?id=10271&&ser=18251" "Mozilla/5.0 (Windows NT 10.0; Win64; x64; rv:137.0) Gecko/20100101 Firefox/137.0"
178.165.172.18 - - [07/Apr/2025:11:32:52 +0200] "GET /gui/javascript/form_form.js?1744018372 HTTP/1.1" 200 16206 "http://hausegger.activities.at/entry.php?id=10271&&ser=18312" "Mozilla/5.0 (Windows NT 10.0; Win64; x64; rv:137.0) Gecko/20100101 Firefox/137.0"
178.165.172.18 - - [07/Apr/2025:11:33:16 +0200] "GET /entry.php?id=10271&&ser=18336 HTTP/1.1" 200 986 "http://hausegger.activities.at/entry.php?id=10271&&ser=18275" "Mozilla/5.0 (Windows NT 10.0; Win64; x64; rv:137.0) Gecko/20100101 Firefox/137.0"
178.165.172.18 - - [07/Apr/2025:11:33:16 +0200] "GET /gui/javascript/form_form.js?1744018396 HTTP/1.1" 200 16206 "http://hausegger.activities.at/entry.php?id=10271&&ser=18336" "Mozilla/5.0 (Windows NT 10.0; Win64; x64; rv:137.0) Gecko/20100101 Firefox/137.0"
151.106.162.30 - - [07/Apr/2025:11:33:17 +0200] "GET /cron.php?cron_type=tidy_sessions&sid=ba779beed624bdc86ac88e8daa9d35fc HTTP/1.1" 404 290 "-" "Mozilla/5.0 (X11; Ubuntu; Linux x86_64; rv:72.0) Gecko/20100101 Firefox/72.0"
151.106.162.30 - - [07/Apr/2025:11:33:17 +0200] "GET /cron.php?cron_type=tidy_sessions&sid=ba779beed624bdc86ac88e8daa9d35fc HTTP/1.1" 404 290 "-" "Mozilla/5.0 (X11; Ubuntu; Linux x86_64; rv:72.0) Gecko/20100101 Firefox/72.0"
151.106.162.30 - - [07/Apr/2025:11:33:17 +0200] "GET /cron.php?cron_type=tidy_sessions&sid=ba779beed624bdc86ac88e8daa9d35fc HTTP/1.1" 404 290 "-" "Mozilla/5.0 (X11; Ubuntu; Linux x86_64; rv:72.0) Gecko/20100101 Firefox/72.0"
178.165.172.18 - - [07/Apr/2025:11:33:52 +0200] "GET /entry.php?id=10271&&ser=18372 HTTP/1.1" 200 986 "http://hausegger.activities.at/entry.php?id=10271&&ser=18312" "Mozilla/5.0 (Windows NT 10.0; Win64; x64; rv:137.0) Gecko/20100101 Firefox/137.0"
178.165.172.18 - - [07/Apr/2025:11:33:52 +0200] "GET /gui/javascript/form_form.js?1744018432 HTTP/1.1" 200 16206 "http://hausegger.activities.at/entry.php?id=10271&&ser=18372" "Mozilla/5.0 (Windows NT 10.0; Win64; x64; rv:137.0) Gecko/20100101 Firefox/137.0"
178.165.172.18 - - [07/Apr/2025:11:34:16 +0200] "GET /entry.php?id=10271&&ser=18396 HTTP/1.1" 200 986 "http://hausegger.activities.at/entry.php?id=10271&&ser=18336" "Mozilla/5.0 (Windows NT 10.0; Win64; x64; rv:137.0) Gecko/20100101 Firefox/137.0"
178.165.172.18 - - [07/Apr/2025:11:34:16 +0200] "GET /gui/javascript/form_form.js?1744018456 HTTP/1.1" 200 16206 "http://hausegger.activities.at/entry.php?id=10271&&ser=18396" "Mozilla/5.0 (Windows NT 10.0; Win64; x64; rv:137.0) Gecko/20100101 Firefox/137.0"
117.205.167.169 - - [07/Apr/2025:11:34:50 +0200] "POST /GponForm/diag_Form?images/ HTTP/1.1" 404 286 "-" "Hello, World"
178.165.172.18 - - [07/Apr/2025:11:34:53 +0200] "GET /entry.php?id=10271&&ser=18432 HTTP/1.1" 200 986 "http://hausegger.activities.at/entry.php?id=10271&&ser=18372" "Mozilla/5.0 (Windows NT 10.0; Win64; x64; rv:137.0) Gecko/20100101 Firefox/137.0"
178.165.172.18 - - [07/Apr/2025:11:34:53 +0200] "GET /gui/javascript/form_form.js?1744018493 HTTP/1.1" 200 16206 "http://hausegger.activities.at/entry.php?id=10271&&ser=18432" "Mozilla/5.0 (Windows NT 10.0; Win64; x64; rv:137.0) Gecko/20100101 Firefox/137.0"
178.165.172.18 - - [07/Apr/2025:11:35:17 +0200] "GET /entry.php?id=10271&&ser=18456 HTTP/1.1" 200 985 "http://hausegger.activities.at/entry.php?id=10271&&ser=18396" "Mozilla/5.0 (Windows NT 10.0; Win64; x64; rv:137.0) Gecko/20100101 Firefox/137.0"
178.165.172.18 - - [07/Apr/2025:11:35:17 +0200] "GET /gui/javascript/form_form.js?1744018517 HTTP/1.1" 200 16206 "http://hausegger.activities.at/entry.php?id=10271&&ser=18456" "Mozilla/5.0 (Windows NT 10.0; Win64; x64; rv:137.0) Gecko/20100101 Firefox/137.0"
185.255.122.19 - - [07/Apr/2025:11:35:29 +0200] "GET / HTTP/1.1" 200 274 "-" "Mozilla/5.0 (Windows NT 10.0; Win64; x64) AppleWebKit/537.36 (KHTML, like Gecko) Chrome/90.0.4430.85 Safari/537.36 Edg/90.0.818.46"
178.165.172.18 - - [07/Apr/2025:11:35:53 +0200] "GET /entry.php?id=10271&&ser=18493 HTTP/1.1" 200 986 "http://hausegger.activities.at/entry.php?id=10271&&ser=18432" "Mozilla/5.0 (Windows NT 10.0; Win64; x64; rv:137.0) Gecko/20100101 Firefox/137.0"
178.165.172.18 - - [07/Apr/2025:11:35:53 +0200] "GET /gui/javascript/form_form.js?1744018553 HTTP/1.1" 200 16206 "http://hausegger.activities.at/entry.php?id=10271&&ser=18493" "Mozilla/5.0 (Windows NT 10.0; Win64; x64; rv:137.0) Gecko/20100101 Firefox/137.0"
178.165.172.18 - - [07/Apr/2025:11:36:17 +0200] "GET /entry.php?id=10271&&ser=18517 HTTP/1.1" 200 986 "http://hausegger.activities.at/entry.php?id=10271&&ser=18456" "Mozilla/5.0 (Windows NT 10.0; Win64; x64; rv:137.0) Gecko/20100101 Firefox/137.0"
178.165.172.18 - - [07/Apr/2025:11:36:17 +0200] "GET /gui/javascript/form_form.js?1744018577 HTTP/1.1" 200 16206 "http://hausegger.activities.at/entry.php?id=10271&&ser=18517" "Mozilla/5.0 (Windows NT 10.0; Win64; x64; rv:137.0) Gecko/20100101 Firefox/137.0"
178.165.172.18 - - [07/Apr/2025:11:36:53 +0200] "GET /entry.php?id=10271&&ser=18553 HTTP/1.1" 200 985 "http://hausegger.activities.at/entry.php?id=10271&&ser=18493" "Mozilla/5.0 (Windows NT 10.0; Win64; x64; rv:137.0) Gecko/20100101 Firefox/137.0"
178.165.172.18 - - [07/Apr/2025:11:36:53 +0200] "GET /gui/javascript/form_form.js?1744018613 HTTP/1.1" 200 16206 "http://hausegger.activities.at/entry.php?id=10271&&ser=18553" "Mozilla/5.0 (Windows NT 10.0; Win64; x64; rv:137.0) Gecko/20100101 Firefox/137.0"
178.165.172.18 - - [07/Apr/2025:11:37:17 +0200] "GET /entry.php?id=10271&&ser=18577 HTTP/1.1" 200 986 "http://hausegger.activities.at/entry.php?id=10271&&ser=18517" "Mozilla/5.0 (Windows NT 10.0; Win64; x64; rv:137.0) Gecko/20100101 Firefox/137.0"
178.165.172.18 - - [07/Apr/2025:11:37:17 +0200] "GET /gui/javascript/form_form.js?1744018637 HTTP/1.1" 200 16206 "http://hausegger.activities.at/entry.php?id=10271&&ser=18577" "Mozilla/5.0 (Windows NT 10.0; Win64; x64; rv:137.0) Gecko/20100101 Firefox/137.0"
178.165.172.18 - - [07/Apr/2025:11:37:54 +0200] "GET /entry.php?id=10271&&ser=18613 HTTP/1.1" 200 986 "http://hausegger.activities.at/entry.php?id=10271&&ser=18553" "Mozilla/5.0 (Windows NT 10.0; Win64; x64; rv:137.0) Gecko/20100101 Firefox/137.0"
178.165.172.18 - - [07/Apr/2025:11:37:54 +0200] "GET /gui/javascript/form_form.js?1744018674 HTTP/1.1" 200 16206 "http://hausegger.activities.at/entry.php?id=10271&&ser=18613" "Mozilla/5.0 (Windows NT 10.0; Win64; x64; rv:137.0) Gecko/20100101 Firefox/137.0"
178.165.172.18 - - [07/Apr/2025:11:38:18 +0200] "GET /entry.php?id=10271&&ser=18637 HTTP/1.1" 200 985 "http://hausegger.activities.at/entry.php?id=10271&&ser=18577" "Mozilla/5.0 (Windows NT 10.0; Win64; x64; rv:137.0) Gecko/20100101 Firefox/137.0"
178.165.172.18 - - [07/Apr/2025:11:38:18 +0200] "GET /gui/javascript/form_form.js?1744018698 HTTP/1.1" 200 16206 "http://hausegger.activities.at/entry.php?id=10271&&ser=18637" "Mozilla/5.0 (Windows NT 10.0; Win64; x64; rv:137.0) Gecko/20100101 Firefox/137.0"
178.165.172.18 - - [07/Apr/2025:11:38:54 +0200] "GET /entry.php?id=10271&&ser=18674 HTTP/1.1" 200 986 "http://hausegger.activities.at/entry.php?id=10271&&ser=18613" "Mozilla/5.0 (Windows NT 10.0; Win64; x64; rv:137.0) Gecko/20100101 Firefox/137.0"
178.165.172.18 - - [07/Apr/2025:11:38:54 +0200] "GET /gui/javascript/form_form.js?1744018734 HTTP/1.1" 200 16206 "http://hausegger.activities.at/entry.php?id=10271&&ser=18674" "Mozilla/5.0 (Windows NT 10.0; Win64; x64; rv:137.0) Gecko/20100101 Firefox/137.0"
178.165.172.18 - - [07/Apr/2025:11:39:18 +0200] "GET /entry.php?id=10271&&ser=18698 HTTP/1.1" 200 985 "http://hausegger.activities.at/entry.php?id=10271&&ser=18637" "Mozilla/5.0 (Windows NT 10.0; Win64; x64; rv:137.0) Gecko/20100101 Firefox/137.0"
178.165.172.18 - - [07/Apr/2025:11:39:18 +0200] "GET /gui/javascript/form_form.js?1744018758 HTTP/1.1" 200 16206 "http://hausegger.activities.at/entry.php?id=10271&&ser=18698" "Mozilla/5.0 (Windows NT 10.0; Win64; x64; rv:137.0) Gecko/20100101 Firefox/137.0"
178.165.172.18 - - [07/Apr/2025:11:39:54 +0200] "GET /entry.php?id=10271&&ser=18734 HTTP/1.1" 200 986 "http://hausegger.activities.at/entry.php?id=10271&&ser=18674" "Mozilla/5.0 (Windows NT 10.0; Win64; x64; rv:137.0) Gecko/20100101 Firefox/137.0"
178.165.172.18 - - [07/Apr/2025:11:39:54 +0200] "GET /gui/javascript/form_form.js?1744018794 HTTP/1.1" 200 16206 "http://hausegger.activities.at/entry.php?id=10271&&ser=18734" "Mozilla/5.0 (Windows NT 10.0; Win64; x64; rv:137.0) Gecko/20100101 Firefox/137.0"
151.106.169.76 - - [07/Apr/2025:11:40:04 +0200] "GET /download/file.php?id=251&sid=fac9f86390e27881c82b1e0938db5b79 HTTP/1.1" 404 297 "-" "Mozilla/5.0 (X11; Ubuntu; Linux x86_64; rv:72.0) Gecko/20100101 Firefox/72.0"
151.106.169.76 - - [07/Apr/2025:11:40:05 +0200] "GET /download/file.php?id=251&sid=fac9f86390e27881c82b1e0938db5b79 HTTP/1.1" 404 297 "-" "Mozilla/5.0 (X11; Ubuntu; Linux x86_64; rv:72.0) Gecko/20100101 Firefox/72.0"
151.106.169.76 - - [07/Apr/2025:11:40:05 +0200] "GET /download/file.php?id=251&sid=fac9f86390e27881c82b1e0938db5b79 HTTP/1.1" 404 297 "-" "Mozilla/5.0 (X11; Ubuntu; Linux x86_64; rv:72.0) Gecko/20100101 Firefox/72.0"
178.165.172.18 - - [07/Apr/2025:11:40:18 +0200] "GET /entry.php?id=10271&&ser=18758 HTTP/1.1" 200 983 "http://hausegger.activities.at/entry.php?id=10271&&ser=18698" "Mozilla/5.0 (Windows NT 10.0; Win64; x64; rv:137.0) Gecko/20100101 Firefox/137.0"
178.165.172.18 - - [07/Apr/2025:11:40:19 +0200] "GET /gui/javascript/form_form.js?1744018819 HTTP/1.1" 200 16206 "http://hausegger.activities.at/entry.php?id=10271&&ser=18758" "Mozilla/5.0 (Windows NT 10.0; Win64; x64; rv:137.0) Gecko/20100101 Firefox/137.0"
185.243.96.117 - - [07/Apr/2025:11:40:28 +0200] "\x03" 400 383 "-" "-"
178.165.172.18 - - [07/Apr/2025:11:40:54 +0200] "GET /entry.php?id=10271&&ser=18794 HTTP/1.1" 200 986 "http://hausegger.activities.at/entry.php?id=10271&&ser=18734" "Mozilla/5.0 (Windows NT 10.0; Win64; x64; rv:137.0) Gecko/20100101 Firefox/137.0"
178.165.172.18 - - [07/Apr/2025:11:40:55 +0200] "GET /gui/javascript/form_form.js?1744018855 HTTP/1.1" 200 16206 "http://hausegger.activities.at/entry.php?id=10271&&ser=18794" "Mozilla/5.0 (Windows NT 10.0; Win64; x64; rv:137.0) Gecko/20100101 Firefox/137.0"
178.165.172.18 - - [07/Apr/2025:11:41:19 +0200] "GET /entry.php?id=10271&&ser=18819 HTTP/1.1" 200 985 "http://hausegger.activities.at/entry.php?id=10271&&ser=18758" "Mozilla/5.0 (Windows NT 10.0; Win64; x64; rv:137.0) Gecko/20100101 Firefox/137.0"
178.165.172.18 - - [07/Apr/2025:11:41:19 +0200] "GET /gui/javascript/form_form.js?1744018879 HTTP/1.1" 200 16206 "http://hausegger.activities.at/entry.php?id=10271&&ser=18819" "Mozilla/5.0 (Windows NT 10.0; Win64; x64; rv:137.0) Gecko/20100101 Firefox/137.0"
178.165.172.18 - - [07/Apr/2025:11:41:56 +0200] "GET /entry.php?id=10271&&ser=18855 HTTP/1.1" 200 985 "http://hausegger.activities.at/entry.php?id=10271&&ser=18794" "Mozilla/5.0 (Windows NT 10.0; Win64; x64; rv:137.0) Gecko/20100101 Firefox/137.0"
178.165.172.18 - - [07/Apr/2025:11:41:56 +0200] "GET /gui/javascript/form_form.js?1744018916 HTTP/1.1" 200 16206 "http://hausegger.activities.at/entry.php?id=10271&&ser=18855" "Mozilla/5.0 (Windows NT 10.0; Win64; x64; rv:137.0) Gecko/20100101 Firefox/137.0"
178.165.172.18 - - [07/Apr/2025:11:42:19 +0200] "GET /entry.php?id=10271&&ser=18879 HTTP/1.1" 200 986 "http://hausegger.activities.at/entry.php?id=10271&&ser=18819" "Mozilla/5.0 (Windows NT 10.0; Win64; x64; rv:137.0) Gecko/20100101 Firefox/137.0"
178.165.172.18 - - [07/Apr/2025:11:42:19 +0200] "GET /gui/javascript/form_form.js?1744018939 HTTP/1.1" 200 16206 "http://hausegger.activities.at/entry.php?id=10271&&ser=18879" "Mozilla/5.0 (Windows NT 10.0; Win64; x64; rv:137.0) Gecko/20100101 Firefox/137.0"
178.165.172.18 - - [07/Apr/2025:11:42:57 +0200] "GET /entry.php?id=10271&&ser=18916 HTTP/1.1" 200 986 "http://hausegger.activities.at/entry.php?id=10271&&ser=18855" "Mozilla/5.0 (Windows NT 10.0; Win64; x64; rv:137.0) Gecko/20100101 Firefox/137.0"
178.165.172.18 - - [07/Apr/2025:11:42:57 +0200] "GET /gui/javascript/form_form.js?1744018977 HTTP/1.1" 200 16206 "http://hausegger.activities.at/entry.php?id=10271&&ser=18916" "Mozilla/5.0 (Windows NT 10.0; Win64; x64; rv:137.0) Gecko/20100101 Firefox/137.0"
178.165.172.18 - - [07/Apr/2025:11:43:20 +0200] "GET /entry.php?id=10271&&ser=18939 HTTP/1.1" 200 986 "http://hausegger.activities.at/entry.php?id=10271&&ser=18879" "Mozilla/5.0 (Windows NT 10.0; Win64; x64; rv:137.0) Gecko/20100101 Firefox/137.0"
178.165.172.18 - - [07/Apr/2025:11:43:20 +0200] "GET /gui/javascript/form_form.js?1744019000 HTTP/1.1" 200 16206 "http://hausegger.activities.at/entry.php?id=10271&&ser=18939" "Mozilla/5.0 (Windows NT 10.0; Win64; x64; rv:137.0) Gecko/20100101 Firefox/137.0"
178.165.172.18 - - [07/Apr/2025:11:43:57 +0200] "GET /entry.php?id=10271&&ser=18977 HTTP/1.1" 200 986 "http://hausegger.activities.at/entry.php?id=10271&&ser=18916" "Mozilla/5.0 (Windows NT 10.0; Win64; x64; rv:137.0) Gecko/20100101 Firefox/137.0"
178.165.172.18 - - [07/Apr/2025:11:43:57 +0200] "GET /gui/javascript/form_form.js?1744019037 HTTP/1.1" 200 16206 "http://hausegger.activities.at/entry.php?id=10271&&ser=18977" "Mozilla/5.0 (Windows NT 10.0; Win64; x64; rv:137.0) Gecko/20100101 Firefox/137.0"
178.165.172.18 - - [07/Apr/2025:11:44:20 +0200] "GET /entry.php?id=10271&&ser=19000 HTTP/1.1" 200 986 "http://hausegger.activities.at/entry.php?id=10271&&ser=18939" "Mozilla/5.0 (Windows NT 10.0; Win64; x64; rv:137.0) Gecko/20100101 Firefox/137.0"
178.165.172.18 - - [07/Apr/2025:11:44:20 +0200] "GET /gui/javascript/form_form.js?1744019060 HTTP/1.1" 200 16206 "http://hausegger.activities.at/entry.php?id=10271&&ser=19000" "Mozilla/5.0 (Windows NT 10.0; Win64; x64; rv:137.0) Gecko/20100101 Firefox/137.0"
178.165.172.18 - - [07/Apr/2025:11:44:57 +0200] "GET /entry.php?id=10271&&ser=19037 HTTP/1.1" 200 986 "http://hausegger.activities.at/entry.php?id=10271&&ser=18977" "Mozilla/5.0 (Windows NT 10.0; Win64; x64; rv:137.0) Gecko/20100101 Firefox/137.0"
178.165.172.18 - - [07/Apr/2025:11:44:58 +0200] "GET /gui/javascript/form_form.js?1744019098 HTTP/1.1" 200 16206 "http://hausegger.activities.at/entry.php?id=10271&&ser=19037" "Mozilla/5.0 (Windows NT 10.0; Win64; x64; rv:137.0) Gecko/20100101 Firefox/137.0"
178.165.172.18 - - [07/Apr/2025:11:45:20 +0200] "GET /entry.php?id=10271&&ser=19060 HTTP/1.1" 200 986 "http://hausegger.activities.at/entry.php?id=10271&&ser=19000" "Mozilla/5.0 (Windows NT 10.0; Win64; x64; rv:137.0) Gecko/20100101 Firefox/137.0"
178.165.172.18 - - [07/Apr/2025:11:45:20 +0200] "GET /gui/javascript/form_form.js?1744019120 HTTP/1.1" 200 16206 "http://hausegger.activities.at/entry.php?id=10271&&ser=19060" "Mozilla/5.0 (Windows NT 10.0; Win64; x64; rv:137.0) Gecko/20100101 Firefox/137.0"
178.165.172.18 - - [07/Apr/2025:11:45:58 +0200] "GET /entry.php?id=10271&&ser=19098 HTTP/1.1" 200 986 "http://hausegger.activities.at/entry.php?id=10271&&ser=19037" "Mozilla/5.0 (Windows NT 10.0; Win64; x64; rv:137.0) Gecko/20100101 Firefox/137.0"
178.165.172.18 - - [07/Apr/2025:11:45:58 +0200] "GET /gui/javascript/form_form.js?1744019158 HTTP/1.1" 200 16206 "http://hausegger.activities.at/entry.php?id=10271&&ser=19098" "Mozilla/5.0 (Windows NT 10.0; Win64; x64; rv:137.0) Gecko/20100101 Firefox/137.0"
178.165.172.18 - - [07/Apr/2025:11:46:21 +0200] "GET /entry.php?id=10271&&ser=19120 HTTP/1.1" 200 985 "http://hausegger.activities.at/entry.php?id=10271&&ser=19060" "Mozilla/5.0 (Windows NT 10.0; Win64; x64; rv:137.0) Gecko/20100101 Firefox/137.0"
178.165.172.18 - - [07/Apr/2025:11:46:21 +0200] "GET /gui/javascript/form_form.js?1744019181 HTTP/1.1" 200 16206 "http://hausegger.activities.at/entry.php?id=10271&&ser=19120" "Mozilla/5.0 (Windows NT 10.0; Win64; x64; rv:137.0) Gecko/20100101 Firefox/137.0"
178.165.172.18 - - [07/Apr/2025:11:46:58 +0200] "GET /entry.php?id=10271&&ser=19158 HTTP/1.1" 200 986 "http://hausegger.activities.at/entry.php?id=10271&&ser=19098" "Mozilla/5.0 (Windows NT 10.0; Win64; x64; rv:137.0) Gecko/20100101 Firefox/137.0"
178.165.172.18 - - [07/Apr/2025:11:46:58 +0200] "GET /gui/javascript/form_form.js?1744019218 HTTP/1.1" 200 16206 "http://hausegger.activities.at/entry.php?id=10271&&ser=19158" "Mozilla/5.0 (Windows NT 10.0; Win64; x64; rv:137.0) Gecko/20100101 Firefox/137.0"
178.165.172.18 - - [07/Apr/2025:11:47:21 +0200] "GET /entry.php?id=10271&&ser=19181 HTTP/1.1" 200 985 "http://hausegger.activities.at/entry.php?id=10271&&ser=19120" "Mozilla/5.0 (Windows NT 10.0; Win64; x64; rv:137.0) Gecko/20100101 Firefox/137.0"
178.165.172.18 - - [07/Apr/2025:11:47:21 +0200] "GET /gui/javascript/form_form.js?1744019241 HTTP/1.1" 200 16206 "http://hausegger.activities.at/entry.php?id=10271&&ser=19181" "Mozilla/5.0 (Windows NT 10.0; Win64; x64; rv:137.0) Gecko/20100101 Firefox/137.0"
178.165.172.18 - - [07/Apr/2025:11:47:58 +0200] "GET /entry.php?id=10271&&ser=19218 HTTP/1.1" 200 986 "http://hausegger.activities.at/entry.php?id=10271&&ser=19158" "Mozilla/5.0 (Windows NT 10.0; Win64; x64; rv:137.0) Gecko/20100101 Firefox/137.0"
178.165.172.18 - - [07/Apr/2025:11:47:59 +0200] "GET /gui/javascript/form_form.js?1744019279 HTTP/1.1" 200 16206 "http://hausegger.activities.at/entry.php?id=10271&&ser=19218" "Mozilla/5.0 (Windows NT 10.0; Win64; x64; rv:137.0) Gecko/20100101 Firefox/137.0"
178.165.172.18 - - [07/Apr/2025:11:48:21 +0200] "GET /entry.php?id=10271&&ser=19241 HTTP/1.1" 200 986 "http://hausegger.activities.at/entry.php?id=10271&&ser=19181" "Mozilla/5.0 (Windows NT 10.0; Win64; x64; rv:137.0) Gecko/20100101 Firefox/137.0"
178.165.172.18 - - [07/Apr/2025:11:48:21 +0200] "GET /gui/javascript/form_form.js?1744019301 HTTP/1.1" 200 16206 "http://hausegger.activities.at/entry.php?id=10271&&ser=19241" "Mozilla/5.0 (Windows NT 10.0; Win64; x64; rv:137.0) Gecko/20100101 Firefox/137.0"
94.181.156.210 - - [07/Apr/2025:11:48:48 +0200] "GET / HTTP/1.0" 200 423 "http://food-and-drink.vienna-lodgings.at/" "Mozilla/5.0 (Windows NT 6.3; WOW64) AppleWebKit/537.36 (KHTML, like Gecko) Chrome/103.0.0.0 Safari/537.36"
178.165.172.18 - - [07/Apr/2025:11:48:59 +0200] "GET /entry.php?id=10271&&ser=19279 HTTP/1.1" 200 986 "http://hausegger.activities.at/entry.php?id=10271&&ser=19218" "Mozilla/5.0 (Windows NT 10.0; Win64; x64; rv:137.0) Gecko/20100101 Firefox/137.0"
178.165.172.18 - - [07/Apr/2025:11:48:59 +0200] "GET /gui/javascript/form_form.js?1744019339 HTTP/1.1" 200 16206 "http://hausegger.activities.at/entry.php?id=10271&&ser=19279" "Mozilla/5.0 (Windows NT 10.0; Win64; x64; rv:137.0) Gecko/20100101 Firefox/137.0"
178.165.172.18 - - [07/Apr/2025:11:49:22 +0200] "GET /entry.php?id=10271&&ser=19301 HTTP/1.1" 200 986 "http://hausegger.activities.at/entry.php?id=10271&&ser=19241" "Mozilla/5.0 (Windows NT 10.0; Win64; x64; rv:137.0) Gecko/20100101 Firefox/137.0"
178.165.172.18 - - [07/Apr/2025:11:49:22 +0200] "GET /gui/javascript/form_form.js?1744019362 HTTP/1.1" 200 16206 "http://hausegger.activities.at/entry.php?id=10271&&ser=19301" "Mozilla/5.0 (Windows NT 10.0; Win64; x64; rv:137.0) Gecko/20100101 Firefox/137.0"
178.165.172.18 - - [07/Apr/2025:11:49:59 +0200] "GET /entry.php?id=10271&&ser=19339 HTTP/1.1" 200 986 "http://hausegger.activities.at/entry.php?id=10271&&ser=19279" "Mozilla/5.0 (Windows NT 10.0; Win64; x64; rv:137.0) Gecko/20100101 Firefox/137.0"
178.165.172.18 - - [07/Apr/2025:11:49:59 +0200] "GET /gui/javascript/form_form.js?1744019399 HTTP/1.1" 200 16206 "http://hausegger.activities.at/entry.php?id=10271&&ser=19339" "Mozilla/5.0 (Windows NT 10.0; Win64; x64; rv:137.0) Gecko/20100101 Firefox/137.0"
178.165.172.18 - - [07/Apr/2025:11:50:22 +0200] "GET /entry.php?id=10271&&ser=19362 HTTP/1.1" 200 985 "http://hausegger.activities.at/entry.php?id=10271&&ser=19301" "Mozilla/5.0 (Windows NT 10.0; Win64; x64; rv:137.0) Gecko/20100101 Firefox/137.0"
178.165.172.18 - - [07/Apr/2025:11:50:22 +0200] "GET /gui/javascript/form_form.js?1744019422 HTTP/1.1" 200 16206 "http://hausegger.activities.at/entry.php?id=10271&&ser=19362" "Mozilla/5.0 (Windows NT 10.0; Win64; x64; rv:137.0) Gecko/20100101 Firefox/137.0"
178.165.172.18 - - [07/Apr/2025:11:50:59 +0200] "GET /entry.php?id=10271&&ser=19399 HTTP/1.1" 200 985 "http://hausegger.activities.at/entry.php?id=10271&&ser=19339" "Mozilla/5.0 (Windows NT 10.0; Win64; x64; rv:137.0) Gecko/20100101 Firefox/137.0"
178.165.172.18 - - [07/Apr/2025:11:51:00 +0200] "GET /gui/javascript/form_form.js?1744019459 HTTP/1.1" 200 16206 "http://hausegger.activities.at/entry.php?id=10271&&ser=19399" "Mozilla/5.0 (Windows NT 10.0; Win64; x64; rv:137.0) Gecko/20100101 Firefox/137.0"
178.165.172.18 - - [07/Apr/2025:11:51:22 +0200] "GET /entry.php?id=10271&&ser=19422 HTTP/1.1" 200 985 "http://hausegger.activities.at/entry.php?id=10271&&ser=19362" "Mozilla/5.0 (Windows NT 10.0; Win64; x64; rv:137.0) Gecko/20100101 Firefox/137.0"
178.165.172.18 - - [07/Apr/2025:11:51:23 +0200] "GET /gui/javascript/form_form.js?1744019482 HTTP/1.1" 200 16206 "http://hausegger.activities.at/entry.php?id=10271&&ser=19422" "Mozilla/5.0 (Windows NT 10.0; Win64; x64; rv:137.0) Gecko/20100101 Firefox/137.0"
151.106.191.239 - - [07/Apr/2025:11:51:36 +0200] "GET /cron.php?cron_type=tidy_cache&sid=0db7ef4161067a9a1347108466ac4602 HTTP/1.1" 404 290 "-" "Mozilla/5.0 (X11; Ubuntu; Linux x86_64; rv:72.0) Gecko/20100101 Firefox/72.0"
151.106.191.239 - - [07/Apr/2025:11:51:36 +0200] "GET /cron.php?cron_type=tidy_cache&sid=0db7ef4161067a9a1347108466ac4602 HTTP/1.1" 404 290 "-" "Mozilla/5.0 (X11; Ubuntu; Linux x86_64; rv:72.0) Gecko/20100101 Firefox/72.0"
151.106.191.239 - - [07/Apr/2025:11:51:36 +0200] "GET /cron.php?cron_type=tidy_cache&sid=0db7ef4161067a9a1347108466ac4602 HTTP/1.1" 404 290 "-" "Mozilla/5.0 (X11; Ubuntu; Linux x86_64; rv:72.0) Gecko/20100101 Firefox/72.0"
178.165.172.18 - - [07/Apr/2025:11:52:00 +0200] "GET /entry.php?id=10271&&ser=19459 HTTP/1.1" 200 986 "http://hausegger.activities.at/entry.php?id=10271&&ser=19399" "Mozilla/5.0 (Windows NT 10.0; Win64; x64; rv:137.0) Gecko/20100101 Firefox/137.0"
178.165.172.18 - - [07/Apr/2025:11:52:00 +0200] "GET /gui/javascript/form_form.js?1744019520 HTTP/1.1" 200 16206 "http://hausegger.activities.at/entry.php?id=10271&&ser=19459" "Mozilla/5.0 (Windows NT 10.0; Win64; x64; rv:137.0) Gecko/20100101 Firefox/137.0"
156.59.198.136 - - [07/Apr/2025:11:52:20 +0200] "GET /renault.activities.at/htdocs/export/pdf/emuc_document/11321002.pdf HTTP/1.0" 404 322 "-" "Mozilla/5.0 (Linux; Android 5.0) AppleWebKit/537.36 (KHTML, like Gecko) Mobile Safari/537.36 (compatible; Bytespider; spider-feedback@bytedance.com)"
178.165.172.18 - - [07/Apr/2025:11:52:23 +0200] "GET /entry.php?id=10271&&ser=19482 HTTP/1.1" 200 986 "http://hausegger.activities.at/entry.php?id=10271&&ser=19422" "Mozilla/5.0 (Windows NT 10.0; Win64; x64; rv:137.0) Gecko/20100101 Firefox/137.0"
178.165.172.18 - - [07/Apr/2025:11:52:23 +0200] "GET /gui/javascript/form_form.js?1744019543 HTTP/1.1" 200 16206 "http://hausegger.activities.at/entry.php?id=10271&&ser=19482" "Mozilla/5.0 (Windows NT 10.0; Win64; x64; rv:137.0) Gecko/20100101 Firefox/137.0"
178.165.172.18 - - [07/Apr/2025:11:53:00 +0200] "GET /entry.php?id=10271&&ser=19520 HTTP/1.1" 200 986 "http://hausegger.activities.at/entry.php?id=10271&&ser=19459" "Mozilla/5.0 (Windows NT 10.0; Win64; x64; rv:137.0) Gecko/20100101 Firefox/137.0"
178.165.172.18 - - [07/Apr/2025:11:53:00 +0200] "GET /gui/javascript/form_form.js?1744019580 HTTP/1.1" 200 16206 "http://hausegger.activities.at/entry.php?id=10271&&ser=19520" "Mozilla/5.0 (Windows NT 10.0; Win64; x64; rv:137.0) Gecko/20100101 Firefox/137.0"
178.165.172.18 - - [07/Apr/2025:11:53:23 +0200] "GET /entry.php?id=10271&&ser=19543 HTTP/1.1" 200 986 "http://hausegger.activities.at/entry.php?id=10271&&ser=19482" "Mozilla/5.0 (Windows NT 10.0; Win64; x64; rv:137.0) Gecko/20100101 Firefox/137.0"
178.165.172.18 - - [07/Apr/2025:11:53:23 +0200] "GET /gui/javascript/form_form.js?1744019603 HTTP/1.1" 200 16206 "http://hausegger.activities.at/entry.php?id=10271&&ser=19543" "Mozilla/5.0 (Windows NT 10.0; Win64; x64; rv:137.0) Gecko/20100101 Firefox/137.0"
151.106.176.244 - - [07/Apr/2025:11:53:45 +0200] "GET /cron.php?cron_type=tidy_cache&sid=2d2b499df0045815a0b654ee07f30b3f HTTP/1.1" 404 290 "-" "Mozilla/5.0 (X11; Ubuntu; Linux x86_64; rv:72.0) Gecko/20100101 Firefox/72.0"
151.106.176.244 - - [07/Apr/2025:11:53:45 +0200] "GET /cron.php?cron_type=tidy_cache&sid=2d2b499df0045815a0b654ee07f30b3f HTTP/1.1" 404 290 "-" "Mozilla/5.0 (X11; Ubuntu; Linux x86_64; rv:72.0) Gecko/20100101 Firefox/72.0"
151.106.176.244 - - [07/Apr/2025:11:53:46 +0200] "GET /cron.php?cron_type=tidy_cache&sid=2d2b499df0045815a0b654ee07f30b3f HTTP/1.1" 404 290 "-" "Mozilla/5.0 (X11; Ubuntu; Linux x86_64; rv:72.0) Gecko/20100101 Firefox/72.0"
178.165.172.18 - - [07/Apr/2025:11:54:00 +0200] "GET /entry.php?id=10271&&ser=19580 HTTP/1.1" 200 987 "http://hausegger.activities.at/entry.php?id=10271&&ser=19520" "Mozilla/5.0 (Windows NT 10.0; Win64; x64; rv:137.0) Gecko/20100101 Firefox/137.0"
178.165.172.18 - - [07/Apr/2025:11:54:01 +0200] "GET /gui/javascript/form_form.js?1744019641 HTTP/1.1" 200 16206 "http://hausegger.activities.at/entry.php?id=10271&&ser=19580" "Mozilla/5.0 (Windows NT 10.0; Win64; x64; rv:137.0) Gecko/20100101 Firefox/137.0"
178.165.172.18 - - [07/Apr/2025:11:54:23 +0200] "GET /entry.php?id=10271&&ser=19603 HTTP/1.1" 200 986 "http://hausegger.activities.at/entry.php?id=10271&&ser=19543" "Mozilla/5.0 (Windows NT 10.0; Win64; x64; rv:137.0) Gecko/20100101 Firefox/137.0"
178.165.172.18 - - [07/Apr/2025:11:54:24 +0200] "GET /gui/javascript/form_form.js?1744019664 HTTP/1.1" 200 16206 "http://hausegger.activities.at/entry.php?id=10271&&ser=19603" "Mozilla/5.0 (Windows NT 10.0; Win64; x64; rv:137.0) Gecko/20100101 Firefox/137.0"
178.165.172.18 - - [07/Apr/2025:11:55:01 +0200] "GET /entry.php?id=10271&&ser=19640 HTTP/1.1" 200 986 "http://hausegger.activities.at/entry.php?id=10271&&ser=19580" "Mozilla/5.0 (Windows NT 10.0; Win64; x64; rv:137.0) Gecko/20100101 Firefox/137.0"
178.165.172.18 - - [07/Apr/2025:11:55:01 +0200] "GET /gui/javascript/form_form.js?1744019701 HTTP/1.1" 200 16206 "http://hausegger.activities.at/entry.php?id=10271&&ser=19640" "Mozilla/5.0 (Windows NT 10.0; Win64; x64; rv:137.0) Gecko/20100101 Firefox/137.0"
178.165.172.18 - - [07/Apr/2025:11:55:24 +0200] "GET /entry.php?id=10271&&ser=19664 HTTP/1.1" 200 986 "http://hausegger.activities.at/entry.php?id=10271&&ser=19603" "Mozilla/5.0 (Windows NT 10.0; Win64; x64; rv:137.0) Gecko/20100101 Firefox/137.0"
178.165.172.18 - - [07/Apr/2025:11:55:24 +0200] "GET /gui/javascript/form_form.js?1744019724 HTTP/1.1" 200 16206 "http://hausegger.activities.at/entry.php?id=10271&&ser=19664" "Mozilla/5.0 (Windows NT 10.0; Win64; x64; rv:137.0) Gecko/20100101 Firefox/137.0"
178.165.172.18 - - [07/Apr/2025:11:56:01 +0200] "GET /entry.php?id=10271&&ser=19701 HTTP/1.1" 200 986 "http://hausegger.activities.at/entry.php?id=10271&&ser=19640" "Mozilla/5.0 (Windows NT 10.0; Win64; x64; rv:137.0) Gecko/20100101 Firefox/137.0"
178.165.172.18 - - [07/Apr/2025:11:56:01 +0200] "GET /gui/javascript/form_form.js?1744019761 HTTP/1.1" 200 16206 "http://hausegger.activities.at/entry.php?id=10271&&ser=19701" "Mozilla/5.0 (Windows NT 10.0; Win64; x64; rv:137.0) Gecko/20100101 Firefox/137.0"
178.165.172.18 - - [07/Apr/2025:11:56:24 +0200] "GET /entry.php?id=10271&&ser=19724 HTTP/1.1" 200 986 "http://hausegger.activities.at/entry.php?id=10271&&ser=19664" "Mozilla/5.0 (Windows NT 10.0; Win64; x64; rv:137.0) Gecko/20100101 Firefox/137.0"
178.165.172.18 - - [07/Apr/2025:11:56:24 +0200] "GET /gui/javascript/form_form.js?1744019784 HTTP/1.1" 200 16206 "http://hausegger.activities.at/entry.php?id=10271&&ser=19724" "Mozilla/5.0 (Windows NT 10.0; Win64; x64; rv:137.0) Gecko/20100101 Firefox/137.0"
178.165.172.18 - - [07/Apr/2025:11:57:01 +0200] "GET /entry.php?id=10271&&ser=19761 HTTP/1.1" 200 986 "http://hausegger.activities.at/entry.php?id=10271&&ser=19701" "Mozilla/5.0 (Windows NT 10.0; Win64; x64; rv:137.0) Gecko/20100101 Firefox/137.0"
178.165.172.18 - - [07/Apr/2025:11:57:02 +0200] "GET /gui/javascript/form_form.js?1744019821 HTTP/1.1" 200 16206 "http://hausegger.activities.at/entry.php?id=10271&&ser=19761" "Mozilla/5.0 (Windows NT 10.0; Win64; x64; rv:137.0) Gecko/20100101 Firefox/137.0"
178.165.172.18 - - [07/Apr/2025:11:57:25 +0200] "GET /entry.php?id=10271&&ser=19784 HTTP/1.1" 200 986 "http://hausegger.activities.at/entry.php?id=10271&&ser=19724" "Mozilla/5.0 (Windows NT 10.0; Win64; x64; rv:137.0) Gecko/20100101 Firefox/137.0"
178.165.172.18 - - [07/Apr/2025:11:57:25 +0200] "GET /gui/javascript/form_form.js?1744019845 HTTP/1.1" 200 16206 "http://hausegger.activities.at/entry.php?id=10271&&ser=19784" "Mozilla/5.0 (Windows NT 10.0; Win64; x64; rv:137.0) Gecko/20100101 Firefox/137.0"
178.165.172.18 - - [07/Apr/2025:11:58:02 +0200] "GET /entry.php?id=10271&&ser=19821 HTTP/1.1" 200 986 "http://hausegger.activities.at/entry.php?id=10271&&ser=19761" "Mozilla/5.0 (Windows NT 10.0; Win64; x64; rv:137.0) Gecko/20100101 Firefox/137.0"
178.165.172.18 - - [07/Apr/2025:11:58:02 +0200] "GET /gui/javascript/form_form.js?1744019882 HTTP/1.1" 200 16206 "http://hausegger.activities.at/entry.php?id=10271&&ser=19821" "Mozilla/5.0 (Windows NT 10.0; Win64; x64; rv:137.0) Gecko/20100101 Firefox/137.0"
178.165.172.18 - - [07/Apr/2025:11:58:25 +0200] "GET /entry.php?id=10271&&ser=19845 HTTP/1.1" 200 986 "http://hausegger.activities.at/entry.php?id=10271&&ser=19784" "Mozilla/5.0 (Windows NT 10.0; Win64; x64; rv:137.0) Gecko/20100101 Firefox/137.0"
178.165.172.18 - - [07/Apr/2025:11:58:25 +0200] "GET /gui/javascript/form_form.js?1744019905 HTTP/1.1" 200 16206 "http://hausegger.activities.at/entry.php?id=10271&&ser=19845" "Mozilla/5.0 (Windows NT 10.0; Win64; x64; rv:137.0) Gecko/20100101 Firefox/137.0"
178.165.172.18 - - [07/Apr/2025:11:59:02 +0200] "GET /entry.php?id=10271&&ser=19882 HTTP/1.1" 200 986 "http://hausegger.activities.at/entry.php?id=10271&&ser=19821" "Mozilla/5.0 (Windows NT 10.0; Win64; x64; rv:137.0) Gecko/20100101 Firefox/137.0"
178.165.172.18 - - [07/Apr/2025:11:59:02 +0200] "GET /gui/javascript/form_form.js?1744019942 HTTP/1.1" 200 16206 "http://hausegger.activities.at/entry.php?id=10271&&ser=19882" "Mozilla/5.0 (Windows NT 10.0; Win64; x64; rv:137.0) Gecko/20100101 Firefox/137.0"
178.165.172.18 - - [07/Apr/2025:11:59:25 +0200] "GET /entry.php?id=10271&&ser=19905 HTTP/1.1" 200 986 "http://hausegger.activities.at/entry.php?id=10271&&ser=19845" "Mozilla/5.0 (Windows NT 10.0; Win64; x64; rv:137.0) Gecko/20100101 Firefox/137.0"
