178.165.172.18 - - [09/Apr/2025:12:00:02 +0200] "GET /entry.php?id=10271&&ser=192742 HTTP/1.1" 200 986 "http://hausegger.activities.at/entry.php?id=10271&&ser=192681" "Mozilla/5.0 (Windows NT 10.0; Win64; x64; rv:137.0) Gecko/20100101 Firefox/137.0"
178.165.172.18 - - [09/Apr/2025:12:00:02 +0200] "GET /gui/javascript/form_form.js?1744192802 HTTP/1.1" 200 16206 "http://hausegger.activities.at/entry.php?id=10271&&ser=192742" "Mozilla/5.0 (Windows NT 10.0; Win64; x64; rv:137.0) Gecko/20100101 Firefox/137.0"
178.165.172.18 - - [09/Apr/2025:12:01:02 +0200] "GET /entry.php?id=10271&&ser=192802 HTTP/1.1" 200 986 "http://hausegger.activities.at/entry.php?id=10271&&ser=192742" "Mozilla/5.0 (Windows NT 10.0; Win64; x64; rv:137.0) Gecko/20100101 Firefox/137.0"
178.165.172.18 - - [09/Apr/2025:12:01:02 +0200] "GET /gui/javascript/form_form.js?1744192862 HTTP/1.1" 200 16206 "http://hausegger.activities.at/entry.php?id=10271&&ser=192802" "Mozilla/5.0 (Windows NT 10.0; Win64; x64; rv:137.0) Gecko/20100101 Firefox/137.0"
178.165.172.18 - - [09/Apr/2025:12:02:03 +0200] "GET /entry.php?id=10271&&ser=192862 HTTP/1.1" 200 986 "http://hausegger.activities.at/entry.php?id=10271&&ser=192802" "Mozilla/5.0 (Windows NT 10.0; Win64; x64; rv:137.0) Gecko/20100101 Firefox/137.0"
178.165.172.18 - - [09/Apr/2025:12:02:03 +0200] "GET /gui/javascript/form_form.js?1744192923 HTTP/1.1" 200 16206 "http://hausegger.activities.at/entry.php?id=10271&&ser=192862" "Mozilla/5.0 (Windows NT 10.0; Win64; x64; rv:137.0) Gecko/20100101 Firefox/137.0"
178.165.172.18 - - [09/Apr/2025:12:03:03 +0200] "GET /entry.php?id=10271&&ser=192923 HTTP/1.1" 200 986 "http://hausegger.activities.at/entry.php?id=10271&&ser=192862" "Mozilla/5.0 (Windows NT 10.0; Win64; x64; rv:137.0) Gecko/20100101 Firefox/137.0"
178.165.172.18 - - [09/Apr/2025:12:03:03 +0200] "GET /gui/javascript/form_form.js?1744192983 HTTP/1.1" 200 16206 "http://hausegger.activities.at/entry.php?id=10271&&ser=192923" "Mozilla/5.0 (Windows NT 10.0; Win64; x64; rv:137.0) Gecko/20100101 Firefox/137.0"
178.165.172.18 - - [09/Apr/2025:12:04:03 +0200] "GET /entry.php?id=10271&&ser=192983 HTTP/1.1" 200 986 "http://hausegger.activities.at/entry.php?id=10271&&ser=192923" "Mozilla/5.0 (Windows NT 10.0; Win64; x64; rv:137.0) Gecko/20100101 Firefox/137.0"
178.165.172.18 - - [09/Apr/2025:12:04:03 +0200] "GET /gui/javascript/form_form.js?1744193043 HTTP/1.1" 200 16206 "http://hausegger.activities.at/entry.php?id=10271&&ser=192983" "Mozilla/5.0 (Windows NT 10.0; Win64; x64; rv:137.0) Gecko/20100101 Firefox/137.0"
130.195.216.46 - - [09/Apr/2025:12:04:57 +0200] "GET /viewtopic.php?f=8&t=411 HTTP/1.0" 404 369 "http://triadian.castlegem.co.uk/viewtopic.php?f=8&t=411" "Mozilla/5.0 (Windows NT 10.0; Win64; x64) AppleWebKit/537.36 (KHTML, like Gecko) Chrome/130.0.0.0 Safari/537.36"
130.195.216.46 - - [09/Apr/2025:12:04:57 +0200] "GET / HTTP/1.0" 200 423 "http://triadian.castlegem.co.uk/" "Mozilla/5.0 (Windows NT 10.0; Win64; x64) AppleWebKit/537.36 (KHTML, like Gecko) Chrome/130.0.0.0 Safari/537.36"
178.165.172.18 - - [09/Apr/2025:12:05:04 +0200] "GET /entry.php?id=10271&&ser=193043 HTTP/1.1" 200 986 "http://hausegger.activities.at/entry.php?id=10271&&ser=192983" "Mozilla/5.0 (Windows NT 10.0; Win64; x64; rv:137.0) Gecko/20100101 Firefox/137.0"
178.165.172.18 - - [09/Apr/2025:12:05:04 +0200] "GET /gui/javascript/form_form.js?1744193104 HTTP/1.1" 200 16206 "http://hausegger.activities.at/entry.php?id=10271&&ser=193043" "Mozilla/5.0 (Windows NT 10.0; Win64; x64; rv:137.0) Gecko/20100101 Firefox/137.0"
154.81.156.54 - - [09/Apr/2025:12:05:21 +0200] "GET / HTTP/1.1" 200 274 "-" "Mozilla/5.0 (Windows NT 10.0; Win64; x64) AppleWebKit/537.36 (KHTML, like Gecko) Chrome/90.0.4430.85 Safari/537.36 Edg/90.0.818.46"
178.165.172.18 - - [09/Apr/2025:12:06:04 +0200] "GET /entry.php?id=10271&&ser=193104 HTTP/1.1" 200 986 "http://hausegger.activities.at/entry.php?id=10271&&ser=193043" "Mozilla/5.0 (Windows NT 10.0; Win64; x64; rv:137.0) Gecko/20100101 Firefox/137.0"
178.165.172.18 - - [09/Apr/2025:12:06:04 +0200] "GET /gui/javascript/form_form.js?1744193164 HTTP/1.1" 200 16206 "http://hausegger.activities.at/entry.php?id=10271&&ser=193104" "Mozilla/5.0 (Windows NT 10.0; Win64; x64; rv:137.0) Gecko/20100101 Firefox/137.0"
178.165.172.18 - - [09/Apr/2025:12:07:04 +0200] "GET /entry.php?id=10271&&ser=193164 HTTP/1.1" 200 986 "http://hausegger.activities.at/entry.php?id=10271&&ser=193104" "Mozilla/5.0 (Windows NT 10.0; Win64; x64; rv:137.0) Gecko/20100101 Firefox/137.0"
178.165.172.18 - - [09/Apr/2025:12:07:04 +0200] "GET /gui/javascript/form_form.js?1744193224 HTTP/1.1" 200 16206 "http://hausegger.activities.at/entry.php?id=10271&&ser=193164" "Mozilla/5.0 (Windows NT 10.0; Win64; x64; rv:137.0) Gecko/20100101 Firefox/137.0"
178.165.172.18 - - [09/Apr/2025:12:08:04 +0200] "GET /entry.php?id=10271&&ser=193224 HTTP/1.1" 200 986 "http://hausegger.activities.at/entry.php?id=10271&&ser=193164" "Mozilla/5.0 (Windows NT 10.0; Win64; x64; rv:137.0) Gecko/20100101 Firefox/137.0"
178.165.172.18 - - [09/Apr/2025:12:08:05 +0200] "GET /gui/javascript/form_form.js?1744193285 HTTP/1.1" 200 16206 "http://hausegger.activities.at/entry.php?id=10271&&ser=193224" "Mozilla/5.0 (Windows NT 10.0; Win64; x64; rv:137.0) Gecko/20100101 Firefox/137.0"
178.165.172.18 - - [09/Apr/2025:12:09:05 +0200] "GET /entry.php?id=10271&&ser=193285 HTTP/1.1" 200 986 "http://hausegger.activities.at/entry.php?id=10271&&ser=193224" "Mozilla/5.0 (Windows NT 10.0; Win64; x64; rv:137.0) Gecko/20100101 Firefox/137.0"
178.165.172.18 - - [09/Apr/2025:12:09:05 +0200] "GET /gui/javascript/form_form.js?1744193345 HTTP/1.1" 200 16206 "http://hausegger.activities.at/entry.php?id=10271&&ser=193285" "Mozilla/5.0 (Windows NT 10.0; Win64; x64; rv:137.0) Gecko/20100101 Firefox/137.0"
178.165.172.18 - - [09/Apr/2025:12:10:05 +0200] "GET /entry.php?id=10271&&ser=193345 HTTP/1.1" 200 986 "http://hausegger.activities.at/entry.php?id=10271&&ser=193285" "Mozilla/5.0 (Windows NT 10.0; Win64; x64; rv:137.0) Gecko/20100101 Firefox/137.0"
178.165.172.18 - - [09/Apr/2025:12:10:05 +0200] "GET /gui/javascript/form_form.js?1744193405 HTTP/1.1" 200 16206 "http://hausegger.activities.at/entry.php?id=10271&&ser=193345" "Mozilla/5.0 (Windows NT 10.0; Win64; x64; rv:137.0) Gecko/20100101 Firefox/137.0"
178.165.172.18 - - [09/Apr/2025:12:11:05 +0200] "GET /entry.php?id=10271&&ser=193405 HTTP/1.1" 200 986 "http://hausegger.activities.at/entry.php?id=10271&&ser=193345" "Mozilla/5.0 (Windows NT 10.0; Win64; x64; rv:137.0) Gecko/20100101 Firefox/137.0"
178.165.172.18 - - [09/Apr/2025:12:11:06 +0200] "GET /gui/javascript/form_form.js?1744193465 HTTP/1.1" 200 16206 "http://hausegger.activities.at/entry.php?id=10271&&ser=193405" "Mozilla/5.0 (Windows NT 10.0; Win64; x64; rv:137.0) Gecko/20100101 Firefox/137.0"
178.165.172.18 - - [09/Apr/2025:12:12:06 +0200] "GET /entry.php?id=10271&&ser=193465 HTTP/1.1" 200 986 "http://hausegger.activities.at/entry.php?id=10271&&ser=193405" "Mozilla/5.0 (Windows NT 10.0; Win64; x64; rv:137.0) Gecko/20100101 Firefox/137.0"
178.165.172.18 - - [09/Apr/2025:12:12:06 +0200] "GET /gui/javascript/form_form.js?1744193526 HTTP/1.1" 200 16206 "http://hausegger.activities.at/entry.php?id=10271&&ser=193465" "Mozilla/5.0 (Windows NT 10.0; Win64; x64; rv:137.0) Gecko/20100101 Firefox/137.0"
178.165.172.18 - - [09/Apr/2025:12:13:06 +0200] "GET /entry.php?id=10271&&ser=193526 HTTP/1.1" 200 986 "http://hausegger.activities.at/entry.php?id=10271&&ser=193465" "Mozilla/5.0 (Windows NT 10.0; Win64; x64; rv:137.0) Gecko/20100101 Firefox/137.0"
178.165.172.18 - - [09/Apr/2025:12:13:06 +0200] "GET /gui/javascript/form_form.js?1744193586 HTTP/1.1" 200 16206 "http://hausegger.activities.at/entry.php?id=10271&&ser=193526" "Mozilla/5.0 (Windows NT 10.0; Win64; x64; rv:137.0) Gecko/20100101 Firefox/137.0"
178.165.172.18 - - [09/Apr/2025:12:14:06 +0200] "GET /entry.php?id=10271&&ser=193586 HTTP/1.1" 200 986 "http://hausegger.activities.at/entry.php?id=10271&&ser=193526" "Mozilla/5.0 (Windows NT 10.0; Win64; x64; rv:137.0) Gecko/20100101 Firefox/137.0"
178.165.172.18 - - [09/Apr/2025:12:14:06 +0200] "GET /gui/javascript/form_form.js?1744193646 HTTP/1.1" 200 16206 "http://hausegger.activities.at/entry.php?id=10271&&ser=193586" "Mozilla/5.0 (Windows NT 10.0; Win64; x64; rv:137.0) Gecko/20100101 Firefox/137.0"
178.165.172.18 - - [09/Apr/2025:12:15:07 +0200] "GET /entry.php?id=10271&&ser=193646 HTTP/1.1" 200 986 "http://hausegger.activities.at/entry.php?id=10271&&ser=193586" "Mozilla/5.0 (Windows NT 10.0; Win64; x64; rv:137.0) Gecko/20100101 Firefox/137.0"
178.165.172.18 - - [09/Apr/2025:12:15:07 +0200] "GET /gui/javascript/form_form.js?1744193707 HTTP/1.1" 200 16206 "http://hausegger.activities.at/entry.php?id=10271&&ser=193646" "Mozilla/5.0 (Windows NT 10.0; Win64; x64; rv:137.0) Gecko/20100101 Firefox/137.0"
178.165.172.18 - - [09/Apr/2025:12:16:07 +0200] "GET /entry.php?id=10271&&ser=193707 HTTP/1.1" 200 986 "http://hausegger.activities.at/entry.php?id=10271&&ser=193646" "Mozilla/5.0 (Windows NT 10.0; Win64; x64; rv:137.0) Gecko/20100101 Firefox/137.0"
178.165.172.18 - - [09/Apr/2025:12:16:07 +0200] "GET /gui/javascript/form_form.js?1744193767 HTTP/1.1" 200 16206 "http://hausegger.activities.at/entry.php?id=10271&&ser=193707" "Mozilla/5.0 (Windows NT 10.0; Win64; x64; rv:137.0) Gecko/20100101 Firefox/137.0"
204.10.194.33 - - [09/Apr/2025:12:16:48 +0200] "GET /wp-content/plugins/WordPressCore/include.php HTTP/1.1" 404 320 "www.google.com" "Mozilla/5.0 (Linux; Android 7.0; SM-G892A Build/NRD90M; wv) AppleWebKit/537.36 (KHTML, like Gecko) Version/4.0 Chrome/60.0.3112.107 Mobile Safari/537.36"
178.165.172.18 - - [09/Apr/2025:12:17:07 +0200] "GET /entry.php?id=10271&&ser=193767 HTTP/1.1" 200 986 "http://hausegger.activities.at/entry.php?id=10271&&ser=193707" "Mozilla/5.0 (Windows NT 10.0; Win64; x64; rv:137.0) Gecko/20100101 Firefox/137.0"
178.165.172.18 - - [09/Apr/2025:12:17:07 +0200] "GET /gui/javascript/form_form.js?1744193827 HTTP/1.1" 200 16206 "http://hausegger.activities.at/entry.php?id=10271&&ser=193767" "Mozilla/5.0 (Windows NT 10.0; Win64; x64; rv:137.0) Gecko/20100101 Firefox/137.0"
178.165.172.18 - - [09/Apr/2025:12:18:08 +0200] "GET /entry.php?id=10271&&ser=193827 HTTP/1.1" 200 986 "http://hausegger.activities.at/entry.php?id=10271&&ser=193767" "Mozilla/5.0 (Windows NT 10.0; Win64; x64; rv:137.0) Gecko/20100101 Firefox/137.0"
178.165.172.18 - - [09/Apr/2025:12:18:08 +0200] "GET /gui/javascript/form_form.js?1744193888 HTTP/1.1" 200 16206 "http://hausegger.activities.at/entry.php?id=10271&&ser=193827" "Mozilla/5.0 (Windows NT 10.0; Win64; x64; rv:137.0) Gecko/20100101 Firefox/137.0"
178.165.172.18 - - [09/Apr/2025:12:19:08 +0200] "GET /entry.php?id=10271&&ser=193888 HTTP/1.1" 200 986 "http://hausegger.activities.at/entry.php?id=10271&&ser=193827" "Mozilla/5.0 (Windows NT 10.0; Win64; x64; rv:137.0) Gecko/20100101 Firefox/137.0"
178.165.172.18 - - [09/Apr/2025:12:19:08 +0200] "GET /gui/javascript/form_form.js?1744193948 HTTP/1.1" 200 16206 "http://hausegger.activities.at/entry.php?id=10271&&ser=193888" "Mozilla/5.0 (Windows NT 10.0; Win64; x64; rv:137.0) Gecko/20100101 Firefox/137.0"
178.165.172.18 - - [09/Apr/2025:12:20:08 +0200] "GET /entry.php?id=10271&&ser=193948 HTTP/1.1" 200 986 "http://hausegger.activities.at/entry.php?id=10271&&ser=193888" "Mozilla/5.0 (Windows NT 10.0; Win64; x64; rv:137.0) Gecko/20100101 Firefox/137.0"
178.165.172.18 - - [09/Apr/2025:12:20:08 +0200] "GET /gui/javascript/form_form.js?1744194008 HTTP/1.1" 200 16206 "http://hausegger.activities.at/entry.php?id=10271&&ser=193948" "Mozilla/5.0 (Windows NT 10.0; Win64; x64; rv:137.0) Gecko/20100101 Firefox/137.0"
178.165.172.18 - - [09/Apr/2025:12:21:09 +0200] "GET /entry.php?id=10271&&ser=194008 HTTP/1.1" 200 985 "http://hausegger.activities.at/entry.php?id=10271&&ser=193948" "Mozilla/5.0 (Windows NT 10.0; Win64; x64; rv:137.0) Gecko/20100101 Firefox/137.0"
178.165.172.18 - - [09/Apr/2025:12:21:09 +0200] "GET /gui/javascript/form_form.js?1744194069 HTTP/1.1" 200 16206 "http://hausegger.activities.at/entry.php?id=10271&&ser=194008" "Mozilla/5.0 (Windows NT 10.0; Win64; x64; rv:137.0) Gecko/20100101 Firefox/137.0"
178.165.172.18 - - [09/Apr/2025:12:22:09 +0200] "GET /entry.php?id=10271&&ser=194069 HTTP/1.1" 200 986 "http://hausegger.activities.at/entry.php?id=10271&&ser=194008" "Mozilla/5.0 (Windows NT 10.0; Win64; x64; rv:137.0) Gecko/20100101 Firefox/137.0"
178.165.172.18 - - [09/Apr/2025:12:22:09 +0200] "GET /gui/javascript/form_form.js?1744194129 HTTP/1.1" 200 16206 "http://hausegger.activities.at/entry.php?id=10271&&ser=194069" "Mozilla/5.0 (Windows NT 10.0; Win64; x64; rv:137.0) Gecko/20100101 Firefox/137.0"
5.183.209.244 - - [09/Apr/2025:12:22:45 +0200] "GET / HTTP/1.1" 200 274 "-" "Mozilla/5.0 (Windows NT 10.0; Win64; x64) AppleWebKit/537.36 (KHTML, like Gecko) Chrome/90.0.4430.85 Safari/537.36 Edg/90.0.818.46"
178.165.172.18 - - [09/Apr/2025:12:23:09 +0200] "GET /entry.php?id=10271&&ser=194129 HTTP/1.1" 200 986 "http://hausegger.activities.at/entry.php?id=10271&&ser=194069" "Mozilla/5.0 (Windows NT 10.0; Win64; x64; rv:137.0) Gecko/20100101 Firefox/137.0"
178.165.172.18 - - [09/Apr/2025:12:23:09 +0200] "GET /gui/javascript/form_form.js?1744194189 HTTP/1.1" 200 16206 "http://hausegger.activities.at/entry.php?id=10271&&ser=194129" "Mozilla/5.0 (Windows NT 10.0; Win64; x64; rv:137.0) Gecko/20100101 Firefox/137.0"
178.165.172.18 - - [09/Apr/2025:12:24:10 +0200] "GET /entry.php?id=10271&&ser=194189 HTTP/1.1" 200 985 "http://hausegger.activities.at/entry.php?id=10271&&ser=194129" "Mozilla/5.0 (Windows NT 10.0; Win64; x64; rv:137.0) Gecko/20100101 Firefox/137.0"
178.165.172.18 - - [09/Apr/2025:12:24:10 +0200] "GET /gui/javascript/form_form.js?1744194250 HTTP/1.1" 200 16206 "http://hausegger.activities.at/entry.php?id=10271&&ser=194189" "Mozilla/5.0 (Windows NT 10.0; Win64; x64; rv:137.0) Gecko/20100101 Firefox/137.0"
156.59.198.136 - - [09/Apr/2025:12:24:20 +0200] "GET /renault.activities.at/htdocs/export/pdf/emuc_document/12135613.pdf HTTP/1.0" 404 322 "-" "Mozilla/5.0 (Linux; Android 5.0) AppleWebKit/537.36 (KHTML, like Gecko) Mobile Safari/537.36 (compatible; Bytespider; spider-feedback@bytedance.com)"
154.81.156.35 - - [09/Apr/2025:12:25:02 +0200] "GET / HTTP/1.1" 200 274 "-" "Mozilla/5.0 (Windows NT 10.0; Win64; x64) AppleWebKit/537.36 (KHTML, like Gecko) Chrome/90.0.4430.85 Safari/537.36 Edg/90.0.818.46"
178.165.172.18 - - [09/Apr/2025:12:25:10 +0200] "GET /entry.php?id=10271&&ser=194250 HTTP/1.1" 200 986 "http://hausegger.activities.at/entry.php?id=10271&&ser=194189" "Mozilla/5.0 (Windows NT 10.0; Win64; x64; rv:137.0) Gecko/20100101 Firefox/137.0"
178.165.172.18 - - [09/Apr/2025:12:25:10 +0200] "GET /gui/javascript/form_form.js?1744194310 HTTP/1.1" 200 16206 "http://hausegger.activities.at/entry.php?id=10271&&ser=194250" "Mozilla/5.0 (Windows NT 10.0; Win64; x64; rv:137.0) Gecko/20100101 Firefox/137.0"
178.165.172.18 - - [09/Apr/2025:12:26:10 +0200] "GET /entry.php?id=10271&&ser=194310 HTTP/1.1" 200 986 "http://hausegger.activities.at/entry.php?id=10271&&ser=194250" "Mozilla/5.0 (Windows NT 10.0; Win64; x64; rv:137.0) Gecko/20100101 Firefox/137.0"
178.165.172.18 - - [09/Apr/2025:12:26:10 +0200] "GET /gui/javascript/form_form.js?1744194370 HTTP/1.1" 200 16206 "http://hausegger.activities.at/entry.php?id=10271&&ser=194310" "Mozilla/5.0 (Windows NT 10.0; Win64; x64; rv:137.0) Gecko/20100101 Firefox/137.0"
178.165.172.18 - - [09/Apr/2025:12:27:11 +0200] "GET /entry.php?id=10271&&ser=194370 HTTP/1.1" 200 985 "http://hausegger.activities.at/entry.php?id=10271&&ser=194310" "Mozilla/5.0 (Windows NT 10.0; Win64; x64; rv:137.0) Gecko/20100101 Firefox/137.0"
178.165.172.18 - - [09/Apr/2025:12:27:11 +0200] "GET /gui/javascript/form_form.js?1744194431 HTTP/1.1" 200 16206 "http://hausegger.activities.at/entry.php?id=10271&&ser=194370" "Mozilla/5.0 (Windows NT 10.0; Win64; x64; rv:137.0) Gecko/20100101 Firefox/137.0"
178.165.172.18 - - [09/Apr/2025:12:28:11 +0200] "GET /entry.php?id=10271&&ser=194431 HTTP/1.1" 200 985 "http://hausegger.activities.at/entry.php?id=10271&&ser=194370" "Mozilla/5.0 (Windows NT 10.0; Win64; x64; rv:137.0) Gecko/20100101 Firefox/137.0"
178.165.172.18 - - [09/Apr/2025:12:28:11 +0200] "GET /gui/javascript/form_form.js?1744194491 HTTP/1.1" 200 16206 "http://hausegger.activities.at/entry.php?id=10271&&ser=194431" "Mozilla/5.0 (Windows NT 10.0; Win64; x64; rv:137.0) Gecko/20100101 Firefox/137.0"
151.106.164.53 - - [09/Apr/2025:12:28:51 +0200] "GET /cron.php?cron_type=tidy_warnings&sid=306f9f6c1639541ca05e4b48c9db9c08 HTTP/1.1" 404 290 "-" "Mozilla/5.0 (X11; Ubuntu; Linux x86_64; rv:72.0) Gecko/20100101 Firefox/72.0"
151.106.164.53 - - [09/Apr/2025:12:28:51 +0200] "GET /cron.php?cron_type=tidy_warnings&sid=306f9f6c1639541ca05e4b48c9db9c08 HTTP/1.1" 404 290 "-" "Mozilla/5.0 (X11; Ubuntu; Linux x86_64; rv:72.0) Gecko/20100101 Firefox/72.0"
151.106.164.53 - - [09/Apr/2025:12:28:52 +0200] "GET /cron.php?cron_type=tidy_warnings&sid=306f9f6c1639541ca05e4b48c9db9c08 HTTP/1.1" 404 290 "-" "Mozilla/5.0 (X11; Ubuntu; Linux x86_64; rv:72.0) Gecko/20100101 Firefox/72.0"
93.174.93.12 - - [09/Apr/2025:12:28:59 +0200] "\x16\x03\x02\x01o\x01" 400 383 "-" "-"
178.165.172.18 - - [09/Apr/2025:12:29:11 +0200] "GET /entry.php?id=10271&&ser=194491 HTTP/1.1" 200 986 "http://hausegger.activities.at/entry.php?id=10271&&ser=194431" "Mozilla/5.0 (Windows NT 10.0; Win64; x64; rv:137.0) Gecko/20100101 Firefox/137.0"
178.165.172.18 - - [09/Apr/2025:12:29:11 +0200] "GET /gui/javascript/form_form.js?1744194551 HTTP/1.1" 200 16206 "http://hausegger.activities.at/entry.php?id=10271&&ser=194491" "Mozilla/5.0 (Windows NT 10.0; Win64; x64; rv:137.0) Gecko/20100101 Firefox/137.0"
178.165.172.18 - - [09/Apr/2025:12:30:12 +0200] "GET /entry.php?id=10271&&ser=194551 HTTP/1.1" 200 986 "http://hausegger.activities.at/entry.php?id=10271&&ser=194491" "Mozilla/5.0 (Windows NT 10.0; Win64; x64; rv:137.0) Gecko/20100101 Firefox/137.0"
178.165.172.18 - - [09/Apr/2025:12:30:12 +0200] "GET /gui/javascript/form_form.js?1744194612 HTTP/1.1" 200 16206 "http://hausegger.activities.at/entry.php?id=10271&&ser=194551" "Mozilla/5.0 (Windows NT 10.0; Win64; x64; rv:137.0) Gecko/20100101 Firefox/137.0"
178.165.172.18 - - [09/Apr/2025:12:31:12 +0200] "GET /entry.php?id=10271&&ser=194612 HTTP/1.1" 200 986 "http://hausegger.activities.at/entry.php?id=10271&&ser=194551" "Mozilla/5.0 (Windows NT 10.0; Win64; x64; rv:137.0) Gecko/20100101 Firefox/137.0"
178.165.172.18 - - [09/Apr/2025:12:31:12 +0200] "GET /gui/javascript/form_form.js?1744194672 HTTP/1.1" 200 16206 "http://hausegger.activities.at/entry.php?id=10271&&ser=194612" "Mozilla/5.0 (Windows NT 10.0; Win64; x64; rv:137.0) Gecko/20100101 Firefox/137.0"
178.165.172.18 - - [09/Apr/2025:12:32:12 +0200] "GET /entry.php?id=10271&&ser=194672 HTTP/1.1" 200 985 "http://hausegger.activities.at/entry.php?id=10271&&ser=194612" "Mozilla/5.0 (Windows NT 10.0; Win64; x64; rv:137.0) Gecko/20100101 Firefox/137.0"
178.165.172.18 - - [09/Apr/2025:12:32:12 +0200] "GET /gui/javascript/form_form.js?1744194732 HTTP/1.1" 200 16206 "http://hausegger.activities.at/entry.php?id=10271&&ser=194672" "Mozilla/5.0 (Windows NT 10.0; Win64; x64; rv:137.0) Gecko/20100101 Firefox/137.0"
178.165.172.18 - - [09/Apr/2025:12:33:13 +0200] "GET /entry.php?id=10271&&ser=194732 HTTP/1.1" 200 986 "http://hausegger.activities.at/entry.php?id=10271&&ser=194672" "Mozilla/5.0 (Windows NT 10.0; Win64; x64; rv:137.0) Gecko/20100101 Firefox/137.0"
178.165.172.18 - - [09/Apr/2025:12:33:13 +0200] "GET /gui/javascript/form_form.js?1744194793 HTTP/1.1" 200 16206 "http://hausegger.activities.at/entry.php?id=10271&&ser=194732" "Mozilla/5.0 (Windows NT 10.0; Win64; x64; rv:137.0) Gecko/20100101 Firefox/137.0"
178.165.172.18 - - [09/Apr/2025:12:34:13 +0200] "GET /entry.php?id=10271&&ser=194793 HTTP/1.1" 200 986 "http://hausegger.activities.at/entry.php?id=10271&&ser=194732" "Mozilla/5.0 (Windows NT 10.0; Win64; x64; rv:137.0) Gecko/20100101 Firefox/137.0"
178.165.172.18 - - [09/Apr/2025:12:34:13 +0200] "GET /gui/javascript/form_form.js?1744194853 HTTP/1.1" 200 16206 "http://hausegger.activities.at/entry.php?id=10271&&ser=194793" "Mozilla/5.0 (Windows NT 10.0; Win64; x64; rv:137.0) Gecko/20100101 Firefox/137.0"
154.81.156.54 - - [09/Apr/2025:12:34:59 +0200] "GET / HTTP/1.1" 200 274 "-" "Mozilla/5.0 (Windows NT 10.0; Win64; x64) AppleWebKit/537.36 (KHTML, like Gecko) Chrome/90.0.4430.85 Safari/537.36 Edg/90.0.818.46"
178.165.172.18 - - [09/Apr/2025:12:35:14 +0200] "GET /entry.php?id=10271&&ser=194853 HTTP/1.1" 200 986 "http://hausegger.activities.at/entry.php?id=10271&&ser=194793" "Mozilla/5.0 (Windows NT 10.0; Win64; x64; rv:137.0) Gecko/20100101 Firefox/137.0"
178.165.172.18 - - [09/Apr/2025:12:35:14 +0200] "GET /gui/javascript/form_form.js?1744194914 HTTP/1.1" 200 16206 "http://hausegger.activities.at/entry.php?id=10271&&ser=194853" "Mozilla/5.0 (Windows NT 10.0; Win64; x64; rv:137.0) Gecko/20100101 Firefox/137.0"
178.165.172.18 - - [09/Apr/2025:12:36:15 +0200] "GET /entry.php?id=10271&&ser=194914 HTTP/1.1" 200 986 "http://hausegger.activities.at/entry.php?id=10271&&ser=194853" "Mozilla/5.0 (Windows NT 10.0; Win64; x64; rv:137.0) Gecko/20100101 Firefox/137.0"
178.165.172.18 - - [09/Apr/2025:12:36:15 +0200] "GET /gui/javascript/form_form.js?1744194975 HTTP/1.1" 200 16206 "http://hausegger.activities.at/entry.php?id=10271&&ser=194914" "Mozilla/5.0 (Windows NT 10.0; Win64; x64; rv:137.0) Gecko/20100101 Firefox/137.0"
178.165.172.18 - - [09/Apr/2025:12:37:15 +0200] "GET /entry.php?id=10271&&ser=194975 HTTP/1.1" 200 987 "http://hausegger.activities.at/entry.php?id=10271&&ser=194914" "Mozilla/5.0 (Windows NT 10.0; Win64; x64; rv:137.0) Gecko/20100101 Firefox/137.0"
178.165.172.18 - - [09/Apr/2025:12:37:15 +0200] "GET /gui/javascript/form_form.js?1744195035 HTTP/1.1" 200 16206 "http://hausegger.activities.at/entry.php?id=10271&&ser=194975" "Mozilla/5.0 (Windows NT 10.0; Win64; x64; rv:137.0) Gecko/20100101 Firefox/137.0"
178.165.172.18 - - [09/Apr/2025:12:38:16 +0200] "GET /entry.php?id=10271&&ser=195035 HTTP/1.1" 200 986 "http://hausegger.activities.at/entry.php?id=10271&&ser=194975" "Mozilla/5.0 (Windows NT 10.0; Win64; x64; rv:137.0) Gecko/20100101 Firefox/137.0"
178.165.172.18 - - [09/Apr/2025:12:38:16 +0200] "GET /gui/javascript/form_form.js?1744195096 HTTP/1.1" 200 16206 "http://hausegger.activities.at/entry.php?id=10271&&ser=195035" "Mozilla/5.0 (Windows NT 10.0; Win64; x64; rv:137.0) Gecko/20100101 Firefox/137.0"
178.165.172.18 - - [09/Apr/2025:12:39:16 +0200] "GET /entry.php?id=10271&&ser=195096 HTTP/1.1" 200 987 "http://hausegger.activities.at/entry.php?id=10271&&ser=195035" "Mozilla/5.0 (Windows NT 10.0; Win64; x64; rv:137.0) Gecko/20100101 Firefox/137.0"
178.165.172.18 - - [09/Apr/2025:12:39:16 +0200] "GET /gui/javascript/form_form.js?1744195156 HTTP/1.1" 200 16206 "http://hausegger.activities.at/entry.php?id=10271&&ser=195096" "Mozilla/5.0 (Windows NT 10.0; Win64; x64; rv:137.0) Gecko/20100101 Firefox/137.0"
178.165.172.18 - - [09/Apr/2025:12:40:16 +0200] "GET /entry.php?id=10271&&ser=195156 HTTP/1.1" 200 986 "http://hausegger.activities.at/entry.php?id=10271&&ser=195096" "Mozilla/5.0 (Windows NT 10.0; Win64; x64; rv:137.0) Gecko/20100101 Firefox/137.0"
178.165.172.18 - - [09/Apr/2025:12:40:16 +0200] "GET /gui/javascript/form_form.js?1744195216 HTTP/1.1" 200 16206 "http://hausegger.activities.at/entry.php?id=10271&&ser=195156" "Mozilla/5.0 (Windows NT 10.0; Win64; x64; rv:137.0) Gecko/20100101 Firefox/137.0"
178.165.172.18 - - [09/Apr/2025:12:41:17 +0200] "GET /entry.php?id=10271&&ser=195216 HTTP/1.1" 200 986 "http://hausegger.activities.at/entry.php?id=10271&&ser=195156" "Mozilla/5.0 (Windows NT 10.0; Win64; x64; rv:137.0) Gecko/20100101 Firefox/137.0"
178.165.172.18 - - [09/Apr/2025:12:41:17 +0200] "GET /gui/javascript/form_form.js?1744195277 HTTP/1.1" 200 16206 "http://hausegger.activities.at/entry.php?id=10271&&ser=195216" "Mozilla/5.0 (Windows NT 10.0; Win64; x64; rv:137.0) Gecko/20100101 Firefox/137.0"
178.165.172.18 - - [09/Apr/2025:12:42:17 +0200] "GET /entry.php?id=10271&&ser=195277 HTTP/1.1" 200 986 "http://hausegger.activities.at/entry.php?id=10271&&ser=195216" "Mozilla/5.0 (Windows NT 10.0; Win64; x64; rv:137.0) Gecko/20100101 Firefox/137.0"
178.165.172.18 - - [09/Apr/2025:12:42:17 +0200] "GET /gui/javascript/form_form.js?1744195337 HTTP/1.1" 200 16206 "http://hausegger.activities.at/entry.php?id=10271&&ser=195277" "Mozilla/5.0 (Windows NT 10.0; Win64; x64; rv:137.0) Gecko/20100101 Firefox/137.0"
178.165.172.18 - - [09/Apr/2025:12:43:17 +0200] "GET /entry.php?id=10271&&ser=195337 HTTP/1.1" 200 986 "http://hausegger.activities.at/entry.php?id=10271&&ser=195277" "Mozilla/5.0 (Windows NT 10.0; Win64; x64; rv:137.0) Gecko/20100101 Firefox/137.0"
178.165.172.18 - - [09/Apr/2025:12:43:17 +0200] "GET /gui/javascript/form_form.js?1744195397 HTTP/1.1" 200 16206 "http://hausegger.activities.at/entry.php?id=10271&&ser=195337" "Mozilla/5.0 (Windows NT 10.0; Win64; x64; rv:137.0) Gecko/20100101 Firefox/137.0"
178.165.172.18 - - [09/Apr/2025:12:44:18 +0200] "GET /entry.php?id=10271&&ser=195397 HTTP/1.1" 200 987 "http://hausegger.activities.at/entry.php?id=10271&&ser=195337" "Mozilla/5.0 (Windows NT 10.0; Win64; x64; rv:137.0) Gecko/20100101 Firefox/137.0"
178.165.172.18 - - [09/Apr/2025:12:44:18 +0200] "GET /gui/javascript/form_form.js?1744195458 HTTP/1.1" 200 16206 "http://hausegger.activities.at/entry.php?id=10271&&ser=195397" "Mozilla/5.0 (Windows NT 10.0; Win64; x64; rv:137.0) Gecko/20100101 Firefox/137.0"
178.165.172.18 - - [09/Apr/2025:12:45:18 +0200] "GET /entry.php?id=10271&&ser=195458 HTTP/1.1" 200 987 "http://hausegger.activities.at/entry.php?id=10271&&ser=195397" "Mozilla/5.0 (Windows NT 10.0; Win64; x64; rv:137.0) Gecko/20100101 Firefox/137.0"
178.165.172.18 - - [09/Apr/2025:12:45:18 +0200] "GET /gui/javascript/form_form.js?1744195518 HTTP/1.1" 200 16206 "http://hausegger.activities.at/entry.php?id=10271&&ser=195458" "Mozilla/5.0 (Windows NT 10.0; Win64; x64; rv:137.0) Gecko/20100101 Firefox/137.0"
178.165.172.18 - - [09/Apr/2025:12:46:18 +0200] "GET /entry.php?id=10271&&ser=195518 HTTP/1.1" 200 987 "http://hausegger.activities.at/entry.php?id=10271&&ser=195458" "Mozilla/5.0 (Windows NT 10.0; Win64; x64; rv:137.0) Gecko/20100101 Firefox/137.0"
178.165.172.18 - - [09/Apr/2025:12:46:18 +0200] "GET /gui/javascript/form_form.js?1744195578 HTTP/1.1" 200 16206 "http://hausegger.activities.at/entry.php?id=10271&&ser=195518" "Mozilla/5.0 (Windows NT 10.0; Win64; x64; rv:137.0) Gecko/20100101 Firefox/137.0"
178.165.172.18 - - [09/Apr/2025:12:47:18 +0200] "GET /entry.php?id=10271&&ser=195578 HTTP/1.1" 200 986 "http://hausegger.activities.at/entry.php?id=10271&&ser=195518" "Mozilla/5.0 (Windows NT 10.0; Win64; x64; rv:137.0) Gecko/20100101 Firefox/137.0"
178.165.172.18 - - [09/Apr/2025:12:47:19 +0200] "GET /gui/javascript/form_form.js?1744195639 HTTP/1.1" 200 16206 "http://hausegger.activities.at/entry.php?id=10271&&ser=195578" "Mozilla/5.0 (Windows NT 10.0; Win64; x64; rv:137.0) Gecko/20100101 Firefox/137.0"
178.165.172.18 - - [09/Apr/2025:12:48:19 +0200] "GET /entry.php?id=10271&&ser=195639 HTTP/1.1" 200 986 "http://hausegger.activities.at/entry.php?id=10271&&ser=195578" "Mozilla/5.0 (Windows NT 10.0; Win64; x64; rv:137.0) Gecko/20100101 Firefox/137.0"
178.165.172.18 - - [09/Apr/2025:12:48:19 +0200] "GET /gui/javascript/form_form.js?1744195699 HTTP/1.1" 200 16206 "http://hausegger.activities.at/entry.php?id=10271&&ser=195639" "Mozilla/5.0 (Windows NT 10.0; Win64; x64; rv:137.0) Gecko/20100101 Firefox/137.0"
178.165.172.18 - - [09/Apr/2025:12:49:19 +0200] "GET /entry.php?id=10271&&ser=195699 HTTP/1.1" 200 987 "http://hausegger.activities.at/entry.php?id=10271&&ser=195639" "Mozilla/5.0 (Windows NT 10.0; Win64; x64; rv:137.0) Gecko/20100101 Firefox/137.0"
178.165.172.18 - - [09/Apr/2025:12:49:19 +0200] "GET /gui/javascript/form_form.js?1744195759 HTTP/1.1" 200 16206 "http://hausegger.activities.at/entry.php?id=10271&&ser=195699" "Mozilla/5.0 (Windows NT 10.0; Win64; x64; rv:137.0) Gecko/20100101 Firefox/137.0"
178.165.172.18 - - [09/Apr/2025:12:50:20 +0200] "GET /entry.php?id=10271&&ser=195759 HTTP/1.1" 200 986 "http://hausegger.activities.at/entry.php?id=10271&&ser=195699" "Mozilla/5.0 (Windows NT 10.0; Win64; x64; rv:137.0) Gecko/20100101 Firefox/137.0"
178.165.172.18 - - [09/Apr/2025:12:50:20 +0200] "GET /gui/javascript/form_form.js?1744195820 HTTP/1.1" 200 16206 "http://hausegger.activities.at/entry.php?id=10271&&ser=195759" "Mozilla/5.0 (Windows NT 10.0; Win64; x64; rv:137.0) Gecko/20100101 Firefox/137.0"
156.59.198.136 - - [09/Apr/2025:12:51:02 +0200] "GET /renault.activities.at/htdocs/export/pdf/emuc_document/10969105.pdf HTTP/1.0" 404 321 "-" "Mozilla/5.0 (Linux; Android 5.0) AppleWebKit/537.36 (KHTML, like Gecko) Mobile Safari/537.36 (compatible; Bytespider; spider-feedback@bytedance.com)"
178.165.172.18 - - [09/Apr/2025:12:51:20 +0200] "GET /entry.php?id=10271&&ser=195820 HTTP/1.1" 200 986 "http://hausegger.activities.at/entry.php?id=10271&&ser=195759" "Mozilla/5.0 (Windows NT 10.0; Win64; x64; rv:137.0) Gecko/20100101 Firefox/137.0"
178.165.172.18 - - [09/Apr/2025:12:51:20 +0200] "GET /gui/javascript/form_form.js?1744195880 HTTP/1.1" 200 16206 "http://hausegger.activities.at/entry.php?id=10271&&ser=195820" "Mozilla/5.0 (Windows NT 10.0; Win64; x64; rv:137.0) Gecko/20100101 Firefox/137.0"
154.81.156.54 - - [09/Apr/2025:12:52:18 +0200] "GET / HTTP/1.1" 200 274 "-" "Mozilla/5.0 (Windows NT 10.0; Win64; x64) AppleWebKit/537.36 (KHTML, like Gecko) Chrome/90.0.4430.85 Safari/537.36 Edg/90.0.818.46"
178.165.172.18 - - [09/Apr/2025:12:52:20 +0200] "GET /entry.php?id=10271&&ser=195880 HTTP/1.1" 200 986 "http://hausegger.activities.at/entry.php?id=10271&&ser=195820" "Mozilla/5.0 (Windows NT 10.0; Win64; x64; rv:137.0) Gecko/20100101 Firefox/137.0"
178.165.172.18 - - [09/Apr/2025:12:52:20 +0200] "GET /gui/javascript/form_form.js?1744195940 HTTP/1.1" 200 16206 "http://hausegger.activities.at/entry.php?id=10271&&ser=195880" "Mozilla/5.0 (Windows NT 10.0; Win64; x64; rv:137.0) Gecko/20100101 Firefox/137.0"
178.165.172.18 - - [09/Apr/2025:12:53:21 +0200] "GET /entry.php?id=10271&&ser=195940 HTTP/1.1" 200 985 "http://hausegger.activities.at/entry.php?id=10271&&ser=195880" "Mozilla/5.0 (Windows NT 10.0; Win64; x64; rv:137.0) Gecko/20100101 Firefox/137.0"
178.165.172.18 - - [09/Apr/2025:12:53:21 +0200] "GET /gui/javascript/form_form.js?1744196001 HTTP/1.1" 200 16206 "http://hausegger.activities.at/entry.php?id=10271&&ser=195940" "Mozilla/5.0 (Windows NT 10.0; Win64; x64; rv:137.0) Gecko/20100101 Firefox/137.0"
178.165.172.18 - - [09/Apr/2025:12:54:21 +0200] "GET /entry.php?id=10271&&ser=196001 HTTP/1.1" 200 985 "http://hausegger.activities.at/entry.php?id=10271&&ser=195940" "Mozilla/5.0 (Windows NT 10.0; Win64; x64; rv:137.0) Gecko/20100101 Firefox/137.0"
178.165.172.18 - - [09/Apr/2025:12:54:21 +0200] "GET /gui/javascript/form_form.js?1744196061 HTTP/1.1" 200 16206 "http://hausegger.activities.at/entry.php?id=10271&&ser=196001" "Mozilla/5.0 (Windows NT 10.0; Win64; x64; rv:137.0) Gecko/20100101 Firefox/137.0"
151.106.160.247 - - [09/Apr/2025:12:54:27 +0200] "GET /download/file.php?id=250&sid=e71b571cd907b1cebc6db341ce45ea5c HTTP/1.1" 404 297 "-" "Mozilla/5.0 (X11; Ubuntu; Linux x86_64; rv:72.0) Gecko/20100101 Firefox/72.0"
151.106.160.247 - - [09/Apr/2025:12:54:27 +0200] "GET /download/file.php?id=250&sid=e71b571cd907b1cebc6db341ce45ea5c HTTP/1.1" 404 297 "-" "Mozilla/5.0 (X11; Ubuntu; Linux x86_64; rv:72.0) Gecko/20100101 Firefox/72.0"
151.106.160.247 - - [09/Apr/2025:12:54:27 +0200] "GET /download/file.php?id=250&sid=e71b571cd907b1cebc6db341ce45ea5c HTTP/1.1" 404 297 "-" "Mozilla/5.0 (X11; Ubuntu; Linux x86_64; rv:72.0) Gecko/20100101 Firefox/72.0"
178.165.172.18 - - [09/Apr/2025:12:55:21 +0200] "GET /entry.php?id=10271&&ser=196061 HTTP/1.1" 200 985 "http://hausegger.activities.at/entry.php?id=10271&&ser=196001" "Mozilla/5.0 (Windows NT 10.0; Win64; x64; rv:137.0) Gecko/20100101 Firefox/137.0"
178.165.172.18 - - [09/Apr/2025:12:55:21 +0200] "GET /gui/javascript/form_form.js?1744196121 HTTP/1.1" 200 16206 "http://hausegger.activities.at/entry.php?id=10271&&ser=196061" "Mozilla/5.0 (Windows NT 10.0; Win64; x64; rv:137.0) Gecko/20100101 Firefox/137.0"
178.165.172.18 - - [09/Apr/2025:12:56:22 +0200] "GET /entry.php?id=10271&&ser=196121 HTTP/1.1" 200 985 "http://hausegger.activities.at/entry.php?id=10271&&ser=196061" "Mozilla/5.0 (Windows NT 10.0; Win64; x64; rv:137.0) Gecko/20100101 Firefox/137.0"
178.165.172.18 - - [09/Apr/2025:12:56:22 +0200] "GET /gui/javascript/form_form.js?1744196182 HTTP/1.1" 200 16206 "http://hausegger.activities.at/entry.php?id=10271&&ser=196121" "Mozilla/5.0 (Windows NT 10.0; Win64; x64; rv:137.0) Gecko/20100101 Firefox/137.0"
151.106.165.0 - - [09/Apr/2025:12:56:40 +0200] "GET /cron.php?cron_type=tidy_cache&sid=ece1a6e57f1f99e940c0138284779d7b HTTP/1.1" 404 290 "-" "Mozilla/5.0 (X11; Ubuntu; Linux x86_64; rv:72.0) Gecko/20100101 Firefox/72.0"
151.106.165.0 - - [09/Apr/2025:12:56:41 +0200] "GET /cron.php?cron_type=tidy_cache&sid=ece1a6e57f1f99e940c0138284779d7b HTTP/1.1" 404 290 "-" "Mozilla/5.0 (X11; Ubuntu; Linux x86_64; rv:72.0) Gecko/20100101 Firefox/72.0"
151.106.165.0 - - [09/Apr/2025:12:56:41 +0200] "GET /cron.php?cron_type=tidy_cache&sid=ece1a6e57f1f99e940c0138284779d7b HTTP/1.1" 404 290 "-" "Mozilla/5.0 (X11; Ubuntu; Linux x86_64; rv:72.0) Gecko/20100101 Firefox/72.0"
151.106.184.192 - - [09/Apr/2025:12:57:00 +0200] "GET /cron.php?cron_type=tidy_cache&sid=d276a375a0b7bd5cce81fd3b140f2b79 HTTP/1.1" 404 290 "-" "Mozilla/5.0 (X11; Ubuntu; Linux x86_64; rv:72.0) Gecko/20100101 Firefox/72.0"
151.106.184.192 - - [09/Apr/2025:12:57:00 +0200] "GET /cron.php?cron_type=tidy_cache&sid=d276a375a0b7bd5cce81fd3b140f2b79 HTTP/1.1" 404 290 "-" "Mozilla/5.0 (X11; Ubuntu; Linux x86_64; rv:72.0) Gecko/20100101 Firefox/72.0"
151.106.184.192 - - [09/Apr/2025:12:57:00 +0200] "GET /cron.php?cron_type=tidy_cache&sid=d276a375a0b7bd5cce81fd3b140f2b79 HTTP/1.1" 404 290 "-" "Mozilla/5.0 (X11; Ubuntu; Linux x86_64; rv:72.0) Gecko/20100101 Firefox/72.0"
178.165.172.18 - - [09/Apr/2025:12:57:22 +0200] "GET /entry.php?id=10271&&ser=196182 HTTP/1.1" 200 986 "http://hausegger.activities.at/entry.php?id=10271&&ser=196121" "Mozilla/5.0 (Windows NT 10.0; Win64; x64; rv:137.0) Gecko/20100101 Firefox/137.0"
178.165.172.18 - - [09/Apr/2025:12:57:22 +0200] "GET /gui/javascript/form_form.js?1744196242 HTTP/1.1" 200 16206 "http://hausegger.activities.at/entry.php?id=10271&&ser=196182" "Mozilla/5.0 (Windows NT 10.0; Win64; x64; rv:137.0) Gecko/20100101 Firefox/137.0"
178.165.172.18 - - [09/Apr/2025:12:58:22 +0200] "GET /entry.php?id=10271&&ser=196242 HTTP/1.1" 200 986 "http://hausegger.activities.at/entry.php?id=10271&&ser=196182" "Mozilla/5.0 (Windows NT 10.0; Win64; x64; rv:137.0) Gecko/20100101 Firefox/137.0"
178.165.172.18 - - [09/Apr/2025:12:58:22 +0200] "GET /gui/javascript/form_form.js?1744196302 HTTP/1.1" 200 16206 "http://hausegger.activities.at/entry.php?id=10271&&ser=196242" "Mozilla/5.0 (Windows NT 10.0; Win64; x64; rv:137.0) Gecko/20100101 Firefox/137.0"
178.165.172.18 - - [09/Apr/2025:12:59:23 +0200] "GET /entry.php?id=10271&&ser=196302 HTTP/1.1" 200 986 "http://hausegger.activities.at/entry.php?id=10271&&ser=196242" "Mozilla/5.0 (Windows NT 10.0; Win64; x64; rv:137.0) Gecko/20100101 Firefox/137.0"
178.165.172.18 - - [09/Apr/2025:12:59:23 +0200] "GET /gui/javascript/form_form.js?1744196363 HTTP/1.1" 200 16206 "http://hausegger.activities.at/entry.php?id=10271&&ser=196302" "Mozilla/5.0 (Windows NT 10.0; Win64; x64; rv:137.0) Gecko/20100101 Firefox/137.0"
178.165.172.18 - - [09/Apr/2025:13:00:23 +0200] "GET /entry.php?id=10271&&ser=196363 HTTP/1.1" 200 986 "http://hausegger.activities.at/entry.php?id=10271&&ser=196302" "Mozilla/5.0 (Windows NT 10.0; Win64; x64; rv:137.0) Gecko/20100101 Firefox/137.0"
178.165.172.18 - - [09/Apr/2025:13:00:23 +0200] "GET /gui/javascript/form_form.js?1744196423 HTTP/1.1" 200 16206 "http://hausegger.activities.at/entry.php?id=10271&&ser=196363" "Mozilla/5.0 (Windows NT 10.0; Win64; x64; rv:137.0) Gecko/20100101 Firefox/137.0"
178.165.172.18 - - [09/Apr/2025:13:01:23 +0200] "GET /entry.php?id=10271&&ser=196423 HTTP/1.1" 200 986 "http://hausegger.activities.at/entry.php?id=10271&&ser=196363" "Mozilla/5.0 (Windows NT 10.0; Win64; x64; rv:137.0) Gecko/20100101 Firefox/137.0"
178.165.172.18 - - [09/Apr/2025:13:01:23 +0200] "GET /gui/javascript/form_form.js?1744196483 HTTP/1.1" 200 16206 "http://hausegger.activities.at/entry.php?id=10271&&ser=196423" "Mozilla/5.0 (Windows NT 10.0; Win64; x64; rv:137.0) Gecko/20100101 Firefox/137.0"
178.165.172.18 - - [09/Apr/2025:13:02:24 +0200] "GET /entry.php?id=10271&&ser=196483 HTTP/1.1" 200 986 "http://hausegger.activities.at/entry.php?id=10271&&ser=196423" "Mozilla/5.0 (Windows NT 10.0; Win64; x64; rv:137.0) Gecko/20100101 Firefox/137.0"
178.165.172.18 - - [09/Apr/2025:13:02:24 +0200] "GET /gui/javascript/form_form.js?1744196544 HTTP/1.1" 200 16206 "http://hausegger.activities.at/entry.php?id=10271&&ser=196483" "Mozilla/5.0 (Windows NT 10.0; Win64; x64; rv:137.0) Gecko/20100101 Firefox/137.0"
178.165.172.18 - - [09/Apr/2025:13:03:24 +0200] "GET /entry.php?id=10271&&ser=196544 HTTP/1.1" 200 986 "http://hausegger.activities.at/entry.php?id=10271&&ser=196483" "Mozilla/5.0 (Windows NT 10.0; Win64; x64; rv:137.0) Gecko/20100101 Firefox/137.0"
178.165.172.18 - - [09/Apr/2025:13:03:24 +0200] "GET /gui/javascript/form_form.js?1744196604 HTTP/1.1" 200 16206 "http://hausegger.activities.at/entry.php?id=10271&&ser=196544" "Mozilla/5.0 (Windows NT 10.0; Win64; x64; rv:137.0) Gecko/20100101 Firefox/137.0"
178.165.172.18 - - [09/Apr/2025:13:04:24 +0200] "GET /entry.php?id=10271&&ser=196604 HTTP/1.1" 200 986 "http://hausegger.activities.at/entry.php?id=10271&&ser=196544" "Mozilla/5.0 (Windows NT 10.0; Win64; x64; rv:137.0) Gecko/20100101 Firefox/137.0"
178.165.172.18 - - [09/Apr/2025:13:04:24 +0200] "GET /gui/javascript/form_form.js?1744196664 HTTP/1.1" 200 16206 "http://hausegger.activities.at/entry.php?id=10271&&ser=196604" "Mozilla/5.0 (Windows NT 10.0; Win64; x64; rv:137.0) Gecko/20100101 Firefox/137.0"
178.165.172.18 - - [09/Apr/2025:13:05:24 +0200] "GET /entry.php?id=10271&&ser=196664 HTTP/1.1" 200 986 "http://hausegger.activities.at/entry.php?id=10271&&ser=196604" "Mozilla/5.0 (Windows NT 10.0; Win64; x64; rv:137.0) Gecko/20100101 Firefox/137.0"
178.165.172.18 - - [09/Apr/2025:13:05:25 +0200] "GET /gui/javascript/form_form.js?1744196725 HTTP/1.1" 200 16206 "http://hausegger.activities.at/entry.php?id=10271&&ser=196664" "Mozilla/5.0 (Windows NT 10.0; Win64; x64; rv:137.0) Gecko/20100101 Firefox/137.0"
178.165.172.18 - - [09/Apr/2025:13:06:25 +0200] "GET /entry.php?id=10271&&ser=196725 HTTP/1.1" 200 986 "http://hausegger.activities.at/entry.php?id=10271&&ser=196664" "Mozilla/5.0 (Windows NT 10.0; Win64; x64; rv:137.0) Gecko/20100101 Firefox/137.0"
178.165.172.18 - - [09/Apr/2025:13:06:25 +0200] "GET /gui/javascript/form_form.js?1744196785 HTTP/1.1" 200 16206 "http://hausegger.activities.at/entry.php?id=10271&&ser=196725" "Mozilla/5.0 (Windows NT 10.0; Win64; x64; rv:137.0) Gecko/20100101 Firefox/137.0"
178.165.172.18 - - [09/Apr/2025:13:07:25 +0200] "GET /entry.php?id=10271&&ser=196785 HTTP/1.1" 200 986 "http://hausegger.activities.at/entry.php?id=10271&&ser=196725" "Mozilla/5.0 (Windows NT 10.0; Win64; x64; rv:137.0) Gecko/20100101 Firefox/137.0"
178.165.172.18 - - [09/Apr/2025:13:07:25 +0200] "GET /gui/javascript/form_form.js?1744196845 HTTP/1.1" 200 16206 "http://hausegger.activities.at/entry.php?id=10271&&ser=196785" "Mozilla/5.0 (Windows NT 10.0; Win64; x64; rv:137.0) Gecko/20100101 Firefox/137.0"
178.165.172.18 - - [09/Apr/2025:13:08:25 +0200] "GET /entry.php?id=10271&&ser=196845 HTTP/1.1" 200 986 "http://hausegger.activities.at/entry.php?id=10271&&ser=196785" "Mozilla/5.0 (Windows NT 10.0; Win64; x64; rv:137.0) Gecko/20100101 Firefox/137.0"
178.165.172.18 - - [09/Apr/2025:13:08:26 +0200] "GET /gui/javascript/form_form.js?1744196906 HTTP/1.1" 200 16206 "http://hausegger.activities.at/entry.php?id=10271&&ser=196845" "Mozilla/5.0 (Windows NT 10.0; Win64; x64; rv:137.0) Gecko/20100101 Firefox/137.0"
178.165.172.18 - - [09/Apr/2025:13:09:26 +0200] "GET /entry.php?id=10271&&ser=196906 HTTP/1.1" 200 986 "http://hausegger.activities.at/entry.php?id=10271&&ser=196845" "Mozilla/5.0 (Windows NT 10.0; Win64; x64; rv:137.0) Gecko/20100101 Firefox/137.0"
178.165.172.18 - - [09/Apr/2025:13:09:26 +0200] "GET /gui/javascript/form_form.js?1744196966 HTTP/1.1" 200 16206 "http://hausegger.activities.at/entry.php?id=10271&&ser=196906" "Mozilla/5.0 (Windows NT 10.0; Win64; x64; rv:137.0) Gecko/20100101 Firefox/137.0"
178.165.172.18 - - [09/Apr/2025:13:10:27 +0200] "GET /entry.php?id=10271&&ser=196966 HTTP/1.1" 200 985 "http://hausegger.activities.at/entry.php?id=10271&&ser=196906" "Mozilla/5.0 (Windows NT 10.0; Win64; x64; rv:137.0) Gecko/20100101 Firefox/137.0"
178.165.172.18 - - [09/Apr/2025:13:10:27 +0200] "GET /gui/javascript/form_form.js?1744197027 HTTP/1.1" 200 16206 "http://hausegger.activities.at/entry.php?id=10271&&ser=196966" "Mozilla/5.0 (Windows NT 10.0; Win64; x64; rv:137.0) Gecko/20100101 Firefox/137.0"
154.81.156.54 - - [09/Apr/2025:13:10:28 +0200] "GET / HTTP/1.1" 200 274 "-" "Mozilla/5.0 (Windows NT 10.0; Win64; x64) AppleWebKit/537.36 (KHTML, like Gecko) Chrome/90.0.4430.85 Safari/537.36 Edg/90.0.818.46"
154.81.156.34 - - [09/Apr/2025:13:11:21 +0200] "GET / HTTP/1.1" 200 274 "-" "Mozilla/5.0 (Windows NT 10.0; Win64; x64) AppleWebKit/537.36 (KHTML, like Gecko) Chrome/90.0.4430.85 Safari/537.36 Edg/90.0.818.46"
178.165.172.18 - - [09/Apr/2025:13:11:27 +0200] "GET /entry.php?id=10271&&ser=197027 HTTP/1.1" 200 985 "http://hausegger.activities.at/entry.php?id=10271&&ser=196966" "Mozilla/5.0 (Windows NT 10.0; Win64; x64; rv:137.0) Gecko/20100101 Firefox/137.0"
178.165.172.18 - - [09/Apr/2025:13:11:27 +0200] "GET /gui/javascript/form_form.js?1744197087 HTTP/1.1" 200 16206 "http://hausegger.activities.at/entry.php?id=10271&&ser=197027" "Mozilla/5.0 (Windows NT 10.0; Win64; x64; rv:137.0) Gecko/20100101 Firefox/137.0"
156.59.198.135 - - [09/Apr/2025:13:11:33 +0200] "GET /renault.activities.at/htdocs/export/pdf/emuc_document/11644542.pdf HTTP/1.0" 404 321 "-" "Mozilla/5.0 (Linux; Android 5.0) AppleWebKit/537.36 (KHTML, like Gecko) Mobile Safari/537.36 (compatible; Bytespider; spider-feedback@bytedance.com)"
178.165.172.18 - - [09/Apr/2025:13:12:27 +0200] "GET /entry.php?id=10271&&ser=197087 HTTP/1.1" 200 986 "http://hausegger.activities.at/entry.php?id=10271&&ser=197027" "Mozilla/5.0 (Windows NT 10.0; Win64; x64; rv:137.0) Gecko/20100101 Firefox/137.0"
178.165.172.18 - - [09/Apr/2025:13:12:27 +0200] "GET /gui/javascript/form_form.js?1744197147 HTTP/1.1" 200 16206 "http://hausegger.activities.at/entry.php?id=10271&&ser=197087" "Mozilla/5.0 (Windows NT 10.0; Win64; x64; rv:137.0) Gecko/20100101 Firefox/137.0"
178.165.172.18 - - [09/Apr/2025:13:13:27 +0200] "GET /entry.php?id=10271&&ser=197147 HTTP/1.1" 200 986 "http://hausegger.activities.at/entry.php?id=10271&&ser=197087" "Mozilla/5.0 (Windows NT 10.0; Win64; x64; rv:137.0) Gecko/20100101 Firefox/137.0"
178.165.172.18 - - [09/Apr/2025:13:13:28 +0200] "GET /gui/javascript/form_form.js?1744197208 HTTP/1.1" 200 16206 "http://hausegger.activities.at/entry.php?id=10271&&ser=197147" "Mozilla/5.0 (Windows NT 10.0; Win64; x64; rv:137.0) Gecko/20100101 Firefox/137.0"
178.165.172.18 - - [09/Apr/2025:13:14:28 +0200] "GET /entry.php?id=10271&&ser=197208 HTTP/1.1" 200 986 "http://hausegger.activities.at/entry.php?id=10271&&ser=197147" "Mozilla/5.0 (Windows NT 10.0; Win64; x64; rv:137.0) Gecko/20100101 Firefox/137.0"
178.165.172.18 - - [09/Apr/2025:13:14:28 +0200] "GET /gui/javascript/form_form.js?1744197268 HTTP/1.1" 200 16206 "http://hausegger.activities.at/entry.php?id=10271&&ser=197208" "Mozilla/5.0 (Windows NT 10.0; Win64; x64; rv:137.0) Gecko/20100101 Firefox/137.0"
151.106.173.252 - - [09/Apr/2025:13:15:09 +0200] "GET /cron.php?cron_type=tidy_cache&sid=2674763b484258a75f53fdfe14dcad7e HTTP/1.1" 404 290 "-" "Mozilla/5.0 (X11; Ubuntu; Linux x86_64; rv:72.0) Gecko/20100101 Firefox/72.0"
151.106.173.252 - - [09/Apr/2025:13:15:09 +0200] "GET /cron.php?cron_type=tidy_cache&sid=2674763b484258a75f53fdfe14dcad7e HTTP/1.1" 404 290 "-" "Mozilla/5.0 (X11; Ubuntu; Linux x86_64; rv:72.0) Gecko/20100101 Firefox/72.0"
151.106.173.252 - - [09/Apr/2025:13:15:10 +0200] "GET /cron.php?cron_type=tidy_cache&sid=2674763b484258a75f53fdfe14dcad7e HTTP/1.1" 404 290 "-" "Mozilla/5.0 (X11; Ubuntu; Linux x86_64; rv:72.0) Gecko/20100101 Firefox/72.0"
156.59.198.135 - - [09/Apr/2025:13:15:16 +0200] "GET /renault.2web.at/htdocs/binaries/10188912.pdf HTTP/1.0" 404 308 "-" "Mozilla/5.0 (Linux; Android 5.0) AppleWebKit/537.36 (KHTML, like Gecko) Mobile Safari/537.36 (compatible; Bytespider; spider-feedback@bytedance.com)"
156.59.198.135 - - [09/Apr/2025:13:15:25 +0200] "GET /renault.activities.at/htdocs/export/pdf/emuc_document/11214527.pdf HTTP/1.0" 404 322 "-" "Mozilla/5.0 (Linux; Android 5.0) AppleWebKit/537.36 (KHTML, like Gecko) Mobile Safari/537.36 (compatible; Bytespider; spider-feedback@bytedance.com)"
178.165.172.18 - - [09/Apr/2025:13:15:28 +0200] "GET /entry.php?id=10271&&ser=197268 HTTP/1.1" 200 986 "http://hausegger.activities.at/entry.php?id=10271&&ser=197208" "Mozilla/5.0 (Windows NT 10.0; Win64; x64; rv:137.0) Gecko/20100101 Firefox/137.0"
178.165.172.18 - - [09/Apr/2025:13:15:28 +0200] "GET /gui/javascript/form_form.js?1744197328 HTTP/1.1" 200 16206 "http://hausegger.activities.at/entry.php?id=10271&&ser=197268" "Mozilla/5.0 (Windows NT 10.0; Win64; x64; rv:137.0) Gecko/20100101 Firefox/137.0"
156.59.198.136 - - [09/Apr/2025:13:15:33 +0200] "GET /renault.2web.at/htdocs/binaries/renault-/rs-1232017-fr.pdf HTTP/1.0" 404 314 "-" "Mozilla/5.0 (Linux; Android 5.0) AppleWebKit/537.36 (KHTML, like Gecko) Mobile Safari/537.36 (compatible; Bytespider; spider-feedback@bytedance.com)"
178.165.172.18 - - [09/Apr/2025:13:16:28 +0200] "GET /entry.php?id=10271&&ser=197328 HTTP/1.1" 200 987 "http://hausegger.activities.at/entry.php?id=10271&&ser=197268" "Mozilla/5.0 (Windows NT 10.0; Win64; x64; rv:137.0) Gecko/20100101 Firefox/137.0"
178.165.172.18 - - [09/Apr/2025:13:16:29 +0200] "GET /gui/javascript/form_form.js?1744197389 HTTP/1.1" 200 16206 "http://hausegger.activities.at/entry.php?id=10271&&ser=197328" "Mozilla/5.0 (Windows NT 10.0; Win64; x64; rv:137.0) Gecko/20100101 Firefox/137.0"
178.165.172.18 - - [09/Apr/2025:13:17:29 +0200] "GET /entry.php?id=10271&&ser=197388 HTTP/1.1" 200 985 "http://hausegger.activities.at/entry.php?id=10271&&ser=197328" "Mozilla/5.0 (Windows NT 10.0; Win64; x64; rv:137.0) Gecko/20100101 Firefox/137.0"
178.165.172.18 - - [09/Apr/2025:13:17:29 +0200] "GET /gui/javascript/form_form.js?1744197449 HTTP/1.1" 200 16206 "http://hausegger.activities.at/entry.php?id=10271&&ser=197388" "Mozilla/5.0 (Windows NT 10.0; Win64; x64; rv:137.0) Gecko/20100101 Firefox/137.0"
178.165.172.18 - - [09/Apr/2025:13:18:29 +0200] "GET /entry.php?id=10271&&ser=197449 HTTP/1.1" 200 986 "http://hausegger.activities.at/entry.php?id=10271&&ser=197388" "Mozilla/5.0 (Windows NT 10.0; Win64; x64; rv:137.0) Gecko/20100101 Firefox/137.0"
178.165.172.18 - - [09/Apr/2025:13:18:29 +0200] "GET /gui/javascript/form_form.js?1744197509 HTTP/1.1" 200 16206 "http://hausegger.activities.at/entry.php?id=10271&&ser=197449" "Mozilla/5.0 (Windows NT 10.0; Win64; x64; rv:137.0) Gecko/20100101 Firefox/137.0"
178.165.172.18 - - [09/Apr/2025:13:19:29 +0200] "GET /entry.php?id=10271&&ser=197509 HTTP/1.1" 200 986 "http://hausegger.activities.at/entry.php?id=10271&&ser=197449" "Mozilla/5.0 (Windows NT 10.0; Win64; x64; rv:137.0) Gecko/20100101 Firefox/137.0"
178.165.172.18 - - [09/Apr/2025:13:19:30 +0200] "GET /gui/javascript/form_form.js?1744197569 HTTP/1.1" 200 16206 "http://hausegger.activities.at/entry.php?id=10271&&ser=197509" "Mozilla/5.0 (Windows NT 10.0; Win64; x64; rv:137.0) Gecko/20100101 Firefox/137.0"
178.165.172.18 - - [09/Apr/2025:13:20:30 +0200] "GET /entry.php?id=10271&&ser=197569 HTTP/1.1" 200 986 "http://hausegger.activities.at/entry.php?id=10271&&ser=197509" "Mozilla/5.0 (Windows NT 10.0; Win64; x64; rv:137.0) Gecko/20100101 Firefox/137.0"
178.165.172.18 - - [09/Apr/2025:13:20:30 +0200] "GET /gui/javascript/form_form.js?1744197630 HTTP/1.1" 200 16206 "http://hausegger.activities.at/entry.php?id=10271&&ser=197569" "Mozilla/5.0 (Windows NT 10.0; Win64; x64; rv:137.0) Gecko/20100101 Firefox/137.0"
178.165.172.18 - - [09/Apr/2025:13:21:30 +0200] "GET /entry.php?id=10271&&ser=197630 HTTP/1.1" 200 986 "http://hausegger.activities.at/entry.php?id=10271&&ser=197569" "Mozilla/5.0 (Windows NT 10.0; Win64; x64; rv:137.0) Gecko/20100101 Firefox/137.0"
178.165.172.18 - - [09/Apr/2025:13:21:30 +0200] "GET /gui/javascript/form_form.js?1744197690 HTTP/1.1" 200 16206 "http://hausegger.activities.at/entry.php?id=10271&&ser=197630" "Mozilla/5.0 (Windows NT 10.0; Win64; x64; rv:137.0) Gecko/20100101 Firefox/137.0"
178.165.172.18 - - [09/Apr/2025:13:22:30 +0200] "GET /entry.php?id=10271&&ser=197690 HTTP/1.1" 200 986 "http://hausegger.activities.at/entry.php?id=10271&&ser=197630" "Mozilla/5.0 (Windows NT 10.0; Win64; x64; rv:137.0) Gecko/20100101 Firefox/137.0"
178.165.172.18 - - [09/Apr/2025:13:22:30 +0200] "GET /gui/javascript/form_form.js?1744197750 HTTP/1.1" 200 16206 "http://hausegger.activities.at/entry.php?id=10271&&ser=197690" "Mozilla/5.0 (Windows NT 10.0; Win64; x64; rv:137.0) Gecko/20100101 Firefox/137.0"
178.165.172.18 - - [09/Apr/2025:13:23:12 +0200] "GET /layout.php HTTP/1.1" 200 815 "-" "Mozilla/5.0 (Windows NT 10.0; Win64; x64) AppleWebKit/537.36 (KHTML, like Gecko) Chrome/135.0.0.0 Safari/537.36"
