151.106.164.42 - - [09/Apr/2025:22:56:10 +0200] "GET /gallery/image.php?mode=thumbnail&album_id=1&image_id=111&sid=d40081bb8f6a6cc5afb959e6a8911488 HTTP/1.1" 404 297 "-" "Mozilla/5.0 (X11; Ubuntu; Linux x86_64; rv:72.0) Gecko/20100101 Firefox/72.0"
151.106.164.42 - - [09/Apr/2025:22:56:11 +0200] "GET /gallery/image.php?mode=thumbnail&album_id=1&image_id=111&sid=d40081bb8f6a6cc5afb959e6a8911488 HTTP/1.1" 404 297 "-" "Mozilla/5.0 (X11; Ubuntu; Linux x86_64; rv:72.0) Gecko/20100101 Firefox/72.0"
45.135.193.65 - - [09/Apr/2025:22:56:42 +0200] "GET /_profiler/phpinfo HTTP/1.1" 404 289 "-" "Mozilla/5.0 (Macintosh; Intel Mac OS X 10_14_6) AppleWebKit/537.36 (KHTML, like Gecko) Chrome/72.0.3626.121 Safari/537.36"
37.99.68.65 - - [09/Apr/2025:22:57:02 +0200] "GET / HTTP/1.1" 200 423 "-" "Mozilla/5.0 (Windows NT 10.0; WOW64) AppleWebKit/537.36 (KHTML, like Gecko) Chrome/51.0.2704.103 Safari/537.36"
154.81.156.34 - - [09/Apr/2025:23:04:46 +0200] "GET / HTTP/1.1" 200 274 "-" "Mozilla/5.0 (Windows NT 10.0; Win64; x64) AppleWebKit/537.36 (KHTML, like Gecko) Chrome/90.0.4430.85 Safari/537.36 Edg/90.0.818.46"
151.106.190.62 - - [09/Apr/2025:23:11:24 +0200] "GET /cron.php?cron_type=tidy_cache&sid=89fc6b847fdf6692a9ba7dadae3afa55 HTTP/1.1" 404 290 "-" "Mozilla/5.0 (X11; Ubuntu; Linux x86_64; rv:72.0) Gecko/20100101 Firefox/72.0"
151.106.190.62 - - [09/Apr/2025:23:11:24 +0200] "GET /cron.php?cron_type=tidy_cache&sid=89fc6b847fdf6692a9ba7dadae3afa55 HTTP/1.1" 404 290 "-" "Mozilla/5.0 (X11; Ubuntu; Linux x86_64; rv:72.0) Gecko/20100101 Firefox/72.0"
151.106.190.62 - - [09/Apr/2025:23:11:25 +0200] "GET /cron.php?cron_type=tidy_cache&sid=89fc6b847fdf6692a9ba7dadae3afa55 HTTP/1.1" 404 290 "-" "Mozilla/5.0 (X11; Ubuntu; Linux x86_64; rv:72.0) Gecko/20100101 Firefox/72.0"
128.199.105.36 - - [09/Apr/2025:23:11:32 +0200] "POST /php-cgi/php-cgi.exe?%add+allow_url_include%3d1+%add+auto_prepend_file%3dphp://input HTTP/1.1" 404 287 "-" "Mozilla/5.0 (compatible; MSIE 8.0; Windows NT 5.1; Trident/3.1)"
154.81.156.54 - - [09/Apr/2025:23:16:17 +0200] "GET / HTTP/1.1" 200 274 "-" "Mozilla/5.0 (Windows NT 10.0; Win64; x64) AppleWebKit/537.36 (KHTML, like Gecko) Chrome/90.0.4430.85 Safari/537.36 Edg/90.0.818.46"
151.106.160.247 - - [09/Apr/2025:23:31:54 +0200] "GET /download/file.php?id=252&sid=50f42f9701057481fca9f1af90ed3ef9 HTTP/1.1" 404 297 "-" "Mozilla/5.0 (X11; Ubuntu; Linux x86_64; rv:72.0) Gecko/20100101 Firefox/72.0"
151.106.160.247 - - [09/Apr/2025:23:31:55 +0200] "GET /download/file.php?id=252&sid=50f42f9701057481fca9f1af90ed3ef9 HTTP/1.1" 404 297 "-" "Mozilla/5.0 (X11; Ubuntu; Linux x86_64; rv:72.0) Gecko/20100101 Firefox/72.0"
151.106.160.247 - - [09/Apr/2025:23:31:55 +0200] "GET /download/file.php?id=252&sid=50f42f9701057481fca9f1af90ed3ef9 HTTP/1.1" 404 297 "-" "Mozilla/5.0 (X11; Ubuntu; Linux x86_64; rv:72.0) Gecko/20100101 Firefox/72.0"
43.156.228.27 - - [09/Apr/2025:23:32:32 +0200] "GET / HTTP/1.1" 200 274 "-" "Mozilla/5.0 (iPhone; CPU iPhone OS 13_2_3 like Mac OS X) AppleWebKit/605.1.15 (KHTML, like Gecko) Version/13.0.3 Mobile/15E148 Safari/604.1"
196.251.70.87 - - [09/Apr/2025:23:33:42 +0200] "GET /_profiler/phpinfo HTTP/1.1" 404 289 "-" "Mozilla/5.0 (Macintosh; Intel Mac OS X 10_14) AppleWebKit/605.1.15 (KHTML, like Gecko) Version/12.0 Safari/605.1.15"
151.106.162.8 - - [09/Apr/2025:23:35:20 +0200] "GET /wp-content/uploads/2016/12/logo3.png HTTP/1.1" 404 310 "-" "Mozilla/5.0 (X11; Ubuntu; Linux x86_64; rv:72.0) Gecko/20100101 Firefox/72.0"
151.106.162.8 - - [09/Apr/2025:23:35:20 +0200] "GET /wp-content/uploads/2016/12/logo3.png HTTP/1.1" 404 310 "-" "Mozilla/5.0 (X11; Ubuntu; Linux x86_64; rv:72.0) Gecko/20100101 Firefox/72.0"
151.106.162.8 - - [09/Apr/2025:23:35:20 +0200] "GET /wp-content/uploads/2016/12/logo3.png HTTP/1.1" 404 310 "-" "Mozilla/5.0 (X11; Ubuntu; Linux x86_64; rv:72.0) Gecko/20100101 Firefox/72.0"
154.81.156.54 - - [09/Apr/2025:23:37:52 +0200] "GET / HTTP/1.1" 200 274 "-" "Mozilla/5.0 (Windows NT 10.0; Win64; x64) AppleWebKit/537.36 (KHTML, like Gecko) Chrome/90.0.4430.85 Safari/537.36 Edg/90.0.818.46"
151.106.181.99 - - [09/Apr/2025:23:49:54 +0200] "GET /cron.php?cron_type=tidy_cache&sid=4b83f2962f8d7246ca90199a1281e7f3 HTTP/1.1" 404 290 "-" "Mozilla/5.0 (X11; Ubuntu; Linux x86_64; rv:72.0) Gecko/20100101 Firefox/72.0"
151.106.181.99 - - [09/Apr/2025:23:49:54 +0200] "GET /cron.php?cron_type=tidy_cache&sid=4b83f2962f8d7246ca90199a1281e7f3 HTTP/1.1" 404 290 "-" "Mozilla/5.0 (X11; Ubuntu; Linux x86_64; rv:72.0) Gecko/20100101 Firefox/72.0"
151.106.181.99 - - [09/Apr/2025:23:49:54 +0200] "GET /cron.php?cron_type=tidy_cache&sid=4b83f2962f8d7246ca90199a1281e7f3 HTTP/1.1" 404 290 "-" "Mozilla/5.0 (X11; Ubuntu; Linux x86_64; rv:72.0) Gecko/20100101 Firefox/72.0"
87.121.84.29 - - [09/Apr/2025:23:50:00 +0200] "POST /boaform/admin/formLogin HTTP/1.1" 404 293 "http://212.69.160.11:80/admin/login.asp" "Mozilla/5.0 (X11; Ubuntu; Linux x86_64; rv:71.0) Gecko/20100101 Firefox/71.0"
154.81.156.35 - - [09/Apr/2025:23:53:14 +0200] "GET / HTTP/1.1" 200 274 "-" "Mozilla/5.0 (Windows NT 10.0; Win64; x64) AppleWebKit/537.36 (KHTML, like Gecko) Chrome/90.0.4430.85 Safari/537.36 Edg/90.0.818.46"
154.81.156.54 - - [09/Apr/2025:23:53:37 +0200] "GET / HTTP/1.1" 200 274 "-" "Mozilla/5.0 (Windows NT 10.0; Win64; x64) AppleWebKit/537.36 (KHTML, like Gecko) Chrome/90.0.4430.85 Safari/537.36 Edg/90.0.818.46"
151.106.177.184 - - [09/Apr/2025:23:54:42 +0200] "GET /download/file.php?id=256&sid=192396fa1e68a1c0abae95febd6fc570 HTTP/1.1" 404 297 "-" "Mozilla/5.0 (X11; Ubuntu; Linux x86_64; rv:72.0) Gecko/20100101 Firefox/72.0"
151.106.177.184 - - [09/Apr/2025:23:54:42 +0200] "GET /download/file.php?id=256&sid=192396fa1e68a1c0abae95febd6fc570 HTTP/1.1" 404 297 "-" "Mozilla/5.0 (X11; Ubuntu; Linux x86_64; rv:72.0) Gecko/20100101 Firefox/72.0"
151.106.177.184 - - [09/Apr/2025:23:54:42 +0200] "GET /download/file.php?id=256&sid=192396fa1e68a1c0abae95febd6fc570 HTTP/1.1" 404 297 "-" "Mozilla/5.0 (X11; Ubuntu; Linux x86_64; rv:72.0) Gecko/20100101 Firefox/72.0"
151.106.167.56 - - [09/Apr/2025:23:57:20 +0200] "GET /download/file.php?id=252&sid=e90c3c271f3ec3c30474b3067feaed50 HTTP/1.1" 404 297 "-" "Mozilla/5.0 (X11; Ubuntu; Linux x86_64; rv:72.0) Gecko/20100101 Firefox/72.0"
151.106.167.56 - - [09/Apr/2025:23:57:21 +0200] "GET /download/file.php?id=252&sid=e90c3c271f3ec3c30474b3067feaed50 HTTP/1.1" 404 297 "-" "Mozilla/5.0 (X11; Ubuntu; Linux x86_64; rv:72.0) Gecko/20100101 Firefox/72.0"
151.106.167.56 - - [09/Apr/2025:23:57:21 +0200] "GET /download/file.php?id=252&sid=e90c3c271f3ec3c30474b3067feaed50 HTTP/1.1" 404 297 "-" "Mozilla/5.0 (X11; Ubuntu; Linux x86_64; rv:72.0) Gecko/20100101 Firefox/72.0"
151.106.169.235 - - [09/Apr/2025:23:59:18 +0200] "GET /cron.php?cron_type=tidy_sessions&sid=2cab38d585f1017c130e37e7ad63e02e HTTP/1.1" 404 290 "-" "Mozilla/5.0 (X11; Ubuntu; Linux x86_64; rv:72.0) Gecko/20100101 Firefox/72.0"
151.106.169.235 - - [09/Apr/2025:23:59:18 +0200] "GET /cron.php?cron_type=tidy_sessions&sid=2cab38d585f1017c130e37e7ad63e02e HTTP/1.1" 404 290 "-" "Mozilla/5.0 (X11; Ubuntu; Linux x86_64; rv:72.0) Gecko/20100101 Firefox/72.0"
151.106.169.235 - - [09/Apr/2025:23:59:18 +0200] "GET /cron.php?cron_type=tidy_sessions&sid=2cab38d585f1017c130e37e7ad63e02e HTTP/1.1" 404 290 "-" "Mozilla/5.0 (X11; Ubuntu; Linux x86_64; rv:72.0) Gecko/20100101 Firefox/72.0"
151.106.186.76 - - [09/Apr/2025:23:59:22 +0200] "GET /cron.php?cron_type=tidy_cache&sid=3aec0f8dabf55c5159af596d3f3d34e7 HTTP/1.1" 404 290 "-" "Mozilla/5.0 (X11; Ubuntu; Linux x86_64; rv:72.0) Gecko/20100101 Firefox/72.0"
151.106.186.76 - - [09/Apr/2025:23:59:23 +0200] "GET /cron.php?cron_type=tidy_cache&sid=3aec0f8dabf55c5159af596d3f3d34e7 HTTP/1.1" 404 290 "-" "Mozilla/5.0 (X11; Ubuntu; Linux x86_64; rv:72.0) Gecko/20100101 Firefox/72.0"
151.106.186.76 - - [09/Apr/2025:23:59:23 +0200] "GET /cron.php?cron_type=tidy_cache&sid=3aec0f8dabf55c5159af596d3f3d34e7 HTTP/1.1" 404 290 "-" "Mozilla/5.0 (X11; Ubuntu; Linux x86_64; rv:72.0) Gecko/20100101 Firefox/72.0"
151.106.180.26 - - [10/Apr/2025:00:05:40 +0200] "GET /download/file.php?id=251&sid=1c34a344762052c442d08799cad37c2e HTTP/1.1" 404 297 "-" "Mozilla/5.0 (X11; Ubuntu; Linux x86_64; rv:72.0) Gecko/20100101 Firefox/72.0"
151.106.180.26 - - [10/Apr/2025:00:05:41 +0200] "GET /download/file.php?id=251&sid=1c34a344762052c442d08799cad37c2e HTTP/1.1" 404 297 "-" "Mozilla/5.0 (X11; Ubuntu; Linux x86_64; rv:72.0) Gecko/20100101 Firefox/72.0"
151.106.180.26 - - [10/Apr/2025:00:05:41 +0200] "GET /download/file.php?id=251&sid=1c34a344762052c442d08799cad37c2e HTTP/1.1" 404 297 "-" "Mozilla/5.0 (X11; Ubuntu; Linux x86_64; rv:72.0) Gecko/20100101 Firefox/72.0"
156.59.198.136 - - [10/Apr/2025:00:09:21 +0200] "GET /docs/contadino/ANGEBOT/AG17-000005.pdf HTTP/1.0" 404 305 "-" "Mozilla/5.0 (Linux; Android 5.0) AppleWebKit/537.36 (KHTML, like Gecko) Mobile Safari/537.36 (compatible; Bytespider; spider-feedback@bytedance.com)"
156.59.198.136 - - [10/Apr/2025:00:12:01 +0200] "GET /docs/contadino/2018/RECHNUNG/RE18-00014.pdf HTTP/1.0" 404 308 "-" "Mozilla/5.0 (Linux; Android 5.0) AppleWebKit/537.36 (KHTML, like Gecko) Mobile Safari/537.36 (compatible; Bytespider; spider-feedback@bytedance.com)"
156.59.198.136 - - [10/Apr/2025:00:13:11 +0200] "GET /renault.activities.at/htdocs/export/pdf/emuc_document/12468766.pdf HTTP/1.0" 404 322 "-" "Mozilla/5.0 (Linux; Android 5.0) AppleWebKit/537.36 (KHTML, like Gecko) Mobile Safari/537.36 (compatible; Bytespider; spider-feedback@bytedance.com)"
151.106.191.138 - - [10/Apr/2025:00:14:01 +0200] "GET /cron.php?cron_type=tidy_warnings&sid=266bf3815626f6faa46df213d3572be4 HTTP/1.1" 404 290 "-" "Mozilla/5.0 (X11; Ubuntu; Linux x86_64; rv:72.0) Gecko/20100101 Firefox/72.0"
151.106.191.138 - - [10/Apr/2025:00:14:02 +0200] "GET /cron.php?cron_type=tidy_warnings&sid=266bf3815626f6faa46df213d3572be4 HTTP/1.1" 404 290 "-" "Mozilla/5.0 (X11; Ubuntu; Linux x86_64; rv:72.0) Gecko/20100101 Firefox/72.0"
151.106.191.138 - - [10/Apr/2025:00:14:02 +0200] "GET /cron.php?cron_type=tidy_warnings&sid=266bf3815626f6faa46df213d3572be4 HTTP/1.1" 404 290 "-" "Mozilla/5.0 (X11; Ubuntu; Linux x86_64; rv:72.0) Gecko/20100101 Firefox/72.0"
156.59.198.135 - - [10/Apr/2025:00:16:25 +0200] "GET /renault.activities.at/htdocs/export/pdf/emuc_document/12002319.pdf HTTP/1.0" 404 322 "-" "Mozilla/5.0 (Linux; Android 5.0) AppleWebKit/537.36 (KHTML, like Gecko) Mobile Safari/537.36 (compatible; Bytespider; spider-feedback@bytedance.com)"
154.81.156.54 - - [10/Apr/2025:00:18:11 +0200] "GET / HTTP/1.1" 200 274 "-" "Mozilla/5.0 (Windows NT 10.0; Win64; x64) AppleWebKit/537.36 (KHTML, like Gecko) Chrome/90.0.4430.85 Safari/537.36 Edg/90.0.818.46"
101.132.145.132 - - [10/Apr/2025:00:18:17 +0200] "GET / HTTP/1.1" 200 274 "-" "Mozilla/5.0 zgrab/0.x"
156.59.198.135 - - [10/Apr/2025:00:19:59 +0200] "GET /renault.activities.at/htdocs/export/pdf/emuc_document/12493053.pdf HTTP/1.0" 404 322 "-" "Mozilla/5.0 (Linux; Android 5.0) AppleWebKit/537.36 (KHTML, like Gecko) Mobile Safari/537.36 (compatible; Bytespider; spider-feedback@bytedance.com)"
156.59.198.136 - - [10/Apr/2025:00:20:08 +0200] "GET /renault.activities.at/htdocs/export/pdf/emuc_document/11549036.pdf HTTP/1.0" 404 322 "-" "Mozilla/5.0 (Linux; Android 5.0) AppleWebKit/537.36 (KHTML, like Gecko) Mobile Safari/537.36 (compatible; Bytespider; spider-feedback@bytedance.com)"
156.59.198.135 - - [10/Apr/2025:00:22:03 +0200] "GET /docs/contadino/ANGEBOT/AG17-000004.pdf HTTP/1.0" 404 305 "-" "Mozilla/5.0 (Linux; Android 5.0) AppleWebKit/537.36 (KHTML, like Gecko) Mobile Safari/537.36 (compatible; Bytespider; spider-feedback@bytedance.com)"
156.59.198.136 - - [10/Apr/2025:00:27:30 +0200] "GET /docs/contadino/2018/ANGEBOT/AG18-00001.pdf HTTP/1.0" 404 307 "-" "Mozilla/5.0 (Linux; Android 5.0) AppleWebKit/537.36 (KHTML, like Gecko) Mobile Safari/537.36 (compatible; Bytespider; spider-feedback@bytedance.com)"
151.106.163.240 - - [10/Apr/2025:00:28:27 +0200] "GET /cron.php?cron_type=tidy_cache&sid=56b3248fce7980e3b6c18bbb7957692c HTTP/1.1" 404 290 "-" "Mozilla/5.0 (X11; Ubuntu; Linux x86_64; rv:72.0) Gecko/20100101 Firefox/72.0"
151.106.163.240 - - [10/Apr/2025:00:28:28 +0200] "GET /cron.php?cron_type=tidy_cache&sid=56b3248fce7980e3b6c18bbb7957692c HTTP/1.1" 404 290 "-" "Mozilla/5.0 (X11; Ubuntu; Linux x86_64; rv:72.0) Gecko/20100101 Firefox/72.0"
151.106.163.240 - - [10/Apr/2025:00:28:28 +0200] "GET /cron.php?cron_type=tidy_cache&sid=56b3248fce7980e3b6c18bbb7957692c HTTP/1.1" 404 290 "-" "Mozilla/5.0 (X11; Ubuntu; Linux x86_64; rv:72.0) Gecko/20100101 Firefox/72.0"
151.106.164.42 - - [10/Apr/2025:00:32:06 +0200] "GET /download/file.php?id=237&sid=e6ae5090cfce49b71334059738685f9b HTTP/1.1" 404 297 "-" "Mozilla/5.0 (X11; Ubuntu; Linux x86_64; rv:72.0) Gecko/20100101 Firefox/72.0"
151.106.164.42 - - [10/Apr/2025:00:32:06 +0200] "GET /download/file.php?id=237&sid=e6ae5090cfce49b71334059738685f9b HTTP/1.1" 404 297 "-" "Mozilla/5.0 (X11; Ubuntu; Linux x86_64; rv:72.0) Gecko/20100101 Firefox/72.0"
151.106.164.42 - - [10/Apr/2025:00:32:07 +0200] "GET /download/file.php?id=237&sid=e6ae5090cfce49b71334059738685f9b HTTP/1.1" 404 297 "-" "Mozilla/5.0 (X11; Ubuntu; Linux x86_64; rv:72.0) Gecko/20100101 Firefox/72.0"
156.59.198.136 - - [10/Apr/2025:00:32:29 +0200] "GET /renault.2web.at/htdocs/binaries/10009028.pdf HTTP/1.0" 404 307 "-" "Mozilla/5.0 (Linux; Android 5.0) AppleWebKit/537.36 (KHTML, like Gecko) Mobile Safari/537.36 (compatible; Bytespider; spider-feedback@bytedance.com)"
154.81.156.34 - - [10/Apr/2025:00:32:36 +0200] "GET / HTTP/1.1" 200 274 "-" "Mozilla/5.0 (Windows NT 10.0; Win64; x64) AppleWebKit/537.36 (KHTML, like Gecko) Chrome/90.0.4430.85 Safari/537.36 Edg/90.0.818.46"
92.255.57.58 - - [10/Apr/2025:00:32:36 +0200] "GET /?XDEBUG_SESSION_START=phpstorm HTTP/1.1" 200 274 "-" "Mozilla/5.0 (Windows NT 10.0; Win64; x64) AppleWebKit/537.36 (KHTML, like Gecko) Chrome/78.0.3904.108 Safari/537.36"
154.81.156.54 - - [10/Apr/2025:00:33:14 +0200] "GET / HTTP/1.1" 200 274 "-" "Mozilla/5.0 (Windows NT 10.0; Win64; x64) AppleWebKit/537.36 (KHTML, like Gecko) Chrome/90.0.4430.85 Safari/537.36 Edg/90.0.818.46"
156.59.198.135 - - [10/Apr/2025:00:34:19 +0200] "GET /docs/contadino/2018/RECHNUNG/RE18-00004.pdf HTTP/1.0" 404 307 "-" "Mozilla/5.0 (Linux; Android 5.0) AppleWebKit/537.36 (KHTML, like Gecko) Mobile Safari/537.36 (compatible; Bytespider; spider-feedback@bytedance.com)"
156.59.198.135 - - [10/Apr/2025:00:35:33 +0200] "GET /docs/contadino/2017/GS17-000003.pdf HTTP/1.0" 404 302 "-" "Mozilla/5.0 (Linux; Android 5.0) AppleWebKit/537.36 (KHTML, like Gecko) Mobile Safari/537.36 (compatible; Bytespider; spider-feedback@bytedance.com)"
156.59.198.136 - - [10/Apr/2025:00:36:00 +0200] "GET /renault.activities.at/htdocs/export/pdf/emuc_document/11995289.pdf HTTP/1.0" 404 322 "-" "Mozilla/5.0 (Linux; Android 5.0) AppleWebKit/537.36 (KHTML, like Gecko) Mobile Safari/537.36 (compatible; Bytespider; spider-feedback@bytedance.com)"
156.59.198.135 - - [10/Apr/2025:00:36:28 +0200] "GET /renault.activities.at/htdocs/export/pdf/emuc_document/12135618.pdf HTTP/1.0" 404 322 "-" "Mozilla/5.0 (Linux; Android 5.0) AppleWebKit/537.36 (KHTML, like Gecko) Mobile Safari/537.36 (compatible; Bytespider; spider-feedback@bytedance.com)"
156.59.198.135 - - [10/Apr/2025:00:36:37 +0200] "GET /renault.activities.at/htdocs/export/pdf/emuc_document/11184855.pdf HTTP/1.0" 404 321 "-" "Mozilla/5.0 (Linux; Android 5.0) AppleWebKit/537.36 (KHTML, like Gecko) Mobile Safari/537.36 (compatible; Bytespider; spider-feedback@bytedance.com)"
156.59.198.135 - - [10/Apr/2025:00:39:15 +0200] "GET /renault.activities.at/htdocs/binaries/10352421.pdf HTTP/1.0" 404 311 "-" "Mozilla/5.0 (Linux; Android 5.0) AppleWebKit/537.36 (KHTML, like Gecko) Mobile Safari/537.36 (compatible; Bytespider; spider-feedback@bytedance.com)"
156.59.198.135 - - [10/Apr/2025:00:40:00 +0200] "GET /renault.activities.at/htdocs/export/pdf/emuc_document/12423089.pdf HTTP/1.0" 404 322 "-" "Mozilla/5.0 (Linux; Android 5.0) AppleWebKit/537.36 (KHTML, like Gecko) Mobile Safari/537.36 (compatible; Bytespider; spider-feedback@bytedance.com)"
156.59.198.135 - - [10/Apr/2025:00:46:05 +0200] "GET /renault.activities.at/htdocs/export/pdf/emuc_document/11578784.pdf HTTP/1.0" 404 322 "-" "Mozilla/5.0 (Linux; Android 5.0) AppleWebKit/537.36 (KHTML, like Gecko) Mobile Safari/537.36 (compatible; Bytespider; spider-feedback@bytedance.com)"
156.59.198.135 - - [10/Apr/2025:00:46:42 +0200] "GET /renault.2web.at/htdocs/binaries/10444274.pdf HTTP/1.0" 404 308 "-" "Mozilla/5.0 (Linux; Android 5.0) AppleWebKit/537.36 (KHTML, like Gecko) Mobile Safari/537.36 (compatible; Bytespider; spider-feedback@bytedance.com)"
156.59.198.135 - - [10/Apr/2025:00:46:51 +0200] "GET /renault.activities.at/htdocs/export/pdf/emuc_document/12304834.pdf HTTP/1.0" 404 322 "-" "Mozilla/5.0 (Linux; Android 5.0) AppleWebKit/537.36 (KHTML, like Gecko) Mobile Safari/537.36 (compatible; Bytespider; spider-feedback@bytedance.com)"
156.59.198.135 - - [10/Apr/2025:00:48:33 +0200] "GET /renault.activities.at/htdocs/binaries/renault-/stellwaende03280x150finalpdf.pdf HTTP/1.0" 404 327 "-" "Mozilla/5.0 (Linux; Android 5.0) AppleWebKit/537.36 (KHTML, like Gecko) Mobile Safari/537.36 (compatible; Bytespider; spider-feedback@bytedance.com)"
156.59.198.136 - - [10/Apr/2025:00:48:42 +0200] "GET /renault.activities.at/htdocs/export/pdf/emuc_document/12322797.pdf HTTP/1.0" 404 322 "-" "Mozilla/5.0 (Linux; Android 5.0) AppleWebKit/537.36 (KHTML, like Gecko) Mobile Safari/537.36 (compatible; Bytespider; spider-feedback@bytedance.com)"
156.59.198.135 - - [10/Apr/2025:00:52:12 +0200] "GET /renault.activities.at/htdocs/export/pdf/emuc_document/12269015.pdf HTTP/1.0" 404 321 "-" "Mozilla/5.0 (Linux; Android 5.0) AppleWebKit/537.36 (KHTML, like Gecko) Mobile Safari/537.36 (compatible; Bytespider; spider-feedback@bytedance.com)"
151.106.166.201 - - [10/Apr/2025:00:53:03 +0200] "GET /cron.php?cron_type=tidy_cache&sid=e486686bdb572f519cf0434ac71c4c02 HTTP/1.1" 404 290 "-" "Mozilla/5.0 (X11; Ubuntu; Linux x86_64; rv:72.0) Gecko/20100101 Firefox/72.0"
151.106.166.201 - - [10/Apr/2025:00:53:04 +0200] "GET /cron.php?cron_type=tidy_cache&sid=e486686bdb572f519cf0434ac71c4c02 HTTP/1.1" 404 290 "-" "Mozilla/5.0 (X11; Ubuntu; Linux x86_64; rv:72.0) Gecko/20100101 Firefox/72.0"
154.81.156.54 - - [10/Apr/2025:00:54:59 +0200] "GET / HTTP/1.1" 200 274 "-" "Mozilla/5.0 (Windows NT 10.0; Win64; x64) AppleWebKit/537.36 (KHTML, like Gecko) Chrome/90.0.4430.85 Safari/537.36 Edg/90.0.818.46"
156.59.198.135 - - [10/Apr/2025:00:59:20 +0200] "GET /renault.2web.at/htdocs/binaries/renault-/rs-1342018-fr.pdf HTTP/1.0" 404 314 "-" "Mozilla/5.0 (Linux; Android 5.0) AppleWebKit/537.36 (KHTML, like Gecko) Mobile Safari/537.36 (compatible; Bytespider; spider-feedback@bytedance.com)"
156.59.198.136 - - [10/Apr/2025:00:59:29 +0200] "GET /renault.activities.at/htdocs/export/pdf/emuc_document/11124941.pdf HTTP/1.0" 404 321 "-" "Mozilla/5.0 (Linux; Android 5.0) AppleWebKit/537.36 (KHTML, like Gecko) Mobile Safari/537.36 (compatible; Bytespider; spider-feedback@bytedance.com)"
151.106.166.243 - - [10/Apr/2025:01:02:18 +0200] "GET /cron.php?cron_type=tidy_warnings&sid=680a513ddfae798dfd0808615f82a3b2 HTTP/1.1" 404 290 "-" "Mozilla/5.0 (X11; Ubuntu; Linux x86_64; rv:72.0) Gecko/20100101 Firefox/72.0"
151.106.166.243 - - [10/Apr/2025:01:02:18 +0200] "GET /cron.php?cron_type=tidy_warnings&sid=680a513ddfae798dfd0808615f82a3b2 HTTP/1.1" 404 290 "-" "Mozilla/5.0 (X11; Ubuntu; Linux x86_64; rv:72.0) Gecko/20100101 Firefox/72.0"
151.106.166.243 - - [10/Apr/2025:01:02:18 +0200] "GET /cron.php?cron_type=tidy_warnings&sid=680a513ddfae798dfd0808615f82a3b2 HTTP/1.1" 404 290 "-" "Mozilla/5.0 (X11; Ubuntu; Linux x86_64; rv:72.0) Gecko/20100101 Firefox/72.0"
156.59.198.136 - - [10/Apr/2025:01:02:26 +0200] "GET /renault.activities.at/htdocs/export/pdf/emuc_document/11430904.pdf HTTP/1.0" 404 322 "-" "Mozilla/5.0 (Linux; Android 5.0) AppleWebKit/537.36 (KHTML, like Gecko) Mobile Safari/537.36 (compatible; Bytespider; spider-feedback@bytedance.com)"
104.248.244.78 - - [10/Apr/2025:01:03:49 +0200] "GET /.env HTTP/1.1" 404 280 "-" "Mozilla/5.0 Keydrop"
104.248.244.78 - - [10/Apr/2025:01:03:49 +0200] "GET /.git/config HTTP/1.1" 404 285 "-" "Mozilla/5.0 Keydrop"
154.81.156.35 - - [10/Apr/2025:01:06:51 +0200] "GET / HTTP/1.1" 200 274 "-" "Mozilla/5.0 (Windows NT 10.0; Win64; x64) AppleWebKit/537.36 (KHTML, like Gecko) Chrome/90.0.4430.85 Safari/537.36 Edg/90.0.818.46"
154.81.156.54 - - [10/Apr/2025:01:08:33 +0200] "GET / HTTP/1.1" 200 274 "-" "Mozilla/5.0 (Windows NT 10.0; Win64; x64) AppleWebKit/537.36 (KHTML, like Gecko) Chrome/90.0.4430.85 Safari/537.36 Edg/90.0.818.46"
151.106.164.53 - - [10/Apr/2025:01:10:36 +0200] "GET /cron.php?cron_type=tidy_cache&sid=b6db79bf371558015f099f190f654c91 HTTP/1.1" 404 290 "-" "Mozilla/5.0 (X11; Ubuntu; Linux x86_64; rv:72.0) Gecko/20100101 Firefox/72.0"
151.106.164.53 - - [10/Apr/2025:01:10:36 +0200] "GET /cron.php?cron_type=tidy_cache&sid=b6db79bf371558015f099f190f654c91 HTTP/1.1" 404 290 "-" "Mozilla/5.0 (X11; Ubuntu; Linux x86_64; rv:72.0) Gecko/20100101 Firefox/72.0"
151.106.164.53 - - [10/Apr/2025:01:10:36 +0200] "GET /cron.php?cron_type=tidy_cache&sid=b6db79bf371558015f099f190f654c91 HTTP/1.1" 404 290 "-" "Mozilla/5.0 (X11; Ubuntu; Linux x86_64; rv:72.0) Gecko/20100101 Firefox/72.0"
156.59.198.136 - - [10/Apr/2025:01:11:57 +0200] "GET /docs/contadino/2018/RECHNUNG/RE18-00001.pdf HTTP/1.0" 404 307 "-" "Mozilla/5.0 (Linux; Android 5.0) AppleWebKit/537.36 (KHTML, like Gecko) Mobile Safari/537.36 (compatible; Bytespider; spider-feedback@bytedance.com)"
156.59.198.135 - - [10/Apr/2025:01:12:06 +0200] "GET /renault.activities.at/htdocs/export/pdf/emuc_document/11035954.pdf HTTP/1.0" 404 322 "-" "Mozilla/5.0 (Linux; Android 5.0) AppleWebKit/537.36 (KHTML, like Gecko) Mobile Safari/537.36 (compatible; Bytespider; spider-feedback@bytedance.com)"
151.106.162.30 - - [10/Apr/2025:01:15:11 +0200] "GET /download/file.php?id=251&sid=5e5f8b24256a5cda8ea35aedc7efbb6f HTTP/1.1" 404 297 "-" "Mozilla/5.0 (X11; Ubuntu; Linux x86_64; rv:72.0) Gecko/20100101 Firefox/72.0"
151.106.162.30 - - [10/Apr/2025:01:15:11 +0200] "GET /download/file.php?id=251&sid=5e5f8b24256a5cda8ea35aedc7efbb6f HTTP/1.1" 404 297 "-" "Mozilla/5.0 (X11; Ubuntu; Linux x86_64; rv:72.0) Gecko/20100101 Firefox/72.0"
151.106.162.30 - - [10/Apr/2025:01:15:12 +0200] "GET /download/file.php?id=251&sid=5e5f8b24256a5cda8ea35aedc7efbb6f HTTP/1.1" 404 297 "-" "Mozilla/5.0 (X11; Ubuntu; Linux x86_64; rv:72.0) Gecko/20100101 Firefox/72.0"
151.106.164.42 - - [10/Apr/2025:01:15:26 +0200] "GET /cron.php?cron_type=tidy_cache&sid=bc75594d449cbaf8c9a0c24318d09142 HTTP/1.1" 404 290 "-" "Mozilla/5.0 (X11; Ubuntu; Linux x86_64; rv:72.0) Gecko/20100101 Firefox/72.0"
151.106.164.42 - - [10/Apr/2025:01:15:26 +0200] "GET /cron.php?cron_type=tidy_cache&sid=bc75594d449cbaf8c9a0c24318d09142 HTTP/1.1" 404 290 "-" "Mozilla/5.0 (X11; Ubuntu; Linux x86_64; rv:72.0) Gecko/20100101 Firefox/72.0"
151.106.164.42 - - [10/Apr/2025:01:15:27 +0200] "GET /cron.php?cron_type=tidy_cache&sid=bc75594d449cbaf8c9a0c24318d09142 HTTP/1.1" 404 290 "-" "Mozilla/5.0 (X11; Ubuntu; Linux x86_64; rv:72.0) Gecko/20100101 Firefox/72.0"
151.106.169.235 - - [10/Apr/2025:01:20:29 +0200] "GET /cron.php?cron_type=tidy_cache&sid=94c8f0df3615eac9ebf4a81906bc8c6b HTTP/1.1" 404 290 "-" "Mozilla/5.0 (X11; Ubuntu; Linux x86_64; rv:72.0) Gecko/20100101 Firefox/72.0"
151.106.169.235 - - [10/Apr/2025:01:20:29 +0200] "GET /cron.php?cron_type=tidy_cache&sid=94c8f0df3615eac9ebf4a81906bc8c6b HTTP/1.1" 404 290 "-" "Mozilla/5.0 (X11; Ubuntu; Linux x86_64; rv:72.0) Gecko/20100101 Firefox/72.0"
151.106.169.235 - - [10/Apr/2025:01:20:29 +0200] "GET /cron.php?cron_type=tidy_cache&sid=94c8f0df3615eac9ebf4a81906bc8c6b HTTP/1.1" 404 290 "-" "Mozilla/5.0 (X11; Ubuntu; Linux x86_64; rv:72.0) Gecko/20100101 Firefox/72.0"
5.183.209.244 - - [10/Apr/2025:01:20:32 +0200] "GET / HTTP/1.1" 200 423 "-" "-"
156.59.198.135 - - [10/Apr/2025:01:23:29 +0200] "GET /renault.2web.at/htdocs/binaries/10269839.pdf HTTP/1.0" 404 308 "-" "Mozilla/5.0 (Linux; Android 5.0) AppleWebKit/537.36 (KHTML, like Gecko) Mobile Safari/537.36 (compatible; Bytespider; spider-feedback@bytedance.com)"
156.59.198.136 - - [10/Apr/2025:01:23:38 +0200] "GET /renault.activities.at/htdocs/export/pdf/emuc_document/10709223.pdf HTTP/1.0" 404 323 "-" "Mozilla/5.0 (Linux; Android 5.0) AppleWebKit/537.36 (KHTML, like Gecko) Mobile Safari/537.36 (compatible; Bytespider; spider-feedback@bytedance.com)"
103.197.113.52 - - [10/Apr/2025:01:25:49 +0200] "GET /boaform/admin/formLogin?username=ec8&psd=ec8 HTTP/1.0" 404 378 "-" "-"
185.20.226.30 - - [10/Apr/2025:01:27:12 +0200] "GET /plugins/function.php HTTP/1.1" 404 304 "-" "Mozlila/5.0 (Linux; Android 7.0; SM-G892A Bulid/NRD90M; wv) AppleWebKit/537.36 (KHTML, like Gecko) Version/4.0 Chrome/60.0.3112.107 Moblie Safari/537.36"
185.20.226.30 - - [10/Apr/2025:01:27:13 +0200] "GET /file/function.php HTTP/1.1" 404 303 "-" "Mozlila/5.0 (Linux; Android 7.0; SM-G892A Bulid/NRD90M; wv) AppleWebKit/537.36 (KHTML, like Gecko) Version/4.0 Chrome/60.0.3112.107 Moblie Safari/537.36"
185.20.226.30 - - [10/Apr/2025:01:27:13 +0200] "GET /as/function HTTP/1.1" 404 298 "-" "Mozlila/5.0 (Linux; Android 7.0; SM-G892A Bulid/NRD90M; wv) AppleWebKit/537.36 (KHTML, like Gecko) Version/4.0 Chrome/60.0.3112.107 Moblie Safari/537.36"
185.20.226.30 - - [10/Apr/2025:01:27:14 +0200] "GET /mah/function.php HTTP/1.1" 404 302 "-" "Mozlila/5.0 (Linux; Android 7.0; SM-G892A Bulid/NRD90M; wv) AppleWebKit/537.36 (KHTML, like Gecko) Version/4.0 Chrome/60.0.3112.107 Moblie Safari/537.36"
185.20.226.30 - - [10/Apr/2025:01:27:14 +0200] "GET /admin/function.php HTTP/1.1" 404 303 "-" "Mozlila/5.0 (Linux; Android 7.0; SM-G892A Bulid/NRD90M; wv) AppleWebKit/537.36 (KHTML, like Gecko) Version/4.0 Chrome/60.0.3112.107 Moblie Safari/537.36"
185.20.226.30 - - [10/Apr/2025:01:27:15 +0200] "GET /doc/function.php HTTP/1.1" 404 302 "-" "Mozlila/5.0 (Linux; Android 7.0; SM-G892A Bulid/NRD90M; wv) AppleWebKit/537.36 (KHTML, like Gecko) Version/4.0 Chrome/60.0.3112.107 Moblie Safari/537.36"
185.20.226.30 - - [10/Apr/2025:01:27:15 +0200] "GET /about/function.php HTTP/1.1" 404 303 "-" "Mozlila/5.0 (Linux; Android 7.0; SM-G892A Bulid/NRD90M; wv) AppleWebKit/537.36 (KHTML, like Gecko) Version/4.0 Chrome/60.0.3112.107 Moblie Safari/537.36"
185.20.226.30 - - [10/Apr/2025:01:27:15 +0200] "GET /index/function.php HTTP/1.1" 404 304 "-" "Mozlila/5.0 (Linux; Android 7.0; SM-G892A Bulid/NRD90M; wv) AppleWebKit/537.36 (KHTML, like Gecko) Version/4.0 Chrome/60.0.3112.107 Moblie Safari/537.36"
154.81.156.54 - - [10/Apr/2025:01:33:23 +0200] "GET / HTTP/1.1" 200 274 "-" "Mozilla/5.0 (Windows NT 10.0; Win64; x64) AppleWebKit/537.36 (KHTML, like Gecko) Chrome/90.0.4430.85 Safari/537.36 Edg/90.0.818.46"
154.83.103.201 - - [10/Apr/2025:01:35:34 +0200] "GET /.git/HEAD HTTP/1.1" 404 284 "-" "-"
47.237.115.100 - - [10/Apr/2025:01:37:00 +0200] "\x16\x03\x01" 400 383 "-" "-"
92.255.57.58 - - [10/Apr/2025:01:38:19 +0200] "GET /actuator/gateway/routes HTTP/1.1" 404 293 "-" "Mozilla/5.0 (Windows NT 10.0; Win64; x64) AppleWebKit/537.36 (KHTML, like Gecko) Chrome/78.0.3904.108 Safari/537.36"
156.59.198.135 - - [10/Apr/2025:01:42:40 +0200] "GET /renault.activities.at/htdocs/binaries/10017492.pdf HTTP/1.0" 404 311 "-" "Mozilla/5.0 (Linux; Android 5.0) AppleWebKit/537.36 (KHTML, like Gecko) Mobile Safari/537.36 (compatible; Bytespider; spider-feedback@bytedance.com)"
151.106.161.79 - - [10/Apr/2025:01:44:21 +0200] "GET /gallery/image.php?mode=thumbnail&album_id=3&image_id=90&sid=3ce4dba55eef583a9c44dceeac261c3b HTTP/1.1" 404 297 "-" "Mozilla/5.0 (X11; Ubuntu; Linux x86_64; rv:72.0) Gecko/20100101 Firefox/72.0"
151.106.161.79 - - [10/Apr/2025:01:44:21 +0200] "GET /gallery/image.php?mode=thumbnail&album_id=3&image_id=90&sid=3ce4dba55eef583a9c44dceeac261c3b HTTP/1.1" 404 297 "-" "Mozilla/5.0 (X11; Ubuntu; Linux x86_64; rv:72.0) Gecko/20100101 Firefox/72.0"
151.106.161.79 - - [10/Apr/2025:01:44:22 +0200] "GET /gallery/image.php?mode=thumbnail&album_id=3&image_id=90&sid=3ce4dba55eef583a9c44dceeac261c3b HTTP/1.1" 404 297 "-" "Mozilla/5.0 (X11; Ubuntu; Linux x86_64; rv:72.0) Gecko/20100101 Firefox/72.0"
156.59.198.135 - - [10/Apr/2025:01:51:22 +0200] "GET /renault.activities.at/htdocs/export/pdf/emuc_document/11043547.pdf HTTP/1.0" 404 322 "-" "Mozilla/5.0 (Linux; Android 5.0) AppleWebKit/537.36 (KHTML, like Gecko) Mobile Safari/537.36 (compatible; Bytespider; spider-feedback@bytedance.com)"
185.218.86.4 - - [10/Apr/2025:01:52:47 +0200] "GET / HTTP/1.1" 200 274 "-" "Mozilla/5.0 (Windows NT 10.0; Win64; x64) AppleWebKit/537.36 (KHTML, like Gecko) Chrome/90.0.4430.85 Safari/537.36 Edg/90.0.818.46"
154.81.156.34 - - [10/Apr/2025:01:53:12 +0200] "GET / HTTP/1.1" 200 274 "-" "Mozilla/5.0 (Windows NT 10.0; Win64; x64) AppleWebKit/537.36 (KHTML, like Gecko) Chrome/90.0.4430.85 Safari/537.36 Edg/90.0.818.46"
151.106.166.243 - - [10/Apr/2025:01:55:00 +0200] "GET /download/file.php?id=253&sid=fa17fddf85970b0e3f5251c611a58af0 HTTP/1.1" 404 297 "-" "Mozilla/5.0 (X11; Ubuntu; Linux x86_64; rv:72.0) Gecko/20100101 Firefox/72.0"
151.106.166.243 - - [10/Apr/2025:01:55:00 +0200] "GET /download/file.php?id=253&sid=fa17fddf85970b0e3f5251c611a58af0 HTTP/1.1" 404 297 "-" "Mozilla/5.0 (X11; Ubuntu; Linux x86_64; rv:72.0) Gecko/20100101 Firefox/72.0"
151.106.166.243 - - [10/Apr/2025:01:55:00 +0200] "GET /download/file.php?id=253&sid=fa17fddf85970b0e3f5251c611a58af0 HTTP/1.1" 404 297 "-" "Mozilla/5.0 (X11; Ubuntu; Linux x86_64; rv:72.0) Gecko/20100101 Firefox/72.0"
156.59.198.136 - - [10/Apr/2025:01:55:11 +0200] "GET /renault.activities.at/htdocs/export/pdf/emuc_document/12021234.pdf HTTP/1.0" 404 322 "-" "Mozilla/5.0 (Linux; Android 5.0) AppleWebKit/537.36 (KHTML, like Gecko) Mobile Safari/537.36 (compatible; Bytespider; spider-feedback@bytedance.com)"
156.59.198.136 - - [10/Apr/2025:01:57:56 +0200] "GET /docs/contadino/ANGEBOT/AG17-000003.pdf HTTP/1.0" 404 305 "-" "Mozilla/5.0 (Linux; Android 5.0) AppleWebKit/537.36 (KHTML, like Gecko) Mobile Safari/537.36 (compatible; Bytespider; spider-feedback@bytedance.com)"
154.81.156.54 - - [10/Apr/2025:01:59:21 +0200] "GET / HTTP/1.1" 200 274 "-" "Mozilla/5.0 (Windows NT 10.0; Win64; x64) AppleWebKit/537.36 (KHTML, like Gecko) Chrome/90.0.4430.85 Safari/537.36 Edg/90.0.818.46"
5.183.209.244 - - [10/Apr/2025:01:59:42 +0200] "GET / HTTP/1.1" 200 423 "-" "-"