156.59.198.136 - - [09/Apr/2025:06:26:49 +0200] "GET /renault.2web.at/htdocs/binaries/10015817.pdf HTTP/1.0" 404 308 "-" "Mozilla/5.0 (Linux; Android 5.0) AppleWebKit/537.36 (KHTML, like Gecko) Mobile Safari/537.36 (compatible; Bytespider; spider-feedback@bytedance.com)"
156.59.198.136 - - [09/Apr/2025:06:26:57 +0200] "GET /renault.activities.at/htdocs/export/pdf/emuc_document/12269011.pdf HTTP/1.0" 404 321 "-" "Mozilla/5.0 (Linux; Android 5.0) AppleWebKit/537.36 (KHTML, like Gecko) Mobile Safari/537.36 (compatible; Bytespider; spider-feedback@bytedance.com)"
154.83.103.107 - - [09/Apr/2025:06:38:25 +0200] "GET /.git/HEAD HTTP/1.1" 404 291 "-" "-"
151.106.173.252 - - [09/Apr/2025:06:45:54 +0200] "GET /cron.php?cron_type=tidy_cache&sid=01381b63f7f44baeee705e09b53d1a55 HTTP/1.1" 404 290 "-" "Mozilla/5.0 (X11; Ubuntu; Linux x86_64; rv:72.0) Gecko/20100101 Firefox/72.0"
151.106.173.252 - - [09/Apr/2025:06:45:54 +0200] "GET /cron.php?cron_type=tidy_cache&sid=01381b63f7f44baeee705e09b53d1a55 HTTP/1.1" 404 290 "-" "Mozilla/5.0 (X11; Ubuntu; Linux x86_64; rv:72.0) Gecko/20100101 Firefox/72.0"
151.106.173.252 - - [09/Apr/2025:06:45:54 +0200] "GET /cron.php?cron_type=tidy_cache&sid=01381b63f7f44baeee705e09b53d1a55 HTTP/1.1" 404 290 "-" "Mozilla/5.0 (X11; Ubuntu; Linux x86_64; rv:72.0) Gecko/20100101 Firefox/72.0"
154.81.156.54 - - [09/Apr/2025:06:47:17 +0200] "GET / HTTP/1.1" 200 274 "-" "Mozilla/5.0 (Windows NT 10.0; Win64; x64) AppleWebKit/537.36 (KHTML, like Gecko) Chrome/90.0.4430.85 Safari/537.36 Edg/90.0.818.46"
154.81.156.35 - - [09/Apr/2025:06:54:53 +0200] "GET / HTTP/1.1" 200 274 "-" "Mozilla/5.0 (Windows NT 10.0; Win64; x64) AppleWebKit/537.36 (KHTML, like Gecko) Chrome/90.0.4430.85 Safari/537.36 Edg/90.0.818.46"
151.106.168.134 - - [09/Apr/2025:06:55:13 +0200] "GET /cron.php?cron_type=tidy_sessions&sid=ba252dffad0ead1d2a12ba1a0f295257 HTTP/1.1" 404 290 "-" "Mozilla/5.0 (X11; Ubuntu; Linux x86_64; rv:72.0) Gecko/20100101 Firefox/72.0"
151.106.168.134 - - [09/Apr/2025:06:55:13 +0200] "GET /cron.php?cron_type=tidy_sessions&sid=ba252dffad0ead1d2a12ba1a0f295257 HTTP/1.1" 404 290 "-" "Mozilla/5.0 (X11; Ubuntu; Linux x86_64; rv:72.0) Gecko/20100101 Firefox/72.0"
151.106.168.134 - - [09/Apr/2025:06:55:13 +0200] "GET /cron.php?cron_type=tidy_sessions&sid=ba252dffad0ead1d2a12ba1a0f295257 HTTP/1.1" 404 290 "-" "Mozilla/5.0 (X11; Ubuntu; Linux x86_64; rv:72.0) Gecko/20100101 Firefox/72.0"
45.227.254.155 - - [09/Apr/2025:06:56:02 +0200] "\x03" 400 383 "-" "-"
154.81.156.54 - - [09/Apr/2025:06:56:18 +0200] "GET / HTTP/1.1" 200 274 "-" "Mozilla/5.0 (Windows NT 10.0; Win64; x64) AppleWebKit/537.36 (KHTML, like Gecko) Chrome/90.0.4430.85 Safari/537.36 Edg/90.0.818.46"
154.81.156.34 - - [09/Apr/2025:06:58:00 +0200] "GET / HTTP/1.1" 200 274 "-" "Mozilla/5.0 (Windows NT 10.0; Win64; x64) AppleWebKit/537.36 (KHTML, like Gecko) Chrome/90.0.4430.85 Safari/537.36 Edg/90.0.818.46"
151.106.180.26 - - [09/Apr/2025:06:59:25 +0200] "GET /cron.php?cron_type=tidy_cache&sid=e9e0f54ef64effd80b15d0e39a3371aa HTTP/1.1" 404 290 "-" "Mozilla/5.0 (X11; Ubuntu; Linux x86_64; rv:72.0) Gecko/20100101 Firefox/72.0"
151.106.180.26 - - [09/Apr/2025:06:59:25 +0200] "GET /cron.php?cron_type=tidy_cache&sid=e9e0f54ef64effd80b15d0e39a3371aa HTTP/1.1" 404 290 "-" "Mozilla/5.0 (X11; Ubuntu; Linux x86_64; rv:72.0) Gecko/20100101 Firefox/72.0"
151.106.180.26 - - [09/Apr/2025:06:59:26 +0200] "GET /cron.php?cron_type=tidy_cache&sid=e9e0f54ef64effd80b15d0e39a3371aa HTTP/1.1" 404 290 "-" "Mozilla/5.0 (X11; Ubuntu; Linux x86_64; rv:72.0) Gecko/20100101 Firefox/72.0"
151.106.177.184 - - [09/Apr/2025:07:02:21 +0200] "GET /download/file.php?id=253&sid=a64ee32341bd27d175c1b2e2bc4968ca HTTP/1.1" 404 297 "-" "Mozilla/5.0 (X11; Ubuntu; Linux x86_64; rv:72.0) Gecko/20100101 Firefox/72.0"
151.106.177.184 - - [09/Apr/2025:07:02:21 +0200] "GET /download/file.php?id=253&sid=a64ee32341bd27d175c1b2e2bc4968ca HTTP/1.1" 404 297 "-" "Mozilla/5.0 (X11; Ubuntu; Linux x86_64; rv:72.0) Gecko/20100101 Firefox/72.0"
151.106.177.184 - - [09/Apr/2025:07:02:22 +0200] "GET /download/file.php?id=253&sid=a64ee32341bd27d175c1b2e2bc4968ca HTTP/1.1" 404 297 "-" "Mozilla/5.0 (X11; Ubuntu; Linux x86_64; rv:72.0) Gecko/20100101 Firefox/72.0"
151.106.191.239 - - [09/Apr/2025:07:02:37 +0200] "GET /gallery/image.php?mode=medium&album_id=1&image_id=113&sid=7354d32024e059800c976660ad678ac5 HTTP/1.1" 404 297 "-" "Mozilla/5.0 (X11; Ubuntu; Linux x86_64; rv:72.0) Gecko/20100101 Firefox/72.0"
151.106.191.239 - - [09/Apr/2025:07:02:37 +0200] "GET /gallery/image.php?mode=medium&album_id=1&image_id=113&sid=7354d32024e059800c976660ad678ac5 HTTP/1.1" 404 297 "-" "Mozilla/5.0 (X11; Ubuntu; Linux x86_64; rv:72.0) Gecko/20100101 Firefox/72.0"
151.106.191.239 - - [09/Apr/2025:07:02:37 +0200] "GET /gallery/image.php?mode=medium&album_id=1&image_id=113&sid=7354d32024e059800c976660ad678ac5 HTTP/1.1" 404 297 "-" "Mozilla/5.0 (X11; Ubuntu; Linux x86_64; rv:72.0) Gecko/20100101 Firefox/72.0"
156.59.198.136 - - [09/Apr/2025:07:03:39 +0200] "GET /renault.activities.at/htdocs/binaries/10171423.pdf HTTP/1.0" 404 311 "-" "Mozilla/5.0 (Linux; Android 5.0) AppleWebKit/537.36 (KHTML, like Gecko) Mobile Safari/537.36 (compatible; Bytespider; spider-feedback@bytedance.com)"
156.59.198.136 - - [09/Apr/2025:07:07:41 +0200] "GET /renault.activities.at/htdocs/export/pdf/emuc_document/12135571.pdf HTTP/1.0" 404 322 "-" "Mozilla/5.0 (Linux; Android 5.0) AppleWebKit/537.36 (KHTML, like Gecko) Mobile Safari/537.36 (compatible; Bytespider; spider-feedback@bytedance.com)"
205.210.31.146 - - [09/Apr/2025:07:11:01 +0200] "GET / HTTP/1.1" 200 423 "-" "Expanse, a Palo Alto Networks company, searches across the global IPv4 space multiple times per day to identify customers' presences on the Internet. If you would like to be excluded from our scans, please send IP addresses/domains to: scaninfo@paloaltonetworks.com"
156.59.198.136 - - [09/Apr/2025:07:11:51 +0200] "GET /renault.activities.at/htdocs/export/pdf/emuc_document/10425945.pdf HTTP/1.0" 404 322 "-" "Mozilla/5.0 (Linux; Android 5.0) AppleWebKit/537.36 (KHTML, like Gecko) Mobile Safari/537.36 (compatible; Bytespider; spider-feedback@bytedance.com)"
194.38.23.16 - - [09/Apr/2025:07:15:48 +0200] "GET /server/php/index.php?file=tf2rghf.jpg HTTP/1.1" 404 372 "-" "ALittle Client"
151.106.162.30 - - [09/Apr/2025:07:15:49 +0200] "GET /cron.php?cron_type=tidy_cache&sid=a5df14573dd7a316e12eee01bddb20fe HTTP/1.1" 404 290 "-" "Mozilla/5.0 (X11; Ubuntu; Linux x86_64; rv:72.0) Gecko/20100101 Firefox/72.0"
151.106.162.30 - - [09/Apr/2025:07:15:49 +0200] "GET /cron.php?cron_type=tidy_cache&sid=a5df14573dd7a316e12eee01bddb20fe HTTP/1.1" 404 290 "-" "Mozilla/5.0 (X11; Ubuntu; Linux x86_64; rv:72.0) Gecko/20100101 Firefox/72.0"
151.106.162.30 - - [09/Apr/2025:07:15:50 +0200] "GET /cron.php?cron_type=tidy_cache&sid=a5df14573dd7a316e12eee01bddb20fe HTTP/1.1" 404 290 "-" "Mozilla/5.0 (X11; Ubuntu; Linux x86_64; rv:72.0) Gecko/20100101 Firefox/72.0"
194.38.23.16 - - [09/Apr/2025:07:15:50 +0200] "GET /server/php/index.php?file=tf2rghf.jpg HTTP/1.1" 404 385 "-" "ALittle Client"
154.81.156.54 - - [09/Apr/2025:07:21:37 +0200] "GET / HTTP/1.1" 200 274 "-" "Mozilla/5.0 (Windows NT 10.0; Win64; x64) AppleWebKit/537.36 (KHTML, like Gecko) Chrome/90.0.4430.85 Safari/537.36 Edg/90.0.818.46"
151.106.164.217 - - [09/Apr/2025:07:27:58 +0200] "GET /download/file.php?id=238&sid=e6ae5090cfce49b71334059738685f9b HTTP/1.1" 404 297 "-" "Mozilla/5.0 (X11; Ubuntu; Linux x86_64; rv:72.0) Gecko/20100101 Firefox/72.0"
151.106.164.217 - - [09/Apr/2025:07:27:58 +0200] "GET /download/file.php?id=238&sid=e6ae5090cfce49b71334059738685f9b HTTP/1.1" 404 297 "-" "Mozilla/5.0 (X11; Ubuntu; Linux x86_64; rv:72.0) Gecko/20100101 Firefox/72.0"
151.106.164.217 - - [09/Apr/2025:07:27:58 +0200] "GET /download/file.php?id=238&sid=e6ae5090cfce49b71334059738685f9b HTTP/1.1" 404 297 "-" "Mozilla/5.0 (X11; Ubuntu; Linux x86_64; rv:72.0) Gecko/20100101 Firefox/72.0"
151.106.167.56 - - [09/Apr/2025:07:31:45 +0200] "GET /cron.php?cron_type=tidy_cache&sid=c69a839e44c3409b71c45267b15d78ed HTTP/1.1" 404 290 "-" "Mozilla/5.0 (X11; Ubuntu; Linux x86_64; rv:72.0) Gecko/20100101 Firefox/72.0"
151.106.167.56 - - [09/Apr/2025:07:31:45 +0200] "GET /cron.php?cron_type=tidy_cache&sid=c69a839e44c3409b71c45267b15d78ed HTTP/1.1" 404 290 "-" "Mozilla/5.0 (X11; Ubuntu; Linux x86_64; rv:72.0) Gecko/20100101 Firefox/72.0"
151.106.167.56 - - [09/Apr/2025:07:31:45 +0200] "GET /cron.php?cron_type=tidy_cache&sid=c69a839e44c3409b71c45267b15d78ed HTTP/1.1" 404 290 "-" "Mozilla/5.0 (X11; Ubuntu; Linux x86_64; rv:72.0) Gecko/20100101 Firefox/72.0"
151.106.173.252 - - [09/Apr/2025:07:32:35 +0200] "GET /download/file.php?id=239&sid=a044b272d93d4b459b7cb2f0ace08380 HTTP/1.1" 404 297 "-" "Mozilla/5.0 (X11; Ubuntu; Linux x86_64; rv:72.0) Gecko/20100101 Firefox/72.0"
151.106.173.252 - - [09/Apr/2025:07:32:35 +0200] "GET /download/file.php?id=239&sid=a044b272d93d4b459b7cb2f0ace08380 HTTP/1.1" 404 297 "-" "Mozilla/5.0 (X11; Ubuntu; Linux x86_64; rv:72.0) Gecko/20100101 Firefox/72.0"
151.106.173.252 - - [09/Apr/2025:07:32:35 +0200] "GET /download/file.php?id=239&sid=a044b272d93d4b459b7cb2f0ace08380 HTTP/1.1" 404 297 "-" "Mozilla/5.0 (X11; Ubuntu; Linux x86_64; rv:72.0) Gecko/20100101 Firefox/72.0"
87.121.84.195 - - [09/Apr/2025:07:34:52 +0200] "POST /boaform/admin/formLogin HTTP/1.1" 404 293 "http://212.69.160.11:80/admin/login.asp" "Mozilla/5.0 (X11; Ubuntu; Linux x86_64; rv:71.0) Gecko/20100101 Firefox/71.0"
151.106.166.60 - - [09/Apr/2025:07:44:19 +0200] "GET /cron.php?cron_type=tidy_cache&sid=6ce486fd359a16666ade9f38f18e6c1d HTTP/1.1" 404 290 "-" "Mozilla/5.0 (X11; Ubuntu; Linux x86_64; rv:72.0) Gecko/20100101 Firefox/72.0"
151.106.166.60 - - [09/Apr/2025:07:44:19 +0200] "GET /cron.php?cron_type=tidy_cache&sid=6ce486fd359a16666ade9f38f18e6c1d HTTP/1.1" 404 290 "-" "Mozilla/5.0 (X11; Ubuntu; Linux x86_64; rv:72.0) Gecko/20100101 Firefox/72.0"
151.106.166.60 - - [09/Apr/2025:07:44:20 +0200] "GET /cron.php?cron_type=tidy_cache&sid=6ce486fd359a16666ade9f38f18e6c1d HTTP/1.1" 404 290 "-" "Mozilla/5.0 (X11; Ubuntu; Linux x86_64; rv:72.0) Gecko/20100101 Firefox/72.0"
185.255.122.19 - - [09/Apr/2025:07:45:00 +0200] "GET / HTTP/1.1" 200 274 "-" "Mozilla/5.0 (Windows NT 10.0; Win64; x64) AppleWebKit/537.36 (KHTML, like Gecko) Chrome/90.0.4430.85 Safari/537.36 Edg/90.0.818.46"
156.59.198.136 - - [09/Apr/2025:07:46:04 +0200] "GET /renault.2web.at/htdocs/binaries/10661192.pdf HTTP/1.0" 404 307 "-" "Mozilla/5.0 (Linux; Android 5.0) AppleWebKit/537.36 (KHTML, like Gecko) Mobile Safari/537.36 (compatible; Bytespider; spider-feedback@bytedance.com)"
156.59.198.136 - - [09/Apr/2025:07:46:13 +0200] "GET /renault.activities.at/htdocs/export/pdf/emuc_document/11320612.pdf HTTP/1.0" 404 322 "-" "Mozilla/5.0 (Linux; Android 5.0) AppleWebKit/537.36 (KHTML, like Gecko) Mobile Safari/537.36 (compatible; Bytespider; spider-feedback@bytedance.com)"
156.59.198.135 - - [09/Apr/2025:07:46:22 +0200] "GET /renault.activities.at/htdocs/export/pdf/emuc_document/11253856.pdf HTTP/1.0" 404 322 "-" "Mozilla/5.0 (Linux; Android 5.0) AppleWebKit/537.36 (KHTML, like Gecko) Mobile Safari/537.36 (compatible; Bytespider; spider-feedback@bytedance.com)"
154.81.156.35 - - [09/Apr/2025:07:53:06 +0200] "GET / HTTP/1.1" 200 274 "-" "Mozilla/5.0 (Windows NT 10.0; Win64; x64) AppleWebKit/537.36 (KHTML, like Gecko) Chrome/90.0.4430.85 Safari/537.36 Edg/90.0.818.46"
154.81.156.54 - - [09/Apr/2025:07:55:00 +0200] "GET / HTTP/1.1" 200 274 "-" "Mozilla/5.0 (Windows NT 10.0; Win64; x64) AppleWebKit/537.36 (KHTML, like Gecko) Chrome/90.0.4430.85 Safari/537.36 Edg/90.0.818.46"
43.167.245.18 - - [09/Apr/2025:07:56:50 +0200] "GET / HTTP/1.1" 200 274 "-" "Mozilla/5.0 (iPhone; CPU iPhone OS 13_2_3 like Mac OS X) AppleWebKit/605.1.15 (KHTML, like Gecko) Version/13.0.3 Mobile/15E148 Safari/604.1"
156.59.198.135 - - [09/Apr/2025:07:58:45 +0200] "GET /renault.activities.at/htdocs/export/pdf/emuc_document/11504638.pdf HTTP/1.0" 404 322 "-" "Mozilla/5.0 (Linux; Android 5.0) AppleWebKit/537.36 (KHTML, like Gecko) Mobile Safari/537.36 (compatible; Bytespider; spider-feedback@bytedance.com)"
156.59.198.136 - - [09/Apr/2025:07:58:54 +0200] "GET /renault.activities.at/htdocs/binaries/10117642.pdf HTTP/1.0" 404 311 "-" "Mozilla/5.0 (Linux; Android 5.0) AppleWebKit/537.36 (KHTML, like Gecko) Mobile Safari/537.36 (compatible; Bytespider; spider-feedback@bytedance.com)"
156.59.198.136 - - [09/Apr/2025:07:59:03 +0200] "GET /renault.2web.at/htdocs/binaries/10665041.pdf HTTP/1.0" 404 308 "-" "Mozilla/5.0 (Linux; Android 5.0) AppleWebKit/537.36 (KHTML, like Gecko) Mobile Safari/537.36 (compatible; Bytespider; spider-feedback@bytedance.com)"
154.81.156.54 - - [09/Apr/2025:08:13:33 +0200] "GET / HTTP/1.1" 200 274 "-" "Mozilla/5.0 (Windows NT 10.0; Win64; x64) AppleWebKit/537.36 (KHTML, like Gecko) Chrome/90.0.4430.85 Safari/537.36 Edg/90.0.818.46"
45.148.10.35 - - [09/Apr/2025:08:18:43 +0200] "\x16\x03\x01" 400 383 "-" "-"
45.148.10.35 - - [09/Apr/2025:08:18:43 +0200] "GET / HTTP/1.1" 400 383 "-" "-"
45.148.10.35 - - [09/Apr/2025:08:18:43 +0200] "GET / HTTP/1.1" 200 423 "-" "l9tcpid/v1.1.0"
45.148.10.35 - - [09/Apr/2025:08:18:44 +0200] "GET /auth/settings.yaml HTTP/1.1" 404 290 "-" "l9explore/1.2.2"
45.148.10.35 - - [09/Apr/2025:08:18:44 +0200] "GET /config.xml HTTP/1.1" 404 285 "-" "l9explore/1.2.2"
45.148.10.35 - - [09/Apr/2025:08:18:44 +0200] "GET /services/auth/config.json HTTP/1.1" 404 294 "-" "l9explore/1.2.2"
45.148.10.35 - - [09/Apr/2025:08:18:44 +0200] "GET /config/database.yml HTTP/1.1" 404 291 "-" "l9explore/1.2.2"
45.148.10.35 - - [09/Apr/2025:08:18:44 +0200] "GET /security/api_settings.json HTTP/1.1" 404 296 "-" "l9explore/1.2.2"
45.148.10.35 - - [09/Apr/2025:08:18:44 +0200] "GET /secrets/oauth.json HTTP/1.1" 404 289 "-" "l9explore/1.2.2"
45.148.10.35 - - [09/Apr/2025:08:18:44 +0200] "GET /secrets/auth.yaml HTTP/1.1" 404 288 "-" "l9explore/1.2.2"
45.148.10.35 - - [09/Apr/2025:08:18:44 +0200] "GET /microservices/oauth/config.json HTTP/1.1" 404 298 "-" "l9explore/1.2.2"
45.148.10.35 - - [09/Apr/2025:08:18:44 +0200] "GET /config/twitter_auth.yaml HTTP/1.1" 404 295 "-" "l9explore/1.2.2"
45.148.10.35 - - [09/Apr/2025:08:18:44 +0200] "GET /vault/config.json HTTP/1.1" 404 290 "-" "l9explore/1.2.2"
45.148.10.35 - - [09/Apr/2025:08:18:44 +0200] "GET /vault/oauth.yaml HTTP/1.1" 404 288 "-" "l9explore/1.2.2"
45.148.10.35 - - [09/Apr/2025:08:18:44 +0200] "GET /project/settings.py HTTP/1.1" 404 291 "-" "l9explore/1.2.2"
45.148.10.35 - - [09/Apr/2025:08:18:44 +0200] "GET /environments/prod/settings.json HTTP/1.1" 404 298 "-" "l9explore/1.2.2"
45.148.10.35 - - [09/Apr/2025:08:18:44 +0200] "GET /security/oauth.json HTTP/1.1" 404 290 "-" "l9explore/1.2.2"
45.148.10.35 - - [09/Apr/2025:08:18:44 +0200] "GET /app/config/oauth.json HTTP/1.1" 404 292 "-" "l9explore/1.2.2"
45.148.10.35 - - [09/Apr/2025:08:18:44 +0200] "GET /config/server_auth.yaml HTTP/1.1" 404 292 "-" "l9explore/1.2.2"
45.148.10.35 - - [09/Apr/2025:08:18:44 +0200] "GET /auth.json HTTP/1.1" 404 283 "-" "l9explore/1.2.2"
45.148.10.35 - - [09/Apr/2025:08:18:44 +0200] "GET /config/staging.yaml HTTP/1.1" 404 291 "-" "l9explore/1.2.2"
45.148.10.35 - - [09/Apr/2025:08:18:45 +0200] "GET /config/github.yaml HTTP/1.1" 404 291 "-" "l9explore/1.2.2"
45.148.10.35 - - [09/Apr/2025:08:18:45 +0200] "GET /config/azure_auth.yaml HTTP/1.1" 404 294 "-" "l9explore/1.2.2"
45.148.10.35 - - [09/Apr/2025:08:18:45 +0200] "GET /config/gcp_oauth.json HTTP/1.1" 404 293 "-" "l9explore/1.2.2"
45.148.10.35 - - [09/Apr/2025:08:18:45 +0200] "GET /etc/oauth/config.json HTTP/1.1" 404 292 "-" "l9explore/1.2.2"
45.148.10.35 - - [09/Apr/2025:08:18:45 +0200] "GET /app/settings/auth.json HTTP/1.1" 404 292 "-" "l9explore/1.2.2"
45.148.10.35 - - [09/Apr/2025:08:18:45 +0200] "GET /config/app_config.yaml HTTP/1.1" 404 291 "-" "l9explore/1.2.2"
45.148.10.35 - - [09/Apr/2025:08:18:45 +0200] "GET /secrets/token_store.yaml HTTP/1.1" 404 294 "-" "l9explore/1.2.2"
45.148.10.35 - - [09/Apr/2025:08:18:45 +0200] "GET /auth/config.json HTTP/1.1" 404 289 "-" "l9explore/1.2.2"
45.148.10.35 - - [09/Apr/2025:08:18:45 +0200] "GET /application.properties HTTP/1.1" 404 292 "-" "l9explore/1.2.2"
45.148.10.35 - - [09/Apr/2025:08:18:45 +0200] "GET /test/settings.yaml HTTP/1.1" 404 289 "-" "l9explore/1.2.2"
45.148.10.35 - - [09/Apr/2025:08:18:45 +0200] "GET /etc/auth/secrets.yaml HTTP/1.1" 404 291 "-" "l9explore/1.2.2"
45.148.10.35 - - [09/Apr/2025:08:18:45 +0200] "GET /auth/keys.ini HTTP/1.1" 404 286 "-" "l9explore/1.2.2"
45.148.10.35 - - [09/Apr/2025:08:18:45 +0200] "GET /auth/provider_config.yaml HTTP/1.1" 404 296 "-" "l9explore/1.2.2"
45.148.10.35 - - [09/Apr/2025:08:18:45 +0200] "GET /config/secrets.yml HTTP/1.1" 404 290 "-" "l9explore/1.2.2"
45.148.10.35 - - [09/Apr/2025:08:18:45 +0200] "GET /config/facebook_oauth.json HTTP/1.1" 404 297 "-" "l9explore/1.2.2"
45.148.10.35 - - [09/Apr/2025:08:18:45 +0200] "GET /config/base.json HTTP/1.1" 404 288 "-" "l9explore/1.2.2"
45.148.10.35 - - [09/Apr/2025:08:18:45 +0200] "GET /config/auth_override.json HTTP/1.1" 404 295 "-" "l9explore/1.2.2"
45.148.10.35 - - [09/Apr/2025:08:18:45 +0200] "GET /conf.d/oauth.conf HTTP/1.1" 404 287 "-" "l9explore/1.2.2"
45.148.10.35 - - [09/Apr/2025:08:18:45 +0200] "GET /auth/oauth_config.ini HTTP/1.1" 404 291 "-" "l9explore/1.2.2"
45.148.10.35 - - [09/Apr/2025:08:18:46 +0200] "GET /secrets.py HTTP/1.1" 404 284 "-" "l9explore/1.2.2"
45.148.10.35 - - [09/Apr/2025:08:18:46 +0200] "GET /settings/service_keys.ini HTTP/1.1" 404 294 "-" "l9explore/1.2.2"
45.148.10.35 - - [09/Apr/2025:08:18:46 +0200] "GET /config/initializers/oauth.rb HTTP/1.1" 404 298 "-" "l9explore/1.2.2"
45.148.10.35 - - [09/Apr/2025:08:18:46 +0200] "GET /src/config/settings.yaml HTTP/1.1" 404 295 "-" "l9explore/1.2.2"
45.148.10.35 - - [09/Apr/2025:08:18:46 +0200] "GET /src/main/resources/application.yml HTTP/1.1" 404 300 "-" "l9explore/1.2.2"
45.148.10.35 - - [09/Apr/2025:08:18:46 +0200] "GET /config/local.yaml HTTP/1.1" 404 290 "-" "l9explore/1.2.2"
45.148.10.35 - - [09/Apr/2025:08:18:46 +0200] "GET /cloud/settings.yaml HTTP/1.1" 404 291 "-" "l9explore/1.2.2"
45.148.10.35 - - [09/Apr/2025:08:18:46 +0200] "GET /settings/api_config.json HTTP/1.1" 404 295 "-" "l9explore/1.2.2"
45.148.10.35 - - [09/Apr/2025:08:18:46 +0200] "GET /config.ini HTTP/1.1" 404 285 "-" "l9explore/1.2.2"
45.148.10.35 - - [09/Apr/2025:08:18:46 +0200] "GET /config/db.json HTTP/1.1" 404 287 "-" "l9explore/1.2.2"
45.148.10.35 - - [09/Apr/2025:08:18:46 +0200] "GET /tests/config/test_oauth.json HTTP/1.1" 404 295 "-" "l9explore/1.2.2"
45.148.10.35 - - [09/Apr/2025:08:18:46 +0200] "GET /config/auth.yaml HTTP/1.1" 404 289 "-" "l9explore/1.2.2"
45.148.10.35 - - [09/Apr/2025:08:18:46 +0200] "GET /config/security.ini HTTP/1.1" 404 291 "-" "l9explore/1.2.2"
45.148.10.35 - - [09/Apr/2025:08:18:46 +0200] "GET /config/dev_config.ini HTTP/1.1" 404 289 "-" "l9explore/1.2.2"
45.148.10.35 - - [09/Apr/2025:08:18:46 +0200] "GET /services/user/settings.yaml HTTP/1.1" 404 294 "-" "l9explore/1.2.2"
45.148.10.35 - - [09/Apr/2025:08:18:46 +0200] "GET /config/google.json HTTP/1.1" 404 290 "-" "l9explore/1.2.2"
45.148.10.35 - - [09/Apr/2025:08:18:46 +0200] "GET /usr/src/app/auth.json HTTP/1.1" 404 291 "-" "l9explore/1.2.2"
45.148.10.35 - - [09/Apr/2025:08:18:46 +0200] "GET /db/auth_config.json HTTP/1.1" 404 291 "-" "l9explore/1.2.2"
45.148.10.35 - - [09/Apr/2025:08:18:47 +0200] "GET /scripts/auth_settings.yaml HTTP/1.1" 404 296 "-" "l9explore/1.2.2"
45.148.10.35 - - [09/Apr/2025:08:18:47 +0200] "GET /config.js HTTP/1.1" 404 284 "-" "l9explore/1.2.2"
45.148.10.35 - - [09/Apr/2025:08:18:47 +0200] "GET /secrets/secrets.json HTTP/1.1" 404 287 "-" "l9explore/1.2.2"
45.148.10.35 - - [09/Apr/2025:08:18:47 +0200] "GET /settings.json HTTP/1.1" 404 286 "-" "l9explore/1.2.2"
45.148.10.35 - - [09/Apr/2025:08:18:47 +0200] "GET /config/development.json HTTP/1.1" 404 294 "-" "l9explore/1.2.2"
45.148.10.35 - - [09/Apr/2025:08:18:47 +0200] "GET /environments/dev/config.yaml HTTP/1.1" 404 297 "-" "l9explore/1.2.2"
45.148.10.35 - - [09/Apr/2025:08:18:47 +0200] "GET /db/settings.ini HTTP/1.1" 404 287 "-" "l9explore/1.2.2"
45.148.10.35 - - [09/Apr/2025:08:18:47 +0200] "GET /automation/oauth.json HTTP/1.1" 404 290 "-" "l9explore/1.2.2"
45.148.10.35 - - [09/Apr/2025:08:18:47 +0200] "GET /config/aws.json HTTP/1.1" 404 288 "-" "l9explore/1.2.2"
45.148.10.35 - - [09/Apr/2025:08:18:47 +0200] "GET /config/integration.json HTTP/1.1" 404 294 "-" "l9explore/1.2.2"
45.148.10.35 - - [09/Apr/2025:08:18:47 +0200] "GET /services/api/auth.yaml HTTP/1.1" 404 291 "-" "l9explore/1.2.2"
45.148.10.35 - - [09/Apr/2025:08:18:47 +0200] "GET /security/auth_settings.yaml HTTP/1.1" 404 296 "-" "l9explore/1.2.2"
45.148.10.35 - - [09/Apr/2025:08:18:47 +0200] "GET /src/config/api_keys.json HTTP/1.1" 404 295 "-" "l9explore/1.2.2"
45.148.10.35 - - [09/Apr/2025:08:18:47 +0200] "GET /scripts/config.json HTTP/1.1" 404 291 "-" "l9explore/1.2.2"
45.148.10.35 - - [09/Apr/2025:08:18:47 +0200] "GET /tests/auth_config.ini HTTP/1.1" 404 291 "-" "l9explore/1.2.2"
45.148.10.35 - - [09/Apr/2025:08:18:47 +0200] "GET /spec/config/oauth.yaml HTTP/1.1" 404 293 "-" "l9explore/1.2.2"
45.148.10.35 - - [09/Apr/2025:08:18:47 +0200] "GET /config/keys.yaml HTTP/1.1" 404 290 "-" "l9explore/1.2.2"
45.148.10.35 - - [09/Apr/2025:08:18:47 +0200] "GET /config/external_auth.json HTTP/1.1" 404 296 "-" "l9explore/1.2.2"
45.148.10.35 - - [09/Apr/2025:08:18:48 +0200] "GET /config/oauth.json HTTP/1.1" 404 289 "-" "l9explore/1.2.2"
45.148.10.35 - - [09/Apr/2025:08:18:48 +0200] "GET /config/okta_oauth.yaml HTTP/1.1" 404 294 "-" "l9explore/1.2.2"
45.148.10.35 - - [09/Apr/2025:08:18:48 +0200] "GET /application.yml HTTP/1.1" 404 288 "-" "l9explore/1.2.2"
45.148.10.35 - - [09/Apr/2025:08:18:48 +0200] "GET /app/auth/config.json HTTP/1.1" 404 292 "-" "l9explore/1.2.2"
45.148.10.35 - - [09/Apr/2025:08:18:48 +0200] "GET /etc/app/config.ini HTTP/1.1" 404 290 "-" "l9explore/1.2.2"
45.148.10.35 - - [09/Apr/2025:08:18:48 +0200] "GET /secrets/integration_auth.yaml HTTP/1.1" 404 297 "-" "l9explore/1.2.2"
45.148.10.35 - - [09/Apr/2025:08:18:48 +0200] "GET /config/client_oauth.json HTTP/1.1" 404 295 "-" "l9explore/1.2.2"
45.148.10.35 - - [09/Apr/2025:08:18:48 +0200] "GET /security/keys.json HTTP/1.1" 404 290 "-" "l9explore/1.2.2"
45.148.10.35 - - [09/Apr/2025:08:18:48 +0200] "GET /scripts/secrets.yaml HTTP/1.1" 404 291 "-" "l9explore/1.2.2"
45.148.10.35 - - [09/Apr/2025:08:18:48 +0200] "GET /config/service_auth.json HTTP/1.1" 404 294 "-" "l9explore/1.2.2"
45.148.10.35 - - [09/Apr/2025:08:18:48 +0200] "GET /src/auth/config.yaml HTTP/1.1" 404 292 "-" "l9explore/1.2.2"
45.148.10.35 - - [09/Apr/2025:08:18:48 +0200] "GET /config/api.json HTTP/1.1" 404 288 "-" "l9explore/1.2.2"
45.148.10.35 - - [09/Apr/2025:08:18:48 +0200] "GET /app/secrets/oauth.yaml HTTP/1.1" 404 292 "-" "l9explore/1.2.2"
45.148.10.35 - - [09/Apr/2025:08:18:48 +0200] "GET /config/microsoft.json HTTP/1.1" 404 293 "-" "l9explore/1.2.2"
45.148.10.35 - - [09/Apr/2025:08:18:48 +0200] "GET /settings/base.ini HTTP/1.1" 404 288 "-" "l9explore/1.2.2"
45.148.10.35 - - [09/Apr/2025:08:18:48 +0200] "GET /config/settings.json HTTP/1.1" 404 291 "-" "l9explore/1.2.2"
45.148.10.35 - - [09/Apr/2025:08:18:48 +0200] "GET /config/credentials.yml HTTP/1.1" 404 293 "-" "l9explore/1.2.2"
45.148.10.35 - - [09/Apr/2025:08:18:48 +0200] "GET /config/production.json HTTP/1.1" 404 293 "-" "l9explore/1.2.2"
154.81.156.54 - - [09/Apr/2025:08:19:18 +0200] "GET / HTTP/1.1" 200 274 "-" "Mozilla/5.0 (Windows NT 10.0; Win64; x64) AppleWebKit/537.36 (KHTML, like Gecko) Chrome/90.0.4430.85 Safari/537.36 Edg/90.0.818.46"
47.128.114.92 - - [09/Apr/2025:08:26:27 +0200] "GET /robots.txt HTTP/1.1" 404 284 "-" "Mozilla/5.0 (Linux; Android 5.0) AppleWebKit/537.36 (KHTML, like Gecko) Mobile Safari/537.36 (compatible; Bytespider; spider-feedback@bytedance.com)"
47.128.99.1 - - [09/Apr/2025:08:26:47 +0200] "GET /robots.txt HTTP/1.1" 404 284 "-" "Mozilla/5.0 (Linux; Android 5.0) AppleWebKit/537.36 (KHTML, like Gecko) Mobile Safari/537.36 (compatible; Bytespider; spider-feedback@bytedance.com)"
47.128.54.140 - - [09/Apr/2025:08:27:03 +0200] "GET /robots.txt HTTP/1.1" 404 284 "-" "Mozilla/5.0 (Linux; Android 5.0) AppleWebKit/537.36 (KHTML, like Gecko) Mobile Safari/537.36 (compatible; Bytespider; spider-feedback@bytedance.com)"
47.128.49.11 - - [09/Apr/2025:08:27:12 +0200] "GET /robots.txt HTTP/1.1" 404 284 "-" "Mozilla/5.0 (Linux; Android 5.0) AppleWebKit/537.36 (KHTML, like Gecko) Mobile Safari/537.36 (compatible; Bytespider; spider-feedback@bytedance.com)"
154.81.156.34 - - [09/Apr/2025:08:38:18 +0200] "GET / HTTP/1.1" 200 274 "-" "Mozilla/5.0 (Windows NT 10.0; Win64; x64) AppleWebKit/537.36 (KHTML, like Gecko) Chrome/90.0.4430.85 Safari/537.36 Edg/90.0.818.46"
196.251.70.87 - - [09/Apr/2025:08:38:18 +0200] "GET /.git/config HTTP/1.1" 404 285 "-" "Mozilla/5.0 (Windows NT 10.0; Win64; x64) AppleWebKit/537.36 (KHTML, like Gecko) Chrome/75.0.3770.142 Safari/537.36 OPR/62.0.3331.117"
151.106.160.247 - - [09/Apr/2025:08:42:11 +0200] "GET /download/file.php?id=255&sid=265dffae84d89928a6f5881e9621fa4f HTTP/1.1" 404 297 "-" "Mozilla/5.0 (X11; Ubuntu; Linux x86_64; rv:72.0) Gecko/20100101 Firefox/72.0"
151.106.160.247 - - [09/Apr/2025:08:42:11 +0200] "GET /download/file.php?id=255&sid=265dffae84d89928a6f5881e9621fa4f HTTP/1.1" 404 297 "-" "Mozilla/5.0 (X11; Ubuntu; Linux x86_64; rv:72.0) Gecko/20100101 Firefox/72.0"
151.106.160.247 - - [09/Apr/2025:08:42:12 +0200] "GET /download/file.php?id=255&sid=265dffae84d89928a6f5881e9621fa4f HTTP/1.1" 404 297 "-" "Mozilla/5.0 (X11; Ubuntu; Linux x86_64; rv:72.0) Gecko/20100101 Firefox/72.0"
87.121.84.29 - - [09/Apr/2025:08:45:09 +0200] "POST /boaform/admin/formLogin HTTP/1.1" 404 293 "http://212.69.160.11:80/admin/login.asp" "Mozilla/5.0 (X11; Ubuntu; Linux x86_64; rv:71.0) Gecko/20100101 Firefox/71.0"
156.59.198.136 - - [09/Apr/2025:08:45:26 +0200] "GET /renault.activities.at/htdocs/export/pdf/emuc_document/10557086.pdf HTTP/1.0" 404 322 "-" "Mozilla/5.0 (Linux; Android 5.0) AppleWebKit/537.36 (KHTML, like Gecko) Mobile Safari/537.36 (compatible; Bytespider; spider-feedback@bytedance.com)"
154.81.156.35 - - [09/Apr/2025:08:56:18 +0200] "GET / HTTP/1.1" 200 274 "-" "Mozilla/5.0 (Windows NT 10.0; Win64; x64) AppleWebKit/537.36 (KHTML, like Gecko) Chrome/90.0.4430.85 Safari/537.36 Edg/90.0.818.46"
154.81.156.54 - - [09/Apr/2025:08:56:20 +0200] "GET / HTTP/1.1" 200 274 "-" "Mozilla/5.0 (Windows NT 10.0; Win64; x64) AppleWebKit/537.36 (KHTML, like Gecko) Chrome/90.0.4430.85 Safari/537.36 Edg/90.0.818.46"
87.121.84.198 - - [09/Apr/2025:08:57:22 +0200] "POST /boaform/admin/formLogin HTTP/1.1" 404 293 "http://212.69.160.11:80/admin/login.asp" "Mozilla/5.0 (X11; Ubuntu; Linux x86_64; rv:71.0) Gecko/20100101 Firefox/71.0"
156.59.198.135 - - [09/Apr/2025:08:57:39 +0200] "GET /renault.2web.at/htdocs/binaries/10069856.pdf HTTP/1.0" 404 308 "-" "Mozilla/5.0 (Linux; Android 5.0) AppleWebKit/537.36 (KHTML, like Gecko) Mobile Safari/537.36 (compatible; Bytespider; spider-feedback@bytedance.com)"
195.211.191.76 - - [09/Apr/2025:08:59:55 +0200] "GET /.git/config HTTP/1.1" 404 285 "-" "Mozilla/5.0 (X11; Linux x86_64) AppleWebKit/537.36 (KHTML, like Gecko) Chrome/72.0.3626.121 Safari/537.36"
156.59.198.135 - - [09/Apr/2025:09:01:44 +0200] "GET /renault.activities.at/htdocs/export/pdf/emuc_document/10253934.pdf HTTP/1.0" 404 322 "-" "Mozilla/5.0 (Linux; Android 5.0) AppleWebKit/537.36 (KHTML, like Gecko) Mobile Safari/537.36 (compatible; Bytespider; spider-feedback@bytedance.com)"
154.81.156.54 - - [09/Apr/2025:09:01:51 +0200] "GET / HTTP/1.1" 200 274 "-" "Mozilla/5.0 (Windows NT 10.0; Win64; x64) AppleWebKit/537.36 (KHTML, like Gecko) Chrome/90.0.4430.85 Safari/537.36 Edg/90.0.818.46"
151.106.183.52 - - [09/Apr/2025:09:02:48 +0200] "GET /download/file.php?id=252&sid=5a9ec837b92f6cbe92b9a2f61cd37a6d HTTP/1.1" 404 297 "-" "Mozilla/5.0 (X11; Ubuntu; Linux x86_64; rv:72.0) Gecko/20100101 Firefox/72.0"
151.106.183.52 - - [09/Apr/2025:09:02:48 +0200] "GET /download/file.php?id=252&sid=5a9ec837b92f6cbe92b9a2f61cd37a6d HTTP/1.1" 404 297 "-" "Mozilla/5.0 (X11; Ubuntu; Linux x86_64; rv:72.0) Gecko/20100101 Firefox/72.0"
151.106.183.52 - - [09/Apr/2025:09:02:48 +0200] "GET /download/file.php?id=252&sid=5a9ec837b92f6cbe92b9a2f61cd37a6d HTTP/1.1" 404 297 "-" "Mozilla/5.0 (X11; Ubuntu; Linux x86_64; rv:72.0) Gecko/20100101 Firefox/72.0"
151.106.166.201 - - [09/Apr/2025:09:03:41 +0200] "GET /cron.php?cron_type=tidy_cache&sid=d483ffd1053a60320f563429bd6e4ba4 HTTP/1.1" 404 290 "-" "Mozilla/5.0 (X11; Ubuntu; Linux x86_64; rv:72.0) Gecko/20100101 Firefox/72.0"
151.106.166.201 - - [09/Apr/2025:09:03:41 +0200] "GET /cron.php?cron_type=tidy_cache&sid=d483ffd1053a60320f563429bd6e4ba4 HTTP/1.1" 404 290 "-" "Mozilla/5.0 (X11; Ubuntu; Linux x86_64; rv:72.0) Gecko/20100101 Firefox/72.0"
151.106.166.201 - - [09/Apr/2025:09:03:41 +0200] "GET /cron.php?cron_type=tidy_cache&sid=d483ffd1053a60320f563429bd6e4ba4 HTTP/1.1" 404 290 "-" "Mozilla/5.0 (X11; Ubuntu; Linux x86_64; rv:72.0) Gecko/20100101 Firefox/72.0"
156.59.198.136 - - [09/Apr/2025:09:05:50 +0200] "GET /renault.activities.at/htdocs/binaries/10017496.pdf HTTP/1.0" 404 311 "-" "Mozilla/5.0 (Linux; Android 5.0) AppleWebKit/537.36 (KHTML, like Gecko) Mobile Safari/537.36 (compatible; Bytespider; spider-feedback@bytedance.com)"
156.59.198.136 - - [09/Apr/2025:09:05:59 +0200] "GET /renault.activities.at/htdocs/export/pdf/emuc_document/11170357.pdf HTTP/1.0" 404 322 "-" "Mozilla/5.0 (Linux; Android 5.0) AppleWebKit/537.36 (KHTML, like Gecko) Mobile Safari/537.36 (compatible; Bytespider; spider-feedback@bytedance.com)"
151.106.181.99 - - [09/Apr/2025:09:09:05 +0200] "GET /download/file.php?id=251&sid=aca3283b7000fad638637dc4318c4d6d HTTP/1.1" 404 297 "-" "Mozilla/5.0 (X11; Ubuntu; Linux x86_64; rv:72.0) Gecko/20100101 Firefox/72.0"
151.106.181.99 - - [09/Apr/2025:09:09:06 +0200] "GET /download/file.php?id=251&sid=aca3283b7000fad638637dc4318c4d6d HTTP/1.1" 404 297 "-" "Mozilla/5.0 (X11; Ubuntu; Linux x86_64; rv:72.0) Gecko/20100101 Firefox/72.0"
151.106.181.99 - - [09/Apr/2025:09:09:06 +0200] "GET /download/file.php?id=251&sid=aca3283b7000fad638637dc4318c4d6d HTTP/1.1" 404 297 "-" "Mozilla/5.0 (X11; Ubuntu; Linux x86_64; rv:72.0) Gecko/20100101 Firefox/72.0"
151.106.163.149 - - [09/Apr/2025:09:09:53 +0200] "GET /cron.php?cron_type=tidy_cache&sid=7ea658843e97874d5b0c8609411d86f5 HTTP/1.1" 404 290 "-" "Mozilla/5.0 (X11; Ubuntu; Linux x86_64; rv:72.0) Gecko/20100101 Firefox/72.0"
151.106.163.149 - - [09/Apr/2025:09:09:54 +0200] "GET /cron.php?cron_type=tidy_cache&sid=7ea658843e97874d5b0c8609411d86f5 HTTP/1.1" 404 290 "-" "Mozilla/5.0 (X11; Ubuntu; Linux x86_64; rv:72.0) Gecko/20100101 Firefox/72.0"
151.106.163.149 - - [09/Apr/2025:09:09:54 +0200] "GET /cron.php?cron_type=tidy_cache&sid=7ea658843e97874d5b0c8609411d86f5 HTTP/1.1" 404 290 "-" "Mozilla/5.0 (X11; Ubuntu; Linux x86_64; rv:72.0) Gecko/20100101 Firefox/72.0"
80.82.70.133 - - [09/Apr/2025:09:11:02 +0200] "\x16\x03\x02\x01o\x01" 400 383 "-" "-"
151.106.191.239 - - [09/Apr/2025:09:17:09 +0200] "GET /download/file.php?id=256&sid=5552cc0f1baca433f20dbd5b14889251 HTTP/1.1" 404 297 "-" "Mozilla/5.0 (X11; Ubuntu; Linux x86_64; rv:72.0) Gecko/20100101 Firefox/72.0"
151.106.191.239 - - [09/Apr/2025:09:17:09 +0200] "GET /download/file.php?id=256&sid=5552cc0f1baca433f20dbd5b14889251 HTTP/1.1" 404 297 "-" "Mozilla/5.0 (X11; Ubuntu; Linux x86_64; rv:72.0) Gecko/20100101 Firefox/72.0"
151.106.191.239 - - [09/Apr/2025:09:17:10 +0200] "GET /download/file.php?id=256&sid=5552cc0f1baca433f20dbd5b14889251 HTTP/1.1" 404 297 "-" "Mozilla/5.0 (X11; Ubuntu; Linux x86_64; rv:72.0) Gecko/20100101 Firefox/72.0"
170.39.218.2 - - [09/Apr/2025:09:17:17 +0200] "\x16\x03\x01" 400 383 "-" "-"
170.39.218.2 - - [09/Apr/2025:09:17:17 +0200] "GET / HTTP/1.1" 400 383 "-" "-"
170.39.218.2 - - [09/Apr/2025:09:17:17 +0200] "GET / HTTP/1.1" 200 423 "-" "l9tcpid/v1.1.0"
170.39.218.2 - - [09/Apr/2025:09:17:17 +0200] "GET /.git/config HTTP/1.1" 404 285 "-" "l9explore/1.2.2"
185.218.86.4 - - [09/Apr/2025:09:17:26 +0200] "GET / HTTP/1.1" 200 274 "-" "Mozilla/5.0 (Windows NT 10.0; Win64; x64) AppleWebKit/537.36 (KHTML, like Gecko) Chrome/90.0.4430.85 Safari/537.36 Edg/90.0.818.46"
5.183.209.244 - - [09/Apr/2025:09:18:28 +0200] "GET / HTTP/1.1" 200 274 "-" "Mozilla/5.0 (Windows NT 10.0; Win64; x64) AppleWebKit/537.36 (KHTML, like Gecko) Chrome/90.0.4430.85 Safari/537.36 Edg/90.0.818.46"
151.106.164.53 - - [09/Apr/2025:09:22:33 +0200] "GET /cron.php?cron_type=tidy_cache&sid=4d876c5c0e21473beb751f5547f1bac0 HTTP/1.1" 404 290 "-" "Mozilla/5.0 (X11; Ubuntu; Linux x86_64; rv:72.0) Gecko/20100101 Firefox/72.0"
151.106.164.53 - - [09/Apr/2025:09:22:33 +0200] "GET /cron.php?cron_type=tidy_cache&sid=4d876c5c0e21473beb751f5547f1bac0 HTTP/1.1" 404 290 "-" "Mozilla/5.0 (X11; Ubuntu; Linux x86_64; rv:72.0) Gecko/20100101 Firefox/72.0"
151.106.164.53 - - [09/Apr/2025:09:22:34 +0200] "GET /cron.php?cron_type=tidy_cache&sid=4d876c5c0e21473beb751f5547f1bac0 HTTP/1.1" 404 290 "-" "Mozilla/5.0 (X11; Ubuntu; Linux x86_64; rv:72.0) Gecko/20100101 Firefox/72.0"
154.81.156.54 - - [09/Apr/2025:09:23:18 +0200] "GET / HTTP/1.1" 200 274 "-" "Mozilla/5.0 (Windows NT 10.0; Win64; x64) AppleWebKit/537.36 (KHTML, like Gecko) Chrome/90.0.4430.85 Safari/537.36 Edg/90.0.818.46"
151.106.164.42 - - [09/Apr/2025:09:30:43 +0200] "GET /cron.php?cron_type=tidy_warnings&sid=fcc17647a85cbb85cc283e0dceecddbb HTTP/1.1" 404 290 "-" "Mozilla/5.0 (X11; Ubuntu; Linux x86_64; rv:72.0) Gecko/20100101 Firefox/72.0"
151.106.164.42 - - [09/Apr/2025:09:30:44 +0200] "GET /cron.php?cron_type=tidy_warnings&sid=fcc17647a85cbb85cc283e0dceecddbb HTTP/1.1" 404 290 "-" "Mozilla/5.0 (X11; Ubuntu; Linux x86_64; rv:72.0) Gecko/20100101 Firefox/72.0"
151.106.164.42 - - [09/Apr/2025:09:30:44 +0200] "GET /cron.php?cron_type=tidy_warnings&sid=fcc17647a85cbb85cc283e0dceecddbb HTTP/1.1" 404 290 "-" "Mozilla/5.0 (X11; Ubuntu; Linux x86_64; rv:72.0) Gecko/20100101 Firefox/72.0"
45.128.38.94 - - [09/Apr/2025:09:31:24 +0200] "POST /index.php HTTP/1.1" 200 423 "http://triadian.castlegem.co.uk/index.php" "Mozilla/5.0 (Windows NT 10.0; Win64; x64) AppleWebKit/537.36 (KHTML, like Gecko) Chrome/120.0.0.0 Safari/537.36"
151.106.163.149 - - [09/Apr/2025:09:43:03 +0200] "GET /cron.php?cron_type=tidy_cache&sid=747615a73ea6cabbe4b88c48a2b96e55 HTTP/1.1" 404 290 "-" "Mozilla/5.0 (X11; Ubuntu; Linux x86_64; rv:72.0) Gecko/20100101 Firefox/72.0"
151.106.163.149 - - [09/Apr/2025:09:43:04 +0200] "GET /cron.php?cron_type=tidy_cache&sid=747615a73ea6cabbe4b88c48a2b96e55 HTTP/1.1" 404 290 "-" "Mozilla/5.0 (X11; Ubuntu; Linux x86_64; rv:72.0) Gecko/20100101 Firefox/72.0"
151.106.163.149 - - [09/Apr/2025:09:43:04 +0200] "GET /cron.php?cron_type=tidy_cache&sid=747615a73ea6cabbe4b88c48a2b96e55 HTTP/1.1" 404 290 "-" "Mozilla/5.0 (X11; Ubuntu; Linux x86_64; rv:72.0) Gecko/20100101 Firefox/72.0"
205.210.31.87 - - [09/Apr/2025:09:43:26 +0200] "GET / HTTP/1.0" 200 423 "-" "Expanse, a Palo Alto Networks company, searches across the global IPv4 space multiple times per day to identify customers' presences on the Internet. If you would like to be excluded from our scans, please send IP addresses/domains to: scaninfo@paloaltonetworks.com"
156.59.198.135 - - [09/Apr/2025:09:43:51 +0200] "GET /renault.activities.at/htdocs/binaries/10047536.pdf HTTP/1.0" 404 312 "-" "Mozilla/5.0 (Linux; Android 5.0) AppleWebKit/537.36 (KHTML, like Gecko) Mobile Safari/537.36 (compatible; Bytespider; spider-feedback@bytedance.com)"
151.106.166.243 - - [09/Apr/2025:09:47:45 +0200] "GET /cron.php?cron_type=tidy_cache&sid=5e5f8b24256a5cda8ea35aedc7efbb6f HTTP/1.1" 404 290 "-" "Mozilla/5.0 (X11; Ubuntu; Linux x86_64; rv:72.0) Gecko/20100101 Firefox/72.0"
151.106.166.243 - - [09/Apr/2025:09:47:45 +0200] "GET /cron.php?cron_type=tidy_cache&sid=5e5f8b24256a5cda8ea35aedc7efbb6f HTTP/1.1" 404 290 "-" "Mozilla/5.0 (X11; Ubuntu; Linux x86_64; rv:72.0) Gecko/20100101 Firefox/72.0"
151.106.166.243 - - [09/Apr/2025:09:47:46 +0200] "GET /cron.php?cron_type=tidy_cache&sid=5e5f8b24256a5cda8ea35aedc7efbb6f HTTP/1.1" 404 290 "-" "Mozilla/5.0 (X11; Ubuntu; Linux x86_64; rv:72.0) Gecko/20100101 Firefox/72.0"
154.81.156.54 - - [09/Apr/2025:09:48:02 +0200] "GET / HTTP/1.1" 200 274 "-" "Mozilla/5.0 (Windows NT 10.0; Win64; x64) AppleWebKit/537.36 (KHTML, like Gecko) Chrome/90.0.4430.85 Safari/537.36 Edg/90.0.818.46"
93.174.93.12 - - [09/Apr/2025:09:50:04 +0200] "GET / HTTP/1.0" 200 423 "-" "Mozilla/5.0 (X11; Linux x86_64) AppleWebKit/537.36 (KHTML, like Gecko) Chrome/66.0.3359.117 Safari/537.36"
45.128.38.94 - - [09/Apr/2025:09:50:06 +0200] "GET /index.php HTTP/1.0" 200 423 "-" "Mozilla/5.0 (Windows NT 10.0; Win64; x64) AppleWebKit/537.36 (KHTML, like Gecko) Chrome/118.0.0.0 Safari/537.36"
151.106.184.192 - - [09/Apr/2025:09:54:12 +0200] "GET /download/file.php?id=254&sid=2683d9dd381f3fcaaff06c36a17affcd HTTP/1.1" 404 297 "-" "Mozilla/5.0 (X11; Ubuntu; Linux x86_64; rv:72.0) Gecko/20100101 Firefox/72.0"
151.106.184.192 - - [09/Apr/2025:09:54:13 +0200] "GET /download/file.php?id=254&sid=2683d9dd381f3fcaaff06c36a17affcd HTTP/1.1" 404 297 "-" "Mozilla/5.0 (X11; Ubuntu; Linux x86_64; rv:72.0) Gecko/20100101 Firefox/72.0"
151.106.184.192 - - [09/Apr/2025:09:54:13 +0200] "GET /download/file.php?id=254&sid=2683d9dd381f3fcaaff06c36a17affcd HTTP/1.1" 404 297 "-" "Mozilla/5.0 (X11; Ubuntu; Linux x86_64; rv:72.0) Gecko/20100101 Firefox/72.0"
94.181.149.142 - - [09/Apr/2025:09:58:22 +0200] "GET / HTTP/1.0" 200 423 "http://food-and-drink.vienna-lodgings.at/" "Mozilla/5.0 (Windows NT 6.1; WOW64) AppleWebKit/537.36 (KHTML, like Gecko) Chrome/103.0.0.0 Safari/537.36"
156.59.198.135 - - [09/Apr/2025:09:59:42 +0200] "GET /renault.activities.at/htdocs/binaries/10117645.pdf HTTP/1.0" 404 311 "-" "Mozilla/5.0 (Linux; Android 5.0) AppleWebKit/537.36 (KHTML, like Gecko) Mobile Safari/537.36 (compatible; Bytespider; spider-feedback@bytedance.com)"
151.106.161.79 - - [09/Apr/2025:10:02:25 +0200] "GET /cron.php?cron_type=tidy_sessions&sid=7c1db106818d512a466ec94ff0b7f3e2 HTTP/1.1" 404 290 "-" "Mozilla/5.0 (X11; Ubuntu; Linux x86_64; rv:72.0) Gecko/20100101 Firefox/72.0"
151.106.161.79 - - [09/Apr/2025:10:02:25 +0200] "GET /cron.php?cron_type=tidy_sessions&sid=7c1db106818d512a466ec94ff0b7f3e2 HTTP/1.1" 404 290 "-" "Mozilla/5.0 (X11; Ubuntu; Linux x86_64; rv:72.0) Gecko/20100101 Firefox/72.0"
151.106.161.79 - - [09/Apr/2025:10:02:26 +0200] "GET /cron.php?cron_type=tidy_sessions&sid=7c1db106818d512a466ec94ff0b7f3e2 HTTP/1.1" 404 290 "-" "Mozilla/5.0 (X11; Ubuntu; Linux x86_64; rv:72.0) Gecko/20100101 Firefox/72.0"
154.81.156.54 - - [09/Apr/2025:10:04:44 +0200] "GET / HTTP/1.1" 200 274 "-" "Mozilla/5.0 (Windows NT 10.0; Win64; x64) AppleWebKit/537.36 (KHTML, like Gecko) Chrome/90.0.4430.85 Safari/537.36 Edg/90.0.818.46"
156.59.198.136 - - [09/Apr/2025:10:08:12 +0200] "GET /renault.activities.at/htdocs/export/pdf/emuc_document/10458387.pdf HTTP/1.0" 404 323 "-" "Mozilla/5.0 (Linux; Android 5.0) AppleWebKit/537.36 (KHTML, like Gecko) Mobile Safari/537.36 (compatible; Bytespider; spider-feedback@bytedance.com)"
154.81.156.34 - - [09/Apr/2025:10:09:21 +0200] "GET / HTTP/1.1" 200 274 "-" "Mozilla/5.0 (Windows NT 10.0; Win64; x64) AppleWebKit/537.36 (KHTML, like Gecko) Chrome/90.0.4430.85 Safari/537.36 Edg/90.0.818.46"
156.59.198.136 - - [09/Apr/2025:10:16:35 +0200] "GET /renault.activities.at/htdocs/export/pdf/emuc_document/12136278.pdf HTTP/1.0" 404 322 "-" "Mozilla/5.0 (Linux; Android 5.0) AppleWebKit/537.36 (KHTML, like Gecko) Mobile Safari/537.36 (compatible; Bytespider; spider-feedback@bytedance.com)"
156.59.198.136 - - [09/Apr/2025:10:16:44 +0200] "GET /renault.activities.at/htdocs/binaries/renault-/rs-1232017-fr.pdf HTTP/1.0" 404 318 "-" "Mozilla/5.0 (Linux; Android 5.0) AppleWebKit/537.36 (KHTML, like Gecko) Mobile Safari/537.36 (compatible; Bytespider; spider-feedback@bytedance.com)"
151.106.166.243 - - [09/Apr/2025:10:16:59 +0200] "GET /cron.php?cron_type=tidy_cache&sid=8a7f3d7614094a2f09aefec01c9df986 HTTP/1.1" 404 290 "-" "Mozilla/5.0 (X11; Ubuntu; Linux x86_64; rv:72.0) Gecko/20100101 Firefox/72.0"
151.106.166.243 - - [09/Apr/2025:10:17:00 +0200] "GET /cron.php?cron_type=tidy_cache&sid=8a7f3d7614094a2f09aefec01c9df986 HTTP/1.1" 404 290 "-" "Mozilla/5.0 (X11; Ubuntu; Linux x86_64; rv:72.0) Gecko/20100101 Firefox/72.0"
151.106.166.243 - - [09/Apr/2025:10:17:00 +0200] "GET /cron.php?cron_type=tidy_cache&sid=8a7f3d7614094a2f09aefec01c9df986 HTTP/1.1" 404 290 "-" "Mozilla/5.0 (X11; Ubuntu; Linux x86_64; rv:72.0) Gecko/20100101 Firefox/72.0"
154.81.156.35 - - [09/Apr/2025:10:17:01 +0200] "GET / HTTP/1.1" 200 274 "-" "Mozilla/5.0 (Windows NT 10.0; Win64; x64) AppleWebKit/537.36 (KHTML, like Gecko) Chrome/90.0.4430.85 Safari/537.36 Edg/90.0.818.46"
151.106.173.252 - - [09/Apr/2025:10:26:14 +0200] "GET /download/file.php?id=251&sid=8ed97c090a0d95f4c7d82e6f7f7dab86 HTTP/1.1" 404 297 "-" "Mozilla/5.0 (X11; Ubuntu; Linux x86_64; rv:72.0) Gecko/20100101 Firefox/72.0"
151.106.173.252 - - [09/Apr/2025:10:26:14 +0200] "GET /download/file.php?id=251&sid=8ed97c090a0d95f4c7d82e6f7f7dab86 HTTP/1.1" 404 297 "-" "Mozilla/5.0 (X11; Ubuntu; Linux x86_64; rv:72.0) Gecko/20100101 Firefox/72.0"
151.106.173.252 - - [09/Apr/2025:10:26:14 +0200] "GET /download/file.php?id=251&sid=8ed97c090a0d95f4c7d82e6f7f7dab86 HTTP/1.1" 404 297 "-" "Mozilla/5.0 (X11; Ubuntu; Linux x86_64; rv:72.0) Gecko/20100101 Firefox/72.0"
154.81.156.54 - - [09/Apr/2025:10:27:50 +0200] "GET / HTTP/1.1" 200 274 "-" "Mozilla/5.0 (Windows NT 10.0; Win64; x64) AppleWebKit/537.36 (KHTML, like Gecko) Chrome/90.0.4430.85 Safari/537.36 Edg/90.0.818.46"
151.106.161.79 - - [09/Apr/2025:10:28:05 +0200] "GET /download/file.php?id=251&sid=fe9584fba7ee1753858c1a7f4b750e12 HTTP/1.1" 404 297 "-" "Mozilla/5.0 (X11; Ubuntu; Linux x86_64; rv:72.0) Gecko/20100101 Firefox/72.0"
151.106.161.79 - - [09/Apr/2025:10:28:06 +0200] "GET /download/file.php?id=251&sid=fe9584fba7ee1753858c1a7f4b750e12 HTTP/1.1" 404 297 "-" "Mozilla/5.0 (X11; Ubuntu; Linux x86_64; rv:72.0) Gecko/20100101 Firefox/72.0"
151.106.161.79 - - [09/Apr/2025:10:28:06 +0200] "GET /download/file.php?id=251&sid=fe9584fba7ee1753858c1a7f4b750e12 HTTP/1.1" 404 297 "-" "Mozilla/5.0 (X11; Ubuntu; Linux x86_64; rv:72.0) Gecko/20100101 Firefox/72.0"
185.91.127.81 - - [09/Apr/2025:10:29:35 +0200] "CONNECT pro.ip-api.com:443 HTTP/1.1" 200 423 "-" "Mozilla/5.0"
151.106.164.217 - - [09/Apr/2025:10:34:00 +0200] "GET /download/file.php?id=253&sid=15f1ebe99fab52535fad65e4779cfea8 HTTP/1.1" 404 297 "-" "Mozilla/5.0 (X11; Ubuntu; Linux x86_64; rv:72.0) Gecko/20100101 Firefox/72.0"
151.106.164.217 - - [09/Apr/2025:10:34:01 +0200] "GET /download/file.php?id=253&sid=15f1ebe99fab52535fad65e4779cfea8 HTTP/1.1" 404 297 "-" "Mozilla/5.0 (X11; Ubuntu; Linux x86_64; rv:72.0) Gecko/20100101 Firefox/72.0"
151.106.164.217 - - [09/Apr/2025:10:34:01 +0200] "GET /download/file.php?id=253&sid=15f1ebe99fab52535fad65e4779cfea8 HTTP/1.1" 404 297 "-" "Mozilla/5.0 (X11; Ubuntu; Linux x86_64; rv:72.0) Gecko/20100101 Firefox/72.0"
185.255.122.19 - - [09/Apr/2025:10:36:30 +0200] "GET / HTTP/1.1" 200 274 "-" "Mozilla/5.0 (Windows NT 10.0; Win64; x64) AppleWebKit/537.36 (KHTML, like Gecko) Chrome/90.0.4430.85 Safari/537.36 Edg/90.0.818.46"
151.106.164.217 - - [09/Apr/2025:10:40:51 +0200] "GET /download/file.php?id=166&sid=18b79d1497cace04575d4e42d856e051 HTTP/1.1" 404 297 "-" "Mozilla/5.0 (X11; Ubuntu; Linux x86_64; rv:72.0) Gecko/20100101 Firefox/72.0"
151.106.164.217 - - [09/Apr/2025:10:40:51 +0200] "GET /download/file.php?id=166&sid=18b79d1497cace04575d4e42d856e051 HTTP/1.1" 404 297 "-" "Mozilla/5.0 (X11; Ubuntu; Linux x86_64; rv:72.0) Gecko/20100101 Firefox/72.0"
151.106.164.217 - - [09/Apr/2025:10:40:51 +0200] "GET /download/file.php?id=166&sid=18b79d1497cace04575d4e42d856e051 HTTP/1.1" 404 297 "-" "Mozilla/5.0 (X11; Ubuntu; Linux x86_64; rv:72.0) Gecko/20100101 Firefox/72.0"
5.183.209.244 - - [09/Apr/2025:10:41:24 +0200] "GET / HTTP/1.1" 200 423 "-" "Go-http-client/1.1"
151.106.167.56 - - [09/Apr/2025:10:43:34 +0200] "GET /cron.php?cron_type=tidy_sessions&sid=90c534f9ce29cfcb562ae03ca8f0a634 HTTP/1.1" 404 290 "-" "Mozilla/5.0 (X11; Ubuntu; Linux x86_64; rv:72.0) Gecko/20100101 Firefox/72.0"
151.106.167.56 - - [09/Apr/2025:10:43:34 +0200] "GET /cron.php?cron_type=tidy_sessions&sid=90c534f9ce29cfcb562ae03ca8f0a634 HTTP/1.1" 404 290 "-" "Mozilla/5.0 (X11; Ubuntu; Linux x86_64; rv:72.0) Gecko/20100101 Firefox/72.0"
151.106.167.56 - - [09/Apr/2025:10:43:34 +0200] "GET /cron.php?cron_type=tidy_sessions&sid=90c534f9ce29cfcb562ae03ca8f0a634 HTTP/1.1" 404 290 "-" "Mozilla/5.0 (X11; Ubuntu; Linux x86_64; rv:72.0) Gecko/20100101 Firefox/72.0"
151.106.177.184 - - [09/Apr/2025:10:43:38 +0200] "GET /cron.php?cron_type=tidy_cache&sid=70389fb58db71343ac51b0d6e4af5018 HTTP/1.1" 404 290 "-" "Mozilla/5.0 (X11; Ubuntu; Linux x86_64; rv:72.0) Gecko/20100101 Firefox/72.0"
151.106.177.184 - - [09/Apr/2025:10:43:38 +0200] "GET /cron.php?cron_type=tidy_cache&sid=70389fb58db71343ac51b0d6e4af5018 HTTP/1.1" 404 290 "-" "Mozilla/5.0 (X11; Ubuntu; Linux x86_64; rv:72.0) Gecko/20100101 Firefox/72.0"
151.106.177.184 - - [09/Apr/2025:10:43:38 +0200] "GET /cron.php?cron_type=tidy_cache&sid=70389fb58db71343ac51b0d6e4af5018 HTTP/1.1" 404 290 "-" "Mozilla/5.0 (X11; Ubuntu; Linux x86_64; rv:72.0) Gecko/20100101 Firefox/72.0"
154.81.156.54 - - [09/Apr/2025:10:49:14 +0200] "GET / HTTP/1.1" 200 274 "-" "Mozilla/5.0 (Windows NT 10.0; Win64; x64) AppleWebKit/537.36 (KHTML, like Gecko) Chrome/90.0.4430.85 Safari/537.36 Edg/90.0.818.46"
178.165.172.18 - - [09/Apr/2025:10:49:29 +0200] "GET /layout.php HTTP/1.1" 200 815 "-" "Mozilla/5.0 (Windows NT 10.0; Win64; x64; rv:137.0) Gecko/20100101 Firefox/137.0"
178.165.172.18 - - [09/Apr/2025:10:49:29 +0200] "GET /entry.php?id=10270 HTTP/1.1" 200 907 "http://hausegger.activities.at/layout.php" "Mozilla/5.0 (Windows NT 10.0; Win64; x64; rv:137.0) Gecko/20100101 Firefox/137.0"
178.165.172.18 - - [09/Apr/2025:10:49:29 +0200] "GET /entry.php?id=10273 HTTP/1.1" 200 1901 "http://hausegger.activities.at/layout.php" "Mozilla/5.0 (Windows NT 10.0; Win64; x64; rv:137.0) Gecko/20100101 Firefox/137.0"
178.165.172.18 - - [09/Apr/2025:10:49:29 +0200] "GET /entry.php?id=10272 HTTP/1.1" 200 1158 "http://hausegger.activities.at/layout.php" "Mozilla/5.0 (Windows NT 10.0; Win64; x64; rv:137.0) Gecko/20100101 Firefox/137.0"
178.165.172.18 - - [09/Apr/2025:10:49:29 +0200] "GET /entry.php?id=11412 HTTP/1.1" 200 1759 "http://hausegger.activities.at/layout.php" "Mozilla/5.0 (Windows NT 10.0; Win64; x64; rv:137.0) Gecko/20100101 Firefox/137.0"
178.165.172.18 - - [09/Apr/2025:10:49:29 +0200] "GET /framework/webfx/style/toolbar/cb2.css HTTP/1.1" 200 793 "http://hausegger.activities.at/entry.php?id=10273" "Mozilla/5.0 (Windows NT 10.0; Win64; x64; rv:137.0) Gecko/20100101 Firefox/137.0"
178.165.172.18 - - [09/Apr/2025:10:49:29 +0200] "GET /gui/javascript/jquery/jquery-tooltip/jquery.tooltip.min.js HTTP/1.1" 200 1982 "http://hausegger.activities.at/entry.php?id=10270" "Mozilla/5.0 (Windows NT 10.0; Win64; x64; rv:137.0) Gecko/20100101 Firefox/137.0"
178.165.172.18 - - [09/Apr/2025:10:49:29 +0200] "GET /gui/javascript/form_form.js?1744188569 HTTP/1.1" 200 16206 "http://hausegger.activities.at/entry.php?id=10273" "Mozilla/5.0 (Windows NT 10.0; Win64; x64; rv:137.0) Gecko/20100101 Firefox/137.0"
178.165.172.18 - - [09/Apr/2025:10:49:29 +0200] "GET /gui/javascript/form_form.js?1744188569 HTTP/1.1" 200 16206 "http://hausegger.activities.at/entry.php?id=10270" "Mozilla/5.0 (Windows NT 10.0; Win64; x64; rv:137.0) Gecko/20100101 Firefox/137.0"
178.165.172.18 - - [09/Apr/2025:10:49:29 +0200] "GET /gui/javascript/form_form.js?1744188569 HTTP/1.1" 200 16206 "http://hausegger.activities.at/entry.php?id=10272" "Mozilla/5.0 (Windows NT 10.0; Win64; x64; rv:137.0) Gecko/20100101 Firefox/137.0"
178.165.172.18 - - [09/Apr/2025:10:49:29 +0200] "GET /gui/javascript/form_form.js?1744188569 HTTP/1.1" 200 16206 "http://hausegger.activities.at/entry.php?id=11412" "Mozilla/5.0 (Windows NT 10.0; Win64; x64; rv:137.0) Gecko/20100101 Firefox/137.0"
178.165.172.18 - - [09/Apr/2025:10:49:30 +0200] "GET /entry.php?id=10271& HTTP/1.1" 200 933 "http://hausegger.activities.at/entry.php?id=10272" "Mozilla/5.0 (Windows NT 10.0; Win64; x64; rv:137.0) Gecko/20100101 Firefox/137.0"
178.165.172.18 - - [09/Apr/2025:10:49:30 +0200] "GET /gui/javascript/form_form.js?1744188570 HTTP/1.1" 200 16206 "http://hausegger.activities.at/entry.php?id=10271&" "Mozilla/5.0 (Windows NT 10.0; Win64; x64; rv:137.0) Gecko/20100101 Firefox/137.0"
178.165.172.18 - - [09/Apr/2025:10:49:30 +0200] "GET /entry.php?id=10287 HTTP/1.1" 200 2418 "http://hausegger.activities.at/entry.php?id=11412" "Mozilla/5.0 (Windows NT 10.0; Win64; x64; rv:137.0) Gecko/20100101 Firefox/137.0"
178.165.172.18 - - [09/Apr/2025:10:49:30 +0200] "GET /entry.php?id=10273& HTTP/1.1" 200 1901 "http://hausegger.activities.at/entry.php?id=10287" "Mozilla/5.0 (Windows NT 10.0; Win64; x64; rv:137.0) Gecko/20100101 Firefox/137.0"
178.165.172.18 - - [09/Apr/2025:10:49:30 +0200] "GET /entry.php?id=10270& HTTP/1.1" 200 907 "http://hausegger.activities.at/entry.php?id=10287" "Mozilla/5.0 (Windows NT 10.0; Win64; x64; rv:137.0) Gecko/20100101 Firefox/137.0"
151.106.191.239 - - [09/Apr/2025:10:49:52 +0200] "GET /cron.php?cron_type=tidy_cache&sid=c3ac3acbd5bf2282c166875320222d09 HTTP/1.1" 404 290 "-" "Mozilla/5.0 (X11; Ubuntu; Linux x86_64; rv:72.0) Gecko/20100101 Firefox/72.0"
151.106.191.239 - - [09/Apr/2025:10:49:52 +0200] "GET /cron.php?cron_type=tidy_cache&sid=c3ac3acbd5bf2282c166875320222d09 HTTP/1.1" 404 290 "-" "Mozilla/5.0 (X11; Ubuntu; Linux x86_64; rv:72.0) Gecko/20100101 Firefox/72.0"
