178.165.172.18 - - [09/Apr/2025:18:17:04 +0200] "GET /gui/javascript/form_form.js?1744215424 HTTP/1.1" 200 16206 "http://hausegger.activities.at/entry.php?id=10271&&ser=215363" "Mozilla/5.0 (Windows NT 10.0; Win64; x64) AppleWebKit/537.36 (KHTML, like Gecko) Chrome/135.0.0.0 Safari/537.36"
185.255.122.19 - - [09/Apr/2025:18:17:47 +0200] "GET / HTTP/1.1" 200 274 "-" "Mozilla/5.0 (Windows NT 10.0; Win64; x64) AppleWebKit/537.36 (KHTML, like Gecko) Chrome/90.0.4430.85 Safari/537.36 Edg/90.0.818.46"
178.165.172.18 - - [09/Apr/2025:18:18:05 +0200] "GET /entry.php?id=10271&&ser=215424 HTTP/1.1" 200 987 "http://hausegger.activities.at/entry.php?id=10271&&ser=215363" "Mozilla/5.0 (Windows NT 10.0; Win64; x64) AppleWebKit/537.36 (KHTML, like Gecko) Chrome/135.0.0.0 Safari/537.36"
178.165.172.18 - - [09/Apr/2025:18:18:05 +0200] "GET /gui/javascript/form_form.js?1744215485 HTTP/1.1" 200 16206 "http://hausegger.activities.at/entry.php?id=10271&&ser=215424" "Mozilla/5.0 (Windows NT 10.0; Win64; x64) AppleWebKit/537.36 (KHTML, like Gecko) Chrome/135.0.0.0 Safari/537.36"
178.165.172.18 - - [09/Apr/2025:18:19:06 +0200] "GET /entry.php?id=10271&&ser=215485 HTTP/1.1" 200 987 "http://hausegger.activities.at/entry.php?id=10271&&ser=215424" "Mozilla/5.0 (Windows NT 10.0; Win64; x64) AppleWebKit/537.36 (KHTML, like Gecko) Chrome/135.0.0.0 Safari/537.36"
178.165.172.18 - - [09/Apr/2025:18:19:06 +0200] "GET /gui/javascript/form_form.js?1744215546 HTTP/1.1" 200 16206 "http://hausegger.activities.at/entry.php?id=10271&&ser=215485" "Mozilla/5.0 (Windows NT 10.0; Win64; x64) AppleWebKit/537.36 (KHTML, like Gecko) Chrome/135.0.0.0 Safari/537.36"
151.106.161.79 - - [09/Apr/2025:18:19:06 +0200] "GET /download/file.php?id=254&sid=fe9584fba7ee1753858c1a7f4b750e12 HTTP/1.1" 404 297 "-" "Mozilla/5.0 (X11; Ubuntu; Linux x86_64; rv:72.0) Gecko/20100101 Firefox/72.0"
151.106.161.79 - - [09/Apr/2025:18:19:06 +0200] "GET /download/file.php?id=254&sid=fe9584fba7ee1753858c1a7f4b750e12 HTTP/1.1" 404 297 "-" "Mozilla/5.0 (X11; Ubuntu; Linux x86_64; rv:72.0) Gecko/20100101 Firefox/72.0"
151.106.161.79 - - [09/Apr/2025:18:19:07 +0200] "GET /download/file.php?id=254&sid=fe9584fba7ee1753858c1a7f4b750e12 HTTP/1.1" 404 297 "-" "Mozilla/5.0 (X11; Ubuntu; Linux x86_64; rv:72.0) Gecko/20100101 Firefox/72.0"
141.98.11.175 - - [09/Apr/2025:18:19:18 +0200] "POST /boaform/admin/formLogin HTTP/1.1" 404 293 "http://212.69.160.11:80/admin/login.asp" "Mozilla/5.0 (X11; Ubuntu; Linux x86_64; rv:71.0) Gecko/20100101 Firefox/71.0"
178.165.172.18 - - [09/Apr/2025:18:20:07 +0200] "GET /entry.php?id=10271&&ser=215546 HTTP/1.1" 200 986 "http://hausegger.activities.at/entry.php?id=10271&&ser=215485" "Mozilla/5.0 (Windows NT 10.0; Win64; x64) AppleWebKit/537.36 (KHTML, like Gecko) Chrome/135.0.0.0 Safari/537.36"
178.165.172.18 - - [09/Apr/2025:18:20:07 +0200] "GET /gui/javascript/form_form.js?1744215607 HTTP/1.1" 200 16206 "http://hausegger.activities.at/entry.php?id=10271&&ser=215546" "Mozilla/5.0 (Windows NT 10.0; Win64; x64) AppleWebKit/537.36 (KHTML, like Gecko) Chrome/135.0.0.0 Safari/537.36"
178.165.172.18 - - [09/Apr/2025:18:21:08 +0200] "GET /entry.php?id=10271&&ser=215607 HTTP/1.1" 200 986 "http://hausegger.activities.at/entry.php?id=10271&&ser=215546" "Mozilla/5.0 (Windows NT 10.0; Win64; x64) AppleWebKit/537.36 (KHTML, like Gecko) Chrome/135.0.0.0 Safari/537.36"
178.165.172.18 - - [09/Apr/2025:18:21:08 +0200] "GET /gui/javascript/form_form.js?1744215668 HTTP/1.1" 200 16206 "http://hausegger.activities.at/entry.php?id=10271&&ser=215607" "Mozilla/5.0 (Windows NT 10.0; Win64; x64) AppleWebKit/537.36 (KHTML, like Gecko) Chrome/135.0.0.0 Safari/537.36"
151.106.169.76 - - [09/Apr/2025:18:22:01 +0200] "GET /download/file.php?id=251&sid=192396fa1e68a1c0abae95febd6fc570 HTTP/1.1" 404 297 "-" "Mozilla/5.0 (X11; Ubuntu; Linux x86_64; rv:72.0) Gecko/20100101 Firefox/72.0"
151.106.169.76 - - [09/Apr/2025:18:22:01 +0200] "GET /download/file.php?id=251&sid=192396fa1e68a1c0abae95febd6fc570 HTTP/1.1" 404 297 "-" "Mozilla/5.0 (X11; Ubuntu; Linux x86_64; rv:72.0) Gecko/20100101 Firefox/72.0"
151.106.169.76 - - [09/Apr/2025:18:22:01 +0200] "GET /download/file.php?id=251&sid=192396fa1e68a1c0abae95febd6fc570 HTTP/1.1" 404 297 "-" "Mozilla/5.0 (X11; Ubuntu; Linux x86_64; rv:72.0) Gecko/20100101 Firefox/72.0"
5.183.209.244 - - [09/Apr/2025:18:22:04 +0200] "GET / HTTP/1.1" 200 274 "-" "Mozilla/5.0 (Windows NT 10.0; Win64; x64) AppleWebKit/537.36 (KHTML, like Gecko) Chrome/90.0.4430.85 Safari/537.36 Edg/90.0.818.46"
178.165.172.18 - - [09/Apr/2025:18:22:09 +0200] "GET /entry.php?id=10271&&ser=215668 HTTP/1.1" 200 986 "http://hausegger.activities.at/entry.php?id=10271&&ser=215607" "Mozilla/5.0 (Windows NT 10.0; Win64; x64) AppleWebKit/537.36 (KHTML, like Gecko) Chrome/135.0.0.0 Safari/537.36"
178.165.172.18 - - [09/Apr/2025:18:22:09 +0200] "GET /gui/javascript/form_form.js?1744215729 HTTP/1.1" 200 16206 "http://hausegger.activities.at/entry.php?id=10271&&ser=215668" "Mozilla/5.0 (Windows NT 10.0; Win64; x64) AppleWebKit/537.36 (KHTML, like Gecko) Chrome/135.0.0.0 Safari/537.36"
178.165.172.18 - - [09/Apr/2025:18:23:10 +0200] "GET /entry.php?id=10271&&ser=215729 HTTP/1.1" 200 986 "http://hausegger.activities.at/entry.php?id=10271&&ser=215668" "Mozilla/5.0 (Windows NT 10.0; Win64; x64) AppleWebKit/537.36 (KHTML, like Gecko) Chrome/135.0.0.0 Safari/537.36"
178.165.172.18 - - [09/Apr/2025:18:23:10 +0200] "GET /gui/javascript/form_form.js?1744215790 HTTP/1.1" 200 16206 "http://hausegger.activities.at/entry.php?id=10271&&ser=215729" "Mozilla/5.0 (Windows NT 10.0; Win64; x64) AppleWebKit/537.36 (KHTML, like Gecko) Chrome/135.0.0.0 Safari/537.36"
178.165.172.18 - - [09/Apr/2025:18:24:11 +0200] "GET /entry.php?id=10271&&ser=215790 HTTP/1.1" 200 986 "http://hausegger.activities.at/entry.php?id=10271&&ser=215729" "Mozilla/5.0 (Windows NT 10.0; Win64; x64) AppleWebKit/537.36 (KHTML, like Gecko) Chrome/135.0.0.0 Safari/537.36"
178.165.172.18 - - [09/Apr/2025:18:24:11 +0200] "GET /gui/javascript/form_form.js?1744215851 HTTP/1.1" 200 16206 "http://hausegger.activities.at/entry.php?id=10271&&ser=215790" "Mozilla/5.0 (Windows NT 10.0; Win64; x64) AppleWebKit/537.36 (KHTML, like Gecko) Chrome/135.0.0.0 Safari/537.36"
178.165.172.18 - - [09/Apr/2025:18:25:12 +0200] "GET /entry.php?id=10271&&ser=215851 HTTP/1.1" 200 986 "http://hausegger.activities.at/entry.php?id=10271&&ser=215790" "Mozilla/5.0 (Windows NT 10.0; Win64; x64) AppleWebKit/537.36 (KHTML, like Gecko) Chrome/135.0.0.0 Safari/537.36"
178.165.172.18 - - [09/Apr/2025:18:25:12 +0200] "GET /gui/javascript/form_form.js?1744215912 HTTP/1.1" 200 16206 "http://hausegger.activities.at/entry.php?id=10271&&ser=215851" "Mozilla/5.0 (Windows NT 10.0; Win64; x64) AppleWebKit/537.36 (KHTML, like Gecko) Chrome/135.0.0.0 Safari/537.36"
178.165.172.18 - - [09/Apr/2025:18:26:13 +0200] "GET /entry.php?id=10271&&ser=215912 HTTP/1.1" 200 986 "http://hausegger.activities.at/entry.php?id=10271&&ser=215851" "Mozilla/5.0 (Windows NT 10.0; Win64; x64) AppleWebKit/537.36 (KHTML, like Gecko) Chrome/135.0.0.0 Safari/537.36"
178.165.172.18 - - [09/Apr/2025:18:26:13 +0200] "GET /gui/javascript/form_form.js?1744215973 HTTP/1.1" 200 16206 "http://hausegger.activities.at/entry.php?id=10271&&ser=215912" "Mozilla/5.0 (Windows NT 10.0; Win64; x64) AppleWebKit/537.36 (KHTML, like Gecko) Chrome/135.0.0.0 Safari/537.36"
141.98.11.210 - - [09/Apr/2025:18:27:11 +0200] "POST /boaform/admin/formLogin HTTP/1.1" 404 293 "http://212.69.160.11:80/admin/login.asp" "Mozilla/5.0 (X11; Ubuntu; Linux x86_64; rv:71.0) Gecko/20100101 Firefox/71.0"
178.165.172.18 - - [09/Apr/2025:18:27:14 +0200] "GET /entry.php?id=10271&&ser=215973 HTTP/1.1" 200 986 "http://hausegger.activities.at/entry.php?id=10271&&ser=215912" "Mozilla/5.0 (Windows NT 10.0; Win64; x64) AppleWebKit/537.36 (KHTML, like Gecko) Chrome/135.0.0.0 Safari/537.36"
178.165.172.18 - - [09/Apr/2025:18:27:14 +0200] "GET /gui/javascript/form_form.js?1744216034 HTTP/1.1" 200 16206 "http://hausegger.activities.at/entry.php?id=10271&&ser=215973" "Mozilla/5.0 (Windows NT 10.0; Win64; x64) AppleWebKit/537.36 (KHTML, like Gecko) Chrome/135.0.0.0 Safari/537.36"
154.81.156.54 - - [09/Apr/2025:18:28:07 +0200] "GET / HTTP/1.1" 200 274 "-" "Mozilla/5.0 (Windows NT 10.0; Win64; x64) AppleWebKit/537.36 (KHTML, like Gecko) Chrome/90.0.4430.85 Safari/537.36 Edg/90.0.818.46"
178.165.172.18 - - [09/Apr/2025:18:28:15 +0200] "GET /entry.php?id=10271&&ser=216034 HTTP/1.1" 200 986 "http://hausegger.activities.at/entry.php?id=10271&&ser=215973" "Mozilla/5.0 (Windows NT 10.0; Win64; x64) AppleWebKit/537.36 (KHTML, like Gecko) Chrome/135.0.0.0 Safari/537.36"
178.165.172.18 - - [09/Apr/2025:18:28:15 +0200] "GET /gui/javascript/form_form.js?1744216095 HTTP/1.1" 200 16206 "http://hausegger.activities.at/entry.php?id=10271&&ser=216034" "Mozilla/5.0 (Windows NT 10.0; Win64; x64) AppleWebKit/537.36 (KHTML, like Gecko) Chrome/135.0.0.0 Safari/537.36"
178.165.172.18 - - [09/Apr/2025:18:29:16 +0200] "GET /entry.php?id=10271&&ser=216095 HTTP/1.1" 200 986 "http://hausegger.activities.at/entry.php?id=10271&&ser=216034" "Mozilla/5.0 (Windows NT 10.0; Win64; x64) AppleWebKit/537.36 (KHTML, like Gecko) Chrome/135.0.0.0 Safari/537.36"
178.165.172.18 - - [09/Apr/2025:18:29:16 +0200] "GET /gui/javascript/form_form.js?1744216156 HTTP/1.1" 200 16206 "http://hausegger.activities.at/entry.php?id=10271&&ser=216095" "Mozilla/5.0 (Windows NT 10.0; Win64; x64) AppleWebKit/537.36 (KHTML, like Gecko) Chrome/135.0.0.0 Safari/537.36"
178.165.172.18 - - [09/Apr/2025:18:30:17 +0200] "GET /entry.php?id=10271&&ser=216156 HTTP/1.1" 200 986 "http://hausegger.activities.at/entry.php?id=10271&&ser=216095" "Mozilla/5.0 (Windows NT 10.0; Win64; x64) AppleWebKit/537.36 (KHTML, like Gecko) Chrome/135.0.0.0 Safari/537.36"
178.165.172.18 - - [09/Apr/2025:18:30:17 +0200] "GET /gui/javascript/form_form.js?1744216217 HTTP/1.1" 200 16206 "http://hausegger.activities.at/entry.php?id=10271&&ser=216156" "Mozilla/5.0 (Windows NT 10.0; Win64; x64) AppleWebKit/537.36 (KHTML, like Gecko) Chrome/135.0.0.0 Safari/537.36"
178.165.172.18 - - [09/Apr/2025:18:31:18 +0200] "GET /entry.php?id=10271&&ser=216217 HTTP/1.1" 200 986 "http://hausegger.activities.at/entry.php?id=10271&&ser=216156" "Mozilla/5.0 (Windows NT 10.0; Win64; x64) AppleWebKit/537.36 (KHTML, like Gecko) Chrome/135.0.0.0 Safari/537.36"
178.165.172.18 - - [09/Apr/2025:18:31:18 +0200] "GET /gui/javascript/form_form.js?1744216278 HTTP/1.1" 200 16206 "http://hausegger.activities.at/entry.php?id=10271&&ser=216217" "Mozilla/5.0 (Windows NT 10.0; Win64; x64) AppleWebKit/537.36 (KHTML, like Gecko) Chrome/135.0.0.0 Safari/537.36"
178.165.172.18 - - [09/Apr/2025:18:32:19 +0200] "GET /entry.php?id=10271&&ser=216278 HTTP/1.1" 200 986 "http://hausegger.activities.at/entry.php?id=10271&&ser=216217" "Mozilla/5.0 (Windows NT 10.0; Win64; x64) AppleWebKit/537.36 (KHTML, like Gecko) Chrome/135.0.0.0 Safari/537.36"
178.165.172.18 - - [09/Apr/2025:18:32:19 +0200] "GET /gui/javascript/form_form.js?1744216339 HTTP/1.1" 200 16206 "http://hausegger.activities.at/entry.php?id=10271&&ser=216278" "Mozilla/5.0 (Windows NT 10.0; Win64; x64) AppleWebKit/537.36 (KHTML, like Gecko) Chrome/135.0.0.0 Safari/537.36"
151.106.169.235 - - [09/Apr/2025:18:32:29 +0200] "GET /gallery/image.php?mode=thumbnail&album_id=8&image_id=88&sid=ba9aa32efebca7190ef7f73342cbbe84 HTTP/1.1" 404 297 "-" "Mozilla/5.0 (X11; Ubuntu; Linux x86_64; rv:72.0) Gecko/20100101 Firefox/72.0"
151.106.169.235 - - [09/Apr/2025:18:32:30 +0200] "GET /gallery/image.php?mode=thumbnail&album_id=8&image_id=88&sid=ba9aa32efebca7190ef7f73342cbbe84 HTTP/1.1" 404 297 "-" "Mozilla/5.0 (X11; Ubuntu; Linux x86_64; rv:72.0) Gecko/20100101 Firefox/72.0"
151.106.169.235 - - [09/Apr/2025:18:32:30 +0200] "GET /gallery/image.php?mode=thumbnail&album_id=8&image_id=88&sid=ba9aa32efebca7190ef7f73342cbbe84 HTTP/1.1" 404 297 "-" "Mozilla/5.0 (X11; Ubuntu; Linux x86_64; rv:72.0) Gecko/20100101 Firefox/72.0"
178.165.172.18 - - [09/Apr/2025:18:33:20 +0200] "GET /entry.php?id=10271&&ser=216339 HTTP/1.1" 200 986 "http://hausegger.activities.at/entry.php?id=10271&&ser=216278" "Mozilla/5.0 (Windows NT 10.0; Win64; x64) AppleWebKit/537.36 (KHTML, like Gecko) Chrome/135.0.0.0 Safari/537.36"
178.165.172.18 - - [09/Apr/2025:18:33:20 +0200] "GET /gui/javascript/form_form.js?1744216400 HTTP/1.1" 200 16206 "http://hausegger.activities.at/entry.php?id=10271&&ser=216339" "Mozilla/5.0 (Windows NT 10.0; Win64; x64) AppleWebKit/537.36 (KHTML, like Gecko) Chrome/135.0.0.0 Safari/537.36"
178.165.172.18 - - [09/Apr/2025:18:34:21 +0200] "GET /entry.php?id=10271&&ser=216400 HTTP/1.1" 200 986 "http://hausegger.activities.at/entry.php?id=10271&&ser=216339" "Mozilla/5.0 (Windows NT 10.0; Win64; x64) AppleWebKit/537.36 (KHTML, like Gecko) Chrome/135.0.0.0 Safari/537.36"
178.165.172.18 - - [09/Apr/2025:18:34:21 +0200] "GET /gui/javascript/form_form.js?1744216461 HTTP/1.1" 200 16206 "http://hausegger.activities.at/entry.php?id=10271&&ser=216400" "Mozilla/5.0 (Windows NT 10.0; Win64; x64) AppleWebKit/537.36 (KHTML, like Gecko) Chrome/135.0.0.0 Safari/537.36"
52.167.144.59 - - [09/Apr/2025:18:34:32 +0200] "GET /robots.txt HTTP/1.1" 404 298 "-" "Mozilla/5.0 AppleWebKit/537.36 (KHTML, like Gecko; compatible; bingbot/2.0; +http://www.bing.com/bingbot.htm) Chrome/116.0.1938.76 Safari/537.36"
52.167.144.210 - - [09/Apr/2025:18:34:37 +0200] "GET /sitemap.txt HTTP/1.1" 404 299 "-" "Mozilla/5.0 AppleWebKit/537.36 (KHTML, like Gecko; compatible; bingbot/2.0; +http://www.bing.com/bingbot.htm) Chrome/116.0.1938.76 Safari/537.36"
87.121.84.27 - - [09/Apr/2025:18:34:39 +0200] "POST /boaform/admin/formLogin HTTP/1.1" 404 293 "http://212.69.160.11:80/admin/login.asp" "Mozilla/5.0 (X11; Ubuntu; Linux x86_64; rv:71.0) Gecko/20100101 Firefox/71.0"
178.165.172.18 - - [09/Apr/2025:18:35:22 +0200] "GET /entry.php?id=10271&&ser=216461 HTTP/1.1" 200 986 "http://hausegger.activities.at/entry.php?id=10271&&ser=216400" "Mozilla/5.0 (Windows NT 10.0; Win64; x64) AppleWebKit/537.36 (KHTML, like Gecko) Chrome/135.0.0.0 Safari/537.36"
178.165.172.18 - - [09/Apr/2025:18:35:22 +0200] "GET /gui/javascript/form_form.js?1744216522 HTTP/1.1" 200 16206 "http://hausegger.activities.at/entry.php?id=10271&&ser=216461" "Mozilla/5.0 (Windows NT 10.0; Win64; x64) AppleWebKit/537.36 (KHTML, like Gecko) Chrome/135.0.0.0 Safari/537.36"
178.165.172.18 - - [09/Apr/2025:18:36:23 +0200] "GET /entry.php?id=10271&&ser=216522 HTTP/1.1" 200 986 "http://hausegger.activities.at/entry.php?id=10271&&ser=216461" "Mozilla/5.0 (Windows NT 10.0; Win64; x64) AppleWebKit/537.36 (KHTML, like Gecko) Chrome/135.0.0.0 Safari/537.36"
178.165.172.18 - - [09/Apr/2025:18:36:23 +0200] "GET /gui/javascript/form_form.js?1744216583 HTTP/1.1" 200 16206 "http://hausegger.activities.at/entry.php?id=10271&&ser=216522" "Mozilla/5.0 (Windows NT 10.0; Win64; x64) AppleWebKit/537.36 (KHTML, like Gecko) Chrome/135.0.0.0 Safari/537.36"
178.165.172.18 - - [09/Apr/2025:18:37:24 +0200] "GET /entry.php?id=10271&&ser=216583 HTTP/1.1" 200 986 "http://hausegger.activities.at/entry.php?id=10271&&ser=216522" "Mozilla/5.0 (Windows NT 10.0; Win64; x64) AppleWebKit/537.36 (KHTML, like Gecko) Chrome/135.0.0.0 Safari/537.36"
178.165.172.18 - - [09/Apr/2025:18:37:24 +0200] "GET /gui/javascript/form_form.js?1744216644 HTTP/1.1" 200 16206 "http://hausegger.activities.at/entry.php?id=10271&&ser=216583" "Mozilla/5.0 (Windows NT 10.0; Win64; x64) AppleWebKit/537.36 (KHTML, like Gecko) Chrome/135.0.0.0 Safari/537.36"
178.165.172.18 - - [09/Apr/2025:18:38:25 +0200] "GET /entry.php?id=10271&&ser=216644 HTTP/1.1" 200 986 "http://hausegger.activities.at/entry.php?id=10271&&ser=216583" "Mozilla/5.0 (Windows NT 10.0; Win64; x64) AppleWebKit/537.36 (KHTML, like Gecko) Chrome/135.0.0.0 Safari/537.36"
178.165.172.18 - - [09/Apr/2025:18:38:25 +0200] "GET /gui/javascript/form_form.js?1744216705 HTTP/1.1" 200 16206 "http://hausegger.activities.at/entry.php?id=10271&&ser=216644" "Mozilla/5.0 (Windows NT 10.0; Win64; x64) AppleWebKit/537.36 (KHTML, like Gecko) Chrome/135.0.0.0 Safari/537.36"
178.165.172.18 - - [09/Apr/2025:18:39:26 +0200] "GET /entry.php?id=10271&&ser=216705 HTTP/1.1" 200 986 "http://hausegger.activities.at/entry.php?id=10271&&ser=216644" "Mozilla/5.0 (Windows NT 10.0; Win64; x64) AppleWebKit/537.36 (KHTML, like Gecko) Chrome/135.0.0.0 Safari/537.36"
178.165.172.18 - - [09/Apr/2025:18:39:26 +0200] "GET /gui/javascript/form_form.js?1744216766 HTTP/1.1" 200 16206 "http://hausegger.activities.at/entry.php?id=10271&&ser=216705" "Mozilla/5.0 (Windows NT 10.0; Win64; x64) AppleWebKit/537.36 (KHTML, like Gecko) Chrome/135.0.0.0 Safari/537.36"
178.165.172.18 - - [09/Apr/2025:18:40:27 +0200] "GET /entry.php?id=10271&&ser=216766 HTTP/1.1" 200 986 "http://hausegger.activities.at/entry.php?id=10271&&ser=216705" "Mozilla/5.0 (Windows NT 10.0; Win64; x64) AppleWebKit/537.36 (KHTML, like Gecko) Chrome/135.0.0.0 Safari/537.36"
178.165.172.18 - - [09/Apr/2025:18:40:27 +0200] "GET /gui/javascript/form_form.js?1744216827 HTTP/1.1" 200 16206 "http://hausegger.activities.at/entry.php?id=10271&&ser=216766" "Mozilla/5.0 (Windows NT 10.0; Win64; x64) AppleWebKit/537.36 (KHTML, like Gecko) Chrome/135.0.0.0 Safari/537.36"
178.165.172.18 - - [09/Apr/2025:18:41:28 +0200] "GET /entry.php?id=10271&&ser=216827 HTTP/1.1" 200 986 "http://hausegger.activities.at/entry.php?id=10271&&ser=216766" "Mozilla/5.0 (Windows NT 10.0; Win64; x64) AppleWebKit/537.36 (KHTML, like Gecko) Chrome/135.0.0.0 Safari/537.36"
178.165.172.18 - - [09/Apr/2025:18:41:28 +0200] "GET /gui/javascript/form_form.js?1744216888 HTTP/1.1" 200 16206 "http://hausegger.activities.at/entry.php?id=10271&&ser=216827" "Mozilla/5.0 (Windows NT 10.0; Win64; x64) AppleWebKit/537.36 (KHTML, like Gecko) Chrome/135.0.0.0 Safari/537.36"
178.165.172.18 - - [09/Apr/2025:18:42:29 +0200] "GET /entry.php?id=10271&&ser=216888 HTTP/1.1" 200 986 "http://hausegger.activities.at/entry.php?id=10271&&ser=216827" "Mozilla/5.0 (Windows NT 10.0; Win64; x64) AppleWebKit/537.36 (KHTML, like Gecko) Chrome/135.0.0.0 Safari/537.36"
178.165.172.18 - - [09/Apr/2025:18:42:29 +0200] "GET /gui/javascript/form_form.js?1744216949 HTTP/1.1" 200 16206 "http://hausegger.activities.at/entry.php?id=10271&&ser=216888" "Mozilla/5.0 (Windows NT 10.0; Win64; x64) AppleWebKit/537.36 (KHTML, like Gecko) Chrome/135.0.0.0 Safari/537.36"
154.81.156.34 - - [09/Apr/2025:18:43:21 +0200] "GET / HTTP/1.1" 200 274 "-" "Mozilla/5.0 (Windows NT 10.0; Win64; x64) AppleWebKit/537.36 (KHTML, like Gecko) Chrome/90.0.4430.85 Safari/537.36 Edg/90.0.818.46"
178.165.172.18 - - [09/Apr/2025:18:43:30 +0200] "GET /entry.php?id=10271&&ser=216949 HTTP/1.1" 200 986 "http://hausegger.activities.at/entry.php?id=10271&&ser=216888" "Mozilla/5.0 (Windows NT 10.0; Win64; x64) AppleWebKit/537.36 (KHTML, like Gecko) Chrome/135.0.0.0 Safari/537.36"
178.165.172.18 - - [09/Apr/2025:18:43:30 +0200] "GET /gui/javascript/form_form.js?1744217010 HTTP/1.1" 200 16206 "http://hausegger.activities.at/entry.php?id=10271&&ser=216949" "Mozilla/5.0 (Windows NT 10.0; Win64; x64) AppleWebKit/537.36 (KHTML, like Gecko) Chrome/135.0.0.0 Safari/537.36"
178.165.172.18 - - [09/Apr/2025:18:44:31 +0200] "GET /entry.php?id=10271&&ser=217010 HTTP/1.1" 200 986 "http://hausegger.activities.at/entry.php?id=10271&&ser=216949" "Mozilla/5.0 (Windows NT 10.0; Win64; x64) AppleWebKit/537.36 (KHTML, like Gecko) Chrome/135.0.0.0 Safari/537.36"
178.165.172.18 - - [09/Apr/2025:18:44:31 +0200] "GET /gui/javascript/form_form.js?1744217071 HTTP/1.1" 200 16206 "http://hausegger.activities.at/entry.php?id=10271&&ser=217010" "Mozilla/5.0 (Windows NT 10.0; Win64; x64) AppleWebKit/537.36 (KHTML, like Gecko) Chrome/135.0.0.0 Safari/537.36"
178.165.172.18 - - [09/Apr/2025:18:45:32 +0200] "GET /entry.php?id=10271&&ser=217071 HTTP/1.1" 200 986 "http://hausegger.activities.at/entry.php?id=10271&&ser=217010" "Mozilla/5.0 (Windows NT 10.0; Win64; x64) AppleWebKit/537.36 (KHTML, like Gecko) Chrome/135.0.0.0 Safari/537.36"
178.165.172.18 - - [09/Apr/2025:18:45:32 +0200] "GET /gui/javascript/form_form.js?1744217132 HTTP/1.1" 200 16206 "http://hausegger.activities.at/entry.php?id=10271&&ser=217071" "Mozilla/5.0 (Windows NT 10.0; Win64; x64) AppleWebKit/537.36 (KHTML, like Gecko) Chrome/135.0.0.0 Safari/537.36"
178.165.172.18 - - [09/Apr/2025:18:46:33 +0200] "GET /entry.php?id=10271&&ser=217132 HTTP/1.1" 200 986 "http://hausegger.activities.at/entry.php?id=10271&&ser=217071" "Mozilla/5.0 (Windows NT 10.0; Win64; x64) AppleWebKit/537.36 (KHTML, like Gecko) Chrome/135.0.0.0 Safari/537.36"
178.165.172.18 - - [09/Apr/2025:18:46:33 +0200] "GET /gui/javascript/form_form.js?1744217193 HTTP/1.1" 200 16206 "http://hausegger.activities.at/entry.php?id=10271&&ser=217132" "Mozilla/5.0 (Windows NT 10.0; Win64; x64) AppleWebKit/537.36 (KHTML, like Gecko) Chrome/135.0.0.0 Safari/537.36"
178.165.172.18 - - [09/Apr/2025:18:47:34 +0200] "GET /entry.php?id=10271&&ser=217193 HTTP/1.1" 200 986 "http://hausegger.activities.at/entry.php?id=10271&&ser=217132" "Mozilla/5.0 (Windows NT 10.0; Win64; x64) AppleWebKit/537.36 (KHTML, like Gecko) Chrome/135.0.0.0 Safari/537.36"
178.165.172.18 - - [09/Apr/2025:18:47:34 +0200] "GET /gui/javascript/form_form.js?1744217254 HTTP/1.1" 200 16206 "http://hausegger.activities.at/entry.php?id=10271&&ser=217193" "Mozilla/5.0 (Windows NT 10.0; Win64; x64) AppleWebKit/537.36 (KHTML, like Gecko) Chrome/135.0.0.0 Safari/537.36"
178.165.172.18 - - [09/Apr/2025:18:48:19 +0200] "GET /entry.php?id=10287&login=1 HTTP/1.1" 200 1878 "http://hausegger.activities.at/entry.php?id=10273&" "Mozilla/5.0 (Windows NT 10.0; Win64; x64) AppleWebKit/537.36 (KHTML, like Gecko) Chrome/135.0.0.0 Safari/537.36"
178.165.172.18 - - [09/Apr/2025:18:48:19 +0200] "GET /gui/javascript/form_form.js?1744217299 HTTP/1.1" 200 16206 "http://hausegger.activities.at/entry.php?id=10287&login=1" "Mozilla/5.0 (Windows NT 10.0; Win64; x64) AppleWebKit/537.36 (KHTML, like Gecko) Chrome/135.0.0.0 Safari/537.36"
178.165.172.18 - - [09/Apr/2025:18:48:23 +0200] "POST /entry.php?id=10287& HTTP/1.1" 200 2433 "http://hausegger.activities.at/entry.php?id=10287&login=1" "Mozilla/5.0 (Windows NT 10.0; Win64; x64) AppleWebKit/537.36 (KHTML, like Gecko) Chrome/135.0.0.0 Safari/537.36"
178.165.172.18 - - [09/Apr/2025:18:48:24 +0200] "GET /gui/javascript/form_form.js?1744217304 HTTP/1.1" 200 16206 "http://hausegger.activities.at/entry.php?id=10287&" "Mozilla/5.0 (Windows NT 10.0; Win64; x64) AppleWebKit/537.36 (KHTML, like Gecko) Chrome/135.0.0.0 Safari/537.36"
178.165.172.18 - - [09/Apr/2025:18:48:24 +0200] "GET /entry.php?id=10270& HTTP/1.1" 200 908 "http://hausegger.activities.at/entry.php?id=10287&" "Mozilla/5.0 (Windows NT 10.0; Win64; x64) AppleWebKit/537.36 (KHTML, like Gecko) Chrome/135.0.0.0 Safari/537.36"
178.165.172.18 - - [09/Apr/2025:18:48:24 +0200] "GET /entry.php?id=10273&logout=true& HTTP/1.1" 200 1912 "http://hausegger.activities.at/entry.php?id=10287&" "Mozilla/5.0 (Windows NT 10.0; Win64; x64) AppleWebKit/537.36 (KHTML, like Gecko) Chrome/135.0.0.0 Safari/537.36"
151.106.184.192 - - [09/Apr/2025:18:51:00 +0200] "GET /cron.php?cron_type=tidy_cache&sid=a89057d45d8909978747a5c96c946b7c HTTP/1.1" 404 290 "-" "Mozilla/5.0 (X11; Ubuntu; Linux x86_64; rv:72.0) Gecko/20100101 Firefox/72.0"
151.106.184.192 - - [09/Apr/2025:18:51:00 +0200] "GET /cron.php?cron_type=tidy_cache&sid=a89057d45d8909978747a5c96c946b7c HTTP/1.1" 404 290 "-" "Mozilla/5.0 (X11; Ubuntu; Linux x86_64; rv:72.0) Gecko/20100101 Firefox/72.0"
151.106.184.192 - - [09/Apr/2025:18:51:01 +0200] "GET /cron.php?cron_type=tidy_cache&sid=a89057d45d8909978747a5c96c946b7c HTTP/1.1" 404 290 "-" "Mozilla/5.0 (X11; Ubuntu; Linux x86_64; rv:72.0) Gecko/20100101 Firefox/72.0"
151.106.166.60 - - [09/Apr/2025:18:51:44 +0200] "GET /download/file.php?id=230&sid=10798f605e62c1f49e90bbc897bcff7f HTTP/1.1" 404 297 "-" "Mozilla/5.0 (X11; Ubuntu; Linux x86_64; rv:72.0) Gecko/20100101 Firefox/72.0"
151.106.166.60 - - [09/Apr/2025:18:51:44 +0200] "GET /download/file.php?id=230&sid=10798f605e62c1f49e90bbc897bcff7f HTTP/1.1" 404 297 "-" "Mozilla/5.0 (X11; Ubuntu; Linux x86_64; rv:72.0) Gecko/20100101 Firefox/72.0"
151.106.166.60 - - [09/Apr/2025:18:51:45 +0200] "GET /download/file.php?id=230&sid=10798f605e62c1f49e90bbc897bcff7f HTTP/1.1" 404 297 "-" "Mozilla/5.0 (X11; Ubuntu; Linux x86_64; rv:72.0) Gecko/20100101 Firefox/72.0"
154.81.156.54 - - [09/Apr/2025:18:51:50 +0200] "GET / HTTP/1.1" 200 274 "-" "Mozilla/5.0 (Windows NT 10.0; Win64; x64) AppleWebKit/537.36 (KHTML, like Gecko) Chrome/90.0.4430.85 Safari/537.36 Edg/90.0.818.46"
151.106.160.247 - - [09/Apr/2025:18:53:48 +0200] "GET /gallery/image.php?mode=thumbnail&album_id=1&image_id=115&sid=3ce4dba55eef583a9c44dceeac261c3b HTTP/1.1" 404 297 "-" "Mozilla/5.0 (X11; Ubuntu; Linux x86_64; rv:72.0) Gecko/20100101 Firefox/72.0"
151.106.160.247 - - [09/Apr/2025:18:53:48 +0200] "GET /gallery/image.php?mode=thumbnail&album_id=1&image_id=115&sid=3ce4dba55eef583a9c44dceeac261c3b HTTP/1.1" 404 297 "-" "Mozilla/5.0 (X11; Ubuntu; Linux x86_64; rv:72.0) Gecko/20100101 Firefox/72.0"
151.106.160.247 - - [09/Apr/2025:18:53:49 +0200] "GET /gallery/image.php?mode=thumbnail&album_id=1&image_id=115&sid=3ce4dba55eef583a9c44dceeac261c3b HTTP/1.1" 404 297 "-" "Mozilla/5.0 (X11; Ubuntu; Linux x86_64; rv:72.0) Gecko/20100101 Firefox/72.0"
154.81.156.54 - - [09/Apr/2025:18:58:18 +0200] "GET / HTTP/1.1" 200 274 "-" "Mozilla/5.0 (Windows NT 10.0; Win64; x64) AppleWebKit/537.36 (KHTML, like Gecko) Chrome/90.0.4430.85 Safari/537.36 Edg/90.0.818.46"
151.106.191.239 - - [09/Apr/2025:18:58:25 +0200] "GET /cron.php?cron_type=tidy_sessions&sid=2a2afa1cd2d84969a44fd5ac06535c21 HTTP/1.1" 404 290 "-" "Mozilla/5.0 (X11; Ubuntu; Linux x86_64; rv:72.0) Gecko/20100101 Firefox/72.0"
151.106.191.239 - - [09/Apr/2025:18:58:25 +0200] "GET /cron.php?cron_type=tidy_sessions&sid=2a2afa1cd2d84969a44fd5ac06535c21 HTTP/1.1" 404 290 "-" "Mozilla/5.0 (X11; Ubuntu; Linux x86_64; rv:72.0) Gecko/20100101 Firefox/72.0"
151.106.191.239 - - [09/Apr/2025:18:58:26 +0200] "GET /cron.php?cron_type=tidy_sessions&sid=2a2afa1cd2d84969a44fd5ac06535c21 HTTP/1.1" 404 290 "-" "Mozilla/5.0 (X11; Ubuntu; Linux x86_64; rv:72.0) Gecko/20100101 Firefox/72.0"
151.106.164.127 - - [09/Apr/2025:18:58:50 +0200] "GET /cron.php?cron_type=tidy_cache&sid=4ba80b1e71bf33e4fc5417463f56d8cf HTTP/1.1" 404 290 "-" "Mozilla/5.0 (X11; Ubuntu; Linux x86_64; rv:72.0) Gecko/20100101 Firefox/72.0"
151.106.164.127 - - [09/Apr/2025:18:58:50 +0200] "GET /cron.php?cron_type=tidy_cache&sid=4ba80b1e71bf33e4fc5417463f56d8cf HTTP/1.1" 404 290 "-" "Mozilla/5.0 (X11; Ubuntu; Linux x86_64; rv:72.0) Gecko/20100101 Firefox/72.0"
151.106.164.127 - - [09/Apr/2025:18:58:50 +0200] "GET /cron.php?cron_type=tidy_cache&sid=4ba80b1e71bf33e4fc5417463f56d8cf HTTP/1.1" 404 290 "-" "Mozilla/5.0 (X11; Ubuntu; Linux x86_64; rv:72.0) Gecko/20100101 Firefox/72.0"
156.59.198.136 - - [09/Apr/2025:19:01:54 +0200] "GET /renault.2web.at/htdocs/binaries/10118689.pdf HTTP/1.0" 404 307 "-" "Mozilla/5.0 (Linux; Android 5.0) AppleWebKit/537.36 (KHTML, like Gecko) Mobile Safari/537.36 (compatible; Bytespider; spider-feedback@bytedance.com)"
151.106.177.184 - - [09/Apr/2025:19:04:16 +0200] "GET /cron.php?cron_type=tidy_sessions&sid=e4b147b5257638987f0db5e60f4acc50 HTTP/1.1" 404 290 "-" "Mozilla/5.0 (X11; Ubuntu; Linux x86_64; rv:72.0) Gecko/20100101 Firefox/72.0"
151.106.177.184 - - [09/Apr/2025:19:04:16 +0200] "GET /cron.php?cron_type=tidy_sessions&sid=e4b147b5257638987f0db5e60f4acc50 HTTP/1.1" 404 290 "-" "Mozilla/5.0 (X11; Ubuntu; Linux x86_64; rv:72.0) Gecko/20100101 Firefox/72.0"
151.106.177.184 - - [09/Apr/2025:19:04:17 +0200] "GET /cron.php?cron_type=tidy_sessions&sid=e4b147b5257638987f0db5e60f4acc50 HTTP/1.1" 404 290 "-" "Mozilla/5.0 (X11; Ubuntu; Linux x86_64; rv:72.0) Gecko/20100101 Firefox/72.0"
92.255.57.55 - - [09/Apr/2025:19:05:20 +0200] "\x16\x03\x01\x05\xa8\x01" 400 383 "-" "-"
92.255.57.55 - - [09/Apr/2025:19:05:20 +0200] "GET /aaa9 HTTP/1.1" 404 280 "-" "Mozilla/5.0 (Windows NT 10.0; Win64; x64) AppleWebKit/537.36 (KHTML, like Gecko) Chrome/70.0.3538.77 Safari/537.36"
92.255.57.55 - - [09/Apr/2025:19:05:20 +0200] "\x16\x03\x01\x05\xa8\x01" 400 383 "-" "-"
92.255.57.55 - - [09/Apr/2025:19:05:20 +0200] "GET /aab9 HTTP/1.1" 404 280 "-" "Mozilla/5.0 (Windows NT 10.0; Win64; x64) AppleWebKit/537.36 (KHTML, like Gecko) Chrome/70.0.3538.77 Safari/537.36"
151.106.164.42 - - [09/Apr/2025:19:08:28 +0200] "GET /cron.php?cron_type=tidy_cache&sid=2deea009250b4f84840dbcd4631b9417 HTTP/1.1" 404 290 "-" "Mozilla/5.0 (X11; Ubuntu; Linux x86_64; rv:72.0) Gecko/20100101 Firefox/72.0"
151.106.164.42 - - [09/Apr/2025:19:08:28 +0200] "GET /cron.php?cron_type=tidy_cache&sid=2deea009250b4f84840dbcd4631b9417 HTTP/1.1" 404 290 "-" "Mozilla/5.0 (X11; Ubuntu; Linux x86_64; rv:72.0) Gecko/20100101 Firefox/72.0"
151.106.164.42 - - [09/Apr/2025:19:08:28 +0200] "GET /cron.php?cron_type=tidy_cache&sid=2deea009250b4f84840dbcd4631b9417 HTTP/1.1" 404 290 "-" "Mozilla/5.0 (X11; Ubuntu; Linux x86_64; rv:72.0) Gecko/20100101 Firefox/72.0"
154.81.156.35 - - [09/Apr/2025:19:19:14 +0200] "GET / HTTP/1.1" 200 274 "-" "Mozilla/5.0 (Windows NT 10.0; Win64; x64) AppleWebKit/537.36 (KHTML, like Gecko) Chrome/90.0.4430.85 Safari/537.36 Edg/90.0.818.46"
151.106.160.158 - - [09/Apr/2025:19:20:17 +0200] "GET /download/file.php?id=255&sid=9606e61269ab56c0da3b0cbd35a27e56 HTTP/1.1" 404 297 "-" "Mozilla/5.0 (X11; Ubuntu; Linux x86_64; rv:72.0) Gecko/20100101 Firefox/72.0"
151.106.160.158 - - [09/Apr/2025:19:20:17 +0200] "GET /download/file.php?id=255&sid=9606e61269ab56c0da3b0cbd35a27e56 HTTP/1.1" 404 297 "-" "Mozilla/5.0 (X11; Ubuntu; Linux x86_64; rv:72.0) Gecko/20100101 Firefox/72.0"
151.106.160.158 - - [09/Apr/2025:19:20:17 +0200] "GET /download/file.php?id=255&sid=9606e61269ab56c0da3b0cbd35a27e56 HTTP/1.1" 404 297 "-" "Mozilla/5.0 (X11; Ubuntu; Linux x86_64; rv:72.0) Gecko/20100101 Firefox/72.0"
151.106.163.240 - - [09/Apr/2025:19:26:16 +0200] "GET /cron.php?cron_type=tidy_cache&sid=b75a1ccda1127e6b0d4e7bc091c0a7da HTTP/1.1" 404 290 "-" "Mozilla/5.0 (X11; Ubuntu; Linux x86_64; rv:72.0) Gecko/20100101 Firefox/72.0"
151.106.163.240 - - [09/Apr/2025:19:26:16 +0200] "GET /cron.php?cron_type=tidy_cache&sid=b75a1ccda1127e6b0d4e7bc091c0a7da HTTP/1.1" 404 290 "-" "Mozilla/5.0 (X11; Ubuntu; Linux x86_64; rv:72.0) Gecko/20100101 Firefox/72.0"
151.106.163.240 - - [09/Apr/2025:19:26:16 +0200] "GET /cron.php?cron_type=tidy_cache&sid=b75a1ccda1127e6b0d4e7bc091c0a7da HTTP/1.1" 404 290 "-" "Mozilla/5.0 (X11; Ubuntu; Linux x86_64; rv:72.0) Gecko/20100101 Firefox/72.0"
154.81.156.54 - - [09/Apr/2025:19:26:51 +0200] "GET / HTTP/1.1" 200 274 "-" "Mozilla/5.0 (Windows NT 10.0; Win64; x64) AppleWebKit/537.36 (KHTML, like Gecko) Chrome/90.0.4430.85 Safari/537.36 Edg/90.0.818.46"
35.195.25.18 - - [09/Apr/2025:19:37:03 +0200] "GET / HTTP/1.1" 200 274 "-" "python-requests/2.32.3"
52.167.144.211 - - [09/Apr/2025:19:37:59 +0200] "GET /sitemap.txt HTTP/1.1" 404 299 "-" "Mozilla/5.0 AppleWebKit/537.36 (KHTML, like Gecko; compatible; bingbot/2.0; +http://www.bing.com/bingbot.htm) Chrome/116.0.1938.76 Safari/537.36"
154.81.156.54 - - [09/Apr/2025:19:42:07 +0200] "GET / HTTP/1.1" 200 274 "-" "Mozilla/5.0 (Windows NT 10.0; Win64; x64) AppleWebKit/537.36 (KHTML, like Gecko) Chrome/90.0.4430.85 Safari/537.36 Edg/90.0.818.46"
151.106.164.53 - - [09/Apr/2025:19:44:15 +0200] "GET /cron.php?cron_type=tidy_cache&sid=2f55ca7cc144e7320c88dfcb4edd1bc4 HTTP/1.1" 404 290 "-" "Mozilla/5.0 (X11; Ubuntu; Linux x86_64; rv:72.0) Gecko/20100101 Firefox/72.0"
151.106.164.53 - - [09/Apr/2025:19:44:15 +0200] "GET /cron.php?cron_type=tidy_cache&sid=2f55ca7cc144e7320c88dfcb4edd1bc4 HTTP/1.1" 404 290 "-" "Mozilla/5.0 (X11; Ubuntu; Linux x86_64; rv:72.0) Gecko/20100101 Firefox/72.0"
151.106.164.53 - - [09/Apr/2025:19:44:15 +0200] "GET /cron.php?cron_type=tidy_cache&sid=2f55ca7cc144e7320c88dfcb4edd1bc4 HTTP/1.1" 404 290 "-" "Mozilla/5.0 (X11; Ubuntu; Linux x86_64; rv:72.0) Gecko/20100101 Firefox/72.0"
151.106.166.60 - - [09/Apr/2025:19:49:09 +0200] "GET /cron.php?cron_type=tidy_cache&sid=baea70c6b5e5362c0d69fdf78e23365c HTTP/1.1" 404 290 "-" "Mozilla/5.0 (X11; Ubuntu; Linux x86_64; rv:72.0) Gecko/20100101 Firefox/72.0"
151.106.166.60 - - [09/Apr/2025:19:49:09 +0200] "GET /cron.php?cron_type=tidy_cache&sid=baea70c6b5e5362c0d69fdf78e23365c HTTP/1.1" 404 290 "-" "Mozilla/5.0 (X11; Ubuntu; Linux x86_64; rv:72.0) Gecko/20100101 Firefox/72.0"
151.106.166.60 - - [09/Apr/2025:19:49:10 +0200] "GET /cron.php?cron_type=tidy_cache&sid=baea70c6b5e5362c0d69fdf78e23365c HTTP/1.1" 404 290 "-" "Mozilla/5.0 (X11; Ubuntu; Linux x86_64; rv:72.0) Gecko/20100101 Firefox/72.0"
93.174.93.12 - - [09/Apr/2025:19:50:54 +0200] "\x16\x03\x02\x01o\x01" 400 383 "-" "-"
156.59.198.136 - - [09/Apr/2025:19:54:14 +0200] "GET /renault.activities.at/htdocs/export/pdf/emuc_document/11271499.pdf HTTP/1.0" 404 322 "-" "Mozilla/5.0 (Linux; Android 5.0) AppleWebKit/537.36 (KHTML, like Gecko) Mobile Safari/537.36 (compatible; Bytespider; spider-feedback@bytedance.com)"
154.81.156.34 - - [09/Apr/2025:20:04:21 +0200] "GET / HTTP/1.1" 200 274 "-" "Mozilla/5.0 (Windows NT 10.0; Win64; x64) AppleWebKit/537.36 (KHTML, like Gecko) Chrome/90.0.4430.85 Safari/537.36 Edg/90.0.818.46"
47.79.2.14 - - [09/Apr/2025:20:04:36 +0200] "GET /wp-content/themes/twentytwelve/style.css HTTP/1.1" 404 316 "-" "Mozilla/5.0 (Windows NT 10.0; Win64; x64) AppleWebKit/537.36 (KHTML, like Gecko) Chrome/114.0.0.0 Safari/537.36 Edg/114.0.1823.43"
93.174.93.12 - - [09/Apr/2025:20:04:40 +0200] "GET / HTTP/1.0" 200 423 "-" "Mozilla/5.0 (OS/2; Warp 4.5; rv:10.0.12) Gecko/20100101 Firefox/10.0.12"
154.81.156.54 - - [09/Apr/2025:20:06:42 +0200] "GET / HTTP/1.1" 200 274 "-" "Mozilla/5.0 (Windows NT 10.0; Win64; x64) AppleWebKit/537.36 (KHTML, like Gecko) Chrome/90.0.4430.85 Safari/537.36 Edg/90.0.818.46"
186.195.96.200 - - [09/Apr/2025:20:06:42 +0200] "GET / HTTP/1.1" 200 423 "-" "Mozilla/5.0 (Windows NT 10.0; WOW64) AppleWebKit/537.36 (KHTML, like Gecko) Chrome/51.0.2704.103 Safari/537.36"
156.59.198.136 - - [09/Apr/2025:20:14:46 +0200] "GET /renault.2web.at/htdocs/binaries/10462863.pdf HTTP/1.0" 404 308 "-" "Mozilla/5.0 (Linux; Android 5.0) AppleWebKit/537.36 (KHTML, like Gecko) Mobile Safari/537.36 (compatible; Bytespider; spider-feedback@bytedance.com)"
151.106.191.138 - - [09/Apr/2025:20:21:38 +0200] "GET /images/tri.png HTTP/1.1" 404 295 "-" "Mozilla/5.0 (X11; Ubuntu; Linux x86_64; rv:72.0) Gecko/20100101 Firefox/72.0"
151.106.191.138 - - [09/Apr/2025:20:21:39 +0200] "GET /images/tri.png HTTP/1.1" 404 295 "-" "Mozilla/5.0 (X11; Ubuntu; Linux x86_64; rv:72.0) Gecko/20100101 Firefox/72.0"
151.106.191.138 - - [09/Apr/2025:20:21:39 +0200] "GET /images/tri.png HTTP/1.1" 404 295 "-" "Mozilla/5.0 (X11; Ubuntu; Linux x86_64; rv:72.0) Gecko/20100101 Firefox/72.0"
156.59.198.136 - - [09/Apr/2025:20:22:53 +0200] "GET /renault.activities.at/htdocs/export/pdf/emuc_document/11824036.pdf HTTP/1.0" 404 322 "-" "Mozilla/5.0 (Linux; Android 5.0) AppleWebKit/537.36 (KHTML, like Gecko) Mobile Safari/537.36 (compatible; Bytespider; spider-feedback@bytedance.com)"
156.59.198.136 - - [09/Apr/2025:20:23:02 +0200] "GET /renault.activities.at/htdocs/binaries/10204335.pdf HTTP/1.0" 404 311 "-" "Mozilla/5.0 (Linux; Android 5.0) AppleWebKit/537.36 (KHTML, like Gecko) Mobile Safari/537.36 (compatible; Bytespider; spider-feedback@bytedance.com)"
47.79.4.223 - - [09/Apr/2025:20:24:56 +0200] "GET /wp-content/themes/twentytwelve/js/navigation.js HTTP/1.1" 404 322 "-" "Mozilla/5.0 (Windows NT 10.0; Win64; x64) AppleWebKit/537.36 (KHTML, like Gecko) Chrome/114.0.0.0 Safari/537.36 Edg/114.0.1823.43"
154.81.156.35 - - [09/Apr/2025:20:28:48 +0200] "GET / HTTP/1.1" 200 274 "-" "Mozilla/5.0 (Windows NT 10.0; Win64; x64) AppleWebKit/537.36 (KHTML, like Gecko) Chrome/90.0.4430.85 Safari/537.36 Edg/90.0.818.46"
154.81.156.54 - - [09/Apr/2025:20:31:46 +0200] "GET / HTTP/1.1" 200 274 "-" "Mozilla/5.0 (Windows NT 10.0; Win64; x64) AppleWebKit/537.36 (KHTML, like Gecko) Chrome/90.0.4430.85 Safari/537.36 Edg/90.0.818.46"
47.128.60.241 - - [09/Apr/2025:20:35:28 +0200] "GET /robots.txt HTTP/1.1" 404 284 "-" "Mozilla/5.0 (Linux; Android 5.0) AppleWebKit/537.36 (KHTML, like Gecko) Mobile Safari/537.36 (compatible; Bytespider; spider-feedback@bytedance.com)"
47.128.52.231 - - [09/Apr/2025:20:35:37 +0200] "GET /robots.txt HTTP/1.1" 404 284 "-" "Mozilla/5.0 (Linux; Android 5.0) AppleWebKit/537.36 (KHTML, like Gecko) Mobile Safari/537.36 (compatible; Bytespider; spider-feedback@bytedance.com)"
47.128.120.141 - - [09/Apr/2025:20:35:52 +0200] "GET /robots.txt HTTP/1.1" 404 284 "-" "Mozilla/5.0 (Linux; Android 5.0) AppleWebKit/537.36 (KHTML, like Gecko) Mobile Safari/537.36 (compatible; Bytespider; spider-feedback@bytedance.com)"
47.128.44.158 - - [09/Apr/2025:20:36:10 +0200] "GET /robots.txt HTTP/1.1" 404 284 "-" "Mozilla/5.0 (Linux; Android 5.0) AppleWebKit/537.36 (KHTML, like Gecko) Mobile Safari/537.36 (compatible; Bytespider; spider-feedback@bytedance.com)"
47.79.1.112 - - [09/Apr/2025:20:39:08 +0200] "GET /styles/Factions/theme/large.css HTTP/1.1" 404 306 "-" "Mozilla/5.0 (Windows NT 10.0; Win64; x64) AppleWebKit/537.36 (KHTML, like Gecko) Chrome/114.0.0.0 Safari/537.36 Edg/114.0.1823.43"
47.79.2.14 - - [09/Apr/2025:20:44:10 +0200] "GET /styles/Factions/theme/normal.css HTTP/1.1" 404 306 "-" "Mozilla/5.0 (Windows NT 10.0; Win64; x64) AppleWebKit/537.36 (KHTML, like Gecko) Chrome/114.0.0.0 Safari/537.36 Edg/114.0.1823.43"
151.106.180.26 - - [09/Apr/2025:20:46:16 +0200] "GET /cron.php?cron_type=tidy_sessions&sid=3f600b0e9c23426464fec73545460769 HTTP/1.1" 404 290 "-" "Mozilla/5.0 (X11; Ubuntu; Linux x86_64; rv:72.0) Gecko/20100101 Firefox/72.0"
151.106.180.26 - - [09/Apr/2025:20:46:16 +0200] "GET /cron.php?cron_type=tidy_sessions&sid=3f600b0e9c23426464fec73545460769 HTTP/1.1" 404 290 "-" "Mozilla/5.0 (X11; Ubuntu; Linux x86_64; rv:72.0) Gecko/20100101 Firefox/72.0"
151.106.180.26 - - [09/Apr/2025:20:46:17 +0200] "GET /cron.php?cron_type=tidy_sessions&sid=3f600b0e9c23426464fec73545460769 HTTP/1.1" 404 290 "-" "Mozilla/5.0 (X11; Ubuntu; Linux x86_64; rv:72.0) Gecko/20100101 Firefox/72.0"
185.218.86.4 - - [09/Apr/2025:20:47:09 +0200] "GET / HTTP/1.1" 200 274 "-" "Mozilla/5.0 (Windows NT 10.0; Win64; x64) AppleWebKit/537.36 (KHTML, like Gecko) Chrome/90.0.4430.85 Safari/537.36 Edg/90.0.818.46"
47.79.98.125 - - [09/Apr/2025:20:51:09 +0200] "GET /styles/Factions/theme/print.css HTTP/1.1" 404 306 "-" "Mozilla/5.0 (Windows NT 10.0; Win64; x64) AppleWebKit/537.36 (KHTML, like Gecko) Chrome/114.0.0.0 Safari/537.36 Edg/114.0.1823.43"
47.79.98.125 - - [09/Apr/2025:20:52:13 +0200] "GET /styles/Factions/theme/medium.css HTTP/1.1" 404 306 "-" "Mozilla/5.0 (Windows NT 10.0; Win64; x64) AppleWebKit/537.36 (KHTML, like Gecko) Chrome/114.0.0.0 Safari/537.36 Edg/114.0.1823.43"
154.81.156.54 - - [09/Apr/2025:20:56:22 +0200] "GET / HTTP/1.1" 200 274 "-" "Mozilla/5.0 (Windows NT 10.0; Win64; x64) AppleWebKit/537.36 (KHTML, like Gecko) Chrome/90.0.4430.85 Safari/537.36 Edg/90.0.818.46"
47.79.98.125 - - [09/Apr/2025:21:03:57 +0200] "GET /styles/Factions/template/styleswitcher.js HTTP/1.1" 404 309 "-" "Mozilla/5.0 (Windows NT 10.0; Win64; x64) AppleWebKit/537.36 (KHTML, like Gecko) Chrome/114.0.0.0 Safari/537.36 Edg/114.0.1823.43"
47.79.3.216 - - [09/Apr/2025:21:04:05 +0200] "GET /styles/Factions/template/forum_fn.js HTTP/1.1" 404 311 "-" "Mozilla/5.0 (Windows NT 10.0; Win64; x64) AppleWebKit/537.36 (KHTML, like Gecko) Chrome/114.0.0.0 Safari/537.36 Edg/114.0.1823.43"
154.81.156.54 - - [09/Apr/2025:21:09:43 +0200] "GET / HTTP/1.1" 200 274 "-" "Mozilla/5.0 (Windows NT 10.0; Win64; x64) AppleWebKit/537.36 (KHTML, like Gecko) Chrome/90.0.4430.85 Safari/537.36 Edg/90.0.818.46"
151.106.163.240 - - [09/Apr/2025:21:15:46 +0200] "GET /download/file.php?id=253&sid=784074281812cc900dbee8d05e9ed409 HTTP/1.1" 404 297 "-" "Mozilla/5.0 (X11; Ubuntu; Linux x86_64; rv:72.0) Gecko/20100101 Firefox/72.0"
151.106.163.240 - - [09/Apr/2025:21:15:47 +0200] "GET /download/file.php?id=253&sid=784074281812cc900dbee8d05e9ed409 HTTP/1.1" 404 297 "-" "Mozilla/5.0 (X11; Ubuntu; Linux x86_64; rv:72.0) Gecko/20100101 Firefox/72.0"
151.106.163.240 - - [09/Apr/2025:21:15:47 +0200] "GET /download/file.php?id=253&sid=784074281812cc900dbee8d05e9ed409 HTTP/1.1" 404 297 "-" "Mozilla/5.0 (X11; Ubuntu; Linux x86_64; rv:72.0) Gecko/20100101 Firefox/72.0"
151.106.177.184 - - [09/Apr/2025:21:20:02 +0200] "GET /download/file.php?id=253&sid=2d2081bb873390197de452a98cb660c8 HTTP/1.1" 404 297 "-" "Mozilla/5.0 (X11; Ubuntu; Linux x86_64; rv:72.0) Gecko/20100101 Firefox/72.0"
151.106.177.184 - - [09/Apr/2025:21:20:02 +0200] "GET /download/file.php?id=253&sid=2d2081bb873390197de452a98cb660c8 HTTP/1.1" 404 297 "-" "Mozilla/5.0 (X11; Ubuntu; Linux x86_64; rv:72.0) Gecko/20100101 Firefox/72.0"
151.106.177.184 - - [09/Apr/2025:21:20:02 +0200] "GET /download/file.php?id=253&sid=2d2081bb873390197de452a98cb660c8 HTTP/1.1" 404 297 "-" "Mozilla/5.0 (X11; Ubuntu; Linux x86_64; rv:72.0) Gecko/20100101 Firefox/72.0"
154.81.156.54 - - [09/Apr/2025:21:32:05 +0200] "GET / HTTP/1.1" 200 274 "-" "Mozilla/5.0 (Windows NT 10.0; Win64; x64) AppleWebKit/537.36 (KHTML, like Gecko) Chrome/90.0.4430.85 Safari/537.36 Edg/90.0.818.46"
151.106.162.214 - - [09/Apr/2025:21:33:44 +0200] "GET /download/file.php?id=256&sid=72cb00d476cef618abcbd36f50d112da HTTP/1.1" 404 297 "-" "Mozilla/5.0 (X11; Ubuntu; Linux x86_64; rv:72.0) Gecko/20100101 Firefox/72.0"
151.106.162.214 - - [09/Apr/2025:21:33:44 +0200] "GET /download/file.php?id=256&sid=72cb00d476cef618abcbd36f50d112da HTTP/1.1" 404 297 "-" "Mozilla/5.0 (X11; Ubuntu; Linux x86_64; rv:72.0) Gecko/20100101 Firefox/72.0"
151.106.162.214 - - [09/Apr/2025:21:33:45 +0200] "GET /download/file.php?id=256&sid=72cb00d476cef618abcbd36f50d112da HTTP/1.1" 404 297 "-" "Mozilla/5.0 (X11; Ubuntu; Linux x86_64; rv:72.0) Gecko/20100101 Firefox/72.0"
35.202.9.133 - - [09/Apr/2025:21:34:02 +0200] "GET / HTTP/1.1" 200 274 "-" "Mozilla/5.0 (compatible; tchelebi/1.0; +http://tchelebi.io)"
151.106.191.239 - - [09/Apr/2025:21:40:30 +0200] "GET /download/file.php?id=244&sid=c3ec394369796a26e3978757e76849c2 HTTP/1.1" 404 297 "-" "Mozilla/5.0 (X11; Ubuntu; Linux x86_64; rv:72.0) Gecko/20100101 Firefox/72.0"
151.106.191.239 - - [09/Apr/2025:21:40:31 +0200] "GET /download/file.php?id=244&sid=c3ec394369796a26e3978757e76849c2 HTTP/1.1" 404 297 "-" "Mozilla/5.0 (X11; Ubuntu; Linux x86_64; rv:72.0) Gecko/20100101 Firefox/72.0"
151.106.191.239 - - [09/Apr/2025:21:40:31 +0200] "GET /download/file.php?id=244&sid=c3ec394369796a26e3978757e76849c2 HTTP/1.1" 404 297 "-" "Mozilla/5.0 (X11; Ubuntu; Linux x86_64; rv:72.0) Gecko/20100101 Firefox/72.0"
154.81.156.34 - - [09/Apr/2025:21:40:32 +0200] "GET / HTTP/1.1" 200 274 "-" "Mozilla/5.0 (Windows NT 10.0; Win64; x64) AppleWebKit/537.36 (KHTML, like Gecko) Chrome/90.0.4430.85 Safari/537.36 Edg/90.0.818.46"
154.81.156.35 - - [09/Apr/2025:21:42:44 +0200] "GET / HTTP/1.1" 200 274 "-" "Mozilla/5.0 (Windows NT 10.0; Win64; x64) AppleWebKit/537.36 (KHTML, like Gecko) Chrome/90.0.4430.85 Safari/537.36 Edg/90.0.818.46"
154.81.156.54 - - [09/Apr/2025:21:55:31 +0200] "GET / HTTP/1.1" 200 274 "-" "Mozilla/5.0 (Windows NT 10.0; Win64; x64) AppleWebKit/537.36 (KHTML, like Gecko) Chrome/90.0.4430.85 Safari/537.36 Edg/90.0.818.46"
151.106.180.26 - - [09/Apr/2025:22:03:03 +0200] "GET /download/file.php?id=252&sid=bd71b09cf2747b62212fa64764280903 HTTP/1.1" 404 297 "-" "Mozilla/5.0 (X11; Ubuntu; Linux x86_64; rv:72.0) Gecko/20100101 Firefox/72.0"
151.106.180.26 - - [09/Apr/2025:22:03:04 +0200] "GET /download/file.php?id=252&sid=bd71b09cf2747b62212fa64764280903 HTTP/1.1" 404 297 "-" "Mozilla/5.0 (X11; Ubuntu; Linux x86_64; rv:72.0) Gecko/20100101 Firefox/72.0"
151.106.180.26 - - [09/Apr/2025:22:03:04 +0200] "GET /download/file.php?id=252&sid=bd71b09cf2747b62212fa64764280903 HTTP/1.1" 404 297 "-" "Mozilla/5.0 (X11; Ubuntu; Linux x86_64; rv:72.0) Gecko/20100101 Firefox/72.0"
110.66.134.239 - - [09/Apr/2025:22:07:23 +0200] "GET / HTTP/1.0" 200 423 "-" "curl/7.88.1"
87.121.84.195 - - [09/Apr/2025:22:09:18 +0200] "POST /boaform/admin/formLogin HTTP/1.1" 404 293 "http://212.69.160.11:80/admin/login.asp" "Mozilla/5.0 (X11; Ubuntu; Linux x86_64; rv:71.0) Gecko/20100101 Firefox/71.0"
154.81.156.54 - - [09/Apr/2025:22:16:13 +0200] "GET / HTTP/1.1" 200 274 "-" "Mozilla/5.0 (Windows NT 10.0; Win64; x64) AppleWebKit/537.36 (KHTML, like Gecko) Chrome/90.0.4430.85 Safari/537.36 Edg/90.0.818.46"
51.158.205.47 - - [09/Apr/2025:22:18:29 +0200] "GET / HTTP/1.0" 200 423 "-" "masscan/1.3 (https://github.com/robertdavidgraham/masscan)"
151.106.184.192 - - [09/Apr/2025:22:18:50 +0200] "GET /cron.php?cron_type=tidy_cache&sid=643bfe9e674fb36e7954718127086d6c HTTP/1.1" 404 290 "-" "Mozilla/5.0 (X11; Ubuntu; Linux x86_64; rv:72.0) Gecko/20100101 Firefox/72.0"
151.106.184.192 - - [09/Apr/2025:22:18:51 +0200] "GET /cron.php?cron_type=tidy_cache&sid=643bfe9e674fb36e7954718127086d6c HTTP/1.1" 404 290 "-" "Mozilla/5.0 (X11; Ubuntu; Linux x86_64; rv:72.0) Gecko/20100101 Firefox/72.0"
151.106.184.192 - - [09/Apr/2025:22:18:51 +0200] "GET /cron.php?cron_type=tidy_cache&sid=643bfe9e674fb36e7954718127086d6c HTTP/1.1" 404 290 "-" "Mozilla/5.0 (X11; Ubuntu; Linux x86_64; rv:72.0) Gecko/20100101 Firefox/72.0"
151.106.166.243 - - [09/Apr/2025:22:25:49 +0200] "GET /download/file.php?id=253&sid=72cb00d476cef618abcbd36f50d112da HTTP/1.1" 404 297 "-" "Mozilla/5.0 (X11; Ubuntu; Linux x86_64; rv:72.0) Gecko/20100101 Firefox/72.0"
151.106.166.243 - - [09/Apr/2025:22:25:49 +0200] "GET /download/file.php?id=253&sid=72cb00d476cef618abcbd36f50d112da HTTP/1.1" 404 297 "-" "Mozilla/5.0 (X11; Ubuntu; Linux x86_64; rv:72.0) Gecko/20100101 Firefox/72.0"
151.106.166.243 - - [09/Apr/2025:22:25:49 +0200] "GET /download/file.php?id=253&sid=72cb00d476cef618abcbd36f50d112da HTTP/1.1" 404 297 "-" "Mozilla/5.0 (X11; Ubuntu; Linux x86_64; rv:72.0) Gecko/20100101 Firefox/72.0"
80.82.77.202 - - [09/Apr/2025:22:30:23 +0200] "GET / HTTP/1.0" 200 423 "-" "Mozilla/5.0 (Macintosh; Intel Mac OS X 10_10_1) AppleWebKit/537.36 (KHTML, like Gecko) Chrome/41.0.2227.1 Safari/537.36"
151.106.181.99 - - [09/Apr/2025:22:30:43 +0200] "GET /cron.php?cron_type=tidy_cache&sid=8c8a27dc20bc32b0ca957c617db400ed HTTP/1.1" 404 290 "-" "Mozilla/5.0 (X11; Ubuntu; Linux x86_64; rv:72.0) Gecko/20100101 Firefox/72.0"
151.106.181.99 - - [09/Apr/2025:22:30:44 +0200] "GET /cron.php?cron_type=tidy_cache&sid=8c8a27dc20bc32b0ca957c617db400ed HTTP/1.1" 404 290 "-" "Mozilla/5.0 (X11; Ubuntu; Linux x86_64; rv:72.0) Gecko/20100101 Firefox/72.0"
151.106.181.99 - - [09/Apr/2025:22:30:44 +0200] "GET /cron.php?cron_type=tidy_cache&sid=8c8a27dc20bc32b0ca957c617db400ed HTTP/1.1" 404 290 "-" "Mozilla/5.0 (X11; Ubuntu; Linux x86_64; rv:72.0) Gecko/20100101 Firefox/72.0"
87.121.84.198 - - [09/Apr/2025:22:31:27 +0200] "POST /boaform/admin/formLogin HTTP/1.1" 404 293 "http://212.69.160.11:80/admin/login.asp" "Mozilla/5.0 (X11; Ubuntu; Linux x86_64; rv:71.0) Gecko/20100101 Firefox/71.0"
154.81.156.54 - - [09/Apr/2025:22:33:16 +0200] "GET / HTTP/1.1" 200 274 "-" "Mozilla/5.0 (Windows NT 10.0; Win64; x64) AppleWebKit/537.36 (KHTML, like Gecko) Chrome/90.0.4430.85 Safari/537.36 Edg/90.0.818.46"
185.91.127.81 - - [09/Apr/2025:22:38:24 +0200] "CONNECT pro.ip-api.com:443 HTTP/1.1" 200 423 "-" "Mozilla/5.0"
151.106.167.56 - - [09/Apr/2025:22:42:19 +0200] "GET /cron.php?cron_type=tidy_cache&sid=1f50f4ced576b0bae0d4649d1a03365c HTTP/1.1" 404 290 "-" "Mozilla/5.0 (X11; Ubuntu; Linux x86_64; rv:72.0) Gecko/20100101 Firefox/72.0"
151.106.167.56 - - [09/Apr/2025:22:42:19 +0200] "GET /cron.php?cron_type=tidy_cache&sid=1f50f4ced576b0bae0d4649d1a03365c HTTP/1.1" 404 290 "-" "Mozilla/5.0 (X11; Ubuntu; Linux x86_64; rv:72.0) Gecko/20100101 Firefox/72.0"
151.106.167.56 - - [09/Apr/2025:22:42:19 +0200] "GET /cron.php?cron_type=tidy_cache&sid=1f50f4ced576b0bae0d4649d1a03365c HTTP/1.1" 404 290 "-" "Mozilla/5.0 (X11; Ubuntu; Linux x86_64; rv:72.0) Gecko/20100101 Firefox/72.0"
154.81.156.54 - - [09/Apr/2025:22:43:42 +0200] "GET / HTTP/1.1" 200 274 "-" "Mozilla/5.0 (Windows NT 10.0; Win64; x64) AppleWebKit/537.36 (KHTML, like Gecko) Chrome/90.0.4430.85 Safari/537.36 Edg/90.0.818.46"
154.81.156.35 - - [09/Apr/2025:22:47:28 +0200] "GET / HTTP/1.1" 200 274 "-" "Mozilla/5.0 (Windows NT 10.0; Win64; x64) AppleWebKit/537.36 (KHTML, like Gecko) Chrome/90.0.4430.85 Safari/537.36 Edg/90.0.818.46"
151.106.166.201 - - [09/Apr/2025:22:47:51 +0200] "GET /cron.php?cron_type=tidy_cache&sid=11193f502435662839bec14ff6e13b68 HTTP/1.1" 404 290 "-" "Mozilla/5.0 (X11; Ubuntu; Linux x86_64; rv:72.0) Gecko/20100101 Firefox/72.0"
151.106.166.201 - - [09/Apr/2025:22:47:51 +0200] "GET /cron.php?cron_type=tidy_cache&sid=11193f502435662839bec14ff6e13b68 HTTP/1.1" 404 290 "-" "Mozilla/5.0 (X11; Ubuntu; Linux x86_64; rv:72.0) Gecko/20100101 Firefox/72.0"
151.106.166.201 - - [09/Apr/2025:22:47:52 +0200] "GET /cron.php?cron_type=tidy_cache&sid=11193f502435662839bec14ff6e13b68 HTTP/1.1" 404 290 "-" "Mozilla/5.0 (X11; Ubuntu; Linux x86_64; rv:72.0) Gecko/20100101 Firefox/72.0"
196.251.70.87 - - [09/Apr/2025:22:49:18 +0200] "GET /.git/HEAD HTTP/1.1" 404 284 "-" "Mozilla/5.0 (iPad; CPU OS 12_3_1 like Mac OS X) AppleWebKit/605.1.15 (KHTML, like Gecko) Mobile/15E148;WeRead/4.1.3 (iPad; iOS 12.3.1; Scale/2.00)"
195.211.191.76 - - [09/Apr/2025:22:54:20 +0200] "GET /_profiler/phpinfo HTTP/1.1" 404 289 "-" "TurnitinBot (https://turnitin.com/robot/crawlerinfo.html)"
151.106.164.42 - - [09/Apr/2025:22:56:10 +0200] "GET /gallery/image.php?mode=thumbnail&album_id=1&image_id=111&sid=d40081bb8f6a6cc5afb959e6a8911488 HTTP/1.1" 404 297 "-" "Mozilla/5.0 (X11; Ubuntu; Linux x86_64; rv:72.0) Gecko/20100101 Firefox/72.0"
