151.106.190.62 - - [09/Apr/2025:02:01:30 +0200] "GET /download/file.php?id=255&sid=e889d10900f63fe88e9b972b3329a492 HTTP/1.1" 404 297 "-" "Mozilla/5.0 (X11; Ubuntu; Linux x86_64; rv:72.0) Gecko/20100101 Firefox/72.0"
151.106.190.62 - - [09/Apr/2025:02:01:30 +0200] "GET /download/file.php?id=255&sid=e889d10900f63fe88e9b972b3329a492 HTTP/1.1" 404 297 "-" "Mozilla/5.0 (X11; Ubuntu; Linux x86_64; rv:72.0) Gecko/20100101 Firefox/72.0"
151.106.190.62 - - [09/Apr/2025:02:01:31 +0200] "GET /download/file.php?id=255&sid=e889d10900f63fe88e9b972b3329a492 HTTP/1.1" 404 297 "-" "Mozilla/5.0 (X11; Ubuntu; Linux x86_64; rv:72.0) Gecko/20100101 Firefox/72.0"
5.183.209.244 - - [09/Apr/2025:02:02:16 +0200] "GET / HTTP/1.1" 200 423 "-" "-"
151.106.169.235 - - [09/Apr/2025:02:07:12 +0200] "GET /cron.php?cron_type=tidy_cache&sid=f153bce3abe1ee8256c8e4f451b4727f HTTP/1.1" 404 290 "-" "Mozilla/5.0 (X11; Ubuntu; Linux x86_64; rv:72.0) Gecko/20100101 Firefox/72.0"
151.106.169.235 - - [09/Apr/2025:02:07:12 +0200] "GET /cron.php?cron_type=tidy_cache&sid=f153bce3abe1ee8256c8e4f451b4727f HTTP/1.1" 404 290 "-" "Mozilla/5.0 (X11; Ubuntu; Linux x86_64; rv:72.0) Gecko/20100101 Firefox/72.0"
151.106.169.235 - - [09/Apr/2025:02:07:12 +0200] "GET /cron.php?cron_type=tidy_cache&sid=f153bce3abe1ee8256c8e4f451b4727f HTTP/1.1" 404 290 "-" "Mozilla/5.0 (X11; Ubuntu; Linux x86_64; rv:72.0) Gecko/20100101 Firefox/72.0"
154.81.156.54 - - [09/Apr/2025:02:08:28 +0200] "GET / HTTP/1.1" 200 274 "-" "Mozilla/5.0 (Windows NT 10.0; Win64; x64) AppleWebKit/537.36 (KHTML, like Gecko) Chrome/90.0.4430.85 Safari/537.36 Edg/90.0.818.46"
151.106.166.243 - - [09/Apr/2025:02:13:07 +0200] "GET /gallery/image.php?mode=medium&album_id=1&image_id=113&sid=95aa41f678b9398dc6fda227763602a4 HTTP/1.1" 404 297 "-" "Mozilla/5.0 (X11; Ubuntu; Linux x86_64; rv:72.0) Gecko/20100101 Firefox/72.0"
151.106.166.243 - - [09/Apr/2025:02:13:07 +0200] "GET /gallery/image.php?mode=medium&album_id=1&image_id=113&sid=95aa41f678b9398dc6fda227763602a4 HTTP/1.1" 404 297 "-" "Mozilla/5.0 (X11; Ubuntu; Linux x86_64; rv:72.0) Gecko/20100101 Firefox/72.0"
151.106.166.243 - - [09/Apr/2025:02:13:07 +0200] "GET /gallery/image.php?mode=medium&album_id=1&image_id=113&sid=95aa41f678b9398dc6fda227763602a4 HTTP/1.1" 404 297 "-" "Mozilla/5.0 (X11; Ubuntu; Linux x86_64; rv:72.0) Gecko/20100101 Firefox/72.0"
156.59.198.135 - - [09/Apr/2025:02:17:44 +0200] "GET /renault.activities.at/htdocs/export/pdf/emuc_document/11985005.pdf HTTP/1.0" 404 321 "-" "Mozilla/5.0 (Linux; Android 5.0) AppleWebKit/537.36 (KHTML, like Gecko) Mobile Safari/537.36 (compatible; Bytespider; spider-feedback@bytedance.com)"
156.59.198.135 - - [09/Apr/2025:02:17:53 +0200] "GET /renault.activities.at/htdocs/export/pdf/emuc_document/10252928.pdf HTTP/1.0" 404 321 "-" "Mozilla/5.0 (Linux; Android 5.0) AppleWebKit/537.36 (KHTML, like Gecko) Mobile Safari/537.36 (compatible; Bytespider; spider-feedback@bytedance.com)"
156.59.198.136 - - [09/Apr/2025:02:18:02 +0200] "GET /renault.activities.at/htdocs/export/pdf/emuc_document/11353964.pdf HTTP/1.0" 404 322 "-" "Mozilla/5.0 (Linux; Android 5.0) AppleWebKit/537.36 (KHTML, like Gecko) Mobile Safari/537.36 (compatible; Bytespider; spider-feedback@bytedance.com)"
156.59.198.135 - - [09/Apr/2025:02:18:11 +0200] "GET /renault.activities.at/htdocs/binaries/10243625.pdf HTTP/1.0" 404 311 "-" "Mozilla/5.0 (Linux; Android 5.0) AppleWebKit/537.36 (KHTML, like Gecko) Mobile Safari/537.36 (compatible; Bytespider; spider-feedback@bytedance.com)"
154.81.156.35 - - [09/Apr/2025:02:21:02 +0200] "GET / HTTP/1.1" 200 274 "-" "Mozilla/5.0 (Windows NT 10.0; Win64; x64) AppleWebKit/537.36 (KHTML, like Gecko) Chrome/90.0.4430.85 Safari/537.36 Edg/90.0.818.46"
151.106.186.76 - - [09/Apr/2025:02:21:37 +0200] "GET /cron.php?cron_type=tidy_warnings&sid=222401885d25db784666fbb904aa03bf HTTP/1.1" 404 290 "-" "Mozilla/5.0 (X11; Ubuntu; Linux x86_64; rv:72.0) Gecko/20100101 Firefox/72.0"
151.106.186.76 - - [09/Apr/2025:02:21:37 +0200] "GET /cron.php?cron_type=tidy_warnings&sid=222401885d25db784666fbb904aa03bf HTTP/1.1" 404 290 "-" "Mozilla/5.0 (X11; Ubuntu; Linux x86_64; rv:72.0) Gecko/20100101 Firefox/72.0"
151.106.186.76 - - [09/Apr/2025:02:21:37 +0200] "GET /cron.php?cron_type=tidy_warnings&sid=222401885d25db784666fbb904aa03bf HTTP/1.1" 404 290 "-" "Mozilla/5.0 (X11; Ubuntu; Linux x86_64; rv:72.0) Gecko/20100101 Firefox/72.0"
151.106.167.56 - - [09/Apr/2025:02:23:53 +0200] "GET /download/file.php?id=255&sid=4f90275dd0560d07d2f6c26fd482480d HTTP/1.1" 404 297 "-" "Mozilla/5.0 (X11; Ubuntu; Linux x86_64; rv:72.0) Gecko/20100101 Firefox/72.0"
151.106.167.56 - - [09/Apr/2025:02:23:53 +0200] "GET /download/file.php?id=255&sid=4f90275dd0560d07d2f6c26fd482480d HTTP/1.1" 404 297 "-" "Mozilla/5.0 (X11; Ubuntu; Linux x86_64; rv:72.0) Gecko/20100101 Firefox/72.0"
151.106.167.56 - - [09/Apr/2025:02:23:54 +0200] "GET /download/file.php?id=255&sid=4f90275dd0560d07d2f6c26fd482480d HTTP/1.1" 404 297 "-" "Mozilla/5.0 (X11; Ubuntu; Linux x86_64; rv:72.0) Gecko/20100101 Firefox/72.0"
151.106.165.0 - - [09/Apr/2025:02:24:21 +0200] "GET /cron.php?cron_type=tidy_cache&sid=d41e05fefa2ce9ceba5ccae28c8d8daa HTTP/1.1" 404 290 "-" "Mozilla/5.0 (X11; Ubuntu; Linux x86_64; rv:72.0) Gecko/20100101 Firefox/72.0"
151.106.165.0 - - [09/Apr/2025:02:24:22 +0200] "GET /cron.php?cron_type=tidy_cache&sid=d41e05fefa2ce9ceba5ccae28c8d8daa HTTP/1.1" 404 290 "-" "Mozilla/5.0 (X11; Ubuntu; Linux x86_64; rv:72.0) Gecko/20100101 Firefox/72.0"
151.106.165.0 - - [09/Apr/2025:02:24:22 +0200] "GET /cron.php?cron_type=tidy_cache&sid=d41e05fefa2ce9ceba5ccae28c8d8daa HTTP/1.1" 404 290 "-" "Mozilla/5.0 (X11; Ubuntu; Linux x86_64; rv:72.0) Gecko/20100101 Firefox/72.0"
185.255.122.19 - - [09/Apr/2025:02:30:58 +0200] "GET / HTTP/1.1" 200 274 "-" "Mozilla/5.0 (Windows NT 10.0; Win64; x64) AppleWebKit/537.36 (KHTML, like Gecko) Chrome/90.0.4430.85 Safari/537.36 Edg/90.0.818.46"
151.106.166.243 - - [09/Apr/2025:02:32:51 +0200] "GET /cron.php?cron_type=tidy_sessions&sid=5f13a6a3ef8ac55c23825db2b7d7d2f9 HTTP/1.1" 404 290 "-" "Mozilla/5.0 (X11; Ubuntu; Linux x86_64; rv:72.0) Gecko/20100101 Firefox/72.0"
151.106.166.243 - - [09/Apr/2025:02:32:51 +0200] "GET /cron.php?cron_type=tidy_sessions&sid=5f13a6a3ef8ac55c23825db2b7d7d2f9 HTTP/1.1" 404 290 "-" "Mozilla/5.0 (X11; Ubuntu; Linux x86_64; rv:72.0) Gecko/20100101 Firefox/72.0"
151.106.166.243 - - [09/Apr/2025:02:32:51 +0200] "GET /cron.php?cron_type=tidy_sessions&sid=5f13a6a3ef8ac55c23825db2b7d7d2f9 HTTP/1.1" 404 290 "-" "Mozilla/5.0 (X11; Ubuntu; Linux x86_64; rv:72.0) Gecko/20100101 Firefox/72.0"
115.231.78.11 - - [09/Apr/2025:02:40:03 +0200] "GET / HTTP/1.1" 200 423 "-" "Mozilla/5.0 (Windows NT 6.1) AppleWebKit/537.36 (KHTML, like Gecko) Chrome/71.0.2623.112 Safari/537.36"
115.231.78.11 - - [09/Apr/2025:02:40:04 +0200] "GET /activities.ico HTTP/1.1" 200 1406 "-" "Mozilla/5.0 (Windows NT 6.1; WOW64) AppleWebKit/537.36 (KHTML, like Gecko) Chrome/63.0.3239.132 Safari/537.36 QIHU 360SE"
115.231.78.11 - - [09/Apr/2025:02:40:04 +0200] "GET /robots.txt HTTP/1.1" 404 284 "-" "Mozilla/5.0 (Windows NT 6.1; WOW64) AppleWebKit/537.36 (KHTML, like Gecko) Chrome/63.0.3239.132 Safari/537.36 QIHU 360SE"
154.81.156.54 - - [09/Apr/2025:02:40:46 +0200] "GET / HTTP/1.1" 200 274 "-" "Mozilla/5.0 (Windows NT 10.0; Win64; x64) AppleWebKit/537.36 (KHTML, like Gecko) Chrome/90.0.4430.85 Safari/537.36 Edg/90.0.818.46"
154.81.156.34 - - [09/Apr/2025:02:42:04 +0200] "GET / HTTP/1.1" 200 274 "-" "Mozilla/5.0 (Windows NT 10.0; Win64; x64) AppleWebKit/537.36 (KHTML, like Gecko) Chrome/90.0.4430.85 Safari/537.36 Edg/90.0.818.46"
151.106.167.56 - - [09/Apr/2025:02:42:14 +0200] "GET /cron.php?cron_type=tidy_cache&sid=bca5cb0b5b245888500fbb766fd6f514 HTTP/1.1" 404 290 "-" "Mozilla/5.0 (X11; Ubuntu; Linux x86_64; rv:72.0) Gecko/20100101 Firefox/72.0"
151.106.167.56 - - [09/Apr/2025:02:42:14 +0200] "GET /cron.php?cron_type=tidy_cache&sid=bca5cb0b5b245888500fbb766fd6f514 HTTP/1.1" 404 290 "-" "Mozilla/5.0 (X11; Ubuntu; Linux x86_64; rv:72.0) Gecko/20100101 Firefox/72.0"
151.106.167.56 - - [09/Apr/2025:02:42:14 +0200] "GET /cron.php?cron_type=tidy_cache&sid=bca5cb0b5b245888500fbb766fd6f514 HTTP/1.1" 404 290 "-" "Mozilla/5.0 (X11; Ubuntu; Linux x86_64; rv:72.0) Gecko/20100101 Firefox/72.0"
156.59.198.136 - - [09/Apr/2025:02:44:02 +0200] "GET /renault.activities.at/htdocs/export/pdf/emuc_document/10843287.pdf HTTP/1.0" 404 323 "-" "Mozilla/5.0 (Linux; Android 5.0) AppleWebKit/537.36 (KHTML, like Gecko) Mobile Safari/537.36 (compatible; Bytespider; spider-feedback@bytedance.com)"
154.81.156.54 - - [09/Apr/2025:02:45:30 +0200] "GET / HTTP/1.1" 200 274 "-" "Mozilla/5.0 (Windows NT 10.0; Win64; x64) AppleWebKit/537.36 (KHTML, like Gecko) Chrome/90.0.4430.85 Safari/537.36 Edg/90.0.818.46"
57.129.64.237 - - [09/Apr/2025:02:46:34 +0200] "GET / HTTP/1.1" 200 274 "-" "Mozilla/5.0 (compatible; ModatScanner/1.0; +https://modat.io/)"
151.106.164.42 - - [09/Apr/2025:02:52:45 +0200] "GET /gallery/image.php?mode=thumbnail&album_id=1&image_id=115&sid=81c786b33e75f1f2d072b95b9f6ee604 HTTP/1.1" 404 297 "-" "Mozilla/5.0 (X11; Ubuntu; Linux x86_64; rv:72.0) Gecko/20100101 Firefox/72.0"
151.106.164.42 - - [09/Apr/2025:02:52:46 +0200] "GET /gallery/image.php?mode=thumbnail&album_id=1&image_id=115&sid=81c786b33e75f1f2d072b95b9f6ee604 HTTP/1.1" 404 297 "-" "Mozilla/5.0 (X11; Ubuntu; Linux x86_64; rv:72.0) Gecko/20100101 Firefox/72.0"
151.106.164.42 - - [09/Apr/2025:02:52:46 +0200] "GET /gallery/image.php?mode=thumbnail&album_id=1&image_id=115&sid=81c786b33e75f1f2d072b95b9f6ee604 HTTP/1.1" 404 297 "-" "Mozilla/5.0 (X11; Ubuntu; Linux x86_64; rv:72.0) Gecko/20100101 Firefox/72.0"
156.59.198.136 - - [09/Apr/2025:02:56:21 +0200] "GET /renault.activities.at/htdocs/export/pdf/emuc_document/10252866.pdf HTTP/1.0" 404 321 "-" "Mozilla/5.0 (Linux; Android 5.0) AppleWebKit/537.36 (KHTML, like Gecko) Mobile Safari/537.36 (compatible; Bytespider; spider-feedback@bytedance.com)"
151.106.186.76 - - [09/Apr/2025:02:58:03 +0200] "GET /cron.php?cron_type=tidy_cache&sid=015266fe99bb8d87ca41d2e29b8e5ed3 HTTP/1.1" 404 290 "-" "Mozilla/5.0 (X11; Ubuntu; Linux x86_64; rv:72.0) Gecko/20100101 Firefox/72.0"
151.106.186.76 - - [09/Apr/2025:02:58:04 +0200] "GET /cron.php?cron_type=tidy_cache&sid=015266fe99bb8d87ca41d2e29b8e5ed3 HTTP/1.1" 404 290 "-" "Mozilla/5.0 (X11; Ubuntu; Linux x86_64; rv:72.0) Gecko/20100101 Firefox/72.0"
151.106.186.76 - - [09/Apr/2025:02:58:04 +0200] "GET /cron.php?cron_type=tidy_cache&sid=015266fe99bb8d87ca41d2e29b8e5ed3 HTTP/1.1" 404 290 "-" "Mozilla/5.0 (X11; Ubuntu; Linux x86_64; rv:72.0) Gecko/20100101 Firefox/72.0"
151.106.180.26 - - [09/Apr/2025:03:07:26 +0200] "GET /download/file.php?id=252&sid=f3fec9edac1a87ef3685d7d4e740b119 HTTP/1.1" 404 297 "-" "Mozilla/5.0 (X11; Ubuntu; Linux x86_64; rv:72.0) Gecko/20100101 Firefox/72.0"
151.106.180.26 - - [09/Apr/2025:03:07:26 +0200] "GET /download/file.php?id=252&sid=f3fec9edac1a87ef3685d7d4e740b119 HTTP/1.1" 404 297 "-" "Mozilla/5.0 (X11; Ubuntu; Linux x86_64; rv:72.0) Gecko/20100101 Firefox/72.0"
151.106.180.26 - - [09/Apr/2025:03:07:26 +0200] "GET /download/file.php?id=252&sid=f3fec9edac1a87ef3685d7d4e740b119 HTTP/1.1" 404 297 "-" "Mozilla/5.0 (X11; Ubuntu; Linux x86_64; rv:72.0) Gecko/20100101 Firefox/72.0"
141.98.11.210 - - [09/Apr/2025:03:11:37 +0200] "POST /boaform/admin/formLogin HTTP/1.1" 404 293 "http://212.69.160.11:80/admin/login.asp" "Mozilla/5.0 (X11; Ubuntu; Linux x86_64; rv:71.0) Gecko/20100101 Firefox/71.0"
156.59.198.136 - - [09/Apr/2025:03:13:00 +0200] "GET /renault.activities.at/htdocs/export/pdf/emuc_document/11133526.pdf HTTP/1.0" 404 322 "-" "Mozilla/5.0 (Linux; Android 5.0) AppleWebKit/537.36 (KHTML, like Gecko) Mobile Safari/537.36 (compatible; Bytespider; spider-feedback@bytedance.com)"
154.81.156.54 - - [09/Apr/2025:03:17:03 +0200] "GET / HTTP/1.1" 200 274 "-" "Mozilla/5.0 (Windows NT 10.0; Win64; x64) AppleWebKit/537.36 (KHTML, like Gecko) Chrome/90.0.4430.85 Safari/537.36 Edg/90.0.818.46"
45.148.10.35 - - [09/Apr/2025:03:26:30 +0200] "\x16\x03\x01" 400 383 "-" "-"
45.148.10.35 - - [09/Apr/2025:03:26:30 +0200] "GET / HTTP/1.1" 400 383 "-" "-"
45.148.10.35 - - [09/Apr/2025:03:26:30 +0200] "GET / HTTP/1.1" 200 423 "-" "l9tcpid/v1.1.0"
45.148.10.35 - - [09/Apr/2025:03:26:30 +0200] "GET /auth/config.json HTTP/1.1" 404 289 "-" "l9explore/1.2.2"
45.148.10.35 - - [09/Apr/2025:03:26:30 +0200] "GET /settings.json HTTP/1.1" 404 286 "-" "l9explore/1.2.2"
45.148.10.35 - - [09/Apr/2025:03:26:30 +0200] "GET /config.ini HTTP/1.1" 404 285 "-" "l9explore/1.2.2"
45.148.10.35 - - [09/Apr/2025:03:26:30 +0200] "GET /scripts/config.json HTTP/1.1" 404 291 "-" "l9explore/1.2.2"
45.148.10.35 - - [09/Apr/2025:03:26:30 +0200] "GET /test/settings.yaml HTTP/1.1" 404 289 "-" "l9explore/1.2.2"
45.148.10.35 - - [09/Apr/2025:03:26:30 +0200] "GET /config/server_auth.yaml HTTP/1.1" 404 292 "-" "l9explore/1.2.2"
45.148.10.35 - - [09/Apr/2025:03:26:31 +0200] "GET /secrets/auth.yaml HTTP/1.1" 404 288 "-" "l9explore/1.2.2"
45.148.10.35 - - [09/Apr/2025:03:26:31 +0200] "GET /config.js HTTP/1.1" 404 284 "-" "l9explore/1.2.2"
45.148.10.35 - - [09/Apr/2025:03:26:31 +0200] "GET /config/twitter_auth.yaml HTTP/1.1" 404 295 "-" "l9explore/1.2.2"
45.148.10.35 - - [09/Apr/2025:03:26:31 +0200] "GET /config/microsoft.json HTTP/1.1" 404 293 "-" "l9explore/1.2.2"
45.148.10.35 - - [09/Apr/2025:03:26:31 +0200] "GET /config/aws.json HTTP/1.1" 404 288 "-" "l9explore/1.2.2"
45.148.10.35 - - [09/Apr/2025:03:26:31 +0200] "GET /config/gcp_oauth.json HTTP/1.1" 404 293 "-" "l9explore/1.2.2"
45.148.10.35 - - [09/Apr/2025:03:26:31 +0200] "GET /config/client_oauth.json HTTP/1.1" 404 295 "-" "l9explore/1.2.2"
45.148.10.35 - - [09/Apr/2025:03:26:31 +0200] "GET /config/oauth.json HTTP/1.1" 404 289 "-" "l9explore/1.2.2"
45.148.10.35 - - [09/Apr/2025:03:26:31 +0200] "GET /config/initializers/oauth.rb HTTP/1.1" 404 298 "-" "l9explore/1.2.2"
45.148.10.35 - - [09/Apr/2025:03:26:31 +0200] "GET /services/user/settings.yaml HTTP/1.1" 404 294 "-" "l9explore/1.2.2"
45.148.10.35 - - [09/Apr/2025:03:26:31 +0200] "GET /microservices/oauth/config.json HTTP/1.1" 404 298 "-" "l9explore/1.2.2"
45.148.10.35 - - [09/Apr/2025:03:26:31 +0200] "GET /scripts/secrets.yaml HTTP/1.1" 404 291 "-" "l9explore/1.2.2"
45.148.10.35 - - [09/Apr/2025:03:26:31 +0200] "GET /spec/config/oauth.yaml HTTP/1.1" 404 293 "-" "l9explore/1.2.2"
45.148.10.35 - - [09/Apr/2025:03:26:31 +0200] "GET /config/security.ini HTTP/1.1" 404 291 "-" "l9explore/1.2.2"
45.148.10.35 - - [09/Apr/2025:03:26:31 +0200] "GET /project/settings.py HTTP/1.1" 404 291 "-" "l9explore/1.2.2"
45.148.10.35 - - [09/Apr/2025:03:26:31 +0200] "GET /tests/config/test_oauth.json HTTP/1.1" 404 295 "-" "l9explore/1.2.2"
45.148.10.35 - - [09/Apr/2025:03:26:31 +0200] "GET /config/auth.yaml HTTP/1.1" 404 289 "-" "l9explore/1.2.2"
45.148.10.35 - - [09/Apr/2025:03:26:31 +0200] "GET /security/auth_settings.yaml HTTP/1.1" 404 296 "-" "l9explore/1.2.2"
45.148.10.35 - - [09/Apr/2025:03:26:31 +0200] "GET /application.yml HTTP/1.1" 404 288 "-" "l9explore/1.2.2"
45.148.10.35 - - [09/Apr/2025:03:26:32 +0200] "GET /application.properties HTTP/1.1" 404 292 "-" "l9explore/1.2.2"
45.148.10.35 - - [09/Apr/2025:03:26:32 +0200] "GET /environments/dev/config.yaml HTTP/1.1" 404 297 "-" "l9explore/1.2.2"
45.148.10.35 - - [09/Apr/2025:03:26:32 +0200] "GET /scripts/auth_settings.yaml HTTP/1.1" 404 296 "-" "l9explore/1.2.2"
45.148.10.35 - - [09/Apr/2025:03:26:32 +0200] "GET /security/api_settings.json HTTP/1.1" 404 296 "-" "l9explore/1.2.2"
45.148.10.35 - - [09/Apr/2025:03:26:32 +0200] "GET /config/api.json HTTP/1.1" 404 288 "-" "l9explore/1.2.2"
45.148.10.35 - - [09/Apr/2025:03:26:32 +0200] "GET /secrets.py HTTP/1.1" 404 284 "-" "l9explore/1.2.2"
45.148.10.35 - - [09/Apr/2025:03:26:32 +0200] "GET /services/auth/config.json HTTP/1.1" 404 294 "-" "l9explore/1.2.2"
45.148.10.35 - - [09/Apr/2025:03:26:32 +0200] "GET /app/config/oauth.json HTTP/1.1" 404 292 "-" "l9explore/1.2.2"
45.148.10.35 - - [09/Apr/2025:03:26:32 +0200] "GET /src/config/api_keys.json HTTP/1.1" 404 295 "-" "l9explore/1.2.2"
45.148.10.35 - - [09/Apr/2025:03:26:32 +0200] "GET /etc/app/config.ini HTTP/1.1" 404 290 "-" "l9explore/1.2.2"
45.148.10.35 - - [09/Apr/2025:03:26:32 +0200] "GET /config/integration.json HTTP/1.1" 404 294 "-" "l9explore/1.2.2"
45.148.10.35 - - [09/Apr/2025:03:26:32 +0200] "GET /security/oauth.json HTTP/1.1" 404 290 "-" "l9explore/1.2.2"
45.148.10.35 - - [09/Apr/2025:03:26:32 +0200] "GET /src/config/settings.yaml HTTP/1.1" 404 295 "-" "l9explore/1.2.2"
45.148.10.35 - - [09/Apr/2025:03:26:32 +0200] "GET /db/settings.ini HTTP/1.1" 404 287 "-" "l9explore/1.2.2"
45.148.10.35 - - [09/Apr/2025:03:26:32 +0200] "GET /settings/base.ini HTTP/1.1" 404 288 "-" "l9explore/1.2.2"
45.148.10.35 - - [09/Apr/2025:03:26:32 +0200] "GET /settings/service_keys.ini HTTP/1.1" 404 294 "-" "l9explore/1.2.2"
45.148.10.35 - - [09/Apr/2025:03:26:32 +0200] "GET /config/secrets.yml HTTP/1.1" 404 290 "-" "l9explore/1.2.2"
45.148.10.35 - - [09/Apr/2025:03:26:32 +0200] "GET /config/dev_config.ini HTTP/1.1" 404 289 "-" "l9explore/1.2.2"
45.148.10.35 - - [09/Apr/2025:03:26:32 +0200] "GET /app/secrets/oauth.yaml HTTP/1.1" 404 292 "-" "l9explore/1.2.2"
45.148.10.35 - - [09/Apr/2025:03:26:33 +0200] "GET /config/google.json HTTP/1.1" 404 290 "-" "l9explore/1.2.2"
45.148.10.35 - - [09/Apr/2025:03:26:33 +0200] "GET /config/local.yaml HTTP/1.1" 404 290 "-" "l9explore/1.2.2"
45.148.10.35 - - [09/Apr/2025:03:26:33 +0200] "GET /secrets/token_store.yaml HTTP/1.1" 404 294 "-" "l9explore/1.2.2"
45.148.10.35 - - [09/Apr/2025:03:26:33 +0200] "GET /vault/config.json HTTP/1.1" 404 290 "-" "l9explore/1.2.2"
45.148.10.35 - - [09/Apr/2025:03:26:33 +0200] "GET /config.xml HTTP/1.1" 404 285 "-" "l9explore/1.2.2"
45.148.10.35 - - [09/Apr/2025:03:26:33 +0200] "GET /cloud/settings.yaml HTTP/1.1" 404 291 "-" "l9explore/1.2.2"
45.148.10.35 - - [09/Apr/2025:03:26:33 +0200] "GET /auth/keys.ini HTTP/1.1" 404 286 "-" "l9explore/1.2.2"
45.148.10.35 - - [09/Apr/2025:03:26:33 +0200] "GET /config/staging.yaml HTTP/1.1" 404 291 "-" "l9explore/1.2.2"
45.148.10.35 - - [09/Apr/2025:03:26:33 +0200] "GET /config/facebook_oauth.json HTTP/1.1" 404 297 "-" "l9explore/1.2.2"
45.148.10.35 - - [09/Apr/2025:03:26:33 +0200] "GET /config/development.json HTTP/1.1" 404 294 "-" "l9explore/1.2.2"
45.148.10.35 - - [09/Apr/2025:03:26:33 +0200] "GET /automation/oauth.json HTTP/1.1" 404 290 "-" "l9explore/1.2.2"
45.148.10.35 - - [09/Apr/2025:03:26:33 +0200] "GET /app/settings/auth.json HTTP/1.1" 404 292 "-" "l9explore/1.2.2"
45.148.10.35 - - [09/Apr/2025:03:26:33 +0200] "GET /config/app_config.yaml HTTP/1.1" 404 291 "-" "l9explore/1.2.2"
45.148.10.35 - - [09/Apr/2025:03:26:33 +0200] "GET /security/keys.json HTTP/1.1" 404 290 "-" "l9explore/1.2.2"
45.148.10.35 - - [09/Apr/2025:03:26:33 +0200] "GET /secrets/oauth.json HTTP/1.1" 404 289 "-" "l9explore/1.2.2"
45.148.10.35 - - [09/Apr/2025:03:26:33 +0200] "GET /config/github.yaml HTTP/1.1" 404 291 "-" "l9explore/1.2.2"
45.148.10.35 - - [09/Apr/2025:03:26:33 +0200] "GET /config/database.yml HTTP/1.1" 404 291 "-" "l9explore/1.2.2"
45.148.10.35 - - [09/Apr/2025:03:26:33 +0200] "GET /db/auth_config.json HTTP/1.1" 404 291 "-" "l9explore/1.2.2"
45.148.10.35 - - [09/Apr/2025:03:26:33 +0200] "GET /config/service_auth.json HTTP/1.1" 404 294 "-" "l9explore/1.2.2"
45.148.10.35 - - [09/Apr/2025:03:26:34 +0200] "GET /auth/provider_config.yaml HTTP/1.1" 404 296 "-" "l9explore/1.2.2"
45.148.10.35 - - [09/Apr/2025:03:26:34 +0200] "GET /config/azure_auth.yaml HTTP/1.1" 404 294 "-" "l9explore/1.2.2"
45.148.10.35 - - [09/Apr/2025:03:26:34 +0200] "GET /secrets/integration_auth.yaml HTTP/1.1" 404 297 "-" "l9explore/1.2.2"
45.148.10.35 - - [09/Apr/2025:03:26:34 +0200] "GET /vault/oauth.yaml HTTP/1.1" 404 288 "-" "l9explore/1.2.2"
45.148.10.35 - - [09/Apr/2025:03:26:34 +0200] "GET /auth/oauth_config.ini HTTP/1.1" 404 291 "-" "l9explore/1.2.2"
45.148.10.35 - - [09/Apr/2025:03:26:34 +0200] "GET /conf.d/oauth.conf HTTP/1.1" 404 287 "-" "l9explore/1.2.2"
45.148.10.35 - - [09/Apr/2025:03:26:34 +0200] "GET /config/external_auth.json HTTP/1.1" 404 296 "-" "l9explore/1.2.2"
45.148.10.35 - - [09/Apr/2025:03:26:34 +0200] "GET /config/settings.json HTTP/1.1" 404 291 "-" "l9explore/1.2.2"
45.148.10.35 - - [09/Apr/2025:03:26:34 +0200] "GET /environments/prod/settings.json HTTP/1.1" 404 298 "-" "l9explore/1.2.2"
45.148.10.35 - - [09/Apr/2025:03:26:34 +0200] "GET /src/main/resources/application.yml HTTP/1.1" 404 300 "-" "l9explore/1.2.2"
45.148.10.35 - - [09/Apr/2025:03:26:34 +0200] "GET /tests/auth_config.ini HTTP/1.1" 404 291 "-" "l9explore/1.2.2"
45.148.10.35 - - [09/Apr/2025:03:26:34 +0200] "GET /etc/oauth/config.json HTTP/1.1" 404 292 "-" "l9explore/1.2.2"
45.148.10.35 - - [09/Apr/2025:03:26:34 +0200] "GET /etc/auth/secrets.yaml HTTP/1.1" 404 291 "-" "l9explore/1.2.2"
45.148.10.35 - - [09/Apr/2025:03:26:34 +0200] "GET /services/api/auth.yaml HTTP/1.1" 404 291 "-" "l9explore/1.2.2"
45.148.10.35 - - [09/Apr/2025:03:26:34 +0200] "GET /auth.json HTTP/1.1" 404 283 "-" "l9explore/1.2.2"
45.148.10.35 - - [09/Apr/2025:03:26:34 +0200] "GET /config/credentials.yml HTTP/1.1" 404 293 "-" "l9explore/1.2.2"
45.148.10.35 - - [09/Apr/2025:03:26:34 +0200] "GET /config/production.json HTTP/1.1" 404 293 "-" "l9explore/1.2.2"
45.148.10.35 - - [09/Apr/2025:03:26:34 +0200] "GET /app/auth/config.json HTTP/1.1" 404 292 "-" "l9explore/1.2.2"
45.148.10.35 - - [09/Apr/2025:03:26:35 +0200] "GET /config/db.json HTTP/1.1" 404 287 "-" "l9explore/1.2.2"
45.148.10.35 - - [09/Apr/2025:03:26:35 +0200] "GET /config/auth_override.json HTTP/1.1" 404 295 "-" "l9explore/1.2.2"
45.148.10.35 - - [09/Apr/2025:03:26:35 +0200] "GET /settings/api_config.json HTTP/1.1" 404 295 "-" "l9explore/1.2.2"
45.148.10.35 - - [09/Apr/2025:03:26:35 +0200] "GET /auth/settings.yaml HTTP/1.1" 404 290 "-" "l9explore/1.2.2"
45.148.10.35 - - [09/Apr/2025:03:26:35 +0200] "GET /usr/src/app/auth.json HTTP/1.1" 404 291 "-" "l9explore/1.2.2"
45.148.10.35 - - [09/Apr/2025:03:26:35 +0200] "GET /config/keys.yaml HTTP/1.1" 404 290 "-" "l9explore/1.2.2"
45.148.10.35 - - [09/Apr/2025:03:26:35 +0200] "GET /src/auth/config.yaml HTTP/1.1" 404 292 "-" "l9explore/1.2.2"
45.148.10.35 - - [09/Apr/2025:03:26:35 +0200] "GET /config/base.json HTTP/1.1" 404 288 "-" "l9explore/1.2.2"
45.148.10.35 - - [09/Apr/2025:03:26:35 +0200] "GET /secrets/secrets.json HTTP/1.1" 404 287 "-" "l9explore/1.2.2"
45.148.10.35 - - [09/Apr/2025:03:26:35 +0200] "GET /config/okta_oauth.yaml HTTP/1.1" 404 294 "-" "l9explore/1.2.2"
151.106.166.60 - - [09/Apr/2025:03:28:11 +0200] "GET /download/file.php?id=250&sid=5656760e850e90cc60f26b54aea41154 HTTP/1.1" 404 297 "-" "Mozilla/5.0 (X11; Ubuntu; Linux x86_64; rv:72.0) Gecko/20100101 Firefox/72.0"
151.106.166.60 - - [09/Apr/2025:03:28:11 +0200] "GET /download/file.php?id=250&sid=5656760e850e90cc60f26b54aea41154 HTTP/1.1" 404 297 "-" "Mozilla/5.0 (X11; Ubuntu; Linux x86_64; rv:72.0) Gecko/20100101 Firefox/72.0"
151.106.166.60 - - [09/Apr/2025:03:28:12 +0200] "GET /download/file.php?id=250&sid=5656760e850e90cc60f26b54aea41154 HTTP/1.1" 404 297 "-" "Mozilla/5.0 (X11; Ubuntu; Linux x86_64; rv:72.0) Gecko/20100101 Firefox/72.0"
185.147.124.171 - - [09/Apr/2025:03:28:52 +0200] "\x03" 400 383 "-" "-"
47.79.120.224 - - [09/Apr/2025:03:31:37 +0200] "GET /~ridersde/joomla/templates/aion_elyos_lernvid.com/css/template.css HTTP/1.1" 404 331 "-" "Mozilla/5.0 (Windows NT 10.0; Win64; x64) AppleWebKit/537.36 (KHTML, like Gecko) Chrome/114.0.0.0 Safari/537.36 Edg/114.0.1823.43"
154.81.156.54 - - [09/Apr/2025:03:32:16 +0200] "GET / HTTP/1.1" 200 274 "-" "Mozilla/5.0 (Windows NT 10.0; Win64; x64) AppleWebKit/537.36 (KHTML, like Gecko) Chrome/90.0.4430.85 Safari/537.36 Edg/90.0.818.46"
141.98.11.210 - - [09/Apr/2025:03:41:33 +0200] "POST /boaform/admin/formLogin HTTP/1.1" 404 293 "http://212.69.160.11:80/admin/login.asp" "Mozilla/5.0 (X11; Ubuntu; Linux x86_64; rv:71.0) Gecko/20100101 Firefox/71.0"
151.106.168.134 - - [09/Apr/2025:03:42:59 +0200] "GET /download/file.php?id=253&sid=2c0e7ab5bba410fa0975d81fbd02071e HTTP/1.1" 404 297 "-" "Mozilla/5.0 (X11; Ubuntu; Linux x86_64; rv:72.0) Gecko/20100101 Firefox/72.0"
151.106.168.134 - - [09/Apr/2025:03:42:59 +0200] "GET /download/file.php?id=253&sid=2c0e7ab5bba410fa0975d81fbd02071e HTTP/1.1" 404 297 "-" "Mozilla/5.0 (X11; Ubuntu; Linux x86_64; rv:72.0) Gecko/20100101 Firefox/72.0"
151.106.168.134 - - [09/Apr/2025:03:42:59 +0200] "GET /download/file.php?id=253&sid=2c0e7ab5bba410fa0975d81fbd02071e HTTP/1.1" 404 297 "-" "Mozilla/5.0 (X11; Ubuntu; Linux x86_64; rv:72.0) Gecko/20100101 Firefox/72.0"
87.121.84.27 - - [09/Apr/2025:03:48:47 +0200] "POST /boaform/admin/formLogin HTTP/1.1" 404 293 "http://212.69.160.11:80/admin/login.asp" "Mozilla/5.0 (X11; Ubuntu; Linux x86_64; rv:71.0) Gecko/20100101 Firefox/71.0"
151.106.184.192 - - [09/Apr/2025:03:55:08 +0200] "GET /gallery/image.php?mode=thumbnail&album_id=1&image_id=111&sid=d8722c610946994e09586380e96a5549 HTTP/1.1" 404 297 "-" "Mozilla/5.0 (X11; Ubuntu; Linux x86_64; rv:72.0) Gecko/20100101 Firefox/72.0"
151.106.184.192 - - [09/Apr/2025:03:55:08 +0200] "GET /gallery/image.php?mode=thumbnail&album_id=1&image_id=111&sid=d8722c610946994e09586380e96a5549 HTTP/1.1" 404 297 "-" "Mozilla/5.0 (X11; Ubuntu; Linux x86_64; rv:72.0) Gecko/20100101 Firefox/72.0"
151.106.184.192 - - [09/Apr/2025:03:55:09 +0200] "GET /gallery/image.php?mode=thumbnail&album_id=1&image_id=111&sid=d8722c610946994e09586380e96a5549 HTTP/1.1" 404 297 "-" "Mozilla/5.0 (X11; Ubuntu; Linux x86_64; rv:72.0) Gecko/20100101 Firefox/72.0"
154.81.156.54 - - [09/Apr/2025:03:55:58 +0200] "GET / HTTP/1.1" 200 274 "-" "Mozilla/5.0 (Windows NT 10.0; Win64; x64) AppleWebKit/537.36 (KHTML, like Gecko) Chrome/90.0.4430.85 Safari/537.36 Edg/90.0.818.46"
151.106.191.239 - - [09/Apr/2025:04:07:27 +0200] "GET /download/file.php?id=255&sid=11a8732ec75b9537fd82dc56ac552843 HTTP/1.1" 404 297 "-" "Mozilla/5.0 (X11; Ubuntu; Linux x86_64; rv:72.0) Gecko/20100101 Firefox/72.0"
151.106.191.239 - - [09/Apr/2025:04:07:27 +0200] "GET /download/file.php?id=255&sid=11a8732ec75b9537fd82dc56ac552843 HTTP/1.1" 404 297 "-" "Mozilla/5.0 (X11; Ubuntu; Linux x86_64; rv:72.0) Gecko/20100101 Firefox/72.0"
151.106.191.239 - - [09/Apr/2025:04:07:28 +0200] "GET /download/file.php?id=255&sid=11a8732ec75b9537fd82dc56ac552843 HTTP/1.1" 404 297 "-" "Mozilla/5.0 (X11; Ubuntu; Linux x86_64; rv:72.0) Gecko/20100101 Firefox/72.0"
151.106.162.8 - - [09/Apr/2025:04:09:45 +0200] "GET /download/file.php?id=250&sid=2c0e7ab5bba410fa0975d81fbd02071e HTTP/1.1" 404 297 "-" "Mozilla/5.0 (X11; Ubuntu; Linux x86_64; rv:72.0) Gecko/20100101 Firefox/72.0"
151.106.162.8 - - [09/Apr/2025:04:09:45 +0200] "GET /download/file.php?id=250&sid=2c0e7ab5bba410fa0975d81fbd02071e HTTP/1.1" 404 297 "-" "Mozilla/5.0 (X11; Ubuntu; Linux x86_64; rv:72.0) Gecko/20100101 Firefox/72.0"
151.106.162.8 - - [09/Apr/2025:04:09:45 +0200] "GET /download/file.php?id=250&sid=2c0e7ab5bba410fa0975d81fbd02071e HTTP/1.1" 404 297 "-" "Mozilla/5.0 (X11; Ubuntu; Linux x86_64; rv:72.0) Gecko/20100101 Firefox/72.0"
154.81.156.34 - - [09/Apr/2025:04:12:43 +0200] "GET / HTTP/1.1" 200 274 "-" "Mozilla/5.0 (Windows NT 10.0; Win64; x64) AppleWebKit/537.36 (KHTML, like Gecko) Chrome/90.0.4430.85 Safari/537.36 Edg/90.0.818.46"
47.79.117.123 - - [09/Apr/2025:04:13:10 +0200] "GET /~ridersde/joomla/templates/aion_elyos_lernvid.com/css/reset.css HTTP/1.1" 404 332 "-" "Mozilla/5.0 (Windows NT 10.0; Win64; x64) AppleWebKit/537.36 (KHTML, like Gecko) Chrome/114.0.0.0 Safari/537.36 Edg/114.0.1823.43"
95.54.40.191 - - [09/Apr/2025:04:13:16 +0200] "GET / HTTP/1.0" 200 423 "http://food-and-drink.vienna-lodgings.at/" "Mozilla/5.0 (Windows NT 10.0; Win64; x64) AppleWebKit/537.36 (KHTML, like Gecko) Chrome/130.0.0.0 Safari/537.36 CCleaner/130.0.0.0"
156.59.198.136 - - [09/Apr/2025:04:17:55 +0200] "GET /renault.activities.at/htdocs/export/pdf/emuc_document/12291117.pdf HTTP/1.0" 404 321 "-" "Mozilla/5.0 (Linux; Android 5.0) AppleWebKit/537.36 (KHTML, like Gecko) Mobile Safari/537.36 (compatible; Bytespider; spider-feedback@bytedance.com)"
162.216.150.137 - - [09/Apr/2025:04:18:10 +0200] "GET / HTTP/1.1" 200 274 "-" "Expanse, a Palo Alto Networks company, searches across the global IPv4 space multiple times per day to identify customers' presences on the Internet. If you would like to be excluded from our scans, please send IP addresses/domains to: scaninfo@paloaltonetworks.com"
154.81.156.54 - - [09/Apr/2025:04:18:19 +0200] "GET / HTTP/1.1" 200 274 "-" "Mozilla/5.0 (Windows NT 10.0; Win64; x64) AppleWebKit/537.36 (KHTML, like Gecko) Chrome/90.0.4430.85 Safari/537.36 Edg/90.0.818.46"
172.172.245.127 - - [09/Apr/2025:04:20:18 +0200] "GET /actuator/health HTTP/1.1" 404 287 "-" "Mozilla/5.0 zgrab/0.x"
151.106.163.240 - - [09/Apr/2025:04:20:44 +0200] "GET /cron.php?cron_type=tidy_cache&sid=99400a4a162aa38cb388fcd8689db9e0 HTTP/1.1" 404 290 "-" "Mozilla/5.0 (X11; Ubuntu; Linux x86_64; rv:72.0) Gecko/20100101 Firefox/72.0"
151.106.163.240 - - [09/Apr/2025:04:20:44 +0200] "GET /cron.php?cron_type=tidy_cache&sid=99400a4a162aa38cb388fcd8689db9e0 HTTP/1.1" 404 290 "-" "Mozilla/5.0 (X11; Ubuntu; Linux x86_64; rv:72.0) Gecko/20100101 Firefox/72.0"
141.98.11.175 - - [09/Apr/2025:04:28:19 +0200] "POST /boaform/admin/formLogin HTTP/1.1" 404 293 "http://212.69.160.11:80/admin/login.asp" "Mozilla/5.0 (X11; Ubuntu; Linux x86_64; rv:71.0) Gecko/20100101 Firefox/71.0"
154.81.156.35 - - [09/Apr/2025:04:31:20 +0200] "GET / HTTP/1.1" 200 274 "-" "Mozilla/5.0 (Windows NT 10.0; Win64; x64) AppleWebKit/537.36 (KHTML, like Gecko) Chrome/90.0.4430.85 Safari/537.36 Edg/90.0.818.46"
205.210.31.29 - - [09/Apr/2025:04:32:03 +0200] "GET / HTTP/1.1" 200 423 "-" "Expanse, a Palo Alto Networks company, searches across the global IPv4 space multiple times per day to identify customers' presences on the Internet. If you would like to be excluded from our scans, please send IP addresses/domains to: scaninfo@paloaltonetworks.com"
154.81.156.54 - - [09/Apr/2025:04:39:01 +0200] "GET / HTTP/1.1" 200 274 "-" "Mozilla/5.0 (Windows NT 10.0; Win64; x64) AppleWebKit/537.36 (KHTML, like Gecko) Chrome/90.0.4430.85 Safari/537.36 Edg/90.0.818.46"
172.171.246.16 - - [09/Apr/2025:04:46:44 +0200] "GET / HTTP/1.1" 200 274 "-" "Mozilla/5.0 zgrab/0.x"
156.59.198.135 - - [09/Apr/2025:04:48:32 +0200] "GET /renault.activities.at/htdocs/export/pdf/emuc_document/11170212.pdf HTTP/1.0" 404 321 "-" "Mozilla/5.0 (Linux; Android 5.0) AppleWebKit/537.36 (KHTML, like Gecko) Mobile Safari/537.36 (compatible; Bytespider; spider-feedback@bytedance.com)"
154.81.156.54 - - [09/Apr/2025:04:50:24 +0200] "GET / HTTP/1.1" 200 274 "-" "Mozilla/5.0 (Windows NT 10.0; Win64; x64) AppleWebKit/537.36 (KHTML, like Gecko) Chrome/90.0.4430.85 Safari/537.36 Edg/90.0.818.46"
91.196.152.180 - - [09/Apr/2025:04:50:25 +0200] "\x16\x03\x03\x01\xa6\x01" 400 383 "-" "-"
91.196.152.179 - - [09/Apr/2025:04:50:28 +0200] "GET / HTTP/1.1" 200 423 "-" "Mozilla/5.0 (X11; Ubuntu; Linux x86_64; rv:134.0) Gecko/20100101 Firefox/134.0"
151.106.162.8 - - [09/Apr/2025:04:52:43 +0200] "GET /cron.php?cron_type=tidy_cache&sid=fc6901aff83366b092bcb5da61ad16a8 HTTP/1.1" 404 290 "-" "Mozilla/5.0 (X11; Ubuntu; Linux x86_64; rv:72.0) Gecko/20100101 Firefox/72.0"
151.106.162.8 - - [09/Apr/2025:04:52:43 +0200] "GET /cron.php?cron_type=tidy_cache&sid=fc6901aff83366b092bcb5da61ad16a8 HTTP/1.1" 404 290 "-" "Mozilla/5.0 (X11; Ubuntu; Linux x86_64; rv:72.0) Gecko/20100101 Firefox/72.0"
151.106.162.8 - - [09/Apr/2025:04:52:43 +0200] "GET /cron.php?cron_type=tidy_cache&sid=fc6901aff83366b092bcb5da61ad16a8 HTTP/1.1" 404 290 "-" "Mozilla/5.0 (X11; Ubuntu; Linux x86_64; rv:72.0) Gecko/20100101 Firefox/72.0"
51.178.236.246 - - [09/Apr/2025:04:56:24 +0200] "GET /activities.ico HTTP/1.1" 200 1406 "-" "Mozilla/5.0 (X11; Ubuntu; Linux x86_64; rv:134.0) Gecko/20100101 Firefox/134.0"
156.59.198.136 - - [09/Apr/2025:04:56:48 +0200] "GET /renault.activities.at/htdocs/export/pdf/emuc_document/11985566.pdf HTTP/1.0" 404 322 "-" "Mozilla/5.0 (Linux; Android 5.0) AppleWebKit/537.36 (KHTML, like Gecko) Mobile Safari/537.36 (compatible; Bytespider; spider-feedback@bytedance.com)"
151.106.160.247 - - [09/Apr/2025:04:56:58 +0200] "GET /download/file.php?id=253&sid=16df65a13b05d087846f52adc46a40e1 HTTP/1.1" 404 297 "-" "Mozilla/5.0 (X11; Ubuntu; Linux x86_64; rv:72.0) Gecko/20100101 Firefox/72.0"
151.106.160.247 - - [09/Apr/2025:04:56:58 +0200] "GET /download/file.php?id=253&sid=16df65a13b05d087846f52adc46a40e1 HTTP/1.1" 404 297 "-" "Mozilla/5.0 (X11; Ubuntu; Linux x86_64; rv:72.0) Gecko/20100101 Firefox/72.0"
151.106.160.247 - - [09/Apr/2025:04:56:59 +0200] "GET /download/file.php?id=253&sid=16df65a13b05d087846f52adc46a40e1 HTTP/1.1" 404 297 "-" "Mozilla/5.0 (X11; Ubuntu; Linux x86_64; rv:72.0) Gecko/20100101 Firefox/72.0"
47.79.123.29 - - [09/Apr/2025:04:57:48 +0200] "GET /~ridersde/joomla/plugins/content/denvideo/swfobject.js HTTP/1.1" 404 328 "-" "Mozilla/5.0 (Windows NT 10.0; Win64; x64) AppleWebKit/537.36 (KHTML, like Gecko) Chrome/114.0.0.0 Safari/537.36 Edg/114.0.1823.43"
45.128.38.94 - - [09/Apr/2025:05:00:30 +0200] "GET /%7Eridersde/joomla/index.php HTTP/1.0" 404 386 "http://coffeenostra.castlegem.co.uk/%7Eridersde/joomla/index.php" "Mozilla/5.0 (Windows NT 10.0; Win64; x64) AppleWebKit/537.36 (KHTML, like Gecko) Chrome/131.0.0.0 Safari/537.36"
45.128.38.94 - - [09/Apr/2025:05:00:30 +0200] "GET / HTTP/1.0" 200 423 "http://coffeenostra.castlegem.co.uk/" "Mozilla/5.0 (Windows NT 10.0; Win64; x64) AppleWebKit/537.36 (KHTML, like Gecko) Chrome/131.0.0.0 Safari/537.36"
92.255.57.45 - - [09/Apr/2025:05:03:37 +0200] "\x16\x03\x02\x01o\x01" 400 383 "-" "-"
92.255.57.55 - - [09/Apr/2025:05:04:14 +0200] "GET /server-status HTTP/1.1" 403 286 "-" "Go-http-client/1.1"
185.218.86.4 - - [09/Apr/2025:05:08:50 +0200] "GET / HTTP/1.1" 200 274 "-" "Mozilla/5.0 (Windows NT 10.0; Win64; x64) AppleWebKit/537.36 (KHTML, like Gecko) Chrome/90.0.4430.85 Safari/537.36 Edg/90.0.818.46"
64.62.156.182 - - [09/Apr/2025:05:10:07 +0200] "GET / HTTP/1.1" 200 274 "-" "Mozilla/5.0 (Macintosh; Intel Mac OS X 10.15; rv:102.0) Gecko/20100101 Firefox/102.0"
151.106.162.214 - - [09/Apr/2025:05:10:44 +0200] "GET /download/file.php?id=212&sid=9fb9f6d9b4b780005d577b7dfe930e9d HTTP/1.1" 404 297 "-" "Mozilla/5.0 (X11; Ubuntu; Linux x86_64; rv:72.0) Gecko/20100101 Firefox/72.0"
151.106.162.214 - - [09/Apr/2025:05:10:45 +0200] "GET /download/file.php?id=212&sid=9fb9f6d9b4b780005d577b7dfe930e9d HTTP/1.1" 404 297 "-" "Mozilla/5.0 (X11; Ubuntu; Linux x86_64; rv:72.0) Gecko/20100101 Firefox/72.0"
151.106.162.214 - - [09/Apr/2025:05:10:45 +0200] "GET /download/file.php?id=212&sid=9fb9f6d9b4b780005d577b7dfe930e9d HTTP/1.1" 404 297 "-" "Mozilla/5.0 (X11; Ubuntu; Linux x86_64; rv:72.0) Gecko/20100101 Firefox/72.0"
154.83.103.107 - - [09/Apr/2025:05:11:31 +0200] "GET /.git/HEAD HTTP/1.1" 404 298 "-" "-"
151.106.173.252 - - [09/Apr/2025:05:11:33 +0200] "GET /download/file.php?id=230&sid=f6a70b1fe567e8012eb770e83e3db242 HTTP/1.1" 404 297 "-" "Mozilla/5.0 (X11; Ubuntu; Linux x86_64; rv:72.0) Gecko/20100101 Firefox/72.0"
151.106.173.252 - - [09/Apr/2025:05:11:33 +0200] "GET /download/file.php?id=230&sid=f6a70b1fe567e8012eb770e83e3db242 HTTP/1.1" 404 297 "-" "Mozilla/5.0 (X11; Ubuntu; Linux x86_64; rv:72.0) Gecko/20100101 Firefox/72.0"
151.106.173.252 - - [09/Apr/2025:05:11:33 +0200] "GET /download/file.php?id=230&sid=f6a70b1fe567e8012eb770e83e3db242 HTTP/1.1" 404 297 "-" "Mozilla/5.0 (X11; Ubuntu; Linux x86_64; rv:72.0) Gecko/20100101 Firefox/72.0"
154.83.103.107 - - [09/Apr/2025:05:11:53 +0200] "GET / HTTP/1.1" 200 274 "-" "Mozilla/5.0 (Windows NT 10.0; Win64; x64) AppleWebKit/537.36 (KHTML, like Gecko) Chrome/91.0.4472.124 Safari/537.36"
154.83.103.107 - - [09/Apr/2025:05:12:12 +0200] "GET /phpinfo HTTP/1.1" 404 296 "-" "Mozilla/5.0 (Windows NT 10.0; Win64; x64) AppleWebKit/537.36 (KHTML, like Gecko) Chrome/91.0.4472.124 Safari/537.36"
91.222.174.146 - - [09/Apr/2025:05:12:12 +0200] "GET / HTTP/1.1" 200 274 "-" "Mozilla/5.0 (Windows NT 10.0; Win64; x64) AppleWebKit/537.36 (KHTML, like Gecko) Chrome/95.0.4638.69 Safari/537.36"
91.222.174.146 - - [09/Apr/2025:05:12:15 +0200] "GET /config/php.ini HTTP/1.1" 404 298 "-" "Mozilla/5.0 (Windows NT 10.0; Win64; x64) AppleWebKit/537.36 (KHTML, like Gecko) Chrome/95.0.4638.69 Safari/537.36"
91.222.174.146 - - [09/Apr/2025:05:12:17 +0200] "GET /admin/config HTTP/1.1" 404 297 "-" "Mozilla/5.0 (Windows NT 10.0; Win64; x64) AppleWebKit/537.36 (KHTML, like Gecko) Chrome/95.0.4638.69 Safari/537.36"
91.222.174.146 - - [09/Apr/2025:05:12:20 +0200] "GET /index.html HTTP/1.1" 404 295 "-" "Mozilla/5.0 (Windows NT 10.0; Win64; x64) AppleWebKit/537.36 (KHTML, like Gecko) Chrome/95.0.4638.69 Safari/537.36"
91.222.174.146 - - [09/Apr/2025:05:12:26 +0200] "GET /phpinfo.php HTTP/1.1" 200 10603 "-" "Mozilla/5.0 (Windows NT 10.0; Win64; x64) AppleWebKit/537.36 (KHTML, like Gecko) Chrome/95.0.4638.69 Safari/537.36"
47.79.123.101 - - [09/Apr/2025:05:13:24 +0200] "GET /~ridersde/joomla/plugins/system/mtupgrade/mootools.js HTTP/1.1" 404 327 "-" "Mozilla/5.0 (Windows NT 10.0; Win64; x64) AppleWebKit/537.36 (KHTML, like Gecko) Chrome/114.0.0.0 Safari/537.36 Edg/114.0.1823.43"
47.79.5.157 - - [09/Apr/2025:05:19:51 +0200] "GET /style.php HTTP/1.1" 404 291 "-" "Mozilla/5.0 (Windows NT 10.0; Win64; x64) AppleWebKit/537.36 (KHTML, like Gecko) Chrome/114.0.0.0 Safari/537.36 Edg/114.0.1823.43"
154.81.156.54 - - [09/Apr/2025:05:19:54 +0200] "GET / HTTP/1.1" 200 274 "-" "Mozilla/5.0 (Windows NT 10.0; Win64; x64) AppleWebKit/537.36 (KHTML, like Gecko) Chrome/90.0.4430.85 Safari/537.36 Edg/90.0.818.46"
151.106.166.243 - - [09/Apr/2025:05:20:38 +0200] "GET /download/file.php?id=255&sid=8d16702b15b79d27e02c27f6906db620 HTTP/1.1" 404 297 "-" "Mozilla/5.0 (X11; Ubuntu; Linux x86_64; rv:72.0) Gecko/20100101 Firefox/72.0"
151.106.166.243 - - [09/Apr/2025:05:20:38 +0200] "GET /download/file.php?id=255&sid=8d16702b15b79d27e02c27f6906db620 HTTP/1.1" 404 297 "-" "Mozilla/5.0 (X11; Ubuntu; Linux x86_64; rv:72.0) Gecko/20100101 Firefox/72.0"
151.106.166.243 - - [09/Apr/2025:05:20:39 +0200] "GET /download/file.php?id=255&sid=8d16702b15b79d27e02c27f6906db620 HTTP/1.1" 404 297 "-" "Mozilla/5.0 (X11; Ubuntu; Linux x86_64; rv:72.0) Gecko/20100101 Firefox/72.0"
156.59.198.136 - - [09/Apr/2025:05:21:14 +0200] "GET /renault.2web.at/htdocs/binaries/10122841.pdf HTTP/1.0" 404 307 "-" "Mozilla/5.0 (Linux; Android 5.0) AppleWebKit/537.36 (KHTML, like Gecko) Mobile Safari/537.36 (compatible; Bytespider; spider-feedback@bytedance.com)"
156.59.198.135 - - [09/Apr/2025:05:21:23 +0200] "GET /renault.2web.at/htdocs/binaries/10009030.pdf HTTP/1.0" 404 308 "-" "Mozilla/5.0 (Linux; Android 5.0) AppleWebKit/537.36 (KHTML, like Gecko) Mobile Safari/537.36 (compatible; Bytespider; spider-feedback@bytedance.com)"
196.251.85.238 - - [09/Apr/2025:05:23:34 +0200] "GET /login.rsp HTTP/1.1" 404 354 "-" "Hello World"
44.200.175.11 - - [09/Apr/2025:05:27:38 +0200] "GET /.env HTTP/1.1" 404 349 "-" "Mozilla/5.0 (X11; Linux x86_64)"
64.62.156.190 - - [09/Apr/2025:05:31:27 +0200] "GET /favicon.ico HTTP/1.1" 404 284 "-" "Mozilla/5.0 (Windows NT 10.0; rv:108.0) Gecko/20100101 Firefox/108.0"
151.106.181.25 - - [09/Apr/2025:05:32:26 +0200] "GET /cron.php?cron_type=tidy_cache&sid=70df96f8d7d32c376e196cdfe4737db7 HTTP/1.1" 404 290 "-" "Mozilla/5.0 (X11; Ubuntu; Linux x86_64; rv:72.0) Gecko/20100101 Firefox/72.0"
151.106.181.25 - - [09/Apr/2025:05:32:27 +0200] "GET /cron.php?cron_type=tidy_cache&sid=70df96f8d7d32c376e196cdfe4737db7 HTTP/1.1" 404 290 "-" "Mozilla/5.0 (X11; Ubuntu; Linux x86_64; rv:72.0) Gecko/20100101 Firefox/72.0"
151.106.181.25 - - [09/Apr/2025:05:32:27 +0200] "GET /cron.php?cron_type=tidy_cache&sid=70df96f8d7d32c376e196cdfe4737db7 HTTP/1.1" 404 290 "-" "Mozilla/5.0 (X11; Ubuntu; Linux x86_64; rv:72.0) Gecko/20100101 Firefox/72.0"
154.81.156.34 - - [09/Apr/2025:05:34:27 +0200] "GET / HTTP/1.1" 200 274 "-" "Mozilla/5.0 (Windows NT 10.0; Win64; x64) AppleWebKit/537.36 (KHTML, like Gecko) Chrome/90.0.4430.85 Safari/537.36 Edg/90.0.818.46"
45.135.193.65 - - [09/Apr/2025:05:38:10 +0200] "GET /.git/config HTTP/1.1" 404 285 "-" "Mozilla/5.0 (X11; CrOS x86_64 12371.22.0) AppleWebKit/537.36 (KHTML, like Gecko) Chrome/77.0.3865.35 Safari/537.36"
64.62.156.185 - - [09/Apr/2025:05:38:35 +0200] "GET /geoserver/web/ HTTP/1.1" 404 284 "-" "Mozilla/5.0 (Macintosh; Intel Mac OS X 10.15; rv:102.0) Gecko/20100101 Firefox/102.0"
154.81.156.35 - - [09/Apr/2025:05:39:46 +0200] "GET / HTTP/1.1" 200 274 "-" "Mozilla/5.0 (Windows NT 10.0; Win64; x64) AppleWebKit/537.36 (KHTML, like Gecko) Chrome/90.0.4430.85 Safari/537.36 Edg/90.0.818.46"
47.79.98.30 - - [09/Apr/2025:05:39:49 +0200] "GET /~ridersde/joomla/media/system/js/caption.js HTTP/1.1" 404 319 "-" "Mozilla/5.0 (Windows NT 10.0; Win64; x64) AppleWebKit/537.36 (KHTML, like Gecko) Chrome/114.0.0.0 Safari/537.36 Edg/114.0.1823.43"
151.106.183.52 - - [09/Apr/2025:05:41:50 +0200] "GET /cron.php?cron_type=tidy_cache&sid=2c98187cbee16a513c1b26c2723353a2 HTTP/1.1" 404 290 "-" "Mozilla/5.0 (X11; Ubuntu; Linux x86_64; rv:72.0) Gecko/20100101 Firefox/72.0"
151.106.183.52 - - [09/Apr/2025:05:41:51 +0200] "GET /cron.php?cron_type=tidy_cache&sid=2c98187cbee16a513c1b26c2723353a2 HTTP/1.1" 404 290 "-" "Mozilla/5.0 (X11; Ubuntu; Linux x86_64; rv:72.0) Gecko/20100101 Firefox/72.0"
151.106.183.52 - - [09/Apr/2025:05:41:51 +0200] "GET /cron.php?cron_type=tidy_cache&sid=2c98187cbee16a513c1b26c2723353a2 HTTP/1.1" 404 290 "-" "Mozilla/5.0 (X11; Ubuntu; Linux x86_64; rv:72.0) Gecko/20100101 Firefox/72.0"
64.62.156.186 - - [09/Apr/2025:05:43:23 +0200] "GET /info.php HTTP/1.1" 404 283 "-" "Mozilla/5.0 (Macintosh; Intel Mac OS X 10.15; rv:102.0) Gecko/20100101 Firefox/102.0"
151.106.173.252 - - [09/Apr/2025:05:43:27 +0200] "GET /cron.php?cron_type=tidy_cache&sid=af4d1a5e2cb7b2af2c78ca6ae744702c HTTP/1.1" 404 290 "-" "Mozilla/5.0 (X11; Ubuntu; Linux x86_64; rv:72.0) Gecko/20100101 Firefox/72.0"
151.106.173.252 - - [09/Apr/2025:05:43:27 +0200] "GET /cron.php?cron_type=tidy_cache&sid=af4d1a5e2cb7b2af2c78ca6ae744702c HTTP/1.1" 404 290 "-" "Mozilla/5.0 (X11; Ubuntu; Linux x86_64; rv:72.0) Gecko/20100101 Firefox/72.0"
151.106.173.252 - - [09/Apr/2025:05:43:28 +0200] "GET /cron.php?cron_type=tidy_cache&sid=af4d1a5e2cb7b2af2c78ca6ae744702c HTTP/1.1" 404 290 "-" "Mozilla/5.0 (X11; Ubuntu; Linux x86_64; rv:72.0) Gecko/20100101 Firefox/72.0"
64.62.156.186 - - [09/Apr/2025:05:43:45 +0200] "GET /phpinfo.php HTTP/1.1" 200 10256 "-" "Mozilla/5.0 (Windows NT 10.0; Win64; x64) AppleWebKit/537.36 (KHTML, like Gecko) Chrome/121.0.0.0 Safari/537.36 OPR/107.0.0.0"
64.62.156.187 - - [09/Apr/2025:05:44:07 +0200] "GET /dashboard/phpinfo.php HTTP/1.1" 404 290 "-" "Mozilla/5.0 (X11; Linux x86_64) AppleWebKit/537.36 (KHTML, like Gecko) Chrome/122.0.0.0 Safari/537.36"
154.81.156.54 - - [09/Apr/2025:05:45:19 +0200] "GET / HTTP/1.1" 200 274 "-" "Mozilla/5.0 (Windows NT 10.0; Win64; x64) AppleWebKit/537.36 (KHTML, like Gecko) Chrome/90.0.4430.85 Safari/537.36 Edg/90.0.818.46"
151.106.181.99 - - [09/Apr/2025:05:50:47 +0200] "GET /gallery/image.php?mode=thumbnail&album_id=1&image_id=113&sid=56b4f06bdec0473c39966f66e193cbed HTTP/1.1" 404 297 "-" "Mozilla/5.0 (X11; Ubuntu; Linux x86_64; rv:72.0) Gecko/20100101 Firefox/72.0"
156.59.198.136 - - [09/Apr/2025:05:54:08 +0200] "GET /renault.activities.at/htdocs/binaries/10228523.pdf HTTP/1.0" 404 311 "-" "Mozilla/5.0 (Linux; Android 5.0) AppleWebKit/537.36 (KHTML, like Gecko) Mobile Safari/537.36 (compatible; Bytespider; spider-feedback@bytedance.com)"
156.59.198.136 - - [09/Apr/2025:05:54:17 +0200] "GET /renault.activities.at/htdocs/binaries/10130681.pdf HTTP/1.0" 404 311 "-" "Mozilla/5.0 (Linux; Android 5.0) AppleWebKit/537.36 (KHTML, like Gecko) Mobile Safari/537.36 (compatible; Bytespider; spider-feedback@bytedance.com)"
151.106.164.42 - - [09/Apr/2025:06:02:46 +0200] "GET /download/file.php?id=256&sid=fe9584fba7ee1753858c1a7f4b750e12 HTTP/1.1" 404 297 "-" "Mozilla/5.0 (X11; Ubuntu; Linux x86_64; rv:72.0) Gecko/20100101 Firefox/72.0"
151.106.164.42 - - [09/Apr/2025:06:02:46 +0200] "GET /download/file.php?id=256&sid=fe9584fba7ee1753858c1a7f4b750e12 HTTP/1.1" 404 297 "-" "Mozilla/5.0 (X11; Ubuntu; Linux x86_64; rv:72.0) Gecko/20100101 Firefox/72.0"
151.106.164.42 - - [09/Apr/2025:06:02:46 +0200] "GET /download/file.php?id=256&sid=fe9584fba7ee1753858c1a7f4b750e12 HTTP/1.1" 404 297 "-" "Mozilla/5.0 (X11; Ubuntu; Linux x86_64; rv:72.0) Gecko/20100101 Firefox/72.0"
151.106.160.158 - - [09/Apr/2025:06:03:26 +0200] "GET /cron.php?cron_type=tidy_cache&sid=9bb37aa5e15d4bf6a05660fbebd9bfd1 HTTP/1.1" 404 290 "-" "Mozilla/5.0 (X11; Ubuntu; Linux x86_64; rv:72.0) Gecko/20100101 Firefox/72.0"
151.106.160.158 - - [09/Apr/2025:06:03:26 +0200] "GET /cron.php?cron_type=tidy_cache&sid=9bb37aa5e15d4bf6a05660fbebd9bfd1 HTTP/1.1" 404 290 "-" "Mozilla/5.0 (X11; Ubuntu; Linux x86_64; rv:72.0) Gecko/20100101 Firefox/72.0"
151.106.160.158 - - [09/Apr/2025:06:03:26 +0200] "GET /cron.php?cron_type=tidy_cache&sid=9bb37aa5e15d4bf6a05660fbebd9bfd1 HTTP/1.1" 404 290 "-" "Mozilla/5.0 (X11; Ubuntu; Linux x86_64; rv:72.0) Gecko/20100101 Firefox/72.0"
151.106.191.239 - - [09/Apr/2025:06:03:31 +0200] "GET /cron.php?cron_type=tidy_cache&sid=cc14204617fcb8f5011767584e747357 HTTP/1.1" 404 290 "-" "Mozilla/5.0 (X11; Ubuntu; Linux x86_64; rv:72.0) Gecko/20100101 Firefox/72.0"
151.106.191.239 - - [09/Apr/2025:06:03:32 +0200] "GET /cron.php?cron_type=tidy_cache&sid=cc14204617fcb8f5011767584e747357 HTTP/1.1" 404 290 "-" "Mozilla/5.0 (X11; Ubuntu; Linux x86_64; rv:72.0) Gecko/20100101 Firefox/72.0"
151.106.191.239 - - [09/Apr/2025:06:03:32 +0200] "GET /cron.php?cron_type=tidy_cache&sid=cc14204617fcb8f5011767584e747357 HTTP/1.1" 404 290 "-" "Mozilla/5.0 (X11; Ubuntu; Linux x86_64; rv:72.0) Gecko/20100101 Firefox/72.0"
156.59.198.136 - - [09/Apr/2025:06:06:28 +0200] "GET /renault.activities.at/htdocs/export/pdf/emuc_document/10762577.pdf HTTP/1.0" 404 322 "-" "Mozilla/5.0 (Linux; Android 5.0) AppleWebKit/537.36 (KHTML, like Gecko) Mobile Safari/537.36 (compatible; Bytespider; spider-feedback@bytedance.com)"
154.81.156.54 - - [09/Apr/2025:06:06:43 +0200] "GET / HTTP/1.1" 200 274 "-" "Mozilla/5.0 (Windows NT 10.0; Win64; x64) AppleWebKit/537.36 (KHTML, like Gecko) Chrome/90.0.4430.85 Safari/537.36 Edg/90.0.818.46"
151.106.164.53 - - [09/Apr/2025:06:07:36 +0200] "GET /cron.php?cron_type=tidy_cache&sid=079281df527cae7a4f49e78d82681a02 HTTP/1.1" 404 290 "-" "Mozilla/5.0 (X11; Ubuntu; Linux x86_64; rv:72.0) Gecko/20100101 Firefox/72.0"
151.106.164.53 - - [09/Apr/2025:06:07:36 +0200] "GET /cron.php?cron_type=tidy_cache&sid=079281df527cae7a4f49e78d82681a02 HTTP/1.1" 404 290 "-" "Mozilla/5.0 (X11; Ubuntu; Linux x86_64; rv:72.0) Gecko/20100101 Firefox/72.0"
151.106.164.53 - - [09/Apr/2025:06:07:36 +0200] "GET /cron.php?cron_type=tidy_cache&sid=079281df527cae7a4f49e78d82681a02 HTTP/1.1" 404 290 "-" "Mozilla/5.0 (X11; Ubuntu; Linux x86_64; rv:72.0) Gecko/20100101 Firefox/72.0"
92.255.57.55 - - [09/Apr/2025:06:16:02 +0200] "GET / HTTP/1.1" 200 423 "-" "fasthttp"
151.106.161.79 - - [09/Apr/2025:06:16:35 +0200] "GET /cron.php?cron_type=tidy_cache&sid=ee2027afd7228c6023ecfb1a54683eab HTTP/1.1" 404 290 "-" "Mozilla/5.0 (X11; Ubuntu; Linux x86_64; rv:72.0) Gecko/20100101 Firefox/72.0"
151.106.161.79 - - [09/Apr/2025:06:16:36 +0200] "GET /cron.php?cron_type=tidy_cache&sid=ee2027afd7228c6023ecfb1a54683eab HTTP/1.1" 404 290 "-" "Mozilla/5.0 (X11; Ubuntu; Linux x86_64; rv:72.0) Gecko/20100101 Firefox/72.0"
151.106.161.79 - - [09/Apr/2025:06:16:36 +0200] "GET /cron.php?cron_type=tidy_cache&sid=ee2027afd7228c6023ecfb1a54683eab HTTP/1.1" 404 290 "-" "Mozilla/5.0 (X11; Ubuntu; Linux x86_64; rv:72.0) Gecko/20100101 Firefox/72.0"
156.59.198.136 - - [09/Apr/2025:06:18:23 +0200] "GET /renault.activities.at/htdocs/export/pdf/emuc_document/10319976.pdf HTTP/1.0" 404 323 "-" "Mozilla/5.0 (Linux; Android 5.0) AppleWebKit/537.36 (KHTML, like Gecko) Mobile Safari/537.36 (compatible; Bytespider; spider-feedback@bytedance.com)"
156.59.198.135 - - [09/Apr/2025:06:18:32 +0200] "GET /renault.activities.at/htdocs/export/pdf/emuc_document/10424429.pdf HTTP/1.0" 404 321 "-" "Mozilla/5.0 (Linux; Android 5.0) AppleWebKit/537.36 (KHTML, like Gecko) Mobile Safari/537.36 (compatible; Bytespider; spider-feedback@bytedance.com)"
209.38.33.220 - - [09/Apr/2025:06:20:05 +0200] "GET / HTTP/1.1" 200 423 "-" "Mozilla/5.0 (Windows NT 10.0; Win64; x64) AppleWebKit/537.36 (KHTML, like Gecko) Chrome/125.0.0.0 Safari/537.36"
209.38.33.220 - - [09/Apr/2025:06:20:05 +0200] "GET /activities.ico%22%20type=%22image/ico HTTP/1.1" 404 305 "-" "Go-http-client/1.1"
209.38.33.220 - - [09/Apr/2025:06:20:05 +0200] "GET /robots.txt HTTP/1.1" 404 284 "-" "Go-http-client/1.1"
151.106.166.243 - - [09/Apr/2025:06:22:51 +0200] "GET /gallery/image.php?mode=medium&album_id=3&image_id=90&sid=2a133120d46c12403196601afea1d85f HTTP/1.1" 404 297 "-" "Mozilla/5.0 (X11; Ubuntu; Linux x86_64; rv:72.0) Gecko/20100101 Firefox/72.0"
151.106.166.243 - - [09/Apr/2025:06:22:51 +0200] "GET /gallery/image.php?mode=medium&album_id=3&image_id=90&sid=2a133120d46c12403196601afea1d85f HTTP/1.1" 404 297 "-" "Mozilla/5.0 (X11; Ubuntu; Linux x86_64; rv:72.0) Gecko/20100101 Firefox/72.0"
151.106.166.243 - - [09/Apr/2025:06:22:52 +0200] "GET /gallery/image.php?mode=medium&album_id=3&image_id=90&sid=2a133120d46c12403196601afea1d85f HTTP/1.1" 404 297 "-" "Mozilla/5.0 (X11; Ubuntu; Linux x86_64; rv:72.0) Gecko/20100101 Firefox/72.0"
154.81.156.54 - - [09/Apr/2025:06:23:08 +0200] "GET / HTTP/1.1" 200 274 "-" "Mozilla/5.0 (Windows NT 10.0; Win64; x64) AppleWebKit/537.36 (KHTML, like Gecko) Chrome/90.0.4430.85 Safari/537.36 Edg/90.0.818.46"
