178.165.172.18 - - [09/Apr/2025:16:50:08 +0200] "GET /gui/javascript/form_form.js?1744210208 HTTP/1.1" 200 16206 "http://hausegger.activities.at/entry.php?id=10271&&ser=210148" "Mozilla/5.0 (Windows NT 10.0; Win64; x64; rv:137.0) Gecko/20100101 Firefox/137.0"
178.165.172.18 - - [09/Apr/2025:16:50:39 +0200] "GET /entry.php?id=10271&&ser=210179 HTTP/1.1" 200 986 "http://hausegger.activities.at/entry.php?id=10271&&ser=210118" "Mozilla/5.0 (Windows NT 10.0; Win64; x64) AppleWebKit/537.36 (KHTML, like Gecko) Chrome/135.0.0.0 Safari/537.36"
178.165.172.18 - - [09/Apr/2025:16:50:40 +0200] "GET /gui/javascript/form_form.js?1744210240 HTTP/1.1" 200 16206 "http://hausegger.activities.at/entry.php?id=10271&&ser=210179" "Mozilla/5.0 (Windows NT 10.0; Win64; x64) AppleWebKit/537.36 (KHTML, like Gecko) Chrome/135.0.0.0 Safari/537.36"
178.165.172.18 - - [09/Apr/2025:16:51:08 +0200] "GET /entry.php?id=10271&&ser=210208 HTTP/1.1" 200 986 "http://hausegger.activities.at/entry.php?id=10271&&ser=210148" "Mozilla/5.0 (Windows NT 10.0; Win64; x64; rv:137.0) Gecko/20100101 Firefox/137.0"
178.165.172.18 - - [09/Apr/2025:16:51:08 +0200] "GET /gui/javascript/form_form.js?1744210268 HTTP/1.1" 200 16206 "http://hausegger.activities.at/entry.php?id=10271&&ser=210208" "Mozilla/5.0 (Windows NT 10.0; Win64; x64; rv:137.0) Gecko/20100101 Firefox/137.0"
178.165.172.18 - - [09/Apr/2025:16:51:40 +0200] "GET /entry.php?id=10271&&ser=210240 HTTP/1.1" 200 987 "http://hausegger.activities.at/entry.php?id=10271&&ser=210179" "Mozilla/5.0 (Windows NT 10.0; Win64; x64) AppleWebKit/537.36 (KHTML, like Gecko) Chrome/135.0.0.0 Safari/537.36"
178.165.172.18 - - [09/Apr/2025:16:51:41 +0200] "GET /gui/javascript/form_form.js?1744210301 HTTP/1.1" 200 16206 "http://hausegger.activities.at/entry.php?id=10271&&ser=210240" "Mozilla/5.0 (Windows NT 10.0; Win64; x64) AppleWebKit/537.36 (KHTML, like Gecko) Chrome/135.0.0.0 Safari/537.36"
178.165.172.18 - - [09/Apr/2025:16:52:09 +0200] "GET /entry.php?id=10271&&ser=210268 HTTP/1.1" 200 986 "http://hausegger.activities.at/entry.php?id=10271&&ser=210208" "Mozilla/5.0 (Windows NT 10.0; Win64; x64; rv:137.0) Gecko/20100101 Firefox/137.0"
178.165.172.18 - - [09/Apr/2025:16:52:09 +0200] "GET /gui/javascript/form_form.js?1744210329 HTTP/1.1" 200 16206 "http://hausegger.activities.at/entry.php?id=10271&&ser=210268" "Mozilla/5.0 (Windows NT 10.0; Win64; x64; rv:137.0) Gecko/20100101 Firefox/137.0"
178.165.172.18 - - [09/Apr/2025:16:52:41 +0200] "GET /entry.php?id=10271&&ser=210300 HTTP/1.1" 200 986 "http://hausegger.activities.at/entry.php?id=10271&&ser=210240" "Mozilla/5.0 (Windows NT 10.0; Win64; x64) AppleWebKit/537.36 (KHTML, like Gecko) Chrome/135.0.0.0 Safari/537.36"
178.165.172.18 - - [09/Apr/2025:16:52:42 +0200] "GET /gui/javascript/form_form.js?1744210362 HTTP/1.1" 200 16206 "http://hausegger.activities.at/entry.php?id=10271&&ser=210300" "Mozilla/5.0 (Windows NT 10.0; Win64; x64) AppleWebKit/537.36 (KHTML, like Gecko) Chrome/135.0.0.0 Safari/537.36"
178.165.172.18 - - [09/Apr/2025:16:53:10 +0200] "GET /entry.php?id=10271&&ser=210329 HTTP/1.1" 200 986 "http://hausegger.activities.at/entry.php?id=10271&&ser=210268" "Mozilla/5.0 (Windows NT 10.0; Win64; x64; rv:137.0) Gecko/20100101 Firefox/137.0"
178.165.172.18 - - [09/Apr/2025:16:53:10 +0200] "GET /gui/javascript/form_form.js?1744210390 HTTP/1.1" 200 16206 "http://hausegger.activities.at/entry.php?id=10271&&ser=210329" "Mozilla/5.0 (Windows NT 10.0; Win64; x64; rv:137.0) Gecko/20100101 Firefox/137.0"
151.106.181.25 - - [09/Apr/2025:16:53:19 +0200] "GET /cron.php?cron_type=tidy_sessions&sid=19d88da217555c9a2a2755235505cb2c HTTP/1.1" 404 290 "-" "Mozilla/5.0 (X11; Ubuntu; Linux x86_64; rv:72.0) Gecko/20100101 Firefox/72.0"
151.106.181.25 - - [09/Apr/2025:16:53:20 +0200] "GET /cron.php?cron_type=tidy_sessions&sid=19d88da217555c9a2a2755235505cb2c HTTP/1.1" 404 290 "-" "Mozilla/5.0 (X11; Ubuntu; Linux x86_64; rv:72.0) Gecko/20100101 Firefox/72.0"
178.165.172.18 - - [09/Apr/2025:16:53:42 +0200] "GET /entry.php?id=10271&&ser=210362 HTTP/1.1" 200 986 "http://hausegger.activities.at/entry.php?id=10271&&ser=210300" "Mozilla/5.0 (Windows NT 10.0; Win64; x64) AppleWebKit/537.36 (KHTML, like Gecko) Chrome/135.0.0.0 Safari/537.36"
178.165.172.18 - - [09/Apr/2025:16:53:43 +0200] "GET /gui/javascript/form_form.js?1744210423 HTTP/1.1" 200 16206 "http://hausegger.activities.at/entry.php?id=10271&&ser=210362" "Mozilla/5.0 (Windows NT 10.0; Win64; x64) AppleWebKit/537.36 (KHTML, like Gecko) Chrome/135.0.0.0 Safari/537.36"
178.165.172.18 - - [09/Apr/2025:16:54:10 +0200] "GET /entry.php?id=10271&&ser=210390 HTTP/1.1" 200 986 "http://hausegger.activities.at/entry.php?id=10271&&ser=210329" "Mozilla/5.0 (Windows NT 10.0; Win64; x64; rv:137.0) Gecko/20100101 Firefox/137.0"
178.165.172.18 - - [09/Apr/2025:16:54:10 +0200] "GET /gui/javascript/form_form.js?1744210450 HTTP/1.1" 200 16206 "http://hausegger.activities.at/entry.php?id=10271&&ser=210390" "Mozilla/5.0 (Windows NT 10.0; Win64; x64; rv:137.0) Gecko/20100101 Firefox/137.0"
178.165.172.18 - - [09/Apr/2025:16:54:43 +0200] "GET /entry.php?id=10271&&ser=210423 HTTP/1.1" 200 986 "http://hausegger.activities.at/entry.php?id=10271&&ser=210362" "Mozilla/5.0 (Windows NT 10.0; Win64; x64) AppleWebKit/537.36 (KHTML, like Gecko) Chrome/135.0.0.0 Safari/537.36"
178.165.172.18 - - [09/Apr/2025:16:54:44 +0200] "GET /gui/javascript/form_form.js?1744210484 HTTP/1.1" 200 16206 "http://hausegger.activities.at/entry.php?id=10271&&ser=210423" "Mozilla/5.0 (Windows NT 10.0; Win64; x64) AppleWebKit/537.36 (KHTML, like Gecko) Chrome/135.0.0.0 Safari/537.36"
178.165.172.18 - - [09/Apr/2025:16:55:10 +0200] "GET /entry.php?id=10271&&ser=210450 HTTP/1.1" 200 986 "http://hausegger.activities.at/entry.php?id=10271&&ser=210390" "Mozilla/5.0 (Windows NT 10.0; Win64; x64; rv:137.0) Gecko/20100101 Firefox/137.0"
178.165.172.18 - - [09/Apr/2025:16:55:11 +0200] "GET /gui/javascript/form_form.js?1744210510 HTTP/1.1" 200 16206 "http://hausegger.activities.at/entry.php?id=10271&&ser=210450" "Mozilla/5.0 (Windows NT 10.0; Win64; x64; rv:137.0) Gecko/20100101 Firefox/137.0"
178.165.172.18 - - [09/Apr/2025:16:55:44 +0200] "GET /entry.php?id=10271&&ser=210484 HTTP/1.1" 200 987 "http://hausegger.activities.at/entry.php?id=10271&&ser=210423" "Mozilla/5.0 (Windows NT 10.0; Win64; x64) AppleWebKit/537.36 (KHTML, like Gecko) Chrome/135.0.0.0 Safari/537.36"
178.165.172.18 - - [09/Apr/2025:16:55:45 +0200] "GET /gui/javascript/form_form.js?1744210545 HTTP/1.1" 200 16206 "http://hausegger.activities.at/entry.php?id=10271&&ser=210484" "Mozilla/5.0 (Windows NT 10.0; Win64; x64) AppleWebKit/537.36 (KHTML, like Gecko) Chrome/135.0.0.0 Safari/537.36"
178.165.172.18 - - [09/Apr/2025:16:56:11 +0200] "GET /entry.php?id=10271&&ser=210510 HTTP/1.1" 200 986 "http://hausegger.activities.at/entry.php?id=10271&&ser=210450" "Mozilla/5.0 (Windows NT 10.0; Win64; x64; rv:137.0) Gecko/20100101 Firefox/137.0"
178.165.172.18 - - [09/Apr/2025:16:56:11 +0200] "GET /gui/javascript/form_form.js?1744210571 HTTP/1.1" 200 16206 "http://hausegger.activities.at/entry.php?id=10271&&ser=210510" "Mozilla/5.0 (Windows NT 10.0; Win64; x64; rv:137.0) Gecko/20100101 Firefox/137.0"
154.81.156.35 - - [09/Apr/2025:16:56:29 +0200] "GET / HTTP/1.1" 200 274 "-" "Mozilla/5.0 (Windows NT 10.0; Win64; x64) AppleWebKit/537.36 (KHTML, like Gecko) Chrome/90.0.4430.85 Safari/537.36 Edg/90.0.818.46"
178.165.172.18 - - [09/Apr/2025:16:56:45 +0200] "GET /entry.php?id=10271&&ser=210545 HTTP/1.1" 200 986 "http://hausegger.activities.at/entry.php?id=10271&&ser=210484" "Mozilla/5.0 (Windows NT 10.0; Win64; x64) AppleWebKit/537.36 (KHTML, like Gecko) Chrome/135.0.0.0 Safari/537.36"
178.165.172.18 - - [09/Apr/2025:16:56:46 +0200] "GET /gui/javascript/form_form.js?1744210606 HTTP/1.1" 200 16206 "http://hausegger.activities.at/entry.php?id=10271&&ser=210545" "Mozilla/5.0 (Windows NT 10.0; Win64; x64) AppleWebKit/537.36 (KHTML, like Gecko) Chrome/135.0.0.0 Safari/537.36"
178.165.172.18 - - [09/Apr/2025:16:57:11 +0200] "GET /entry.php?id=10271&&ser=210571 HTTP/1.1" 200 985 "http://hausegger.activities.at/entry.php?id=10271&&ser=210510" "Mozilla/5.0 (Windows NT 10.0; Win64; x64; rv:137.0) Gecko/20100101 Firefox/137.0"
178.165.172.18 - - [09/Apr/2025:16:57:11 +0200] "GET /gui/javascript/form_form.js?1744210631 HTTP/1.1" 200 16206 "http://hausegger.activities.at/entry.php?id=10271&&ser=210571" "Mozilla/5.0 (Windows NT 10.0; Win64; x64; rv:137.0) Gecko/20100101 Firefox/137.0"
178.165.172.18 - - [09/Apr/2025:16:57:46 +0200] "GET /entry.php?id=10271&&ser=210606 HTTP/1.1" 200 986 "http://hausegger.activities.at/entry.php?id=10271&&ser=210545" "Mozilla/5.0 (Windows NT 10.0; Win64; x64) AppleWebKit/537.36 (KHTML, like Gecko) Chrome/135.0.0.0 Safari/537.36"
178.165.172.18 - - [09/Apr/2025:16:57:47 +0200] "GET /gui/javascript/form_form.js?1744210667 HTTP/1.1" 200 16206 "http://hausegger.activities.at/entry.php?id=10271&&ser=210606" "Mozilla/5.0 (Windows NT 10.0; Win64; x64) AppleWebKit/537.36 (KHTML, like Gecko) Chrome/135.0.0.0 Safari/537.36"
178.165.172.18 - - [09/Apr/2025:16:58:11 +0200] "GET /entry.php?id=10271&&ser=210631 HTTP/1.1" 200 985 "http://hausegger.activities.at/entry.php?id=10271&&ser=210571" "Mozilla/5.0 (Windows NT 10.0; Win64; x64; rv:137.0) Gecko/20100101 Firefox/137.0"
178.165.172.18 - - [09/Apr/2025:16:58:11 +0200] "GET /gui/javascript/form_form.js?1744210691 HTTP/1.1" 200 16206 "http://hausegger.activities.at/entry.php?id=10271&&ser=210631" "Mozilla/5.0 (Windows NT 10.0; Win64; x64; rv:137.0) Gecko/20100101 Firefox/137.0"
178.165.172.18 - - [09/Apr/2025:16:58:47 +0200] "GET /entry.php?id=10271&&ser=210667 HTTP/1.1" 200 987 "http://hausegger.activities.at/entry.php?id=10271&&ser=210606" "Mozilla/5.0 (Windows NT 10.0; Win64; x64) AppleWebKit/537.36 (KHTML, like Gecko) Chrome/135.0.0.0 Safari/537.36"
178.165.172.18 - - [09/Apr/2025:16:58:48 +0200] "GET /gui/javascript/form_form.js?1744210728 HTTP/1.1" 200 16206 "http://hausegger.activities.at/entry.php?id=10271&&ser=210667" "Mozilla/5.0 (Windows NT 10.0; Win64; x64) AppleWebKit/537.36 (KHTML, like Gecko) Chrome/135.0.0.0 Safari/537.36"
154.81.156.54 - - [09/Apr/2025:16:59:11 +0200] "GET / HTTP/1.1" 200 274 "-" "Mozilla/5.0 (Windows NT 10.0; Win64; x64) AppleWebKit/537.36 (KHTML, like Gecko) Chrome/90.0.4430.85 Safari/537.36 Edg/90.0.818.46"
178.165.172.18 - - [09/Apr/2025:16:59:12 +0200] "GET /entry.php?id=10271&&ser=210691 HTTP/1.1" 200 986 "http://hausegger.activities.at/entry.php?id=10271&&ser=210631" "Mozilla/5.0 (Windows NT 10.0; Win64; x64; rv:137.0) Gecko/20100101 Firefox/137.0"
178.165.172.18 - - [09/Apr/2025:16:59:12 +0200] "GET /gui/javascript/form_form.js?1744210752 HTTP/1.1" 200 16206 "http://hausegger.activities.at/entry.php?id=10271&&ser=210691" "Mozilla/5.0 (Windows NT 10.0; Win64; x64; rv:137.0) Gecko/20100101 Firefox/137.0"
178.165.172.18 - - [09/Apr/2025:16:59:48 +0200] "GET /entry.php?id=10271&&ser=210728 HTTP/1.1" 200 986 "http://hausegger.activities.at/entry.php?id=10271&&ser=210667" "Mozilla/5.0 (Windows NT 10.0; Win64; x64) AppleWebKit/537.36 (KHTML, like Gecko) Chrome/135.0.0.0 Safari/537.36"
178.165.172.18 - - [09/Apr/2025:16:59:49 +0200] "GET /gui/javascript/form_form.js?1744210789 HTTP/1.1" 200 16206 "http://hausegger.activities.at/entry.php?id=10271&&ser=210728" "Mozilla/5.0 (Windows NT 10.0; Win64; x64) AppleWebKit/537.36 (KHTML, like Gecko) Chrome/135.0.0.0 Safari/537.36"
178.165.172.18 - - [09/Apr/2025:17:00:12 +0200] "GET /entry.php?id=10271&&ser=210752 HTTP/1.1" 200 986 "http://hausegger.activities.at/entry.php?id=10271&&ser=210691" "Mozilla/5.0 (Windows NT 10.0; Win64; x64; rv:137.0) Gecko/20100101 Firefox/137.0"
178.165.172.18 - - [09/Apr/2025:17:00:12 +0200] "GET /gui/javascript/form_form.js?1744210812 HTTP/1.1" 200 16206 "http://hausegger.activities.at/entry.php?id=10271&&ser=210752" "Mozilla/5.0 (Windows NT 10.0; Win64; x64; rv:137.0) Gecko/20100101 Firefox/137.0"
178.165.172.18 - - [09/Apr/2025:17:00:49 +0200] "GET /entry.php?id=10271&&ser=210789 HTTP/1.1" 200 986 "http://hausegger.activities.at/entry.php?id=10271&&ser=210728" "Mozilla/5.0 (Windows NT 10.0; Win64; x64) AppleWebKit/537.36 (KHTML, like Gecko) Chrome/135.0.0.0 Safari/537.36"
178.165.172.18 - - [09/Apr/2025:17:00:50 +0200] "GET /gui/javascript/form_form.js?1744210850 HTTP/1.1" 200 16206 "http://hausegger.activities.at/entry.php?id=10271&&ser=210789" "Mozilla/5.0 (Windows NT 10.0; Win64; x64) AppleWebKit/537.36 (KHTML, like Gecko) Chrome/135.0.0.0 Safari/537.36"
178.165.172.18 - - [09/Apr/2025:17:01:12 +0200] "GET /entry.php?id=10271&&ser=210812 HTTP/1.1" 200 985 "http://hausegger.activities.at/entry.php?id=10271&&ser=210752" "Mozilla/5.0 (Windows NT 10.0; Win64; x64; rv:137.0) Gecko/20100101 Firefox/137.0"
178.165.172.18 - - [09/Apr/2025:17:01:12 +0200] "GET /gui/javascript/form_form.js?1744210872 HTTP/1.1" 200 16206 "http://hausegger.activities.at/entry.php?id=10271&&ser=210812" "Mozilla/5.0 (Windows NT 10.0; Win64; x64; rv:137.0) Gecko/20100101 Firefox/137.0"
178.165.172.18 - - [09/Apr/2025:17:01:50 +0200] "GET /entry.php?id=10271&&ser=210850 HTTP/1.1" 200 986 "http://hausegger.activities.at/entry.php?id=10271&&ser=210789" "Mozilla/5.0 (Windows NT 10.0; Win64; x64) AppleWebKit/537.36 (KHTML, like Gecko) Chrome/135.0.0.0 Safari/537.36"
178.165.172.18 - - [09/Apr/2025:17:01:51 +0200] "GET /gui/javascript/form_form.js?1744210911 HTTP/1.1" 200 16206 "http://hausegger.activities.at/entry.php?id=10271&&ser=210850" "Mozilla/5.0 (Windows NT 10.0; Win64; x64) AppleWebKit/537.36 (KHTML, like Gecko) Chrome/135.0.0.0 Safari/537.36"
178.165.172.18 - - [09/Apr/2025:17:02:13 +0200] "GET /entry.php?id=10271&&ser=210872 HTTP/1.1" 200 986 "http://hausegger.activities.at/entry.php?id=10271&&ser=210812" "Mozilla/5.0 (Windows NT 10.0; Win64; x64; rv:137.0) Gecko/20100101 Firefox/137.0"
178.165.172.18 - - [09/Apr/2025:17:02:13 +0200] "GET /gui/javascript/form_form.js?1744210933 HTTP/1.1" 200 16206 "http://hausegger.activities.at/entry.php?id=10271&&ser=210872" "Mozilla/5.0 (Windows NT 10.0; Win64; x64; rv:137.0) Gecko/20100101 Firefox/137.0"
178.165.172.18 - - [09/Apr/2025:17:02:51 +0200] "GET /entry.php?id=10271&&ser=210911 HTTP/1.1" 200 986 "http://hausegger.activities.at/entry.php?id=10271&&ser=210850" "Mozilla/5.0 (Windows NT 10.0; Win64; x64) AppleWebKit/537.36 (KHTML, like Gecko) Chrome/135.0.0.0 Safari/537.36"
178.165.172.18 - - [09/Apr/2025:17:02:52 +0200] "GET /gui/javascript/form_form.js?1744210972 HTTP/1.1" 200 16206 "http://hausegger.activities.at/entry.php?id=10271&&ser=210911" "Mozilla/5.0 (Windows NT 10.0; Win64; x64) AppleWebKit/537.36 (KHTML, like Gecko) Chrome/135.0.0.0 Safari/537.36"
178.165.172.18 - - [09/Apr/2025:17:03:13 +0200] "GET /entry.php?id=10271&&ser=210933 HTTP/1.1" 200 986 "http://hausegger.activities.at/entry.php?id=10271&&ser=210872" "Mozilla/5.0 (Windows NT 10.0; Win64; x64; rv:137.0) Gecko/20100101 Firefox/137.0"
178.165.172.18 - - [09/Apr/2025:17:03:13 +0200] "GET /gui/javascript/form_form.js?1744210993 HTTP/1.1" 200 16206 "http://hausegger.activities.at/entry.php?id=10271&&ser=210933" "Mozilla/5.0 (Windows NT 10.0; Win64; x64; rv:137.0) Gecko/20100101 Firefox/137.0"
178.165.172.18 - - [09/Apr/2025:17:03:52 +0200] "GET /entry.php?id=10271&&ser=210972 HTTP/1.1" 200 986 "http://hausegger.activities.at/entry.php?id=10271&&ser=210911" "Mozilla/5.0 (Windows NT 10.0; Win64; x64) AppleWebKit/537.36 (KHTML, like Gecko) Chrome/135.0.0.0 Safari/537.36"
178.165.172.18 - - [09/Apr/2025:17:03:53 +0200] "GET /gui/javascript/form_form.js?1744211033 HTTP/1.1" 200 16206 "http://hausegger.activities.at/entry.php?id=10271&&ser=210972" "Mozilla/5.0 (Windows NT 10.0; Win64; x64) AppleWebKit/537.36 (KHTML, like Gecko) Chrome/135.0.0.0 Safari/537.36"
178.165.172.18 - - [09/Apr/2025:17:04:13 +0200] "GET /entry.php?id=10271&&ser=210993 HTTP/1.1" 200 986 "http://hausegger.activities.at/entry.php?id=10271&&ser=210933" "Mozilla/5.0 (Windows NT 10.0; Win64; x64; rv:137.0) Gecko/20100101 Firefox/137.0"
178.165.172.18 - - [09/Apr/2025:17:04:13 +0200] "GET /gui/javascript/form_form.js?1744211053 HTTP/1.1" 200 16206 "http://hausegger.activities.at/entry.php?id=10271&&ser=210993" "Mozilla/5.0 (Windows NT 10.0; Win64; x64; rv:137.0) Gecko/20100101 Firefox/137.0"
151.106.164.217 - - [09/Apr/2025:17:04:18 +0200] "GET /cron.php?cron_type=tidy_cache&sid=8e2298b30f83b8ecd217ef9091198c10 HTTP/1.1" 404 290 "-" "Mozilla/5.0 (X11; Ubuntu; Linux x86_64; rv:72.0) Gecko/20100101 Firefox/72.0"
151.106.164.217 - - [09/Apr/2025:17:04:18 +0200] "GET /cron.php?cron_type=tidy_cache&sid=8e2298b30f83b8ecd217ef9091198c10 HTTP/1.1" 404 290 "-" "Mozilla/5.0 (X11; Ubuntu; Linux x86_64; rv:72.0) Gecko/20100101 Firefox/72.0"
151.106.164.217 - - [09/Apr/2025:17:04:18 +0200] "GET /cron.php?cron_type=tidy_cache&sid=8e2298b30f83b8ecd217ef9091198c10 HTTP/1.1" 404 290 "-" "Mozilla/5.0 (X11; Ubuntu; Linux x86_64; rv:72.0) Gecko/20100101 Firefox/72.0"
178.165.172.18 - - [09/Apr/2025:17:04:53 +0200] "GET /entry.php?id=10271&&ser=211033 HTTP/1.1" 200 986 "http://hausegger.activities.at/entry.php?id=10271&&ser=210972" "Mozilla/5.0 (Windows NT 10.0; Win64; x64) AppleWebKit/537.36 (KHTML, like Gecko) Chrome/135.0.0.0 Safari/537.36"
178.165.172.18 - - [09/Apr/2025:17:04:54 +0200] "GET /gui/javascript/form_form.js?1744211094 HTTP/1.1" 200 16206 "http://hausegger.activities.at/entry.php?id=10271&&ser=211033" "Mozilla/5.0 (Windows NT 10.0; Win64; x64) AppleWebKit/537.36 (KHTML, like Gecko) Chrome/135.0.0.0 Safari/537.36"
178.165.172.18 - - [09/Apr/2025:17:05:14 +0200] "GET /entry.php?id=10271&&ser=211053 HTTP/1.1" 200 985 "http://hausegger.activities.at/entry.php?id=10271&&ser=210993" "Mozilla/5.0 (Windows NT 10.0; Win64; x64; rv:137.0) Gecko/20100101 Firefox/137.0"
178.165.172.18 - - [09/Apr/2025:17:05:14 +0200] "GET /gui/javascript/form_form.js?1744211114 HTTP/1.1" 200 16206 "http://hausegger.activities.at/entry.php?id=10271&&ser=211053" "Mozilla/5.0 (Windows NT 10.0; Win64; x64; rv:137.0) Gecko/20100101 Firefox/137.0"
178.165.172.18 - - [09/Apr/2025:17:05:54 +0200] "GET /entry.php?id=10271&&ser=211094 HTTP/1.1" 200 987 "http://hausegger.activities.at/entry.php?id=10271&&ser=211033" "Mozilla/5.0 (Windows NT 10.0; Win64; x64) AppleWebKit/537.36 (KHTML, like Gecko) Chrome/135.0.0.0 Safari/537.36"
178.165.172.18 - - [09/Apr/2025:17:05:55 +0200] "GET /gui/javascript/form_form.js?1744211155 HTTP/1.1" 200 16206 "http://hausegger.activities.at/entry.php?id=10271&&ser=211094" "Mozilla/5.0 (Windows NT 10.0; Win64; x64) AppleWebKit/537.36 (KHTML, like Gecko) Chrome/135.0.0.0 Safari/537.36"
178.165.172.18 - - [09/Apr/2025:17:06:14 +0200] "GET /entry.php?id=10271&&ser=211114 HTTP/1.1" 200 985 "http://hausegger.activities.at/entry.php?id=10271&&ser=211053" "Mozilla/5.0 (Windows NT 10.0; Win64; x64; rv:137.0) Gecko/20100101 Firefox/137.0"
178.165.172.18 - - [09/Apr/2025:17:06:14 +0200] "GET /gui/javascript/form_form.js?1744211174 HTTP/1.1" 200 16206 "http://hausegger.activities.at/entry.php?id=10271&&ser=211114" "Mozilla/5.0 (Windows NT 10.0; Win64; x64; rv:137.0) Gecko/20100101 Firefox/137.0"
178.165.172.18 - - [09/Apr/2025:17:06:55 +0200] "GET /entry.php?id=10271&&ser=211155 HTTP/1.1" 200 987 "http://hausegger.activities.at/entry.php?id=10271&&ser=211094" "Mozilla/5.0 (Windows NT 10.0; Win64; x64) AppleWebKit/537.36 (KHTML, like Gecko) Chrome/135.0.0.0 Safari/537.36"
178.165.172.18 - - [09/Apr/2025:17:06:56 +0200] "GET /gui/javascript/form_form.js?1744211216 HTTP/1.1" 200 16206 "http://hausegger.activities.at/entry.php?id=10271&&ser=211155" "Mozilla/5.0 (Windows NT 10.0; Win64; x64) AppleWebKit/537.36 (KHTML, like Gecko) Chrome/135.0.0.0 Safari/537.36"
178.165.172.18 - - [09/Apr/2025:17:07:14 +0200] "GET /entry.php?id=10271&&ser=211174 HTTP/1.1" 200 986 "http://hausegger.activities.at/entry.php?id=10271&&ser=211114" "Mozilla/5.0 (Windows NT 10.0; Win64; x64; rv:137.0) Gecko/20100101 Firefox/137.0"
178.165.172.18 - - [09/Apr/2025:17:07:14 +0200] "GET /gui/javascript/form_form.js?1744211234 HTTP/1.1" 200 16206 "http://hausegger.activities.at/entry.php?id=10271&&ser=211174" "Mozilla/5.0 (Windows NT 10.0; Win64; x64; rv:137.0) Gecko/20100101 Firefox/137.0"
178.165.172.18 - - [09/Apr/2025:17:07:56 +0200] "GET /entry.php?id=10271&&ser=211216 HTTP/1.1" 200 986 "http://hausegger.activities.at/entry.php?id=10271&&ser=211155" "Mozilla/5.0 (Windows NT 10.0; Win64; x64) AppleWebKit/537.36 (KHTML, like Gecko) Chrome/135.0.0.0 Safari/537.36"
178.165.172.18 - - [09/Apr/2025:17:07:57 +0200] "GET /gui/javascript/form_form.js?1744211277 HTTP/1.1" 200 16206 "http://hausegger.activities.at/entry.php?id=10271&&ser=211216" "Mozilla/5.0 (Windows NT 10.0; Win64; x64) AppleWebKit/537.36 (KHTML, like Gecko) Chrome/135.0.0.0 Safari/537.36"
178.165.172.18 - - [09/Apr/2025:17:08:15 +0200] "GET /entry.php?id=10271&&ser=211234 HTTP/1.1" 200 986 "http://hausegger.activities.at/entry.php?id=10271&&ser=211174" "Mozilla/5.0 (Windows NT 10.0; Win64; x64; rv:137.0) Gecko/20100101 Firefox/137.0"
178.165.172.18 - - [09/Apr/2025:17:08:15 +0200] "GET /gui/javascript/form_form.js?1744211295 HTTP/1.1" 200 16206 "http://hausegger.activities.at/entry.php?id=10271&&ser=211234" "Mozilla/5.0 (Windows NT 10.0; Win64; x64; rv:137.0) Gecko/20100101 Firefox/137.0"
178.165.172.18 - - [09/Apr/2025:17:08:57 +0200] "GET /entry.php?id=10271&&ser=211277 HTTP/1.1" 200 986 "http://hausegger.activities.at/entry.php?id=10271&&ser=211216" "Mozilla/5.0 (Windows NT 10.0; Win64; x64) AppleWebKit/537.36 (KHTML, like Gecko) Chrome/135.0.0.0 Safari/537.36"
178.165.172.18 - - [09/Apr/2025:17:08:58 +0200] "GET /gui/javascript/form_form.js?1744211338 HTTP/1.1" 200 16206 "http://hausegger.activities.at/entry.php?id=10271&&ser=211277" "Mozilla/5.0 (Windows NT 10.0; Win64; x64) AppleWebKit/537.36 (KHTML, like Gecko) Chrome/135.0.0.0 Safari/537.36"
178.165.172.18 - - [09/Apr/2025:17:09:15 +0200] "GET /entry.php?id=10271&&ser=211295 HTTP/1.1" 200 986 "http://hausegger.activities.at/entry.php?id=10271&&ser=211234" "Mozilla/5.0 (Windows NT 10.0; Win64; x64; rv:137.0) Gecko/20100101 Firefox/137.0"
178.165.172.18 - - [09/Apr/2025:17:09:15 +0200] "GET /gui/javascript/form_form.js?1744211355 HTTP/1.1" 200 16206 "http://hausegger.activities.at/entry.php?id=10271&&ser=211295" "Mozilla/5.0 (Windows NT 10.0; Win64; x64; rv:137.0) Gecko/20100101 Firefox/137.0"
178.165.172.18 - - [09/Apr/2025:17:09:58 +0200] "GET /entry.php?id=10271&&ser=211338 HTTP/1.1" 200 986 "http://hausegger.activities.at/entry.php?id=10271&&ser=211277" "Mozilla/5.0 (Windows NT 10.0; Win64; x64) AppleWebKit/537.36 (KHTML, like Gecko) Chrome/135.0.0.0 Safari/537.36"
178.165.172.18 - - [09/Apr/2025:17:09:59 +0200] "GET /gui/javascript/form_form.js?1744211399 HTTP/1.1" 200 16206 "http://hausegger.activities.at/entry.php?id=10271&&ser=211338" "Mozilla/5.0 (Windows NT 10.0; Win64; x64) AppleWebKit/537.36 (KHTML, like Gecko) Chrome/135.0.0.0 Safari/537.36"
178.165.172.18 - - [09/Apr/2025:17:10:15 +0200] "GET /entry.php?id=10271&&ser=211355 HTTP/1.1" 200 986 "http://hausegger.activities.at/entry.php?id=10271&&ser=211295" "Mozilla/5.0 (Windows NT 10.0; Win64; x64; rv:137.0) Gecko/20100101 Firefox/137.0"
178.165.172.18 - - [09/Apr/2025:17:10:15 +0200] "GET /gui/javascript/form_form.js?1744211415 HTTP/1.1" 200 16206 "http://hausegger.activities.at/entry.php?id=10271&&ser=211355" "Mozilla/5.0 (Windows NT 10.0; Win64; x64; rv:137.0) Gecko/20100101 Firefox/137.0"
141.98.11.210 - - [09/Apr/2025:17:10:19 +0200] "POST /boaform/admin/formLogin HTTP/1.1" 404 293 "http://212.69.160.11:80/admin/login.asp" "Mozilla/5.0 (X11; Ubuntu; Linux x86_64; rv:71.0) Gecko/20100101 Firefox/71.0"
178.165.172.18 - - [09/Apr/2025:17:10:59 +0200] "GET /entry.php?id=10271&&ser=211399 HTTP/1.1" 200 986 "http://hausegger.activities.at/entry.php?id=10271&&ser=211338" "Mozilla/5.0 (Windows NT 10.0; Win64; x64) AppleWebKit/537.36 (KHTML, like Gecko) Chrome/135.0.0.0 Safari/537.36"
178.165.172.18 - - [09/Apr/2025:17:11:00 +0200] "GET /gui/javascript/form_form.js?1744211460 HTTP/1.1" 200 16206 "http://hausegger.activities.at/entry.php?id=10271&&ser=211399" "Mozilla/5.0 (Windows NT 10.0; Win64; x64) AppleWebKit/537.36 (KHTML, like Gecko) Chrome/135.0.0.0 Safari/537.36"
151.106.161.79 - - [09/Apr/2025:17:11:14 +0200] "GET /cron.php?cron_type=tidy_cache&sid=50f42f9701057481fca9f1af90ed3ef9 HTTP/1.1" 404 290 "-" "Mozilla/5.0 (X11; Ubuntu; Linux x86_64; rv:72.0) Gecko/20100101 Firefox/72.0"
151.106.161.79 - - [09/Apr/2025:17:11:14 +0200] "GET /cron.php?cron_type=tidy_cache&sid=50f42f9701057481fca9f1af90ed3ef9 HTTP/1.1" 404 290 "-" "Mozilla/5.0 (X11; Ubuntu; Linux x86_64; rv:72.0) Gecko/20100101 Firefox/72.0"
151.106.161.79 - - [09/Apr/2025:17:11:14 +0200] "GET /cron.php?cron_type=tidy_cache&sid=50f42f9701057481fca9f1af90ed3ef9 HTTP/1.1" 404 290 "-" "Mozilla/5.0 (X11; Ubuntu; Linux x86_64; rv:72.0) Gecko/20100101 Firefox/72.0"
178.165.172.18 - - [09/Apr/2025:17:11:16 +0200] "GET /entry.php?id=10271&&ser=211415 HTTP/1.1" 200 986 "http://hausegger.activities.at/entry.php?id=10271&&ser=211355" "Mozilla/5.0 (Windows NT 10.0; Win64; x64; rv:137.0) Gecko/20100101 Firefox/137.0"
178.165.172.18 - - [09/Apr/2025:17:11:16 +0200] "GET /gui/javascript/form_form.js?1744211476 HTTP/1.1" 200 16206 "http://hausegger.activities.at/entry.php?id=10271&&ser=211415" "Mozilla/5.0 (Windows NT 10.0; Win64; x64; rv:137.0) Gecko/20100101 Firefox/137.0"
178.165.172.18 - - [09/Apr/2025:17:12:00 +0200] "GET /entry.php?id=10271&&ser=211460 HTTP/1.1" 200 986 "http://hausegger.activities.at/entry.php?id=10271&&ser=211399" "Mozilla/5.0 (Windows NT 10.0; Win64; x64) AppleWebKit/537.36 (KHTML, like Gecko) Chrome/135.0.0.0 Safari/537.36"
178.165.172.18 - - [09/Apr/2025:17:12:01 +0200] "GET /gui/javascript/form_form.js?1744211521 HTTP/1.1" 200 16206 "http://hausegger.activities.at/entry.php?id=10271&&ser=211460" "Mozilla/5.0 (Windows NT 10.0; Win64; x64) AppleWebKit/537.36 (KHTML, like Gecko) Chrome/135.0.0.0 Safari/537.36"
178.165.172.18 - - [09/Apr/2025:17:12:17 +0200] "GET /entry.php?id=10271&&ser=211476 HTTP/1.1" 200 986 "http://hausegger.activities.at/entry.php?id=10271&&ser=211415" "Mozilla/5.0 (Windows NT 10.0; Win64; x64; rv:137.0) Gecko/20100101 Firefox/137.0"
178.165.172.18 - - [09/Apr/2025:17:12:17 +0200] "GET /gui/javascript/form_form.js?1744211537 HTTP/1.1" 200 16206 "http://hausegger.activities.at/entry.php?id=10271&&ser=211476" "Mozilla/5.0 (Windows NT 10.0; Win64; x64; rv:137.0) Gecko/20100101 Firefox/137.0"
216.218.206.68 - - [09/Apr/2025:17:12:31 +0200] "\x16\x03\x01" 400 383 "-" "-"
178.165.172.18 - - [09/Apr/2025:17:13:01 +0200] "GET /entry.php?id=10271&&ser=211521 HTTP/1.1" 200 986 "http://hausegger.activities.at/entry.php?id=10271&&ser=211460" "Mozilla/5.0 (Windows NT 10.0; Win64; x64) AppleWebKit/537.36 (KHTML, like Gecko) Chrome/135.0.0.0 Safari/537.36"
178.165.172.18 - - [09/Apr/2025:17:13:02 +0200] "GET /gui/javascript/form_form.js?1744211582 HTTP/1.1" 200 16206 "http://hausegger.activities.at/entry.php?id=10271&&ser=211521" "Mozilla/5.0 (Windows NT 10.0; Win64; x64) AppleWebKit/537.36 (KHTML, like Gecko) Chrome/135.0.0.0 Safari/537.36"
178.165.172.18 - - [09/Apr/2025:17:13:18 +0200] "GET /entry.php?id=10271&&ser=211537 HTTP/1.1" 200 986 "http://hausegger.activities.at/entry.php?id=10271&&ser=211476" "Mozilla/5.0 (Windows NT 10.0; Win64; x64; rv:137.0) Gecko/20100101 Firefox/137.0"
178.165.172.18 - - [09/Apr/2025:17:13:18 +0200] "GET /gui/javascript/form_form.js?1744211598 HTTP/1.1" 200 16206 "http://hausegger.activities.at/entry.php?id=10271&&ser=211537" "Mozilla/5.0 (Windows NT 10.0; Win64; x64; rv:137.0) Gecko/20100101 Firefox/137.0"
154.81.156.54 - - [09/Apr/2025:17:13:46 +0200] "GET / HTTP/1.1" 200 274 "-" "Mozilla/5.0 (Windows NT 10.0; Win64; x64) AppleWebKit/537.36 (KHTML, like Gecko) Chrome/90.0.4430.85 Safari/537.36 Edg/90.0.818.46"
178.165.172.18 - - [09/Apr/2025:17:14:02 +0200] "GET /entry.php?id=10271&&ser=211582 HTTP/1.1" 200 986 "http://hausegger.activities.at/entry.php?id=10271&&ser=211521" "Mozilla/5.0 (Windows NT 10.0; Win64; x64) AppleWebKit/537.36 (KHTML, like Gecko) Chrome/135.0.0.0 Safari/537.36"
178.165.172.18 - - [09/Apr/2025:17:14:03 +0200] "GET /gui/javascript/form_form.js?1744211643 HTTP/1.1" 200 16206 "http://hausegger.activities.at/entry.php?id=10271&&ser=211582" "Mozilla/5.0 (Windows NT 10.0; Win64; x64) AppleWebKit/537.36 (KHTML, like Gecko) Chrome/135.0.0.0 Safari/537.36"
178.165.172.18 - - [09/Apr/2025:17:14:18 +0200] "GET /entry.php?id=10271&&ser=211598 HTTP/1.1" 200 986 "http://hausegger.activities.at/entry.php?id=10271&&ser=211537" "Mozilla/5.0 (Windows NT 10.0; Win64; x64; rv:137.0) Gecko/20100101 Firefox/137.0"
178.165.172.18 - - [09/Apr/2025:17:14:18 +0200] "GET /gui/javascript/form_form.js?1744211658 HTTP/1.1" 200 16206 "http://hausegger.activities.at/entry.php?id=10271&&ser=211598" "Mozilla/5.0 (Windows NT 10.0; Win64; x64; rv:137.0) Gecko/20100101 Firefox/137.0"
178.165.172.18 - - [09/Apr/2025:17:15:03 +0200] "GET /entry.php?id=10271&&ser=211643 HTTP/1.1" 200 986 "http://hausegger.activities.at/entry.php?id=10271&&ser=211582" "Mozilla/5.0 (Windows NT 10.0; Win64; x64) AppleWebKit/537.36 (KHTML, like Gecko) Chrome/135.0.0.0 Safari/537.36"
178.165.172.18 - - [09/Apr/2025:17:15:04 +0200] "GET /gui/javascript/form_form.js?1744211704 HTTP/1.1" 200 16206 "http://hausegger.activities.at/entry.php?id=10271&&ser=211643" "Mozilla/5.0 (Windows NT 10.0; Win64; x64) AppleWebKit/537.36 (KHTML, like Gecko) Chrome/135.0.0.0 Safari/537.36"
178.165.172.18 - - [09/Apr/2025:17:15:19 +0200] "GET /entry.php?id=10271&&ser=211658 HTTP/1.1" 200 987 "http://hausegger.activities.at/entry.php?id=10271&&ser=211598" "Mozilla/5.0 (Windows NT 10.0; Win64; x64; rv:137.0) Gecko/20100101 Firefox/137.0"
178.165.172.18 - - [09/Apr/2025:17:15:19 +0200] "GET /gui/javascript/form_form.js?1744211719 HTTP/1.1" 200 16206 "http://hausegger.activities.at/entry.php?id=10271&&ser=211658" "Mozilla/5.0 (Windows NT 10.0; Win64; x64; rv:137.0) Gecko/20100101 Firefox/137.0"
178.165.172.18 - - [09/Apr/2025:17:16:04 +0200] "GET /entry.php?id=10271&&ser=211704 HTTP/1.1" 200 986 "http://hausegger.activities.at/entry.php?id=10271&&ser=211643" "Mozilla/5.0 (Windows NT 10.0; Win64; x64) AppleWebKit/537.36 (KHTML, like Gecko) Chrome/135.0.0.0 Safari/537.36"
178.165.172.18 - - [09/Apr/2025:17:16:05 +0200] "GET /gui/javascript/form_form.js?1744211765 HTTP/1.1" 200 16206 "http://hausegger.activities.at/entry.php?id=10271&&ser=211704" "Mozilla/5.0 (Windows NT 10.0; Win64; x64) AppleWebKit/537.36 (KHTML, like Gecko) Chrome/135.0.0.0 Safari/537.36"
178.165.172.18 - - [09/Apr/2025:17:16:20 +0200] "GET /entry.php?id=10271&&ser=211719 HTTP/1.1" 200 986 "http://hausegger.activities.at/entry.php?id=10271&&ser=211658" "Mozilla/5.0 (Windows NT 10.0; Win64; x64; rv:137.0) Gecko/20100101 Firefox/137.0"
178.165.172.18 - - [09/Apr/2025:17:16:20 +0200] "GET /gui/javascript/form_form.js?1744211780 HTTP/1.1" 200 16206 "http://hausegger.activities.at/entry.php?id=10271&&ser=211719" "Mozilla/5.0 (Windows NT 10.0; Win64; x64; rv:137.0) Gecko/20100101 Firefox/137.0"
178.165.172.18 - - [09/Apr/2025:17:17:05 +0200] "GET /entry.php?id=10271&&ser=211765 HTTP/1.1" 200 986 "http://hausegger.activities.at/entry.php?id=10271&&ser=211704" "Mozilla/5.0 (Windows NT 10.0; Win64; x64) AppleWebKit/537.36 (KHTML, like Gecko) Chrome/135.0.0.0 Safari/537.36"
178.165.172.18 - - [09/Apr/2025:17:17:06 +0200] "GET /gui/javascript/form_form.js?1744211826 HTTP/1.1" 200 16206 "http://hausegger.activities.at/entry.php?id=10271&&ser=211765" "Mozilla/5.0 (Windows NT 10.0; Win64; x64) AppleWebKit/537.36 (KHTML, like Gecko) Chrome/135.0.0.0 Safari/537.36"
178.165.172.18 - - [09/Apr/2025:17:17:20 +0200] "GET /entry.php?id=10271&&ser=211780 HTTP/1.1" 200 986 "http://hausegger.activities.at/entry.php?id=10271&&ser=211719" "Mozilla/5.0 (Windows NT 10.0; Win64; x64; rv:137.0) Gecko/20100101 Firefox/137.0"
178.165.172.18 - - [09/Apr/2025:17:17:20 +0200] "GET /gui/javascript/form_form.js?1744211840 HTTP/1.1" 200 16206 "http://hausegger.activities.at/entry.php?id=10271&&ser=211780" "Mozilla/5.0 (Windows NT 10.0; Win64; x64; rv:137.0) Gecko/20100101 Firefox/137.0"
178.165.172.18 - - [09/Apr/2025:17:18:06 +0200] "GET /entry.php?id=10271&&ser=211826 HTTP/1.1" 200 985 "http://hausegger.activities.at/entry.php?id=10271&&ser=211765" "Mozilla/5.0 (Windows NT 10.0; Win64; x64) AppleWebKit/537.36 (KHTML, like Gecko) Chrome/135.0.0.0 Safari/537.36"
178.165.172.18 - - [09/Apr/2025:17:18:07 +0200] "GET /gui/javascript/form_form.js?1744211887 HTTP/1.1" 200 16206 "http://hausegger.activities.at/entry.php?id=10271&&ser=211826" "Mozilla/5.0 (Windows NT 10.0; Win64; x64) AppleWebKit/537.36 (KHTML, like Gecko) Chrome/135.0.0.0 Safari/537.36"
178.165.172.18 - - [09/Apr/2025:17:18:20 +0200] "GET /entry.php?id=10271&&ser=211840 HTTP/1.1" 200 986 "http://hausegger.activities.at/entry.php?id=10271&&ser=211780" "Mozilla/5.0 (Windows NT 10.0; Win64; x64; rv:137.0) Gecko/20100101 Firefox/137.0"
178.165.172.18 - - [09/Apr/2025:17:18:20 +0200] "GET /gui/javascript/form_form.js?1744211900 HTTP/1.1" 200 16206 "http://hausegger.activities.at/entry.php?id=10271&&ser=211840" "Mozilla/5.0 (Windows NT 10.0; Win64; x64; rv:137.0) Gecko/20100101 Firefox/137.0"
178.165.172.18 - - [09/Apr/2025:17:19:07 +0200] "GET /entry.php?id=10271&&ser=211887 HTTP/1.1" 200 985 "http://hausegger.activities.at/entry.php?id=10271&&ser=211826" "Mozilla/5.0 (Windows NT 10.0; Win64; x64) AppleWebKit/537.36 (KHTML, like Gecko) Chrome/135.0.0.0 Safari/537.36"
178.165.172.18 - - [09/Apr/2025:17:19:08 +0200] "GET /gui/javascript/form_form.js?1744211948 HTTP/1.1" 200 16206 "http://hausegger.activities.at/entry.php?id=10271&&ser=211887" "Mozilla/5.0 (Windows NT 10.0; Win64; x64) AppleWebKit/537.36 (KHTML, like Gecko) Chrome/135.0.0.0 Safari/537.36"
178.165.172.18 - - [09/Apr/2025:17:19:21 +0200] "GET /entry.php?id=10271&&ser=211900 HTTP/1.1" 200 986 "http://hausegger.activities.at/entry.php?id=10271&&ser=211840" "Mozilla/5.0 (Windows NT 10.0; Win64; x64; rv:137.0) Gecko/20100101 Firefox/137.0"
178.165.172.18 - - [09/Apr/2025:17:19:22 +0200] "GET /gui/javascript/form_form.js?1744211962 HTTP/1.1" 200 16206 "http://hausegger.activities.at/entry.php?id=10271&&ser=211900" "Mozilla/5.0 (Windows NT 10.0; Win64; x64; rv:137.0) Gecko/20100101 Firefox/137.0"
178.165.172.18 - - [09/Apr/2025:17:20:08 +0200] "GET /entry.php?id=10271&&ser=211948 HTTP/1.1" 200 986 "http://hausegger.activities.at/entry.php?id=10271&&ser=211887" "Mozilla/5.0 (Windows NT 10.0; Win64; x64) AppleWebKit/537.36 (KHTML, like Gecko) Chrome/135.0.0.0 Safari/537.36"
178.165.172.18 - - [09/Apr/2025:17:20:09 +0200] "GET /gui/javascript/form_form.js?1744212009 HTTP/1.1" 200 16206 "http://hausegger.activities.at/entry.php?id=10271&&ser=211948" "Mozilla/5.0 (Windows NT 10.0; Win64; x64) AppleWebKit/537.36 (KHTML, like Gecko) Chrome/135.0.0.0 Safari/537.36"
178.165.172.18 - - [09/Apr/2025:17:20:22 +0200] "GET /entry.php?id=10271&&ser=211962 HTTP/1.1" 200 986 "http://hausegger.activities.at/entry.php?id=10271&&ser=211900" "Mozilla/5.0 (Windows NT 10.0; Win64; x64; rv:137.0) Gecko/20100101 Firefox/137.0"
178.165.172.18 - - [09/Apr/2025:17:20:22 +0200] "GET /gui/javascript/form_form.js?1744212022 HTTP/1.1" 200 16206 "http://hausegger.activities.at/entry.php?id=10271&&ser=211962" "Mozilla/5.0 (Windows NT 10.0; Win64; x64; rv:137.0) Gecko/20100101 Firefox/137.0"
151.106.171.1 - - [09/Apr/2025:17:20:36 +0200] "GET /download/file.php?id=254&sid=2d2081bb873390197de452a98cb660c8 HTTP/1.1" 404 297 "-" "Mozilla/5.0 (X11; Ubuntu; Linux x86_64; rv:72.0) Gecko/20100101 Firefox/72.0"
151.106.171.1 - - [09/Apr/2025:17:20:37 +0200] "GET /download/file.php?id=254&sid=2d2081bb873390197de452a98cb660c8 HTTP/1.1" 404 297 "-" "Mozilla/5.0 (X11; Ubuntu; Linux x86_64; rv:72.0) Gecko/20100101 Firefox/72.0"
151.106.171.1 - - [09/Apr/2025:17:20:37 +0200] "GET /download/file.php?id=254&sid=2d2081bb873390197de452a98cb660c8 HTTP/1.1" 404 297 "-" "Mozilla/5.0 (X11; Ubuntu; Linux x86_64; rv:72.0) Gecko/20100101 Firefox/72.0"
178.165.172.18 - - [09/Apr/2025:17:21:09 +0200] "GET /entry.php?id=10271&&ser=212009 HTTP/1.1" 200 986 "http://hausegger.activities.at/entry.php?id=10271&&ser=211948" "Mozilla/5.0 (Windows NT 10.0; Win64; x64) AppleWebKit/537.36 (KHTML, like Gecko) Chrome/135.0.0.0 Safari/537.36"
178.165.172.18 - - [09/Apr/2025:17:21:10 +0200] "GET /gui/javascript/form_form.js?1744212070 HTTP/1.1" 200 16206 "http://hausegger.activities.at/entry.php?id=10271&&ser=212009" "Mozilla/5.0 (Windows NT 10.0; Win64; x64) AppleWebKit/537.36 (KHTML, like Gecko) Chrome/135.0.0.0 Safari/537.36"
154.81.156.34 - - [09/Apr/2025:17:21:19 +0200] "GET / HTTP/1.1" 200 274 "-" "Mozilla/5.0 (Windows NT 10.0; Win64; x64) AppleWebKit/537.36 (KHTML, like Gecko) Chrome/90.0.4430.85 Safari/537.36 Edg/90.0.818.46"
178.165.172.18 - - [09/Apr/2025:17:21:22 +0200] "GET /entry.php?id=10271&&ser=212022 HTTP/1.1" 200 986 "http://hausegger.activities.at/entry.php?id=10271&&ser=211962" "Mozilla/5.0 (Windows NT 10.0; Win64; x64; rv:137.0) Gecko/20100101 Firefox/137.0"
178.165.172.18 - - [09/Apr/2025:17:21:22 +0200] "GET /gui/javascript/form_form.js?1744212082 HTTP/1.1" 200 16206 "http://hausegger.activities.at/entry.php?id=10271&&ser=212022" "Mozilla/5.0 (Windows NT 10.0; Win64; x64; rv:137.0) Gecko/20100101 Firefox/137.0"
151.106.184.192 - - [09/Apr/2025:17:21:35 +0200] "GET /cron.php?cron_type=tidy_cache&sid=5c1854514bf3edd6eb8962b053d08b6d HTTP/1.1" 404 290 "-" "Mozilla/5.0 (X11; Ubuntu; Linux x86_64; rv:72.0) Gecko/20100101 Firefox/72.0"
151.106.184.192 - - [09/Apr/2025:17:21:36 +0200] "GET /cron.php?cron_type=tidy_cache&sid=5c1854514bf3edd6eb8962b053d08b6d HTTP/1.1" 404 290 "-" "Mozilla/5.0 (X11; Ubuntu; Linux x86_64; rv:72.0) Gecko/20100101 Firefox/72.0"
151.106.184.192 - - [09/Apr/2025:17:21:36 +0200] "GET /cron.php?cron_type=tidy_cache&sid=5c1854514bf3edd6eb8962b053d08b6d HTTP/1.1" 404 290 "-" "Mozilla/5.0 (X11; Ubuntu; Linux x86_64; rv:72.0) Gecko/20100101 Firefox/72.0"
178.165.172.18 - - [09/Apr/2025:17:22:10 +0200] "GET /entry.php?id=10271&&ser=212070 HTTP/1.1" 200 986 "http://hausegger.activities.at/entry.php?id=10271&&ser=212009" "Mozilla/5.0 (Windows NT 10.0; Win64; x64) AppleWebKit/537.36 (KHTML, like Gecko) Chrome/135.0.0.0 Safari/537.36"
178.165.172.18 - - [09/Apr/2025:17:22:11 +0200] "GET /gui/javascript/form_form.js?1744212131 HTTP/1.1" 200 16206 "http://hausegger.activities.at/entry.php?id=10271&&ser=212070" "Mozilla/5.0 (Windows NT 10.0; Win64; x64) AppleWebKit/537.36 (KHTML, like Gecko) Chrome/135.0.0.0 Safari/537.36"
178.165.172.18 - - [09/Apr/2025:17:22:22 +0200] "GET /entry.php?id=10271&&ser=212082 HTTP/1.1" 200 986 "http://hausegger.activities.at/entry.php?id=10271&&ser=212022" "Mozilla/5.0 (Windows NT 10.0; Win64; x64; rv:137.0) Gecko/20100101 Firefox/137.0"
178.165.172.18 - - [09/Apr/2025:17:22:23 +0200] "GET /gui/javascript/form_form.js?1744212142 HTTP/1.1" 200 16206 "http://hausegger.activities.at/entry.php?id=10271&&ser=212082" "Mozilla/5.0 (Windows NT 10.0; Win64; x64; rv:137.0) Gecko/20100101 Firefox/137.0"
178.165.172.18 - - [09/Apr/2025:17:23:11 +0200] "GET /entry.php?id=10271&&ser=212131 HTTP/1.1" 200 986 "http://hausegger.activities.at/entry.php?id=10271&&ser=212070" "Mozilla/5.0 (Windows NT 10.0; Win64; x64) AppleWebKit/537.36 (KHTML, like Gecko) Chrome/135.0.0.0 Safari/537.36"
178.165.172.18 - - [09/Apr/2025:17:23:12 +0200] "GET /gui/javascript/form_form.js?1744212192 HTTP/1.1" 200 16206 "http://hausegger.activities.at/entry.php?id=10271&&ser=212131" "Mozilla/5.0 (Windows NT 10.0; Win64; x64) AppleWebKit/537.36 (KHTML, like Gecko) Chrome/135.0.0.0 Safari/537.36"
178.165.172.18 - - [09/Apr/2025:17:23:23 +0200] "GET /entry.php?id=10271&&ser=212142 HTTP/1.1" 200 986 "http://hausegger.activities.at/entry.php?id=10271&&ser=212082" "Mozilla/5.0 (Windows NT 10.0; Win64; x64; rv:137.0) Gecko/20100101 Firefox/137.0"
178.165.172.18 - - [09/Apr/2025:17:23:24 +0200] "GET /gui/javascript/form_form.js?1744212204 HTTP/1.1" 200 16206 "http://hausegger.activities.at/entry.php?id=10271&&ser=212142" "Mozilla/5.0 (Windows NT 10.0; Win64; x64; rv:137.0) Gecko/20100101 Firefox/137.0"
178.165.172.18 - - [09/Apr/2025:17:24:12 +0200] "GET /entry.php?id=10271&&ser=212192 HTTP/1.1" 200 986 "http://hausegger.activities.at/entry.php?id=10271&&ser=212131" "Mozilla/5.0 (Windows NT 10.0; Win64; x64) AppleWebKit/537.36 (KHTML, like Gecko) Chrome/135.0.0.0 Safari/537.36"
178.165.172.18 - - [09/Apr/2025:17:24:13 +0200] "GET /gui/javascript/form_form.js?1744212253 HTTP/1.1" 200 16206 "http://hausegger.activities.at/entry.php?id=10271&&ser=212192" "Mozilla/5.0 (Windows NT 10.0; Win64; x64) AppleWebKit/537.36 (KHTML, like Gecko) Chrome/135.0.0.0 Safari/537.36"
178.165.172.18 - - [09/Apr/2025:17:24:24 +0200] "GET /entry.php?id=10271&&ser=212204 HTTP/1.1" 200 986 "http://hausegger.activities.at/entry.php?id=10271&&ser=212142" "Mozilla/5.0 (Windows NT 10.0; Win64; x64; rv:137.0) Gecko/20100101 Firefox/137.0"
178.165.172.18 - - [09/Apr/2025:17:24:24 +0200] "GET /gui/javascript/form_form.js?1744212264 HTTP/1.1" 200 16206 "http://hausegger.activities.at/entry.php?id=10271&&ser=212204" "Mozilla/5.0 (Windows NT 10.0; Win64; x64; rv:137.0) Gecko/20100101 Firefox/137.0"
178.165.172.18 - - [09/Apr/2025:17:25:13 +0200] "GET /entry.php?id=10271&&ser=212253 HTTP/1.1" 200 986 "http://hausegger.activities.at/entry.php?id=10271&&ser=212192" "Mozilla/5.0 (Windows NT 10.0; Win64; x64) AppleWebKit/537.36 (KHTML, like Gecko) Chrome/135.0.0.0 Safari/537.36"
178.165.172.18 - - [09/Apr/2025:17:25:14 +0200] "GET /gui/javascript/form_form.js?1744212314 HTTP/1.1" 200 16206 "http://hausegger.activities.at/entry.php?id=10271&&ser=212253" "Mozilla/5.0 (Windows NT 10.0; Win64; x64) AppleWebKit/537.36 (KHTML, like Gecko) Chrome/135.0.0.0 Safari/537.36"
178.165.172.18 - - [09/Apr/2025:17:25:24 +0200] "GET /entry.php?id=10271&&ser=212264 HTTP/1.1" 200 986 "http://hausegger.activities.at/entry.php?id=10271&&ser=212204" "Mozilla/5.0 (Windows NT 10.0; Win64; x64; rv:137.0) Gecko/20100101 Firefox/137.0"
178.165.172.18 - - [09/Apr/2025:17:25:24 +0200] "GET /gui/javascript/form_form.js?1744212324 HTTP/1.1" 200 16206 "http://hausegger.activities.at/entry.php?id=10271&&ser=212264" "Mozilla/5.0 (Windows NT 10.0; Win64; x64; rv:137.0) Gecko/20100101 Firefox/137.0"
178.165.172.18 - - [09/Apr/2025:17:26:14 +0200] "GET /entry.php?id=10271&&ser=212314 HTTP/1.1" 200 986 "http://hausegger.activities.at/entry.php?id=10271&&ser=212253" "Mozilla/5.0 (Windows NT 10.0; Win64; x64) AppleWebKit/537.36 (KHTML, like Gecko) Chrome/135.0.0.0 Safari/537.36"
178.165.172.18 - - [09/Apr/2025:17:26:15 +0200] "GET /gui/javascript/form_form.js?1744212375 HTTP/1.1" 200 16206 "http://hausegger.activities.at/entry.php?id=10271&&ser=212314" "Mozilla/5.0 (Windows NT 10.0; Win64; x64) AppleWebKit/537.36 (KHTML, like Gecko) Chrome/135.0.0.0 Safari/537.36"
178.165.172.18 - - [09/Apr/2025:17:26:24 +0200] "GET /entry.php?id=10271&&ser=212324 HTTP/1.1" 200 986 "http://hausegger.activities.at/entry.php?id=10271&&ser=212264" "Mozilla/5.0 (Windows NT 10.0; Win64; x64; rv:137.0) Gecko/20100101 Firefox/137.0"
178.165.172.18 - - [09/Apr/2025:17:26:25 +0200] "GET /gui/javascript/form_form.js?1744212385 HTTP/1.1" 200 16206 "http://hausegger.activities.at/entry.php?id=10271&&ser=212324" "Mozilla/5.0 (Windows NT 10.0; Win64; x64; rv:137.0) Gecko/20100101 Firefox/137.0"
156.59.198.136 - - [09/Apr/2025:17:27:02 +0200] "GET /renault.activities.at/htdocs/export/pdf/emuc_document/11148837.pdf HTTP/1.0" 404 322 "-" "Mozilla/5.0 (Linux; Android 5.0) AppleWebKit/537.36 (KHTML, like Gecko) Mobile Safari/537.36 (compatible; Bytespider; spider-feedback@bytedance.com)"
178.165.172.18 - - [09/Apr/2025:17:27:15 +0200] "GET /entry.php?id=10271&&ser=212375 HTTP/1.1" 200 986 "http://hausegger.activities.at/entry.php?id=10271&&ser=212314" "Mozilla/5.0 (Windows NT 10.0; Win64; x64) AppleWebKit/537.36 (KHTML, like Gecko) Chrome/135.0.0.0 Safari/537.36"
178.165.172.18 - - [09/Apr/2025:17:27:16 +0200] "GET /gui/javascript/form_form.js?1744212436 HTTP/1.1" 200 16206 "http://hausegger.activities.at/entry.php?id=10271&&ser=212375" "Mozilla/5.0 (Windows NT 10.0; Win64; x64) AppleWebKit/537.36 (KHTML, like Gecko) Chrome/135.0.0.0 Safari/537.36"
178.165.172.18 - - [09/Apr/2025:17:27:25 +0200] "GET /entry.php?id=10271&&ser=212385 HTTP/1.1" 200 986 "http://hausegger.activities.at/entry.php?id=10271&&ser=212324" "Mozilla/5.0 (Windows NT 10.0; Win64; x64; rv:137.0) Gecko/20100101 Firefox/137.0"
178.165.172.18 - - [09/Apr/2025:17:27:25 +0200] "GET /gui/javascript/form_form.js?1744212445 HTTP/1.1" 200 16206 "http://hausegger.activities.at/entry.php?id=10271&&ser=212385" "Mozilla/5.0 (Windows NT 10.0; Win64; x64; rv:137.0) Gecko/20100101 Firefox/137.0"
141.98.11.175 - - [09/Apr/2025:17:27:30 +0200] "POST /boaform/admin/formLogin HTTP/1.1" 404 293 "http://212.69.160.11:80/admin/login.asp" "Mozilla/5.0 (X11; Ubuntu; Linux x86_64; rv:71.0) Gecko/20100101 Firefox/71.0"
178.165.172.18 - - [09/Apr/2025:17:28:16 +0200] "GET /entry.php?id=10271&&ser=212436 HTTP/1.1" 200 986 "http://hausegger.activities.at/entry.php?id=10271&&ser=212375" "Mozilla/5.0 (Windows NT 10.0; Win64; x64) AppleWebKit/537.36 (KHTML, like Gecko) Chrome/135.0.0.0 Safari/537.36"
178.165.172.18 - - [09/Apr/2025:17:28:17 +0200] "GET /gui/javascript/form_form.js?1744212497 HTTP/1.1" 200 16206 "http://hausegger.activities.at/entry.php?id=10271&&ser=212436" "Mozilla/5.0 (Windows NT 10.0; Win64; x64) AppleWebKit/537.36 (KHTML, like Gecko) Chrome/135.0.0.0 Safari/537.36"
178.165.172.18 - - [09/Apr/2025:17:28:25 +0200] "GET /entry.php?id=10271&&ser=212445 HTTP/1.1" 200 986 "http://hausegger.activities.at/entry.php?id=10271&&ser=212385" "Mozilla/5.0 (Windows NT 10.0; Win64; x64; rv:137.0) Gecko/20100101 Firefox/137.0"
178.165.172.18 - - [09/Apr/2025:17:28:25 +0200] "GET /gui/javascript/form_form.js?1744212505 HTTP/1.1" 200 16206 "http://hausegger.activities.at/entry.php?id=10271&&ser=212445" "Mozilla/5.0 (Windows NT 10.0; Win64; x64; rv:137.0) Gecko/20100101 Firefox/137.0"
151.106.166.201 - - [09/Apr/2025:17:28:26 +0200] "GET /gallery/image.php?mode=thumbnail&album_id=1&image_id=114&sid=fd9e7cb183f3370bff9ab7aedf7ec350 HTTP/1.1" 404 297 "-" "Mozilla/5.0 (X11; Ubuntu; Linux x86_64; rv:72.0) Gecko/20100101 Firefox/72.0"
151.106.166.201 - - [09/Apr/2025:17:28:26 +0200] "GET /gallery/image.php?mode=thumbnail&album_id=1&image_id=114&sid=fd9e7cb183f3370bff9ab7aedf7ec350 HTTP/1.1" 404 297 "-" "Mozilla/5.0 (X11; Ubuntu; Linux x86_64; rv:72.0) Gecko/20100101 Firefox/72.0"
151.106.166.201 - - [09/Apr/2025:17:28:26 +0200] "GET /gallery/image.php?mode=thumbnail&album_id=1&image_id=114&sid=fd9e7cb183f3370bff9ab7aedf7ec350 HTTP/1.1" 404 297 "-" "Mozilla/5.0 (X11; Ubuntu; Linux x86_64; rv:72.0) Gecko/20100101 Firefox/72.0"
151.106.173.252 - - [09/Apr/2025:17:29:08 +0200] "GET /styles/Factions/theme/images/tabstrip_member.png HTTP/1.1" 404 318 "-" "Mozilla/5.0 (X11; Ubuntu; Linux x86_64; rv:72.0) Gecko/20100101 Firefox/72.0"
151.106.173.252 - - [09/Apr/2025:17:29:08 +0200] "GET /styles/Factions/theme/images/tabstrip_member.png HTTP/1.1" 404 318 "-" "Mozilla/5.0 (X11; Ubuntu; Linux x86_64; rv:72.0) Gecko/20100101 Firefox/72.0"
151.106.173.252 - - [09/Apr/2025:17:29:09 +0200] "GET /styles/Factions/theme/images/tabstrip_member.png HTTP/1.1" 404 318 "-" "Mozilla/5.0 (X11; Ubuntu; Linux x86_64; rv:72.0) Gecko/20100101 Firefox/72.0"
178.165.172.18 - - [09/Apr/2025:17:29:17 +0200] "GET /entry.php?id=10271&&ser=212497 HTTP/1.1" 200 987 "http://hausegger.activities.at/entry.php?id=10271&&ser=212436" "Mozilla/5.0 (Windows NT 10.0; Win64; x64) AppleWebKit/537.36 (KHTML, like Gecko) Chrome/135.0.0.0 Safari/537.36"
178.165.172.18 - - [09/Apr/2025:17:29:18 +0200] "GET /gui/javascript/form_form.js?1744212558 HTTP/1.1" 200 16206 "http://hausegger.activities.at/entry.php?id=10271&&ser=212497" "Mozilla/5.0 (Windows NT 10.0; Win64; x64) AppleWebKit/537.36 (KHTML, like Gecko) Chrome/135.0.0.0 Safari/537.36"
178.165.172.18 - - [09/Apr/2025:17:29:26 +0200] "GET /entry.php?id=10271&&ser=212505 HTTP/1.1" 200 986 "http://hausegger.activities.at/entry.php?id=10271&&ser=212445" "Mozilla/5.0 (Windows NT 10.0; Win64; x64; rv:137.0) Gecko/20100101 Firefox/137.0"
178.165.172.18 - - [09/Apr/2025:17:29:26 +0200] "GET /gui/javascript/form_form.js?1744212566 HTTP/1.1" 200 16206 "http://hausegger.activities.at/entry.php?id=10271&&ser=212505" "Mozilla/5.0 (Windows NT 10.0; Win64; x64; rv:137.0) Gecko/20100101 Firefox/137.0"
178.165.172.18 - - [09/Apr/2025:17:30:18 +0200] "GET /entry.php?id=10271&&ser=212558 HTTP/1.1" 200 986 "http://hausegger.activities.at/entry.php?id=10271&&ser=212497" "Mozilla/5.0 (Windows NT 10.0; Win64; x64) AppleWebKit/537.36 (KHTML, like Gecko) Chrome/135.0.0.0 Safari/537.36"
178.165.172.18 - - [09/Apr/2025:17:30:19 +0200] "GET /gui/javascript/form_form.js?1744212619 HTTP/1.1" 200 16206 "http://hausegger.activities.at/entry.php?id=10271&&ser=212558" "Mozilla/5.0 (Windows NT 10.0; Win64; x64) AppleWebKit/537.36 (KHTML, like Gecko) Chrome/135.0.0.0 Safari/537.36"
178.165.172.18 - - [09/Apr/2025:17:30:27 +0200] "GET /entry.php?id=10271&&ser=212566 HTTP/1.1" 200 987 "http://hausegger.activities.at/entry.php?id=10271&&ser=212505" "Mozilla/5.0 (Windows NT 10.0; Win64; x64; rv:137.0) Gecko/20100101 Firefox/137.0"
178.165.172.18 - - [09/Apr/2025:17:30:28 +0200] "GET /gui/javascript/form_form.js?1744212628 HTTP/1.1" 200 16206 "http://hausegger.activities.at/entry.php?id=10271&&ser=212566" "Mozilla/5.0 (Windows NT 10.0; Win64; x64; rv:137.0) Gecko/20100101 Firefox/137.0"
151.106.162.8 - - [09/Apr/2025:17:30:50 +0200] "GET /download/file.php?id=253&sid=a6c29f9c9b19b7ac724fedc72513089e HTTP/1.1" 404 297 "-" "Mozilla/5.0 (X11; Ubuntu; Linux x86_64; rv:72.0) Gecko/20100101 Firefox/72.0"
