178.165.172.18 - - [10/Apr/2025:09:35:49 +0200] "GET /entry.php?id=10271&&ser=270489 HTTP/1.1" 200 986 "http://hausegger.activities.at/entry.php?id=10271&&ser=270428" "Mozilla/5.0 (Windows NT 10.0; Win64; x64; rv:137.0) Gecko/20100101 Firefox/137.0"
178.165.172.18 - - [10/Apr/2025:09:35:49 +0200] "GET /gui/javascript/form_form.js?1744270549 HTTP/1.1" 200 16206 "http://hausegger.activities.at/entry.php?id=10271&&ser=270489" "Mozilla/5.0 (Windows NT 10.0; Win64; x64; rv:137.0) Gecko/20100101 Firefox/137.0"
178.165.172.18 - - [10/Apr/2025:09:36:49 +0200] "GET /entry.php?id=10271&&ser=270549 HTTP/1.1" 200 986 "http://hausegger.activities.at/entry.php?id=10271&&ser=270489" "Mozilla/5.0 (Windows NT 10.0; Win64; x64; rv:137.0) Gecko/20100101 Firefox/137.0"
178.165.172.18 - - [10/Apr/2025:09:36:49 +0200] "GET /gui/javascript/form_form.js?1744270609 HTTP/1.1" 200 16206 "http://hausegger.activities.at/entry.php?id=10271&&ser=270549" "Mozilla/5.0 (Windows NT 10.0; Win64; x64; rv:137.0) Gecko/20100101 Firefox/137.0"
178.165.172.18 - - [10/Apr/2025:09:37:49 +0200] "GET /entry.php?id=10271&&ser=270609 HTTP/1.1" 200 986 "http://hausegger.activities.at/entry.php?id=10271&&ser=270549" "Mozilla/5.0 (Windows NT 10.0; Win64; x64; rv:137.0) Gecko/20100101 Firefox/137.0"
178.165.172.18 - - [10/Apr/2025:09:37:50 +0200] "GET /gui/javascript/form_form.js?1744270670 HTTP/1.1" 200 16206 "http://hausegger.activities.at/entry.php?id=10271&&ser=270609" "Mozilla/5.0 (Windows NT 10.0; Win64; x64; rv:137.0) Gecko/20100101 Firefox/137.0"
178.165.172.18 - - [10/Apr/2025:09:38:50 +0200] "GET /entry.php?id=10271&&ser=270670 HTTP/1.1" 200 986 "http://hausegger.activities.at/entry.php?id=10271&&ser=270609" "Mozilla/5.0 (Windows NT 10.0; Win64; x64; rv:137.0) Gecko/20100101 Firefox/137.0"
178.165.172.18 - - [10/Apr/2025:09:38:50 +0200] "GET /gui/javascript/form_form.js?1744270730 HTTP/1.1" 200 16206 "http://hausegger.activities.at/entry.php?id=10271&&ser=270670" "Mozilla/5.0 (Windows NT 10.0; Win64; x64; rv:137.0) Gecko/20100101 Firefox/137.0"
178.165.172.18 - - [10/Apr/2025:09:39:50 +0200] "GET /entry.php?id=10271&&ser=270730 HTTP/1.1" 200 986 "http://hausegger.activities.at/entry.php?id=10271&&ser=270670" "Mozilla/5.0 (Windows NT 10.0; Win64; x64; rv:137.0) Gecko/20100101 Firefox/137.0"
178.165.172.18 - - [10/Apr/2025:09:39:50 +0200] "GET /gui/javascript/form_form.js?1744270790 HTTP/1.1" 200 16206 "http://hausegger.activities.at/entry.php?id=10271&&ser=270730" "Mozilla/5.0 (Windows NT 10.0; Win64; x64; rv:137.0) Gecko/20100101 Firefox/137.0"
178.165.172.18 - - [10/Apr/2025:09:40:51 +0200] "GET /entry.php?id=10271&&ser=270790 HTTP/1.1" 200 986 "http://hausegger.activities.at/entry.php?id=10271&&ser=270730" "Mozilla/5.0 (Windows NT 10.0; Win64; x64; rv:137.0) Gecko/20100101 Firefox/137.0"
178.165.172.18 - - [10/Apr/2025:09:40:51 +0200] "GET /gui/javascript/form_form.js?1744270851 HTTP/1.1" 200 16206 "http://hausegger.activities.at/entry.php?id=10271&&ser=270790" "Mozilla/5.0 (Windows NT 10.0; Win64; x64; rv:137.0) Gecko/20100101 Firefox/137.0"
178.165.172.18 - - [10/Apr/2025:09:41:51 +0200] "GET /entry.php?id=10271&&ser=270851 HTTP/1.1" 200 986 "http://hausegger.activities.at/entry.php?id=10271&&ser=270790" "Mozilla/5.0 (Windows NT 10.0; Win64; x64; rv:137.0) Gecko/20100101 Firefox/137.0"
178.165.172.18 - - [10/Apr/2025:09:41:51 +0200] "GET /gui/javascript/form_form.js?1744270911 HTTP/1.1" 200 16206 "http://hausegger.activities.at/entry.php?id=10271&&ser=270851" "Mozilla/5.0 (Windows NT 10.0; Win64; x64; rv:137.0) Gecko/20100101 Firefox/137.0"
178.165.172.18 - - [10/Apr/2025:09:42:51 +0200] "GET /entry.php?id=10271&&ser=270911 HTTP/1.1" 200 986 "http://hausegger.activities.at/entry.php?id=10271&&ser=270851" "Mozilla/5.0 (Windows NT 10.0; Win64; x64; rv:137.0) Gecko/20100101 Firefox/137.0"
178.165.172.18 - - [10/Apr/2025:09:42:51 +0200] "GET /gui/javascript/form_form.js?1744270971 HTTP/1.1" 200 16206 "http://hausegger.activities.at/entry.php?id=10271&&ser=270911" "Mozilla/5.0 (Windows NT 10.0; Win64; x64; rv:137.0) Gecko/20100101 Firefox/137.0"
156.59.198.135 - - [10/Apr/2025:09:43:22 +0200] "GET /renault.activities.at/htdocs/export/pdf/emuc_document/12135964.pdf HTTP/1.0" 404 322 "-" "Mozilla/5.0 (Linux; Android 5.0) AppleWebKit/537.36 (KHTML, like Gecko) Mobile Safari/537.36 (compatible; Bytespider; spider-feedback@bytedance.com)"
156.59.198.136 - - [10/Apr/2025:09:43:31 +0200] "GET /renault.activities.at/htdocs/export/pdf/emuc_document/10745064.pdf HTTP/1.0" 404 322 "-" "Mozilla/5.0 (Linux; Android 5.0) AppleWebKit/537.36 (KHTML, like Gecko) Mobile Safari/537.36 (compatible; Bytespider; spider-feedback@bytedance.com)"
178.165.172.18 - - [10/Apr/2025:09:43:51 +0200] "GET /entry.php?id=10271&&ser=270971 HTTP/1.1" 200 986 "http://hausegger.activities.at/entry.php?id=10271&&ser=270911" "Mozilla/5.0 (Windows NT 10.0; Win64; x64; rv:137.0) Gecko/20100101 Firefox/137.0"
178.165.172.18 - - [10/Apr/2025:09:43:52 +0200] "GET /gui/javascript/form_form.js?1744271032 HTTP/1.1" 200 16206 "http://hausegger.activities.at/entry.php?id=10271&&ser=270971" "Mozilla/5.0 (Windows NT 10.0; Win64; x64; rv:137.0) Gecko/20100101 Firefox/137.0"
178.165.172.18 - - [10/Apr/2025:09:44:52 +0200] "GET /entry.php?id=10271&&ser=271032 HTTP/1.1" 200 986 "http://hausegger.activities.at/entry.php?id=10271&&ser=270971" "Mozilla/5.0 (Windows NT 10.0; Win64; x64; rv:137.0) Gecko/20100101 Firefox/137.0"
178.165.172.18 - - [10/Apr/2025:09:44:52 +0200] "GET /gui/javascript/form_form.js?1744271092 HTTP/1.1" 200 16206 "http://hausegger.activities.at/entry.php?id=10271&&ser=271032" "Mozilla/5.0 (Windows NT 10.0; Win64; x64; rv:137.0) Gecko/20100101 Firefox/137.0"
178.165.172.18 - - [10/Apr/2025:09:45:52 +0200] "GET /entry.php?id=10271&&ser=271092 HTTP/1.1" 200 986 "http://hausegger.activities.at/entry.php?id=10271&&ser=271032" "Mozilla/5.0 (Windows NT 10.0; Win64; x64; rv:137.0) Gecko/20100101 Firefox/137.0"
178.165.172.18 - - [10/Apr/2025:09:45:53 +0200] "GET /gui/javascript/form_form.js?1744271153 HTTP/1.1" 200 16206 "http://hausegger.activities.at/entry.php?id=10271&&ser=271092" "Mozilla/5.0 (Windows NT 10.0; Win64; x64; rv:137.0) Gecko/20100101 Firefox/137.0"
151.106.166.60 - - [10/Apr/2025:09:46:14 +0200] "GET /cron.php?cron_type=tidy_cache&sid=75766e58b49e24666c33a966c3745cd0 HTTP/1.1" 404 290 "-" "Mozilla/5.0 (X11; Ubuntu; Linux x86_64; rv:72.0) Gecko/20100101 Firefox/72.0"
151.106.166.60 - - [10/Apr/2025:09:46:15 +0200] "GET /cron.php?cron_type=tidy_cache&sid=75766e58b49e24666c33a966c3745cd0 HTTP/1.1" 404 290 "-" "Mozilla/5.0 (X11; Ubuntu; Linux x86_64; rv:72.0) Gecko/20100101 Firefox/72.0"
151.106.166.60 - - [10/Apr/2025:09:46:15 +0200] "GET /cron.php?cron_type=tidy_cache&sid=75766e58b49e24666c33a966c3745cd0 HTTP/1.1" 404 290 "-" "Mozilla/5.0 (X11; Ubuntu; Linux x86_64; rv:72.0) Gecko/20100101 Firefox/72.0"
151.106.164.42 - - [10/Apr/2025:09:46:22 +0200] "GET /cron.php?cron_type=tidy_cache&sid=9a20e0e13f54a143802487f774c24638 HTTP/1.1" 404 290 "-" "Mozilla/5.0 (X11; Ubuntu; Linux x86_64; rv:72.0) Gecko/20100101 Firefox/72.0"
151.106.164.42 - - [10/Apr/2025:09:46:22 +0200] "GET /cron.php?cron_type=tidy_cache&sid=9a20e0e13f54a143802487f774c24638 HTTP/1.1" 404 290 "-" "Mozilla/5.0 (X11; Ubuntu; Linux x86_64; rv:72.0) Gecko/20100101 Firefox/72.0"
151.106.164.42 - - [10/Apr/2025:09:46:22 +0200] "GET /cron.php?cron_type=tidy_cache&sid=9a20e0e13f54a143802487f774c24638 HTTP/1.1" 404 290 "-" "Mozilla/5.0 (X11; Ubuntu; Linux x86_64; rv:72.0) Gecko/20100101 Firefox/72.0"
178.165.172.18 - - [10/Apr/2025:09:46:53 +0200] "GET /entry.php?id=10271&&ser=271153 HTTP/1.1" 200 986 "http://hausegger.activities.at/entry.php?id=10271&&ser=271092" "Mozilla/5.0 (Windows NT 10.0; Win64; x64; rv:137.0) Gecko/20100101 Firefox/137.0"
178.165.172.18 - - [10/Apr/2025:09:46:53 +0200] "GET /gui/javascript/form_form.js?1744271213 HTTP/1.1" 200 16206 "http://hausegger.activities.at/entry.php?id=10271&&ser=271153" "Mozilla/5.0 (Windows NT 10.0; Win64; x64; rv:137.0) Gecko/20100101 Firefox/137.0"
178.165.172.18 - - [10/Apr/2025:09:47:53 +0200] "GET /entry.php?id=10271&&ser=271213 HTTP/1.1" 200 986 "http://hausegger.activities.at/entry.php?id=10271&&ser=271153" "Mozilla/5.0 (Windows NT 10.0; Win64; x64; rv:137.0) Gecko/20100101 Firefox/137.0"
178.165.172.18 - - [10/Apr/2025:09:47:53 +0200] "GET /gui/javascript/form_form.js?1744271273 HTTP/1.1" 200 16206 "http://hausegger.activities.at/entry.php?id=10271&&ser=271213" "Mozilla/5.0 (Windows NT 10.0; Win64; x64; rv:137.0) Gecko/20100101 Firefox/137.0"
151.106.168.134 - - [10/Apr/2025:09:48:51 +0200] "GET /download/file.php?id=254&sid=1b7ab1339830d141d5e624514d479a44 HTTP/1.1" 404 297 "-" "Mozilla/5.0 (X11; Ubuntu; Linux x86_64; rv:72.0) Gecko/20100101 Firefox/72.0"
151.106.168.134 - - [10/Apr/2025:09:48:51 +0200] "GET /download/file.php?id=254&sid=1b7ab1339830d141d5e624514d479a44 HTTP/1.1" 404 297 "-" "Mozilla/5.0 (X11; Ubuntu; Linux x86_64; rv:72.0) Gecko/20100101 Firefox/72.0"
178.165.172.18 - - [10/Apr/2025:09:48:53 +0200] "GET /entry.php?id=10271&&ser=271273 HTTP/1.1" 200 986 "http://hausegger.activities.at/entry.php?id=10271&&ser=271213" "Mozilla/5.0 (Windows NT 10.0; Win64; x64; rv:137.0) Gecko/20100101 Firefox/137.0"
178.165.172.18 - - [10/Apr/2025:09:48:53 +0200] "GET /gui/javascript/form_form.js?1744271333 HTTP/1.1" 200 16206 "http://hausegger.activities.at/entry.php?id=10271&&ser=271273" "Mozilla/5.0 (Windows NT 10.0; Win64; x64; rv:137.0) Gecko/20100101 Firefox/137.0"
178.165.172.18 - - [10/Apr/2025:09:49:54 +0200] "GET /entry.php?id=10271&&ser=271333 HTTP/1.1" 200 986 "http://hausegger.activities.at/entry.php?id=10271&&ser=271273" "Mozilla/5.0 (Windows NT 10.0; Win64; x64; rv:137.0) Gecko/20100101 Firefox/137.0"
178.165.172.18 - - [10/Apr/2025:09:49:54 +0200] "GET /gui/javascript/form_form.js?1744271394 HTTP/1.1" 200 16206 "http://hausegger.activities.at/entry.php?id=10271&&ser=271333" "Mozilla/5.0 (Windows NT 10.0; Win64; x64; rv:137.0) Gecko/20100101 Firefox/137.0"
178.165.172.18 - - [10/Apr/2025:09:50:54 +0200] "GET /entry.php?id=10271&&ser=271394 HTTP/1.1" 200 986 "http://hausegger.activities.at/entry.php?id=10271&&ser=271333" "Mozilla/5.0 (Windows NT 10.0; Win64; x64; rv:137.0) Gecko/20100101 Firefox/137.0"
178.165.172.18 - - [10/Apr/2025:09:50:54 +0200] "GET /gui/javascript/form_form.js?1744271454 HTTP/1.1" 200 16206 "http://hausegger.activities.at/entry.php?id=10271&&ser=271394" "Mozilla/5.0 (Windows NT 10.0; Win64; x64; rv:137.0) Gecko/20100101 Firefox/137.0"
178.165.172.18 - - [10/Apr/2025:09:51:54 +0200] "GET /entry.php?id=10271&&ser=271454 HTTP/1.1" 200 986 "http://hausegger.activities.at/entry.php?id=10271&&ser=271394" "Mozilla/5.0 (Windows NT 10.0; Win64; x64; rv:137.0) Gecko/20100101 Firefox/137.0"
178.165.172.18 - - [10/Apr/2025:09:51:54 +0200] "GET /gui/javascript/form_form.js?1744271514 HTTP/1.1" 200 16206 "http://hausegger.activities.at/entry.php?id=10271&&ser=271454" "Mozilla/5.0 (Windows NT 10.0; Win64; x64; rv:137.0) Gecko/20100101 Firefox/137.0"
151.106.177.184 - - [10/Apr/2025:09:51:56 +0200] "GET /download/file.php?id=212&sid=4a82a25f80b8f5525393f679ac055065 HTTP/1.1" 404 297 "-" "Mozilla/5.0 (X11; Ubuntu; Linux x86_64; rv:72.0) Gecko/20100101 Firefox/72.0"
151.106.177.184 - - [10/Apr/2025:09:51:57 +0200] "GET /download/file.php?id=212&sid=4a82a25f80b8f5525393f679ac055065 HTTP/1.1" 404 297 "-" "Mozilla/5.0 (X11; Ubuntu; Linux x86_64; rv:72.0) Gecko/20100101 Firefox/72.0"
151.106.177.184 - - [10/Apr/2025:09:51:57 +0200] "GET /download/file.php?id=212&sid=4a82a25f80b8f5525393f679ac055065 HTTP/1.1" 404 297 "-" "Mozilla/5.0 (X11; Ubuntu; Linux x86_64; rv:72.0) Gecko/20100101 Firefox/72.0"
178.165.172.18 - - [10/Apr/2025:09:52:54 +0200] "GET /entry.php?id=10271&&ser=271514 HTTP/1.1" 200 987 "http://hausegger.activities.at/entry.php?id=10271&&ser=271454" "Mozilla/5.0 (Windows NT 10.0; Win64; x64; rv:137.0) Gecko/20100101 Firefox/137.0"
178.165.172.18 - - [10/Apr/2025:09:52:55 +0200] "GET /gui/javascript/form_form.js?1744271575 HTTP/1.1" 200 16206 "http://hausegger.activities.at/entry.php?id=10271&&ser=271514" "Mozilla/5.0 (Windows NT 10.0; Win64; x64; rv:137.0) Gecko/20100101 Firefox/137.0"
178.165.172.18 - - [10/Apr/2025:09:53:55 +0200] "GET /entry.php?id=10271&&ser=271575 HTTP/1.1" 200 986 "http://hausegger.activities.at/entry.php?id=10271&&ser=271514" "Mozilla/5.0 (Windows NT 10.0; Win64; x64; rv:137.0) Gecko/20100101 Firefox/137.0"
178.165.172.18 - - [10/Apr/2025:09:53:55 +0200] "GET /gui/javascript/form_form.js?1744271635 HTTP/1.1" 200 16206 "http://hausegger.activities.at/entry.php?id=10271&&ser=271575" "Mozilla/5.0 (Windows NT 10.0; Win64; x64; rv:137.0) Gecko/20100101 Firefox/137.0"
178.165.172.18 - - [10/Apr/2025:09:54:55 +0200] "GET /entry.php?id=10271&&ser=271635 HTTP/1.1" 200 986 "http://hausegger.activities.at/entry.php?id=10271&&ser=271575" "Mozilla/5.0 (Windows NT 10.0; Win64; x64; rv:137.0) Gecko/20100101 Firefox/137.0"
178.165.172.18 - - [10/Apr/2025:09:54:55 +0200] "GET /gui/javascript/form_form.js?1744271695 HTTP/1.1" 200 16206 "http://hausegger.activities.at/entry.php?id=10271&&ser=271635" "Mozilla/5.0 (Windows NT 10.0; Win64; x64; rv:137.0) Gecko/20100101 Firefox/137.0"
154.81.156.54 - - [10/Apr/2025:09:55:51 +0200] "GET / HTTP/1.1" 200 274 "-" "Mozilla/5.0 (Windows NT 10.0; Win64; x64) AppleWebKit/537.36 (KHTML, like Gecko) Chrome/90.0.4430.85 Safari/537.36 Edg/90.0.818.46"
178.165.172.18 - - [10/Apr/2025:09:55:55 +0200] "GET /entry.php?id=10271&&ser=271695 HTTP/1.1" 200 987 "http://hausegger.activities.at/entry.php?id=10271&&ser=271635" "Mozilla/5.0 (Windows NT 10.0; Win64; x64; rv:137.0) Gecko/20100101 Firefox/137.0"
178.165.172.18 - - [10/Apr/2025:09:55:56 +0200] "GET /gui/javascript/form_form.js?1744271755 HTTP/1.1" 200 16206 "http://hausegger.activities.at/entry.php?id=10271&&ser=271695" "Mozilla/5.0 (Windows NT 10.0; Win64; x64; rv:137.0) Gecko/20100101 Firefox/137.0"
156.59.198.136 - - [10/Apr/2025:09:56:13 +0200] "GET /renault.activities.at/htdocs/binaries/10267451.pdf HTTP/1.0" 404 311 "-" "Mozilla/5.0 (Linux; Android 5.0) AppleWebKit/537.36 (KHTML, like Gecko) Mobile Safari/537.36 (compatible; Bytespider; spider-feedback@bytedance.com)"
178.165.172.18 - - [10/Apr/2025:09:56:56 +0200] "GET /entry.php?id=10271&&ser=271755 HTTP/1.1" 200 986 "http://hausegger.activities.at/entry.php?id=10271&&ser=271695" "Mozilla/5.0 (Windows NT 10.0; Win64; x64; rv:137.0) Gecko/20100101 Firefox/137.0"
178.165.172.18 - - [10/Apr/2025:09:56:56 +0200] "GET /gui/javascript/form_form.js?1744271816 HTTP/1.1" 200 16206 "http://hausegger.activities.at/entry.php?id=10271&&ser=271755" "Mozilla/5.0 (Windows NT 10.0; Win64; x64; rv:137.0) Gecko/20100101 Firefox/137.0"
178.165.172.18 - - [10/Apr/2025:09:57:56 +0200] "GET /entry.php?id=10271&&ser=271816 HTTP/1.1" 200 986 "http://hausegger.activities.at/entry.php?id=10271&&ser=271755" "Mozilla/5.0 (Windows NT 10.0; Win64; x64; rv:137.0) Gecko/20100101 Firefox/137.0"
178.165.172.18 - - [10/Apr/2025:09:57:57 +0200] "GET /gui/javascript/form_form.js?1744271876 HTTP/1.1" 200 16206 "http://hausegger.activities.at/entry.php?id=10271&&ser=271816" "Mozilla/5.0 (Windows NT 10.0; Win64; x64; rv:137.0) Gecko/20100101 Firefox/137.0"
154.81.156.54 - - [10/Apr/2025:09:58:26 +0200] "GET / HTTP/1.1" 200 274 "-" "Mozilla/5.0 (Windows NT 10.0; Win64; x64) AppleWebKit/537.36 (KHTML, like Gecko) Chrome/90.0.4430.85 Safari/537.36 Edg/90.0.818.46"
178.165.172.18 - - [10/Apr/2025:09:58:57 +0200] "GET /entry.php?id=10271&&ser=271876 HTTP/1.1" 200 986 "http://hausegger.activities.at/entry.php?id=10271&&ser=271816" "Mozilla/5.0 (Windows NT 10.0; Win64; x64; rv:137.0) Gecko/20100101 Firefox/137.0"
178.165.172.18 - - [10/Apr/2025:09:58:57 +0200] "GET /gui/javascript/form_form.js?1744271937 HTTP/1.1" 200 16206 "http://hausegger.activities.at/entry.php?id=10271&&ser=271876" "Mozilla/5.0 (Windows NT 10.0; Win64; x64; rv:137.0) Gecko/20100101 Firefox/137.0"
178.165.172.18 - - [10/Apr/2025:09:59:57 +0200] "GET /entry.php?id=10271&&ser=271937 HTTP/1.1" 200 986 "http://hausegger.activities.at/entry.php?id=10271&&ser=271876" "Mozilla/5.0 (Windows NT 10.0; Win64; x64; rv:137.0) Gecko/20100101 Firefox/137.0"
178.165.172.18 - - [10/Apr/2025:09:59:57 +0200] "GET /gui/javascript/form_form.js?1744271997 HTTP/1.1" 200 16206 "http://hausegger.activities.at/entry.php?id=10271&&ser=271937" "Mozilla/5.0 (Windows NT 10.0; Win64; x64; rv:137.0) Gecko/20100101 Firefox/137.0"
156.59.198.135 - - [10/Apr/2025:10:00:17 +0200] "GET /renault.2web.at/htdocs/binaries/10661427.pdf HTTP/1.0" 404 308 "-" "Mozilla/5.0 (Linux; Android 5.0) AppleWebKit/537.36 (KHTML, like Gecko) Mobile Safari/537.36 (compatible; Bytespider; spider-feedback@bytedance.com)"
178.165.172.18 - - [10/Apr/2025:10:00:57 +0200] "GET /entry.php?id=10271&&ser=271997 HTTP/1.1" 200 986 "http://hausegger.activities.at/entry.php?id=10271&&ser=271937" "Mozilla/5.0 (Windows NT 10.0; Win64; x64; rv:137.0) Gecko/20100101 Firefox/137.0"
178.165.172.18 - - [10/Apr/2025:10:00:57 +0200] "GET /gui/javascript/form_form.js?1744272057 HTTP/1.1" 200 16206 "http://hausegger.activities.at/entry.php?id=10271&&ser=271997" "Mozilla/5.0 (Windows NT 10.0; Win64; x64; rv:137.0) Gecko/20100101 Firefox/137.0"
178.165.172.18 - - [10/Apr/2025:10:01:58 +0200] "GET /entry.php?id=10271&&ser=272057 HTTP/1.1" 200 986 "http://hausegger.activities.at/entry.php?id=10271&&ser=271997" "Mozilla/5.0 (Windows NT 10.0; Win64; x64; rv:137.0) Gecko/20100101 Firefox/137.0"
178.165.172.18 - - [10/Apr/2025:10:01:58 +0200] "GET /gui/javascript/form_form.js?1744272118 HTTP/1.1" 200 16206 "http://hausegger.activities.at/entry.php?id=10271&&ser=272057" "Mozilla/5.0 (Windows NT 10.0; Win64; x64; rv:137.0) Gecko/20100101 Firefox/137.0"
178.165.172.18 - - [10/Apr/2025:10:02:58 +0200] "GET /entry.php?id=10271&&ser=272118 HTTP/1.1" 200 986 "http://hausegger.activities.at/entry.php?id=10271&&ser=272057" "Mozilla/5.0 (Windows NT 10.0; Win64; x64; rv:137.0) Gecko/20100101 Firefox/137.0"
178.165.172.18 - - [10/Apr/2025:10:02:59 +0200] "GET /gui/javascript/form_form.js?1744272179 HTTP/1.1" 200 16206 "http://hausegger.activities.at/entry.php?id=10271&&ser=272118" "Mozilla/5.0 (Windows NT 10.0; Win64; x64; rv:137.0) Gecko/20100101 Firefox/137.0"
178.165.172.18 - - [10/Apr/2025:10:03:59 +0200] "GET /entry.php?id=10271&&ser=272179 HTTP/1.1" 200 986 "http://hausegger.activities.at/entry.php?id=10271&&ser=272118" "Mozilla/5.0 (Windows NT 10.0; Win64; x64; rv:137.0) Gecko/20100101 Firefox/137.0"
178.165.172.18 - - [10/Apr/2025:10:04:00 +0200] "GET /gui/javascript/form_form.js?1744272240 HTTP/1.1" 200 16206 "http://hausegger.activities.at/entry.php?id=10271&&ser=272179" "Mozilla/5.0 (Windows NT 10.0; Win64; x64; rv:137.0) Gecko/20100101 Firefox/137.0"
156.59.198.135 - - [10/Apr/2025:10:04:34 +0200] "GET /renault.activities.at/htdocs/export/pdf/emuc_document/11470806.pdf HTTP/1.0" 404 322 "-" "Mozilla/5.0 (Linux; Android 5.0) AppleWebKit/537.36 (KHTML, like Gecko) Mobile Safari/537.36 (compatible; Bytespider; spider-feedback@bytedance.com)"
178.165.172.18 - - [10/Apr/2025:10:05:00 +0200] "GET /entry.php?id=10271&&ser=272240 HTTP/1.1" 200 986 "http://hausegger.activities.at/entry.php?id=10271&&ser=272179" "Mozilla/5.0 (Windows NT 10.0; Win64; x64; rv:137.0) Gecko/20100101 Firefox/137.0"
178.165.172.18 - - [10/Apr/2025:10:05:00 +0200] "GET /gui/javascript/form_form.js?1744272300 HTTP/1.1" 200 16206 "http://hausegger.activities.at/entry.php?id=10271&&ser=272240" "Mozilla/5.0 (Windows NT 10.0; Win64; x64; rv:137.0) Gecko/20100101 Firefox/137.0"
114.119.143.172 - - [10/Apr/2025:10:05:07 +0200] "GET /robots.txt HTTP/1.1" 404 291 "-" "Mozilla/5.0 (compatible;PetalBot;+https://webmaster.petalsearch.com/site/petalbot)"
114.119.152.139 - - [10/Apr/2025:10:05:20 +0200] "GET /robots.txt HTTP/1.1" 404 291 "-" "Mozilla/5.0 (compatible;PetalBot;+https://webmaster.petalsearch.com/site/petalbot)"
178.165.172.18 - - [10/Apr/2025:10:06:00 +0200] "GET /entry.php?id=10271&&ser=272300 HTTP/1.1" 200 986 "http://hausegger.activities.at/entry.php?id=10271&&ser=272240" "Mozilla/5.0 (Windows NT 10.0; Win64; x64; rv:137.0) Gecko/20100101 Firefox/137.0"
178.165.172.18 - - [10/Apr/2025:10:06:00 +0200] "GET /gui/javascript/form_form.js?1744272360 HTTP/1.1" 200 16206 "http://hausegger.activities.at/entry.php?id=10271&&ser=272300" "Mozilla/5.0 (Windows NT 10.0; Win64; x64; rv:137.0) Gecko/20100101 Firefox/137.0"
178.165.172.18 - - [10/Apr/2025:10:07:00 +0200] "GET /entry.php?id=10271&&ser=272360 HTTP/1.1" 200 986 "http://hausegger.activities.at/entry.php?id=10271&&ser=272300" "Mozilla/5.0 (Windows NT 10.0; Win64; x64; rv:137.0) Gecko/20100101 Firefox/137.0"
178.165.172.18 - - [10/Apr/2025:10:07:01 +0200] "GET /gui/javascript/form_form.js?1744272421 HTTP/1.1" 200 16206 "http://hausegger.activities.at/entry.php?id=10271&&ser=272360" "Mozilla/5.0 (Windows NT 10.0; Win64; x64; rv:137.0) Gecko/20100101 Firefox/137.0"
152.53.115.235 - - [10/Apr/2025:10:07:06 +0200] "GET /wp-content/uploads/grup13-300x169.jpg HTTP/1.1" 404 315 "-" "Mozilla/5.0 (Windows NT 10.0; Win64; x64) AppleWebKit/537.36 (KHTML, like Gecko) Chrome/100.0.4714.628 Safari/537.36"
178.165.172.18 - - [10/Apr/2025:10:08:01 +0200] "GET /entry.php?id=10271&&ser=272421 HTTP/1.1" 200 986 "http://hausegger.activities.at/entry.php?id=10271&&ser=272360" "Mozilla/5.0 (Windows NT 10.0; Win64; x64; rv:137.0) Gecko/20100101 Firefox/137.0"
178.165.172.18 - - [10/Apr/2025:10:08:01 +0200] "GET /gui/javascript/form_form.js?1744272481 HTTP/1.1" 200 16206 "http://hausegger.activities.at/entry.php?id=10271&&ser=272421" "Mozilla/5.0 (Windows NT 10.0; Win64; x64; rv:137.0) Gecko/20100101 Firefox/137.0"
139.162.71.210 - - [10/Apr/2025:10:08:05 +0200] "GET / HTTP/1.1" 200 274 "-" "Mozilla/5.0 zgrab/0.x"
178.165.172.18 - - [10/Apr/2025:10:09:01 +0200] "GET /entry.php?id=10271&&ser=272481 HTTP/1.1" 200 986 "http://hausegger.activities.at/entry.php?id=10271&&ser=272421" "Mozilla/5.0 (Windows NT 10.0; Win64; x64; rv:137.0) Gecko/20100101 Firefox/137.0"
178.165.172.18 - - [10/Apr/2025:10:09:01 +0200] "GET /gui/javascript/form_form.js?1744272541 HTTP/1.1" 200 16206 "http://hausegger.activities.at/entry.php?id=10271&&ser=272481" "Mozilla/5.0 (Windows NT 10.0; Win64; x64; rv:137.0) Gecko/20100101 Firefox/137.0"
178.165.172.18 - - [10/Apr/2025:10:10:01 +0200] "GET /entry.php?id=10271&&ser=272541 HTTP/1.1" 200 986 "http://hausegger.activities.at/entry.php?id=10271&&ser=272481" "Mozilla/5.0 (Windows NT 10.0; Win64; x64; rv:137.0) Gecko/20100101 Firefox/137.0"
178.165.172.18 - - [10/Apr/2025:10:10:02 +0200] "GET /gui/javascript/form_form.js?1744272602 HTTP/1.1" 200 16206 "http://hausegger.activities.at/entry.php?id=10271&&ser=272541" "Mozilla/5.0 (Windows NT 10.0; Win64; x64; rv:137.0) Gecko/20100101 Firefox/137.0"
178.165.172.18 - - [10/Apr/2025:10:11:03 +0200] "GET /entry.php?id=10271&&ser=272602 HTTP/1.1" 200 986 "http://hausegger.activities.at/entry.php?id=10271&&ser=272541" "Mozilla/5.0 (Windows NT 10.0; Win64; x64; rv:137.0) Gecko/20100101 Firefox/137.0"
178.165.172.18 - - [10/Apr/2025:10:11:03 +0200] "GET /gui/javascript/form_form.js?1744272663 HTTP/1.1" 200 16206 "http://hausegger.activities.at/entry.php?id=10271&&ser=272602" "Mozilla/5.0 (Windows NT 10.0; Win64; x64; rv:137.0) Gecko/20100101 Firefox/137.0"
178.165.172.18 - - [10/Apr/2025:10:12:03 +0200] "GET /entry.php?id=10271&&ser=272663 HTTP/1.1" 200 986 "http://hausegger.activities.at/entry.php?id=10271&&ser=272602" "Mozilla/5.0 (Windows NT 10.0; Win64; x64; rv:137.0) Gecko/20100101 Firefox/137.0"
178.165.172.18 - - [10/Apr/2025:10:12:03 +0200] "GET /gui/javascript/form_form.js?1744272723 HTTP/1.1" 200 16206 "http://hausegger.activities.at/entry.php?id=10271&&ser=272663" "Mozilla/5.0 (Windows NT 10.0; Win64; x64; rv:137.0) Gecko/20100101 Firefox/137.0"
178.165.172.18 - - [10/Apr/2025:10:13:03 +0200] "GET /entry.php?id=10271&&ser=272723 HTTP/1.1" 200 986 "http://hausegger.activities.at/entry.php?id=10271&&ser=272663" "Mozilla/5.0 (Windows NT 10.0; Win64; x64; rv:137.0) Gecko/20100101 Firefox/137.0"
178.165.172.18 - - [10/Apr/2025:10:13:03 +0200] "GET /gui/javascript/form_form.js?1744272783 HTTP/1.1" 200 16206 "http://hausegger.activities.at/entry.php?id=10271&&ser=272723" "Mozilla/5.0 (Windows NT 10.0; Win64; x64; rv:137.0) Gecko/20100101 Firefox/137.0"
178.165.172.18 - - [10/Apr/2025:10:14:04 +0200] "GET /entry.php?id=10271&&ser=272783 HTTP/1.1" 200 986 "http://hausegger.activities.at/entry.php?id=10271&&ser=272723" "Mozilla/5.0 (Windows NT 10.0; Win64; x64; rv:137.0) Gecko/20100101 Firefox/137.0"
178.165.172.18 - - [10/Apr/2025:10:14:04 +0200] "GET /gui/javascript/form_form.js?1744272844 HTTP/1.1" 200 16206 "http://hausegger.activities.at/entry.php?id=10271&&ser=272783" "Mozilla/5.0 (Windows NT 10.0; Win64; x64; rv:137.0) Gecko/20100101 Firefox/137.0"
147.185.132.31 - - [10/Apr/2025:10:14:06 +0200] "\x16\x03\x01" 400 383 "-" "-"
147.185.132.31 - - [10/Apr/2025:10:14:07 +0200] "\x16\x03\x01" 400 383 "-" "-"
151.106.169.235 - - [10/Apr/2025:10:14:44 +0200] "GET /download/file.php?id=256&sid=fb02aa5864cff41d06b093a0164bec7d HTTP/1.1" 404 297 "-" "Mozilla/5.0 (X11; Ubuntu; Linux x86_64; rv:72.0) Gecko/20100101 Firefox/72.0"
151.106.169.235 - - [10/Apr/2025:10:14:44 +0200] "GET /download/file.php?id=256&sid=fb02aa5864cff41d06b093a0164bec7d HTTP/1.1" 404 297 "-" "Mozilla/5.0 (X11; Ubuntu; Linux x86_64; rv:72.0) Gecko/20100101 Firefox/72.0"
151.106.169.235 - - [10/Apr/2025:10:14:45 +0200] "GET /download/file.php?id=256&sid=fb02aa5864cff41d06b093a0164bec7d HTTP/1.1" 404 297 "-" "Mozilla/5.0 (X11; Ubuntu; Linux x86_64; rv:72.0) Gecko/20100101 Firefox/72.0"
178.165.172.18 - - [10/Apr/2025:10:15:05 +0200] "GET /entry.php?id=10271&&ser=272844 HTTP/1.1" 200 986 "http://hausegger.activities.at/entry.php?id=10271&&ser=272783" "Mozilla/5.0 (Windows NT 10.0; Win64; x64; rv:137.0) Gecko/20100101 Firefox/137.0"
178.165.172.18 - - [10/Apr/2025:10:15:05 +0200] "GET /gui/javascript/form_form.js?1744272905 HTTP/1.1" 200 16206 "http://hausegger.activities.at/entry.php?id=10271&&ser=272844" "Mozilla/5.0 (Windows NT 10.0; Win64; x64; rv:137.0) Gecko/20100101 Firefox/137.0"
178.165.172.18 - - [10/Apr/2025:10:16:05 +0200] "GET /entry.php?id=10271&&ser=272905 HTTP/1.1" 200 986 "http://hausegger.activities.at/entry.php?id=10271&&ser=272844" "Mozilla/5.0 (Windows NT 10.0; Win64; x64; rv:137.0) Gecko/20100101 Firefox/137.0"
178.165.172.18 - - [10/Apr/2025:10:16:05 +0200] "GET /gui/javascript/form_form.js?1744272965 HTTP/1.1" 200 16206 "http://hausegger.activities.at/entry.php?id=10271&&ser=272905" "Mozilla/5.0 (Windows NT 10.0; Win64; x64; rv:137.0) Gecko/20100101 Firefox/137.0"
195.211.191.127 - - [10/Apr/2025:10:16:54 +0200] "GET /.git/config HTTP/1.1" 404 285 "-" "Mozilla/5.0 (X11; U; Linux x86_64; en-US; rv:1.9.1.17) Gecko/20110123 SeaMonkey/2.0.12"
178.165.172.18 - - [10/Apr/2025:10:17:05 +0200] "GET /entry.php?id=10271&&ser=272965 HTTP/1.1" 200 988 "http://hausegger.activities.at/entry.php?id=10271&&ser=272905" "Mozilla/5.0 (Windows NT 10.0; Win64; x64; rv:137.0) Gecko/20100101 Firefox/137.0"
178.165.172.18 - - [10/Apr/2025:10:17:06 +0200] "GET /gui/javascript/form_form.js?1744273026 HTTP/1.1" 200 16206 "http://hausegger.activities.at/entry.php?id=10271&&ser=272965" "Mozilla/5.0 (Windows NT 10.0; Win64; x64; rv:137.0) Gecko/20100101 Firefox/137.0"
151.106.181.25 - - [10/Apr/2025:10:17:39 +0200] "GET /download/file.php?id=254&sid=6ff1203ea21ad55ae131b8f2a9dee9b6 HTTP/1.1" 404 297 "-" "Mozilla/5.0 (X11; Ubuntu; Linux x86_64; rv:72.0) Gecko/20100101 Firefox/72.0"
151.106.181.25 - - [10/Apr/2025:10:17:39 +0200] "GET /download/file.php?id=254&sid=6ff1203ea21ad55ae131b8f2a9dee9b6 HTTP/1.1" 404 297 "-" "Mozilla/5.0 (X11; Ubuntu; Linux x86_64; rv:72.0) Gecko/20100101 Firefox/72.0"
151.106.181.25 - - [10/Apr/2025:10:17:39 +0200] "GET /download/file.php?id=254&sid=6ff1203ea21ad55ae131b8f2a9dee9b6 HTTP/1.1" 404 297 "-" "Mozilla/5.0 (X11; Ubuntu; Linux x86_64; rv:72.0) Gecko/20100101 Firefox/72.0"
178.165.172.18 - - [10/Apr/2025:10:18:06 +0200] "GET /entry.php?id=10271&&ser=273025 HTTP/1.1" 200 986 "http://hausegger.activities.at/entry.php?id=10271&&ser=272965" "Mozilla/5.0 (Windows NT 10.0; Win64; x64; rv:137.0) Gecko/20100101 Firefox/137.0"
178.165.172.18 - - [10/Apr/2025:10:18:06 +0200] "GET /gui/javascript/form_form.js?1744273086 HTTP/1.1" 200 16206 "http://hausegger.activities.at/entry.php?id=10271&&ser=273025" "Mozilla/5.0 (Windows NT 10.0; Win64; x64; rv:137.0) Gecko/20100101 Firefox/137.0"
178.165.172.18 - - [10/Apr/2025:10:19:06 +0200] "GET /entry.php?id=10271&&ser=273086 HTTP/1.1" 200 986 "http://hausegger.activities.at/entry.php?id=10271&&ser=273025" "Mozilla/5.0 (Windows NT 10.0; Win64; x64; rv:137.0) Gecko/20100101 Firefox/137.0"
178.165.172.18 - - [10/Apr/2025:10:19:06 +0200] "GET /gui/javascript/form_form.js?1744273146 HTTP/1.1" 200 16206 "http://hausegger.activities.at/entry.php?id=10271&&ser=273086" "Mozilla/5.0 (Windows NT 10.0; Win64; x64; rv:137.0) Gecko/20100101 Firefox/137.0"
151.106.191.239 - - [10/Apr/2025:10:19:59 +0200] "GET /mock2.jpg HTTP/1.1" 404 293 "-" "Mozilla/5.0 (X11; Ubuntu; Linux x86_64; rv:72.0) Gecko/20100101 Firefox/72.0"
151.106.191.239 - - [10/Apr/2025:10:19:59 +0200] "GET /mock2.jpg HTTP/1.1" 404 293 "-" "Mozilla/5.0 (X11; Ubuntu; Linux x86_64; rv:72.0) Gecko/20100101 Firefox/72.0"
151.106.191.239 - - [10/Apr/2025:10:20:00 +0200] "GET /mock2.jpg HTTP/1.1" 404 293 "-" "Mozilla/5.0 (X11; Ubuntu; Linux x86_64; rv:72.0) Gecko/20100101 Firefox/72.0"
178.165.172.18 - - [10/Apr/2025:10:20:06 +0200] "GET /entry.php?id=10271&&ser=273146 HTTP/1.1" 200 986 "http://hausegger.activities.at/entry.php?id=10271&&ser=273086" "Mozilla/5.0 (Windows NT 10.0; Win64; x64; rv:137.0) Gecko/20100101 Firefox/137.0"
178.165.172.18 - - [10/Apr/2025:10:20:07 +0200] "GET /gui/javascript/form_form.js?1744273206 HTTP/1.1" 200 16206 "http://hausegger.activities.at/entry.php?id=10271&&ser=273146" "Mozilla/5.0 (Windows NT 10.0; Win64; x64; rv:137.0) Gecko/20100101 Firefox/137.0"
178.165.172.18 - - [10/Apr/2025:10:21:07 +0200] "GET /entry.php?id=10271&&ser=273206 HTTP/1.1" 200 986 "http://hausegger.activities.at/entry.php?id=10271&&ser=273146" "Mozilla/5.0 (Windows NT 10.0; Win64; x64; rv:137.0) Gecko/20100101 Firefox/137.0"
178.165.172.18 - - [10/Apr/2025:10:21:07 +0200] "GET /gui/javascript/form_form.js?1744273267 HTTP/1.1" 200 16206 "http://hausegger.activities.at/entry.php?id=10271&&ser=273206" "Mozilla/5.0 (Windows NT 10.0; Win64; x64; rv:137.0) Gecko/20100101 Firefox/137.0"
178.165.172.18 - - [10/Apr/2025:10:22:07 +0200] "GET /entry.php?id=10271&&ser=273267 HTTP/1.1" 200 986 "http://hausegger.activities.at/entry.php?id=10271&&ser=273206" "Mozilla/5.0 (Windows NT 10.0; Win64; x64; rv:137.0) Gecko/20100101 Firefox/137.0"
178.165.172.18 - - [10/Apr/2025:10:22:07 +0200] "GET /gui/javascript/form_form.js?1744273327 HTTP/1.1" 200 16206 "http://hausegger.activities.at/entry.php?id=10271&&ser=273267" "Mozilla/5.0 (Windows NT 10.0; Win64; x64; rv:137.0) Gecko/20100101 Firefox/137.0"
178.165.172.18 - - [10/Apr/2025:10:23:07 +0200] "GET /entry.php?id=10271&&ser=273327 HTTP/1.1" 200 986 "http://hausegger.activities.at/entry.php?id=10271&&ser=273267" "Mozilla/5.0 (Windows NT 10.0; Win64; x64; rv:137.0) Gecko/20100101 Firefox/137.0"
178.165.172.18 - - [10/Apr/2025:10:23:08 +0200] "GET /gui/javascript/form_form.js?1744273387 HTTP/1.1" 200 16206 "http://hausegger.activities.at/entry.php?id=10271&&ser=273327" "Mozilla/5.0 (Windows NT 10.0; Win64; x64; rv:137.0) Gecko/20100101 Firefox/137.0"
178.165.172.18 - - [10/Apr/2025:10:24:08 +0200] "GET /entry.php?id=10271&&ser=273387 HTTP/1.1" 200 986 "http://hausegger.activities.at/entry.php?id=10271&&ser=273327" "Mozilla/5.0 (Windows NT 10.0; Win64; x64; rv:137.0) Gecko/20100101 Firefox/137.0"
178.165.172.18 - - [10/Apr/2025:10:24:08 +0200] "GET /gui/javascript/form_form.js?1744273448 HTTP/1.1" 200 16206 "http://hausegger.activities.at/entry.php?id=10271&&ser=273387" "Mozilla/5.0 (Windows NT 10.0; Win64; x64; rv:137.0) Gecko/20100101 Firefox/137.0"
178.165.172.18 - - [10/Apr/2025:10:25:08 +0200] "GET /entry.php?id=10271&&ser=273448 HTTP/1.1" 200 986 "http://hausegger.activities.at/entry.php?id=10271&&ser=273387" "Mozilla/5.0 (Windows NT 10.0; Win64; x64; rv:137.0) Gecko/20100101 Firefox/137.0"
178.165.172.18 - - [10/Apr/2025:10:25:08 +0200] "GET /gui/javascript/form_form.js?1744273508 HTTP/1.1" 200 16206 "http://hausegger.activities.at/entry.php?id=10271&&ser=273448" "Mozilla/5.0 (Windows NT 10.0; Win64; x64; rv:137.0) Gecko/20100101 Firefox/137.0"
178.165.172.18 - - [10/Apr/2025:10:26:08 +0200] "GET /entry.php?id=10271&&ser=273508 HTTP/1.1" 200 986 "http://hausegger.activities.at/entry.php?id=10271&&ser=273448" "Mozilla/5.0 (Windows NT 10.0; Win64; x64; rv:137.0) Gecko/20100101 Firefox/137.0"
178.165.172.18 - - [10/Apr/2025:10:26:09 +0200] "GET /gui/javascript/form_form.js?1744273568 HTTP/1.1" 200 16206 "http://hausegger.activities.at/entry.php?id=10271&&ser=273508" "Mozilla/5.0 (Windows NT 10.0; Win64; x64; rv:137.0) Gecko/20100101 Firefox/137.0"
154.81.156.54 - - [10/Apr/2025:10:26:21 +0200] "GET / HTTP/1.1" 200 274 "-" "Mozilla/5.0 (Windows NT 10.0; Win64; x64) AppleWebKit/537.36 (KHTML, like Gecko) Chrome/90.0.4430.85 Safari/537.36 Edg/90.0.818.46"
151.106.184.192 - - [10/Apr/2025:10:26:32 +0200] "GET /cron.php?cron_type=tidy_cache&sid=d48824a3b868bcfa05de97184a916009 HTTP/1.1" 404 290 "-" "Mozilla/5.0 (X11; Ubuntu; Linux x86_64; rv:72.0) Gecko/20100101 Firefox/72.0"
151.106.184.192 - - [10/Apr/2025:10:26:32 +0200] "GET /cron.php?cron_type=tidy_cache&sid=d48824a3b868bcfa05de97184a916009 HTTP/1.1" 404 290 "-" "Mozilla/5.0 (X11; Ubuntu; Linux x86_64; rv:72.0) Gecko/20100101 Firefox/72.0"
151.106.184.192 - - [10/Apr/2025:10:26:33 +0200] "GET /cron.php?cron_type=tidy_cache&sid=d48824a3b868bcfa05de97184a916009 HTTP/1.1" 404 290 "-" "Mozilla/5.0 (X11; Ubuntu; Linux x86_64; rv:72.0) Gecko/20100101 Firefox/72.0"
178.165.172.18 - - [10/Apr/2025:10:27:09 +0200] "GET /entry.php?id=10271&&ser=273568 HTTP/1.1" 200 986 "http://hausegger.activities.at/entry.php?id=10271&&ser=273508" "Mozilla/5.0 (Windows NT 10.0; Win64; x64; rv:137.0) Gecko/20100101 Firefox/137.0"
178.165.172.18 - - [10/Apr/2025:10:27:09 +0200] "GET /gui/javascript/form_form.js?1744273629 HTTP/1.1" 200 16206 "http://hausegger.activities.at/entry.php?id=10271&&ser=273568" "Mozilla/5.0 (Windows NT 10.0; Win64; x64; rv:137.0) Gecko/20100101 Firefox/137.0"
178.165.172.18 - - [10/Apr/2025:10:28:09 +0200] "GET /entry.php?id=10271&&ser=273629 HTTP/1.1" 200 986 "http://hausegger.activities.at/entry.php?id=10271&&ser=273568" "Mozilla/5.0 (Windows NT 10.0; Win64; x64; rv:137.0) Gecko/20100101 Firefox/137.0"
178.165.172.18 - - [10/Apr/2025:10:28:09 +0200] "GET /gui/javascript/form_form.js?1744273689 HTTP/1.1" 200 16206 "http://hausegger.activities.at/entry.php?id=10271&&ser=273629" "Mozilla/5.0 (Windows NT 10.0; Win64; x64; rv:137.0) Gecko/20100101 Firefox/137.0"
178.165.172.18 - - [10/Apr/2025:10:29:09 +0200] "GET /entry.php?id=10271&&ser=273689 HTTP/1.1" 200 987 "http://hausegger.activities.at/entry.php?id=10271&&ser=273629" "Mozilla/5.0 (Windows NT 10.0; Win64; x64; rv:137.0) Gecko/20100101 Firefox/137.0"
178.165.172.18 - - [10/Apr/2025:10:29:10 +0200] "GET /gui/javascript/form_form.js?1744273749 HTTP/1.1" 200 16206 "http://hausegger.activities.at/entry.php?id=10271&&ser=273689" "Mozilla/5.0 (Windows NT 10.0; Win64; x64; rv:137.0) Gecko/20100101 Firefox/137.0"
178.165.172.18 - - [10/Apr/2025:10:30:10 +0200] "GET /entry.php?id=10271&&ser=273749 HTTP/1.1" 200 986 "http://hausegger.activities.at/entry.php?id=10271&&ser=273689" "Mozilla/5.0 (Windows NT 10.0; Win64; x64; rv:137.0) Gecko/20100101 Firefox/137.0"
178.165.172.18 - - [10/Apr/2025:10:30:10 +0200] "GET /gui/javascript/form_form.js?1744273810 HTTP/1.1" 200 16206 "http://hausegger.activities.at/entry.php?id=10271&&ser=273749" "Mozilla/5.0 (Windows NT 10.0; Win64; x64; rv:137.0) Gecko/20100101 Firefox/137.0"
154.81.156.35 - - [10/Apr/2025:10:30:18 +0200] "GET / HTTP/1.1" 200 274 "-" "Mozilla/5.0 (Windows NT 10.0; Win64; x64) AppleWebKit/537.36 (KHTML, like Gecko) Chrome/90.0.4430.85 Safari/537.36 Edg/90.0.818.46"
151.106.171.1 - - [10/Apr/2025:10:31:07 +0200] "GET /cron.php?cron_type=tidy_cache&sid=feb8b3e29080d2ac2fab4b4fab9867aa HTTP/1.1" 404 290 "-" "Mozilla/5.0 (X11; Ubuntu; Linux x86_64; rv:72.0) Gecko/20100101 Firefox/72.0"
151.106.171.1 - - [10/Apr/2025:10:31:08 +0200] "GET /cron.php?cron_type=tidy_cache&sid=feb8b3e29080d2ac2fab4b4fab9867aa HTTP/1.1" 404 290 "-" "Mozilla/5.0 (X11; Ubuntu; Linux x86_64; rv:72.0) Gecko/20100101 Firefox/72.0"
151.106.171.1 - - [10/Apr/2025:10:31:08 +0200] "GET /cron.php?cron_type=tidy_cache&sid=feb8b3e29080d2ac2fab4b4fab9867aa HTTP/1.1" 404 290 "-" "Mozilla/5.0 (X11; Ubuntu; Linux x86_64; rv:72.0) Gecko/20100101 Firefox/72.0"
178.165.172.18 - - [10/Apr/2025:10:31:11 +0200] "GET /entry.php?id=10271&&ser=273810 HTTP/1.1" 200 986 "http://hausegger.activities.at/entry.php?id=10271&&ser=273749" "Mozilla/5.0 (Windows NT 10.0; Win64; x64; rv:137.0) Gecko/20100101 Firefox/137.0"
178.165.172.18 - - [10/Apr/2025:10:31:11 +0200] "GET /gui/javascript/form_form.js?1744273871 HTTP/1.1" 200 16206 "http://hausegger.activities.at/entry.php?id=10271&&ser=273810" "Mozilla/5.0 (Windows NT 10.0; Win64; x64; rv:137.0) Gecko/20100101 Firefox/137.0"
178.165.172.18 - - [10/Apr/2025:10:32:11 +0200] "GET /entry.php?id=10271&&ser=273871 HTTP/1.1" 200 986 "http://hausegger.activities.at/entry.php?id=10271&&ser=273810" "Mozilla/5.0 (Windows NT 10.0; Win64; x64; rv:137.0) Gecko/20100101 Firefox/137.0"
178.165.172.18 - - [10/Apr/2025:10:32:11 +0200] "GET /gui/javascript/form_form.js?1744273931 HTTP/1.1" 200 16206 "http://hausegger.activities.at/entry.php?id=10271&&ser=273871" "Mozilla/5.0 (Windows NT 10.0; Win64; x64; rv:137.0) Gecko/20100101 Firefox/137.0"
178.165.172.18 - - [10/Apr/2025:10:33:11 +0200] "GET /entry.php?id=10271&&ser=273931 HTTP/1.1" 200 986 "http://hausegger.activities.at/entry.php?id=10271&&ser=273871" "Mozilla/5.0 (Windows NT 10.0; Win64; x64; rv:137.0) Gecko/20100101 Firefox/137.0"
178.165.172.18 - - [10/Apr/2025:10:33:12 +0200] "GET /gui/javascript/form_form.js?1744273992 HTTP/1.1" 200 16206 "http://hausegger.activities.at/entry.php?id=10271&&ser=273931" "Mozilla/5.0 (Windows NT 10.0; Win64; x64; rv:137.0) Gecko/20100101 Firefox/137.0"
178.165.172.18 - - [10/Apr/2025:10:34:12 +0200] "GET /entry.php?id=10271&&ser=273992 HTTP/1.1" 200 986 "http://hausegger.activities.at/entry.php?id=10271&&ser=273931" "Mozilla/5.0 (Windows NT 10.0; Win64; x64; rv:137.0) Gecko/20100101 Firefox/137.0"
178.165.172.18 - - [10/Apr/2025:10:34:12 +0200] "GET /gui/javascript/form_form.js?1744274052 HTTP/1.1" 200 16206 "http://hausegger.activities.at/entry.php?id=10271&&ser=273992" "Mozilla/5.0 (Windows NT 10.0; Win64; x64; rv:137.0) Gecko/20100101 Firefox/137.0"
178.165.172.18 - - [10/Apr/2025:10:35:12 +0200] "GET /entry.php?id=10271&&ser=274052 HTTP/1.1" 200 985 "http://hausegger.activities.at/entry.php?id=10271&&ser=273992" "Mozilla/5.0 (Windows NT 10.0; Win64; x64; rv:137.0) Gecko/20100101 Firefox/137.0"
178.165.172.18 - - [10/Apr/2025:10:35:12 +0200] "GET /gui/javascript/form_form.js?1744274112 HTTP/1.1" 200 16206 "http://hausegger.activities.at/entry.php?id=10271&&ser=274052" "Mozilla/5.0 (Windows NT 10.0; Win64; x64; rv:137.0) Gecko/20100101 Firefox/137.0"
178.165.172.18 - - [10/Apr/2025:10:36:13 +0200] "GET /entry.php?id=10271&&ser=274112 HTTP/1.1" 200 986 "http://hausegger.activities.at/entry.php?id=10271&&ser=274052" "Mozilla/5.0 (Windows NT 10.0; Win64; x64; rv:137.0) Gecko/20100101 Firefox/137.0"
178.165.172.18 - - [10/Apr/2025:10:36:14 +0200] "GET /gui/javascript/form_form.js?1744274173 HTTP/1.1" 200 16206 "http://hausegger.activities.at/entry.php?id=10271&&ser=274112" "Mozilla/5.0 (Windows NT 10.0; Win64; x64; rv:137.0) Gecko/20100101 Firefox/137.0"
165.154.252.185 - - [10/Apr/2025:10:36:26 +0200] "GET /.env HTTP/1.1" 404 280 "-" "Mozilla/5.0 (X11; Linux x86_64) AppleWebKit/537.36 (KHTML, like Gecko) Chrome/81.0.4044.129 Safari/537.36"
165.154.252.185 - - [10/Apr/2025:10:36:27 +0200] "POST / HTTP/1.1" 200 274 "-" "Mozilla/5.0 (X11; Linux x86_64) AppleWebKit/537.36 (KHTML, like Gecko) Chrome/81.0.4044.129 Safari/537.36"
185.242.226.116 - - [10/Apr/2025:10:36:43 +0200] "\x16\x03\x01" 400 383 "-" "-"
151.106.162.8 - - [10/Apr/2025:10:36:51 +0200] "GET /download/file.php?id=254&sid=192396fa1e68a1c0abae95febd6fc570 HTTP/1.1" 404 297 "-" "Mozilla/5.0 (X11; Ubuntu; Linux x86_64; rv:72.0) Gecko/20100101 Firefox/72.0"
151.106.162.8 - - [10/Apr/2025:10:36:51 +0200] "GET /download/file.php?id=254&sid=192396fa1e68a1c0abae95febd6fc570 HTTP/1.1" 404 297 "-" "Mozilla/5.0 (X11; Ubuntu; Linux x86_64; rv:72.0) Gecko/20100101 Firefox/72.0"
151.106.162.8 - - [10/Apr/2025:10:36:52 +0200] "GET /download/file.php?id=254&sid=192396fa1e68a1c0abae95febd6fc570 HTTP/1.1" 404 297 "-" "Mozilla/5.0 (X11; Ubuntu; Linux x86_64; rv:72.0) Gecko/20100101 Firefox/72.0"
178.165.172.18 - - [10/Apr/2025:10:37:14 +0200] "GET /entry.php?id=10271&&ser=274173 HTTP/1.1" 200 986 "http://hausegger.activities.at/entry.php?id=10271&&ser=274112" "Mozilla/5.0 (Windows NT 10.0; Win64; x64; rv:137.0) Gecko/20100101 Firefox/137.0"
178.165.172.18 - - [10/Apr/2025:10:37:14 +0200] "GET /gui/javascript/form_form.js?1744274234 HTTP/1.1" 200 16206 "http://hausegger.activities.at/entry.php?id=10271&&ser=274173" "Mozilla/5.0 (Windows NT 10.0; Win64; x64; rv:137.0) Gecko/20100101 Firefox/137.0"
178.165.172.18 - - [10/Apr/2025:10:38:14 +0200] "GET /entry.php?id=10271&&ser=274234 HTTP/1.1" 200 986 "http://hausegger.activities.at/entry.php?id=10271&&ser=274173" "Mozilla/5.0 (Windows NT 10.0; Win64; x64; rv:137.0) Gecko/20100101 Firefox/137.0"
178.165.172.18 - - [10/Apr/2025:10:38:14 +0200] "GET /gui/javascript/form_form.js?1744274294 HTTP/1.1" 200 16206 "http://hausegger.activities.at/entry.php?id=10271&&ser=274234" "Mozilla/5.0 (Windows NT 10.0; Win64; x64; rv:137.0) Gecko/20100101 Firefox/137.0"
151.106.162.30 - - [10/Apr/2025:10:38:17 +0200] "GET /cron.php?cron_type=tidy_cache&sid=d8bf9f3abbd7767f28a0bb96a8c698aa HTTP/1.1" 404 290 "-" "Mozilla/5.0 (X11; Ubuntu; Linux x86_64; rv:72.0) Gecko/20100101 Firefox/72.0"
151.106.162.30 - - [10/Apr/2025:10:38:17 +0200] "GET /cron.php?cron_type=tidy_cache&sid=d8bf9f3abbd7767f28a0bb96a8c698aa HTTP/1.1" 404 290 "-" "Mozilla/5.0 (X11; Ubuntu; Linux x86_64; rv:72.0) Gecko/20100101 Firefox/72.0"
151.106.162.30 - - [10/Apr/2025:10:38:18 +0200] "GET /cron.php?cron_type=tidy_cache&sid=d8bf9f3abbd7767f28a0bb96a8c698aa HTTP/1.1" 404 290 "-" "Mozilla/5.0 (X11; Ubuntu; Linux x86_64; rv:72.0) Gecko/20100101 Firefox/72.0"
178.165.172.18 - - [10/Apr/2025:10:39:14 +0200] "GET /entry.php?id=10271&&ser=274294 HTTP/1.1" 200 985 "http://hausegger.activities.at/entry.php?id=10271&&ser=274234" "Mozilla/5.0 (Windows NT 10.0; Win64; x64; rv:137.0) Gecko/20100101 Firefox/137.0"
178.165.172.18 - - [10/Apr/2025:10:39:14 +0200] "GET /gui/javascript/form_form.js?1744274354 HTTP/1.1" 200 16206 "http://hausegger.activities.at/entry.php?id=10271&&ser=274294" "Mozilla/5.0 (Windows NT 10.0; Win64; x64; rv:137.0) Gecko/20100101 Firefox/137.0"
178.165.172.18 - - [10/Apr/2025:10:40:15 +0200] "GET /entry.php?id=10271&&ser=274354 HTTP/1.1" 200 984 "http://hausegger.activities.at/entry.php?id=10271&&ser=274294" "Mozilla/5.0 (Windows NT 10.0; Win64; x64; rv:137.0) Gecko/20100101 Firefox/137.0"
178.165.172.18 - - [10/Apr/2025:10:40:15 +0200] "GET /gui/javascript/form_form.js?1744274415 HTTP/1.1" 200 16206 "http://hausegger.activities.at/entry.php?id=10271&&ser=274354" "Mozilla/5.0 (Windows NT 10.0; Win64; x64; rv:137.0) Gecko/20100101 Firefox/137.0"
178.165.172.18 - - [10/Apr/2025:10:41:15 +0200] "GET /entry.php?id=10271&&ser=274415 HTTP/1.1" 200 984 "http://hausegger.activities.at/entry.php?id=10271&&ser=274354" "Mozilla/5.0 (Windows NT 10.0; Win64; x64; rv:137.0) Gecko/20100101 Firefox/137.0"
178.165.172.18 - - [10/Apr/2025:10:41:15 +0200] "GET /gui/javascript/form_form.js?1744274475 HTTP/1.1" 200 16206 "http://hausegger.activities.at/entry.php?id=10271&&ser=274415" "Mozilla/5.0 (Windows NT 10.0; Win64; x64; rv:137.0) Gecko/20100101 Firefox/137.0"
195.178.110.163 - - [10/Apr/2025:10:41:48 +0200] "\x16\x03\x01" 400 383 "-" "-"
195.178.110.163 - - [10/Apr/2025:10:41:48 +0200] "GET / HTTP/1.1" 400 383 "-" "-"
195.178.110.163 - - [10/Apr/2025:10:41:48 +0200] "GET / HTTP/1.1" 200 423 "-" "l9tcpid/v1.1.0"
195.178.110.163 - - [10/Apr/2025:10:41:48 +0200] "GET /.env.live HTTP/1.1" 404 283 "-" "l9explore/1.2.2"
195.178.110.163 - - [10/Apr/2025:10:41:48 +0200] "GET /.env.staging.local HTTP/1.1" 404 290 "-" "l9explore/1.2.2"
195.178.110.163 - - [10/Apr/2025:10:41:48 +0200] "GET /cms/.git/config HTTP/1.1" 404 288 "-" "l9explore/1.2.2"
195.178.110.163 - - [10/Apr/2025:10:41:48 +0200] "GET /admin/.git/config HTTP/1.1" 404 289 "-" "l9explore/1.2.2"
195.178.110.163 - - [10/Apr/2025:10:41:48 +0200] "GET /core/.git/config HTTP/1.1" 404 288 "-" "l9explore/1.2.2"
195.178.110.163 - - [10/Apr/2025:10:41:48 +0200] "GET /files/.git/config HTTP/1.1" 404 289 "-" "l9explore/1.2.2"
195.178.110.163 - - [10/Apr/2025:10:41:48 +0200] "GET /docker-compose.prod.yml HTTP/1.1" 404 294 "-" "l9explore/1.2.2"
195.178.110.163 - - [10/Apr/2025:10:41:48 +0200] "GET /.env.preprod HTTP/1.1" 404 285 "-" "l9explore/1.2.2"
195.178.110.163 - - [10/Apr/2025:10:41:48 +0200] "GET /.env_sample HTTP/1.1" 404 285 "-" "l9explore/1.2.2"
195.178.110.163 - - [10/Apr/2025:10:41:48 +0200] "GET /.env.production.local HTTP/1.1" 404 292 "-" "l9explore/1.2.2"
195.178.110.163 - - [10/Apr/2025:10:41:48 +0200] "GET /.env.secret HTTP/1.1" 404 284 "-" "l9explore/1.2.2"
195.178.110.163 - - [10/Apr/2025:10:41:48 +0200] "GET /api/.git/config HTTP/1.1" 404 288 "-" "l9explore/1.2.2"
195.178.110.163 - - [10/Apr/2025:10:41:48 +0200] "GET /media/.git/config HTTP/1.1" 404 289 "-" "l9explore/1.2.2"
195.178.110.163 - - [10/Apr/2025:10:41:48 +0200] "GET /backup/.git/config HTTP/1.1" 404 291 "-" "l9explore/1.2.2"
195.178.110.163 - - [10/Apr/2025:10:41:48 +0200] "GET /config.json HTTP/1.1" 404 285 "-" "l9explore/1.2.2"
154.81.156.34 - - [10/Apr/2025:10:41:48 +0200] "GET / HTTP/1.1" 200 274 "-" "Mozilla/5.0 (Windows NT 10.0; Win64; x64) AppleWebKit/537.36 (KHTML, like Gecko) Chrome/90.0.4430.85 Safari/537.36 Edg/90.0.818.46"
195.178.110.163 - - [10/Apr/2025:10:41:49 +0200] "GET /.env.save HTTP/1.1" 404 283 "-" "l9explore/1.2.2"
195.178.110.163 - - [10/Apr/2025:10:41:49 +0200] "GET /project/.git/config HTTP/1.1" 404 291 "-" "l9explore/1.2.2"
195.178.110.163 - - [10/Apr/2025:10:41:49 +0200] "GET /static../.git/config HTTP/1.1" 404 291 "-" "l9explore/1.2.2"
195.178.110.163 - - [10/Apr/2025:10:41:49 +0200] "GET /public/.git/config HTTP/1.1" 404 290 "-" "l9explore/1.2.2"
195.178.110.163 - - [10/Apr/2025:10:41:49 +0200] "GET /src/.git/config HTTP/1.1" 404 288 "-" "l9explore/1.2.2"
195.178.110.163 - - [10/Apr/2025:10:41:49 +0200] "GET /www/.git/config HTTP/1.1" 404 288 "-" "l9explore/1.2.2"
195.178.110.163 - - [10/Apr/2025:10:41:49 +0200] "GET /.env HTTP/1.1" 404 280 "-" "l9explore/1.2.2"
195.178.110.163 - - [10/Apr/2025:10:41:49 +0200] "GET /.env.config HTTP/1.1" 404 285 "-" "l9explore/1.2.2"
195.178.110.163 - - [10/Apr/2025:10:41:49 +0200] "GET /settings/.env HTTP/1.1" 404 286 "-" "l9explore/1.2.2"
195.178.110.163 - - [10/Apr/2025:10:41:49 +0200] "GET /config/.git/config HTTP/1.1" 404 288 "-" "l9explore/1.2.2"
195.178.110.163 - - [10/Apr/2025:10:41:49 +0200] "GET /app/.git/config HTTP/1.1" 404 288 "-" "l9explore/1.2.2"
195.178.110.163 - - [10/Apr/2025:10:41:49 +0200] "GET /.env.ci HTTP/1.1" 404 282 "-" "l9explore/1.2.2"
195.178.110.163 - - [10/Apr/2025:10:41:49 +0200] "GET /.env.default HTTP/1.1" 404 285 "-" "l9explore/1.2.2"
195.178.110.163 - - [10/Apr/2025:10:41:49 +0200] "GET /.env.test HTTP/1.1" 404 282 "-" "l9explore/1.2.2"
195.178.110.163 - - [10/Apr/2025:10:41:49 +0200] "GET /.aws/credentials HTTP/1.1" 404 287 "-" "l9explore/1.2.2"
195.178.110.163 - - [10/Apr/2025:10:41:49 +0200] "GET /config/.env HTTP/1.1" 404 285 "-" "l9explore/1.2.2"
195.178.110.163 - - [10/Apr/2025:10:41:49 +0200] "GET /.env.uat HTTP/1.1" 404 282 "-" "l9explore/1.2.2"
195.178.110.163 - - [10/Apr/2025:10:41:49 +0200] "GET /.git/config HTTP/1.1" 404 285 "-" "l9explore/1.2.2"
195.178.110.163 - - [10/Apr/2025:10:41:49 +0200] "GET /.env.dev.local HTTP/1.1" 404 286 "-" "l9explore/1.2.2"
195.178.110.163 - - [10/Apr/2025:10:41:49 +0200] "GET /.env.production HTTP/1.1" 404 287 "-" "l9explore/1.2.2"
195.178.110.163 - - [10/Apr/2025:10:41:50 +0200] "GET /assets../.git/config HTTP/1.1" 404 291 "-" "l9explore/1.2.2"
195.178.110.163 - - [10/Apr/2025:10:41:50 +0200] "GET /server/.git/config HTTP/1.1" 404 288 "-" "l9explore/1.2.2"
195.178.110.163 - - [10/Apr/2025:10:41:50 +0200] "GET /.env.backup HTTP/1.1" 404 285 "-" "l9explore/1.2.2"
195.178.110.163 - - [10/Apr/2025:10:41:50 +0200] "GET /.env.dev HTTP/1.1" 404 282 "-" "l9explore/1.2.2"
195.178.110.163 - - [10/Apr/2025:10:41:50 +0200] "GET /.env.local HTTP/1.1" 404 284 "-" "l9explore/1.2.2"
195.178.110.163 - - [10/Apr/2025:10:41:50 +0200] "GET /configuration/.env HTTP/1.1" 404 290 "-" "l9explore/1.2.2"
195.178.110.163 - - [10/Apr/2025:10:41:50 +0200] "GET /.env.bak HTTP/1.1" 404 283 "-" "l9explore/1.2.2"
195.178.110.163 - - [10/Apr/2025:10:41:50 +0200] "GET /.env.development.local HTTP/1.1" 404 292 "-" "l9explore/1.2.2"
195.178.110.163 - - [10/Apr/2025:10:41:50 +0200] "GET /.env.template HTTP/1.1" 404 285 "-" "l9explore/1.2.2"
195.178.110.163 - - [10/Apr/2025:10:41:50 +0200] "GET /media../.git/config HTTP/1.1" 404 290 "-" "l9explore/1.2.2"
195.178.110.163 - - [10/Apr/2025:10:41:50 +0200] "GET /dev/.git/config HTTP/1.1" 404 288 "-" "l9explore/1.2.2"
195.178.110.163 - - [10/Apr/2025:10:41:50 +0200] "GET /build/.env HTTP/1.1" 404 284 "-" "l9explore/1.2.2"
