178.165.172.18 - - [10/Apr/2025:16:19:20 +0200] "GET /gui/javascript/form_form.js?1744294760 HTTP/1.1" 200 16206 "http://hausegger.activities.at/entry.php?id=10889" "Mozilla/5.0 (Windows NT 10.0; Win64; x64; rv:137.0) Gecko/20100101 Firefox/137.0"
178.165.172.18 - - [10/Apr/2025:16:20:06 +0200] "GET /entry.php?id=10271&&ser=294745 HTTP/1.1" 200 986 "http://hausegger.activities.at/entry.php?id=10271&&ser=294684" "Mozilla/5.0 (Windows NT 10.0; Win64; x64; rv:137.0) Gecko/20100101 Firefox/137.0"
178.165.172.18 - - [10/Apr/2025:16:20:06 +0200] "GET /gui/javascript/form_form.js?1744294806 HTTP/1.1" 200 16206 "http://hausegger.activities.at/entry.php?id=10271&&ser=294745" "Mozilla/5.0 (Windows NT 10.0; Win64; x64; rv:137.0) Gecko/20100101 Firefox/137.0"
5.183.209.244 - - [10/Apr/2025:16:20:12 +0200] "GET / HTTP/1.1" 200 274 "-" "Mozilla/5.0 (Windows NT 10.0; Win64; x64) AppleWebKit/537.36 (KHTML, like Gecko) Chrome/90.0.4430.85 Safari/537.36 Edg/90.0.818.46"
178.165.172.18 - - [10/Apr/2025:16:21:06 +0200] "GET /entry.php?id=10271&&ser=294806 HTTP/1.1" 200 986 "http://hausegger.activities.at/entry.php?id=10271&&ser=294745" "Mozilla/5.0 (Windows NT 10.0; Win64; x64; rv:137.0) Gecko/20100101 Firefox/137.0"
178.165.172.18 - - [10/Apr/2025:16:21:06 +0200] "GET /gui/javascript/form_form.js?1744294866 HTTP/1.1" 200 16206 "http://hausegger.activities.at/entry.php?id=10271&&ser=294806" "Mozilla/5.0 (Windows NT 10.0; Win64; x64; rv:137.0) Gecko/20100101 Firefox/137.0"
178.165.172.18 - - [10/Apr/2025:16:22:07 +0200] "GET /entry.php?id=10271&&ser=294866 HTTP/1.1" 200 986 "http://hausegger.activities.at/entry.php?id=10271&&ser=294806" "Mozilla/5.0 (Windows NT 10.0; Win64; x64; rv:137.0) Gecko/20100101 Firefox/137.0"
178.165.172.18 - - [10/Apr/2025:16:22:07 +0200] "GET /gui/javascript/form_form.js?1744294927 HTTP/1.1" 200 16206 "http://hausegger.activities.at/entry.php?id=10271&&ser=294866" "Mozilla/5.0 (Windows NT 10.0; Win64; x64; rv:137.0) Gecko/20100101 Firefox/137.0"
178.165.172.18 - - [10/Apr/2025:16:23:07 +0200] "GET /entry.php?id=10271&&ser=294927 HTTP/1.1" 200 986 "http://hausegger.activities.at/entry.php?id=10271&&ser=294866" "Mozilla/5.0 (Windows NT 10.0; Win64; x64; rv:137.0) Gecko/20100101 Firefox/137.0"
178.165.172.18 - - [10/Apr/2025:16:23:07 +0200] "GET /gui/javascript/form_form.js?1744294987 HTTP/1.1" 200 16206 "http://hausegger.activities.at/entry.php?id=10271&&ser=294927" "Mozilla/5.0 (Windows NT 10.0; Win64; x64; rv:137.0) Gecko/20100101 Firefox/137.0"
178.165.172.18 - - [10/Apr/2025:16:24:08 +0200] "GET /entry.php?id=10271&&ser=294987 HTTP/1.1" 200 986 "http://hausegger.activities.at/entry.php?id=10271&&ser=294927" "Mozilla/5.0 (Windows NT 10.0; Win64; x64; rv:137.0) Gecko/20100101 Firefox/137.0"
178.165.172.18 - - [10/Apr/2025:16:24:08 +0200] "GET /gui/javascript/form_form.js?1744295048 HTTP/1.1" 200 16206 "http://hausegger.activities.at/entry.php?id=10271&&ser=294987" "Mozilla/5.0 (Windows NT 10.0; Win64; x64; rv:137.0) Gecko/20100101 Firefox/137.0"
178.165.172.18 - - [10/Apr/2025:16:25:08 +0200] "GET /entry.php?id=10271&&ser=295048 HTTP/1.1" 200 986 "http://hausegger.activities.at/entry.php?id=10271&&ser=294987" "Mozilla/5.0 (Windows NT 10.0; Win64; x64; rv:137.0) Gecko/20100101 Firefox/137.0"
178.165.172.18 - - [10/Apr/2025:16:25:08 +0200] "GET /gui/javascript/form_form.js?1744295108 HTTP/1.1" 200 16206 "http://hausegger.activities.at/entry.php?id=10271&&ser=295048" "Mozilla/5.0 (Windows NT 10.0; Win64; x64; rv:137.0) Gecko/20100101 Firefox/137.0"
178.165.172.18 - - [10/Apr/2025:16:26:08 +0200] "GET /entry.php?id=10271&&ser=295108 HTTP/1.1" 200 986 "http://hausegger.activities.at/entry.php?id=10271&&ser=295048" "Mozilla/5.0 (Windows NT 10.0; Win64; x64; rv:137.0) Gecko/20100101 Firefox/137.0"
178.165.172.18 - - [10/Apr/2025:16:26:08 +0200] "GET /gui/javascript/form_form.js?1744295168 HTTP/1.1" 200 16206 "http://hausegger.activities.at/entry.php?id=10271&&ser=295108" "Mozilla/5.0 (Windows NT 10.0; Win64; x64; rv:137.0) Gecko/20100101 Firefox/137.0"
178.165.172.18 - - [10/Apr/2025:16:27:09 +0200] "GET /entry.php?id=10271&&ser=295168 HTTP/1.1" 200 986 "http://hausegger.activities.at/entry.php?id=10271&&ser=295108" "Mozilla/5.0 (Windows NT 10.0; Win64; x64; rv:137.0) Gecko/20100101 Firefox/137.0"
178.165.172.18 - - [10/Apr/2025:16:27:09 +0200] "GET /gui/javascript/form_form.js?1744295229 HTTP/1.1" 200 16206 "http://hausegger.activities.at/entry.php?id=10271&&ser=295168" "Mozilla/5.0 (Windows NT 10.0; Win64; x64; rv:137.0) Gecko/20100101 Firefox/137.0"
178.165.172.18 - - [10/Apr/2025:16:28:09 +0200] "GET /entry.php?id=10271&&ser=295229 HTTP/1.1" 200 986 "http://hausegger.activities.at/entry.php?id=10271&&ser=295168" "Mozilla/5.0 (Windows NT 10.0; Win64; x64; rv:137.0) Gecko/20100101 Firefox/137.0"
178.165.172.18 - - [10/Apr/2025:16:28:09 +0200] "GET /gui/javascript/form_form.js?1744295289 HTTP/1.1" 200 16206 "http://hausegger.activities.at/entry.php?id=10271&&ser=295229" "Mozilla/5.0 (Windows NT 10.0; Win64; x64; rv:137.0) Gecko/20100101 Firefox/137.0"
178.165.172.18 - - [10/Apr/2025:16:29:09 +0200] "GET /entry.php?id=10271&&ser=295289 HTTP/1.1" 200 987 "http://hausegger.activities.at/entry.php?id=10271&&ser=295229" "Mozilla/5.0 (Windows NT 10.0; Win64; x64; rv:137.0) Gecko/20100101 Firefox/137.0"
178.165.172.18 - - [10/Apr/2025:16:29:09 +0200] "GET /gui/javascript/form_form.js?1744295349 HTTP/1.1" 200 16206 "http://hausegger.activities.at/entry.php?id=10271&&ser=295289" "Mozilla/5.0 (Windows NT 10.0; Win64; x64; rv:137.0) Gecko/20100101 Firefox/137.0"
178.165.172.18 - - [10/Apr/2025:16:30:15 +0200] "GET /entry.php?id=10271&&ser=295349 HTTP/1.1" 200 986 "http://hausegger.activities.at/entry.php?id=10271&&ser=295289" "Mozilla/5.0 (Windows NT 10.0; Win64; x64; rv:137.0) Gecko/20100101 Firefox/137.0"
178.165.172.18 - - [10/Apr/2025:16:30:16 +0200] "GET /gui/javascript/form_form.js?1744295416 HTTP/1.1" 200 16206 "http://hausegger.activities.at/entry.php?id=10271&&ser=295349" "Mozilla/5.0 (Windows NT 10.0; Win64; x64; rv:137.0) Gecko/20100101 Firefox/137.0"
154.81.156.54 - - [10/Apr/2025:16:30:40 +0200] "GET / HTTP/1.1" 200 274 "-" "Mozilla/5.0 (Windows NT 10.0; Win64; x64) AppleWebKit/537.36 (KHTML, like Gecko) Chrome/90.0.4430.85 Safari/537.36 Edg/90.0.818.46"
178.165.172.18 - - [10/Apr/2025:16:31:16 +0200] "GET /entry.php?id=10271&&ser=295416 HTTP/1.1" 200 987 "http://hausegger.activities.at/entry.php?id=10271&&ser=295349" "Mozilla/5.0 (Windows NT 10.0; Win64; x64; rv:137.0) Gecko/20100101 Firefox/137.0"
178.165.172.18 - - [10/Apr/2025:16:31:16 +0200] "GET /gui/javascript/form_form.js?1744295476 HTTP/1.1" 200 16206 "http://hausegger.activities.at/entry.php?id=10271&&ser=295416" "Mozilla/5.0 (Windows NT 10.0; Win64; x64; rv:137.0) Gecko/20100101 Firefox/137.0"
178.165.172.18 - - [10/Apr/2025:16:32:16 +0200] "GET /entry.php?id=10271&&ser=295476 HTTP/1.1" 200 987 "http://hausegger.activities.at/entry.php?id=10271&&ser=295416" "Mozilla/5.0 (Windows NT 10.0; Win64; x64; rv:137.0) Gecko/20100101 Firefox/137.0"
178.165.172.18 - - [10/Apr/2025:16:32:16 +0200] "GET /gui/javascript/form_form.js?1744295536 HTTP/1.1" 200 16206 "http://hausegger.activities.at/entry.php?id=10271&&ser=295476" "Mozilla/5.0 (Windows NT 10.0; Win64; x64; rv:137.0) Gecko/20100101 Firefox/137.0"
178.165.172.18 - - [10/Apr/2025:16:33:16 +0200] "GET /entry.php?id=10271&&ser=295536 HTTP/1.1" 200 987 "http://hausegger.activities.at/entry.php?id=10271&&ser=295476" "Mozilla/5.0 (Windows NT 10.0; Win64; x64; rv:137.0) Gecko/20100101 Firefox/137.0"
178.165.172.18 - - [10/Apr/2025:16:33:17 +0200] "GET /gui/javascript/form_form.js?1744295597 HTTP/1.1" 200 16206 "http://hausegger.activities.at/entry.php?id=10271&&ser=295536" "Mozilla/5.0 (Windows NT 10.0; Win64; x64; rv:137.0) Gecko/20100101 Firefox/137.0"
154.81.156.35 - - [10/Apr/2025:16:33:26 +0200] "GET / HTTP/1.1" 200 274 "-" "Mozilla/5.0 (Windows NT 10.0; Win64; x64) AppleWebKit/537.36 (KHTML, like Gecko) Chrome/90.0.4430.85 Safari/537.36 Edg/90.0.818.46"
178.165.172.18 - - [10/Apr/2025:16:34:17 +0200] "GET /entry.php?id=10271&&ser=295597 HTTP/1.1" 200 986 "http://hausegger.activities.at/entry.php?id=10271&&ser=295536" "Mozilla/5.0 (Windows NT 10.0; Win64; x64; rv:137.0) Gecko/20100101 Firefox/137.0"
178.165.172.18 - - [10/Apr/2025:16:34:17 +0200] "GET /gui/javascript/form_form.js?1744295657 HTTP/1.1" 200 16206 "http://hausegger.activities.at/entry.php?id=10271&&ser=295597" "Mozilla/5.0 (Windows NT 10.0; Win64; x64; rv:137.0) Gecko/20100101 Firefox/137.0"
185.191.127.222 - - [10/Apr/2025:16:34:19 +0200] "GET / HTTP/1.0" 200 274 "-" "Mozilla/5.0 (X11; Ubuntu; Linux x86_64; rv:71.0) Gecko/20100101 Firefox/71.0"
178.165.172.18 - - [10/Apr/2025:16:35:17 +0200] "GET /entry.php?id=10271&&ser=295657 HTTP/1.1" 200 986 "http://hausegger.activities.at/entry.php?id=10271&&ser=295597" "Mozilla/5.0 (Windows NT 10.0; Win64; x64; rv:137.0) Gecko/20100101 Firefox/137.0"
178.165.172.18 - - [10/Apr/2025:16:35:17 +0200] "GET /gui/javascript/form_form.js?1744295717 HTTP/1.1" 200 16206 "http://hausegger.activities.at/entry.php?id=10271&&ser=295657" "Mozilla/5.0 (Windows NT 10.0; Win64; x64; rv:137.0) Gecko/20100101 Firefox/137.0"
178.165.172.18 - - [10/Apr/2025:16:36:17 +0200] "GET /entry.php?id=10271&&ser=295717 HTTP/1.1" 200 986 "http://hausegger.activities.at/entry.php?id=10271&&ser=295657" "Mozilla/5.0 (Windows NT 10.0; Win64; x64; rv:137.0) Gecko/20100101 Firefox/137.0"
178.165.172.18 - - [10/Apr/2025:16:36:18 +0200] "GET /gui/javascript/form_form.js?1744295778 HTTP/1.1" 200 16206 "http://hausegger.activities.at/entry.php?id=10271&&ser=295717" "Mozilla/5.0 (Windows NT 10.0; Win64; x64; rv:137.0) Gecko/20100101 Firefox/137.0"
178.165.172.18 - - [10/Apr/2025:16:37:18 +0200] "GET /entry.php?id=10271&&ser=295778 HTTP/1.1" 200 986 "http://hausegger.activities.at/entry.php?id=10271&&ser=295717" "Mozilla/5.0 (Windows NT 10.0; Win64; x64; rv:137.0) Gecko/20100101 Firefox/137.0"
178.165.172.18 - - [10/Apr/2025:16:37:18 +0200] "GET /gui/javascript/form_form.js?1744295838 HTTP/1.1" 200 16206 "http://hausegger.activities.at/entry.php?id=10271&&ser=295778" "Mozilla/5.0 (Windows NT 10.0; Win64; x64; rv:137.0) Gecko/20100101 Firefox/137.0"
178.165.172.18 - - [10/Apr/2025:16:38:18 +0200] "GET /entry.php?id=10271&&ser=295838 HTTP/1.1" 200 986 "http://hausegger.activities.at/entry.php?id=10271&&ser=295778" "Mozilla/5.0 (Windows NT 10.0; Win64; x64; rv:137.0) Gecko/20100101 Firefox/137.0"
178.165.172.18 - - [10/Apr/2025:16:38:18 +0200] "GET /gui/javascript/form_form.js?1744295898 HTTP/1.1" 200 16206 "http://hausegger.activities.at/entry.php?id=10271&&ser=295838" "Mozilla/5.0 (Windows NT 10.0; Win64; x64; rv:137.0) Gecko/20100101 Firefox/137.0"
178.165.172.18 - - [10/Apr/2025:16:39:19 +0200] "GET /entry.php?id=10271&&ser=295898 HTTP/1.1" 200 986 "http://hausegger.activities.at/entry.php?id=10271&&ser=295838" "Mozilla/5.0 (Windows NT 10.0; Win64; x64; rv:137.0) Gecko/20100101 Firefox/137.0"
178.165.172.18 - - [10/Apr/2025:16:39:19 +0200] "GET /gui/javascript/form_form.js?1744295959 HTTP/1.1" 200 16206 "http://hausegger.activities.at/entry.php?id=10271&&ser=295898" "Mozilla/5.0 (Windows NT 10.0; Win64; x64; rv:137.0) Gecko/20100101 Firefox/137.0"
178.165.172.18 - - [10/Apr/2025:16:40:19 +0200] "GET /entry.php?id=10271&&ser=295959 HTTP/1.1" 200 986 "http://hausegger.activities.at/entry.php?id=10271&&ser=295898" "Mozilla/5.0 (Windows NT 10.0; Win64; x64; rv:137.0) Gecko/20100101 Firefox/137.0"
178.165.172.18 - - [10/Apr/2025:16:40:19 +0200] "GET /gui/javascript/form_form.js?1744296019 HTTP/1.1" 200 16206 "http://hausegger.activities.at/entry.php?id=10271&&ser=295959" "Mozilla/5.0 (Windows NT 10.0; Win64; x64; rv:137.0) Gecko/20100101 Firefox/137.0"
178.165.172.18 - - [10/Apr/2025:16:41:24 +0200] "GET /entry.php?id=10271&&ser=296019 HTTP/1.1" 200 986 "http://hausegger.activities.at/entry.php?id=10271&&ser=295959" "Mozilla/5.0 (Windows NT 10.0; Win64; x64; rv:137.0) Gecko/20100101 Firefox/137.0"
178.165.172.18 - - [10/Apr/2025:16:41:24 +0200] "GET /gui/javascript/form_form.js?1744296084 HTTP/1.1" 200 16206 "http://hausegger.activities.at/entry.php?id=10271&&ser=296019" "Mozilla/5.0 (Windows NT 10.0; Win64; x64; rv:137.0) Gecko/20100101 Firefox/137.0"
178.165.172.18 - - [10/Apr/2025:16:42:24 +0200] "GET /entry.php?id=10271&&ser=296084 HTTP/1.1" 200 986 "http://hausegger.activities.at/entry.php?id=10271&&ser=296019" "Mozilla/5.0 (Windows NT 10.0; Win64; x64; rv:137.0) Gecko/20100101 Firefox/137.0"
178.165.172.18 - - [10/Apr/2025:16:42:25 +0200] "GET /gui/javascript/form_form.js?1744296144 HTTP/1.1" 200 16206 "http://hausegger.activities.at/entry.php?id=10271&&ser=296084" "Mozilla/5.0 (Windows NT 10.0; Win64; x64; rv:137.0) Gecko/20100101 Firefox/137.0"
71.6.146.130 - - [10/Apr/2025:16:42:25 +0200] "GET / HTTP/1.1" 200 423 "-" "Mozilla/5.0 (Windows NT 6.1) AppleWebKit/537.36 (KHTML, like Gecko) Chrome/41.0.2228.0 Safari/537.36"
71.6.146.130 - - [10/Apr/2025:16:42:26 +0200] "GET /robots.txt HTTP/1.1" 404 355 "-" "-"
71.6.146.130 - - [10/Apr/2025:16:42:27 +0200] "GET /sitemap.xml HTTP/1.1" 404 356 "-" "-"
71.6.146.130 - - [10/Apr/2025:16:42:27 +0200] "GET /.well-known/security.txt HTTP/1.1" 404 369 "-" "-"
71.6.146.130 - - [10/Apr/2025:16:42:29 +0200] "GET /activities.ico HTTP/1.1" 200 1406 "-" "Mozilla/5.0 (Windows NT 10.0; Win64; x64) AppleWebKit/537.36 (KHTML, like Gecko) Chrome/102.0.5005.63 Safari/537.36"
151.106.176.244 - - [10/Apr/2025:16:43:15 +0200] "GET /download/file.php?id=252&sid=7b44004beb42d49064aef54398565db9 HTTP/1.1" 404 297 "-" "Mozilla/5.0 (X11; Ubuntu; Linux x86_64; rv:72.0) Gecko/20100101 Firefox/72.0"
151.106.176.244 - - [10/Apr/2025:16:43:15 +0200] "GET /download/file.php?id=252&sid=7b44004beb42d49064aef54398565db9 HTTP/1.1" 404 297 "-" "Mozilla/5.0 (X11; Ubuntu; Linux x86_64; rv:72.0) Gecko/20100101 Firefox/72.0"
154.81.156.10 - - [10/Apr/2025:16:43:15 +0200] "GET / HTTP/1.1" 200 274 "-" "Mozilla/5.0 (Windows NT 10.0; Win64; x64) AppleWebKit/537.36 (KHTML, like Gecko) Chrome/90.0.4430.85 Safari/537.36 Edg/90.0.818.46"
151.106.176.244 - - [10/Apr/2025:16:43:15 +0200] "GET /download/file.php?id=252&sid=7b44004beb42d49064aef54398565db9 HTTP/1.1" 404 297 "-" "Mozilla/5.0 (X11; Ubuntu; Linux x86_64; rv:72.0) Gecko/20100101 Firefox/72.0"
178.165.172.18 - - [10/Apr/2025:16:43:25 +0200] "GET /entry.php?id=10271&&ser=296144 HTTP/1.1" 200 986 "http://hausegger.activities.at/entry.php?id=10271&&ser=296084" "Mozilla/5.0 (Windows NT 10.0; Win64; x64; rv:137.0) Gecko/20100101 Firefox/137.0"
178.165.172.18 - - [10/Apr/2025:16:43:25 +0200] "GET /gui/javascript/form_form.js?1744296205 HTTP/1.1" 200 16206 "http://hausegger.activities.at/entry.php?id=10271&&ser=296144" "Mozilla/5.0 (Windows NT 10.0; Win64; x64; rv:137.0) Gecko/20100101 Firefox/137.0"
178.165.172.18 - - [10/Apr/2025:16:44:25 +0200] "GET /entry.php?id=10271&&ser=296205 HTTP/1.1" 200 986 "http://hausegger.activities.at/entry.php?id=10271&&ser=296144" "Mozilla/5.0 (Windows NT 10.0; Win64; x64; rv:137.0) Gecko/20100101 Firefox/137.0"
178.165.172.18 - - [10/Apr/2025:16:44:25 +0200] "GET /gui/javascript/form_form.js?1744296265 HTTP/1.1" 200 16206 "http://hausegger.activities.at/entry.php?id=10271&&ser=296205" "Mozilla/5.0 (Windows NT 10.0; Win64; x64; rv:137.0) Gecko/20100101 Firefox/137.0"
178.165.172.18 - - [10/Apr/2025:16:45:25 +0200] "GET /entry.php?id=10271&&ser=296265 HTTP/1.1" 200 986 "http://hausegger.activities.at/entry.php?id=10271&&ser=296205" "Mozilla/5.0 (Windows NT 10.0; Win64; x64; rv:137.0) Gecko/20100101 Firefox/137.0"
178.165.172.18 - - [10/Apr/2025:16:45:26 +0200] "GET /gui/javascript/form_form.js?1744296325 HTTP/1.1" 200 16206 "http://hausegger.activities.at/entry.php?id=10271&&ser=296265" "Mozilla/5.0 (Windows NT 10.0; Win64; x64; rv:137.0) Gecko/20100101 Firefox/137.0"
178.165.172.18 - - [10/Apr/2025:16:46:26 +0200] "GET /entry.php?id=10271&&ser=296325 HTTP/1.1" 200 986 "http://hausegger.activities.at/entry.php?id=10271&&ser=296265" "Mozilla/5.0 (Windows NT 10.0; Win64; x64; rv:137.0) Gecko/20100101 Firefox/137.0"
178.165.172.18 - - [10/Apr/2025:16:46:26 +0200] "GET /gui/javascript/form_form.js?1744296386 HTTP/1.1" 200 16206 "http://hausegger.activities.at/entry.php?id=10271&&ser=296325" "Mozilla/5.0 (Windows NT 10.0; Win64; x64; rv:137.0) Gecko/20100101 Firefox/137.0"
178.165.172.18 - - [10/Apr/2025:16:47:26 +0200] "GET /entry.php?id=10271&&ser=296386 HTTP/1.1" 200 987 "http://hausegger.activities.at/entry.php?id=10271&&ser=296325" "Mozilla/5.0 (Windows NT 10.0; Win64; x64; rv:137.0) Gecko/20100101 Firefox/137.0"
178.165.172.18 - - [10/Apr/2025:16:47:26 +0200] "GET /gui/javascript/form_form.js?1744296446 HTTP/1.1" 200 16206 "http://hausegger.activities.at/entry.php?id=10271&&ser=296386" "Mozilla/5.0 (Windows NT 10.0; Win64; x64; rv:137.0) Gecko/20100101 Firefox/137.0"
178.165.172.18 - - [10/Apr/2025:16:48:26 +0200] "GET /entry.php?id=10271&&ser=296446 HTTP/1.1" 200 986 "http://hausegger.activities.at/entry.php?id=10271&&ser=296386" "Mozilla/5.0 (Windows NT 10.0; Win64; x64; rv:137.0) Gecko/20100101 Firefox/137.0"
178.165.172.18 - - [10/Apr/2025:16:48:27 +0200] "GET /gui/javascript/form_form.js?1744296506 HTTP/1.1" 200 16206 "http://hausegger.activities.at/entry.php?id=10271&&ser=296446" "Mozilla/5.0 (Windows NT 10.0; Win64; x64; rv:137.0) Gecko/20100101 Firefox/137.0"
178.165.172.18 - - [10/Apr/2025:16:49:27 +0200] "GET /entry.php?id=10271&&ser=296506 HTTP/1.1" 200 987 "http://hausegger.activities.at/entry.php?id=10271&&ser=296446" "Mozilla/5.0 (Windows NT 10.0; Win64; x64; rv:137.0) Gecko/20100101 Firefox/137.0"
178.165.172.18 - - [10/Apr/2025:16:49:27 +0200] "GET /gui/javascript/form_form.js?1744296567 HTTP/1.1" 200 16206 "http://hausegger.activities.at/entry.php?id=10271&&ser=296506" "Mozilla/5.0 (Windows NT 10.0; Win64; x64; rv:137.0) Gecko/20100101 Firefox/137.0"
83.222.191.82 - - [10/Apr/2025:16:50:18 +0200] "GET / HTTP/1.0" 200 423 "-" "masscan/1.0 (https://github.com/robertdavidgraham/masscan)"
178.165.172.18 - - [10/Apr/2025:16:50:27 +0200] "GET /entry.php?id=10271&&ser=296567 HTTP/1.1" 200 986 "http://hausegger.activities.at/entry.php?id=10271&&ser=296506" "Mozilla/5.0 (Windows NT 10.0; Win64; x64; rv:137.0) Gecko/20100101 Firefox/137.0"
178.165.172.18 - - [10/Apr/2025:16:50:27 +0200] "GET /gui/javascript/form_form.js?1744296627 HTTP/1.1" 200 16206 "http://hausegger.activities.at/entry.php?id=10271&&ser=296567" "Mozilla/5.0 (Windows NT 10.0; Win64; x64; rv:137.0) Gecko/20100101 Firefox/137.0"
151.106.169.76 - - [10/Apr/2025:16:50:55 +0200] "GET /gallery/image.php?mode=thumbnail&album_id=3&image_id=90&sid=ee3223ce031fd4ede8e8a962f3e16a05 HTTP/1.1" 404 297 "-" "Mozilla/5.0 (X11; Ubuntu; Linux x86_64; rv:72.0) Gecko/20100101 Firefox/72.0"
151.106.169.76 - - [10/Apr/2025:16:50:55 +0200] "GET /gallery/image.php?mode=thumbnail&album_id=3&image_id=90&sid=ee3223ce031fd4ede8e8a962f3e16a05 HTTP/1.1" 404 297 "-" "Mozilla/5.0 (X11; Ubuntu; Linux x86_64; rv:72.0) Gecko/20100101 Firefox/72.0"
151.106.169.76 - - [10/Apr/2025:16:50:55 +0200] "GET /gallery/image.php?mode=thumbnail&album_id=3&image_id=90&sid=ee3223ce031fd4ede8e8a962f3e16a05 HTTP/1.1" 404 297 "-" "Mozilla/5.0 (X11; Ubuntu; Linux x86_64; rv:72.0) Gecko/20100101 Firefox/72.0"
154.81.156.54 - - [10/Apr/2025:16:50:58 +0200] "GET / HTTP/1.1" 200 274 "-" "Mozilla/5.0 (Windows NT 10.0; Win64; x64) AppleWebKit/537.36 (KHTML, like Gecko) Chrome/90.0.4430.85 Safari/537.36 Edg/90.0.818.46"
178.165.172.18 - - [10/Apr/2025:16:51:27 +0200] "GET /entry.php?id=10271&&ser=296627 HTTP/1.1" 200 986 "http://hausegger.activities.at/entry.php?id=10271&&ser=296567" "Mozilla/5.0 (Windows NT 10.0; Win64; x64; rv:137.0) Gecko/20100101 Firefox/137.0"
178.165.172.18 - - [10/Apr/2025:16:51:28 +0200] "GET /gui/javascript/form_form.js?1744296687 HTTP/1.1" 200 16206 "http://hausegger.activities.at/entry.php?id=10271&&ser=296627" "Mozilla/5.0 (Windows NT 10.0; Win64; x64; rv:137.0) Gecko/20100101 Firefox/137.0"
178.165.172.18 - - [10/Apr/2025:16:52:28 +0200] "GET /entry.php?id=10271&&ser=296687 HTTP/1.1" 200 986 "http://hausegger.activities.at/entry.php?id=10271&&ser=296627" "Mozilla/5.0 (Windows NT 10.0; Win64; x64; rv:137.0) Gecko/20100101 Firefox/137.0"
178.165.172.18 - - [10/Apr/2025:16:52:28 +0200] "GET /gui/javascript/form_form.js?1744296748 HTTP/1.1" 200 16206 "http://hausegger.activities.at/entry.php?id=10271&&ser=296687" "Mozilla/5.0 (Windows NT 10.0; Win64; x64; rv:137.0) Gecko/20100101 Firefox/137.0"
178.165.172.18 - - [10/Apr/2025:16:53:13 +0200] "GET /entry.php?id=10828 HTTP/1.1" 200 9142 "http://hausegger.activities.at/entry.php?id=10270&__app__=10006038" "Mozilla/5.0 (Windows NT 10.0; Win64; x64; rv:137.0) Gecko/20100101 Firefox/137.0"
178.165.172.18 - - [10/Apr/2025:16:53:13 +0200] "GET /gui/javascript/form_form.js?1744296793 HTTP/1.1" 200 16206 "http://hausegger.activities.at/entry.php?id=10828" "Mozilla/5.0 (Windows NT 10.0; Win64; x64; rv:137.0) Gecko/20100101 Firefox/137.0"
178.165.172.18 - - [10/Apr/2025:16:53:13 +0200] "GET /entry.php?id=10889&document_id=& HTTP/1.1" 200 1510 "http://hausegger.activities.at/entry.php?id=10828" "Mozilla/5.0 (Windows NT 10.0; Win64; x64; rv:137.0) Gecko/20100101 Firefox/137.0"
178.165.172.18 - - [10/Apr/2025:16:53:28 +0200] "GET /entry.php?id=10271&&ser=296748 HTTP/1.1" 200 986 "http://hausegger.activities.at/entry.php?id=10271&&ser=296687" "Mozilla/5.0 (Windows NT 10.0; Win64; x64; rv:137.0) Gecko/20100101 Firefox/137.0"
178.165.172.18 - - [10/Apr/2025:16:53:28 +0200] "GET /gui/javascript/form_form.js?1744296808 HTTP/1.1" 200 16206 "http://hausegger.activities.at/entry.php?id=10271&&ser=296748" "Mozilla/5.0 (Windows NT 10.0; Win64; x64; rv:137.0) Gecko/20100101 Firefox/137.0"
178.165.172.18 - - [10/Apr/2025:16:54:29 +0200] "GET /entry.php?id=10271&&ser=296808 HTTP/1.1" 200 986 "http://hausegger.activities.at/entry.php?id=10271&&ser=296748" "Mozilla/5.0 (Windows NT 10.0; Win64; x64; rv:137.0) Gecko/20100101 Firefox/137.0"
178.165.172.18 - - [10/Apr/2025:16:54:29 +0200] "GET /gui/javascript/form_form.js?1744296869 HTTP/1.1" 200 16206 "http://hausegger.activities.at/entry.php?id=10271&&ser=296808" "Mozilla/5.0 (Windows NT 10.0; Win64; x64; rv:137.0) Gecko/20100101 Firefox/137.0"
156.59.198.135 - - [10/Apr/2025:16:54:44 +0200] "GET /renault.activities.at/htdocs/export/pdf/emuc_document/10754198.pdf HTTP/1.0" 404 322 "-" "Mozilla/5.0 (Linux; Android 5.0) AppleWebKit/537.36 (KHTML, like Gecko) Mobile Safari/537.36 (compatible; Bytespider; spider-feedback@bytedance.com)"
156.59.198.136 - - [10/Apr/2025:16:54:54 +0200] "GET /renault.activities.at/htdocs/export/pdf/emuc_document/11334826.pdf HTTP/1.0" 404 322 "-" "Mozilla/5.0 (Linux; Android 5.0) AppleWebKit/537.36 (KHTML, like Gecko) Mobile Safari/537.36 (compatible; Bytespider; spider-feedback@bytedance.com)"
196.251.85.74 - - [10/Apr/2025:16:55:13 +0200] "GET /.env HTTP/1.1" 404 349 "-" "Mozilla/5.0 (Macintosh; Intel Mac OS X 10.15; rv:77.0) Gecko/20100101 Firefox/77.0"
196.251.85.74 - - [10/Apr/2025:16:55:13 +0200] "GET /wp-content/ HTTP/1.1" 404 356 "-" "Mozilla/5.0 (Macintosh; Intel Mac OS X 10.15; rv:77.0) Gecko/20100101 Firefox/77.0"
178.165.172.18 - - [10/Apr/2025:16:55:29 +0200] "GET /entry.php?id=10271&&ser=296869 HTTP/1.1" 200 986 "http://hausegger.activities.at/entry.php?id=10271&&ser=296808" "Mozilla/5.0 (Windows NT 10.0; Win64; x64; rv:137.0) Gecko/20100101 Firefox/137.0"
178.165.172.18 - - [10/Apr/2025:16:55:29 +0200] "GET /gui/javascript/form_form.js?1744296929 HTTP/1.1" 200 16206 "http://hausegger.activities.at/entry.php?id=10271&&ser=296869" "Mozilla/5.0 (Windows NT 10.0; Win64; x64; rv:137.0) Gecko/20100101 Firefox/137.0"
178.165.172.18 - - [10/Apr/2025:16:56:29 +0200] "GET /entry.php?id=10271&&ser=296929 HTTP/1.1" 200 986 "http://hausegger.activities.at/entry.php?id=10271&&ser=296869" "Mozilla/5.0 (Windows NT 10.0; Win64; x64; rv:137.0) Gecko/20100101 Firefox/137.0"
178.165.172.18 - - [10/Apr/2025:16:56:29 +0200] "GET /gui/javascript/form_form.js?1744296989 HTTP/1.1" 200 16206 "http://hausegger.activities.at/entry.php?id=10271&&ser=296929" "Mozilla/5.0 (Windows NT 10.0; Win64; x64; rv:137.0) Gecko/20100101 Firefox/137.0"
178.165.172.18 - - [10/Apr/2025:16:57:30 +0200] "GET /entry.php?id=10271&&ser=296989 HTTP/1.1" 200 986 "http://hausegger.activities.at/entry.php?id=10271&&ser=296929" "Mozilla/5.0 (Windows NT 10.0; Win64; x64; rv:137.0) Gecko/20100101 Firefox/137.0"
178.165.172.18 - - [10/Apr/2025:16:57:30 +0200] "GET /gui/javascript/form_form.js?1744297050 HTTP/1.1" 200 16206 "http://hausegger.activities.at/entry.php?id=10271&&ser=296989" "Mozilla/5.0 (Windows NT 10.0; Win64; x64; rv:137.0) Gecko/20100101 Firefox/137.0"
156.59.198.136 - - [10/Apr/2025:16:58:25 +0200] "GET /renault.activities.at/htdocs/binaries/10019518.pdf HTTP/1.0" 404 311 "-" "Mozilla/5.0 (Linux; Android 5.0) AppleWebKit/537.36 (KHTML, like Gecko) Mobile Safari/537.36 (compatible; Bytespider; spider-feedback@bytedance.com)"
178.165.172.18 - - [10/Apr/2025:16:58:30 +0200] "GET /entry.php?id=10271&&ser=297050 HTTP/1.1" 200 986 "http://hausegger.activities.at/entry.php?id=10271&&ser=296989" "Mozilla/5.0 (Windows NT 10.0; Win64; x64; rv:137.0) Gecko/20100101 Firefox/137.0"
178.165.172.18 - - [10/Apr/2025:16:58:30 +0200] "GET /gui/javascript/form_form.js?1744297110 HTTP/1.1" 200 16206 "http://hausegger.activities.at/entry.php?id=10271&&ser=297050" "Mozilla/5.0 (Windows NT 10.0; Win64; x64; rv:137.0) Gecko/20100101 Firefox/137.0"
156.59.198.136 - - [10/Apr/2025:16:58:59 +0200] "GET /docs/contadino/2017/GS17-000005.pdf HTTP/1.0" 404 302 "-" "Mozilla/5.0 (Linux; Android 5.0) AppleWebKit/537.36 (KHTML, like Gecko) Mobile Safari/537.36 (compatible; Bytespider; spider-feedback@bytedance.com)"
156.59.198.135 - - [10/Apr/2025:16:59:08 +0200] "GET /renault.2web.at/htdocs/binaries/10442911.pdf HTTP/1.0" 404 307 "-" "Mozilla/5.0 (Linux; Android 5.0) AppleWebKit/537.36 (KHTML, like Gecko) Mobile Safari/537.36 (compatible; Bytespider; spider-feedback@bytedance.com)"
178.165.172.18 - - [10/Apr/2025:16:59:30 +0200] "GET /entry.php?id=10271&&ser=297110 HTTP/1.1" 200 986 "http://hausegger.activities.at/entry.php?id=10271&&ser=297050" "Mozilla/5.0 (Windows NT 10.0; Win64; x64; rv:137.0) Gecko/20100101 Firefox/137.0"
178.165.172.18 - - [10/Apr/2025:16:59:30 +0200] "GET /gui/javascript/form_form.js?1744297170 HTTP/1.1" 200 16206 "http://hausegger.activities.at/entry.php?id=10271&&ser=297110" "Mozilla/5.0 (Windows NT 10.0; Win64; x64; rv:137.0) Gecko/20100101 Firefox/137.0"
178.165.172.18 - - [10/Apr/2025:17:00:31 +0200] "GET /entry.php?id=10271&&ser=297170 HTTP/1.1" 200 986 "http://hausegger.activities.at/entry.php?id=10271&&ser=297110" "Mozilla/5.0 (Windows NT 10.0; Win64; x64; rv:137.0) Gecko/20100101 Firefox/137.0"
178.165.172.18 - - [10/Apr/2025:17:00:31 +0200] "GET /gui/javascript/form_form.js?1744297231 HTTP/1.1" 200 16206 "http://hausegger.activities.at/entry.php?id=10271&&ser=297170" "Mozilla/5.0 (Windows NT 10.0; Win64; x64; rv:137.0) Gecko/20100101 Firefox/137.0"
178.165.172.18 - - [10/Apr/2025:17:01:31 +0200] "GET /entry.php?id=10271&&ser=297231 HTTP/1.1" 200 986 "http://hausegger.activities.at/entry.php?id=10271&&ser=297170" "Mozilla/5.0 (Windows NT 10.0; Win64; x64; rv:137.0) Gecko/20100101 Firefox/137.0"
178.165.172.18 - - [10/Apr/2025:17:01:31 +0200] "GET /gui/javascript/form_form.js?1744297291 HTTP/1.1" 200 16206 "http://hausegger.activities.at/entry.php?id=10271&&ser=297231" "Mozilla/5.0 (Windows NT 10.0; Win64; x64; rv:137.0) Gecko/20100101 Firefox/137.0"
156.59.198.135 - - [10/Apr/2025:17:01:36 +0200] "GET /renault.activities.at/htdocs/export/pdf/emuc_document/11224858.pdf HTTP/1.0" 404 321 "-" "Mozilla/5.0 (Linux; Android 5.0) AppleWebKit/537.36 (KHTML, like Gecko) Mobile Safari/537.36 (compatible; Bytespider; spider-feedback@bytedance.com)"
178.165.172.18 - - [10/Apr/2025:17:02:31 +0200] "GET /entry.php?id=10271&&ser=297291 HTTP/1.1" 200 986 "http://hausegger.activities.at/entry.php?id=10271&&ser=297231" "Mozilla/5.0 (Windows NT 10.0; Win64; x64; rv:137.0) Gecko/20100101 Firefox/137.0"
178.165.172.18 - - [10/Apr/2025:17:02:31 +0200] "GET /gui/javascript/form_form.js?1744297351 HTTP/1.1" 200 16206 "http://hausegger.activities.at/entry.php?id=10271&&ser=297291" "Mozilla/5.0 (Windows NT 10.0; Win64; x64; rv:137.0) Gecko/20100101 Firefox/137.0"
156.59.198.135 - - [10/Apr/2025:17:03:28 +0200] "GET /docs/contadino/2017/GS17-000002.pdf HTTP/1.0" 404 301 "-" "Mozilla/5.0 (Linux; Android 5.0) AppleWebKit/537.36 (KHTML, like Gecko) Mobile Safari/537.36 (compatible; Bytespider; spider-feedback@bytedance.com)"
178.165.172.18 - - [10/Apr/2025:17:03:32 +0200] "GET /entry.php?id=10271&&ser=297351 HTTP/1.1" 200 986 "http://hausegger.activities.at/entry.php?id=10271&&ser=297291" "Mozilla/5.0 (Windows NT 10.0; Win64; x64; rv:137.0) Gecko/20100101 Firefox/137.0"
178.165.172.18 - - [10/Apr/2025:17:03:32 +0200] "GET /gui/javascript/form_form.js?1744297412 HTTP/1.1" 200 16206 "http://hausegger.activities.at/entry.php?id=10271&&ser=297351" "Mozilla/5.0 (Windows NT 10.0; Win64; x64; rv:137.0) Gecko/20100101 Firefox/137.0"
178.165.172.18 - - [10/Apr/2025:17:04:32 +0200] "GET /entry.php?id=10271&&ser=297412 HTTP/1.1" 200 986 "http://hausegger.activities.at/entry.php?id=10271&&ser=297351" "Mozilla/5.0 (Windows NT 10.0; Win64; x64; rv:137.0) Gecko/20100101 Firefox/137.0"
178.165.172.18 - - [10/Apr/2025:17:04:32 +0200] "GET /gui/javascript/form_form.js?1744297472 HTTP/1.1" 200 16206 "http://hausegger.activities.at/entry.php?id=10271&&ser=297412" "Mozilla/5.0 (Windows NT 10.0; Win64; x64; rv:137.0) Gecko/20100101 Firefox/137.0"
178.165.172.18 - - [10/Apr/2025:17:05:32 +0200] "GET /entry.php?id=10271&&ser=297472 HTTP/1.1" 200 986 "http://hausegger.activities.at/entry.php?id=10271&&ser=297412" "Mozilla/5.0 (Windows NT 10.0; Win64; x64; rv:137.0) Gecko/20100101 Firefox/137.0"
178.165.172.18 - - [10/Apr/2025:17:05:32 +0200] "GET /gui/javascript/form_form.js?1744297532 HTTP/1.1" 200 16206 "http://hausegger.activities.at/entry.php?id=10271&&ser=297472" "Mozilla/5.0 (Windows NT 10.0; Win64; x64; rv:137.0) Gecko/20100101 Firefox/137.0"
178.165.172.18 - - [10/Apr/2025:17:06:32 +0200] "GET /entry.php?id=10271&&ser=297532 HTTP/1.1" 200 987 "http://hausegger.activities.at/entry.php?id=10271&&ser=297472" "Mozilla/5.0 (Windows NT 10.0; Win64; x64; rv:137.0) Gecko/20100101 Firefox/137.0"
178.165.172.18 - - [10/Apr/2025:17:06:33 +0200] "GET /gui/javascript/form_form.js?1744297593 HTTP/1.1" 200 16206 "http://hausegger.activities.at/entry.php?id=10271&&ser=297532" "Mozilla/5.0 (Windows NT 10.0; Win64; x64; rv:137.0) Gecko/20100101 Firefox/137.0"
178.165.172.18 - - [10/Apr/2025:17:07:33 +0200] "GET /entry.php?id=10271&&ser=297593 HTTP/1.1" 200 987 "http://hausegger.activities.at/entry.php?id=10271&&ser=297532" "Mozilla/5.0 (Windows NT 10.0; Win64; x64; rv:137.0) Gecko/20100101 Firefox/137.0"
178.165.172.18 - - [10/Apr/2025:17:07:33 +0200] "GET /gui/javascript/form_form.js?1744297653 HTTP/1.1" 200 16206 "http://hausegger.activities.at/entry.php?id=10271&&ser=297593" "Mozilla/5.0 (Windows NT 10.0; Win64; x64; rv:137.0) Gecko/20100101 Firefox/137.0"
178.165.172.18 - - [10/Apr/2025:17:08:33 +0200] "GET /entry.php?id=10271&&ser=297653 HTTP/1.1" 200 986 "http://hausegger.activities.at/entry.php?id=10271&&ser=297593" "Mozilla/5.0 (Windows NT 10.0; Win64; x64; rv:137.0) Gecko/20100101 Firefox/137.0"
178.165.172.18 - - [10/Apr/2025:17:08:33 +0200] "GET /gui/javascript/form_form.js?1744297713 HTTP/1.1" 200 16206 "http://hausegger.activities.at/entry.php?id=10271&&ser=297653" "Mozilla/5.0 (Windows NT 10.0; Win64; x64; rv:137.0) Gecko/20100101 Firefox/137.0"
178.165.172.18 - - [10/Apr/2025:17:09:33 +0200] "GET /entry.php?id=10271&&ser=297713 HTTP/1.1" 200 987 "http://hausegger.activities.at/entry.php?id=10271&&ser=297653" "Mozilla/5.0 (Windows NT 10.0; Win64; x64; rv:137.0) Gecko/20100101 Firefox/137.0"
178.165.172.18 - - [10/Apr/2025:17:09:34 +0200] "GET /gui/javascript/form_form.js?1744297774 HTTP/1.1" 200 16206 "http://hausegger.activities.at/entry.php?id=10271&&ser=297713" "Mozilla/5.0 (Windows NT 10.0; Win64; x64; rv:137.0) Gecko/20100101 Firefox/137.0"
151.106.161.79 - - [10/Apr/2025:17:10:15 +0200] "GET /cron.php?cron_type=tidy_cache&sid=bc5e5031ade0bd6b6d97f875627f2e36 HTTP/1.1" 404 290 "-" "Mozilla/5.0 (X11; Ubuntu; Linux x86_64; rv:72.0) Gecko/20100101 Firefox/72.0"
151.106.161.79 - - [10/Apr/2025:17:10:15 +0200] "GET /cron.php?cron_type=tidy_cache&sid=bc5e5031ade0bd6b6d97f875627f2e36 HTTP/1.1" 404 290 "-" "Mozilla/5.0 (X11; Ubuntu; Linux x86_64; rv:72.0) Gecko/20100101 Firefox/72.0"
151.106.161.79 - - [10/Apr/2025:17:10:16 +0200] "GET /cron.php?cron_type=tidy_cache&sid=bc5e5031ade0bd6b6d97f875627f2e36 HTTP/1.1" 404 290 "-" "Mozilla/5.0 (X11; Ubuntu; Linux x86_64; rv:72.0) Gecko/20100101 Firefox/72.0"
178.165.172.18 - - [10/Apr/2025:17:10:34 +0200] "GET /entry.php?id=10271&&ser=297774 HTTP/1.1" 200 986 "http://hausegger.activities.at/entry.php?id=10271&&ser=297713" "Mozilla/5.0 (Windows NT 10.0; Win64; x64; rv:137.0) Gecko/20100101 Firefox/137.0"
178.165.172.18 - - [10/Apr/2025:17:10:34 +0200] "GET /gui/javascript/form_form.js?1744297834 HTTP/1.1" 200 16206 "http://hausegger.activities.at/entry.php?id=10271&&ser=297774" "Mozilla/5.0 (Windows NT 10.0; Win64; x64; rv:137.0) Gecko/20100101 Firefox/137.0"
156.59.198.136 - - [10/Apr/2025:17:11:12 +0200] "GET /renault.activities.at/htdocs/export/pdf/emuc_document/11901479.pdf HTTP/1.0" 404 322 "-" "Mozilla/5.0 (Linux; Android 5.0) AppleWebKit/537.36 (KHTML, like Gecko) Mobile Safari/537.36 (compatible; Bytespider; spider-feedback@bytedance.com)"
178.165.172.18 - - [10/Apr/2025:17:11:34 +0200] "GET /entry.php?id=10271&&ser=297834 HTTP/1.1" 200 986 "http://hausegger.activities.at/entry.php?id=10271&&ser=297774" "Mozilla/5.0 (Windows NT 10.0; Win64; x64; rv:137.0) Gecko/20100101 Firefox/137.0"
178.165.172.18 - - [10/Apr/2025:17:11:34 +0200] "GET /gui/javascript/form_form.js?1744297894 HTTP/1.1" 200 16206 "http://hausegger.activities.at/entry.php?id=10271&&ser=297834" "Mozilla/5.0 (Windows NT 10.0; Win64; x64; rv:137.0) Gecko/20100101 Firefox/137.0"
178.165.172.18 - - [10/Apr/2025:17:12:34 +0200] "GET /entry.php?id=10271&&ser=297894 HTTP/1.1" 200 987 "http://hausegger.activities.at/entry.php?id=10271&&ser=297834" "Mozilla/5.0 (Windows NT 10.0; Win64; x64; rv:137.0) Gecko/20100101 Firefox/137.0"
178.165.172.18 - - [10/Apr/2025:17:12:35 +0200] "GET /gui/javascript/form_form.js?1744297955 HTTP/1.1" 200 16206 "http://hausegger.activities.at/entry.php?id=10271&&ser=297894" "Mozilla/5.0 (Windows NT 10.0; Win64; x64; rv:137.0) Gecko/20100101 Firefox/137.0"
178.165.172.18 - - [10/Apr/2025:17:13:35 +0200] "GET /entry.php?id=10271&&ser=297955 HTTP/1.1" 200 986 "http://hausegger.activities.at/entry.php?id=10271&&ser=297894" "Mozilla/5.0 (Windows NT 10.0; Win64; x64; rv:137.0) Gecko/20100101 Firefox/137.0"
178.165.172.18 - - [10/Apr/2025:17:13:35 +0200] "GET /gui/javascript/form_form.js?1744298015 HTTP/1.1" 200 16206 "http://hausegger.activities.at/entry.php?id=10271&&ser=297955" "Mozilla/5.0 (Windows NT 10.0; Win64; x64; rv:137.0) Gecko/20100101 Firefox/137.0"
178.165.172.18 - - [10/Apr/2025:17:14:35 +0200] "GET /entry.php?id=10271&&ser=298015 HTTP/1.1" 200 986 "http://hausegger.activities.at/entry.php?id=10271&&ser=297955" "Mozilla/5.0 (Windows NT 10.0; Win64; x64; rv:137.0) Gecko/20100101 Firefox/137.0"
178.165.172.18 - - [10/Apr/2025:17:14:35 +0200] "GET /gui/javascript/form_form.js?1744298075 HTTP/1.1" 200 16206 "http://hausegger.activities.at/entry.php?id=10271&&ser=298015" "Mozilla/5.0 (Windows NT 10.0; Win64; x64; rv:137.0) Gecko/20100101 Firefox/137.0"
178.165.172.18 - - [10/Apr/2025:17:15:35 +0200] "GET /entry.php?id=10271&&ser=298075 HTTP/1.1" 200 988 "http://hausegger.activities.at/entry.php?id=10271&&ser=298015" "Mozilla/5.0 (Windows NT 10.0; Win64; x64; rv:137.0) Gecko/20100101 Firefox/137.0"
178.165.172.18 - - [10/Apr/2025:17:15:36 +0200] "GET /gui/javascript/form_form.js?1744298136 HTTP/1.1" 200 16206 "http://hausegger.activities.at/entry.php?id=10271&&ser=298075" "Mozilla/5.0 (Windows NT 10.0; Win64; x64; rv:137.0) Gecko/20100101 Firefox/137.0"
178.165.172.18 - - [10/Apr/2025:17:16:36 +0200] "GET /entry.php?id=10271&&ser=298135 HTTP/1.1" 200 986 "http://hausegger.activities.at/entry.php?id=10271&&ser=298075" "Mozilla/5.0 (Windows NT 10.0; Win64; x64; rv:137.0) Gecko/20100101 Firefox/137.0"
178.165.172.18 - - [10/Apr/2025:17:16:36 +0200] "GET /gui/javascript/form_form.js?1744298196 HTTP/1.1" 200 16206 "http://hausegger.activities.at/entry.php?id=10271&&ser=298135" "Mozilla/5.0 (Windows NT 10.0; Win64; x64; rv:137.0) Gecko/20100101 Firefox/137.0"
178.165.172.18 - - [10/Apr/2025:17:17:36 +0200] "GET /entry.php?id=10271&&ser=298196 HTTP/1.1" 200 986 "http://hausegger.activities.at/entry.php?id=10271&&ser=298135" "Mozilla/5.0 (Windows NT 10.0; Win64; x64; rv:137.0) Gecko/20100101 Firefox/137.0"
178.165.172.18 - - [10/Apr/2025:17:17:36 +0200] "GET /gui/javascript/form_form.js?1744298256 HTTP/1.1" 200 16206 "http://hausegger.activities.at/entry.php?id=10271&&ser=298196" "Mozilla/5.0 (Windows NT 10.0; Win64; x64; rv:137.0) Gecko/20100101 Firefox/137.0"
178.165.172.18 - - [10/Apr/2025:17:18:36 +0200] "GET /entry.php?id=10271&&ser=298256 HTTP/1.1" 200 986 "http://hausegger.activities.at/entry.php?id=10271&&ser=298196" "Mozilla/5.0 (Windows NT 10.0; Win64; x64; rv:137.0) Gecko/20100101 Firefox/137.0"
178.165.172.18 - - [10/Apr/2025:17:18:37 +0200] "GET /gui/javascript/form_form.js?1744298316 HTTP/1.1" 200 16206 "http://hausegger.activities.at/entry.php?id=10271&&ser=298256" "Mozilla/5.0 (Windows NT 10.0; Win64; x64; rv:137.0) Gecko/20100101 Firefox/137.0"
151.106.162.30 - - [10/Apr/2025:17:19:33 +0200] "GET /cron.php?cron_type=tidy_cache&sid=cb985f2ba51db74879446c1a1a9a5460 HTTP/1.1" 404 290 "-" "Mozilla/5.0 (X11; Ubuntu; Linux x86_64; rv:72.0) Gecko/20100101 Firefox/72.0"
151.106.162.30 - - [10/Apr/2025:17:19:33 +0200] "GET /cron.php?cron_type=tidy_cache&sid=cb985f2ba51db74879446c1a1a9a5460 HTTP/1.1" 404 290 "-" "Mozilla/5.0 (X11; Ubuntu; Linux x86_64; rv:72.0) Gecko/20100101 Firefox/72.0"
151.106.162.30 - - [10/Apr/2025:17:19:34 +0200] "GET /cron.php?cron_type=tidy_cache&sid=cb985f2ba51db74879446c1a1a9a5460 HTTP/1.1" 404 290 "-" "Mozilla/5.0 (X11; Ubuntu; Linux x86_64; rv:72.0) Gecko/20100101 Firefox/72.0"
178.165.172.18 - - [10/Apr/2025:17:19:37 +0200] "GET /entry.php?id=10271&&ser=298316 HTTP/1.1" 200 986 "http://hausegger.activities.at/entry.php?id=10271&&ser=298256" "Mozilla/5.0 (Windows NT 10.0; Win64; x64; rv:137.0) Gecko/20100101 Firefox/137.0"
178.165.172.18 - - [10/Apr/2025:17:19:37 +0200] "GET /gui/javascript/form_form.js?1744298377 HTTP/1.1" 200 16206 "http://hausegger.activities.at/entry.php?id=10271&&ser=298316" "Mozilla/5.0 (Windows NT 10.0; Win64; x64; rv:137.0) Gecko/20100101 Firefox/137.0"
178.165.172.18 - - [10/Apr/2025:17:20:37 +0200] "GET /entry.php?id=10271&&ser=298377 HTTP/1.1" 200 986 "http://hausegger.activities.at/entry.php?id=10271&&ser=298316" "Mozilla/5.0 (Windows NT 10.0; Win64; x64; rv:137.0) Gecko/20100101 Firefox/137.0"
178.165.172.18 - - [10/Apr/2025:17:20:37 +0200] "GET /gui/javascript/form_form.js?1744298437 HTTP/1.1" 200 16206 "http://hausegger.activities.at/entry.php?id=10271&&ser=298377" "Mozilla/5.0 (Windows NT 10.0; Win64; x64; rv:137.0) Gecko/20100101 Firefox/137.0"
154.81.156.54 - - [10/Apr/2025:17:20:53 +0200] "GET / HTTP/1.1" 200 274 "-" "Mozilla/5.0 (Windows NT 10.0; Win64; x64) AppleWebKit/537.36 (KHTML, like Gecko) Chrome/90.0.4430.85 Safari/537.36 Edg/90.0.818.46"
178.165.172.18 - - [10/Apr/2025:17:21:37 +0200] "GET /entry.php?id=10271&&ser=298437 HTTP/1.1" 200 986 "http://hausegger.activities.at/entry.php?id=10271&&ser=298377" "Mozilla/5.0 (Windows NT 10.0; Win64; x64; rv:137.0) Gecko/20100101 Firefox/137.0"
178.165.172.18 - - [10/Apr/2025:17:21:38 +0200] "GET /gui/javascript/form_form.js?1744298497 HTTP/1.1" 200 16206 "http://hausegger.activities.at/entry.php?id=10271&&ser=298437" "Mozilla/5.0 (Windows NT 10.0; Win64; x64; rv:137.0) Gecko/20100101 Firefox/137.0"
178.165.172.18 - - [10/Apr/2025:17:22:38 +0200] "GET /entry.php?id=10271&&ser=298497 HTTP/1.1" 200 986 "http://hausegger.activities.at/entry.php?id=10271&&ser=298437" "Mozilla/5.0 (Windows NT 10.0; Win64; x64; rv:137.0) Gecko/20100101 Firefox/137.0"
178.165.172.18 - - [10/Apr/2025:17:22:38 +0200] "GET /gui/javascript/form_form.js?1744298558 HTTP/1.1" 200 16206 "http://hausegger.activities.at/entry.php?id=10271&&ser=298497" "Mozilla/5.0 (Windows NT 10.0; Win64; x64; rv:137.0) Gecko/20100101 Firefox/137.0"
151.106.162.30 - - [10/Apr/2025:17:23:21 +0200] "GET /download/file.php?id=251&sid=11a8732ec75b9537fd82dc56ac552843 HTTP/1.1" 404 297 "-" "Mozilla/5.0 (X11; Ubuntu; Linux x86_64; rv:72.0) Gecko/20100101 Firefox/72.0"
151.106.162.30 - - [10/Apr/2025:17:23:21 +0200] "GET /download/file.php?id=251&sid=11a8732ec75b9537fd82dc56ac552843 HTTP/1.1" 404 297 "-" "Mozilla/5.0 (X11; Ubuntu; Linux x86_64; rv:72.0) Gecko/20100101 Firefox/72.0"
151.106.162.30 - - [10/Apr/2025:17:23:22 +0200] "GET /download/file.php?id=251&sid=11a8732ec75b9537fd82dc56ac552843 HTTP/1.1" 404 297 "-" "Mozilla/5.0 (X11; Ubuntu; Linux x86_64; rv:72.0) Gecko/20100101 Firefox/72.0"
178.165.172.18 - - [10/Apr/2025:17:23:38 +0200] "GET /entry.php?id=10271&&ser=298558 HTTP/1.1" 200 986 "http://hausegger.activities.at/entry.php?id=10271&&ser=298497" "Mozilla/5.0 (Windows NT 10.0; Win64; x64; rv:137.0) Gecko/20100101 Firefox/137.0"
178.165.172.18 - - [10/Apr/2025:17:23:38 +0200] "GET /gui/javascript/form_form.js?1744298618 HTTP/1.1" 200 16206 "http://hausegger.activities.at/entry.php?id=10271&&ser=298558" "Mozilla/5.0 (Windows NT 10.0; Win64; x64; rv:137.0) Gecko/20100101 Firefox/137.0"
151.106.177.184 - - [10/Apr/2025:17:24:06 +0200] "GET /gallery/image.php?mode=thumbnail&album_id=3&image_id=90&sid=0c8d4ca51199da22788c2a1ef7454de6 HTTP/1.1" 404 297 "-" "Mozilla/5.0 (X11; Ubuntu; Linux x86_64; rv:72.0) Gecko/20100101 Firefox/72.0"
151.106.177.184 - - [10/Apr/2025:17:24:06 +0200] "GET /gallery/image.php?mode=thumbnail&album_id=3&image_id=90&sid=0c8d4ca51199da22788c2a1ef7454de6 HTTP/1.1" 404 297 "-" "Mozilla/5.0 (X11; Ubuntu; Linux x86_64; rv:72.0) Gecko/20100101 Firefox/72.0"
151.106.177.184 - - [10/Apr/2025:17:24:07 +0200] "GET /gallery/image.php?mode=thumbnail&album_id=3&image_id=90&sid=0c8d4ca51199da22788c2a1ef7454de6 HTTP/1.1" 404 297 "-" "Mozilla/5.0 (X11; Ubuntu; Linux x86_64; rv:72.0) Gecko/20100101 Firefox/72.0"
178.165.172.18 - - [10/Apr/2025:17:24:38 +0200] "GET /entry.php?id=10271&&ser=298618 HTTP/1.1" 200 986 "http://hausegger.activities.at/entry.php?id=10271&&ser=298558" "Mozilla/5.0 (Windows NT 10.0; Win64; x64; rv:137.0) Gecko/20100101 Firefox/137.0"
178.165.172.18 - - [10/Apr/2025:17:24:39 +0200] "GET /gui/javascript/form_form.js?1744298678 HTTP/1.1" 200 16206 "http://hausegger.activities.at/entry.php?id=10271&&ser=298618" "Mozilla/5.0 (Windows NT 10.0; Win64; x64; rv:137.0) Gecko/20100101 Firefox/137.0"
185.255.122.19 - - [10/Apr/2025:17:25:20 +0200] "GET / HTTP/1.1" 200 274 "-" "Mozilla/5.0 (Windows NT 10.0; Win64; x64) AppleWebKit/537.36 (KHTML, like Gecko) Chrome/90.0.4430.85 Safari/537.36 Edg/90.0.818.46"
178.165.172.18 - - [10/Apr/2025:17:25:39 +0200] "GET /entry.php?id=10271&&ser=298678 HTTP/1.1" 200 986 "http://hausegger.activities.at/entry.php?id=10271&&ser=298618" "Mozilla/5.0 (Windows NT 10.0; Win64; x64; rv:137.0) Gecko/20100101 Firefox/137.0"
178.165.172.18 - - [10/Apr/2025:17:25:39 +0200] "GET /gui/javascript/form_form.js?1744298739 HTTP/1.1" 200 16206 "http://hausegger.activities.at/entry.php?id=10271&&ser=298678" "Mozilla/5.0 (Windows NT 10.0; Win64; x64; rv:137.0) Gecko/20100101 Firefox/137.0"
151.106.181.25 - - [10/Apr/2025:17:26:00 +0200] "GET /gallery/image.php?mode=thumbnail&album_id=3&image_id=90&sid=669362553ce370259aee3a1d9b4f7bb1 HTTP/1.1" 404 297 "-" "Mozilla/5.0 (X11; Ubuntu; Linux x86_64; rv:72.0) Gecko/20100101 Firefox/72.0"
151.106.181.25 - - [10/Apr/2025:17:26:00 +0200] "GET /gallery/image.php?mode=thumbnail&album_id=3&image_id=90&sid=669362553ce370259aee3a1d9b4f7bb1 HTTP/1.1" 404 297 "-" "Mozilla/5.0 (X11; Ubuntu; Linux x86_64; rv:72.0) Gecko/20100101 Firefox/72.0"
151.106.181.25 - - [10/Apr/2025:17:26:01 +0200] "GET /gallery/image.php?mode=thumbnail&album_id=3&image_id=90&sid=669362553ce370259aee3a1d9b4f7bb1 HTTP/1.1" 404 297 "-" "Mozilla/5.0 (X11; Ubuntu; Linux x86_64; rv:72.0) Gecko/20100101 Firefox/72.0"
178.165.172.18 - - [10/Apr/2025:17:26:39 +0200] "GET /entry.php?id=10271&&ser=298739 HTTP/1.1" 200 986 "http://hausegger.activities.at/entry.php?id=10271&&ser=298678" "Mozilla/5.0 (Windows NT 10.0; Win64; x64; rv:137.0) Gecko/20100101 Firefox/137.0"
178.165.172.18 - - [10/Apr/2025:17:26:39 +0200] "GET /gui/javascript/form_form.js?1744298799 HTTP/1.1" 200 16206 "http://hausegger.activities.at/entry.php?id=10271&&ser=298739" "Mozilla/5.0 (Windows NT 10.0; Win64; x64; rv:137.0) Gecko/20100101 Firefox/137.0"
156.59.198.136 - - [10/Apr/2025:17:27:07 +0200] "GET /renault.activities.at/htdocs/export/pdf/emuc_document/12135936.pdf HTTP/1.0" 404 322 "-" "Mozilla/5.0 (Linux; Android 5.0) AppleWebKit/537.36 (KHTML, like Gecko) Mobile Safari/537.36 (compatible; Bytespider; spider-feedback@bytedance.com)"
178.165.172.18 - - [10/Apr/2025:17:27:39 +0200] "GET /entry.php?id=10271&&ser=298799 HTTP/1.1" 200 986 "http://hausegger.activities.at/entry.php?id=10271&&ser=298739" "Mozilla/5.0 (Windows NT 10.0; Win64; x64; rv:137.0) Gecko/20100101 Firefox/137.0"
178.165.172.18 - - [10/Apr/2025:17:27:40 +0200] "GET /gui/javascript/form_form.js?1744298860 HTTP/1.1" 200 16206 "http://hausegger.activities.at/entry.php?id=10271&&ser=298799" "Mozilla/5.0 (Windows NT 10.0; Win64; x64; rv:137.0) Gecko/20100101 Firefox/137.0"
178.165.172.18 - - [10/Apr/2025:17:28:40 +0200] "GET /entry.php?id=10271&&ser=298860 HTTP/1.1" 200 986 "http://hausegger.activities.at/entry.php?id=10271&&ser=298799" "Mozilla/5.0 (Windows NT 10.0; Win64; x64; rv:137.0) Gecko/20100101 Firefox/137.0"
178.165.172.18 - - [10/Apr/2025:17:28:40 +0200] "GET /gui/javascript/form_form.js?1744298920 HTTP/1.1" 200 16206 "http://hausegger.activities.at/entry.php?id=10271&&ser=298860" "Mozilla/5.0 (Windows NT 10.0; Win64; x64; rv:137.0) Gecko/20100101 Firefox/137.0"
178.165.172.18 - - [10/Apr/2025:17:29:40 +0200] "GET /entry.php?id=10271&&ser=298920 HTTP/1.1" 200 986 "http://hausegger.activities.at/entry.php?id=10271&&ser=298860" "Mozilla/5.0 (Windows NT 10.0; Win64; x64; rv:137.0) Gecko/20100101 Firefox/137.0"
178.165.172.18 - - [10/Apr/2025:17:29:40 +0200] "GET /gui/javascript/form_form.js?1744298980 HTTP/1.1" 200 16206 "http://hausegger.activities.at/entry.php?id=10271&&ser=298920" "Mozilla/5.0 (Windows NT 10.0; Win64; x64; rv:137.0) Gecko/20100101 Firefox/137.0"
154.81.156.54 - - [10/Apr/2025:17:29:44 +0200] "GET / HTTP/1.1" 200 274 "-" "Mozilla/5.0 (Windows NT 10.0; Win64; x64) AppleWebKit/537.36 (KHTML, like Gecko) Chrome/90.0.4430.85 Safari/537.36 Edg/90.0.818.46"
151.106.160.247 - - [10/Apr/2025:17:29:53 +0200] "GET /download/file.php?id=243&sid=d6124477d3410a6dbb2299a36e3249c3 HTTP/1.1" 404 297 "-" "Mozilla/5.0 (X11; Ubuntu; Linux x86_64; rv:72.0) Gecko/20100101 Firefox/72.0"
151.106.160.247 - - [10/Apr/2025:17:29:53 +0200] "GET /download/file.php?id=243&sid=d6124477d3410a6dbb2299a36e3249c3 HTTP/1.1" 404 297 "-" "Mozilla/5.0 (X11; Ubuntu; Linux x86_64; rv:72.0) Gecko/20100101 Firefox/72.0"
151.106.160.247 - - [10/Apr/2025:17:29:53 +0200] "GET /download/file.php?id=243&sid=d6124477d3410a6dbb2299a36e3249c3 HTTP/1.1" 404 297 "-" "Mozilla/5.0 (X11; Ubuntu; Linux x86_64; rv:72.0) Gecko/20100101 Firefox/72.0"
178.165.172.18 - - [10/Apr/2025:17:30:40 +0200] "GET /entry.php?id=10271&&ser=298980 HTTP/1.1" 200 986 "http://hausegger.activities.at/entry.php?id=10271&&ser=298920" "Mozilla/5.0 (Windows NT 10.0; Win64; x64; rv:137.0) Gecko/20100101 Firefox/137.0"
178.165.172.18 - - [10/Apr/2025:17:30:41 +0200] "GET /gui/javascript/form_form.js?1744299041 HTTP/1.1" 200 16206 "http://hausegger.activities.at/entry.php?id=10271&&ser=298980" "Mozilla/5.0 (Windows NT 10.0; Win64; x64; rv:137.0) Gecko/20100101 Firefox/137.0"
178.165.172.18 - - [10/Apr/2025:17:31:41 +0200] "GET /entry.php?id=10271&&ser=299041 HTTP/1.1" 200 986 "http://hausegger.activities.at/entry.php?id=10271&&ser=298980" "Mozilla/5.0 (Windows NT 10.0; Win64; x64; rv:137.0) Gecko/20100101 Firefox/137.0"
178.165.172.18 - - [10/Apr/2025:17:31:41 +0200] "GET /gui/javascript/form_form.js?1744299101 HTTP/1.1" 200 16206 "http://hausegger.activities.at/entry.php?id=10271&&ser=299041" "Mozilla/5.0 (Windows NT 10.0; Win64; x64; rv:137.0) Gecko/20100101 Firefox/137.0"
178.165.172.18 - - [10/Apr/2025:17:32:41 +0200] "GET /entry.php?id=10271&&ser=299101 HTTP/1.1" 200 986 "http://hausegger.activities.at/entry.php?id=10271&&ser=299041" "Mozilla/5.0 (Windows NT 10.0; Win64; x64; rv:137.0) Gecko/20100101 Firefox/137.0"
178.165.172.18 - - [10/Apr/2025:17:32:41 +0200] "GET /gui/javascript/form_form.js?1744299161 HTTP/1.1" 200 16206 "http://hausegger.activities.at/entry.php?id=10271&&ser=299101" "Mozilla/5.0 (Windows NT 10.0; Win64; x64; rv:137.0) Gecko/20100101 Firefox/137.0"
154.81.156.10 - - [10/Apr/2025:17:33:22 +0200] "GET / HTTP/1.1" 200 274 "-" "Mozilla/5.0 (Windows NT 10.0; Win64; x64) AppleWebKit/537.36 (KHTML, like Gecko) Chrome/90.0.4430.85 Safari/537.36 Edg/90.0.818.46"
178.165.172.18 - - [10/Apr/2025:17:33:41 +0200] "GET /entry.php?id=10271&&ser=299161 HTTP/1.1" 200 986 "http://hausegger.activities.at/entry.php?id=10271&&ser=299101" "Mozilla/5.0 (Windows NT 10.0; Win64; x64; rv:137.0) Gecko/20100101 Firefox/137.0"
178.165.172.18 - - [10/Apr/2025:17:33:42 +0200] "GET /gui/javascript/form_form.js?1744299222 HTTP/1.1" 200 16206 "http://hausegger.activities.at/entry.php?id=10271&&ser=299161" "Mozilla/5.0 (Windows NT 10.0; Win64; x64; rv:137.0) Gecko/20100101 Firefox/137.0"
