178.165.172.18 - - [10/Apr/2025:14:56:28 +0200] "GET /entry.php?id=10271&&ser=289728 HTTP/1.1" 200 986 "http://hausegger.activities.at/entry.php?id=10271&&ser=289668" "Mozilla/5.0 (Windows NT 10.0; Win64; x64; rv:137.0) Gecko/20100101 Firefox/137.0"
178.165.172.18 - - [10/Apr/2025:14:56:28 +0200] "GET /gui/javascript/form_form.js?1744289788 HTTP/1.1" 200 16206 "http://hausegger.activities.at/entry.php?id=10271&&ser=289728" "Mozilla/5.0 (Windows NT 10.0; Win64; x64; rv:137.0) Gecko/20100101 Firefox/137.0"
178.165.172.18 - - [10/Apr/2025:14:57:28 +0200] "GET /entry.php?id=10271&&ser=289788 HTTP/1.1" 200 986 "http://hausegger.activities.at/entry.php?id=10271&&ser=289728" "Mozilla/5.0 (Windows NT 10.0; Win64; x64; rv:137.0) Gecko/20100101 Firefox/137.0"
178.165.172.18 - - [10/Apr/2025:14:57:29 +0200] "GET /gui/javascript/form_form.js?1744289849 HTTP/1.1" 200 16206 "http://hausegger.activities.at/entry.php?id=10271&&ser=289788" "Mozilla/5.0 (Windows NT 10.0; Win64; x64; rv:137.0) Gecko/20100101 Firefox/137.0"
178.165.172.18 - - [10/Apr/2025:14:58:29 +0200] "GET /entry.php?id=10271&&ser=289849 HTTP/1.1" 200 986 "http://hausegger.activities.at/entry.php?id=10271&&ser=289788" "Mozilla/5.0 (Windows NT 10.0; Win64; x64; rv:137.0) Gecko/20100101 Firefox/137.0"
178.165.172.18 - - [10/Apr/2025:14:58:29 +0200] "GET /gui/javascript/form_form.js?1744289909 HTTP/1.1" 200 16206 "http://hausegger.activities.at/entry.php?id=10271&&ser=289849" "Mozilla/5.0 (Windows NT 10.0; Win64; x64; rv:137.0) Gecko/20100101 Firefox/137.0"
196.251.85.238 - - [10/Apr/2025:14:58:40 +0200] "GET /login.rsp HTTP/1.1" 404 354 "-" "Hello World"
178.165.172.18 - - [10/Apr/2025:14:59:29 +0200] "GET /entry.php?id=10271&&ser=289909 HTTP/1.1" 200 986 "http://hausegger.activities.at/entry.php?id=10271&&ser=289849" "Mozilla/5.0 (Windows NT 10.0; Win64; x64; rv:137.0) Gecko/20100101 Firefox/137.0"
178.165.172.18 - - [10/Apr/2025:14:59:29 +0200] "GET /gui/javascript/form_form.js?1744289969 HTTP/1.1" 200 16206 "http://hausegger.activities.at/entry.php?id=10271&&ser=289909" "Mozilla/5.0 (Windows NT 10.0; Win64; x64; rv:137.0) Gecko/20100101 Firefox/137.0"
178.165.172.18 - - [10/Apr/2025:15:00:29 +0200] "GET /entry.php?id=10271&&ser=289969 HTTP/1.1" 200 985 "http://hausegger.activities.at/entry.php?id=10271&&ser=289909" "Mozilla/5.0 (Windows NT 10.0; Win64; x64; rv:137.0) Gecko/20100101 Firefox/137.0"
178.165.172.18 - - [10/Apr/2025:15:00:30 +0200] "GET /gui/javascript/form_form.js?1744290030 HTTP/1.1" 200 16206 "http://hausegger.activities.at/entry.php?id=10271&&ser=289969" "Mozilla/5.0 (Windows NT 10.0; Win64; x64; rv:137.0) Gecko/20100101 Firefox/137.0"
156.59.198.136 - - [10/Apr/2025:15:00:33 +0200] "GET /docs/contadino/2018/RECHNUNG/RE18-00008.pdf HTTP/1.0" 404 307 "-" "Mozilla/5.0 (Linux; Android 5.0) AppleWebKit/537.36 (KHTML, like Gecko) Mobile Safari/537.36 (compatible; Bytespider; spider-feedback@bytedance.com)"
154.81.156.34 - - [10/Apr/2025:15:01:07 +0200] "GET / HTTP/1.1" 200 274 "-" "Mozilla/5.0 (Windows NT 10.0; Win64; x64) AppleWebKit/537.36 (KHTML, like Gecko) Chrome/90.0.4430.85 Safari/537.36 Edg/90.0.818.46"
178.165.172.18 - - [10/Apr/2025:15:01:30 +0200] "GET /entry.php?id=10271&&ser=290030 HTTP/1.1" 200 986 "http://hausegger.activities.at/entry.php?id=10271&&ser=289969" "Mozilla/5.0 (Windows NT 10.0; Win64; x64; rv:137.0) Gecko/20100101 Firefox/137.0"
178.165.172.18 - - [10/Apr/2025:15:01:30 +0200] "GET /gui/javascript/form_form.js?1744290090 HTTP/1.1" 200 16206 "http://hausegger.activities.at/entry.php?id=10271&&ser=290030" "Mozilla/5.0 (Windows NT 10.0; Win64; x64; rv:137.0) Gecko/20100101 Firefox/137.0"
151.106.164.53 - - [10/Apr/2025:15:02:18 +0200] "GET /cron.php?cron_type=tidy_cache&sid=b961b8ab58c2b5aba783514e772c1dd8 HTTP/1.1" 404 290 "-" "Mozilla/5.0 (X11; Ubuntu; Linux x86_64; rv:72.0) Gecko/20100101 Firefox/72.0"
151.106.164.53 - - [10/Apr/2025:15:02:19 +0200] "GET /cron.php?cron_type=tidy_cache&sid=b961b8ab58c2b5aba783514e772c1dd8 HTTP/1.1" 404 290 "-" "Mozilla/5.0 (X11; Ubuntu; Linux x86_64; rv:72.0) Gecko/20100101 Firefox/72.0"
151.106.164.53 - - [10/Apr/2025:15:02:19 +0200] "GET /cron.php?cron_type=tidy_cache&sid=b961b8ab58c2b5aba783514e772c1dd8 HTTP/1.1" 404 290 "-" "Mozilla/5.0 (X11; Ubuntu; Linux x86_64; rv:72.0) Gecko/20100101 Firefox/72.0"
178.165.172.18 - - [10/Apr/2025:15:02:30 +0200] "GET /entry.php?id=10271&&ser=290090 HTTP/1.1" 200 986 "http://hausegger.activities.at/entry.php?id=10271&&ser=290030" "Mozilla/5.0 (Windows NT 10.0; Win64; x64; rv:137.0) Gecko/20100101 Firefox/137.0"
178.165.172.18 - - [10/Apr/2025:15:02:30 +0200] "GET /gui/javascript/form_form.js?1744290150 HTTP/1.1" 200 16206 "http://hausegger.activities.at/entry.php?id=10271&&ser=290090" "Mozilla/5.0 (Windows NT 10.0; Win64; x64; rv:137.0) Gecko/20100101 Firefox/137.0"
151.106.191.138 - - [10/Apr/2025:15:03:02 +0200] "GET /download/file.php?id=239&sid=ce1518e268a17117765e76cb238689c5 HTTP/1.1" 404 297 "-" "Mozilla/5.0 (X11; Ubuntu; Linux x86_64; rv:72.0) Gecko/20100101 Firefox/72.0"
151.106.191.138 - - [10/Apr/2025:15:03:03 +0200] "GET /download/file.php?id=239&sid=ce1518e268a17117765e76cb238689c5 HTTP/1.1" 404 297 "-" "Mozilla/5.0 (X11; Ubuntu; Linux x86_64; rv:72.0) Gecko/20100101 Firefox/72.0"
151.106.191.138 - - [10/Apr/2025:15:03:03 +0200] "GET /download/file.php?id=239&sid=ce1518e268a17117765e76cb238689c5 HTTP/1.1" 404 297 "-" "Mozilla/5.0 (X11; Ubuntu; Linux x86_64; rv:72.0) Gecko/20100101 Firefox/72.0"
178.165.172.18 - - [10/Apr/2025:15:03:31 +0200] "GET /entry.php?id=10271&&ser=290150 HTTP/1.1" 200 985 "http://hausegger.activities.at/entry.php?id=10271&&ser=290090" "Mozilla/5.0 (Windows NT 10.0; Win64; x64; rv:137.0) Gecko/20100101 Firefox/137.0"
178.165.172.18 - - [10/Apr/2025:15:03:31 +0200] "GET /gui/javascript/form_form.js?1744290211 HTTP/1.1" 200 16206 "http://hausegger.activities.at/entry.php?id=10271&&ser=290150" "Mozilla/5.0 (Windows NT 10.0; Win64; x64; rv:137.0) Gecko/20100101 Firefox/137.0"
178.165.172.18 - - [10/Apr/2025:15:04:31 +0200] "GET /entry.php?id=10271&&ser=290211 HTTP/1.1" 200 985 "http://hausegger.activities.at/entry.php?id=10271&&ser=290150" "Mozilla/5.0 (Windows NT 10.0; Win64; x64; rv:137.0) Gecko/20100101 Firefox/137.0"
178.165.172.18 - - [10/Apr/2025:15:04:31 +0200] "GET /gui/javascript/form_form.js?1744290271 HTTP/1.1" 200 16206 "http://hausegger.activities.at/entry.php?id=10271&&ser=290211" "Mozilla/5.0 (Windows NT 10.0; Win64; x64; rv:137.0) Gecko/20100101 Firefox/137.0"
178.165.172.18 - - [10/Apr/2025:15:05:31 +0200] "GET /entry.php?id=10271&&ser=290271 HTTP/1.1" 200 986 "http://hausegger.activities.at/entry.php?id=10271&&ser=290211" "Mozilla/5.0 (Windows NT 10.0; Win64; x64; rv:137.0) Gecko/20100101 Firefox/137.0"
178.165.172.18 - - [10/Apr/2025:15:05:31 +0200] "GET /gui/javascript/form_form.js?1744290331 HTTP/1.1" 200 16206 "http://hausegger.activities.at/entry.php?id=10271&&ser=290271" "Mozilla/5.0 (Windows NT 10.0; Win64; x64; rv:137.0) Gecko/20100101 Firefox/137.0"
154.81.156.54 - - [10/Apr/2025:15:06:20 +0200] "GET / HTTP/1.1" 200 274 "-" "Mozilla/5.0 (Windows NT 10.0; Win64; x64) AppleWebKit/537.36 (KHTML, like Gecko) Chrome/90.0.4430.85 Safari/537.36 Edg/90.0.818.46"
178.165.172.18 - - [10/Apr/2025:15:06:32 +0200] "GET /entry.php?id=10271&&ser=290331 HTTP/1.1" 200 986 "http://hausegger.activities.at/entry.php?id=10271&&ser=290271" "Mozilla/5.0 (Windows NT 10.0; Win64; x64; rv:137.0) Gecko/20100101 Firefox/137.0"
178.165.172.18 - - [10/Apr/2025:15:06:32 +0200] "GET /gui/javascript/form_form.js?1744290392 HTTP/1.1" 200 16206 "http://hausegger.activities.at/entry.php?id=10271&&ser=290331" "Mozilla/5.0 (Windows NT 10.0; Win64; x64; rv:137.0) Gecko/20100101 Firefox/137.0"
178.165.172.18 - - [10/Apr/2025:15:07:32 +0200] "GET /entry.php?id=10271&&ser=290392 HTTP/1.1" 200 986 "http://hausegger.activities.at/entry.php?id=10271&&ser=290331" "Mozilla/5.0 (Windows NT 10.0; Win64; x64; rv:137.0) Gecko/20100101 Firefox/137.0"
178.165.172.18 - - [10/Apr/2025:15:07:32 +0200] "GET /gui/javascript/form_form.js?1744290452 HTTP/1.1" 200 16206 "http://hausegger.activities.at/entry.php?id=10271&&ser=290392" "Mozilla/5.0 (Windows NT 10.0; Win64; x64; rv:137.0) Gecko/20100101 Firefox/137.0"
178.165.172.18 - - [10/Apr/2025:15:08:32 +0200] "GET /entry.php?id=10271&&ser=290452 HTTP/1.1" 200 986 "http://hausegger.activities.at/entry.php?id=10271&&ser=290392" "Mozilla/5.0 (Windows NT 10.0; Win64; x64; rv:137.0) Gecko/20100101 Firefox/137.0"
178.165.172.18 - - [10/Apr/2025:15:08:32 +0200] "GET /gui/javascript/form_form.js?1744290512 HTTP/1.1" 200 16206 "http://hausegger.activities.at/entry.php?id=10271&&ser=290452" "Mozilla/5.0 (Windows NT 10.0; Win64; x64; rv:137.0) Gecko/20100101 Firefox/137.0"
178.165.172.18 - - [10/Apr/2025:15:09:32 +0200] "GET /entry.php?id=10271&&ser=290512 HTTP/1.1" 200 986 "http://hausegger.activities.at/entry.php?id=10271&&ser=290452" "Mozilla/5.0 (Windows NT 10.0; Win64; x64; rv:137.0) Gecko/20100101 Firefox/137.0"
178.165.172.18 - - [10/Apr/2025:15:09:33 +0200] "GET /gui/javascript/form_form.js?1744290573 HTTP/1.1" 200 16206 "http://hausegger.activities.at/entry.php?id=10271&&ser=290512" "Mozilla/5.0 (Windows NT 10.0; Win64; x64; rv:137.0) Gecko/20100101 Firefox/137.0"
178.165.172.18 - - [10/Apr/2025:15:10:33 +0200] "GET /entry.php?id=10271&&ser=290573 HTTP/1.1" 200 986 "http://hausegger.activities.at/entry.php?id=10271&&ser=290512" "Mozilla/5.0 (Windows NT 10.0; Win64; x64; rv:137.0) Gecko/20100101 Firefox/137.0"
178.165.172.18 - - [10/Apr/2025:15:10:33 +0200] "GET /gui/javascript/form_form.js?1744290633 HTTP/1.1" 200 16206 "http://hausegger.activities.at/entry.php?id=10271&&ser=290573" "Mozilla/5.0 (Windows NT 10.0; Win64; x64; rv:137.0) Gecko/20100101 Firefox/137.0"
178.165.172.18 - - [10/Apr/2025:15:11:33 +0200] "GET /entry.php?id=10271&&ser=290633 HTTP/1.1" 200 986 "http://hausegger.activities.at/entry.php?id=10271&&ser=290573" "Mozilla/5.0 (Windows NT 10.0; Win64; x64; rv:137.0) Gecko/20100101 Firefox/137.0"
178.165.172.18 - - [10/Apr/2025:15:11:33 +0200] "GET /gui/javascript/form_form.js?1744290693 HTTP/1.1" 200 16206 "http://hausegger.activities.at/entry.php?id=10271&&ser=290633" "Mozilla/5.0 (Windows NT 10.0; Win64; x64; rv:137.0) Gecko/20100101 Firefox/137.0"
152.53.115.76 - - [10/Apr/2025:15:11:35 +0200] "GET /wp-content/uploads/grup6-300x169.jpg HTTP/1.1" 404 315 "-" "Mozilla/5.0 (Windows NT 10.0; Win64; x64) AppleWebKit/537.36 (KHTML, like Gecko) Chrome/100.0.9371.383 Safari/537.36"
178.165.172.18 - - [10/Apr/2025:15:12:34 +0200] "GET /entry.php?id=10271&&ser=290693 HTTP/1.1" 200 986 "http://hausegger.activities.at/entry.php?id=10271&&ser=290633" "Mozilla/5.0 (Windows NT 10.0; Win64; x64; rv:137.0) Gecko/20100101 Firefox/137.0"
178.165.172.18 - - [10/Apr/2025:15:12:34 +0200] "GET /gui/javascript/form_form.js?1744290754 HTTP/1.1" 200 16206 "http://hausegger.activities.at/entry.php?id=10271&&ser=290693" "Mozilla/5.0 (Windows NT 10.0; Win64; x64; rv:137.0) Gecko/20100101 Firefox/137.0"
178.165.172.18 - - [10/Apr/2025:15:13:34 +0200] "GET /entry.php?id=10271&&ser=290754 HTTP/1.1" 200 986 "http://hausegger.activities.at/entry.php?id=10271&&ser=290693" "Mozilla/5.0 (Windows NT 10.0; Win64; x64; rv:137.0) Gecko/20100101 Firefox/137.0"
178.165.172.18 - - [10/Apr/2025:15:13:34 +0200] "GET /gui/javascript/form_form.js?1744290814 HTTP/1.1" 200 16206 "http://hausegger.activities.at/entry.php?id=10271&&ser=290754" "Mozilla/5.0 (Windows NT 10.0; Win64; x64; rv:137.0) Gecko/20100101 Firefox/137.0"
154.81.156.35 - - [10/Apr/2025:15:14:31 +0200] "GET / HTTP/1.1" 200 274 "-" "Mozilla/5.0 (Windows NT 10.0; Win64; x64) AppleWebKit/537.36 (KHTML, like Gecko) Chrome/90.0.4430.85 Safari/537.36 Edg/90.0.818.46"
178.165.172.18 - - [10/Apr/2025:15:14:34 +0200] "GET /entry.php?id=10271&&ser=290814 HTTP/1.1" 200 986 "http://hausegger.activities.at/entry.php?id=10271&&ser=290754" "Mozilla/5.0 (Windows NT 10.0; Win64; x64; rv:137.0) Gecko/20100101 Firefox/137.0"
178.165.172.18 - - [10/Apr/2025:15:14:34 +0200] "GET /gui/javascript/form_form.js?1744290874 HTTP/1.1" 200 16206 "http://hausegger.activities.at/entry.php?id=10271&&ser=290814" "Mozilla/5.0 (Windows NT 10.0; Win64; x64; rv:137.0) Gecko/20100101 Firefox/137.0"
178.165.172.18 - - [10/Apr/2025:15:15:34 +0200] "GET /entry.php?id=10271&&ser=290874 HTTP/1.1" 200 986 "http://hausegger.activities.at/entry.php?id=10271&&ser=290814" "Mozilla/5.0 (Windows NT 10.0; Win64; x64; rv:137.0) Gecko/20100101 Firefox/137.0"
178.165.172.18 - - [10/Apr/2025:15:15:35 +0200] "GET /gui/javascript/form_form.js?1744290935 HTTP/1.1" 200 16206 "http://hausegger.activities.at/entry.php?id=10271&&ser=290874" "Mozilla/5.0 (Windows NT 10.0; Win64; x64; rv:137.0) Gecko/20100101 Firefox/137.0"
178.165.172.18 - - [10/Apr/2025:15:16:41 +0200] "GET /entry.php?id=10271&&ser=290935 HTTP/1.1" 200 985 "http://hausegger.activities.at/entry.php?id=10271&&ser=290874" "Mozilla/5.0 (Windows NT 10.0; Win64; x64; rv:137.0) Gecko/20100101 Firefox/137.0"
178.165.172.18 - - [10/Apr/2025:15:16:41 +0200] "GET /gui/javascript/form_form.js?1744291001 HTTP/1.1" 200 16206 "http://hausegger.activities.at/entry.php?id=10271&&ser=290935" "Mozilla/5.0 (Windows NT 10.0; Win64; x64; rv:137.0) Gecko/20100101 Firefox/137.0"
178.165.172.18 - - [10/Apr/2025:15:17:41 +0200] "GET /entry.php?id=10271&&ser=291001 HTTP/1.1" 200 985 "http://hausegger.activities.at/entry.php?id=10271&&ser=290935" "Mozilla/5.0 (Windows NT 10.0; Win64; x64; rv:137.0) Gecko/20100101 Firefox/137.0"
178.165.172.18 - - [10/Apr/2025:15:17:41 +0200] "GET /gui/javascript/form_form.js?1744291061 HTTP/1.1" 200 16206 "http://hausegger.activities.at/entry.php?id=10271&&ser=291001" "Mozilla/5.0 (Windows NT 10.0; Win64; x64; rv:137.0) Gecko/20100101 Firefox/137.0"
178.165.172.18 - - [10/Apr/2025:15:18:41 +0200] "GET /entry.php?id=10271&&ser=291061 HTTP/1.1" 200 986 "http://hausegger.activities.at/entry.php?id=10271&&ser=291001" "Mozilla/5.0 (Windows NT 10.0; Win64; x64; rv:137.0) Gecko/20100101 Firefox/137.0"
178.165.172.18 - - [10/Apr/2025:15:18:42 +0200] "GET /gui/javascript/form_form.js?1744291121 HTTP/1.1" 200 16206 "http://hausegger.activities.at/entry.php?id=10271&&ser=291061" "Mozilla/5.0 (Windows NT 10.0; Win64; x64; rv:137.0) Gecko/20100101 Firefox/137.0"
178.165.172.18 - - [10/Apr/2025:15:19:42 +0200] "GET /entry.php?id=10271&&ser=291121 HTTP/1.1" 200 986 "http://hausegger.activities.at/entry.php?id=10271&&ser=291061" "Mozilla/5.0 (Windows NT 10.0; Win64; x64; rv:137.0) Gecko/20100101 Firefox/137.0"
178.165.172.18 - - [10/Apr/2025:15:19:42 +0200] "GET /gui/javascript/form_form.js?1744291182 HTTP/1.1" 200 16206 "http://hausegger.activities.at/entry.php?id=10271&&ser=291121" "Mozilla/5.0 (Windows NT 10.0; Win64; x64; rv:137.0) Gecko/20100101 Firefox/137.0"
45.135.193.65 - - [10/Apr/2025:15:20:30 +0200] "GET / HTTP/1.1" 200 274 "-" "Mozilla/5.0 (Windows NT 10.0; Win64; x64) AppleWebKit/537.36 (KHTML, like Gecko) Chrome/58.0.3029.110 Safari/537.36"
178.165.172.18 - - [10/Apr/2025:15:20:42 +0200] "GET /entry.php?id=10271&&ser=291182 HTTP/1.1" 200 986 "http://hausegger.activities.at/entry.php?id=10271&&ser=291121" "Mozilla/5.0 (Windows NT 10.0; Win64; x64; rv:137.0) Gecko/20100101 Firefox/137.0"
178.165.172.18 - - [10/Apr/2025:15:20:42 +0200] "GET /gui/javascript/form_form.js?1744291242 HTTP/1.1" 200 16206 "http://hausegger.activities.at/entry.php?id=10271&&ser=291182" "Mozilla/5.0 (Windows NT 10.0; Win64; x64; rv:137.0) Gecko/20100101 Firefox/137.0"
151.106.160.247 - - [10/Apr/2025:15:21:39 +0200] "GET /cron.php?cron_type=tidy_cache&sid=bc1630ed2ad2e5556808c9952ac64e5b HTTP/1.1" 404 290 "-" "Mozilla/5.0 (X11; Ubuntu; Linux x86_64; rv:72.0) Gecko/20100101 Firefox/72.0"
151.106.160.247 - - [10/Apr/2025:15:21:39 +0200] "GET /cron.php?cron_type=tidy_cache&sid=bc1630ed2ad2e5556808c9952ac64e5b HTTP/1.1" 404 290 "-" "Mozilla/5.0 (X11; Ubuntu; Linux x86_64; rv:72.0) Gecko/20100101 Firefox/72.0"
151.106.160.247 - - [10/Apr/2025:15:21:40 +0200] "GET /cron.php?cron_type=tidy_cache&sid=bc1630ed2ad2e5556808c9952ac64e5b HTTP/1.1" 404 290 "-" "Mozilla/5.0 (X11; Ubuntu; Linux x86_64; rv:72.0) Gecko/20100101 Firefox/72.0"
178.165.172.18 - - [10/Apr/2025:15:21:42 +0200] "GET /entry.php?id=10271&&ser=291242 HTTP/1.1" 200 986 "http://hausegger.activities.at/entry.php?id=10271&&ser=291182" "Mozilla/5.0 (Windows NT 10.0; Win64; x64; rv:137.0) Gecko/20100101 Firefox/137.0"
178.165.172.18 - - [10/Apr/2025:15:21:42 +0200] "GET /gui/javascript/form_form.js?1744291302 HTTP/1.1" 200 16206 "http://hausegger.activities.at/entry.php?id=10271&&ser=291242" "Mozilla/5.0 (Windows NT 10.0; Win64; x64; rv:137.0) Gecko/20100101 Firefox/137.0"
178.165.172.18 - - [10/Apr/2025:15:22:43 +0200] "GET /entry.php?id=10271&&ser=291302 HTTP/1.1" 200 986 "http://hausegger.activities.at/entry.php?id=10271&&ser=291242" "Mozilla/5.0 (Windows NT 10.0; Win64; x64; rv:137.0) Gecko/20100101 Firefox/137.0"
178.165.172.18 - - [10/Apr/2025:15:22:43 +0200] "GET /gui/javascript/form_form.js?1744291363 HTTP/1.1" 200 16206 "http://hausegger.activities.at/entry.php?id=10271&&ser=291302" "Mozilla/5.0 (Windows NT 10.0; Win64; x64; rv:137.0) Gecko/20100101 Firefox/137.0"
178.165.172.18 - - [10/Apr/2025:15:23:43 +0200] "GET /entry.php?id=10271&&ser=291363 HTTP/1.1" 200 986 "http://hausegger.activities.at/entry.php?id=10271&&ser=291302" "Mozilla/5.0 (Windows NT 10.0; Win64; x64; rv:137.0) Gecko/20100101 Firefox/137.0"
178.165.172.18 - - [10/Apr/2025:15:23:43 +0200] "GET /gui/javascript/form_form.js?1744291423 HTTP/1.1" 200 16206 "http://hausegger.activities.at/entry.php?id=10271&&ser=291363" "Mozilla/5.0 (Windows NT 10.0; Win64; x64; rv:137.0) Gecko/20100101 Firefox/137.0"
178.165.172.18 - - [10/Apr/2025:15:24:43 +0200] "GET /entry.php?id=10271&&ser=291423 HTTP/1.1" 200 986 "http://hausegger.activities.at/entry.php?id=10271&&ser=291363" "Mozilla/5.0 (Windows NT 10.0; Win64; x64; rv:137.0) Gecko/20100101 Firefox/137.0"
178.165.172.18 - - [10/Apr/2025:15:24:43 +0200] "GET /gui/javascript/form_form.js?1744291483 HTTP/1.1" 200 16206 "http://hausegger.activities.at/entry.php?id=10271&&ser=291423" "Mozilla/5.0 (Windows NT 10.0; Win64; x64; rv:137.0) Gecko/20100101 Firefox/137.0"
154.81.156.10 - - [10/Apr/2025:15:24:53 +0200] "GET / HTTP/1.1" 200 274 "-" "Mozilla/5.0 (Windows NT 10.0; Win64; x64) AppleWebKit/537.36 (KHTML, like Gecko) Chrome/90.0.4430.85 Safari/537.36 Edg/90.0.818.46"
178.165.172.18 - - [10/Apr/2025:15:25:44 +0200] "GET /entry.php?id=10271&&ser=291483 HTTP/1.1" 200 986 "http://hausegger.activities.at/entry.php?id=10271&&ser=291423" "Mozilla/5.0 (Windows NT 10.0; Win64; x64; rv:137.0) Gecko/20100101 Firefox/137.0"
178.165.172.18 - - [10/Apr/2025:15:25:44 +0200] "GET /gui/javascript/form_form.js?1744291544 HTTP/1.1" 200 16206 "http://hausegger.activities.at/entry.php?id=10271&&ser=291483" "Mozilla/5.0 (Windows NT 10.0; Win64; x64; rv:137.0) Gecko/20100101 Firefox/137.0"
178.165.172.18 - - [10/Apr/2025:15:26:44 +0200] "GET /entry.php?id=10271&&ser=291544 HTTP/1.1" 200 986 "http://hausegger.activities.at/entry.php?id=10271&&ser=291483" "Mozilla/5.0 (Windows NT 10.0; Win64; x64; rv:137.0) Gecko/20100101 Firefox/137.0"
178.165.172.18 - - [10/Apr/2025:15:26:44 +0200] "GET /gui/javascript/form_form.js?1744291604 HTTP/1.1" 200 16206 "http://hausegger.activities.at/entry.php?id=10271&&ser=291544" "Mozilla/5.0 (Windows NT 10.0; Win64; x64; rv:137.0) Gecko/20100101 Firefox/137.0"
151.106.164.217 - - [10/Apr/2025:15:27:16 +0200] "GET /gallery/image.php?mode=thumbnail&album_id=3&image_id=90&sid=8d282303ddc0f32e383aae10a67190e9 HTTP/1.1" 404 297 "-" "Mozilla/5.0 (X11; Ubuntu; Linux x86_64; rv:72.0) Gecko/20100101 Firefox/72.0"
151.106.164.217 - - [10/Apr/2025:15:27:16 +0200] "GET /gallery/image.php?mode=thumbnail&album_id=3&image_id=90&sid=8d282303ddc0f32e383aae10a67190e9 HTTP/1.1" 404 297 "-" "Mozilla/5.0 (X11; Ubuntu; Linux x86_64; rv:72.0) Gecko/20100101 Firefox/72.0"
151.106.164.217 - - [10/Apr/2025:15:27:17 +0200] "GET /gallery/image.php?mode=thumbnail&album_id=3&image_id=90&sid=8d282303ddc0f32e383aae10a67190e9 HTTP/1.1" 404 297 "-" "Mozilla/5.0 (X11; Ubuntu; Linux x86_64; rv:72.0) Gecko/20100101 Firefox/72.0"
178.165.172.18 - - [10/Apr/2025:15:27:44 +0200] "GET /entry.php?id=10271&&ser=291604 HTTP/1.1" 200 986 "http://hausegger.activities.at/entry.php?id=10271&&ser=291544" "Mozilla/5.0 (Windows NT 10.0; Win64; x64; rv:137.0) Gecko/20100101 Firefox/137.0"
178.165.172.18 - - [10/Apr/2025:15:27:44 +0200] "GET /gui/javascript/form_form.js?1744291664 HTTP/1.1" 200 16206 "http://hausegger.activities.at/entry.php?id=10271&&ser=291604" "Mozilla/5.0 (Windows NT 10.0; Win64; x64; rv:137.0) Gecko/20100101 Firefox/137.0"
178.165.172.18 - - [10/Apr/2025:15:28:45 +0200] "GET /entry.php?id=10271&&ser=291664 HTTP/1.1" 200 986 "http://hausegger.activities.at/entry.php?id=10271&&ser=291604" "Mozilla/5.0 (Windows NT 10.0; Win64; x64; rv:137.0) Gecko/20100101 Firefox/137.0"
178.165.172.18 - - [10/Apr/2025:15:28:45 +0200] "GET /gui/javascript/form_form.js?1744291725 HTTP/1.1" 200 16206 "http://hausegger.activities.at/entry.php?id=10271&&ser=291664" "Mozilla/5.0 (Windows NT 10.0; Win64; x64; rv:137.0) Gecko/20100101 Firefox/137.0"
178.165.172.18 - - [10/Apr/2025:15:29:45 +0200] "GET /entry.php?id=10271&&ser=291725 HTTP/1.1" 200 986 "http://hausegger.activities.at/entry.php?id=10271&&ser=291664" "Mozilla/5.0 (Windows NT 10.0; Win64; x64; rv:137.0) Gecko/20100101 Firefox/137.0"
178.165.172.18 - - [10/Apr/2025:15:29:45 +0200] "GET /gui/javascript/form_form.js?1744291785 HTTP/1.1" 200 16206 "http://hausegger.activities.at/entry.php?id=10271&&ser=291725" "Mozilla/5.0 (Windows NT 10.0; Win64; x64; rv:137.0) Gecko/20100101 Firefox/137.0"
178.165.172.18 - - [10/Apr/2025:15:30:45 +0200] "GET /entry.php?id=10271&&ser=291785 HTTP/1.1" 200 986 "http://hausegger.activities.at/entry.php?id=10271&&ser=291725" "Mozilla/5.0 (Windows NT 10.0; Win64; x64; rv:137.0) Gecko/20100101 Firefox/137.0"
178.165.172.18 - - [10/Apr/2025:15:30:45 +0200] "GET /gui/javascript/form_form.js?1744291845 HTTP/1.1" 200 16206 "http://hausegger.activities.at/entry.php?id=10271&&ser=291785" "Mozilla/5.0 (Windows NT 10.0; Win64; x64; rv:137.0) Gecko/20100101 Firefox/137.0"
5.189.147.149 - - [10/Apr/2025:15:31:11 +0200] "GET / HTTP/1.0" 200 423 "-" "Mozilla/5.0 (Windows NT 10.0; Win64; x64) AppleWebKit/537.36 (KHTML, like Gecko) Chrome/131.0.0.0 Safari/537.36"
178.165.172.18 - - [10/Apr/2025:15:31:46 +0200] "GET /entry.php?id=10271&&ser=291845 HTTP/1.1" 200 986 "http://hausegger.activities.at/entry.php?id=10271&&ser=291785" "Mozilla/5.0 (Windows NT 10.0; Win64; x64; rv:137.0) Gecko/20100101 Firefox/137.0"
178.165.172.18 - - [10/Apr/2025:15:31:46 +0200] "GET /gui/javascript/form_form.js?1744291906 HTTP/1.1" 200 16206 "http://hausegger.activities.at/entry.php?id=10271&&ser=291845" "Mozilla/5.0 (Windows NT 10.0; Win64; x64; rv:137.0) Gecko/20100101 Firefox/137.0"
178.165.172.18 - - [10/Apr/2025:15:32:46 +0200] "GET /entry.php?id=10271&&ser=291906 HTTP/1.1" 200 986 "http://hausegger.activities.at/entry.php?id=10271&&ser=291845" "Mozilla/5.0 (Windows NT 10.0; Win64; x64; rv:137.0) Gecko/20100101 Firefox/137.0"
178.165.172.18 - - [10/Apr/2025:15:32:46 +0200] "GET /gui/javascript/form_form.js?1744291966 HTTP/1.1" 200 16206 "http://hausegger.activities.at/entry.php?id=10271&&ser=291906" "Mozilla/5.0 (Windows NT 10.0; Win64; x64; rv:137.0) Gecko/20100101 Firefox/137.0"
178.165.172.18 - - [10/Apr/2025:15:33:46 +0200] "GET /entry.php?id=10271&&ser=291966 HTTP/1.1" 200 986 "http://hausegger.activities.at/entry.php?id=10271&&ser=291906" "Mozilla/5.0 (Windows NT 10.0; Win64; x64; rv:137.0) Gecko/20100101 Firefox/137.0"
178.165.172.18 - - [10/Apr/2025:15:33:46 +0200] "GET /gui/javascript/form_form.js?1744292026 HTTP/1.1" 200 16206 "http://hausegger.activities.at/entry.php?id=10271&&ser=291966" "Mozilla/5.0 (Windows NT 10.0; Win64; x64; rv:137.0) Gecko/20100101 Firefox/137.0"
178.165.172.18 - - [10/Apr/2025:15:34:47 +0200] "GET /entry.php?id=10271&&ser=292026 HTTP/1.1" 200 986 "http://hausegger.activities.at/entry.php?id=10271&&ser=291966" "Mozilla/5.0 (Windows NT 10.0; Win64; x64; rv:137.0) Gecko/20100101 Firefox/137.0"
178.165.172.18 - - [10/Apr/2025:15:34:47 +0200] "GET /gui/javascript/form_form.js?1744292087 HTTP/1.1" 200 16206 "http://hausegger.activities.at/entry.php?id=10271&&ser=292026" "Mozilla/5.0 (Windows NT 10.0; Win64; x64; rv:137.0) Gecko/20100101 Firefox/137.0"
154.81.156.54 - - [10/Apr/2025:15:34:54 +0200] "GET / HTTP/1.1" 200 274 "-" "Mozilla/5.0 (Windows NT 10.0; Win64; x64) AppleWebKit/537.36 (KHTML, like Gecko) Chrome/90.0.4430.85 Safari/537.36 Edg/90.0.818.46"
178.165.172.18 - - [10/Apr/2025:15:35:47 +0200] "GET /entry.php?id=10271&&ser=292087 HTTP/1.1" 200 986 "http://hausegger.activities.at/entry.php?id=10271&&ser=292026" "Mozilla/5.0 (Windows NT 10.0; Win64; x64; rv:137.0) Gecko/20100101 Firefox/137.0"
178.165.172.18 - - [10/Apr/2025:15:35:47 +0200] "GET /gui/javascript/form_form.js?1744292147 HTTP/1.1" 200 16206 "http://hausegger.activities.at/entry.php?id=10271&&ser=292087" "Mozilla/5.0 (Windows NT 10.0; Win64; x64; rv:137.0) Gecko/20100101 Firefox/137.0"
178.165.172.18 - - [10/Apr/2025:15:36:47 +0200] "GET /entry.php?id=10271&&ser=292147 HTTP/1.1" 200 986 "http://hausegger.activities.at/entry.php?id=10271&&ser=292087" "Mozilla/5.0 (Windows NT 10.0; Win64; x64; rv:137.0) Gecko/20100101 Firefox/137.0"
178.165.172.18 - - [10/Apr/2025:15:36:47 +0200] "GET /gui/javascript/form_form.js?1744292207 HTTP/1.1" 200 16206 "http://hausegger.activities.at/entry.php?id=10271&&ser=292147" "Mozilla/5.0 (Windows NT 10.0; Win64; x64; rv:137.0) Gecko/20100101 Firefox/137.0"
178.165.172.18 - - [10/Apr/2025:15:37:48 +0200] "GET /entry.php?id=10271&&ser=292207 HTTP/1.1" 200 986 "http://hausegger.activities.at/entry.php?id=10271&&ser=292147" "Mozilla/5.0 (Windows NT 10.0; Win64; x64; rv:137.0) Gecko/20100101 Firefox/137.0"
178.165.172.18 - - [10/Apr/2025:15:37:48 +0200] "GET /gui/javascript/form_form.js?1744292268 HTTP/1.1" 200 16206 "http://hausegger.activities.at/entry.php?id=10271&&ser=292207" "Mozilla/5.0 (Windows NT 10.0; Win64; x64; rv:137.0) Gecko/20100101 Firefox/137.0"
178.165.172.18 - - [10/Apr/2025:15:38:48 +0200] "GET /entry.php?id=10271&&ser=292268 HTTP/1.1" 200 987 "http://hausegger.activities.at/entry.php?id=10271&&ser=292207" "Mozilla/5.0 (Windows NT 10.0; Win64; x64; rv:137.0) Gecko/20100101 Firefox/137.0"
178.165.172.18 - - [10/Apr/2025:15:38:48 +0200] "GET /gui/javascript/form_form.js?1744292328 HTTP/1.1" 200 16206 "http://hausegger.activities.at/entry.php?id=10271&&ser=292268" "Mozilla/5.0 (Windows NT 10.0; Win64; x64; rv:137.0) Gecko/20100101 Firefox/137.0"
178.165.172.18 - - [10/Apr/2025:15:39:48 +0200] "GET /entry.php?id=10271&&ser=292328 HTTP/1.1" 200 986 "http://hausegger.activities.at/entry.php?id=10271&&ser=292268" "Mozilla/5.0 (Windows NT 10.0; Win64; x64; rv:137.0) Gecko/20100101 Firefox/137.0"
178.165.172.18 - - [10/Apr/2025:15:39:48 +0200] "GET /gui/javascript/form_form.js?1744292388 HTTP/1.1" 200 16206 "http://hausegger.activities.at/entry.php?id=10271&&ser=292328" "Mozilla/5.0 (Windows NT 10.0; Win64; x64; rv:137.0) Gecko/20100101 Firefox/137.0"
178.165.172.18 - - [10/Apr/2025:15:40:49 +0200] "GET /entry.php?id=10271&&ser=292388 HTTP/1.1" 200 986 "http://hausegger.activities.at/entry.php?id=10271&&ser=292328" "Mozilla/5.0 (Windows NT 10.0; Win64; x64; rv:137.0) Gecko/20100101 Firefox/137.0"
178.165.172.18 - - [10/Apr/2025:15:40:49 +0200] "GET /gui/javascript/form_form.js?1744292449 HTTP/1.1" 200 16206 "http://hausegger.activities.at/entry.php?id=10271&&ser=292388" "Mozilla/5.0 (Windows NT 10.0; Win64; x64; rv:137.0) Gecko/20100101 Firefox/137.0"
178.165.172.18 - - [10/Apr/2025:15:41:49 +0200] "GET /entry.php?id=10271&&ser=292449 HTTP/1.1" 200 986 "http://hausegger.activities.at/entry.php?id=10271&&ser=292388" "Mozilla/5.0 (Windows NT 10.0; Win64; x64; rv:137.0) Gecko/20100101 Firefox/137.0"
178.165.172.18 - - [10/Apr/2025:15:41:49 +0200] "GET /gui/javascript/form_form.js?1744292509 HTTP/1.1" 200 16206 "http://hausegger.activities.at/entry.php?id=10271&&ser=292449" "Mozilla/5.0 (Windows NT 10.0; Win64; x64; rv:137.0) Gecko/20100101 Firefox/137.0"
178.165.172.18 - - [10/Apr/2025:15:42:49 +0200] "GET /entry.php?id=10271&&ser=292509 HTTP/1.1" 200 986 "http://hausegger.activities.at/entry.php?id=10271&&ser=292449" "Mozilla/5.0 (Windows NT 10.0; Win64; x64; rv:137.0) Gecko/20100101 Firefox/137.0"
178.165.172.18 - - [10/Apr/2025:15:42:49 +0200] "GET /gui/javascript/form_form.js?1744292569 HTTP/1.1" 200 16206 "http://hausegger.activities.at/entry.php?id=10271&&ser=292509" "Mozilla/5.0 (Windows NT 10.0; Win64; x64; rv:137.0) Gecko/20100101 Firefox/137.0"
151.106.169.235 - - [10/Apr/2025:15:43:42 +0200] "GET /cron.php?cron_type=tidy_cache&sid=3fafc587de7ae8bfac82b67a602f7223 HTTP/1.1" 404 290 "-" "Mozilla/5.0 (X11; Ubuntu; Linux x86_64; rv:72.0) Gecko/20100101 Firefox/72.0"
151.106.169.235 - - [10/Apr/2025:15:43:42 +0200] "GET /cron.php?cron_type=tidy_cache&sid=3fafc587de7ae8bfac82b67a602f7223 HTTP/1.1" 404 290 "-" "Mozilla/5.0 (X11; Ubuntu; Linux x86_64; rv:72.0) Gecko/20100101 Firefox/72.0"
151.106.169.235 - - [10/Apr/2025:15:43:43 +0200] "GET /cron.php?cron_type=tidy_cache&sid=3fafc587de7ae8bfac82b67a602f7223 HTTP/1.1" 404 290 "-" "Mozilla/5.0 (X11; Ubuntu; Linux x86_64; rv:72.0) Gecko/20100101 Firefox/72.0"
178.165.172.18 - - [10/Apr/2025:15:43:50 +0200] "GET /entry.php?id=10271&&ser=292569 HTTP/1.1" 200 986 "http://hausegger.activities.at/entry.php?id=10271&&ser=292509" "Mozilla/5.0 (Windows NT 10.0; Win64; x64; rv:137.0) Gecko/20100101 Firefox/137.0"
178.165.172.18 - - [10/Apr/2025:15:43:50 +0200] "GET /gui/javascript/form_form.js?1744292630 HTTP/1.1" 200 16206 "http://hausegger.activities.at/entry.php?id=10271&&ser=292569" "Mozilla/5.0 (Windows NT 10.0; Win64; x64; rv:137.0) Gecko/20100101 Firefox/137.0"
178.165.172.18 - - [10/Apr/2025:15:44:50 +0200] "GET /entry.php?id=10271&&ser=292630 HTTP/1.1" 200 986 "http://hausegger.activities.at/entry.php?id=10271&&ser=292569" "Mozilla/5.0 (Windows NT 10.0; Win64; x64; rv:137.0) Gecko/20100101 Firefox/137.0"
178.165.172.18 - - [10/Apr/2025:15:44:50 +0200] "GET /gui/javascript/form_form.js?1744292690 HTTP/1.1" 200 16206 "http://hausegger.activities.at/entry.php?id=10271&&ser=292630" "Mozilla/5.0 (Windows NT 10.0; Win64; x64; rv:137.0) Gecko/20100101 Firefox/137.0"
178.165.172.18 - - [10/Apr/2025:15:45:50 +0200] "GET /entry.php?id=10271&&ser=292690 HTTP/1.1" 200 986 "http://hausegger.activities.at/entry.php?id=10271&&ser=292630" "Mozilla/5.0 (Windows NT 10.0; Win64; x64; rv:137.0) Gecko/20100101 Firefox/137.0"
178.165.172.18 - - [10/Apr/2025:15:45:50 +0200] "GET /gui/javascript/form_form.js?1744292750 HTTP/1.1" 200 16206 "http://hausegger.activities.at/entry.php?id=10271&&ser=292690" "Mozilla/5.0 (Windows NT 10.0; Win64; x64; rv:137.0) Gecko/20100101 Firefox/137.0"
178.165.172.18 - - [10/Apr/2025:15:46:51 +0200] "GET /entry.php?id=10271&&ser=292750 HTTP/1.1" 200 986 "http://hausegger.activities.at/entry.php?id=10271&&ser=292690" "Mozilla/5.0 (Windows NT 10.0; Win64; x64; rv:137.0) Gecko/20100101 Firefox/137.0"
178.165.172.18 - - [10/Apr/2025:15:46:51 +0200] "GET /gui/javascript/form_form.js?1744292811 HTTP/1.1" 200 16206 "http://hausegger.activities.at/entry.php?id=10271&&ser=292750" "Mozilla/5.0 (Windows NT 10.0; Win64; x64; rv:137.0) Gecko/20100101 Firefox/137.0"
178.165.172.18 - - [10/Apr/2025:15:47:34 +0200] "GET /entry.php?id=10828 HTTP/1.1" 200 9142 "http://hausegger.activities.at/entry.php?id=10270&__app__=10006038" "Mozilla/5.0 (Windows NT 10.0; Win64; x64; rv:137.0) Gecko/20100101 Firefox/137.0"
178.165.172.18 - - [10/Apr/2025:15:47:35 +0200] "GET /gui/javascript/form_form.js?1744292855 HTTP/1.1" 200 16206 "http://hausegger.activities.at/entry.php?id=10828" "Mozilla/5.0 (Windows NT 10.0; Win64; x64; rv:137.0) Gecko/20100101 Firefox/137.0"
178.165.172.18 - - [10/Apr/2025:15:47:35 +0200] "GET /entry.php?id=10889&document_id=& HTTP/1.1" 200 1510 "http://hausegger.activities.at/entry.php?id=10828" "Mozilla/5.0 (Windows NT 10.0; Win64; x64; rv:137.0) Gecko/20100101 Firefox/137.0"
178.165.172.18 - - [10/Apr/2025:15:47:36 +0200] "GET /entry.php?id=11237&type=10665 HTTP/1.1" 200 276 "http://hausegger.activities.at/entry.php?id=10828" "Mozilla/5.0 (Windows NT 10.0; Win64; x64; rv:137.0) Gecko/20100101 Firefox/137.0"
178.165.172.18 - - [10/Apr/2025:15:47:37 +0200] "GET /entry.php?id=11239&mode=document&form=10665& HTTP/1.1" 200 2019 "http://hausegger.activities.at/entry.php?id=11237&type=10665" "Mozilla/5.0 (Windows NT 10.0; Win64; x64; rv:137.0) Gecko/20100101 Firefox/137.0"
178.165.172.18 - - [10/Apr/2025:15:47:37 +0200] "GET /entry.php?id=10676&&title=Belegsuche HTTP/1.1" 200 1392 "http://hausegger.activities.at/entry.php?id=11237&type=10665" "Mozilla/5.0 (Windows NT 10.0; Win64; x64; rv:137.0) Gecko/20100101 Firefox/137.0"
178.165.172.18 - - [10/Apr/2025:15:47:37 +0200] "GET /gui/javascript/form_bu_document_workflow.js?1744292857 HTTP/1.1" 200 4900 "http://hausegger.activities.at/entry.php?id=11239&mode=document&form=10665&" "Mozilla/5.0 (Windows NT 10.0; Win64; x64; rv:137.0) Gecko/20100101 Firefox/137.0"
178.165.172.18 - - [10/Apr/2025:15:47:37 +0200] "GET /gui/javascript/form_form.js?1744292857 HTTP/1.1" 200 16206 "http://hausegger.activities.at/entry.php?id=11239&mode=document&form=10665&" "Mozilla/5.0 (Windows NT 10.0; Win64; x64; rv:137.0) Gecko/20100101 Firefox/137.0"
178.165.172.18 - - [10/Apr/2025:15:47:37 +0200] "GET /gui/javascript/form_form.js?1744292857 HTTP/1.1" 200 16206 "http://hausegger.activities.at/entry.php?id=10676&&title=Belegsuche" "Mozilla/5.0 (Windows NT 10.0; Win64; x64; rv:137.0) Gecko/20100101 Firefox/137.0"
178.165.172.18 - - [10/Apr/2025:15:47:37 +0200] "GET /entry.php?id=11238&mode=document&form=10665& HTTP/1.1" 200 3305 "http://hausegger.activities.at/entry.php?id=11237&type=10665" "Mozilla/5.0 (Windows NT 10.0; Win64; x64; rv:137.0) Gecko/20100101 Firefox/137.0"
178.165.172.18 - - [10/Apr/2025:15:47:37 +0200] "GET /entry.php?id=11240&mode=document&form=10665& HTTP/1.1" 200 2672 "http://hausegger.activities.at/entry.php?id=11237&type=10665" "Mozilla/5.0 (Windows NT 10.0; Win64; x64; rv:137.0) Gecko/20100101 Firefox/137.0"
178.165.172.18 - - [10/Apr/2025:15:47:37 +0200] "GET /entry.php?id=10776&form=11066&name=list& HTTP/1.1" 200 1513 "http://hausegger.activities.at/entry.php?id=11240&mode=document&form=10665&" "Mozilla/5.0 (Windows NT 10.0; Win64; x64; rv:137.0) Gecko/20100101 Firefox/137.0"
178.165.172.18 - - [10/Apr/2025:15:47:37 +0200] "GET /entry.php?id=10778&form=11066&name=list& HTTP/1.1" 200 2586 "http://hausegger.activities.at/entry.php?id=11240&mode=document&form=10665&" "Mozilla/5.0 (Windows NT 10.0; Win64; x64; rv:137.0) Gecko/20100101 Firefox/137.0"
178.165.172.18 - - [10/Apr/2025:15:47:37 +0200] "POST /entry.php?id=11240 HTTP/1.1" 200 2673 "http://hausegger.activities.at/entry.php?id=11240&mode=document&form=10665&" "Mozilla/5.0 (Windows NT 10.0; Win64; x64; rv:137.0) Gecko/20100101 Firefox/137.0"
178.165.172.18 - - [10/Apr/2025:15:47:38 +0200] "GET /gui/javascript/form_bu_document_workflow.js?1744292858 HTTP/1.1" 200 4900 "http://hausegger.activities.at/entry.php?id=11240" "Mozilla/5.0 (Windows NT 10.0; Win64; x64; rv:137.0) Gecko/20100101 Firefox/137.0"
178.165.172.18 - - [10/Apr/2025:15:47:38 +0200] "GET /gui/javascript/form_form.js?1744292858 HTTP/1.1" 200 16206 "http://hausegger.activities.at/entry.php?id=11240" "Mozilla/5.0 (Windows NT 10.0; Win64; x64; rv:137.0) Gecko/20100101 Firefox/137.0"
178.165.172.18 - - [10/Apr/2025:15:47:38 +0200] "GET /entry.php?id=10778&form=11066&name=list& HTTP/1.1" 200 3439 "http://hausegger.activities.at/entry.php?id=11240" "Mozilla/5.0 (Windows NT 10.0; Win64; x64; rv:137.0) Gecko/20100101 Firefox/137.0"
178.165.172.18 - - [10/Apr/2025:15:47:38 +0200] "GET /entry.php?id=10776&form=11066&name=list& HTTP/1.1" 200 1513 "http://hausegger.activities.at/entry.php?id=11240" "Mozilla/5.0 (Windows NT 10.0; Win64; x64; rv:137.0) Gecko/20100101 Firefox/137.0"
178.165.172.18 - - [10/Apr/2025:15:47:51 +0200] "GET /entry.php?id=10271&&ser=292811 HTTP/1.1" 200 986 "http://hausegger.activities.at/entry.php?id=10271&&ser=292750" "Mozilla/5.0 (Windows NT 10.0; Win64; x64; rv:137.0) Gecko/20100101 Firefox/137.0"
178.165.172.18 - - [10/Apr/2025:15:47:51 +0200] "GET /gui/javascript/form_form.js?1744292871 HTTP/1.1" 200 16206 "http://hausegger.activities.at/entry.php?id=10271&&ser=292811" "Mozilla/5.0 (Windows NT 10.0; Win64; x64; rv:137.0) Gecko/20100101 Firefox/137.0"
178.165.172.18 - - [10/Apr/2025:15:48:52 +0200] "GET /entry.php?id=10271&&ser=292871 HTTP/1.1" 200 986 "http://hausegger.activities.at/entry.php?id=10271&&ser=292811" "Mozilla/5.0 (Windows NT 10.0; Win64; x64; rv:137.0) Gecko/20100101 Firefox/137.0"
178.165.172.18 - - [10/Apr/2025:15:48:52 +0200] "GET /gui/javascript/form_form.js?1744292932 HTTP/1.1" 200 16206 "http://hausegger.activities.at/entry.php?id=10271&&ser=292871" "Mozilla/5.0 (Windows NT 10.0; Win64; x64; rv:137.0) Gecko/20100101 Firefox/137.0"
151.106.161.79 - - [10/Apr/2025:15:49:39 +0200] "GET /gallery/image.php?mode=thumbnail&album_id=1&image_id=112&sid=4aa4123490fd623f9ca4883a7ec78ea8 HTTP/1.1" 404 297 "-" "Mozilla/5.0 (X11; Ubuntu; Linux x86_64; rv:72.0) Gecko/20100101 Firefox/72.0"
151.106.161.79 - - [10/Apr/2025:15:49:39 +0200] "GET /gallery/image.php?mode=thumbnail&album_id=1&image_id=112&sid=4aa4123490fd623f9ca4883a7ec78ea8 HTTP/1.1" 404 297 "-" "Mozilla/5.0 (X11; Ubuntu; Linux x86_64; rv:72.0) Gecko/20100101 Firefox/72.0"
178.165.172.18 - - [10/Apr/2025:15:49:52 +0200] "GET /entry.php?id=10271&&ser=292932 HTTP/1.1" 200 986 "http://hausegger.activities.at/entry.php?id=10271&&ser=292871" "Mozilla/5.0 (Windows NT 10.0; Win64; x64; rv:137.0) Gecko/20100101 Firefox/137.0"
178.165.172.18 - - [10/Apr/2025:15:49:52 +0200] "GET /gui/javascript/form_form.js?1744292992 HTTP/1.1" 200 16206 "http://hausegger.activities.at/entry.php?id=10271&&ser=292932" "Mozilla/5.0 (Windows NT 10.0; Win64; x64; rv:137.0) Gecko/20100101 Firefox/137.0"
178.165.172.18 - - [10/Apr/2025:15:50:53 +0200] "GET /entry.php?id=10271&&ser=292992 HTTP/1.1" 200 986 "http://hausegger.activities.at/entry.php?id=10271&&ser=292932" "Mozilla/5.0 (Windows NT 10.0; Win64; x64; rv:137.0) Gecko/20100101 Firefox/137.0"
178.165.172.18 - - [10/Apr/2025:15:50:53 +0200] "GET /gui/javascript/form_form.js?1744293053 HTTP/1.1" 200 16206 "http://hausegger.activities.at/entry.php?id=10271&&ser=292992" "Mozilla/5.0 (Windows NT 10.0; Win64; x64; rv:137.0) Gecko/20100101 Firefox/137.0"
178.165.172.18 - - [10/Apr/2025:15:51:53 +0200] "GET /entry.php?id=10271&&ser=293053 HTTP/1.1" 200 986 "http://hausegger.activities.at/entry.php?id=10271&&ser=292992" "Mozilla/5.0 (Windows NT 10.0; Win64; x64; rv:137.0) Gecko/20100101 Firefox/137.0"
178.165.172.18 - - [10/Apr/2025:15:51:53 +0200] "GET /gui/javascript/form_form.js?1744293113 HTTP/1.1" 200 16206 "http://hausegger.activities.at/entry.php?id=10271&&ser=293053" "Mozilla/5.0 (Windows NT 10.0; Win64; x64; rv:137.0) Gecko/20100101 Firefox/137.0"
178.165.172.18 - - [10/Apr/2025:15:52:53 +0200] "GET /entry.php?id=10271&&ser=293113 HTTP/1.1" 200 986 "http://hausegger.activities.at/entry.php?id=10271&&ser=293053" "Mozilla/5.0 (Windows NT 10.0; Win64; x64; rv:137.0) Gecko/20100101 Firefox/137.0"
178.165.172.18 - - [10/Apr/2025:15:52:53 +0200] "GET /gui/javascript/form_form.js?1744293173 HTTP/1.1" 200 16206 "http://hausegger.activities.at/entry.php?id=10271&&ser=293113" "Mozilla/5.0 (Windows NT 10.0; Win64; x64; rv:137.0) Gecko/20100101 Firefox/137.0"
178.165.172.18 - - [10/Apr/2025:15:53:53 +0200] "GET /entry.php?id=10271&&ser=293173 HTTP/1.1" 200 988 "http://hausegger.activities.at/entry.php?id=10271&&ser=293113" "Mozilla/5.0 (Windows NT 10.0; Win64; x64; rv:137.0) Gecko/20100101 Firefox/137.0"
178.165.172.18 - - [10/Apr/2025:15:53:54 +0200] "GET /gui/javascript/form_form.js?1744293234 HTTP/1.1" 200 16206 "http://hausegger.activities.at/entry.php?id=10271&&ser=293173" "Mozilla/5.0 (Windows NT 10.0; Win64; x64; rv:137.0) Gecko/20100101 Firefox/137.0"
196.251.85.250 - - [10/Apr/2025:15:54:27 +0200] "GET /login.rsp HTTP/1.1" 404 354 "-" "Hello World"
151.106.160.247 - - [10/Apr/2025:15:54:39 +0200] "GET /cron.php?cron_type=tidy_cache&sid=b3c09273d5d97ca1b30ddce2e08fc6d7 HTTP/1.1" 404 290 "-" "Mozilla/5.0 (X11; Ubuntu; Linux x86_64; rv:72.0) Gecko/20100101 Firefox/72.0"
151.106.160.247 - - [10/Apr/2025:15:54:39 +0200] "GET /cron.php?cron_type=tidy_cache&sid=b3c09273d5d97ca1b30ddce2e08fc6d7 HTTP/1.1" 404 290 "-" "Mozilla/5.0 (X11; Ubuntu; Linux x86_64; rv:72.0) Gecko/20100101 Firefox/72.0"
151.106.160.247 - - [10/Apr/2025:15:54:39 +0200] "GET /cron.php?cron_type=tidy_cache&sid=b3c09273d5d97ca1b30ddce2e08fc6d7 HTTP/1.1" 404 290 "-" "Mozilla/5.0 (X11; Ubuntu; Linux x86_64; rv:72.0) Gecko/20100101 Firefox/72.0"
178.165.172.18 - - [10/Apr/2025:15:54:54 +0200] "GET /entry.php?id=10271&&ser=293233 HTTP/1.1" 200 986 "http://hausegger.activities.at/entry.php?id=10271&&ser=293173" "Mozilla/5.0 (Windows NT 10.0; Win64; x64; rv:137.0) Gecko/20100101 Firefox/137.0"
178.165.172.18 - - [10/Apr/2025:15:54:54 +0200] "GET /gui/javascript/form_form.js?1744293294 HTTP/1.1" 200 16206 "http://hausegger.activities.at/entry.php?id=10271&&ser=293233" "Mozilla/5.0 (Windows NT 10.0; Win64; x64; rv:137.0) Gecko/20100101 Firefox/137.0"
156.59.198.135 - - [10/Apr/2025:15:55:24 +0200] "GET /renault.2web.at/htdocs/binaries/10122735.pdf HTTP/1.0" 404 308 "-" "Mozilla/5.0 (Linux; Android 5.0) AppleWebKit/537.36 (KHTML, like Gecko) Mobile Safari/537.36 (compatible; Bytespider; spider-feedback@bytedance.com)"
178.165.172.18 - - [10/Apr/2025:15:55:54 +0200] "GET /entry.php?id=10271&&ser=293294 HTTP/1.1" 200 987 "http://hausegger.activities.at/entry.php?id=10271&&ser=293233" "Mozilla/5.0 (Windows NT 10.0; Win64; x64; rv:137.0) Gecko/20100101 Firefox/137.0"
178.165.172.18 - - [10/Apr/2025:15:55:54 +0200] "GET /gui/javascript/form_form.js?1744293354 HTTP/1.1" 200 16206 "http://hausegger.activities.at/entry.php?id=10271&&ser=293294" "Mozilla/5.0 (Windows NT 10.0; Win64; x64; rv:137.0) Gecko/20100101 Firefox/137.0"
178.165.172.18 - - [10/Apr/2025:15:56:54 +0200] "GET /entry.php?id=10271&&ser=293354 HTTP/1.1" 200 986 "http://hausegger.activities.at/entry.php?id=10271&&ser=293294" "Mozilla/5.0 (Windows NT 10.0; Win64; x64; rv:137.0) Gecko/20100101 Firefox/137.0"
178.165.172.18 - - [10/Apr/2025:15:56:54 +0200] "GET /gui/javascript/form_form.js?1744293414 HTTP/1.1" 200 16206 "http://hausegger.activities.at/entry.php?id=10271&&ser=293354" "Mozilla/5.0 (Windows NT 10.0; Win64; x64; rv:137.0) Gecko/20100101 Firefox/137.0"
156.59.198.136 - - [10/Apr/2025:15:57:31 +0200] "GET /renault.2web.at/htdocs/binaries/10462869.pdf HTTP/1.0" 404 308 "-" "Mozilla/5.0 (Linux; Android 5.0) AppleWebKit/537.36 (KHTML, like Gecko) Mobile Safari/537.36 (compatible; Bytespider; spider-feedback@bytedance.com)"
178.165.172.18 - - [10/Apr/2025:15:57:55 +0200] "GET /entry.php?id=10271&&ser=293414 HTTP/1.1" 200 987 "http://hausegger.activities.at/entry.php?id=10271&&ser=293354" "Mozilla/5.0 (Windows NT 10.0; Win64; x64; rv:137.0) Gecko/20100101 Firefox/137.0"
178.165.172.18 - - [10/Apr/2025:15:57:55 +0200] "GET /gui/javascript/form_form.js?1744293475 HTTP/1.1" 200 16206 "http://hausegger.activities.at/entry.php?id=10271&&ser=293414" "Mozilla/5.0 (Windows NT 10.0; Win64; x64; rv:137.0) Gecko/20100101 Firefox/137.0"
178.165.172.18 - - [10/Apr/2025:15:58:55 +0200] "GET /entry.php?id=10271&&ser=293475 HTTP/1.1" 200 987 "http://hausegger.activities.at/entry.php?id=10271&&ser=293414" "Mozilla/5.0 (Windows NT 10.0; Win64; x64; rv:137.0) Gecko/20100101 Firefox/137.0"
178.165.172.18 - - [10/Apr/2025:15:58:55 +0200] "GET /gui/javascript/form_form.js?1744293535 HTTP/1.1" 200 16206 "http://hausegger.activities.at/entry.php?id=10271&&ser=293475" "Mozilla/5.0 (Windows NT 10.0; Win64; x64; rv:137.0) Gecko/20100101 Firefox/137.0"
154.81.156.54 - - [10/Apr/2025:15:59:37 +0200] "GET / HTTP/1.1" 200 274 "-" "Mozilla/5.0 (Windows NT 10.0; Win64; x64) AppleWebKit/537.36 (KHTML, like Gecko) Chrome/90.0.4430.85 Safari/537.36 Edg/90.0.818.46"
178.165.172.18 - - [10/Apr/2025:15:59:55 +0200] "GET /entry.php?id=10271&&ser=293535 HTTP/1.1" 200 987 "http://hausegger.activities.at/entry.php?id=10271&&ser=293475" "Mozilla/5.0 (Windows NT 10.0; Win64; x64; rv:137.0) Gecko/20100101 Firefox/137.0"
178.165.172.18 - - [10/Apr/2025:15:59:55 +0200] "GET /gui/javascript/form_form.js?1744293595 HTTP/1.1" 200 16206 "http://hausegger.activities.at/entry.php?id=10271&&ser=293535" "Mozilla/5.0 (Windows NT 10.0; Win64; x64; rv:137.0) Gecko/20100101 Firefox/137.0"
151.106.191.138 - - [10/Apr/2025:16:00:12 +0200] "GET /download/file.php?id=250&sid=e889d10900f63fe88e9b972b3329a492 HTTP/1.1" 404 297 "-" "Mozilla/5.0 (X11; Ubuntu; Linux x86_64; rv:72.0) Gecko/20100101 Firefox/72.0"
151.106.191.138 - - [10/Apr/2025:16:00:12 +0200] "GET /download/file.php?id=250&sid=e889d10900f63fe88e9b972b3329a492 HTTP/1.1" 404 297 "-" "Mozilla/5.0 (X11; Ubuntu; Linux x86_64; rv:72.0) Gecko/20100101 Firefox/72.0"
151.106.191.138 - - [10/Apr/2025:16:00:12 +0200] "GET /download/file.php?id=250&sid=e889d10900f63fe88e9b972b3329a492 HTTP/1.1" 404 297 "-" "Mozilla/5.0 (X11; Ubuntu; Linux x86_64; rv:72.0) Gecko/20100101 Firefox/72.0"
178.165.172.18 - - [10/Apr/2025:16:00:56 +0200] "GET /entry.php?id=10271&&ser=293595 HTTP/1.1" 200 987 "http://hausegger.activities.at/entry.php?id=10271&&ser=293535" "Mozilla/5.0 (Windows NT 10.0; Win64; x64; rv:137.0) Gecko/20100101 Firefox/137.0"
178.165.172.18 - - [10/Apr/2025:16:00:56 +0200] "GET /gui/javascript/form_form.js?1744293656 HTTP/1.1" 200 16206 "http://hausegger.activities.at/entry.php?id=10271&&ser=293595" "Mozilla/5.0 (Windows NT 10.0; Win64; x64; rv:137.0) Gecko/20100101 Firefox/137.0"
151.106.177.184 - - [10/Apr/2025:16:01:28 +0200] "GET /cron.php?cron_type=tidy_cache&sid=043d02178f2fd2155a3db6c40716d17c HTTP/1.1" 404 290 "-" "Mozilla/5.0 (X11; Ubuntu; Linux x86_64; rv:72.0) Gecko/20100101 Firefox/72.0"
151.106.177.184 - - [10/Apr/2025:16:01:29 +0200] "GET /cron.php?cron_type=tidy_cache&sid=043d02178f2fd2155a3db6c40716d17c HTTP/1.1" 404 290 "-" "Mozilla/5.0 (X11; Ubuntu; Linux x86_64; rv:72.0) Gecko/20100101 Firefox/72.0"
151.106.177.184 - - [10/Apr/2025:16:01:29 +0200] "GET /cron.php?cron_type=tidy_cache&sid=043d02178f2fd2155a3db6c40716d17c HTTP/1.1" 404 290 "-" "Mozilla/5.0 (X11; Ubuntu; Linux x86_64; rv:72.0) Gecko/20100101 Firefox/72.0"
178.165.172.18 - - [10/Apr/2025:16:01:56 +0200] "GET /entry.php?id=10271&&ser=293656 HTTP/1.1" 200 986 "http://hausegger.activities.at/entry.php?id=10271&&ser=293595" "Mozilla/5.0 (Windows NT 10.0; Win64; x64; rv:137.0) Gecko/20100101 Firefox/137.0"
178.165.172.18 - - [10/Apr/2025:16:01:56 +0200] "GET /gui/javascript/form_form.js?1744293716 HTTP/1.1" 200 16206 "http://hausegger.activities.at/entry.php?id=10271&&ser=293656" "Mozilla/5.0 (Windows NT 10.0; Win64; x64; rv:137.0) Gecko/20100101 Firefox/137.0"
178.165.172.18 - - [10/Apr/2025:16:02:56 +0200] "GET /entry.php?id=10271&&ser=293716 HTTP/1.1" 200 987 "http://hausegger.activities.at/entry.php?id=10271&&ser=293656" "Mozilla/5.0 (Windows NT 10.0; Win64; x64; rv:137.0) Gecko/20100101 Firefox/137.0"
178.165.172.18 - - [10/Apr/2025:16:02:57 +0200] "GET /gui/javascript/form_form.js?1744293776 HTTP/1.1" 200 16206 "http://hausegger.activities.at/entry.php?id=10271&&ser=293716" "Mozilla/5.0 (Windows NT 10.0; Win64; x64; rv:137.0) Gecko/20100101 Firefox/137.0"
178.165.172.18 - - [10/Apr/2025:16:03:57 +0200] "GET /entry.php?id=10271&&ser=293776 HTTP/1.1" 200 986 "http://hausegger.activities.at/entry.php?id=10271&&ser=293716" "Mozilla/5.0 (Windows NT 10.0; Win64; x64; rv:137.0) Gecko/20100101 Firefox/137.0"
178.165.172.18 - - [10/Apr/2025:16:03:57 +0200] "GET /gui/javascript/form_form.js?1744293837 HTTP/1.1" 200 16206 "http://hausegger.activities.at/entry.php?id=10271&&ser=293776" "Mozilla/5.0 (Windows NT 10.0; Win64; x64; rv:137.0) Gecko/20100101 Firefox/137.0"
178.165.172.18 - - [10/Apr/2025:16:04:30 +0200] "POST /entry.php?id=10828 HTTP/1.1" 200 9333 "http://hausegger.activities.at/entry.php?id=10828" "Mozilla/5.0 (Windows NT 10.0; Win64; x64; rv:137.0) Gecko/20100101 Firefox/137.0"
178.165.172.18 - - [10/Apr/2025:16:04:30 +0200] "GET /gui/javascript/form_form.js?1744293870 HTTP/1.1" 200 16206 "http://hausegger.activities.at/entry.php?id=10828" "Mozilla/5.0 (Windows NT 10.0; Win64; x64; rv:137.0) Gecko/20100101 Firefox/137.0"
178.165.172.18 - - [10/Apr/2025:16:04:30 +0200] "GET /entry.php?id=10889&document_id=& HTTP/1.1" 200 1510 "http://hausegger.activities.at/entry.php?id=10828" "Mozilla/5.0 (Windows NT 10.0; Win64; x64; rv:137.0) Gecko/20100101 Firefox/137.0"
178.165.172.18 - - [10/Apr/2025:16:04:38 +0200] "GET /entry.php?id=10828 HTTP/1.1" 200 9143 "http://hausegger.activities.at/entry.php?id=10270&__app__=10006038" "Mozilla/5.0 (Windows NT 10.0; Win64; x64; rv:137.0) Gecko/20100101 Firefox/137.0"
178.165.172.18 - - [10/Apr/2025:16:04:38 +0200] "GET /gui/javascript/form_form.js?1744293878 HTTP/1.1" 200 16206 "http://hausegger.activities.at/entry.php?id=10828" "Mozilla/5.0 (Windows NT 10.0; Win64; x64; rv:137.0) Gecko/20100101 Firefox/137.0"
178.165.172.18 - - [10/Apr/2025:16:04:39 +0200] "GET /entry.php?id=10889&document_id=& HTTP/1.1" 200 1510 "http://hausegger.activities.at/entry.php?id=10828" "Mozilla/5.0 (Windows NT 10.0; Win64; x64; rv:137.0) Gecko/20100101 Firefox/137.0"
178.165.172.18 - - [10/Apr/2025:16:04:39 +0200] "GET /gui/javascript/form_form.js?1744293879 HTTP/1.1" 200 16206 "http://hausegger.activities.at/entry.php?id=10889&document_id=&" "Mozilla/5.0 (Windows NT 10.0; Win64; x64; rv:137.0) Gecko/20100101 Firefox/137.0"
