178.165.172.18 - - [11/Apr/2025:17:41:11 +0200] "GET /gui/javascript/form_form.js?1744386071 HTTP/1.1" 200 16206 "http://hausegger.activities.at/entry.php?id=10271&&ser=386010" "Mozilla/5.0 (Windows NT 10.0; Win64; x64) AppleWebKit/537.36 (KHTML, like Gecko) Chrome/135.0.0.0 Safari/537.36"
178.165.172.18 - - [11/Apr/2025:17:42:12 +0200] "GET /entry.php?id=10271&&ser=386071 HTTP/1.1" 200 986 "http://hausegger.activities.at/entry.php?id=10271&&ser=386010" "Mozilla/5.0 (Windows NT 10.0; Win64; x64) AppleWebKit/537.36 (KHTML, like Gecko) Chrome/135.0.0.0 Safari/537.36"
178.165.172.18 - - [11/Apr/2025:17:42:12 +0200] "GET /gui/javascript/form_form.js?1744386132 HTTP/1.1" 200 16206 "http://hausegger.activities.at/entry.php?id=10271&&ser=386071" "Mozilla/5.0 (Windows NT 10.0; Win64; x64) AppleWebKit/537.36 (KHTML, like Gecko) Chrome/135.0.0.0 Safari/537.36"
178.165.172.18 - - [11/Apr/2025:17:43:13 +0200] "GET /entry.php?id=10271&&ser=386132 HTTP/1.1" 200 986 "http://hausegger.activities.at/entry.php?id=10271&&ser=386071" "Mozilla/5.0 (Windows NT 10.0; Win64; x64) AppleWebKit/537.36 (KHTML, like Gecko) Chrome/135.0.0.0 Safari/537.36"
178.165.172.18 - - [11/Apr/2025:17:43:13 +0200] "GET /gui/javascript/form_form.js?1744386193 HTTP/1.1" 200 16206 "http://hausegger.activities.at/entry.php?id=10271&&ser=386132" "Mozilla/5.0 (Windows NT 10.0; Win64; x64) AppleWebKit/537.36 (KHTML, like Gecko) Chrome/135.0.0.0 Safari/537.36"
178.165.172.18 - - [11/Apr/2025:17:44:14 +0200] "GET /entry.php?id=10271&&ser=386193 HTTP/1.1" 200 986 "http://hausegger.activities.at/entry.php?id=10271&&ser=386132" "Mozilla/5.0 (Windows NT 10.0; Win64; x64) AppleWebKit/537.36 (KHTML, like Gecko) Chrome/135.0.0.0 Safari/537.36"
178.165.172.18 - - [11/Apr/2025:17:44:14 +0200] "GET /gui/javascript/form_form.js?1744386254 HTTP/1.1" 200 16206 "http://hausegger.activities.at/entry.php?id=10271&&ser=386193" "Mozilla/5.0 (Windows NT 10.0; Win64; x64) AppleWebKit/537.36 (KHTML, like Gecko) Chrome/135.0.0.0 Safari/537.36"
178.165.172.18 - - [11/Apr/2025:17:45:15 +0200] "GET /entry.php?id=10271&&ser=386254 HTTP/1.1" 200 986 "http://hausegger.activities.at/entry.php?id=10271&&ser=386193" "Mozilla/5.0 (Windows NT 10.0; Win64; x64) AppleWebKit/537.36 (KHTML, like Gecko) Chrome/135.0.0.0 Safari/537.36"
178.165.172.18 - - [11/Apr/2025:17:45:15 +0200] "GET /gui/javascript/form_form.js?1744386315 HTTP/1.1" 200 16206 "http://hausegger.activities.at/entry.php?id=10271&&ser=386254" "Mozilla/5.0 (Windows NT 10.0; Win64; x64) AppleWebKit/537.36 (KHTML, like Gecko) Chrome/135.0.0.0 Safari/537.36"
178.165.172.18 - - [11/Apr/2025:17:46:16 +0200] "GET /entry.php?id=10271&&ser=386315 HTTP/1.1" 200 986 "http://hausegger.activities.at/entry.php?id=10271&&ser=386254" "Mozilla/5.0 (Windows NT 10.0; Win64; x64) AppleWebKit/537.36 (KHTML, like Gecko) Chrome/135.0.0.0 Safari/537.36"
178.165.172.18 - - [11/Apr/2025:17:46:16 +0200] "GET /gui/javascript/form_form.js?1744386376 HTTP/1.1" 200 16206 "http://hausegger.activities.at/entry.php?id=10271&&ser=386315" "Mozilla/5.0 (Windows NT 10.0; Win64; x64) AppleWebKit/537.36 (KHTML, like Gecko) Chrome/135.0.0.0 Safari/537.36"
178.165.172.18 - - [11/Apr/2025:17:47:17 +0200] "GET /entry.php?id=10271&&ser=386376 HTTP/1.1" 200 986 "http://hausegger.activities.at/entry.php?id=10271&&ser=386315" "Mozilla/5.0 (Windows NT 10.0; Win64; x64) AppleWebKit/537.36 (KHTML, like Gecko) Chrome/135.0.0.0 Safari/537.36"
178.165.172.18 - - [11/Apr/2025:17:47:17 +0200] "GET /gui/javascript/form_form.js?1744386437 HTTP/1.1" 200 16206 "http://hausegger.activities.at/entry.php?id=10271&&ser=386376" "Mozilla/5.0 (Windows NT 10.0; Win64; x64) AppleWebKit/537.36 (KHTML, like Gecko) Chrome/135.0.0.0 Safari/537.36"
178.165.172.18 - - [11/Apr/2025:17:48:18 +0200] "GET /entry.php?id=10271&&ser=386437 HTTP/1.1" 200 986 "http://hausegger.activities.at/entry.php?id=10271&&ser=386376" "Mozilla/5.0 (Windows NT 10.0; Win64; x64) AppleWebKit/537.36 (KHTML, like Gecko) Chrome/135.0.0.0 Safari/537.36"
178.165.172.18 - - [11/Apr/2025:17:48:18 +0200] "GET /gui/javascript/form_form.js?1744386498 HTTP/1.1" 200 16206 "http://hausegger.activities.at/entry.php?id=10271&&ser=386437" "Mozilla/5.0 (Windows NT 10.0; Win64; x64) AppleWebKit/537.36 (KHTML, like Gecko) Chrome/135.0.0.0 Safari/537.36"
178.165.172.18 - - [11/Apr/2025:17:49:19 +0200] "GET /entry.php?id=10271&&ser=386498 HTTP/1.1" 200 987 "http://hausegger.activities.at/entry.php?id=10271&&ser=386437" "Mozilla/5.0 (Windows NT 10.0; Win64; x64) AppleWebKit/537.36 (KHTML, like Gecko) Chrome/135.0.0.0 Safari/537.36"
178.165.172.18 - - [11/Apr/2025:17:49:19 +0200] "GET /gui/javascript/form_form.js?1744386559 HTTP/1.1" 200 16206 "http://hausegger.activities.at/entry.php?id=10271&&ser=386498" "Mozilla/5.0 (Windows NT 10.0; Win64; x64) AppleWebKit/537.36 (KHTML, like Gecko) Chrome/135.0.0.0 Safari/537.36"
156.59.198.136 - - [11/Apr/2025:17:50:02 +0200] "GET /renault.activities.at/htdocs/export/pdf/emuc_document/10425895.pdf HTTP/1.0" 404 322 "-" "Mozilla/5.0 (Linux; Android 5.0) AppleWebKit/537.36 (KHTML, like Gecko) Mobile Safari/537.36 (compatible; Bytespider; spider-feedback@bytedance.com)"
178.165.172.18 - - [11/Apr/2025:17:50:20 +0200] "GET /entry.php?id=10271&&ser=386559 HTTP/1.1" 200 986 "http://hausegger.activities.at/entry.php?id=10271&&ser=386498" "Mozilla/5.0 (Windows NT 10.0; Win64; x64) AppleWebKit/537.36 (KHTML, like Gecko) Chrome/135.0.0.0 Safari/537.36"
178.165.172.18 - - [11/Apr/2025:17:50:20 +0200] "GET /gui/javascript/form_form.js?1744386620 HTTP/1.1" 200 16206 "http://hausegger.activities.at/entry.php?id=10271&&ser=386559" "Mozilla/5.0 (Windows NT 10.0; Win64; x64) AppleWebKit/537.36 (KHTML, like Gecko) Chrome/135.0.0.0 Safari/537.36"
178.165.172.18 - - [11/Apr/2025:17:51:21 +0200] "GET /entry.php?id=10271&&ser=386620 HTTP/1.1" 200 986 "http://hausegger.activities.at/entry.php?id=10271&&ser=386559" "Mozilla/5.0 (Windows NT 10.0; Win64; x64) AppleWebKit/537.36 (KHTML, like Gecko) Chrome/135.0.0.0 Safari/537.36"
178.165.172.18 - - [11/Apr/2025:17:51:21 +0200] "GET /gui/javascript/form_form.js?1744386681 HTTP/1.1" 200 16206 "http://hausegger.activities.at/entry.php?id=10271&&ser=386620" "Mozilla/5.0 (Windows NT 10.0; Win64; x64) AppleWebKit/537.36 (KHTML, like Gecko) Chrome/135.0.0.0 Safari/537.36"
151.106.186.76 - - [11/Apr/2025:17:52:03 +0200] "GET /cron.php?cron_type=tidy_cache&sid=32bff65a586c138f1b3f83721e68f177 HTTP/1.1" 404 290 "-" "Mozilla/5.0 (X11; Ubuntu; Linux x86_64; rv:72.0) Gecko/20100101 Firefox/72.0"
151.106.186.76 - - [11/Apr/2025:17:52:03 +0200] "GET /cron.php?cron_type=tidy_cache&sid=32bff65a586c138f1b3f83721e68f177 HTTP/1.1" 404 290 "-" "Mozilla/5.0 (X11; Ubuntu; Linux x86_64; rv:72.0) Gecko/20100101 Firefox/72.0"
178.165.172.18 - - [11/Apr/2025:17:52:22 +0200] "GET /entry.php?id=10271&&ser=386681 HTTP/1.1" 200 986 "http://hausegger.activities.at/entry.php?id=10271&&ser=386620" "Mozilla/5.0 (Windows NT 10.0; Win64; x64) AppleWebKit/537.36 (KHTML, like Gecko) Chrome/135.0.0.0 Safari/537.36"
178.165.172.18 - - [11/Apr/2025:17:52:22 +0200] "GET /gui/javascript/form_form.js?1744386742 HTTP/1.1" 200 16206 "http://hausegger.activities.at/entry.php?id=10271&&ser=386681" "Mozilla/5.0 (Windows NT 10.0; Win64; x64) AppleWebKit/537.36 (KHTML, like Gecko) Chrome/135.0.0.0 Safari/537.36"
178.165.172.18 - - [11/Apr/2025:17:53:23 +0200] "GET /entry.php?id=10271&&ser=386742 HTTP/1.1" 200 986 "http://hausegger.activities.at/entry.php?id=10271&&ser=386681" "Mozilla/5.0 (Windows NT 10.0; Win64; x64) AppleWebKit/537.36 (KHTML, like Gecko) Chrome/135.0.0.0 Safari/537.36"
178.165.172.18 - - [11/Apr/2025:17:53:23 +0200] "GET /gui/javascript/form_form.js?1744386803 HTTP/1.1" 200 16206 "http://hausegger.activities.at/entry.php?id=10271&&ser=386742" "Mozilla/5.0 (Windows NT 10.0; Win64; x64) AppleWebKit/537.36 (KHTML, like Gecko) Chrome/135.0.0.0 Safari/537.36"
47.246.164.130 - - [11/Apr/2025:17:53:48 +0200] "GET http://triadian.castlegem.co.uk/style.php?id=2&lang=en&sid=cd5bbca9dd148945f16552c3215f29cb HTTP/1.1" 404 291 "http://triadian.castlegem.co.uk/viewtopic.php?f=8&t=465&p=3389&sid=54df32ee0ee0f7bf8a54e23511949d55" "Mozilla/5.0 (Macintosh; Intel Mac OS X 10_13_5) AppleWebKit/537.36 (KHTML, like Gecko) Chrome/69.0.3497.100 Safari/537.36"
47.246.164.152 - - [11/Apr/2025:17:53:48 +0200] "GET http://triadian.castlegem.co.uk/styles/Factions/theme/medium.css HTTP/1.1" 404 306 "http://triadian.castlegem.co.uk/viewtopic.php?f=8&t=465&p=3389&sid=54df32ee0ee0f7bf8a54e23511949d55" "Mozilla/5.0 (Macintosh; Intel Mac OS X 10_13_5) AppleWebKit/537.36 (KHTML, like Gecko) Chrome/69.0.3497.100 Safari/537.36"
47.246.164.148 - - [11/Apr/2025:17:53:48 +0200] "GET http://triadian.castlegem.co.uk/styles/Factions/theme/normal.css HTTP/1.1" 404 306 "http://triadian.castlegem.co.uk/viewtopic.php?f=8&t=465&p=3389&sid=54df32ee0ee0f7bf8a54e23511949d55" "Mozilla/5.0 (Macintosh; Intel Mac OS X 10_13_5) AppleWebKit/537.36 (KHTML, like Gecko) Chrome/69.0.3497.100 Safari/537.36"
47.246.164.141 - - [11/Apr/2025:17:53:48 +0200] "GET http://triadian.castlegem.co.uk/styles/Factions/theme/print.css HTTP/1.1" 404 306 "http://triadian.castlegem.co.uk/viewtopic.php?f=8&t=465&p=3389&sid=54df32ee0ee0f7bf8a54e23511949d55" "Mozilla/5.0 (Macintosh; Intel Mac OS X 10_13_5) AppleWebKit/537.36 (KHTML, like Gecko) Chrome/69.0.3497.100 Safari/537.36"
47.246.164.137 - - [11/Apr/2025:17:53:48 +0200] "GET http://triadian.castlegem.co.uk/styles/Factions/theme/large.css HTTP/1.1" 404 306 "http://triadian.castlegem.co.uk/viewtopic.php?f=8&t=465&p=3389&sid=54df32ee0ee0f7bf8a54e23511949d55" "Mozilla/5.0 (Macintosh; Intel Mac OS X 10_13_5) AppleWebKit/537.36 (KHTML, like Gecko) Chrome/69.0.3497.100 Safari/537.36"
156.59.198.136 - - [11/Apr/2025:17:53:55 +0200] "GET /renault.activities.at/htdocs/export/pdf/emuc_document/12417374.pdf HTTP/1.0" 404 322 "-" "Mozilla/5.0 (Linux; Android 5.0) AppleWebKit/537.36 (KHTML, like Gecko) Mobile Safari/537.36 (compatible; Bytespider; spider-feedback@bytedance.com)"
178.165.172.18 - - [11/Apr/2025:17:54:24 +0200] "GET /entry.php?id=10271&&ser=386803 HTTP/1.1" 200 986 "http://hausegger.activities.at/entry.php?id=10271&&ser=386742" "Mozilla/5.0 (Windows NT 10.0; Win64; x64) AppleWebKit/537.36 (KHTML, like Gecko) Chrome/135.0.0.0 Safari/537.36"
178.165.172.18 - - [11/Apr/2025:17:54:24 +0200] "GET /gui/javascript/form_form.js?1744386864 HTTP/1.1" 200 16206 "http://hausegger.activities.at/entry.php?id=10271&&ser=386803" "Mozilla/5.0 (Windows NT 10.0; Win64; x64) AppleWebKit/537.36 (KHTML, like Gecko) Chrome/135.0.0.0 Safari/537.36"
178.165.172.18 - - [11/Apr/2025:17:55:25 +0200] "GET /entry.php?id=10271&&ser=386864 HTTP/1.1" 200 986 "http://hausegger.activities.at/entry.php?id=10271&&ser=386803" "Mozilla/5.0 (Windows NT 10.0; Win64; x64) AppleWebKit/537.36 (KHTML, like Gecko) Chrome/135.0.0.0 Safari/537.36"
178.165.172.18 - - [11/Apr/2025:17:55:25 +0200] "GET /gui/javascript/form_form.js?1744386925 HTTP/1.1" 200 16206 "http://hausegger.activities.at/entry.php?id=10271&&ser=386864" "Mozilla/5.0 (Windows NT 10.0; Win64; x64) AppleWebKit/537.36 (KHTML, like Gecko) Chrome/135.0.0.0 Safari/537.36"
178.165.172.18 - - [11/Apr/2025:17:56:26 +0200] "GET /entry.php?id=10271&&ser=386925 HTTP/1.1" 200 986 "http://hausegger.activities.at/entry.php?id=10271&&ser=386864" "Mozilla/5.0 (Windows NT 10.0; Win64; x64) AppleWebKit/537.36 (KHTML, like Gecko) Chrome/135.0.0.0 Safari/537.36"
178.165.172.18 - - [11/Apr/2025:17:56:26 +0200] "GET /gui/javascript/form_form.js?1744386986 HTTP/1.1" 200 16206 "http://hausegger.activities.at/entry.php?id=10271&&ser=386925" "Mozilla/5.0 (Windows NT 10.0; Win64; x64) AppleWebKit/537.36 (KHTML, like Gecko) Chrome/135.0.0.0 Safari/537.36"
154.81.156.35 - - [11/Apr/2025:17:56:26 +0200] "GET / HTTP/1.1" 200 274 "-" "Mozilla/5.0 (Windows NT 10.0; Win64; x64) AppleWebKit/537.36 (KHTML, like Gecko) Chrome/90.0.4430.85 Safari/537.36 Edg/90.0.818.46"
178.165.172.18 - - [11/Apr/2025:17:57:27 +0200] "GET /entry.php?id=10271&&ser=386986 HTTP/1.1" 200 986 "http://hausegger.activities.at/entry.php?id=10271&&ser=386925" "Mozilla/5.0 (Windows NT 10.0; Win64; x64) AppleWebKit/537.36 (KHTML, like Gecko) Chrome/135.0.0.0 Safari/537.36"
178.165.172.18 - - [11/Apr/2025:17:57:27 +0200] "GET /gui/javascript/form_form.js?1744387047 HTTP/1.1" 200 16206 "http://hausegger.activities.at/entry.php?id=10271&&ser=386986" "Mozilla/5.0 (Windows NT 10.0; Win64; x64) AppleWebKit/537.36 (KHTML, like Gecko) Chrome/135.0.0.0 Safari/537.36"
178.165.172.18 - - [11/Apr/2025:17:58:28 +0200] "GET /entry.php?id=10271&&ser=387047 HTTP/1.1" 200 985 "http://hausegger.activities.at/entry.php?id=10271&&ser=386986" "Mozilla/5.0 (Windows NT 10.0; Win64; x64) AppleWebKit/537.36 (KHTML, like Gecko) Chrome/135.0.0.0 Safari/537.36"
178.165.172.18 - - [11/Apr/2025:17:58:28 +0200] "GET /gui/javascript/form_form.js?1744387108 HTTP/1.1" 200 16206 "http://hausegger.activities.at/entry.php?id=10271&&ser=387047" "Mozilla/5.0 (Windows NT 10.0; Win64; x64) AppleWebKit/537.36 (KHTML, like Gecko) Chrome/135.0.0.0 Safari/537.36"
151.106.186.76 - - [11/Apr/2025:17:59:07 +0200] "GET /gallery/image.php?mode=thumbnail&album_id=8&image_id=88&sid=9e7d5da2ede94dfcdaea7a01f07758e7 HTTP/1.1" 404 297 "-" "Mozilla/5.0 (X11; Ubuntu; Linux x86_64; rv:72.0) Gecko/20100101 Firefox/72.0"
151.106.186.76 - - [11/Apr/2025:17:59:07 +0200] "GET /gallery/image.php?mode=thumbnail&album_id=8&image_id=88&sid=9e7d5da2ede94dfcdaea7a01f07758e7 HTTP/1.1" 404 297 "-" "Mozilla/5.0 (X11; Ubuntu; Linux x86_64; rv:72.0) Gecko/20100101 Firefox/72.0"
151.106.186.76 - - [11/Apr/2025:17:59:08 +0200] "GET /gallery/image.php?mode=thumbnail&album_id=8&image_id=88&sid=9e7d5da2ede94dfcdaea7a01f07758e7 HTTP/1.1" 404 297 "-" "Mozilla/5.0 (X11; Ubuntu; Linux x86_64; rv:72.0) Gecko/20100101 Firefox/72.0"
178.165.172.18 - - [11/Apr/2025:17:59:29 +0200] "GET /entry.php?id=10271&&ser=387108 HTTP/1.1" 200 986 "http://hausegger.activities.at/entry.php?id=10271&&ser=387047" "Mozilla/5.0 (Windows NT 10.0; Win64; x64) AppleWebKit/537.36 (KHTML, like Gecko) Chrome/135.0.0.0 Safari/537.36"
178.165.172.18 - - [11/Apr/2025:17:59:29 +0200] "GET /gui/javascript/form_form.js?1744387169 HTTP/1.1" 200 16206 "http://hausegger.activities.at/entry.php?id=10271&&ser=387108" "Mozilla/5.0 (Windows NT 10.0; Win64; x64) AppleWebKit/537.36 (KHTML, like Gecko) Chrome/135.0.0.0 Safari/537.36"
156.59.198.136 - - [11/Apr/2025:18:00:12 +0200] "GET /renault.activities.at/htdocs/export/pdf/emuc_document/11984958.pdf HTTP/1.0" 404 322 "-" "Mozilla/5.0 (Linux; Android 5.0) AppleWebKit/537.36 (KHTML, like Gecko) Mobile Safari/537.36 (compatible; Bytespider; spider-feedback@bytedance.com)"
178.165.172.18 - - [11/Apr/2025:18:00:30 +0200] "GET /entry.php?id=10271&&ser=387169 HTTP/1.1" 200 986 "http://hausegger.activities.at/entry.php?id=10271&&ser=387108" "Mozilla/5.0 (Windows NT 10.0; Win64; x64) AppleWebKit/537.36 (KHTML, like Gecko) Chrome/135.0.0.0 Safari/537.36"
178.165.172.18 - - [11/Apr/2025:18:00:30 +0200] "GET /gui/javascript/form_form.js?1744387230 HTTP/1.1" 200 16206 "http://hausegger.activities.at/entry.php?id=10271&&ser=387169" "Mozilla/5.0 (Windows NT 10.0; Win64; x64) AppleWebKit/537.36 (KHTML, like Gecko) Chrome/135.0.0.0 Safari/537.36"
178.165.172.18 - - [11/Apr/2025:18:01:31 +0200] "GET /entry.php?id=10271&&ser=387230 HTTP/1.1" 200 985 "http://hausegger.activities.at/entry.php?id=10271&&ser=387169" "Mozilla/5.0 (Windows NT 10.0; Win64; x64) AppleWebKit/537.36 (KHTML, like Gecko) Chrome/135.0.0.0 Safari/537.36"
178.165.172.18 - - [11/Apr/2025:18:01:31 +0200] "GET /gui/javascript/form_form.js?1744387291 HTTP/1.1" 200 16206 "http://hausegger.activities.at/entry.php?id=10271&&ser=387230" "Mozilla/5.0 (Windows NT 10.0; Win64; x64) AppleWebKit/537.36 (KHTML, like Gecko) Chrome/135.0.0.0 Safari/537.36"
106.57.254.2 - - [11/Apr/2025:18:02:23 +0200] "GET / HTTP/1.1" 200 274 "-" "Mozilla/5.0 (Macintosh; Intel Mac OS X 10_15_4) AppleWebKit/537.36 (KHTML, like Gecko) Chrome/83.0.4103.97 Safari/537.36"
106.57.254.2 - - [11/Apr/2025:18:02:23 +0200] "GET /layout.php HTTP/1.1" 200 816 "http://212.69.160.11/" "Mozilla/5.0 (X11; Linux x86_64) AppleWebKit/537.36 (KHTML, like Gecko) HeadlessChrome/114.0.5735.0 Safari/537.36"
106.57.254.2 - - [11/Apr/2025:18:02:24 +0200] "GET /gui/javascript/form_form.js HTTP/1.1" 200 16206 "http://212.69.160.11/layout.php" "Mozilla/5.0 (X11; Linux x86_64) AppleWebKit/537.36 (KHTML, like Gecko) HeadlessChrome/114.0.5735.0 Safari/537.36"
106.57.254.2 - - [11/Apr/2025:18:02:25 +0200] "GET /entry.php?id=10273 HTTP/1.1" 200 1904 "http://212.69.160.11/layout.php" "Mozilla/5.0 (X11; Linux x86_64) AppleWebKit/537.36 (KHTML, like Gecko) HeadlessChrome/114.0.5735.0 Safari/537.36"
106.57.254.2 - - [11/Apr/2025:18:02:25 +0200] "GET /entry.php?id=10270 HTTP/1.1" 200 908 "http://212.69.160.11/layout.php" "Mozilla/5.0 (X11; Linux x86_64) AppleWebKit/537.36 (KHTML, like Gecko) HeadlessChrome/114.0.5735.0 Safari/537.36"
106.57.254.2 - - [11/Apr/2025:18:02:25 +0200] "GET /entry.php?id=11412 HTTP/1.1" 200 1760 "http://212.69.160.11/layout.php" "Mozilla/5.0 (X11; Linux x86_64) AppleWebKit/537.36 (KHTML, like Gecko) HeadlessChrome/114.0.5735.0 Safari/537.36"
106.57.254.2 - - [11/Apr/2025:18:02:25 +0200] "GET /entry.php?id=10272 HTTP/1.1" 200 1158 "http://212.69.160.11/layout.php" "Mozilla/5.0 (X11; Linux x86_64) AppleWebKit/537.36 (KHTML, like Gecko) HeadlessChrome/114.0.5735.0 Safari/537.36"
178.165.172.18 - - [11/Apr/2025:18:02:32 +0200] "GET /entry.php?id=10271&&ser=387291 HTTP/1.1" 200 986 "http://hausegger.activities.at/entry.php?id=10271&&ser=387230" "Mozilla/5.0 (Windows NT 10.0; Win64; x64) AppleWebKit/537.36 (KHTML, like Gecko) Chrome/135.0.0.0 Safari/537.36"
178.165.172.18 - - [11/Apr/2025:18:02:32 +0200] "GET /gui/javascript/form_form.js?1744387352 HTTP/1.1" 200 16206 "http://hausegger.activities.at/entry.php?id=10271&&ser=387291" "Mozilla/5.0 (Windows NT 10.0; Win64; x64) AppleWebKit/537.36 (KHTML, like Gecko) Chrome/135.0.0.0 Safari/537.36"
178.165.172.18 - - [11/Apr/2025:18:03:33 +0200] "GET /entry.php?id=10271&&ser=387352 HTTP/1.1" 200 986 "http://hausegger.activities.at/entry.php?id=10271&&ser=387291" "Mozilla/5.0 (Windows NT 10.0; Win64; x64) AppleWebKit/537.36 (KHTML, like Gecko) Chrome/135.0.0.0 Safari/537.36"
178.165.172.18 - - [11/Apr/2025:18:03:33 +0200] "GET /gui/javascript/form_form.js?1744387413 HTTP/1.1" 200 16206 "http://hausegger.activities.at/entry.php?id=10271&&ser=387352" "Mozilla/5.0 (Windows NT 10.0; Win64; x64) AppleWebKit/537.36 (KHTML, like Gecko) Chrome/135.0.0.0 Safari/537.36"
156.59.198.135 - - [11/Apr/2025:18:04:16 +0200] "GET /docs/contadino/2018/RECHNUNG/RE18-00019.pdf HTTP/1.0" 404 308 "-" "Mozilla/5.0 (Linux; Android 5.0) AppleWebKit/537.36 (KHTML, like Gecko) Mobile Safari/537.36 (compatible; Bytespider; spider-feedback@bytedance.com)"
178.165.172.18 - - [11/Apr/2025:18:04:34 +0200] "GET /entry.php?id=10271&&ser=387413 HTTP/1.1" 200 986 "http://hausegger.activities.at/entry.php?id=10271&&ser=387352" "Mozilla/5.0 (Windows NT 10.0; Win64; x64) AppleWebKit/537.36 (KHTML, like Gecko) Chrome/135.0.0.0 Safari/537.36"
178.165.172.18 - - [11/Apr/2025:18:04:34 +0200] "GET /gui/javascript/form_form.js?1744387474 HTTP/1.1" 200 16206 "http://hausegger.activities.at/entry.php?id=10271&&ser=387413" "Mozilla/5.0 (Windows NT 10.0; Win64; x64) AppleWebKit/537.36 (KHTML, like Gecko) Chrome/135.0.0.0 Safari/537.36"
151.106.173.252 - - [11/Apr/2025:18:05:09 +0200] "GET /cron.php?cron_type=tidy_cache&sid=c4bb6ec4b3ece4211d5d98f504882a0e HTTP/1.1" 404 290 "-" "Mozilla/5.0 (X11; Ubuntu; Linux x86_64; rv:72.0) Gecko/20100101 Firefox/72.0"
151.106.173.252 - - [11/Apr/2025:18:05:09 +0200] "GET /cron.php?cron_type=tidy_cache&sid=c4bb6ec4b3ece4211d5d98f504882a0e HTTP/1.1" 404 290 "-" "Mozilla/5.0 (X11; Ubuntu; Linux x86_64; rv:72.0) Gecko/20100101 Firefox/72.0"
151.106.173.252 - - [11/Apr/2025:18:05:09 +0200] "GET /cron.php?cron_type=tidy_cache&sid=c4bb6ec4b3ece4211d5d98f504882a0e HTTP/1.1" 404 290 "-" "Mozilla/5.0 (X11; Ubuntu; Linux x86_64; rv:72.0) Gecko/20100101 Firefox/72.0"
178.165.172.18 - - [11/Apr/2025:18:05:35 +0200] "GET /entry.php?id=10271&&ser=387474 HTTP/1.1" 200 987 "http://hausegger.activities.at/entry.php?id=10271&&ser=387413" "Mozilla/5.0 (Windows NT 10.0; Win64; x64) AppleWebKit/537.36 (KHTML, like Gecko) Chrome/135.0.0.0 Safari/537.36"
178.165.172.18 - - [11/Apr/2025:18:05:35 +0200] "GET /gui/javascript/form_form.js?1744387535 HTTP/1.1" 200 16206 "http://hausegger.activities.at/entry.php?id=10271&&ser=387474" "Mozilla/5.0 (Windows NT 10.0; Win64; x64) AppleWebKit/537.36 (KHTML, like Gecko) Chrome/135.0.0.0 Safari/537.36"
151.106.164.42 - - [11/Apr/2025:18:05:46 +0200] "GET /cron.php?cron_type=tidy_cache&sid=8de548a0af5cda35774a43c14b73d5aa HTTP/1.1" 404 290 "-" "Mozilla/5.0 (X11; Ubuntu; Linux x86_64; rv:72.0) Gecko/20100101 Firefox/72.0"
151.106.164.42 - - [11/Apr/2025:18:05:46 +0200] "GET /cron.php?cron_type=tidy_cache&sid=8de548a0af5cda35774a43c14b73d5aa HTTP/1.1" 404 290 "-" "Mozilla/5.0 (X11; Ubuntu; Linux x86_64; rv:72.0) Gecko/20100101 Firefox/72.0"
151.106.164.42 - - [11/Apr/2025:18:05:47 +0200] "GET /cron.php?cron_type=tidy_cache&sid=8de548a0af5cda35774a43c14b73d5aa HTTP/1.1" 404 290 "-" "Mozilla/5.0 (X11; Ubuntu; Linux x86_64; rv:72.0) Gecko/20100101 Firefox/72.0"
178.165.172.18 - - [11/Apr/2025:18:06:36 +0200] "GET /entry.php?id=10271&&ser=387535 HTTP/1.1" 200 986 "http://hausegger.activities.at/entry.php?id=10271&&ser=387474" "Mozilla/5.0 (Windows NT 10.0; Win64; x64) AppleWebKit/537.36 (KHTML, like Gecko) Chrome/135.0.0.0 Safari/537.36"
178.165.172.18 - - [11/Apr/2025:18:06:36 +0200] "GET /gui/javascript/form_form.js?1744387596 HTTP/1.1" 200 16206 "http://hausegger.activities.at/entry.php?id=10271&&ser=387535" "Mozilla/5.0 (Windows NT 10.0; Win64; x64) AppleWebKit/537.36 (KHTML, like Gecko) Chrome/135.0.0.0 Safari/537.36"
156.59.198.136 - - [11/Apr/2025:18:07:25 +0200] "GET /renault.2web.at/htdocs/binaries/10231944.pdf HTTP/1.0" 404 308 "-" "Mozilla/5.0 (Linux; Android 5.0) AppleWebKit/537.36 (KHTML, like Gecko) Mobile Safari/537.36 (compatible; Bytespider; spider-feedback@bytedance.com)"
178.165.172.18 - - [11/Apr/2025:18:07:37 +0200] "GET /entry.php?id=10271&&ser=387596 HTTP/1.1" 200 985 "http://hausegger.activities.at/entry.php?id=10271&&ser=387535" "Mozilla/5.0 (Windows NT 10.0; Win64; x64) AppleWebKit/537.36 (KHTML, like Gecko) Chrome/135.0.0.0 Safari/537.36"
178.165.172.18 - - [11/Apr/2025:18:07:37 +0200] "GET /gui/javascript/form_form.js?1744387657 HTTP/1.1" 200 16206 "http://hausegger.activities.at/entry.php?id=10271&&ser=387596" "Mozilla/5.0 (Windows NT 10.0; Win64; x64) AppleWebKit/537.36 (KHTML, like Gecko) Chrome/135.0.0.0 Safari/537.36"
178.165.172.18 - - [11/Apr/2025:18:08:38 +0200] "GET /entry.php?id=10271&&ser=387657 HTTP/1.1" 200 985 "http://hausegger.activities.at/entry.php?id=10271&&ser=387596" "Mozilla/5.0 (Windows NT 10.0; Win64; x64) AppleWebKit/537.36 (KHTML, like Gecko) Chrome/135.0.0.0 Safari/537.36"
178.165.172.18 - - [11/Apr/2025:18:08:38 +0200] "GET /gui/javascript/form_form.js?1744387718 HTTP/1.1" 200 16206 "http://hausegger.activities.at/entry.php?id=10271&&ser=387657" "Mozilla/5.0 (Windows NT 10.0; Win64; x64) AppleWebKit/537.36 (KHTML, like Gecko) Chrome/135.0.0.0 Safari/537.36"
178.165.172.18 - - [11/Apr/2025:18:09:39 +0200] "GET /entry.php?id=10271&&ser=387718 HTTP/1.1" 200 985 "http://hausegger.activities.at/entry.php?id=10271&&ser=387657" "Mozilla/5.0 (Windows NT 10.0; Win64; x64) AppleWebKit/537.36 (KHTML, like Gecko) Chrome/135.0.0.0 Safari/537.36"
178.165.172.18 - - [11/Apr/2025:18:09:39 +0200] "GET /gui/javascript/form_form.js?1744387779 HTTP/1.1" 200 16206 "http://hausegger.activities.at/entry.php?id=10271&&ser=387718" "Mozilla/5.0 (Windows NT 10.0; Win64; x64) AppleWebKit/537.36 (KHTML, like Gecko) Chrome/135.0.0.0 Safari/537.36"
151.106.165.0 - - [11/Apr/2025:18:10:24 +0200] "GET /download/file.php?id=250&sid=7b44004beb42d49064aef54398565db9 HTTP/1.1" 404 297 "-" "Mozilla/5.0 (X11; Ubuntu; Linux x86_64; rv:72.0) Gecko/20100101 Firefox/72.0"
151.106.165.0 - - [11/Apr/2025:18:10:25 +0200] "GET /download/file.php?id=250&sid=7b44004beb42d49064aef54398565db9 HTTP/1.1" 404 297 "-" "Mozilla/5.0 (X11; Ubuntu; Linux x86_64; rv:72.0) Gecko/20100101 Firefox/72.0"
151.106.165.0 - - [11/Apr/2025:18:10:25 +0200] "GET /download/file.php?id=250&sid=7b44004beb42d49064aef54398565db9 HTTP/1.1" 404 297 "-" "Mozilla/5.0 (X11; Ubuntu; Linux x86_64; rv:72.0) Gecko/20100101 Firefox/72.0"
178.165.172.18 - - [11/Apr/2025:18:10:40 +0200] "GET /entry.php?id=10271&&ser=387779 HTTP/1.1" 200 986 "http://hausegger.activities.at/entry.php?id=10271&&ser=387718" "Mozilla/5.0 (Windows NT 10.0; Win64; x64) AppleWebKit/537.36 (KHTML, like Gecko) Chrome/135.0.0.0 Safari/537.36"
178.165.172.18 - - [11/Apr/2025:18:10:40 +0200] "GET /gui/javascript/form_form.js?1744387840 HTTP/1.1" 200 16206 "http://hausegger.activities.at/entry.php?id=10271&&ser=387779" "Mozilla/5.0 (Windows NT 10.0; Win64; x64) AppleWebKit/537.36 (KHTML, like Gecko) Chrome/135.0.0.0 Safari/537.36"
178.165.172.18 - - [11/Apr/2025:18:11:41 +0200] "GET /entry.php?id=10271&&ser=387840 HTTP/1.1" 200 985 "http://hausegger.activities.at/entry.php?id=10271&&ser=387779" "Mozilla/5.0 (Windows NT 10.0; Win64; x64) AppleWebKit/537.36 (KHTML, like Gecko) Chrome/135.0.0.0 Safari/537.36"
178.165.172.18 - - [11/Apr/2025:18:11:41 +0200] "GET /gui/javascript/form_form.js?1744387901 HTTP/1.1" 200 16206 "http://hausegger.activities.at/entry.php?id=10271&&ser=387840" "Mozilla/5.0 (Windows NT 10.0; Win64; x64) AppleWebKit/537.36 (KHTML, like Gecko) Chrome/135.0.0.0 Safari/537.36"
88.214.25.123 - - [11/Apr/2025:18:11:58 +0200] "\x03" 400 383 "-" "-"
178.165.172.18 - - [11/Apr/2025:18:12:42 +0200] "GET /entry.php?id=10271&&ser=387901 HTTP/1.1" 200 986 "http://hausegger.activities.at/entry.php?id=10271&&ser=387840" "Mozilla/5.0 (Windows NT 10.0; Win64; x64) AppleWebKit/537.36 (KHTML, like Gecko) Chrome/135.0.0.0 Safari/537.36"
178.165.172.18 - - [11/Apr/2025:18:12:42 +0200] "GET /gui/javascript/form_form.js?1744387962 HTTP/1.1" 200 16206 "http://hausegger.activities.at/entry.php?id=10271&&ser=387901" "Mozilla/5.0 (Windows NT 10.0; Win64; x64) AppleWebKit/537.36 (KHTML, like Gecko) Chrome/135.0.0.0 Safari/537.36"
154.81.156.54 - - [11/Apr/2025:18:13:42 +0200] "GET / HTTP/1.1" 200 274 "-" "Mozilla/5.0 (Windows NT 10.0; Win64; x64) AppleWebKit/537.36 (KHTML, like Gecko) Chrome/90.0.4430.85 Safari/537.36 Edg/90.0.818.46"
178.165.172.18 - - [11/Apr/2025:18:13:43 +0200] "GET /entry.php?id=10271&&ser=387962 HTTP/1.1" 200 986 "http://hausegger.activities.at/entry.php?id=10271&&ser=387901" "Mozilla/5.0 (Windows NT 10.0; Win64; x64) AppleWebKit/537.36 (KHTML, like Gecko) Chrome/135.0.0.0 Safari/537.36"
178.165.172.18 - - [11/Apr/2025:18:13:43 +0200] "GET /gui/javascript/form_form.js?1744388023 HTTP/1.1" 200 16206 "http://hausegger.activities.at/entry.php?id=10271&&ser=387962" "Mozilla/5.0 (Windows NT 10.0; Win64; x64) AppleWebKit/537.36 (KHTML, like Gecko) Chrome/135.0.0.0 Safari/537.36"
178.165.172.18 - - [11/Apr/2025:18:14:44 +0200] "GET /entry.php?id=10271&&ser=388023 HTTP/1.1" 200 986 "http://hausegger.activities.at/entry.php?id=10271&&ser=387962" "Mozilla/5.0 (Windows NT 10.0; Win64; x64) AppleWebKit/537.36 (KHTML, like Gecko) Chrome/135.0.0.0 Safari/537.36"
178.165.172.18 - - [11/Apr/2025:18:14:44 +0200] "GET /gui/javascript/form_form.js?1744388084 HTTP/1.1" 200 16206 "http://hausegger.activities.at/entry.php?id=10271&&ser=388023" "Mozilla/5.0 (Windows NT 10.0; Win64; x64) AppleWebKit/537.36 (KHTML, like Gecko) Chrome/135.0.0.0 Safari/537.36"
178.165.172.18 - - [11/Apr/2025:18:15:45 +0200] "GET /entry.php?id=10271&&ser=388084 HTTP/1.1" 200 986 "http://hausegger.activities.at/entry.php?id=10271&&ser=388023" "Mozilla/5.0 (Windows NT 10.0; Win64; x64) AppleWebKit/537.36 (KHTML, like Gecko) Chrome/135.0.0.0 Safari/537.36"
178.165.172.18 - - [11/Apr/2025:18:15:45 +0200] "GET /gui/javascript/form_form.js?1744388145 HTTP/1.1" 200 16206 "http://hausegger.activities.at/entry.php?id=10271&&ser=388084" "Mozilla/5.0 (Windows NT 10.0; Win64; x64) AppleWebKit/537.36 (KHTML, like Gecko) Chrome/135.0.0.0 Safari/537.36"
156.59.198.135 - - [11/Apr/2025:18:15:48 +0200] "GET /renault.activities.at/htdocs/export/pdf/emuc_document/11451713.pdf HTTP/1.0" 404 322 "-" "Mozilla/5.0 (Linux; Android 5.0) AppleWebKit/537.36 (KHTML, like Gecko) Mobile Safari/537.36 (compatible; Bytespider; spider-feedback@bytedance.com)"
178.165.172.18 - - [11/Apr/2025:18:16:46 +0200] "GET /entry.php?id=10271&&ser=388145 HTTP/1.1" 200 985 "http://hausegger.activities.at/entry.php?id=10271&&ser=388084" "Mozilla/5.0 (Windows NT 10.0; Win64; x64) AppleWebKit/537.36 (KHTML, like Gecko) Chrome/135.0.0.0 Safari/537.36"
178.165.172.18 - - [11/Apr/2025:18:16:46 +0200] "GET /gui/javascript/form_form.js?1744388206 HTTP/1.1" 200 16206 "http://hausegger.activities.at/entry.php?id=10271&&ser=388145" "Mozilla/5.0 (Windows NT 10.0; Win64; x64) AppleWebKit/537.36 (KHTML, like Gecko) Chrome/135.0.0.0 Safari/537.36"
156.59.198.135 - - [11/Apr/2025:18:17:05 +0200] "GET /renault.activities.at/htdocs/export/pdf/emuc_document/11995289.pdf HTTP/1.0" 404 322 "-" "Mozilla/5.0 (Linux; Android 5.0) AppleWebKit/537.36 (KHTML, like Gecko) Mobile Safari/537.36 (compatible; Bytespider; spider-feedback@bytedance.com)"
156.59.198.136 - - [11/Apr/2025:18:17:30 +0200] "GET /renault.activities.at/htdocs/export/pdf/emuc_document/11201389.pdf HTTP/1.0" 404 322 "-" "Mozilla/5.0 (Linux; Android 5.0) AppleWebKit/537.36 (KHTML, like Gecko) Mobile Safari/537.36 (compatible; Bytespider; spider-feedback@bytedance.com)"
156.59.198.135 - - [11/Apr/2025:18:17:39 +0200] "GET /renault.activities.at/htdocs/export/pdf/emuc_document/10253017.pdf HTTP/1.0" 404 322 "-" "Mozilla/5.0 (Linux; Android 5.0) AppleWebKit/537.36 (KHTML, like Gecko) Mobile Safari/537.36 (compatible; Bytespider; spider-feedback@bytedance.com)"
178.165.172.18 - - [11/Apr/2025:18:17:47 +0200] "GET /entry.php?id=10271&&ser=388206 HTTP/1.1" 200 986 "http://hausegger.activities.at/entry.php?id=10271&&ser=388145" "Mozilla/5.0 (Windows NT 10.0; Win64; x64) AppleWebKit/537.36 (KHTML, like Gecko) Chrome/135.0.0.0 Safari/537.36"
178.165.172.18 - - [11/Apr/2025:18:17:47 +0200] "GET /gui/javascript/form_form.js?1744388267 HTTP/1.1" 200 16206 "http://hausegger.activities.at/entry.php?id=10271&&ser=388206" "Mozilla/5.0 (Windows NT 10.0; Win64; x64) AppleWebKit/537.36 (KHTML, like Gecko) Chrome/135.0.0.0 Safari/537.36"
156.59.198.136 - - [11/Apr/2025:18:17:48 +0200] "GET /renault.activities.at/htdocs/export/pdf/emuc_document/12127057.pdf HTTP/1.0" 404 322 "-" "Mozilla/5.0 (Linux; Android 5.0) AppleWebKit/537.36 (KHTML, like Gecko) Mobile Safari/537.36 (compatible; Bytespider; spider-feedback@bytedance.com)"
156.59.198.135 - - [11/Apr/2025:18:17:57 +0200] "GET /docs/contadino/2017/GS17-000002.pdf HTTP/1.0" 404 301 "-" "Mozilla/5.0 (Linux; Android 5.0) AppleWebKit/537.36 (KHTML, like Gecko) Mobile Safari/537.36 (compatible; Bytespider; spider-feedback@bytedance.com)"
156.59.198.135 - - [11/Apr/2025:18:18:06 +0200] "GET /renault.activities.at/htdocs/export/pdf/emuc_document/11901479.pdf HTTP/1.0" 404 322 "-" "Mozilla/5.0 (Linux; Android 5.0) AppleWebKit/537.36 (KHTML, like Gecko) Mobile Safari/537.36 (compatible; Bytespider; spider-feedback@bytedance.com)"
151.106.165.204 - - [11/Apr/2025:18:18:37 +0200] "GET /download/file.php?id=255&sid=c69a839e44c3409b71c45267b15d78ed HTTP/1.1" 404 297 "-" "Mozilla/5.0 (X11; Ubuntu; Linux x86_64; rv:72.0) Gecko/20100101 Firefox/72.0"
151.106.165.204 - - [11/Apr/2025:18:18:37 +0200] "GET /download/file.php?id=255&sid=c69a839e44c3409b71c45267b15d78ed HTTP/1.1" 404 297 "-" "Mozilla/5.0 (X11; Ubuntu; Linux x86_64; rv:72.0) Gecko/20100101 Firefox/72.0"
151.106.165.204 - - [11/Apr/2025:18:18:38 +0200] "GET /download/file.php?id=255&sid=c69a839e44c3409b71c45267b15d78ed HTTP/1.1" 404 297 "-" "Mozilla/5.0 (X11; Ubuntu; Linux x86_64; rv:72.0) Gecko/20100101 Firefox/72.0"
178.165.172.18 - - [11/Apr/2025:18:18:48 +0200] "GET /entry.php?id=10271&&ser=388267 HTTP/1.1" 200 987 "http://hausegger.activities.at/entry.php?id=10271&&ser=388206" "Mozilla/5.0 (Windows NT 10.0; Win64; x64) AppleWebKit/537.36 (KHTML, like Gecko) Chrome/135.0.0.0 Safari/537.36"
178.165.172.18 - - [11/Apr/2025:18:18:48 +0200] "GET /gui/javascript/form_form.js?1744388328 HTTP/1.1" 200 16206 "http://hausegger.activities.at/entry.php?id=10271&&ser=388267" "Mozilla/5.0 (Windows NT 10.0; Win64; x64) AppleWebKit/537.36 (KHTML, like Gecko) Chrome/135.0.0.0 Safari/537.36"
151.106.191.138 - - [11/Apr/2025:18:19:33 +0200] "GET /gallery/image.php?mode=thumbnail&album_id=1&image_id=113&sid=ea6576966946c070a6a3830835fd509b HTTP/1.1" 404 297 "-" "Mozilla/5.0 (X11; Ubuntu; Linux x86_64; rv:72.0) Gecko/20100101 Firefox/72.0"
151.106.191.138 - - [11/Apr/2025:18:19:33 +0200] "GET /gallery/image.php?mode=thumbnail&album_id=1&image_id=113&sid=ea6576966946c070a6a3830835fd509b HTTP/1.1" 404 297 "-" "Mozilla/5.0 (X11; Ubuntu; Linux x86_64; rv:72.0) Gecko/20100101 Firefox/72.0"
151.106.191.138 - - [11/Apr/2025:18:19:34 +0200] "GET /gallery/image.php?mode=thumbnail&album_id=1&image_id=113&sid=ea6576966946c070a6a3830835fd509b HTTP/1.1" 404 297 "-" "Mozilla/5.0 (X11; Ubuntu; Linux x86_64; rv:72.0) Gecko/20100101 Firefox/72.0"
178.165.172.18 - - [11/Apr/2025:18:19:49 +0200] "GET /entry.php?id=10271&&ser=388328 HTTP/1.1" 200 986 "http://hausegger.activities.at/entry.php?id=10271&&ser=388267" "Mozilla/5.0 (Windows NT 10.0; Win64; x64) AppleWebKit/537.36 (KHTML, like Gecko) Chrome/135.0.0.0 Safari/537.36"
178.165.172.18 - - [11/Apr/2025:18:19:49 +0200] "GET /gui/javascript/form_form.js?1744388389 HTTP/1.1" 200 16206 "http://hausegger.activities.at/entry.php?id=10271&&ser=388328" "Mozilla/5.0 (Windows NT 10.0; Win64; x64) AppleWebKit/537.36 (KHTML, like Gecko) Chrome/135.0.0.0 Safari/537.36"
154.81.156.34 - - [11/Apr/2025:18:20:24 +0200] "GET / HTTP/1.1" 200 274 "-" "Mozilla/5.0 (Windows NT 10.0; Win64; x64) AppleWebKit/537.36 (KHTML, like Gecko) Chrome/90.0.4430.85 Safari/537.36 Edg/90.0.818.46"
178.165.172.18 - - [11/Apr/2025:18:20:50 +0200] "GET /entry.php?id=10271&&ser=388389 HTTP/1.1" 200 986 "http://hausegger.activities.at/entry.php?id=10271&&ser=388328" "Mozilla/5.0 (Windows NT 10.0; Win64; x64) AppleWebKit/537.36 (KHTML, like Gecko) Chrome/135.0.0.0 Safari/537.36"
178.165.172.18 - - [11/Apr/2025:18:20:50 +0200] "GET /gui/javascript/form_form.js?1744388450 HTTP/1.1" 200 16206 "http://hausegger.activities.at/entry.php?id=10271&&ser=388389" "Mozilla/5.0 (Windows NT 10.0; Win64; x64) AppleWebKit/537.36 (KHTML, like Gecko) Chrome/135.0.0.0 Safari/537.36"
156.59.198.135 - - [11/Apr/2025:18:21:48 +0200] "GET /docs/contadino/2018/RECHNUNG/RE18-00010.pdf HTTP/1.0" 404 308 "-" "Mozilla/5.0 (Linux; Android 5.0) AppleWebKit/537.36 (KHTML, like Gecko) Mobile Safari/537.36 (compatible; Bytespider; spider-feedback@bytedance.com)"
178.165.172.18 - - [11/Apr/2025:18:21:51 +0200] "GET /entry.php?id=10271&&ser=388450 HTTP/1.1" 200 985 "http://hausegger.activities.at/entry.php?id=10271&&ser=388389" "Mozilla/5.0 (Windows NT 10.0; Win64; x64) AppleWebKit/537.36 (KHTML, like Gecko) Chrome/135.0.0.0 Safari/537.36"
178.165.172.18 - - [11/Apr/2025:18:21:51 +0200] "GET /gui/javascript/form_form.js?1744388511 HTTP/1.1" 200 16206 "http://hausegger.activities.at/entry.php?id=10271&&ser=388450" "Mozilla/5.0 (Windows NT 10.0; Win64; x64) AppleWebKit/537.36 (KHTML, like Gecko) Chrome/135.0.0.0 Safari/537.36"
156.59.198.135 - - [11/Apr/2025:18:21:57 +0200] "GET /renault.activities.at/htdocs/export/pdf/emuc_document/11168297.pdf HTTP/1.0" 404 322 "-" "Mozilla/5.0 (Linux; Android 5.0) AppleWebKit/537.36 (KHTML, like Gecko) Mobile Safari/537.36 (compatible; Bytespider; spider-feedback@bytedance.com)"
178.165.172.18 - - [11/Apr/2025:18:22:52 +0200] "GET /entry.php?id=10271&&ser=388511 HTTP/1.1" 200 986 "http://hausegger.activities.at/entry.php?id=10271&&ser=388450" "Mozilla/5.0 (Windows NT 10.0; Win64; x64) AppleWebKit/537.36 (KHTML, like Gecko) Chrome/135.0.0.0 Safari/537.36"
178.165.172.18 - - [11/Apr/2025:18:22:52 +0200] "GET /gui/javascript/form_form.js?1744388572 HTTP/1.1" 200 16206 "http://hausegger.activities.at/entry.php?id=10271&&ser=388511" "Mozilla/5.0 (Windows NT 10.0; Win64; x64) AppleWebKit/537.36 (KHTML, like Gecko) Chrome/135.0.0.0 Safari/537.36"
151.106.164.127 - - [11/Apr/2025:18:22:57 +0200] "GET /download/file.php?id=253&sid=620f8eb660aa8a19f690522087e3acc8 HTTP/1.1" 404 297 "-" "Mozilla/5.0 (X11; Ubuntu; Linux x86_64; rv:72.0) Gecko/20100101 Firefox/72.0"
151.106.164.127 - - [11/Apr/2025:18:22:58 +0200] "GET /download/file.php?id=253&sid=620f8eb660aa8a19f690522087e3acc8 HTTP/1.1" 404 297 "-" "Mozilla/5.0 (X11; Ubuntu; Linux x86_64; rv:72.0) Gecko/20100101 Firefox/72.0"
151.106.164.127 - - [11/Apr/2025:18:22:58 +0200] "GET /download/file.php?id=253&sid=620f8eb660aa8a19f690522087e3acc8 HTTP/1.1" 404 297 "-" "Mozilla/5.0 (X11; Ubuntu; Linux x86_64; rv:72.0) Gecko/20100101 Firefox/72.0"
178.165.172.18 - - [11/Apr/2025:18:23:53 +0200] "GET /entry.php?id=10271&&ser=388572 HTTP/1.1" 200 987 "http://hausegger.activities.at/entry.php?id=10271&&ser=388511" "Mozilla/5.0 (Windows NT 10.0; Win64; x64) AppleWebKit/537.36 (KHTML, like Gecko) Chrome/135.0.0.0 Safari/537.36"
178.165.172.18 - - [11/Apr/2025:18:23:53 +0200] "GET /gui/javascript/form_form.js?1744388633 HTTP/1.1" 200 16206 "http://hausegger.activities.at/entry.php?id=10271&&ser=388572" "Mozilla/5.0 (Windows NT 10.0; Win64; x64) AppleWebKit/537.36 (KHTML, like Gecko) Chrome/135.0.0.0 Safari/537.36"
178.165.172.18 - - [11/Apr/2025:18:24:54 +0200] "GET /entry.php?id=10271&&ser=388633 HTTP/1.1" 200 986 "http://hausegger.activities.at/entry.php?id=10271&&ser=388572" "Mozilla/5.0 (Windows NT 10.0; Win64; x64) AppleWebKit/537.36 (KHTML, like Gecko) Chrome/135.0.0.0 Safari/537.36"
178.165.172.18 - - [11/Apr/2025:18:24:54 +0200] "GET /gui/javascript/form_form.js?1744388694 HTTP/1.1" 200 16206 "http://hausegger.activities.at/entry.php?id=10271&&ser=388633" "Mozilla/5.0 (Windows NT 10.0; Win64; x64) AppleWebKit/537.36 (KHTML, like Gecko) Chrome/135.0.0.0 Safari/537.36"
178.165.172.18 - - [11/Apr/2025:18:25:55 +0200] "GET /entry.php?id=10271&&ser=388694 HTTP/1.1" 200 987 "http://hausegger.activities.at/entry.php?id=10271&&ser=388633" "Mozilla/5.0 (Windows NT 10.0; Win64; x64) AppleWebKit/537.36 (KHTML, like Gecko) Chrome/135.0.0.0 Safari/537.36"
178.165.172.18 - - [11/Apr/2025:18:25:55 +0200] "GET /gui/javascript/form_form.js?1744388755 HTTP/1.1" 200 16206 "http://hausegger.activities.at/entry.php?id=10271&&ser=388694" "Mozilla/5.0 (Windows NT 10.0; Win64; x64) AppleWebKit/537.36 (KHTML, like Gecko) Chrome/135.0.0.0 Safari/537.36"
178.165.172.18 - - [11/Apr/2025:18:26:56 +0200] "GET /entry.php?id=10271&&ser=388755 HTTP/1.1" 200 985 "http://hausegger.activities.at/entry.php?id=10271&&ser=388694" "Mozilla/5.0 (Windows NT 10.0; Win64; x64) AppleWebKit/537.36 (KHTML, like Gecko) Chrome/135.0.0.0 Safari/537.36"
178.165.172.18 - - [11/Apr/2025:18:26:56 +0200] "GET /gui/javascript/form_form.js?1744388816 HTTP/1.1" 200 16206 "http://hausegger.activities.at/entry.php?id=10271&&ser=388755" "Mozilla/5.0 (Windows NT 10.0; Win64; x64) AppleWebKit/537.36 (KHTML, like Gecko) Chrome/135.0.0.0 Safari/537.36"
178.165.172.18 - - [11/Apr/2025:18:27:57 +0200] "GET /entry.php?id=10271&&ser=388816 HTTP/1.1" 200 986 "http://hausegger.activities.at/entry.php?id=10271&&ser=388755" "Mozilla/5.0 (Windows NT 10.0; Win64; x64) AppleWebKit/537.36 (KHTML, like Gecko) Chrome/135.0.0.0 Safari/537.36"
178.165.172.18 - - [11/Apr/2025:18:27:57 +0200] "GET /gui/javascript/form_form.js?1744388877 HTTP/1.1" 200 16206 "http://hausegger.activities.at/entry.php?id=10271&&ser=388816" "Mozilla/5.0 (Windows NT 10.0; Win64; x64) AppleWebKit/537.36 (KHTML, like Gecko) Chrome/135.0.0.0 Safari/537.36"
178.165.172.18 - - [11/Apr/2025:18:28:58 +0200] "GET /entry.php?id=10271&&ser=388877 HTTP/1.1" 200 986 "http://hausegger.activities.at/entry.php?id=10271&&ser=388816" "Mozilla/5.0 (Windows NT 10.0; Win64; x64) AppleWebKit/537.36 (KHTML, like Gecko) Chrome/135.0.0.0 Safari/537.36"
178.165.172.18 - - [11/Apr/2025:18:28:58 +0200] "GET /gui/javascript/form_form.js?1744388938 HTTP/1.1" 200 16206 "http://hausegger.activities.at/entry.php?id=10271&&ser=388877" "Mozilla/5.0 (Windows NT 10.0; Win64; x64) AppleWebKit/537.36 (KHTML, like Gecko) Chrome/135.0.0.0 Safari/537.36"
178.165.172.18 - - [11/Apr/2025:18:29:59 +0200] "GET /entry.php?id=10271&&ser=388938 HTTP/1.1" 200 986 "http://hausegger.activities.at/entry.php?id=10271&&ser=388877" "Mozilla/5.0 (Windows NT 10.0; Win64; x64) AppleWebKit/537.36 (KHTML, like Gecko) Chrome/135.0.0.0 Safari/537.36"
178.165.172.18 - - [11/Apr/2025:18:29:59 +0200] "GET /gui/javascript/form_form.js?1744388999 HTTP/1.1" 200 16206 "http://hausegger.activities.at/entry.php?id=10271&&ser=388938" "Mozilla/5.0 (Windows NT 10.0; Win64; x64) AppleWebKit/537.36 (KHTML, like Gecko) Chrome/135.0.0.0 Safari/537.36"
154.81.156.54 - - [11/Apr/2025:18:30:23 +0200] "GET / HTTP/1.1" 200 274 "-" "Mozilla/5.0 (Windows NT 10.0; Win64; x64) AppleWebKit/537.36 (KHTML, like Gecko) Chrome/90.0.4430.85 Safari/537.36 Edg/90.0.818.46"
178.165.172.18 - - [11/Apr/2025:18:31:00 +0200] "GET /entry.php?id=10271&&ser=388999 HTTP/1.1" 200 986 "http://hausegger.activities.at/entry.php?id=10271&&ser=388938" "Mozilla/5.0 (Windows NT 10.0; Win64; x64) AppleWebKit/537.36 (KHTML, like Gecko) Chrome/135.0.0.0 Safari/537.36"
178.165.172.18 - - [11/Apr/2025:18:31:00 +0200] "GET /gui/javascript/form_form.js?1744389060 HTTP/1.1" 200 16206 "http://hausegger.activities.at/entry.php?id=10271&&ser=388999" "Mozilla/5.0 (Windows NT 10.0; Win64; x64) AppleWebKit/537.36 (KHTML, like Gecko) Chrome/135.0.0.0 Safari/537.36"
178.165.172.18 - - [11/Apr/2025:18:31:53 +0200] "GET /entry.php?id=10287&login=1 HTTP/1.1" 200 1876 "http://hausegger.activities.at/entry.php?id=10273&" "Mozilla/5.0 (Windows NT 10.0; Win64; x64) AppleWebKit/537.36 (KHTML, like Gecko) Chrome/135.0.0.0 Safari/537.36"
178.165.172.18 - - [11/Apr/2025:18:31:53 +0200] "GET /gui/javascript/form_form.js?1744389113 HTTP/1.1" 200 16206 "http://hausegger.activities.at/entry.php?id=10287&login=1" "Mozilla/5.0 (Windows NT 10.0; Win64; x64) AppleWebKit/537.36 (KHTML, like Gecko) Chrome/135.0.0.0 Safari/537.36"
178.165.172.18 - - [11/Apr/2025:18:31:54 +0200] "GET /entry.php?id=10287&login=1 HTTP/1.1" 200 1877 "http://hausegger.activities.at/entry.php?id=10273&" "Mozilla/5.0 (Windows NT 10.0; Win64; x64) AppleWebKit/537.36 (KHTML, like Gecko) Chrome/135.0.0.0 Safari/537.36"
178.165.172.18 - - [11/Apr/2025:18:31:54 +0200] "GET /gui/javascript/form_form.js?1744389114 HTTP/1.1" 200 16206 "http://hausegger.activities.at/entry.php?id=10287&login=1" "Mozilla/5.0 (Windows NT 10.0; Win64; x64) AppleWebKit/537.36 (KHTML, like Gecko) Chrome/135.0.0.0 Safari/537.36"
178.165.172.18 - - [11/Apr/2025:18:31:56 +0200] "POST /entry.php?id=10287& HTTP/1.1" 200 2433 "http://hausegger.activities.at/entry.php?id=10287&login=1" "Mozilla/5.0 (Windows NT 10.0; Win64; x64) AppleWebKit/537.36 (KHTML, like Gecko) Chrome/135.0.0.0 Safari/537.36"
178.165.172.18 - - [11/Apr/2025:18:31:56 +0200] "GET /gui/javascript/form_form.js?1744389116 HTTP/1.1" 200 16206 "http://hausegger.activities.at/entry.php?id=10287&" "Mozilla/5.0 (Windows NT 10.0; Win64; x64) AppleWebKit/537.36 (KHTML, like Gecko) Chrome/135.0.0.0 Safari/537.36"
178.165.172.18 - - [11/Apr/2025:18:31:56 +0200] "GET /entry.php?id=10270& HTTP/1.1" 200 908 "http://hausegger.activities.at/entry.php?id=10287&" "Mozilla/5.0 (Windows NT 10.0; Win64; x64) AppleWebKit/537.36 (KHTML, like Gecko) Chrome/135.0.0.0 Safari/537.36"
178.165.172.18 - - [11/Apr/2025:18:31:56 +0200] "GET /entry.php?id=10273&logout=true& HTTP/1.1" 200 1913 "http://hausegger.activities.at/entry.php?id=10287&" "Mozilla/5.0 (Windows NT 10.0; Win64; x64) AppleWebKit/537.36 (KHTML, like Gecko) Chrome/135.0.0.0 Safari/537.36"
178.165.172.18 - - [11/Apr/2025:18:32:01 +0200] "GET /entry.php?id=10271&&ser=389060 HTTP/1.1" 200 933 "http://hausegger.activities.at/entry.php?id=10271&&ser=388999" "Mozilla/5.0 (Windows NT 10.0; Win64; x64) AppleWebKit/537.36 (KHTML, like Gecko) Chrome/135.0.0.0 Safari/537.36"
178.165.172.18 - - [11/Apr/2025:18:32:01 +0200] "GET /gui/javascript/form_form.js?1744389121 HTTP/1.1" 200 16206 "http://hausegger.activities.at/entry.php?id=10271&&ser=389060" "Mozilla/5.0 (Windows NT 10.0; Win64; x64) AppleWebKit/537.36 (KHTML, like Gecko) Chrome/135.0.0.0 Safari/537.36"
156.59.198.135 - - [11/Apr/2025:18:42:17 +0200] "GET /docs/contadino/2017/GS17-000006.pdf HTTP/1.0" 404 302 "-" "Mozilla/5.0 (Linux; Android 5.0) AppleWebKit/537.36 (KHTML, like Gecko) Mobile Safari/537.36 (compatible; Bytespider; spider-feedback@bytedance.com)"
156.59.198.136 - - [11/Apr/2025:18:42:26 +0200] "GET /renault.activities.at/htdocs/export/pdf/emuc_document/11274350.pdf HTTP/1.0" 404 322 "-" "Mozilla/5.0 (Linux; Android 5.0) AppleWebKit/537.36 (KHTML, like Gecko) Mobile Safari/537.36 (compatible; Bytespider; spider-feedback@bytedance.com)"
156.59.198.136 - - [11/Apr/2025:18:42:34 +0200] "GET /renault.2web.at/htdocs/binaries/10009028.pdf HTTP/1.0" 404 307 "-" "Mozilla/5.0 (Linux; Android 5.0) AppleWebKit/537.36 (KHTML, like Gecko) Mobile Safari/537.36 (compatible; Bytespider; spider-feedback@bytedance.com)"
154.81.156.54 - - [11/Apr/2025:18:45:34 +0200] "GET / HTTP/1.1" 200 274 "-" "Mozilla/5.0 (Windows NT 10.0; Win64; x64) AppleWebKit/537.36 (KHTML, like Gecko) Chrome/90.0.4430.85 Safari/537.36 Edg/90.0.818.46"
156.59.198.135 - - [11/Apr/2025:18:45:59 +0200] "GET /renault.activities.at/htdocs/export/pdf/emuc_document/11250510.pdf HTTP/1.0" 404 321 "-" "Mozilla/5.0 (Linux; Android 5.0) AppleWebKit/537.36 (KHTML, like Gecko) Mobile Safari/537.36 (compatible; Bytespider; spider-feedback@bytedance.com)"
151.106.167.56 - - [11/Apr/2025:18:50:02 +0200] "GET /download/file.php?id=256&sid=a64ee32341bd27d175c1b2e2bc4968ca HTTP/1.1" 404 297 "-" "Mozilla/5.0 (X11; Ubuntu; Linux x86_64; rv:72.0) Gecko/20100101 Firefox/72.0"
151.106.167.56 - - [11/Apr/2025:18:50:03 +0200] "GET /download/file.php?id=256&sid=a64ee32341bd27d175c1b2e2bc4968ca HTTP/1.1" 404 297 "-" "Mozilla/5.0 (X11; Ubuntu; Linux x86_64; rv:72.0) Gecko/20100101 Firefox/72.0"
151.106.167.56 - - [11/Apr/2025:18:50:03 +0200] "GET /download/file.php?id=256&sid=a64ee32341bd27d175c1b2e2bc4968ca HTTP/1.1" 404 297 "-" "Mozilla/5.0 (X11; Ubuntu; Linux x86_64; rv:72.0) Gecko/20100101 Firefox/72.0"
156.59.198.135 - - [11/Apr/2025:18:51:29 +0200] "GET /renault.2web.at/htdocs/binaries/10052852.pdf HTTP/1.0" 404 308 "-" "Mozilla/5.0 (Linux; Android 5.0) AppleWebKit/537.36 (KHTML, like Gecko) Mobile Safari/537.36 (compatible; Bytespider; spider-feedback@bytedance.com)"
156.59.198.136 - - [11/Apr/2025:18:52:10 +0200] "GET /renault.activities.at/htdocs/export/pdf/emuc_document/11598897.pdf HTTP/1.0" 404 322 "-" "Mozilla/5.0 (Linux; Android 5.0) AppleWebKit/537.36 (KHTML, like Gecko) Mobile Safari/537.36 (compatible; Bytespider; spider-feedback@bytedance.com)"
156.59.198.135 - - [11/Apr/2025:18:52:19 +0200] "GET /docs/contadino/2017/GS17-000003.pdf HTTP/1.0" 404 302 "-" "Mozilla/5.0 (Linux; Android 5.0) AppleWebKit/537.36 (KHTML, like Gecko) Mobile Safari/537.36 (compatible; Bytespider; spider-feedback@bytedance.com)"
151.106.181.25 - - [11/Apr/2025:19:01:30 +0200] "GET /cron.php?cron_type=tidy_cache&sid=605494d95891eff11a800f1f573c4573 HTTP/1.1" 404 290 "-" "Mozilla/5.0 (X11; Ubuntu; Linux x86_64; rv:72.0) Gecko/20100101 Firefox/72.0"
151.106.181.25 - - [11/Apr/2025:19:01:30 +0200] "GET /cron.php?cron_type=tidy_cache&sid=605494d95891eff11a800f1f573c4573 HTTP/1.1" 404 290 "-" "Mozilla/5.0 (X11; Ubuntu; Linux x86_64; rv:72.0) Gecko/20100101 Firefox/72.0"
151.106.181.25 - - [11/Apr/2025:19:01:31 +0200] "GET /cron.php?cron_type=tidy_cache&sid=605494d95891eff11a800f1f573c4573 HTTP/1.1" 404 290 "-" "Mozilla/5.0 (X11; Ubuntu; Linux x86_64; rv:72.0) Gecko/20100101 Firefox/72.0"
154.81.156.35 - - [11/Apr/2025:19:02:23 +0200] "GET / HTTP/1.1" 200 274 "-" "Mozilla/5.0 (Windows NT 10.0; Win64; x64) AppleWebKit/537.36 (KHTML, like Gecko) Chrome/90.0.4430.85 Safari/537.36 Edg/90.0.818.46"
151.106.168.134 - - [11/Apr/2025:19:02:35 +0200] "GET /cron.php?cron_type=tidy_cache&sid=34c5c7b9a0ecb58c3cbb5446fa31a924 HTTP/1.1" 404 290 "-" "Mozilla/5.0 (X11; Ubuntu; Linux x86_64; rv:72.0) Gecko/20100101 Firefox/72.0"
151.106.168.134 - - [11/Apr/2025:19:02:35 +0200] "GET /cron.php?cron_type=tidy_cache&sid=34c5c7b9a0ecb58c3cbb5446fa31a924 HTTP/1.1" 404 290 "-" "Mozilla/5.0 (X11; Ubuntu; Linux x86_64; rv:72.0) Gecko/20100101 Firefox/72.0"
151.106.168.134 - - [11/Apr/2025:19:02:35 +0200] "GET /cron.php?cron_type=tidy_cache&sid=34c5c7b9a0ecb58c3cbb5446fa31a924 HTTP/1.1" 404 290 "-" "Mozilla/5.0 (X11; Ubuntu; Linux x86_64; rv:72.0) Gecko/20100101 Firefox/72.0"
156.59.198.135 - - [11/Apr/2025:19:08:44 +0200] "GET /renault.activities.at/htdocs/export/pdf/emuc_document/10554519.pdf HTTP/1.0" 404 321 "-" "Mozilla/5.0 (Linux; Android 5.0) AppleWebKit/537.36 (KHTML, like Gecko) Mobile Safari/537.36 (compatible; Bytespider; spider-feedback@bytedance.com)"
151.106.165.204 - - [11/Apr/2025:19:11:07 +0200] "GET /cron.php?cron_type=tidy_cache&sid=80db18937092a6b3b885434c25cb0cc6 HTTP/1.1" 404 290 "-" "Mozilla/5.0 (X11; Ubuntu; Linux x86_64; rv:72.0) Gecko/20100101 Firefox/72.0"
151.106.165.204 - - [11/Apr/2025:19:11:08 +0200] "GET /cron.php?cron_type=tidy_cache&sid=80db18937092a6b3b885434c25cb0cc6 HTTP/1.1" 404 290 "-" "Mozilla/5.0 (X11; Ubuntu; Linux x86_64; rv:72.0) Gecko/20100101 Firefox/72.0"
