154.81.156.35 - - [11/Apr/2025:07:24:45 +0200] "GET / HTTP/1.1" 200 274 "-" "Mozilla/5.0 (Windows NT 10.0; Win64; x64) AppleWebKit/537.36 (KHTML, like Gecko) Chrome/90.0.4430.85 Safari/537.36 Edg/90.0.818.46"
154.81.156.54 - - [11/Apr/2025:07:31:38 +0200] "GET / HTTP/1.1" 200 274 "-" "Mozilla/5.0 (Windows NT 10.0; Win64; x64) AppleWebKit/537.36 (KHTML, like Gecko) Chrome/90.0.4430.85 Safari/537.36 Edg/90.0.818.46"
151.106.168.134 - - [11/Apr/2025:07:33:44 +0200] "GET /cron.php?cron_type=tidy_cache&sid=2e7dde948ff2d7b3714e11882893fd1a HTTP/1.1" 404 290 "-" "Mozilla/5.0 (X11; Ubuntu; Linux x86_64; rv:72.0) Gecko/20100101 Firefox/72.0"
151.106.168.134 - - [11/Apr/2025:07:33:45 +0200] "GET /cron.php?cron_type=tidy_cache&sid=2e7dde948ff2d7b3714e11882893fd1a HTTP/1.1" 404 290 "-" "Mozilla/5.0 (X11; Ubuntu; Linux x86_64; rv:72.0) Gecko/20100101 Firefox/72.0"
151.106.168.134 - - [11/Apr/2025:07:33:45 +0200] "GET /cron.php?cron_type=tidy_cache&sid=2e7dde948ff2d7b3714e11882893fd1a HTTP/1.1" 404 290 "-" "Mozilla/5.0 (X11; Ubuntu; Linux x86_64; rv:72.0) Gecko/20100101 Firefox/72.0"
151.106.166.243 - - [11/Apr/2025:07:36:18 +0200] "GET /download/file.php?id=255&sid=c4442f772187b7f93af5b7b474e6d7de HTTP/1.1" 404 297 "-" "Mozilla/5.0 (X11; Ubuntu; Linux x86_64; rv:72.0) Gecko/20100101 Firefox/72.0"
151.106.166.243 - - [11/Apr/2025:07:36:18 +0200] "GET /download/file.php?id=255&sid=c4442f772187b7f93af5b7b474e6d7de HTTP/1.1" 404 297 "-" "Mozilla/5.0 (X11; Ubuntu; Linux x86_64; rv:72.0) Gecko/20100101 Firefox/72.0"
151.106.166.243 - - [11/Apr/2025:07:36:18 +0200] "GET /download/file.php?id=255&sid=c4442f772187b7f93af5b7b474e6d7de HTTP/1.1" 404 297 "-" "Mozilla/5.0 (X11; Ubuntu; Linux x86_64; rv:72.0) Gecko/20100101 Firefox/72.0"
151.106.162.214 - - [11/Apr/2025:07:40:51 +0200] "GET /download/file.php?id=250&sid=9499a0ea86126f6e233484a6eaed9e32 HTTP/1.1" 404 297 "-" "Mozilla/5.0 (X11; Ubuntu; Linux x86_64; rv:72.0) Gecko/20100101 Firefox/72.0"
151.106.162.214 - - [11/Apr/2025:07:40:52 +0200] "GET /download/file.php?id=250&sid=9499a0ea86126f6e233484a6eaed9e32 HTTP/1.1" 404 297 "-" "Mozilla/5.0 (X11; Ubuntu; Linux x86_64; rv:72.0) Gecko/20100101 Firefox/72.0"
151.106.162.214 - - [11/Apr/2025:07:40:52 +0200] "GET /download/file.php?id=250&sid=9499a0ea86126f6e233484a6eaed9e32 HTTP/1.1" 404 297 "-" "Mozilla/5.0 (X11; Ubuntu; Linux x86_64; rv:72.0) Gecko/20100101 Firefox/72.0"
151.106.163.149 - - [11/Apr/2025:07:43:46 +0200] "GET /download/file.php?id=251&sid=e90c3c271f3ec3c30474b3067feaed50 HTTP/1.1" 404 297 "-" "Mozilla/5.0 (X11; Ubuntu; Linux x86_64; rv:72.0) Gecko/20100101 Firefox/72.0"
151.106.163.149 - - [11/Apr/2025:07:43:46 +0200] "GET /download/file.php?id=251&sid=e90c3c271f3ec3c30474b3067feaed50 HTTP/1.1" 404 297 "-" "Mozilla/5.0 (X11; Ubuntu; Linux x86_64; rv:72.0) Gecko/20100101 Firefox/72.0"
151.106.163.149 - - [11/Apr/2025:07:43:47 +0200] "GET /download/file.php?id=251&sid=e90c3c271f3ec3c30474b3067feaed50 HTTP/1.1" 404 297 "-" "Mozilla/5.0 (X11; Ubuntu; Linux x86_64; rv:72.0) Gecko/20100101 Firefox/72.0"
45.156.128.131 - - [11/Apr/2025:07:43:53 +0200] "GET /sitecore/shell/sitecore.version.xml HTTP/1.1" 404 297 "-" "Mozilla/5.0 (Windows NT 10.0; Win64; x64) AppleWebKit/537.36 (KHTML, like Gecko) Chrome/60.0.3112.113 Safari/537.36"
154.81.156.54 - - [11/Apr/2025:07:49:11 +0200] "GET / HTTP/1.1" 200 274 "-" "Mozilla/5.0 (Windows NT 10.0; Win64; x64) AppleWebKit/537.36 (KHTML, like Gecko) Chrome/90.0.4430.85 Safari/537.36 Edg/90.0.818.46"
156.59.198.135 - - [11/Apr/2025:07:52:20 +0200] "GET /renault.activities.at/htdocs/export/pdf/emuc_document/12022654.pdf HTTP/1.0" 404 321 "-" "Mozilla/5.0 (Linux; Android 5.0) AppleWebKit/537.36 (KHTML, like Gecko) Mobile Safari/537.36 (compatible; Bytespider; spider-feedback@bytedance.com)"
156.59.198.135 - - [11/Apr/2025:07:52:29 +0200] "GET /docs/contadino/2018/RECHNUNG/RE18-00014.pdf HTTP/1.0" 404 308 "-" "Mozilla/5.0 (Linux; Android 5.0) AppleWebKit/537.36 (KHTML, like Gecko) Mobile Safari/537.36 (compatible; Bytespider; spider-feedback@bytedance.com)"
156.59.198.136 - - [11/Apr/2025:07:52:38 +0200] "GET /renault.activities.at/htdocs/binaries/renault-/stellwaende03280x150finalpdf.pdf HTTP/1.0" 404 327 "-" "Mozilla/5.0 (Linux; Android 5.0) AppleWebKit/537.36 (KHTML, like Gecko) Mobile Safari/537.36 (compatible; Bytespider; spider-feedback@bytedance.com)"
151.106.166.201 - - [11/Apr/2025:08:03:53 +0200] "GET /download/file.php?id=251&sid=8d16702b15b79d27e02c27f6906db620 HTTP/1.1" 404 297 "-" "Mozilla/5.0 (X11; Ubuntu; Linux x86_64; rv:72.0) Gecko/20100101 Firefox/72.0"
151.106.166.201 - - [11/Apr/2025:08:03:53 +0200] "GET /download/file.php?id=251&sid=8d16702b15b79d27e02c27f6906db620 HTTP/1.1" 404 297 "-" "Mozilla/5.0 (X11; Ubuntu; Linux x86_64; rv:72.0) Gecko/20100101 Firefox/72.0"
151.106.166.201 - - [11/Apr/2025:08:03:53 +0200] "GET /download/file.php?id=251&sid=8d16702b15b79d27e02c27f6906db620 HTTP/1.1" 404 297 "-" "Mozilla/5.0 (X11; Ubuntu; Linux x86_64; rv:72.0) Gecko/20100101 Firefox/72.0"
154.81.156.54 - - [11/Apr/2025:08:04:18 +0200] "GET / HTTP/1.1" 200 274 "-" "Mozilla/5.0 (Windows NT 10.0; Win64; x64) AppleWebKit/537.36 (KHTML, like Gecko) Chrome/90.0.4430.85 Safari/537.36 Edg/90.0.818.46"
154.81.156.34 - - [11/Apr/2025:08:10:57 +0200] "GET / HTTP/1.1" 200 274 "-" "Mozilla/5.0 (Windows NT 10.0; Win64; x64) AppleWebKit/537.36 (KHTML, like Gecko) Chrome/90.0.4430.85 Safari/537.36 Edg/90.0.818.46"
156.59.198.135 - - [11/Apr/2025:08:11:20 +0200] "GET /renault.2web.at/htdocs/binaries/10004867.pdf HTTP/1.0" 404 308 "-" "Mozilla/5.0 (Linux; Android 5.0) AppleWebKit/537.36 (KHTML, like Gecko) Mobile Safari/537.36 (compatible; Bytespider; spider-feedback@bytedance.com)"
151.106.183.52 - - [11/Apr/2025:08:16:09 +0200] "GET /mock3.jpg HTTP/1.1" 404 293 "-" "Mozilla/5.0 (X11; Ubuntu; Linux x86_64; rv:72.0) Gecko/20100101 Firefox/72.0"
151.106.183.52 - - [11/Apr/2025:08:16:09 +0200] "GET /mock3.jpg HTTP/1.1" 404 293 "-" "Mozilla/5.0 (X11; Ubuntu; Linux x86_64; rv:72.0) Gecko/20100101 Firefox/72.0"
151.106.183.52 - - [11/Apr/2025:08:16:09 +0200] "GET /mock3.jpg HTTP/1.1" 404 293 "-" "Mozilla/5.0 (X11; Ubuntu; Linux x86_64; rv:72.0) Gecko/20100101 Firefox/72.0"
151.106.177.184 - - [11/Apr/2025:08:16:19 +0200] "GET /cron.php?cron_type=tidy_cache&sid=7db236faac1354e8ef467683d948da78 HTTP/1.1" 404 290 "-" "Mozilla/5.0 (X11; Ubuntu; Linux x86_64; rv:72.0) Gecko/20100101 Firefox/72.0"
151.106.177.184 - - [11/Apr/2025:08:16:19 +0200] "GET /cron.php?cron_type=tidy_cache&sid=7db236faac1354e8ef467683d948da78 HTTP/1.1" 404 290 "-" "Mozilla/5.0 (X11; Ubuntu; Linux x86_64; rv:72.0) Gecko/20100101 Firefox/72.0"
151.106.177.184 - - [11/Apr/2025:08:16:20 +0200] "GET /cron.php?cron_type=tidy_cache&sid=7db236faac1354e8ef467683d948da78 HTTP/1.1" 404 290 "-" "Mozilla/5.0 (X11; Ubuntu; Linux x86_64; rv:72.0) Gecko/20100101 Firefox/72.0"
156.59.198.136 - - [11/Apr/2025:08:24:33 +0200] "GET /renault.activities.at/htdocs/export/pdf/emuc_document/12269015.pdf HTTP/1.0" 404 321 "-" "Mozilla/5.0 (Linux; Android 5.0) AppleWebKit/537.36 (KHTML, like Gecko) Mobile Safari/537.36 (compatible; Bytespider; spider-feedback@bytedance.com)"
156.59.198.136 - - [11/Apr/2025:08:24:42 +0200] "GET /renault.activities.at/htdocs/export/pdf/emuc_document/10959039.pdf HTTP/1.0" 404 322 "-" "Mozilla/5.0 (Linux; Android 5.0) AppleWebKit/537.36 (KHTML, like Gecko) Mobile Safari/537.36 (compatible; Bytespider; spider-feedback@bytedance.com)"
80.82.77.202 - - [11/Apr/2025:08:27:32 +0200] "\x16\x03\x02\x01o\x01" 400 383 "-" "-"
151.106.162.214 - - [11/Apr/2025:08:27:38 +0200] "GET /images/smilies/thumbs.gif HTTP/1.1" 404 303 "-" "Mozilla/5.0 (X11; Ubuntu; Linux x86_64; rv:72.0) Gecko/20100101 Firefox/72.0"
151.106.162.214 - - [11/Apr/2025:08:27:39 +0200] "GET /images/smilies/thumbs.gif HTTP/1.1" 404 303 "-" "Mozilla/5.0 (X11; Ubuntu; Linux x86_64; rv:72.0) Gecko/20100101 Firefox/72.0"
151.106.162.214 - - [11/Apr/2025:08:27:39 +0200] "GET /images/smilies/thumbs.gif HTTP/1.1" 404 303 "-" "Mozilla/5.0 (X11; Ubuntu; Linux x86_64; rv:72.0) Gecko/20100101 Firefox/72.0"
151.106.177.184 - - [11/Apr/2025:08:29:08 +0200] "GET /gallery/image.php?mode=thumbnail&album_id=1&image_id=111&sid=4aa4123490fd623f9ca4883a7ec78ea8 HTTP/1.1" 404 297 "-" "Mozilla/5.0 (X11; Ubuntu; Linux x86_64; rv:72.0) Gecko/20100101 Firefox/72.0"
151.106.177.184 - - [11/Apr/2025:08:29:09 +0200] "GET /gallery/image.php?mode=thumbnail&album_id=1&image_id=111&sid=4aa4123490fd623f9ca4883a7ec78ea8 HTTP/1.1" 404 297 "-" "Mozilla/5.0 (X11; Ubuntu; Linux x86_64; rv:72.0) Gecko/20100101 Firefox/72.0"
151.106.177.184 - - [11/Apr/2025:08:29:09 +0200] "GET /gallery/image.php?mode=thumbnail&album_id=1&image_id=111&sid=4aa4123490fd623f9ca4883a7ec78ea8 HTTP/1.1" 404 297 "-" "Mozilla/5.0 (X11; Ubuntu; Linux x86_64; rv:72.0) Gecko/20100101 Firefox/72.0"
154.81.156.54 - - [11/Apr/2025:08:32:27 +0200] "GET / HTTP/1.1" 200 274 "-" "Mozilla/5.0 (Windows NT 10.0; Win64; x64) AppleWebKit/537.36 (KHTML, like Gecko) Chrome/90.0.4430.85 Safari/537.36 Edg/90.0.818.46"
154.81.156.35 - - [11/Apr/2025:08:35:04 +0200] "GET / HTTP/1.1" 200 274 "-" "Mozilla/5.0 (Windows NT 10.0; Win64; x64) AppleWebKit/537.36 (KHTML, like Gecko) Chrome/90.0.4430.85 Safari/537.36 Edg/90.0.818.46"
45.79.120.183 - - [11/Apr/2025:08:45:11 +0200] "\x16\x03\x01" 400 383 "-" "-"
151.106.181.99 - - [11/Apr/2025:08:45:40 +0200] "GET /download/file.php?id=251&sid=7b7ab058d79a8bd192b7c6aa12dddc8a HTTP/1.1" 404 297 "-" "Mozilla/5.0 (X11; Ubuntu; Linux x86_64; rv:72.0) Gecko/20100101 Firefox/72.0"
151.106.181.99 - - [11/Apr/2025:08:45:40 +0200] "GET /download/file.php?id=251&sid=7b7ab058d79a8bd192b7c6aa12dddc8a HTTP/1.1" 404 297 "-" "Mozilla/5.0 (X11; Ubuntu; Linux x86_64; rv:72.0) Gecko/20100101 Firefox/72.0"
151.106.181.99 - - [11/Apr/2025:08:45:41 +0200] "GET /download/file.php?id=251&sid=7b7ab058d79a8bd192b7c6aa12dddc8a HTTP/1.1" 404 297 "-" "Mozilla/5.0 (X11; Ubuntu; Linux x86_64; rv:72.0) Gecko/20100101 Firefox/72.0"
156.59.198.135 - - [11/Apr/2025:08:48:27 +0200] "GET /renault.2web.at/htdocs/binaries/10489094.pdf HTTP/1.0" 404 308 "-" "Mozilla/5.0 (Linux; Android 5.0) AppleWebKit/537.36 (KHTML, like Gecko) Mobile Safari/537.36 (compatible; Bytespider; spider-feedback@bytedance.com)"
151.106.180.26 - - [11/Apr/2025:08:49:52 +0200] "GET /cron.php?cron_type=tidy_cache&sid=cabd87c1be92a4917fcf25b209d5f98a HTTP/1.1" 404 290 "-" "Mozilla/5.0 (X11; Ubuntu; Linux x86_64; rv:72.0) Gecko/20100101 Firefox/72.0"
151.106.180.26 - - [11/Apr/2025:08:49:52 +0200] "GET /cron.php?cron_type=tidy_cache&sid=cabd87c1be92a4917fcf25b209d5f98a HTTP/1.1" 404 290 "-" "Mozilla/5.0 (X11; Ubuntu; Linux x86_64; rv:72.0) Gecko/20100101 Firefox/72.0"
151.106.180.26 - - [11/Apr/2025:08:49:53 +0200] "GET /cron.php?cron_type=tidy_cache&sid=cabd87c1be92a4917fcf25b209d5f98a HTTP/1.1" 404 290 "-" "Mozilla/5.0 (X11; Ubuntu; Linux x86_64; rv:72.0) Gecko/20100101 Firefox/72.0"
154.81.156.54 - - [11/Apr/2025:08:50:19 +0200] "GET / HTTP/1.1" 200 274 "-" "Mozilla/5.0 (Windows NT 10.0; Win64; x64) AppleWebKit/537.36 (KHTML, like Gecko) Chrome/90.0.4430.85 Safari/537.36 Edg/90.0.818.46"
64.23.166.52 - - [11/Apr/2025:08:51:25 +0200] "GET / HTTP/1.1" 200 274 "-" "Mozilla/5.0 (compatible)"
64.23.166.52 - - [11/Apr/2025:08:51:25 +0200] "GET /activities.ico HTTP/1.1" 200 1406 "http://webmail.creativecube.at/" "Mozilla/5.0 (compatible)"
64.23.166.52 - - [11/Apr/2025:08:51:26 +0200] "GET /ads.txt HTTP/1.1" 404 289 "-" "Mozilla/5.0 (compatible)"
189.5.10.170 - - [11/Apr/2025:08:52:51 +0200] "GET /WebInterface/function/?command=getUserList&serverGroup=MainUsers&c2f=0373 HTTP/1.1" 404 293 "http://212.69.160.11/WebInterface/login.html" "Mozilla/5.0 (Macintosh; Intel Mac OS X 10_15_7) AppleWebKit/605.1.15 (KHTML, like Gecko) Version/17.3.1 Safari/605.7.24"
189.5.10.170 - - [11/Apr/2025:08:52:52 +0200] "GET /WebInterface/function/?command=getUserList&serverGroup=MainUsers&c2f=0373 HTTP/1.1" 404 293 "http://212.69.160.11/WebInterface/login.html" "Mozilla/5.0 (Macintosh; Intel Mac OS X 14.4) AppleWebKit/616.33 (KHTML, like Gecko) Version/17.6 Safari/616.33"
178.165.172.18 - - [11/Apr/2025:08:55:13 +0200] "GET /layout.php HTTP/1.1" 200 815 "-" "Mozilla/5.0 (Windows NT 10.0; Win64; x64) AppleWebKit/537.36 (KHTML, like Gecko) Chrome/135.0.0.0 Safari/537.36"
178.165.172.18 - - [11/Apr/2025:08:55:14 +0200] "GET /gui/javascript/form_form.js HTTP/1.1" 200 16206 "http://hausegger.activities.at/layout.php" "Mozilla/5.0 (Windows NT 10.0; Win64; x64) AppleWebKit/537.36 (KHTML, like Gecko) Chrome/135.0.0.0 Safari/537.36"
178.165.172.18 - - [11/Apr/2025:08:55:14 +0200] "GET /entry.php?id=10273 HTTP/1.1" 200 1903 "http://hausegger.activities.at/layout.php" "Mozilla/5.0 (Windows NT 10.0; Win64; x64) AppleWebKit/537.36 (KHTML, like Gecko) Chrome/135.0.0.0 Safari/537.36"
178.165.172.18 - - [11/Apr/2025:08:55:14 +0200] "GET /entry.php?id=10270 HTTP/1.1" 200 909 "http://hausegger.activities.at/layout.php" "Mozilla/5.0 (Windows NT 10.0; Win64; x64) AppleWebKit/537.36 (KHTML, like Gecko) Chrome/135.0.0.0 Safari/537.36"
178.165.172.18 - - [11/Apr/2025:08:55:14 +0200] "GET /entry.php?id=11412 HTTP/1.1" 200 1759 "http://hausegger.activities.at/layout.php" "Mozilla/5.0 (Windows NT 10.0; Win64; x64) AppleWebKit/537.36 (KHTML, like Gecko) Chrome/135.0.0.0 Safari/537.36"
178.165.172.18 - - [11/Apr/2025:08:55:14 +0200] "GET /entry.php?id=10272 HTTP/1.1" 200 1159 "http://hausegger.activities.at/layout.php" "Mozilla/5.0 (Windows NT 10.0; Win64; x64) AppleWebKit/537.36 (KHTML, like Gecko) Chrome/135.0.0.0 Safari/537.36"
178.165.172.18 - - [11/Apr/2025:08:55:15 +0200] "GET /gui/javascript/jquery/css/gui-themes/ui.spinner.css HTTP/1.1" 200 350 "http://hausegger.activities.at/entry.php?id=10273" "Mozilla/5.0 (Windows NT 10.0; Win64; x64) AppleWebKit/537.36 (KHTML, like Gecko) Chrome/135.0.0.0 Safari/537.36"
178.165.172.18 - - [11/Apr/2025:08:55:15 +0200] "GET /gui/javascript/jquery/css/gui-themes/jquery.tooltip.css HTTP/1.1" 200 246 "http://hausegger.activities.at/entry.php?id=10273" "Mozilla/5.0 (Windows NT 10.0; Win64; x64) AppleWebKit/537.36 (KHTML, like Gecko) Chrome/135.0.0.0 Safari/537.36"
178.165.172.18 - - [11/Apr/2025:08:55:15 +0200] "GET /gui/styles/tmplDefault.css HTTP/1.1" 200 2135 "http://hausegger.activities.at/entry.php?id=11412" "Mozilla/5.0 (Windows NT 10.0; Win64; x64) AppleWebKit/537.36 (KHTML, like Gecko) Chrome/135.0.0.0 Safari/537.36"
178.165.172.18 - - [11/Apr/2025:08:55:15 +0200] "GET /framework/webfx/style/toolbar/cb2.css HTTP/1.1" 200 793 "http://hausegger.activities.at/entry.php?id=10273" "Mozilla/5.0 (Windows NT 10.0; Win64; x64) AppleWebKit/537.36 (KHTML, like Gecko) Chrome/135.0.0.0 Safari/537.36"
178.165.172.18 - - [11/Apr/2025:08:55:15 +0200] "GET /gui/javascript/jquery/css/gui-themes/custom.min.css HTTP/1.1" 200 5618 "http://hausegger.activities.at/entry.php?id=10273" "Mozilla/5.0 (Windows NT 10.0; Win64; x64) AppleWebKit/537.36 (KHTML, like Gecko) Chrome/135.0.0.0 Safari/537.36"
178.165.172.18 - - [11/Apr/2025:08:55:15 +0200] "GET /gui/javascript/form_form.js?1744354514 HTTP/1.1" 200 16206 "http://hausegger.activities.at/entry.php?id=10273" "Mozilla/5.0 (Windows NT 10.0; Win64; x64) AppleWebKit/537.36 (KHTML, like Gecko) Chrome/135.0.0.0 Safari/537.36"
178.165.172.18 - - [11/Apr/2025:08:55:15 +0200] "GET /framework/webfx/javascript/toolbar/ieemu.js HTTP/1.1" 200 2366 "http://hausegger.activities.at/entry.php?id=10273" "Mozilla/5.0 (Windows NT 10.0; Win64; x64) AppleWebKit/537.36 (KHTML, like Gecko) Chrome/135.0.0.0 Safari/537.36"
178.165.172.18 - - [11/Apr/2025:08:55:15 +0200] "GET /framework/webfx/javascript/toolbar/cb2.js HTTP/1.1" 200 1686 "http://hausegger.activities.at/entry.php?id=10273" "Mozilla/5.0 (Windows NT 10.0; Win64; x64) AppleWebKit/537.36 (KHTML, like Gecko) Chrome/135.0.0.0 Safari/537.36"
178.165.172.18 - - [11/Apr/2025:08:55:15 +0200] "GET /gui/javascript/jquery/jquery-tooltip/jquery.tooltip.min.js HTTP/1.1" 200 1982 "http://hausegger.activities.at/entry.php?id=10273" "Mozilla/5.0 (Windows NT 10.0; Win64; x64) AppleWebKit/537.36 (KHTML, like Gecko) Chrome/135.0.0.0 Safari/537.36"
178.165.172.18 - - [11/Apr/2025:08:55:15 +0200] "GET /framework/webfx/javascript/statusbar/statusBar.js HTTP/1.1" 200 649 "http://hausegger.activities.at/entry.php?id=10272" "Mozilla/5.0 (Windows NT 10.0; Win64; x64) AppleWebKit/537.36 (KHTML, like Gecko) Chrome/135.0.0.0 Safari/537.36"
178.165.172.18 - - [11/Apr/2025:08:55:15 +0200] "GET /gui/javascript/jquery/js/jquery-1.8.2.js HTTP/1.1" 200 35391 "http://hausegger.activities.at/entry.php?id=10273" "Mozilla/5.0 (Windows NT 10.0; Win64; x64) AppleWebKit/537.36 (KHTML, like Gecko) Chrome/135.0.0.0 Safari/537.36"
178.165.172.18 - - [11/Apr/2025:08:55:15 +0200] "GET /gui/images/icons/cancel.gif HTTP/1.1" 200 125 "http://hausegger.activities.at/entry.php?id=11412" "Mozilla/5.0 (Windows NT 10.0; Win64; x64) AppleWebKit/537.36 (KHTML, like Gecko) Chrome/135.0.0.0 Safari/537.36"
178.165.172.18 - - [11/Apr/2025:08:55:15 +0200] "GET /gui/images/icons/Logo_activites_RGB.gif HTTP/1.1" 200 1336 "http://hausegger.activities.at/entry.php?id=10273" "Mozilla/5.0 (Windows NT 10.0; Win64; x64) AppleWebKit/537.36 (KHTML, like Gecko) Chrome/135.0.0.0 Safari/537.36"
178.165.172.18 - - [11/Apr/2025:08:55:15 +0200] "GET /gui/javascript/jquery/js/jquery-ui-1.9.0.custom.min.js HTTP/1.1" 200 51286 "http://hausegger.activities.at/entry.php?id=10273" "Mozilla/5.0 (Windows NT 10.0; Win64; x64) AppleWebKit/537.36 (KHTML, like Gecko) Chrome/135.0.0.0 Safari/537.36"
178.165.172.18 - - [11/Apr/2025:08:55:15 +0200] "GET /entry.php?id=10287 HTTP/1.1" 200 2419 "http://hausegger.activities.at/entry.php?id=11412" "Mozilla/5.0 (Windows NT 10.0; Win64; x64) AppleWebKit/537.36 (KHTML, like Gecko) Chrome/135.0.0.0 Safari/537.36"
178.165.172.18 - - [11/Apr/2025:08:55:15 +0200] "GET /entry.php?id=10271& HTTP/1.1" 200 934 "http://hausegger.activities.at/entry.php?id=10272" "Mozilla/5.0 (Windows NT 10.0; Win64; x64) AppleWebKit/537.36 (KHTML, like Gecko) Chrome/135.0.0.0 Safari/537.36"
178.165.172.18 - - [11/Apr/2025:08:55:15 +0200] "GET /gui/javascript/form_form.js?1744354515 HTTP/1.1" 200 16206 "http://hausegger.activities.at/entry.php?id=10287" "Mozilla/5.0 (Windows NT 10.0; Win64; x64) AppleWebKit/537.36 (KHTML, like Gecko) Chrome/135.0.0.0 Safari/537.36"
178.165.172.18 - - [11/Apr/2025:08:55:16 +0200] "GET /entry.php?id=10273& HTTP/1.1" 200 1902 "http://hausegger.activities.at/entry.php?id=10287" "Mozilla/5.0 (Windows NT 10.0; Win64; x64) AppleWebKit/537.36 (KHTML, like Gecko) Chrome/135.0.0.0 Safari/537.36"
178.165.172.18 - - [11/Apr/2025:08:55:16 +0200] "GET /entry.php?id=10270& HTTP/1.1" 200 909 "http://hausegger.activities.at/entry.php?id=10287" "Mozilla/5.0 (Windows NT 10.0; Win64; x64) AppleWebKit/537.36 (KHTML, like Gecko) Chrome/135.0.0.0 Safari/537.36"
178.165.172.18 - - [11/Apr/2025:08:55:16 +0200] "GET /gui/javascript/form_form.js?1744354516 HTTP/1.1" 200 16206 "http://hausegger.activities.at/entry.php?id=10270&" "Mozilla/5.0 (Windows NT 10.0; Win64; x64) AppleWebKit/537.36 (KHTML, like Gecko) Chrome/135.0.0.0 Safari/537.36"
178.165.172.18 - - [11/Apr/2025:08:55:19 +0200] "POST /entry.php?id=10287& HTTP/1.1" 200 1967 "http://hausegger.activities.at/entry.php?id=10287" "Mozilla/5.0 (Windows NT 10.0; Win64; x64) AppleWebKit/537.36 (KHTML, like Gecko) Chrome/135.0.0.0 Safari/537.36"
178.165.172.18 - - [11/Apr/2025:08:56:23 +0200] "GET /gui/javascript/form_form.js?1744354583 HTTP/1.1" 200 16206 "http://hausegger.activities.at/entry.php?id=10287&" "Mozilla/5.0 (Windows NT 10.0; Win64; x64) AppleWebKit/537.36 (KHTML, like Gecko) Chrome/135.0.0.0 Safari/537.36"
178.165.172.18 - - [11/Apr/2025:08:56:23 +0200] "GET /entry.php?id=10273& HTTP/1.1" 200 2012 "http://hausegger.activities.at/entry.php?id=10287&" "Mozilla/5.0 (Windows NT 10.0; Win64; x64) AppleWebKit/537.36 (KHTML, like Gecko) Chrome/135.0.0.0 Safari/537.36"
178.165.172.18 - - [11/Apr/2025:08:56:23 +0200] "GET /framework/webfx/style/toolbar/images/cbback.gif HTTP/1.1" 404 318 "http://hausegger.activities.at/framework/webfx/style/toolbar/cb2.css" "Mozilla/5.0 (Windows NT 10.0; Win64; x64) AppleWebKit/537.36 (KHTML, like Gecko) Chrome/135.0.0.0 Safari/537.36"
178.165.172.18 - - [11/Apr/2025:08:56:23 +0200] "GET /entry.php?id=10270&__app__=10006038 HTTP/1.1" 200 2230 "http://hausegger.activities.at/entry.php?id=10273&" "Mozilla/5.0 (Windows NT 10.0; Win64; x64) AppleWebKit/537.36 (KHTML, like Gecko) Chrome/135.0.0.0 Safari/537.36"
178.165.172.18 - - [11/Apr/2025:08:56:23 +0200] "GET /entry.php?id=10271& HTTP/1.1" 200 989 "http://hausegger.activities.at/entry.php?id=10271&" "Mozilla/5.0 (Windows NT 10.0; Win64; x64) AppleWebKit/537.36 (KHTML, like Gecko) Chrome/135.0.0.0 Safari/537.36"
178.165.172.18 - - [11/Apr/2025:08:56:24 +0200] "GET /framework/webfx/javascript/navigation/crossbrowser.js HTTP/1.1" 200 1842 "http://hausegger.activities.at/entry.php?id=10270&__app__=10006038" "Mozilla/5.0 (Windows NT 10.0; Win64; x64) AppleWebKit/537.36 (KHTML, like Gecko) Chrome/135.0.0.0 Safari/537.36"
178.165.172.18 - - [11/Apr/2025:08:56:24 +0200] "GET /gui/javascript/form_form.js?1744354584 HTTP/1.1" 200 16206 "http://hausegger.activities.at/entry.php?id=10270&__app__=10006038" "Mozilla/5.0 (Windows NT 10.0; Win64; x64) AppleWebKit/537.36 (KHTML, like Gecko) Chrome/135.0.0.0 Safari/537.36"
178.165.172.18 - - [11/Apr/2025:08:56:24 +0200] "GET /framework/webfx/javascript/navigation/outlook.js HTTP/1.1" 200 6351 "http://hausegger.activities.at/entry.php?id=10270&__app__=10006038" "Mozilla/5.0 (Windows NT 10.0; Win64; x64) AppleWebKit/537.36 (KHTML, like Gecko) Chrome/135.0.0.0 Safari/537.36"
178.165.172.18 - - [11/Apr/2025:08:56:24 +0200] "GET /gui/images/icons/pers_einstellungen.gif HTTP/1.1" 200 1461 "http://hausegger.activities.at/entry.php?id=10270&__app__=10006038" "Mozilla/5.0 (Windows NT 10.0; Win64; x64) AppleWebKit/537.36 (KHTML, like Gecko) Chrome/135.0.0.0 Safari/537.36"
178.165.172.18 - - [11/Apr/2025:08:56:24 +0200] "GET /framework/icons/navigation/arrowup.gif HTTP/1.1" 200 407 "http://hausegger.activities.at/entry.php?id=10270&__app__=10006038" "Mozilla/5.0 (Windows NT 10.0; Win64; x64) AppleWebKit/537.36 (KHTML, like Gecko) Chrome/135.0.0.0 Safari/537.36"
178.165.172.18 - - [11/Apr/2025:08:56:24 +0200] "GET /framework/icons/navigation/arrowdown.gif HTTP/1.1" 200 424 "http://hausegger.activities.at/entry.php?id=10270&__app__=10006038" "Mozilla/5.0 (Windows NT 10.0; Win64; x64) AppleWebKit/537.36 (KHTML, like Gecko) Chrome/135.0.0.0 Safari/537.36"
178.165.172.18 - - [11/Apr/2025:08:56:24 +0200] "GET /undefined HTTP/1.1" 404 289 "http://hausegger.activities.at/entry.php?id=10270&__app__=10006038" "Mozilla/5.0 (Windows NT 10.0; Win64; x64) AppleWebKit/537.36 (KHTML, like Gecko) Chrome/135.0.0.0 Safari/537.36"
178.165.172.18 - - [11/Apr/2025:08:56:24 +0200] "GET /gui/images/icons/default_item.gif HTTP/1.1" 200 1091 "http://hausegger.activities.at/entry.php?id=10270&__app__=10006038" "Mozilla/5.0 (Windows NT 10.0; Win64; x64) AppleWebKit/537.36 (KHTML, like Gecko) Chrome/135.0.0.0 Safari/537.36"
178.165.172.18 - - [11/Apr/2025:08:56:24 +0200] "GET /gui/images/icons/i_resourcenverwaltung.gif HTTP/1.1" 200 2102 "http://hausegger.activities.at/entry.php?id=10270&__app__=10006038" "Mozilla/5.0 (Windows NT 10.0; Win64; x64) AppleWebKit/537.36 (KHTML, like Gecko) Chrome/135.0.0.0 Safari/537.36"
178.165.172.18 - - [11/Apr/2025:08:56:24 +0200] "GET /gui/images/icons/lagerstandorte.gif HTTP/1.1" 200 2079 "http://hausegger.activities.at/entry.php?id=10270&__app__=10006038" "Mozilla/5.0 (Windows NT 10.0; Win64; x64) AppleWebKit/537.36 (KHTML, like Gecko) Chrome/135.0.0.0 Safari/537.36"
178.165.172.18 - - [11/Apr/2025:08:56:24 +0200] "GET /gui/images/icons/lager.gif HTTP/1.1" 200 1503 "http://hausegger.activities.at/entry.php?id=10270&__app__=10006038" "Mozilla/5.0 (Windows NT 10.0; Win64; x64) AppleWebKit/537.36 (KHTML, like Gecko) Chrome/135.0.0.0 Safari/537.36"
178.165.172.18 - - [11/Apr/2025:08:56:24 +0200] "GET /gui/images/icons/i_lagertransaktion.gif HTTP/1.1" 200 2008 "http://hausegger.activities.at/entry.php?id=10270&__app__=10006038" "Mozilla/5.0 (Windows NT 10.0; Win64; x64) AppleWebKit/537.36 (KHTML, like Gecko) Chrome/135.0.0.0 Safari/537.36"
178.165.172.18 - - [11/Apr/2025:08:56:24 +0200] "GET /gui/images/icons/grundlagen.gif HTTP/1.1" 200 563 "http://hausegger.activities.at/entry.php?id=10270&__app__=10006038" "Mozilla/5.0 (Windows NT 10.0; Win64; x64) AppleWebKit/537.36 (KHTML, like Gecko) Chrome/135.0.0.0 Safari/537.36"
178.165.172.18 - - [11/Apr/2025:08:56:24 +0200] "GET /gui/images/icons/rechnungswesen_einstellungen.gif HTTP/1.1" 200 2068 "http://hausegger.activities.at/entry.php?id=10270&__app__=10006038" "Mozilla/5.0 (Windows NT 10.0; Win64; x64) AppleWebKit/537.36 (KHTML, like Gecko) Chrome/135.0.0.0 Safari/537.36"
178.165.172.18 - - [11/Apr/2025:08:56:24 +0200] "GET /gui/images/icons/i_artikelgruppen.gif HTTP/1.1" 200 1538 "http://hausegger.activities.at/entry.php?id=10270&__app__=10006038" "Mozilla/5.0 (Windows NT 10.0; Win64; x64) AppleWebKit/537.36 (KHTML, like Gecko) Chrome/135.0.0.0 Safari/537.36"
178.165.172.18 - - [11/Apr/2025:08:56:24 +0200] "GET /gui/images/icons/i_artikel.gif HTTP/1.1" 200 1765 "http://hausegger.activities.at/entry.php?id=10270&__app__=10006038" "Mozilla/5.0 (Windows NT 10.0; Win64; x64) AppleWebKit/537.36 (KHTML, like Gecko) Chrome/135.0.0.0 Safari/537.36"
178.165.172.18 - - [11/Apr/2025:08:56:24 +0200] "GET /gui/images/icons/i_einzelbestellung.gif HTTP/1.1" 200 1756 "http://hausegger.activities.at/entry.php?id=10270&__app__=10006038" "Mozilla/5.0 (Windows NT 10.0; Win64; x64) AppleWebKit/537.36 (KHTML, like Gecko) Chrome/135.0.0.0 Safari/537.36"
178.165.172.18 - - [11/Apr/2025:08:56:24 +0200] "GET /gui/images/icons/person.png HTTP/1.1" 200 25192 "http://hausegger.activities.at/entry.php?id=10270&__app__=10006038" "Mozilla/5.0 (Windows NT 10.0; Win64; x64) AppleWebKit/537.36 (KHTML, like Gecko) Chrome/135.0.0.0 Safari/537.36"
178.165.172.18 - - [11/Apr/2025:08:56:24 +0200] "GET /gui/images/icons/i_aktionen.gif HTTP/1.1" 200 1920 "http://hausegger.activities.at/entry.php?id=10270&__app__=10006038" "Mozilla/5.0 (Windows NT 10.0; Win64; x64) AppleWebKit/537.36 (KHTML, like Gecko) Chrome/135.0.0.0 Safari/537.36"
178.165.172.18 - - [11/Apr/2025:08:56:24 +0200] "GET /gui/images/icons/i_aktionstypen.gif HTTP/1.1" 200 1983 "http://hausegger.activities.at/entry.php?id=10270&__app__=10006038" "Mozilla/5.0 (Windows NT 10.0; Win64; x64) AppleWebKit/537.36 (KHTML, like Gecko) Chrome/135.0.0.0 Safari/537.36"
178.165.172.18 - - [11/Apr/2025:08:56:24 +0200] "GET /gui/images/icons/verwaltung_automarken.gif HTTP/1.1" 200 2163 "http://hausegger.activities.at/entry.php?id=10270&__app__=10006038" "Mozilla/5.0 (Windows NT 10.0; Win64; x64) AppleWebKit/537.36 (KHTML, like Gecko) Chrome/135.0.0.0 Safari/537.36"
178.165.172.18 - - [11/Apr/2025:08:56:24 +0200] "GET /gui/images/icons/menumanagement.gif HTTP/1.1" 200 204 "http://hausegger.activities.at/entry.php?id=10270&__app__=10006038" "Mozilla/5.0 (Windows NT 10.0; Win64; x64) AppleWebKit/537.36 (KHTML, like Gecko) Chrome/135.0.0.0 Safari/537.36"
178.165.172.18 - - [11/Apr/2025:08:56:24 +0200] "GET /gui/images/icons/artikelbearbeitung_verfassung.gif HTTP/1.1" 200 1719 "http://hausegger.activities.at/entry.php?id=10270&__app__=10006038" "Mozilla/5.0 (Windows NT 10.0; Win64; x64) AppleWebKit/537.36 (KHTML, like Gecko) Chrome/135.0.0.0 Safari/537.36"
178.165.172.18 - - [11/Apr/2025:08:57:24 +0200] "GET /entry.php?id=10271&&ser=354583 HTTP/1.1" 200 987 "http://hausegger.activities.at/entry.php?id=10271&" "Mozilla/5.0 (Windows NT 10.0; Win64; x64) AppleWebKit/537.36 (KHTML, like Gecko) Chrome/135.0.0.0 Safari/537.36"
178.165.172.18 - - [11/Apr/2025:08:57:24 +0200] "GET /gui/javascript/form_form.js?1744354644 HTTP/1.1" 200 16206 "http://hausegger.activities.at/entry.php?id=10271&&ser=354583" "Mozilla/5.0 (Windows NT 10.0; Win64; x64) AppleWebKit/537.36 (KHTML, like Gecko) Chrome/135.0.0.0 Safari/537.36"
178.165.172.18 - - [11/Apr/2025:08:58:25 +0200] "GET /entry.php?id=10271&&ser=354644 HTTP/1.1" 200 987 "http://hausegger.activities.at/entry.php?id=10271&&ser=354583" "Mozilla/5.0 (Windows NT 10.0; Win64; x64) AppleWebKit/537.36 (KHTML, like Gecko) Chrome/135.0.0.0 Safari/537.36"
178.165.172.18 - - [11/Apr/2025:08:58:25 +0200] "GET /gui/javascript/form_form.js?1744354705 HTTP/1.1" 200 16206 "http://hausegger.activities.at/entry.php?id=10271&&ser=354644" "Mozilla/5.0 (Windows NT 10.0; Win64; x64) AppleWebKit/537.36 (KHTML, like Gecko) Chrome/135.0.0.0 Safari/537.36"
47.246.164.135 - - [11/Apr/2025:08:58:41 +0200] "GET http://triadian.castlegem.co.uk/styles/Factions/theme/print.css HTTP/1.1" 404 306 "http://triadian.castlegem.co.uk/viewtopic.php?f=8&t=465&p=3389&sid=54df32ee0ee0f7bf8a54e23511949d55" "Mozilla/5.0 (Macintosh; Intel Mac OS X 10_13_5) AppleWebKit/537.36 (KHTML, like Gecko) Chrome/69.0.3497.100 Safari/537.36"
47.246.164.155 - - [11/Apr/2025:08:58:41 +0200] "GET http://triadian.castlegem.co.uk/styles/Factions/theme/normal.css HTTP/1.1" 404 306 "http://triadian.castlegem.co.uk/viewtopic.php?f=8&t=465&p=3389&sid=54df32ee0ee0f7bf8a54e23511949d55" "Mozilla/5.0 (Macintosh; Intel Mac OS X 10_13_5) AppleWebKit/537.36 (KHTML, like Gecko) Chrome/69.0.3497.100 Safari/537.36"
47.246.164.149 - - [11/Apr/2025:08:58:41 +0200] "GET http://triadian.castlegem.co.uk/styles/Factions/theme/medium.css HTTP/1.1" 404 306 "http://triadian.castlegem.co.uk/viewtopic.php?f=8&t=465&p=3389&sid=54df32ee0ee0f7bf8a54e23511949d55" "Mozilla/5.0 (Macintosh; Intel Mac OS X 10_13_5) AppleWebKit/537.36 (KHTML, like Gecko) Chrome/69.0.3497.100 Safari/537.36"
47.246.164.142 - - [11/Apr/2025:08:58:41 +0200] "GET http://triadian.castlegem.co.uk/styles/Factions/theme/large.css HTTP/1.1" 404 306 "http://triadian.castlegem.co.uk/viewtopic.php?f=8&t=465&p=3389&sid=54df32ee0ee0f7bf8a54e23511949d55" "Mozilla/5.0 (Macintosh; Intel Mac OS X 10_13_5) AppleWebKit/537.36 (KHTML, like Gecko) Chrome/69.0.3497.100 Safari/537.36"
47.246.164.143 - - [11/Apr/2025:08:58:41 +0200] "GET http://triadian.castlegem.co.uk/style.php?id=2&lang=en&sid=cd5bbca9dd148945f16552c3215f29cb HTTP/1.1" 404 291 "http://triadian.castlegem.co.uk/viewtopic.php?f=8&t=465&p=3389&sid=54df32ee0ee0f7bf8a54e23511949d55" "Mozilla/5.0 (Macintosh; Intel Mac OS X 10_13_5) AppleWebKit/537.36 (KHTML, like Gecko) Chrome/69.0.3497.100 Safari/537.36"
178.165.172.18 - - [11/Apr/2025:08:59:26 +0200] "GET /entry.php?id=10271&&ser=354705 HTTP/1.1" 200 987 "http://hausegger.activities.at/entry.php?id=10271&&ser=354644" "Mozilla/5.0 (Windows NT 10.0; Win64; x64) AppleWebKit/537.36 (KHTML, like Gecko) Chrome/135.0.0.0 Safari/537.36"
178.165.172.18 - - [11/Apr/2025:08:59:26 +0200] "GET /gui/javascript/form_form.js?1744354766 HTTP/1.1" 200 16206 "http://hausegger.activities.at/entry.php?id=10271&&ser=354705" "Mozilla/5.0 (Windows NT 10.0; Win64; x64) AppleWebKit/537.36 (KHTML, like Gecko) Chrome/135.0.0.0 Safari/537.36"
178.165.172.18 - - [11/Apr/2025:09:00:27 +0200] "GET /entry.php?id=10271&&ser=354766 HTTP/1.1" 200 986 "http://hausegger.activities.at/entry.php?id=10271&&ser=354705" "Mozilla/5.0 (Windows NT 10.0; Win64; x64) AppleWebKit/537.36 (KHTML, like Gecko) Chrome/135.0.0.0 Safari/537.36"
178.165.172.18 - - [11/Apr/2025:09:00:27 +0200] "GET /gui/javascript/form_form.js?1744354827 HTTP/1.1" 200 16206 "http://hausegger.activities.at/entry.php?id=10271&&ser=354766" "Mozilla/5.0 (Windows NT 10.0; Win64; x64) AppleWebKit/537.36 (KHTML, like Gecko) Chrome/135.0.0.0 Safari/537.36"
176.120.218.133 - - [11/Apr/2025:09:00:49 +0200] "GET / HTTP/1.1" 200 423 "-" "Mozilla/5.0 (Windows NT 10.0; WOW64) AppleWebKit/537.36 (KHTML, like Gecko) Chrome/52.0.2743.116 Safari/537.36"
178.165.172.18 - - [11/Apr/2025:09:01:28 +0200] "GET /entry.php?id=10271&&ser=354827 HTTP/1.1" 200 986 "http://hausegger.activities.at/entry.php?id=10271&&ser=354766" "Mozilla/5.0 (Windows NT 10.0; Win64; x64) AppleWebKit/537.36 (KHTML, like Gecko) Chrome/135.0.0.0 Safari/537.36"
178.165.172.18 - - [11/Apr/2025:09:01:28 +0200] "GET /gui/javascript/form_form.js?1744354888 HTTP/1.1" 200 16206 "http://hausegger.activities.at/entry.php?id=10271&&ser=354827" "Mozilla/5.0 (Windows NT 10.0; Win64; x64) AppleWebKit/537.36 (KHTML, like Gecko) Chrome/135.0.0.0 Safari/537.36"
47.128.51.105 - - [11/Apr/2025:09:02:02 +0200] "GET /robots.txt HTTP/1.1" 404 284 "-" "Mozilla/5.0 (Linux; Android 5.0) AppleWebKit/537.36 (KHTML, like Gecko) Mobile Safari/537.36 (compatible; Bytespider; spider-feedback@bytedance.com)"
47.128.118.49 - - [11/Apr/2025:09:02:14 +0200] "GET /robots.txt HTTP/1.1" 404 284 "-" "Mozilla/5.0 (Linux; Android 5.0) AppleWebKit/537.36 (KHTML, like Gecko) Mobile Safari/537.36 (compatible; Bytespider; spider-feedback@bytedance.com)"
178.165.172.18 - - [11/Apr/2025:09:02:29 +0200] "GET /entry.php?id=10271&&ser=354888 HTTP/1.1" 200 987 "http://hausegger.activities.at/entry.php?id=10271&&ser=354827" "Mozilla/5.0 (Windows NT 10.0; Win64; x64) AppleWebKit/537.36 (KHTML, like Gecko) Chrome/135.0.0.0 Safari/537.36"
178.165.172.18 - - [11/Apr/2025:09:02:29 +0200] "GET /gui/javascript/form_form.js?1744354949 HTTP/1.1" 200 16206 "http://hausegger.activities.at/entry.php?id=10271&&ser=354888" "Mozilla/5.0 (Windows NT 10.0; Win64; x64) AppleWebKit/537.36 (KHTML, like Gecko) Chrome/135.0.0.0 Safari/537.36"
47.128.116.210 - - [11/Apr/2025:09:02:32 +0200] "GET /robots.txt HTTP/1.1" 404 284 "-" "Mozilla/5.0 (Linux; Android 5.0) AppleWebKit/537.36 (KHTML, like Gecko) Mobile Safari/537.36 (compatible; Bytespider; spider-feedback@bytedance.com)"
47.128.18.129 - - [11/Apr/2025:09:02:42 +0200] "GET /robots.txt HTTP/1.1" 404 284 "-" "Mozilla/5.0 (Linux; Android 5.0) AppleWebKit/537.36 (KHTML, like Gecko) Mobile Safari/537.36 (compatible; Bytespider; spider-feedback@bytedance.com)"
151.106.162.214 - - [11/Apr/2025:09:03:11 +0200] "GET /cron.php?cron_type=tidy_sessions&sid=1fba09bb8af4d8a995cf220c80ac1676 HTTP/1.1" 404 290 "-" "Mozilla/5.0 (X11; Ubuntu; Linux x86_64; rv:72.0) Gecko/20100101 Firefox/72.0"
151.106.162.214 - - [11/Apr/2025:09:03:11 +0200] "GET /cron.php?cron_type=tidy_sessions&sid=1fba09bb8af4d8a995cf220c80ac1676 HTTP/1.1" 404 290 "-" "Mozilla/5.0 (X11; Ubuntu; Linux x86_64; rv:72.0) Gecko/20100101 Firefox/72.0"
151.106.162.214 - - [11/Apr/2025:09:03:12 +0200] "GET /cron.php?cron_type=tidy_sessions&sid=1fba09bb8af4d8a995cf220c80ac1676 HTTP/1.1" 404 290 "-" "Mozilla/5.0 (X11; Ubuntu; Linux x86_64; rv:72.0) Gecko/20100101 Firefox/72.0"
178.165.172.18 - - [11/Apr/2025:09:03:30 +0200] "GET /entry.php?id=10271&&ser=354949 HTTP/1.1" 200 987 "http://hausegger.activities.at/entry.php?id=10271&&ser=354888" "Mozilla/5.0 (Windows NT 10.0; Win64; x64) AppleWebKit/537.36 (KHTML, like Gecko) Chrome/135.0.0.0 Safari/537.36"
178.165.172.18 - - [11/Apr/2025:09:03:30 +0200] "GET /gui/javascript/form_form.js?1744355010 HTTP/1.1" 200 16206 "http://hausegger.activities.at/entry.php?id=10271&&ser=354949" "Mozilla/5.0 (Windows NT 10.0; Win64; x64) AppleWebKit/537.36 (KHTML, like Gecko) Chrome/135.0.0.0 Safari/537.36"
178.165.172.18 - - [11/Apr/2025:09:04:31 +0200] "GET /entry.php?id=10271&&ser=355010 HTTP/1.1" 200 987 "http://hausegger.activities.at/entry.php?id=10271&&ser=354949" "Mozilla/5.0 (Windows NT 10.0; Win64; x64) AppleWebKit/537.36 (KHTML, like Gecko) Chrome/135.0.0.0 Safari/537.36"
178.165.172.18 - - [11/Apr/2025:09:04:31 +0200] "GET /gui/javascript/form_form.js?1744355071 HTTP/1.1" 200 16206 "http://hausegger.activities.at/entry.php?id=10271&&ser=355010" "Mozilla/5.0 (Windows NT 10.0; Win64; x64) AppleWebKit/537.36 (KHTML, like Gecko) Chrome/135.0.0.0 Safari/537.36"
178.165.172.18 - - [11/Apr/2025:09:05:32 +0200] "GET /entry.php?id=10271&&ser=355071 HTTP/1.1" 200 987 "http://hausegger.activities.at/entry.php?id=10271&&ser=355010" "Mozilla/5.0 (Windows NT 10.0; Win64; x64) AppleWebKit/537.36 (KHTML, like Gecko) Chrome/135.0.0.0 Safari/537.36"
178.165.172.18 - - [11/Apr/2025:09:05:32 +0200] "GET /gui/javascript/form_form.js?1744355132 HTTP/1.1" 200 16206 "http://hausegger.activities.at/entry.php?id=10271&&ser=355071" "Mozilla/5.0 (Windows NT 10.0; Win64; x64) AppleWebKit/537.36 (KHTML, like Gecko) Chrome/135.0.0.0 Safari/537.36"
156.59.198.136 - - [11/Apr/2025:09:06:16 +0200] "GET /renault.activities.at/htdocs/export/pdf/emuc_document/12251503.pdf HTTP/1.0" 404 322 "-" "Mozilla/5.0 (Linux; Android 5.0) AppleWebKit/537.36 (KHTML, like Gecko) Mobile Safari/537.36 (compatible; Bytespider; spider-feedback@bytedance.com)"
178.165.172.18 - - [11/Apr/2025:09:06:33 +0200] "GET /entry.php?id=10271&&ser=355132 HTTP/1.1" 200 987 "http://hausegger.activities.at/entry.php?id=10271&&ser=355071" "Mozilla/5.0 (Windows NT 10.0; Win64; x64) AppleWebKit/537.36 (KHTML, like Gecko) Chrome/135.0.0.0 Safari/537.36"
178.165.172.18 - - [11/Apr/2025:09:06:33 +0200] "GET /gui/javascript/form_form.js?1744355193 HTTP/1.1" 200 16206 "http://hausegger.activities.at/entry.php?id=10271&&ser=355132" "Mozilla/5.0 (Windows NT 10.0; Win64; x64) AppleWebKit/537.36 (KHTML, like Gecko) Chrome/135.0.0.0 Safari/537.36"
154.81.156.54 - - [11/Apr/2025:09:06:39 +0200] "GET / HTTP/1.1" 200 274 "-" "Mozilla/5.0 (Windows NT 10.0; Win64; x64) AppleWebKit/537.36 (KHTML, like Gecko) Chrome/90.0.4430.85 Safari/537.36 Edg/90.0.818.46"
147.185.132.37 - - [11/Apr/2025:09:06:43 +0200] "GET / HTTP/1.1" 200 274 "-" "Expanse, a Palo Alto Networks company, searches across the global IPv4 space multiple times per day to identify customers' presences on the Internet. If you would like to be excluded from our scans, please send IP addresses/domains to: scaninfo@paloaltonetworks.com"
178.165.172.18 - - [11/Apr/2025:09:07:34 +0200] "GET /entry.php?id=10271&&ser=355193 HTTP/1.1" 200 987 "http://hausegger.activities.at/entry.php?id=10271&&ser=355132" "Mozilla/5.0 (Windows NT 10.0; Win64; x64) AppleWebKit/537.36 (KHTML, like Gecko) Chrome/135.0.0.0 Safari/537.36"
178.165.172.18 - - [11/Apr/2025:09:07:34 +0200] "GET /gui/javascript/form_form.js?1744355254 HTTP/1.1" 200 16206 "http://hausegger.activities.at/entry.php?id=10271&&ser=355193" "Mozilla/5.0 (Windows NT 10.0; Win64; x64) AppleWebKit/537.36 (KHTML, like Gecko) Chrome/135.0.0.0 Safari/537.36"
178.165.172.18 - - [11/Apr/2025:09:08:35 +0200] "GET /entry.php?id=10271&&ser=355254 HTTP/1.1" 200 987 "http://hausegger.activities.at/entry.php?id=10271&&ser=355193" "Mozilla/5.0 (Windows NT 10.0; Win64; x64) AppleWebKit/537.36 (KHTML, like Gecko) Chrome/135.0.0.0 Safari/537.36"
178.165.172.18 - - [11/Apr/2025:09:08:35 +0200] "GET /gui/javascript/form_form.js?1744355315 HTTP/1.1" 200 16206 "http://hausegger.activities.at/entry.php?id=10271&&ser=355254" "Mozilla/5.0 (Windows NT 10.0; Win64; x64) AppleWebKit/537.36 (KHTML, like Gecko) Chrome/135.0.0.0 Safari/537.36"
178.165.172.18 - - [11/Apr/2025:09:09:36 +0200] "GET /entry.php?id=10271&&ser=355315 HTTP/1.1" 200 987 "http://hausegger.activities.at/entry.php?id=10271&&ser=355254" "Mozilla/5.0 (Windows NT 10.0; Win64; x64) AppleWebKit/537.36 (KHTML, like Gecko) Chrome/135.0.0.0 Safari/537.36"
178.165.172.18 - - [11/Apr/2025:09:09:36 +0200] "GET /gui/javascript/form_form.js?1744355376 HTTP/1.1" 200 16206 "http://hausegger.activities.at/entry.php?id=10271&&ser=355315" "Mozilla/5.0 (Windows NT 10.0; Win64; x64) AppleWebKit/537.36 (KHTML, like Gecko) Chrome/135.0.0.0 Safari/537.36"
156.59.198.135 - - [11/Apr/2025:09:10:11 +0200] "GET /renault.activities.at/htdocs/export/pdf/emuc_document/10744952.pdf HTTP/1.0" 404 322 "-" "Mozilla/5.0 (Linux; Android 5.0) AppleWebKit/537.36 (KHTML, like Gecko) Mobile Safari/537.36 (compatible; Bytespider; spider-feedback@bytedance.com)"
178.165.172.18 - - [11/Apr/2025:09:10:38 +0200] "GET /entry.php?id=10271&&ser=355376 HTTP/1.1" 200 987 "http://hausegger.activities.at/entry.php?id=10271&&ser=355315" "Mozilla/5.0 (Windows NT 10.0; Win64; x64) AppleWebKit/537.36 (KHTML, like Gecko) Chrome/135.0.0.0 Safari/537.36"
178.165.172.18 - - [11/Apr/2025:09:10:38 +0200] "GET /gui/javascript/form_form.js?1744355438 HTTP/1.1" 200 16206 "http://hausegger.activities.at/entry.php?id=10271&&ser=355376" "Mozilla/5.0 (Windows NT 10.0; Win64; x64) AppleWebKit/537.36 (KHTML, like Gecko) Chrome/135.0.0.0 Safari/537.36"
151.106.163.240 - - [11/Apr/2025:09:10:50 +0200] "GET /styles/Factions/imageset/icon_post_target.gif HTTP/1.1" 404 315 "-" "Mozilla/5.0 (X11; Ubuntu; Linux x86_64; rv:72.0) Gecko/20100101 Firefox/72.0"
151.106.163.240 - - [11/Apr/2025:09:10:50 +0200] "GET /styles/Factions/imageset/icon_post_target.gif HTTP/1.1" 404 315 "-" "Mozilla/5.0 (X11; Ubuntu; Linux x86_64; rv:72.0) Gecko/20100101 Firefox/72.0"
151.106.163.240 - - [11/Apr/2025:09:10:50 +0200] "GET /styles/Factions/imageset/icon_post_target.gif HTTP/1.1" 404 315 "-" "Mozilla/5.0 (X11; Ubuntu; Linux x86_64; rv:72.0) Gecko/20100101 Firefox/72.0"
178.165.172.18 - - [11/Apr/2025:09:11:40 +0200] "GET /entry.php?id=10271&&ser=355438 HTTP/1.1" 200 986 "http://hausegger.activities.at/entry.php?id=10271&&ser=355376" "Mozilla/5.0 (Windows NT 10.0; Win64; x64) AppleWebKit/537.36 (KHTML, like Gecko) Chrome/135.0.0.0 Safari/537.36"
178.165.172.18 - - [11/Apr/2025:09:11:40 +0200] "GET /gui/javascript/form_form.js?1744355500 HTTP/1.1" 200 16206 "http://hausegger.activities.at/entry.php?id=10271&&ser=355438" "Mozilla/5.0 (Windows NT 10.0; Win64; x64) AppleWebKit/537.36 (KHTML, like Gecko) Chrome/135.0.0.0 Safari/537.36"
178.165.172.18 - - [11/Apr/2025:09:12:41 +0200] "GET /entry.php?id=10271&&ser=355500 HTTP/1.1" 200 987 "http://hausegger.activities.at/entry.php?id=10271&&ser=355438" "Mozilla/5.0 (Windows NT 10.0; Win64; x64) AppleWebKit/537.36 (KHTML, like Gecko) Chrome/135.0.0.0 Safari/537.36"
178.165.172.18 - - [11/Apr/2025:09:12:41 +0200] "GET /gui/javascript/form_form.js?1744355561 HTTP/1.1" 200 16206 "http://hausegger.activities.at/entry.php?id=10271&&ser=355500" "Mozilla/5.0 (Windows NT 10.0; Win64; x64) AppleWebKit/537.36 (KHTML, like Gecko) Chrome/135.0.0.0 Safari/537.36"
178.165.172.18 - - [11/Apr/2025:09:13:42 +0200] "GET /entry.php?id=10271&&ser=355561 HTTP/1.1" 200 987 "http://hausegger.activities.at/entry.php?id=10271&&ser=355500" "Mozilla/5.0 (Windows NT 10.0; Win64; x64) AppleWebKit/537.36 (KHTML, like Gecko) Chrome/135.0.0.0 Safari/537.36"
178.165.172.18 - - [11/Apr/2025:09:13:43 +0200] "GET /gui/javascript/form_form.js?1744355622 HTTP/1.1" 200 16206 "http://hausegger.activities.at/entry.php?id=10271&&ser=355561" "Mozilla/5.0 (Windows NT 10.0; Win64; x64) AppleWebKit/537.36 (KHTML, like Gecko) Chrome/135.0.0.0 Safari/537.36"
178.165.172.18 - - [11/Apr/2025:09:14:04 +0200] "-" 408 - "-" "-"
178.165.172.18 - - [11/Apr/2025:09:14:43 +0200] "GET /entry.php?id=10271&&ser=355622 HTTP/1.1" 200 987 "http://hausegger.activities.at/entry.php?id=10271&&ser=355561" "Mozilla/5.0 (Windows NT 10.0; Win64; x64) AppleWebKit/537.36 (KHTML, like Gecko) Chrome/135.0.0.0 Safari/537.36"
178.165.172.18 - - [11/Apr/2025:09:14:43 +0200] "GET /gui/javascript/form_form.js?1744355683 HTTP/1.1" 200 16206 "http://hausegger.activities.at/entry.php?id=10271&&ser=355622" "Mozilla/5.0 (Windows NT 10.0; Win64; x64) AppleWebKit/537.36 (KHTML, like Gecko) Chrome/135.0.0.0 Safari/537.36"
156.59.198.135 - - [11/Apr/2025:09:14:47 +0200] "GET /renault.activities.at/htdocs/export/pdf/emuc_document/11907427.pdf HTTP/1.0" 404 322 "-" "Mozilla/5.0 (Linux; Android 5.0) AppleWebKit/537.36 (KHTML, like Gecko) Mobile Safari/537.36 (compatible; Bytespider; spider-feedback@bytedance.com)"
178.165.172.18 - - [11/Apr/2025:09:15:44 +0200] "GET /entry.php?id=10271&&ser=355683 HTTP/1.1" 200 986 "http://hausegger.activities.at/entry.php?id=10271&&ser=355622" "Mozilla/5.0 (Windows NT 10.0; Win64; x64) AppleWebKit/537.36 (KHTML, like Gecko) Chrome/135.0.0.0 Safari/537.36"
178.165.172.18 - - [11/Apr/2025:09:15:44 +0200] "GET /gui/javascript/form_form.js?1744355744 HTTP/1.1" 200 16206 "http://hausegger.activities.at/entry.php?id=10271&&ser=355683" "Mozilla/5.0 (Windows NT 10.0; Win64; x64) AppleWebKit/537.36 (KHTML, like Gecko) Chrome/135.0.0.0 Safari/537.36"
156.59.198.135 - - [11/Apr/2025:09:15:53 +0200] "GET /renault.activities.at/htdocs/export/pdf/emuc_document/10319844.pdf HTTP/1.0" 404 322 "-" "Mozilla/5.0 (Linux; Android 5.0) AppleWebKit/537.36 (KHTML, like Gecko) Mobile Safari/537.36 (compatible; Bytespider; spider-feedback@bytedance.com)"
178.165.172.18 - - [11/Apr/2025:09:16:45 +0200] "GET /entry.php?id=10271&&ser=355744 HTTP/1.1" 200 987 "http://hausegger.activities.at/entry.php?id=10271&&ser=355683" "Mozilla/5.0 (Windows NT 10.0; Win64; x64) AppleWebKit/537.36 (KHTML, like Gecko) Chrome/135.0.0.0 Safari/537.36"
178.165.172.18 - - [11/Apr/2025:09:16:45 +0200] "GET /gui/javascript/form_form.js?1744355805 HTTP/1.1" 200 16206 "http://hausegger.activities.at/entry.php?id=10271&&ser=355744" "Mozilla/5.0 (Windows NT 10.0; Win64; x64) AppleWebKit/537.36 (KHTML, like Gecko) Chrome/135.0.0.0 Safari/537.36"
178.165.172.18 - - [11/Apr/2025:09:17:46 +0200] "GET /entry.php?id=10271&&ser=355805 HTTP/1.1" 200 987 "http://hausegger.activities.at/entry.php?id=10271&&ser=355744" "Mozilla/5.0 (Windows NT 10.0; Win64; x64) AppleWebKit/537.36 (KHTML, like Gecko) Chrome/135.0.0.0 Safari/537.36"
178.165.172.18 - - [11/Apr/2025:09:17:46 +0200] "GET /gui/javascript/form_form.js?1744355866 HTTP/1.1" 200 16206 "http://hausegger.activities.at/entry.php?id=10271&&ser=355805" "Mozilla/5.0 (Windows NT 10.0; Win64; x64) AppleWebKit/537.36 (KHTML, like Gecko) Chrome/135.0.0.0 Safari/537.36"
151.106.166.201 - - [11/Apr/2025:09:18:00 +0200] "GET /download/file.php?id=254&sid=5e5f8b24256a5cda8ea35aedc7efbb6f HTTP/1.1" 404 297 "-" "Mozilla/5.0 (X11; Ubuntu; Linux x86_64; rv:72.0) Gecko/20100101 Firefox/72.0"
151.106.166.201 - - [11/Apr/2025:09:18:01 +0200] "GET /download/file.php?id=254&sid=5e5f8b24256a5cda8ea35aedc7efbb6f HTTP/1.1" 404 297 "-" "Mozilla/5.0 (X11; Ubuntu; Linux x86_64; rv:72.0) Gecko/20100101 Firefox/72.0"
151.106.166.201 - - [11/Apr/2025:09:18:01 +0200] "GET /download/file.php?id=254&sid=5e5f8b24256a5cda8ea35aedc7efbb6f HTTP/1.1" 404 297 "-" "Mozilla/5.0 (X11; Ubuntu; Linux x86_64; rv:72.0) Gecko/20100101 Firefox/72.0"
178.165.172.18 - - [11/Apr/2025:09:18:47 +0200] "GET /entry.php?id=10271&&ser=355866 HTTP/1.1" 200 987 "http://hausegger.activities.at/entry.php?id=10271&&ser=355805" "Mozilla/5.0 (Windows NT 10.0; Win64; x64) AppleWebKit/537.36 (KHTML, like Gecko) Chrome/135.0.0.0 Safari/537.36"
178.165.172.18 - - [11/Apr/2025:09:18:47 +0200] "GET /gui/javascript/form_form.js?1744355927 HTTP/1.1" 200 16206 "http://hausegger.activities.at/entry.php?id=10271&&ser=355866" "Mozilla/5.0 (Windows NT 10.0; Win64; x64) AppleWebKit/537.36 (KHTML, like Gecko) Chrome/135.0.0.0 Safari/537.36"
178.165.172.18 - - [11/Apr/2025:09:19:48 +0200] "GET /entry.php?id=10271&&ser=355927 HTTP/1.1" 200 987 "http://hausegger.activities.at/entry.php?id=10271&&ser=355866" "Mozilla/5.0 (Windows NT 10.0; Win64; x64) AppleWebKit/537.36 (KHTML, like Gecko) Chrome/135.0.0.0 Safari/537.36"
178.165.172.18 - - [11/Apr/2025:09:19:48 +0200] "GET /gui/javascript/form_form.js?1744355988 HTTP/1.1" 200 16206 "http://hausegger.activities.at/entry.php?id=10271&&ser=355927" "Mozilla/5.0 (Windows NT 10.0; Win64; x64) AppleWebKit/537.36 (KHTML, like Gecko) Chrome/135.0.0.0 Safari/537.36"
178.165.172.18 - - [11/Apr/2025:09:20:49 +0200] "GET /entry.php?id=10271&&ser=355988 HTTP/1.1" 200 986 "http://hausegger.activities.at/entry.php?id=10271&&ser=355927" "Mozilla/5.0 (Windows NT 10.0; Win64; x64) AppleWebKit/537.36 (KHTML, like Gecko) Chrome/135.0.0.0 Safari/537.36"
178.165.172.18 - - [11/Apr/2025:09:20:49 +0200] "GET /gui/javascript/form_form.js?1744356049 HTTP/1.1" 200 16206 "http://hausegger.activities.at/entry.php?id=10271&&ser=355988" "Mozilla/5.0 (Windows NT 10.0; Win64; x64) AppleWebKit/537.36 (KHTML, like Gecko) Chrome/135.0.0.0 Safari/537.36"
178.165.172.18 - - [11/Apr/2025:09:21:50 +0200] "GET /entry.php?id=10271&&ser=356049 HTTP/1.1" 200 986 "http://hausegger.activities.at/entry.php?id=10271&&ser=355988" "Mozilla/5.0 (Windows NT 10.0; Win64; x64) AppleWebKit/537.36 (KHTML, like Gecko) Chrome/135.0.0.0 Safari/537.36"
178.165.172.18 - - [11/Apr/2025:09:21:50 +0200] "GET /gui/javascript/form_form.js?1744356110 HTTP/1.1" 200 16206 "http://hausegger.activities.at/entry.php?id=10271&&ser=356049" "Mozilla/5.0 (Windows NT 10.0; Win64; x64) AppleWebKit/537.36 (KHTML, like Gecko) Chrome/135.0.0.0 Safari/537.36"
151.106.190.62 - - [11/Apr/2025:09:22:27 +0200] "GET /cron.php?cron_type=tidy_cache&sid=50612c8b94e481097ee14ac450a1803b HTTP/1.1" 404 290 "-" "Mozilla/5.0 (X11; Ubuntu; Linux x86_64; rv:72.0) Gecko/20100101 Firefox/72.0"
151.106.190.62 - - [11/Apr/2025:09:22:27 +0200] "GET /cron.php?cron_type=tidy_cache&sid=50612c8b94e481097ee14ac450a1803b HTTP/1.1" 404 290 "-" "Mozilla/5.0 (X11; Ubuntu; Linux x86_64; rv:72.0) Gecko/20100101 Firefox/72.0"
151.106.190.62 - - [11/Apr/2025:09:22:28 +0200] "GET /cron.php?cron_type=tidy_cache&sid=50612c8b94e481097ee14ac450a1803b HTTP/1.1" 404 290 "-" "Mozilla/5.0 (X11; Ubuntu; Linux x86_64; rv:72.0) Gecko/20100101 Firefox/72.0"
178.165.172.18 - - [11/Apr/2025:09:22:51 +0200] "GET /entry.php?id=10271&&ser=356110 HTTP/1.1" 200 986 "http://hausegger.activities.at/entry.php?id=10271&&ser=356049" "Mozilla/5.0 (Windows NT 10.0; Win64; x64) AppleWebKit/537.36 (KHTML, like Gecko) Chrome/135.0.0.0 Safari/537.36"
178.165.172.18 - - [11/Apr/2025:09:22:51 +0200] "GET /gui/javascript/form_form.js?1744356171 HTTP/1.1" 200 16206 "http://hausegger.activities.at/entry.php?id=10271&&ser=356110" "Mozilla/5.0 (Windows NT 10.0; Win64; x64) AppleWebKit/537.36 (KHTML, like Gecko) Chrome/135.0.0.0 Safari/537.36"
