151.106.165.204 - - [11/Apr/2025:19:11:08 +0200] "GET /cron.php?cron_type=tidy_cache&sid=80db18937092a6b3b885434c25cb0cc6 HTTP/1.1" 404 290 "-" "Mozilla/5.0 (X11; Ubuntu; Linux x86_64; rv:72.0) Gecko/20100101 Firefox/72.0"
154.81.156.54 - - [11/Apr/2025:19:13:37 +0200] "GET / HTTP/1.1" 200 274 "-" "Mozilla/5.0 (Windows NT 10.0; Win64; x64) AppleWebKit/537.36 (KHTML, like Gecko) Chrome/90.0.4430.85 Safari/537.36 Edg/90.0.818.46"
151.106.166.60 - - [11/Apr/2025:19:17:02 +0200] "GET /cron.php?cron_type=tidy_cache&sid=3d1891f7c3abfa650b41a630741ade36 HTTP/1.1" 404 290 "-" "Mozilla/5.0 (X11; Ubuntu; Linux x86_64; rv:72.0) Gecko/20100101 Firefox/72.0"
151.106.166.60 - - [11/Apr/2025:19:17:03 +0200] "GET /cron.php?cron_type=tidy_cache&sid=3d1891f7c3abfa650b41a630741ade36 HTTP/1.1" 404 290 "-" "Mozilla/5.0 (X11; Ubuntu; Linux x86_64; rv:72.0) Gecko/20100101 Firefox/72.0"
151.106.166.60 - - [11/Apr/2025:19:17:03 +0200] "GET /cron.php?cron_type=tidy_cache&sid=3d1891f7c3abfa650b41a630741ade36 HTTP/1.1" 404 290 "-" "Mozilla/5.0 (X11; Ubuntu; Linux x86_64; rv:72.0) Gecko/20100101 Firefox/72.0"
151.106.162.30 - - [11/Apr/2025:19:26:11 +0200] "GET /cron.php?cron_type=tidy_cache&sid=339b269d0ca04259155434e52fe5970b HTTP/1.1" 404 290 "-" "Mozilla/5.0 (X11; Ubuntu; Linux x86_64; rv:72.0) Gecko/20100101 Firefox/72.0"
151.106.162.30 - - [11/Apr/2025:19:26:11 +0200] "GET /cron.php?cron_type=tidy_cache&sid=339b269d0ca04259155434e52fe5970b HTTP/1.1" 404 290 "-" "Mozilla/5.0 (X11; Ubuntu; Linux x86_64; rv:72.0) Gecko/20100101 Firefox/72.0"
151.106.162.30 - - [11/Apr/2025:19:26:11 +0200] "GET /cron.php?cron_type=tidy_cache&sid=339b269d0ca04259155434e52fe5970b HTTP/1.1" 404 290 "-" "Mozilla/5.0 (X11; Ubuntu; Linux x86_64; rv:72.0) Gecko/20100101 Firefox/72.0"
151.106.161.79 - - [11/Apr/2025:19:27:09 +0200] "GET /gallery/image.php?mode=medium&album_id=1&image_id=111&sid=ff97bba8fe7758b5bf2942c7a8917d65 HTTP/1.1" 404 297 "-" "Mozilla/5.0 (X11; Ubuntu; Linux x86_64; rv:72.0) Gecko/20100101 Firefox/72.0"
151.106.161.79 - - [11/Apr/2025:19:27:09 +0200] "GET /gallery/image.php?mode=medium&album_id=1&image_id=111&sid=ff97bba8fe7758b5bf2942c7a8917d65 HTTP/1.1" 404 297 "-" "Mozilla/5.0 (X11; Ubuntu; Linux x86_64; rv:72.0) Gecko/20100101 Firefox/72.0"
151.106.161.79 - - [11/Apr/2025:19:27:09 +0200] "GET /gallery/image.php?mode=medium&album_id=1&image_id=111&sid=ff97bba8fe7758b5bf2942c7a8917d65 HTTP/1.1" 404 297 "-" "Mozilla/5.0 (X11; Ubuntu; Linux x86_64; rv:72.0) Gecko/20100101 Firefox/72.0"
93.174.93.12 - - [11/Apr/2025:19:30:26 +0200] "\x16\x03\x02\x01o\x01" 400 383 "-" "-"
154.81.156.54 - - [11/Apr/2025:19:35:07 +0200] "GET / HTTP/1.1" 200 274 "-" "Mozilla/5.0 (Windows NT 10.0; Win64; x64) AppleWebKit/537.36 (KHTML, like Gecko) Chrome/90.0.4430.85 Safari/537.36 Edg/90.0.818.46"
151.106.169.76 - - [11/Apr/2025:19:36:22 +0200] "GET /cron.php?cron_type=tidy_cache&sid=490112861641622302d58db7c82e8df6 HTTP/1.1" 404 290 "-" "Mozilla/5.0 (X11; Ubuntu; Linux x86_64; rv:72.0) Gecko/20100101 Firefox/72.0"
151.106.169.76 - - [11/Apr/2025:19:36:23 +0200] "GET /cron.php?cron_type=tidy_cache&sid=490112861641622302d58db7c82e8df6 HTTP/1.1" 404 290 "-" "Mozilla/5.0 (X11; Ubuntu; Linux x86_64; rv:72.0) Gecko/20100101 Firefox/72.0"
151.106.169.76 - - [11/Apr/2025:19:36:23 +0200] "GET /cron.php?cron_type=tidy_cache&sid=490112861641622302d58db7c82e8df6 HTTP/1.1" 404 290 "-" "Mozilla/5.0 (X11; Ubuntu; Linux x86_64; rv:72.0) Gecko/20100101 Firefox/72.0"
151.106.162.30 - - [11/Apr/2025:19:41:57 +0200] "GET /cron.php?cron_type=tidy_cache&sid=da7291faea2435a12a42150a9bf2d36a HTTP/1.1" 404 290 "-" "Mozilla/5.0 (X11; Ubuntu; Linux x86_64; rv:72.0) Gecko/20100101 Firefox/72.0"
151.106.162.30 - - [11/Apr/2025:19:41:57 +0200] "GET /cron.php?cron_type=tidy_cache&sid=da7291faea2435a12a42150a9bf2d36a HTTP/1.1" 404 290 "-" "Mozilla/5.0 (X11; Ubuntu; Linux x86_64; rv:72.0) Gecko/20100101 Firefox/72.0"
151.106.162.30 - - [11/Apr/2025:19:41:57 +0200] "GET /cron.php?cron_type=tidy_cache&sid=da7291faea2435a12a42150a9bf2d36a HTTP/1.1" 404 290 "-" "Mozilla/5.0 (X11; Ubuntu; Linux x86_64; rv:72.0) Gecko/20100101 Firefox/72.0"
154.81.156.34 - - [11/Apr/2025:19:42:46 +0200] "GET / HTTP/1.1" 200 274 "-" "Mozilla/5.0 (Windows NT 10.0; Win64; x64) AppleWebKit/537.36 (KHTML, like Gecko) Chrome/90.0.4430.85 Safari/537.36 Edg/90.0.818.46"
156.59.198.135 - - [11/Apr/2025:19:49:31 +0200] "GET /renault.activities.at/htdocs/export/pdf/emuc_document/10556898.pdf HTTP/1.0" 404 322 "-" "Mozilla/5.0 (Linux; Android 5.0) AppleWebKit/537.36 (KHTML, like Gecko) Mobile Safari/537.36 (compatible; Bytespider; spider-feedback@bytedance.com)"
156.59.198.136 - - [11/Apr/2025:19:49:39 +0200] "GET /renault.activities.at/htdocs/export/pdf/emuc_document/12135964.pdf HTTP/1.0" 404 322 "-" "Mozilla/5.0 (Linux; Android 5.0) AppleWebKit/537.36 (KHTML, like Gecko) Mobile Safari/537.36 (compatible; Bytespider; spider-feedback@bytedance.com)"
156.59.198.135 - - [11/Apr/2025:19:49:48 +0200] "GET /renault.2web.at/htdocs/binaries/10444274.pdf HTTP/1.0" 404 308 "-" "Mozilla/5.0 (Linux; Android 5.0) AppleWebKit/537.36 (KHTML, like Gecko) Mobile Safari/537.36 (compatible; Bytespider; spider-feedback@bytedance.com)"
151.106.160.158 - - [11/Apr/2025:19:52:34 +0200] "GET /download/file.php?id=254&sid=e90c3c271f3ec3c30474b3067feaed50 HTTP/1.1" 404 297 "-" "Mozilla/5.0 (X11; Ubuntu; Linux x86_64; rv:72.0) Gecko/20100101 Firefox/72.0"
151.106.160.158 - - [11/Apr/2025:19:52:34 +0200] "GET /download/file.php?id=254&sid=e90c3c271f3ec3c30474b3067feaed50 HTTP/1.1" 404 297 "-" "Mozilla/5.0 (X11; Ubuntu; Linux x86_64; rv:72.0) Gecko/20100101 Firefox/72.0"
151.106.160.158 - - [11/Apr/2025:19:52:34 +0200] "GET /download/file.php?id=254&sid=e90c3c271f3ec3c30474b3067feaed50 HTTP/1.1" 404 297 "-" "Mozilla/5.0 (X11; Ubuntu; Linux x86_64; rv:72.0) Gecko/20100101 Firefox/72.0"
151.106.176.244 - - [11/Apr/2025:19:53:06 +0200] "GET /download/file.php?id=253&sid=385ab8e379f28fac33a92018aca67597 HTTP/1.1" 404 297 "-" "Mozilla/5.0 (X11; Ubuntu; Linux x86_64; rv:72.0) Gecko/20100101 Firefox/72.0"
151.106.176.244 - - [11/Apr/2025:19:53:07 +0200] "GET /download/file.php?id=253&sid=385ab8e379f28fac33a92018aca67597 HTTP/1.1" 404 297 "-" "Mozilla/5.0 (X11; Ubuntu; Linux x86_64; rv:72.0) Gecko/20100101 Firefox/72.0"
151.106.176.244 - - [11/Apr/2025:19:53:07 +0200] "GET /download/file.php?id=253&sid=385ab8e379f28fac33a92018aca67597 HTTP/1.1" 404 297 "-" "Mozilla/5.0 (X11; Ubuntu; Linux x86_64; rv:72.0) Gecko/20100101 Firefox/72.0"
45.156.128.43 - - [11/Apr/2025:19:57:20 +0200] "GET / HTTP/1.1" 200 274 "-" "Mozilla/5.0 (Windows NT 10.0; Win64; x64) AppleWebKit/537.36 (KHTML, like Gecko) Chrome/60.0.3112.113 Safari/537.36"
45.156.128.130 - - [11/Apr/2025:19:57:45 +0200] "GET /ext-js/app/common/zld_product_spec.js HTTP/1.1" 404 305 "-" "Mozilla/5.0 (Windows NT 10.0; Win64; x64) AppleWebKit/537.36 (KHTML, like Gecko) Chrome/60.0.3112.113 Safari/537.36"
156.59.198.136 - - [11/Apr/2025:19:58:29 +0200] "GET /renault.activities.at/htdocs/export/pdf/emuc_document/11549036.pdf HTTP/1.0" 404 322 "-" "Mozilla/5.0 (Linux; Android 5.0) AppleWebKit/537.36 (KHTML, like Gecko) Mobile Safari/537.36 (compatible; Bytespider; spider-feedback@bytedance.com)"
154.81.156.54 - - [11/Apr/2025:20:01:55 +0200] "GET / HTTP/1.1" 200 274 "-" "Mozilla/5.0 (Windows NT 10.0; Win64; x64) AppleWebKit/537.36 (KHTML, like Gecko) Chrome/90.0.4430.85 Safari/537.36 Edg/90.0.818.46"
154.81.156.35 - - [11/Apr/2025:20:15:12 +0200] "GET / HTTP/1.1" 200 274 "-" "Mozilla/5.0 (Windows NT 10.0; Win64; x64) AppleWebKit/537.36 (KHTML, like Gecko) Chrome/90.0.4430.85 Safari/537.36 Edg/90.0.818.46"
151.106.162.8 - - [11/Apr/2025:20:18:18 +0200] "GET /download/file.php?id=230&sid=21586c4b32cb50e04e89a13211f2f41b HTTP/1.1" 404 297 "-" "Mozilla/5.0 (X11; Ubuntu; Linux x86_64; rv:72.0) Gecko/20100101 Firefox/72.0"
151.106.162.8 - - [11/Apr/2025:20:18:19 +0200] "GET /download/file.php?id=230&sid=21586c4b32cb50e04e89a13211f2f41b HTTP/1.1" 404 297 "-" "Mozilla/5.0 (X11; Ubuntu; Linux x86_64; rv:72.0) Gecko/20100101 Firefox/72.0"
151.106.162.8 - - [11/Apr/2025:20:18:19 +0200] "GET /download/file.php?id=230&sid=21586c4b32cb50e04e89a13211f2f41b HTTP/1.1" 404 297 "-" "Mozilla/5.0 (X11; Ubuntu; Linux x86_64; rv:72.0) Gecko/20100101 Firefox/72.0"
154.81.156.54 - - [11/Apr/2025:20:19:24 +0200] "GET / HTTP/1.1" 200 274 "-" "Mozilla/5.0 (Windows NT 10.0; Win64; x64) AppleWebKit/537.36 (KHTML, like Gecko) Chrome/90.0.4430.85 Safari/537.36 Edg/90.0.818.46"
156.59.198.136 - - [11/Apr/2025:20:21:14 +0200] "GET /renault.activities.at/htdocs/export/pdf/emuc_document/11293662.pdf HTTP/1.0" 404 322 "-" "Mozilla/5.0 (Linux; Android 5.0) AppleWebKit/537.36 (KHTML, like Gecko) Mobile Safari/537.36 (compatible; Bytespider; spider-feedback@bytedance.com)"
156.59.198.135 - - [11/Apr/2025:20:21:23 +0200] "GET /renault.activities.at/htdocs/export/pdf/emuc_document/10623479.pdf HTTP/1.0" 404 323 "-" "Mozilla/5.0 (Linux; Android 5.0) AppleWebKit/537.36 (KHTML, like Gecko) Mobile Safari/537.36 (compatible; Bytespider; spider-feedback@bytedance.com)"
156.59.198.135 - - [11/Apr/2025:20:21:32 +0200] "GET /renault.activities.at/htdocs/export/pdf/emuc_document/10762358.pdf HTTP/1.0" 404 323 "-" "Mozilla/5.0 (Linux; Android 5.0) AppleWebKit/537.36 (KHTML, like Gecko) Mobile Safari/537.36 (compatible; Bytespider; spider-feedback@bytedance.com)"
156.59.198.135 - - [11/Apr/2025:20:21:41 +0200] "GET /renault.activities.at/htdocs/export/pdf/emuc_document/10754198.pdf HTTP/1.0" 404 322 "-" "Mozilla/5.0 (Linux; Android 5.0) AppleWebKit/537.36 (KHTML, like Gecko) Mobile Safari/537.36 (compatible; Bytespider; spider-feedback@bytedance.com)"
156.59.198.135 - - [11/Apr/2025:20:21:49 +0200] "GET /renault.activities.at/htdocs/export/pdf/emuc_document/11213642.pdf HTTP/1.0" 404 322 "-" "Mozilla/5.0 (Linux; Android 5.0) AppleWebKit/537.36 (KHTML, like Gecko) Mobile Safari/537.36 (compatible; Bytespider; spider-feedback@bytedance.com)"
151.106.164.53 - - [11/Apr/2025:20:24:58 +0200] "GET /cron.php?cron_type=tidy_cache&sid=a298abe2cb5a66f5b5d114b63580e210 HTTP/1.1" 404 290 "-" "Mozilla/5.0 (X11; Ubuntu; Linux x86_64; rv:72.0) Gecko/20100101 Firefox/72.0"
151.106.164.53 - - [11/Apr/2025:20:24:58 +0200] "GET /cron.php?cron_type=tidy_cache&sid=a298abe2cb5a66f5b5d114b63580e210 HTTP/1.1" 404 290 "-" "Mozilla/5.0 (X11; Ubuntu; Linux x86_64; rv:72.0) Gecko/20100101 Firefox/72.0"
151.106.164.53 - - [11/Apr/2025:20:24:59 +0200] "GET /cron.php?cron_type=tidy_cache&sid=a298abe2cb5a66f5b5d114b63580e210 HTTP/1.1" 404 290 "-" "Mozilla/5.0 (X11; Ubuntu; Linux x86_64; rv:72.0) Gecko/20100101 Firefox/72.0"
151.106.190.62 - - [11/Apr/2025:20:25:41 +0200] "GET /download/file.php?id=255&sid=2c0e7ab5bba410fa0975d81fbd02071e HTTP/1.1" 404 297 "-" "Mozilla/5.0 (X11; Ubuntu; Linux x86_64; rv:72.0) Gecko/20100101 Firefox/72.0"
151.106.190.62 - - [11/Apr/2025:20:25:41 +0200] "GET /download/file.php?id=255&sid=2c0e7ab5bba410fa0975d81fbd02071e HTTP/1.1" 404 297 "-" "Mozilla/5.0 (X11; Ubuntu; Linux x86_64; rv:72.0) Gecko/20100101 Firefox/72.0"
151.106.190.62 - - [11/Apr/2025:20:25:41 +0200] "GET /download/file.php?id=255&sid=2c0e7ab5bba410fa0975d81fbd02071e HTTP/1.1" 404 297 "-" "Mozilla/5.0 (X11; Ubuntu; Linux x86_64; rv:72.0) Gecko/20100101 Firefox/72.0"
154.81.156.54 - - [11/Apr/2025:20:27:25 +0200] "GET / HTTP/1.1" 200 274 "-" "Mozilla/5.0 (Windows NT 10.0; Win64; x64) AppleWebKit/537.36 (KHTML, like Gecko) Chrome/90.0.4430.85 Safari/537.36 Edg/90.0.818.46"
151.106.164.217 - - [11/Apr/2025:20:27:27 +0200] "GET /download/file.php?id=243&sid=5a7725e7f34ac2c4490b504a330ad7be HTTP/1.1" 404 297 "-" "Mozilla/5.0 (X11; Ubuntu; Linux x86_64; rv:72.0) Gecko/20100101 Firefox/72.0"
151.106.164.217 - - [11/Apr/2025:20:27:28 +0200] "GET /download/file.php?id=243&sid=5a7725e7f34ac2c4490b504a330ad7be HTTP/1.1" 404 297 "-" "Mozilla/5.0 (X11; Ubuntu; Linux x86_64; rv:72.0) Gecko/20100101 Firefox/72.0"
151.106.164.217 - - [11/Apr/2025:20:27:28 +0200] "GET /download/file.php?id=243&sid=5a7725e7f34ac2c4490b504a330ad7be HTTP/1.1" 404 297 "-" "Mozilla/5.0 (X11; Ubuntu; Linux x86_64; rv:72.0) Gecko/20100101 Firefox/72.0"
151.106.167.56 - - [11/Apr/2025:20:29:48 +0200] "GET /download/file.php?id=238&sid=a044b272d93d4b459b7cb2f0ace08380 HTTP/1.1" 404 297 "-" "Mozilla/5.0 (X11; Ubuntu; Linux x86_64; rv:72.0) Gecko/20100101 Firefox/72.0"
151.106.167.56 - - [11/Apr/2025:20:29:48 +0200] "GET /download/file.php?id=238&sid=a044b272d93d4b459b7cb2f0ace08380 HTTP/1.1" 404 297 "-" "Mozilla/5.0 (X11; Ubuntu; Linux x86_64; rv:72.0) Gecko/20100101 Firefox/72.0"
151.106.167.56 - - [11/Apr/2025:20:29:48 +0200] "GET /download/file.php?id=238&sid=a044b272d93d4b459b7cb2f0ace08380 HTTP/1.1" 404 297 "-" "Mozilla/5.0 (X11; Ubuntu; Linux x86_64; rv:72.0) Gecko/20100101 Firefox/72.0"
151.106.166.243 - - [11/Apr/2025:20:43:34 +0200] "GET /gallery/image.php?mode=thumbnail&album_id=1&image_id=111&sid=8d282303ddc0f32e383aae10a67190e9 HTTP/1.1" 404 297 "-" "Mozilla/5.0 (X11; Ubuntu; Linux x86_64; rv:72.0) Gecko/20100101 Firefox/72.0"
151.106.166.243 - - [11/Apr/2025:20:43:34 +0200] "GET /gallery/image.php?mode=thumbnail&album_id=1&image_id=111&sid=8d282303ddc0f32e383aae10a67190e9 HTTP/1.1" 404 297 "-" "Mozilla/5.0 (X11; Ubuntu; Linux x86_64; rv:72.0) Gecko/20100101 Firefox/72.0"
151.106.166.243 - - [11/Apr/2025:20:43:35 +0200] "GET /gallery/image.php?mode=thumbnail&album_id=1&image_id=111&sid=8d282303ddc0f32e383aae10a67190e9 HTTP/1.1" 404 297 "-" "Mozilla/5.0 (X11; Ubuntu; Linux x86_64; rv:72.0) Gecko/20100101 Firefox/72.0"
117.209.86.162 - - [11/Apr/2025:20:50:31 +0200] "GET /boaform/admin/formLogin?username=admin&psd=admin HTTP/1.0" 404 378 "-" "-"
154.81.156.54 - - [11/Apr/2025:20:50:47 +0200] "GET / HTTP/1.1" 200 274 "-" "Mozilla/5.0 (Windows NT 10.0; Win64; x64) AppleWebKit/537.36 (KHTML, like Gecko) Chrome/90.0.4430.85 Safari/537.36 Edg/90.0.818.46"
48.217.87.249 - - [11/Apr/2025:20:52:25 +0200] "GET /actuator/health HTTP/1.1" 404 287 "-" "Mozilla/5.0 zgrab/0.x"
156.59.198.136 - - [11/Apr/2025:20:52:31 +0200] "GET /renault.2web.at/htdocs/export/pdf/emuc_document/10957374.pdf HTTP/1.0" 404 319 "-" "Mozilla/5.0 (Linux; Android 5.0) AppleWebKit/537.36 (KHTML, like Gecko) Mobile Safari/537.36 (compatible; Bytespider; spider-feedback@bytedance.com)"
156.59.198.135 - - [11/Apr/2025:20:52:40 +0200] "GET /renault.activities.at/htdocs/export/pdf/emuc_document/10959177.pdf HTTP/1.0" 404 322 "-" "Mozilla/5.0 (Linux; Android 5.0) AppleWebKit/537.36 (KHTML, like Gecko) Mobile Safari/537.36 (compatible; Bytespider; spider-feedback@bytedance.com)"
156.59.198.136 - - [11/Apr/2025:20:52:49 +0200] "GET /renault.activities.at/htdocs/export/pdf/emuc_document/11228181.pdf HTTP/1.0" 404 321 "-" "Mozilla/5.0 (Linux; Android 5.0) AppleWebKit/537.36 (KHTML, like Gecko) Mobile Safari/537.36 (compatible; Bytespider; spider-feedback@bytedance.com)"
156.59.198.136 - - [11/Apr/2025:20:52:57 +0200] "GET /renault.activities.at/htdocs/export/pdf/emuc_document/11646693.pdf HTTP/1.0" 404 322 "-" "Mozilla/5.0 (Linux; Android 5.0) AppleWebKit/537.36 (KHTML, like Gecko) Mobile Safari/537.36 (compatible; Bytespider; spider-feedback@bytedance.com)"
156.59.198.135 - - [11/Apr/2025:20:58:53 +0200] "GET /renault.activities.at/htdocs/export/pdf/emuc_document/11379418.pdf HTTP/1.0" 404 322 "-" "Mozilla/5.0 (Linux; Android 5.0) AppleWebKit/537.36 (KHTML, like Gecko) Mobile Safari/537.36 (compatible; Bytespider; spider-feedback@bytedance.com)"
156.59.198.136 - - [11/Apr/2025:20:59:02 +0200] "GET /renault.activities.at/htdocs/export/pdf/emuc_document/10770133.pdf HTTP/1.0" 404 322 "-" "Mozilla/5.0 (Linux; Android 5.0) AppleWebKit/537.36 (KHTML, like Gecko) Mobile Safari/537.36 (compatible; Bytespider; spider-feedback@bytedance.com)"
156.59.198.136 - - [11/Apr/2025:20:59:11 +0200] "GET /renault.2web.at/htdocs/export/pdf/emuc_document/10548841.pdf HTTP/1.0" 404 318 "-" "Mozilla/5.0 (Linux; Android 5.0) AppleWebKit/537.36 (KHTML, like Gecko) Mobile Safari/537.36 (compatible; Bytespider; spider-feedback@bytedance.com)"
156.59.198.135 - - [11/Apr/2025:20:59:19 +0200] "GET /renault.activities.at/htdocs/export/pdf/emuc_document/11724700.pdf HTTP/1.0" 404 322 "-" "Mozilla/5.0 (Linux; Android 5.0) AppleWebKit/537.36 (KHTML, like Gecko) Mobile Safari/537.36 (compatible; Bytespider; spider-feedback@bytedance.com)"
156.59.198.136 - - [11/Apr/2025:20:59:28 +0200] "GET /renault.activities.at/htdocs/export/pdf/emuc_document/11818791.pdf HTTP/1.0" 404 322 "-" "Mozilla/5.0 (Linux; Android 5.0) AppleWebKit/537.36 (KHTML, like Gecko) Mobile Safari/537.36 (compatible; Bytespider; spider-feedback@bytedance.com)"
156.59.198.136 - - [11/Apr/2025:20:59:37 +0200] "GET /renault.activities.at/htdocs/export/pdf/emuc_document/10424523.pdf HTTP/1.0" 404 322 "-" "Mozilla/5.0 (Linux; Android 5.0) AppleWebKit/537.36 (KHTML, like Gecko) Mobile Safari/537.36 (compatible; Bytespider; spider-feedback@bytedance.com)"
156.59.198.135 - - [11/Apr/2025:20:59:46 +0200] "GET /renault.2web.at/htdocs/export/pdf/emuc_document/11228844.pdf HTTP/1.0" 404 318 "-" "Mozilla/5.0 (Linux; Android 5.0) AppleWebKit/537.36 (KHTML, like Gecko) Mobile Safari/537.36 (compatible; Bytespider; spider-feedback@bytedance.com)"
156.59.198.136 - - [11/Apr/2025:20:59:56 +0200] "GET /renault.2web.at/htdocs/export/pdf/emuc_document/12269059.pdf HTTP/1.0" 404 318 "-" "Mozilla/5.0 (Linux; Android 5.0) AppleWebKit/537.36 (KHTML, like Gecko) Mobile Safari/537.36 (compatible; Bytespider; spider-feedback@bytedance.com)"
156.59.198.136 - - [11/Apr/2025:21:00:05 +0200] "GET /renault.activities.at/htdocs/export/pdf/emuc_document/11983636.pdf HTTP/1.0" 404 322 "-" "Mozilla/5.0 (Linux; Android 5.0) AppleWebKit/537.36 (KHTML, like Gecko) Mobile Safari/537.36 (compatible; Bytespider; spider-feedback@bytedance.com)"
156.59.198.135 - - [11/Apr/2025:21:00:14 +0200] "GET /renault.2web.at/htdocs/export/pdf/emuc_document/11451552.pdf HTTP/1.0" 404 318 "-" "Mozilla/5.0 (Linux; Android 5.0) AppleWebKit/537.36 (KHTML, like Gecko) Mobile Safari/537.36 (compatible; Bytespider; spider-feedback@bytedance.com)"
156.59.198.136 - - [11/Apr/2025:21:00:22 +0200] "GET /renault.2web.at/htdocs/export/pdf/emuc_document/12433338.pdf HTTP/1.0" 404 318 "-" "Mozilla/5.0 (Linux; Android 5.0) AppleWebKit/537.36 (KHTML, like Gecko) Mobile Safari/537.36 (compatible; Bytespider; spider-feedback@bytedance.com)"
156.59.198.135 - - [11/Apr/2025:21:00:31 +0200] "GET /renault.2web.at/htdocs/export/pdf/emuc_document/10949200.pdf HTTP/1.0" 404 318 "-" "Mozilla/5.0 (Linux; Android 5.0) AppleWebKit/537.36 (KHTML, like Gecko) Mobile Safari/537.36 (compatible; Bytespider; spider-feedback@bytedance.com)"
156.59.198.136 - - [11/Apr/2025:21:00:40 +0200] "GET /renault.2web.at/htdocs/export/pdf/emuc_document/11320520.pdf HTTP/1.0" 404 318 "-" "Mozilla/5.0 (Linux; Android 5.0) AppleWebKit/537.36 (KHTML, like Gecko) Mobile Safari/537.36 (compatible; Bytespider; spider-feedback@bytedance.com)"
156.59.198.136 - - [11/Apr/2025:21:00:49 +0200] "GET /docs/contadino/2017/RE17-000027.pdf HTTP/1.0" 404 302 "-" "Mozilla/5.0 (Linux; Android 5.0) AppleWebKit/537.36 (KHTML, like Gecko) Mobile Safari/537.36 (compatible; Bytespider; spider-feedback@bytedance.com)"
47.128.54.159 - - [11/Apr/2025:21:02:10 +0200] "GET /robots.txt HTTP/1.1" 404 284 "-" "Mozilla/5.0 (Linux; Android 5.0) AppleWebKit/537.36 (KHTML, like Gecko) Mobile Safari/537.36 (compatible; Bytespider; spider-feedback@bytedance.com)"
47.128.50.93 - - [11/Apr/2025:21:02:18 +0200] "GET /robots.txt HTTP/1.1" 404 284 "-" "Mozilla/5.0 (Linux; Android 5.0) AppleWebKit/537.36 (KHTML, like Gecko) Mobile Safari/537.36 (compatible; Bytespider; spider-feedback@bytedance.com)"
47.128.124.35 - - [11/Apr/2025:21:02:35 +0200] "GET /robots.txt HTTP/1.1" 404 284 "-" "Mozilla/5.0 (Linux; Android 5.0) AppleWebKit/537.36 (KHTML, like Gecko) Mobile Safari/537.36 (compatible; Bytespider; spider-feedback@bytedance.com)"
47.128.19.186 - - [11/Apr/2025:21:02:45 +0200] "GET /robots.txt HTTP/1.1" 404 284 "-" "Mozilla/5.0 (Linux; Android 5.0) AppleWebKit/537.36 (KHTML, like Gecko) Mobile Safari/537.36 (compatible; Bytespider; spider-feedback@bytedance.com)"
156.59.198.135 - - [11/Apr/2025:21:03:42 +0200] "GET /renault.activities.at/htdocs/export/pdf/emuc_document/11037347.pdf HTTP/1.0" 404 322 "-" "Mozilla/5.0 (Linux; Android 5.0) AppleWebKit/537.36 (KHTML, like Gecko) Mobile Safari/537.36 (compatible; Bytespider; spider-feedback@bytedance.com)"
156.59.198.135 - - [11/Apr/2025:21:03:50 +0200] "GET /renault.2web.at/htdocs/export/pdf/emuc_document/11379660.pdf HTTP/1.0" 404 319 "-" "Mozilla/5.0 (Linux; Android 5.0) AppleWebKit/537.36 (KHTML, like Gecko) Mobile Safari/537.36 (compatible; Bytespider; spider-feedback@bytedance.com)"
156.59.198.135 - - [11/Apr/2025:21:03:59 +0200] "GET /renault.activities.at/htdocs/export/pdf/emuc_document/10554167.pdf HTTP/1.0" 404 322 "-" "Mozilla/5.0 (Linux; Android 5.0) AppleWebKit/537.36 (KHTML, like Gecko) Mobile Safari/537.36 (compatible; Bytespider; spider-feedback@bytedance.com)"
156.59.198.136 - - [11/Apr/2025:21:04:08 +0200] "GET /renault.2web.at/htdocs/export/pdf/emuc_document/10915908.pdf HTTP/1.0" 404 318 "-" "Mozilla/5.0 (Linux; Android 5.0) AppleWebKit/537.36 (KHTML, like Gecko) Mobile Safari/537.36 (compatible; Bytespider; spider-feedback@bytedance.com)"
156.59.198.136 - - [11/Apr/2025:21:04:17 +0200] "GET /renault.2web.at/htdocs/export/pdf/emuc_document/11038656.pdf HTTP/1.0" 404 319 "-" "Mozilla/5.0 (Linux; Android 5.0) AppleWebKit/537.36 (KHTML, like Gecko) Mobile Safari/537.36 (compatible; Bytespider; spider-feedback@bytedance.com)"
151.106.171.1 - - [11/Apr/2025:21:10:26 +0200] "GET /gallery/image.php?mode=thumbnail&album_id=1&image_id=115&sid=56b4f06bdec0473c39966f66e193cbed HTTP/1.1" 404 297 "-" "Mozilla/5.0 (X11; Ubuntu; Linux x86_64; rv:72.0) Gecko/20100101 Firefox/72.0"
151.106.171.1 - - [11/Apr/2025:21:10:27 +0200] "GET /gallery/image.php?mode=thumbnail&album_id=1&image_id=115&sid=56b4f06bdec0473c39966f66e193cbed HTTP/1.1" 404 297 "-" "Mozilla/5.0 (X11; Ubuntu; Linux x86_64; rv:72.0) Gecko/20100101 Firefox/72.0"
151.106.171.1 - - [11/Apr/2025:21:10:27 +0200] "GET /gallery/image.php?mode=thumbnail&album_id=1&image_id=115&sid=56b4f06bdec0473c39966f66e193cbed HTTP/1.1" 404 297 "-" "Mozilla/5.0 (X11; Ubuntu; Linux x86_64; rv:72.0) Gecko/20100101 Firefox/72.0"
156.59.198.136 - - [11/Apr/2025:21:10:47 +0200] "GET /renault.activities.at/htdocs/export/pdf/emuc_document/10748921.pdf HTTP/1.0" 404 322 "-" "Mozilla/5.0 (Linux; Android 5.0) AppleWebKit/537.36 (KHTML, like Gecko) Mobile Safari/537.36 (compatible; Bytespider; spider-feedback@bytedance.com)"
156.59.198.136 - - [11/Apr/2025:21:10:56 +0200] "GET /renault.activities.at/htdocs/export/pdf/emuc_document/12090148.pdf HTTP/1.0" 404 321 "-" "Mozilla/5.0 (Linux; Android 5.0) AppleWebKit/537.36 (KHTML, like Gecko) Mobile Safari/537.36 (compatible; Bytespider; spider-feedback@bytedance.com)"
156.59.198.136 - - [11/Apr/2025:21:11:05 +0200] "GET /renault.activities.at/htdocs/export/pdf/emuc_document/12430657.pdf HTTP/1.0" 404 323 "-" "Mozilla/5.0 (Linux; Android 5.0) AppleWebKit/537.36 (KHTML, like Gecko) Mobile Safari/537.36 (compatible; Bytespider; spider-feedback@bytedance.com)"
156.59.198.135 - - [11/Apr/2025:21:11:13 +0200] "GET /renault.2web.at/htdocs/export/pdf/emuc_document/12136252.pdf HTTP/1.0" 404 318 "-" "Mozilla/5.0 (Linux; Android 5.0) AppleWebKit/537.36 (KHTML, like Gecko) Mobile Safari/537.36 (compatible; Bytespider; spider-feedback@bytedance.com)"
156.59.198.135 - - [11/Apr/2025:21:11:22 +0200] "GET /renault.activities.at/htdocs/export/pdf/emuc_document/11124898.pdf HTTP/1.0" 404 321 "-" "Mozilla/5.0 (Linux; Android 5.0) AppleWebKit/537.36 (KHTML, like Gecko) Mobile Safari/537.36 (compatible; Bytespider; spider-feedback@bytedance.com)"
156.59.198.135 - - [11/Apr/2025:21:11:31 +0200] "GET /renault.2web.at/htdocs/export/pdf/emuc_document/12103257.pdf HTTP/1.0" 404 319 "-" "Mozilla/5.0 (Linux; Android 5.0) AppleWebKit/537.36 (KHTML, like Gecko) Mobile Safari/537.36 (compatible; Bytespider; spider-feedback@bytedance.com)"
156.59.198.135 - - [11/Apr/2025:21:11:40 +0200] "GET /renault.2web.at/htdocs/export/pdf/emuc_document/10404764.pdf HTTP/1.0" 404 318 "-" "Mozilla/5.0 (Linux; Android 5.0) AppleWebKit/537.36 (KHTML, like Gecko) Mobile Safari/537.36 (compatible; Bytespider; spider-feedback@bytedance.com)"
57.129.64.237 - - [11/Apr/2025:21:12:01 +0200] "GET / HTTP/1.1" 200 274 "-" "Mozilla/5.0 zgrab/0.x"
156.59.198.135 - - [11/Apr/2025:21:13:21 +0200] "GET /renault.2web.at/htdocs/export/pdf/emuc_document/10554898.pdf HTTP/1.0" 404 318 "-" "Mozilla/5.0 (Linux; Android 5.0) AppleWebKit/537.36 (KHTML, like Gecko) Mobile Safari/537.36 (compatible; Bytespider; spider-feedback@bytedance.com)"
156.59.198.135 - - [11/Apr/2025:21:13:30 +0200] "GET /renault.2web.at/htdocs/export/pdf/emuc_document/11951605.pdf HTTP/1.0" 404 318 "-" "Mozilla/5.0 (Linux; Android 5.0) AppleWebKit/537.36 (KHTML, like Gecko) Mobile Safari/537.36 (compatible; Bytespider; spider-feedback@bytedance.com)"
156.59.198.135 - - [11/Apr/2025:21:13:38 +0200] "GET /renault.2web.at/htdocs/export/pdf/emuc_document/11133157.pdf HTTP/1.0" 404 319 "-" "Mozilla/5.0 (Linux; Android 5.0) AppleWebKit/537.36 (KHTML, like Gecko) Mobile Safari/537.36 (compatible; Bytespider; spider-feedback@bytedance.com)"
156.59.198.136 - - [11/Apr/2025:21:13:47 +0200] "GET /renault.2web.at/htdocs/export/pdf/emuc_document/10460020.pdf HTTP/1.0" 404 318 "-" "Mozilla/5.0 (Linux; Android 5.0) AppleWebKit/537.36 (KHTML, like Gecko) Mobile Safari/537.36 (compatible; Bytespider; spider-feedback@bytedance.com)"
156.59.198.135 - - [11/Apr/2025:21:13:56 +0200] "GET /renault.2web.at/htdocs/export/pdf/emuc_document/10460161.pdf HTTP/1.0" 404 318 "-" "Mozilla/5.0 (Linux; Android 5.0) AppleWebKit/537.36 (KHTML, like Gecko) Mobile Safari/537.36 (compatible; Bytespider; spider-feedback@bytedance.com)"
154.81.156.34 - - [11/Apr/2025:21:14:23 +0200] "GET / HTTP/1.1" 200 274 "-" "Mozilla/5.0 (Windows NT 10.0; Win64; x64) AppleWebKit/537.36 (KHTML, like Gecko) Chrome/90.0.4430.85 Safari/537.36 Edg/90.0.818.46"
154.81.156.35 - - [11/Apr/2025:21:17:17 +0200] "GET / HTTP/1.1" 200 274 "-" "Mozilla/5.0 (Windows NT 10.0; Win64; x64) AppleWebKit/537.36 (KHTML, like Gecko) Chrome/90.0.4430.85 Safari/537.36 Edg/90.0.818.46"
151.106.162.8 - - [11/Apr/2025:21:17:55 +0200] "GET /cron.php?cron_type=tidy_cache&sid=6ee06efcc920a858c2251501728fcc95 HTTP/1.1" 404 290 "-" "Mozilla/5.0 (X11; Ubuntu; Linux x86_64; rv:72.0) Gecko/20100101 Firefox/72.0"
151.106.162.8 - - [11/Apr/2025:21:17:56 +0200] "GET /cron.php?cron_type=tidy_cache&sid=6ee06efcc920a858c2251501728fcc95 HTTP/1.1" 404 290 "-" "Mozilla/5.0 (X11; Ubuntu; Linux x86_64; rv:72.0) Gecko/20100101 Firefox/72.0"
151.106.162.8 - - [11/Apr/2025:21:17:56 +0200] "GET /cron.php?cron_type=tidy_cache&sid=6ee06efcc920a858c2251501728fcc95 HTTP/1.1" 404 290 "-" "Mozilla/5.0 (X11; Ubuntu; Linux x86_64; rv:72.0) Gecko/20100101 Firefox/72.0"
156.59.198.135 - - [11/Apr/2025:21:17:59 +0200] "GET /renault.activities.at/htdocs/export/pdf/emuc_document/12466562.pdf HTTP/1.0" 404 322 "-" "Mozilla/5.0 (Linux; Android 5.0) AppleWebKit/537.36 (KHTML, like Gecko) Mobile Safari/537.36 (compatible; Bytespider; spider-feedback@bytedance.com)"
156.59.198.136 - - [11/Apr/2025:21:18:07 +0200] "GET /renault.2web.at/htdocs/export/pdf/emuc_document/11228920.pdf HTTP/1.0" 404 318 "-" "Mozilla/5.0 (Linux; Android 5.0) AppleWebKit/537.36 (KHTML, like Gecko) Mobile Safari/537.36 (compatible; Bytespider; spider-feedback@bytedance.com)"
156.59.198.135 - - [11/Apr/2025:21:18:16 +0200] "GET /renault.2web.at/htdocs/export/pdf/emuc_document/11213713.pdf HTTP/1.0" 404 319 "-" "Mozilla/5.0 (Linux; Android 5.0) AppleWebKit/537.36 (KHTML, like Gecko) Mobile Safari/537.36 (compatible; Bytespider; spider-feedback@bytedance.com)"
156.59.198.136 - - [11/Apr/2025:21:18:25 +0200] "GET /renault.2web.at/htdocs/export/pdf/emuc_document/12490494.pdf HTTP/1.0" 404 318 "-" "Mozilla/5.0 (Linux; Android 5.0) AppleWebKit/537.36 (KHTML, like Gecko) Mobile Safari/537.36 (compatible; Bytespider; spider-feedback@bytedance.com)"
156.59.198.136 - - [11/Apr/2025:21:18:35 +0200] "GET /renault.2web.at/htdocs/export/pdf/emuc_document/11354054.pdf HTTP/1.0" 404 318 "-" "Mozilla/5.0 (Linux; Android 5.0) AppleWebKit/537.36 (KHTML, like Gecko) Mobile Safari/537.36 (compatible; Bytespider; spider-feedback@bytedance.com)"
156.59.198.136 - - [11/Apr/2025:21:18:43 +0200] "GET /renault.2web.at/htdocs/export/pdf/emuc_document/10371164.pdf HTTP/1.0" 404 319 "-" "Mozilla/5.0 (Linux; Android 5.0) AppleWebKit/537.36 (KHTML, like Gecko) Mobile Safari/537.36 (compatible; Bytespider; spider-feedback@bytedance.com)"
196.251.85.238 - - [11/Apr/2025:21:19:16 +0200] "GET /login.rsp HTTP/1.1" 404 354 "-" "Hello World"
94.181.149.142 - - [11/Apr/2025:21:19:57 +0200] "GET / HTTP/1.0" 200 423 "http://triadian.castlegem.co.uk/" "Mozilla/5.0 (Windows NT 6.2; Win64; x64) AppleWebKit/537.36 (KHTML, like Gecko) Chrome/103.0.0.0 Safari/537.36"
154.81.156.54 - - [11/Apr/2025:21:23:21 +0200] "GET / HTTP/1.1" 200 274 "-" "Mozilla/5.0 (Windows NT 10.0; Win64; x64) AppleWebKit/537.36 (KHTML, like Gecko) Chrome/90.0.4430.85 Safari/537.36 Edg/90.0.818.46"
156.59.198.136 - - [11/Apr/2025:21:24:56 +0200] "GET /renault.activities.at/htdocs/export/pdf/emuc_document/11792509.pdf HTTP/1.0" 404 322 "-" "Mozilla/5.0 (Linux; Android 5.0) AppleWebKit/537.36 (KHTML, like Gecko) Mobile Safari/537.36 (compatible; Bytespider; spider-feedback@bytedance.com)"
156.59.198.135 - - [11/Apr/2025:21:25:05 +0200] "GET /renault.activities.at/htdocs/export/pdf/emuc_document/11918431.pdf HTTP/1.0" 404 322 "-" "Mozilla/5.0 (Linux; Android 5.0) AppleWebKit/537.36 (KHTML, like Gecko) Mobile Safari/537.36 (compatible; Bytespider; spider-feedback@bytedance.com)"
156.59.198.135 - - [11/Apr/2025:21:25:13 +0200] "GET /renault.activities.at/htdocs/export/pdf/emuc_document/10608935.pdf HTTP/1.0" 404 322 "-" "Mozilla/5.0 (Linux; Android 5.0) AppleWebKit/537.36 (KHTML, like Gecko) Mobile Safari/537.36 (compatible; Bytespider; spider-feedback@bytedance.com)"
156.59.198.136 - - [11/Apr/2025:21:25:22 +0200] "GET /renault.2web.at/htdocs/export/pdf/emuc_document/10777706.pdf HTTP/1.0" 404 318 "-" "Mozilla/5.0 (Linux; Android 5.0) AppleWebKit/537.36 (KHTML, like Gecko) Mobile Safari/537.36 (compatible; Bytespider; spider-feedback@bytedance.com)"
156.59.198.136 - - [11/Apr/2025:21:25:31 +0200] "GET /renault.activities.at/htdocs/export/pdf/emuc_document/12383486.pdf HTTP/1.0" 404 322 "-" "Mozilla/5.0 (Linux; Android 5.0) AppleWebKit/537.36 (KHTML, like Gecko) Mobile Safari/537.36 (compatible; Bytespider; spider-feedback@bytedance.com)"
156.59.198.136 - - [11/Apr/2025:21:25:39 +0200] "GET /renault.2web.at/htdocs/export/pdf/emuc_document/11035923.pdf HTTP/1.0" 404 319 "-" "Mozilla/5.0 (Linux; Android 5.0) AppleWebKit/537.36 (KHTML, like Gecko) Mobile Safari/537.36 (compatible; Bytespider; spider-feedback@bytedance.com)"
156.59.198.136 - - [11/Apr/2025:21:25:48 +0200] "GET /renault.2web.at/htdocs/export/pdf/emuc_document/11133866.pdf HTTP/1.0" 404 318 "-" "Mozilla/5.0 (Linux; Android 5.0) AppleWebKit/537.36 (KHTML, like Gecko) Mobile Safari/537.36 (compatible; Bytespider; spider-feedback@bytedance.com)"
156.59.198.136 - - [11/Apr/2025:21:25:57 +0200] "GET /renault.2web.at/htdocs/export/pdf/emuc_document/12323210.pdf HTTP/1.0" 404 317 "-" "Mozilla/5.0 (Linux; Android 5.0) AppleWebKit/537.36 (KHTML, like Gecko) Mobile Safari/537.36 (compatible; Bytespider; spider-feedback@bytedance.com)"
156.59.198.135 - - [11/Apr/2025:21:26:05 +0200] "GET /renault.activities.at/htdocs/export/pdf/emuc_document/11629522.pdf HTTP/1.0" 404 321 "-" "Mozilla/5.0 (Linux; Android 5.0) AppleWebKit/537.36 (KHTML, like Gecko) Mobile Safari/537.36 (compatible; Bytespider; spider-feedback@bytedance.com)"
156.59.198.135 - - [11/Apr/2025:21:26:15 +0200] "GET /renault.2web.at/htdocs/export/pdf/emuc_document/10403604.pdf HTTP/1.0" 404 318 "-" "Mozilla/5.0 (Linux; Android 5.0) AppleWebKit/537.36 (KHTML, like Gecko) Mobile Safari/537.36 (compatible; Bytespider; spider-feedback@bytedance.com)"
156.59.198.136 - - [11/Apr/2025:21:26:24 +0200] "GET /renault.activities.at/htdocs/export/pdf/emuc_document/12226276.pdf HTTP/1.0" 404 322 "-" "Mozilla/5.0 (Linux; Android 5.0) AppleWebKit/537.36 (KHTML, like Gecko) Mobile Safari/537.36 (compatible; Bytespider; spider-feedback@bytedance.com)"
154.81.156.54 - - [11/Apr/2025:21:30:58 +0200] "GET / HTTP/1.1" 200 274 "-" "Mozilla/5.0 (Windows NT 10.0; Win64; x64) AppleWebKit/537.36 (KHTML, like Gecko) Chrome/90.0.4430.85 Safari/537.36 Edg/90.0.818.46"
151.106.166.60 - - [11/Apr/2025:21:34:05 +0200] "GET /gallery/image.php?mode=medium&album_id=1&image_id=112&sid=e47e531571b9d218552fcc461f0a3183 HTTP/1.1" 404 297 "-" "Mozilla/5.0 (X11; Ubuntu; Linux x86_64; rv:72.0) Gecko/20100101 Firefox/72.0"
151.106.166.60 - - [11/Apr/2025:21:34:06 +0200] "GET /gallery/image.php?mode=medium&album_id=1&image_id=112&sid=e47e531571b9d218552fcc461f0a3183 HTTP/1.1" 404 297 "-" "Mozilla/5.0 (X11; Ubuntu; Linux x86_64; rv:72.0) Gecko/20100101 Firefox/72.0"
151.106.166.60 - - [11/Apr/2025:21:34:06 +0200] "GET /gallery/image.php?mode=medium&album_id=1&image_id=112&sid=e47e531571b9d218552fcc461f0a3183 HTTP/1.1" 404 297 "-" "Mozilla/5.0 (X11; Ubuntu; Linux x86_64; rv:72.0) Gecko/20100101 Firefox/72.0"
151.106.169.235 - - [11/Apr/2025:21:37:50 +0200] "GET /cron.php?cron_type=tidy_cache&sid=0d672f6779d508568a148d08aa36dbb4 HTTP/1.1" 404 290 "-" "Mozilla/5.0 (X11; Ubuntu; Linux x86_64; rv:72.0) Gecko/20100101 Firefox/72.0"
151.106.169.235 - - [11/Apr/2025:21:37:50 +0200] "GET /cron.php?cron_type=tidy_cache&sid=0d672f6779d508568a148d08aa36dbb4 HTTP/1.1" 404 290 "-" "Mozilla/5.0 (X11; Ubuntu; Linux x86_64; rv:72.0) Gecko/20100101 Firefox/72.0"
151.106.169.235 - - [11/Apr/2025:21:37:51 +0200] "GET /cron.php?cron_type=tidy_cache&sid=0d672f6779d508568a148d08aa36dbb4 HTTP/1.1" 404 290 "-" "Mozilla/5.0 (X11; Ubuntu; Linux x86_64; rv:72.0) Gecko/20100101 Firefox/72.0"
115.231.78.11 - - [11/Apr/2025:21:45:24 +0200] "GET / HTTP/1.1" 200 423 "-" "Mozilla/5.0 (Windows NT 6.1) AppleWebKit/537.36 (KHTML, like Gecko) Chrome/71.0.2623.112 Safari/537.36"
115.231.78.11 - - [11/Apr/2025:21:45:24 +0200] "GET /activities.ico HTTP/1.1" 200 1406 "-" "Mozilla/5.0 (Windows NT 6.1; WOW64) AppleWebKit/537.36 (KHTML, like Gecko) Chrome/63.0.3239.132 Safari/537.36 QIHU 360SE"
115.231.78.11 - - [11/Apr/2025:21:45:24 +0200] "GET /robots.txt HTTP/1.1" 404 284 "-" "Mozilla/5.0 (Windows NT 6.1; WOW64) AppleWebKit/537.36 (KHTML, like Gecko) Chrome/63.0.3239.132 Safari/537.36 QIHU 360SE"
156.59.198.136 - - [11/Apr/2025:21:46:05 +0200] "GET /renault.2web.at/htdocs/export/pdf/emuc_document/11298047.pdf HTTP/1.0" 404 319 "-" "Mozilla/5.0 (Linux; Android 5.0) AppleWebKit/537.36 (KHTML, like Gecko) Mobile Safari/537.36 (compatible; Bytespider; spider-feedback@bytedance.com)"
156.59.198.136 - - [11/Apr/2025:21:46:13 +0200] "GET /renault.2web.at/htdocs/export/pdf/emuc_document/12466124.pdf HTTP/1.0" 404 317 "-" "Mozilla/5.0 (Linux; Android 5.0) AppleWebKit/537.36 (KHTML, like Gecko) Mobile Safari/537.36 (compatible; Bytespider; spider-feedback@bytedance.com)"
156.59.198.136 - - [11/Apr/2025:21:46:22 +0200] "GET /renault.2web.at/htdocs/export/pdf/emuc_document/11358856.pdf HTTP/1.0" 404 319 "-" "Mozilla/5.0 (Linux; Android 5.0) AppleWebKit/537.36 (KHTML, like Gecko) Mobile Safari/537.36 (compatible; Bytespider; spider-feedback@bytedance.com)"
156.59.198.136 - - [11/Apr/2025:21:46:30 +0200] "GET /renault.2web.at/htdocs/export/pdf/emuc_document/11133488.pdf HTTP/1.0" 404 318 "-" "Mozilla/5.0 (Linux; Android 5.0) AppleWebKit/537.36 (KHTML, like Gecko) Mobile Safari/537.36 (compatible; Bytespider; spider-feedback@bytedance.com)"
156.59.198.135 - - [11/Apr/2025:21:46:40 +0200] "GET /renault.2web.at/htdocs/export/pdf/emuc_document/11470767.pdf HTTP/1.0" 404 319 "-" "Mozilla/5.0 (Linux; Android 5.0) AppleWebKit/537.36 (KHTML, like Gecko) Mobile Safari/537.36 (compatible; Bytespider; spider-feedback@bytedance.com)"
156.59.198.136 - - [11/Apr/2025:21:46:48 +0200] "GET /renault.activities.at/htdocs/export/pdf/emuc_document/11089792.pdf HTTP/1.0" 404 322 "-" "Mozilla/5.0 (Linux; Android 5.0) AppleWebKit/537.36 (KHTML, like Gecko) Mobile Safari/537.36 (compatible; Bytespider; spider-feedback@bytedance.com)"
156.59.198.136 - - [11/Apr/2025:21:46:57 +0200] "GET /renault.2web.at/htdocs/export/pdf/emuc_document/10694180.pdf HTTP/1.0" 404 318 "-" "Mozilla/5.0 (Linux; Android 5.0) AppleWebKit/537.36 (KHTML, like Gecko) Mobile Safari/537.36 (compatible; Bytespider; spider-feedback@bytedance.com)"
156.59.198.136 - - [11/Apr/2025:21:47:06 +0200] "GET /renault.2web.at/htdocs/export/pdf/emuc_document/11626542.pdf HTTP/1.0" 404 318 "-" "Mozilla/5.0 (Linux; Android 5.0) AppleWebKit/537.36 (KHTML, like Gecko) Mobile Safari/537.36 (compatible; Bytespider; spider-feedback@bytedance.com)"
156.59.198.136 - - [11/Apr/2025:21:47:14 +0200] "GET /renault.2web.at/htdocs/export/pdf/emuc_document/11918431.pdf HTTP/1.0" 404 318 "-" "Mozilla/5.0 (Linux; Android 5.0) AppleWebKit/537.36 (KHTML, like Gecko) Mobile Safari/537.36 (compatible; Bytespider; spider-feedback@bytedance.com)"
156.59.198.135 - - [11/Apr/2025:21:47:23 +0200] "GET /renault.2web.at/htdocs/export/pdf/emuc_document/11379367.pdf HTTP/1.0" 404 319 "-" "Mozilla/5.0 (Linux; Android 5.0) AppleWebKit/537.36 (KHTML, like Gecko) Mobile Safari/537.36 (compatible; Bytespider; spider-feedback@bytedance.com)"
156.59.198.135 - - [11/Apr/2025:21:47:33 +0200] "GET /renault.activities.at/htdocs/export/pdf/emuc_document/11379628.pdf HTTP/1.0" 404 322 "-" "Mozilla/5.0 (Linux; Android 5.0) AppleWebKit/537.36 (KHTML, like Gecko) Mobile Safari/537.36 (compatible; Bytespider; spider-feedback@bytedance.com)"
151.106.180.26 - - [11/Apr/2025:21:52:31 +0200] "GET /download/file.php?id=250&sid=4f90275dd0560d07d2f6c26fd482480d HTTP/1.1" 404 297 "-" "Mozilla/5.0 (X11; Ubuntu; Linux x86_64; rv:72.0) Gecko/20100101 Firefox/72.0"
151.106.180.26 - - [11/Apr/2025:21:52:31 +0200] "GET /download/file.php?id=250&sid=4f90275dd0560d07d2f6c26fd482480d HTTP/1.1" 404 297 "-" "Mozilla/5.0 (X11; Ubuntu; Linux x86_64; rv:72.0) Gecko/20100101 Firefox/72.0"
151.106.180.26 - - [11/Apr/2025:21:52:31 +0200] "GET /download/file.php?id=250&sid=4f90275dd0560d07d2f6c26fd482480d HTTP/1.1" 404 297 "-" "Mozilla/5.0 (X11; Ubuntu; Linux x86_64; rv:72.0) Gecko/20100101 Firefox/72.0"
156.59.198.135 - - [11/Apr/2025:21:52:36 +0200] "GET /renault.activities.at/htdocs/export/pdf/emuc_document/12022138.pdf HTTP/1.0" 404 322 "-" "Mozilla/5.0 (Linux; Android 5.0) AppleWebKit/537.36 (KHTML, like Gecko) Mobile Safari/537.36 (compatible; Bytespider; spider-feedback@bytedance.com)"
151.106.164.53 - - [11/Apr/2025:21:52:41 +0200] "GET /cron.php?cron_type=tidy_cache&sid=9b1988e395c382a9ad16c6f6c39e4f18 HTTP/1.1" 404 290 "-" "Mozilla/5.0 (X11; Ubuntu; Linux x86_64; rv:72.0) Gecko/20100101 Firefox/72.0"
151.106.164.53 - - [11/Apr/2025:21:52:41 +0200] "GET /cron.php?cron_type=tidy_cache&sid=9b1988e395c382a9ad16c6f6c39e4f18 HTTP/1.1" 404 290 "-" "Mozilla/5.0 (X11; Ubuntu; Linux x86_64; rv:72.0) Gecko/20100101 Firefox/72.0"
151.106.164.53 - - [11/Apr/2025:21:52:41 +0200] "GET /cron.php?cron_type=tidy_cache&sid=9b1988e395c382a9ad16c6f6c39e4f18 HTTP/1.1" 404 290 "-" "Mozilla/5.0 (X11; Ubuntu; Linux x86_64; rv:72.0) Gecko/20100101 Firefox/72.0"
156.59.198.136 - - [11/Apr/2025:21:52:45 +0200] "GET /renault.2web.at/htdocs/export/pdf/emuc_document/10609119.pdf HTTP/1.0" 404 318 "-" "Mozilla/5.0 (Linux; Android 5.0) AppleWebKit/537.36 (KHTML, like Gecko) Mobile Safari/537.36 (compatible; Bytespider; spider-feedback@bytedance.com)"
156.59.198.135 - - [11/Apr/2025:21:52:54 +0200] "GET /renault.2web.at/htdocs/export/pdf/emuc_document/11818683.pdf HTTP/1.0" 404 318 "-" "Mozilla/5.0 (Linux; Android 5.0) AppleWebKit/537.36 (KHTML, like Gecko) Mobile Safari/537.36 (compatible; Bytespider; spider-feedback@bytedance.com)"
156.59.198.135 - - [11/Apr/2025:21:53:03 +0200] "GET /renault.2web.at/htdocs/export/pdf/emuc_document/11054514.pdf HTTP/1.0" 404 318 "-" "Mozilla/5.0 (Linux; Android 5.0) AppleWebKit/537.36 (KHTML, like Gecko) Mobile Safari/537.36 (compatible; Bytespider; spider-feedback@bytedance.com)"
104.234.50.80 - - [11/Apr/2025:21:53:07 +0200] "GET / HTTP/1.0" 200 423 "-" "Mozilla/5.0 (Windows; U; MSIE 9.0; Windows NT 9.1; en-US)"
156.59.198.135 - - [11/Apr/2025:21:53:12 +0200] "GET /renault.activities.at/htdocs/export/pdf/emuc_document/11671129.pdf HTTP/1.0" 404 321 "-" "Mozilla/5.0 (Linux; Android 5.0) AppleWebKit/537.36 (KHTML, like Gecko) Mobile Safari/537.36 (compatible; Bytespider; spider-feedback@bytedance.com)"
156.59.198.136 - - [11/Apr/2025:21:53:21 +0200] "GET /renault.activities.at/htdocs/export/pdf/emuc_document/12471177.pdf HTTP/1.0" 404 322 "-" "Mozilla/5.0 (Linux; Android 5.0) AppleWebKit/537.36 (KHTML, like Gecko) Mobile Safari/537.36 (compatible; Bytespider; spider-feedback@bytedance.com)"
156.59.198.135 - - [11/Apr/2025:21:53:30 +0200] "GET /renault.2web.at/htdocs/export/pdf/emuc_document/11907331.pdf HTTP/1.0" 404 319 "-" "Mozilla/5.0 (Linux; Android 5.0) AppleWebKit/537.36 (KHTML, like Gecko) Mobile Safari/537.36 (compatible; Bytespider; spider-feedback@bytedance.com)"
156.59.198.136 - - [11/Apr/2025:21:53:39 +0200] "GET /renault.activities.at/htdocs/export/pdf/emuc_document/12149489.pdf HTTP/1.0" 404 321 "-" "Mozilla/5.0 (Linux; Android 5.0) AppleWebKit/537.36 (KHTML, like Gecko) Mobile Safari/537.36 (compatible; Bytespider; spider-feedback@bytedance.com)"
156.59.198.135 - - [11/Apr/2025:21:53:47 +0200] "GET /renault.2web.at/htdocs/export/pdf/emuc_document/11757512.pdf HTTP/1.0" 404 319 "-" "Mozilla/5.0 (Linux; Android 5.0) AppleWebKit/537.36 (KHTML, like Gecko) Mobile Safari/537.36 (compatible; Bytespider; spider-feedback@bytedance.com)"
156.59.198.135 - - [11/Apr/2025:21:53:55 +0200] "GET /renault.2web.at/htdocs/export/pdf/emuc_document/11951693.pdf HTTP/1.0" 404 318 "-" "Mozilla/5.0 (Linux; Android 5.0) AppleWebKit/537.36 (KHTML, like Gecko) Mobile Safari/537.36 (compatible; Bytespider; spider-feedback@bytedance.com)"
156.59.198.136 - - [11/Apr/2025:21:54:05 +0200] "GET /renault.activities.at/htdocs/export/pdf/emuc_document/11531801.pdf HTTP/1.0" 404 322 "-" "Mozilla/5.0 (Linux; Android 5.0) AppleWebKit/537.36 (KHTML, like Gecko) Mobile Safari/537.36 (compatible; Bytespider; spider-feedback@bytedance.com)"
156.59.198.135 - - [11/Apr/2025:21:54:14 +0200] "GET /renault.activities.at/htdocs/export/pdf/emuc_document/11763022.pdf HTTP/1.0" 404 322 "-" "Mozilla/5.0 (Linux; Android 5.0) AppleWebKit/537.36 (KHTML, like Gecko) Mobile Safari/537.36 (compatible; Bytespider; spider-feedback@bytedance.com)"
156.59.198.135 - - [11/Apr/2025:21:54:22 +0200] "GET /renault.2web.at/htdocs/export/pdf/emuc_document/11124956.pdf HTTP/1.0" 404 318 "-" "Mozilla/5.0 (Linux; Android 5.0) AppleWebKit/537.36 (KHTML, like Gecko) Mobile Safari/537.36 (compatible; Bytespider; spider-feedback@bytedance.com)"
156.59.198.135 - - [11/Apr/2025:21:54:31 +0200] "GET /renault.activities.at/htdocs/export/pdf/emuc_document/10936565.pdf HTTP/1.0" 404 322 "-" "Mozilla/5.0 (Linux; Android 5.0) AppleWebKit/537.36 (KHTML, like Gecko) Mobile Safari/537.36 (compatible; Bytespider; spider-feedback@bytedance.com)"
156.59.198.136 - - [11/Apr/2025:21:54:39 +0200] "GET /renault.activities.at/htdocs/export/pdf/emuc_document/11126955.pdf HTTP/1.0" 404 321 "-" "Mozilla/5.0 (Linux; Android 5.0) AppleWebKit/537.36 (KHTML, like Gecko) Mobile Safari/537.36 (compatible; Bytespider; spider-feedback@bytedance.com)"
156.59.198.135 - - [11/Apr/2025:21:54:49 +0200] "GET /renault.activities.at/htdocs/export/pdf/emuc_document/12127463.pdf HTTP/1.0" 404 323 "-" "Mozilla/5.0 (Linux; Android 5.0) AppleWebKit/537.36 (KHTML, like Gecko) Mobile Safari/537.36 (compatible; Bytespider; spider-feedback@bytedance.com)"
156.59.198.135 - - [11/Apr/2025:21:54:57 +0200] "GET /renault.2web.at/htdocs/export/pdf/emuc_document/10770120.pdf HTTP/1.0" 404 318 "-" "Mozilla/5.0 (Linux; Android 5.0) AppleWebKit/537.36 (KHTML, like Gecko) Mobile Safari/537.36 (compatible; Bytespider; spider-feedback@bytedance.com)"
156.59.198.135 - - [11/Apr/2025:21:55:06 +0200] "GET /renault.2web.at/htdocs/export/pdf/emuc_document/11213732.pdf HTTP/1.0" 404 319 "-" "Mozilla/5.0 (Linux; Android 5.0) AppleWebKit/537.36 (KHTML, like Gecko) Mobile Safari/537.36 (compatible; Bytespider; spider-feedback@bytedance.com)"
154.81.156.54 - - [11/Apr/2025:21:55:10 +0200] "GET / HTTP/1.1" 200 274 "-" "Mozilla/5.0 (Windows NT 10.0; Win64; x64) AppleWebKit/537.36 (KHTML, like Gecko) Chrome/90.0.4430.85 Safari/537.36 Edg/90.0.818.46"
198.12.65.32 - - [11/Apr/2025:21:56:49 +0200] "GET / HTTP/1.1" 200 423 "-" "Mozilla/5.0 (Windows NT 10.0; Win64; x64) AppleWebKit/537.36 (KHTML, like Gecko) Chrome/77.0.3865.120 Safari/537.36"
198.12.65.32 - - [11/Apr/2025:21:56:50 +0200] "GET / HTTP/1.1" 200 423 "-" "Mozilla/5.0 (Windows NT 10.0; Win64; x64) AppleWebKit/537.36 (KHTML, like Gecko) Chrome/77.0.3865.120 Safari/537.36"
198.12.65.32 - - [11/Apr/2025:21:56:50 +0200] "GET /activities.ico HTTP/1.1" 200 1406 "-" "Mozilla/5.0 (Windows NT 10.0; Win64; x64) AppleWebKit/537.36 (KHTML, like Gecko) Chrome/77.0.3865.120 Safari/537.36"
156.59.198.136 - - [11/Apr/2025:21:57:15 +0200] "GET /renault.activities.at/htdocs/export/pdf/emuc_document/11646732.pdf HTTP/1.0" 404 322 "-" "Mozilla/5.0 (Linux; Android 5.0) AppleWebKit/537.36 (KHTML, like Gecko) Mobile Safari/537.36 (compatible; Bytespider; spider-feedback@bytedance.com)"
156.59.198.136 - - [11/Apr/2025:21:57:25 +0200] "GET /renault.2web.at/htdocs/export/pdf/emuc_document/11380777.pdf HTTP/1.0" 404 319 "-" "Mozilla/5.0 (Linux; Android 5.0) AppleWebKit/537.36 (KHTML, like Gecko) Mobile Safari/537.36 (compatible; Bytespider; spider-feedback@bytedance.com)"
156.59.198.136 - - [11/Apr/2025:21:57:33 +0200] "GET /renault.2web.at/htdocs/export/pdf/emuc_document/12148912.pdf HTTP/1.0" 404 318 "-" "Mozilla/5.0 (Linux; Android 5.0) AppleWebKit/537.36 (KHTML, like Gecko) Mobile Safari/537.36 (compatible; Bytespider; spider-feedback@bytedance.com)"
156.59.198.135 - - [11/Apr/2025:21:57:42 +0200] "GET /renault.activities.at/htdocs/export/pdf/emuc_document/11824114.pdf HTTP/1.0" 404 321 "-" "Mozilla/5.0 (Linux; Android 5.0) AppleWebKit/537.36 (KHTML, like Gecko) Mobile Safari/537.36 (compatible; Bytespider; spider-feedback@bytedance.com)"
156.59.198.136 - - [11/Apr/2025:21:57:51 +0200] "GET /renault.2web.at/htdocs/export/pdf/emuc_document/12022636.pdf HTTP/1.0" 404 318 "-" "Mozilla/5.0 (Linux; Android 5.0) AppleWebKit/537.36 (KHTML, like Gecko) Mobile Safari/537.36 (compatible; Bytespider; spider-feedback@bytedance.com)"
156.59.198.136 - - [11/Apr/2025:21:57:59 +0200] "GET /renault.activities.at/htdocs/export/pdf/emuc_document/10608348.pdf HTTP/1.0" 404 322 "-" "Mozilla/5.0 (Linux; Android 5.0) AppleWebKit/537.36 (KHTML, like Gecko) Mobile Safari/537.36 (compatible; Bytespider; spider-feedback@bytedance.com)"
156.59.198.136 - - [11/Apr/2025:21:58:08 +0200] "GET /renault.2web.at/htdocs/export/pdf/emuc_document/11531765.pdf HTTP/1.0" 404 319 "-" "Mozilla/5.0 (Linux; Android 5.0) AppleWebKit/537.36 (KHTML, like Gecko) Mobile Safari/537.36 (compatible; Bytespider; spider-feedback@bytedance.com)"
156.59.198.135 - - [11/Apr/2025:21:58:16 +0200] "GET /renault.activities.at/htdocs/export/pdf/emuc_document/11282168.pdf HTTP/1.0" 404 321 "-" "Mozilla/5.0 (Linux; Android 5.0) AppleWebKit/537.36 (KHTML, like Gecko) Mobile Safari/537.36 (compatible; Bytespider; spider-feedback@bytedance.com)"
156.59.198.136 - - [11/Apr/2025:21:58:25 +0200] "GET /renault.2web.at/htdocs/export/pdf/emuc_document/10426361.pdf HTTP/1.0" 404 319 "-" "Mozilla/5.0 (Linux; Android 5.0) AppleWebKit/537.36 (KHTML, like Gecko) Mobile Safari/537.36 (compatible; Bytespider; spider-feedback@bytedance.com)"
156.59.198.135 - - [11/Apr/2025:21:58:34 +0200] "GET /renault.2web.at/htdocs/export/pdf/emuc_document/10619234.pdf HTTP/1.0" 404 319 "-" "Mozilla/5.0 (Linux; Android 5.0) AppleWebKit/537.36 (KHTML, like Gecko) Mobile Safari/537.36 (compatible; Bytespider; spider-feedback@bytedance.com)"
185.218.86.4 - - [11/Apr/2025:21:58:53 +0200] "GET / HTTP/1.1" 200 274 "-" "Mozilla/5.0 (Windows NT 10.0; Win64; x64) AppleWebKit/537.36 (KHTML, like Gecko) Chrome/90.0.4430.85 Safari/537.36 Edg/90.0.818.46"
151.106.162.8 - - [11/Apr/2025:22:00:35 +0200] "GET /cron.php?cron_type=tidy_cache&sid=d8722c610946994e09586380e96a5549 HTTP/1.1" 404 290 "-" "Mozilla/5.0 (X11; Ubuntu; Linux x86_64; rv:72.0) Gecko/20100101 Firefox/72.0"
151.106.162.8 - - [11/Apr/2025:22:00:35 +0200] "GET /cron.php?cron_type=tidy_cache&sid=d8722c610946994e09586380e96a5549 HTTP/1.1" 404 290 "-" "Mozilla/5.0 (X11; Ubuntu; Linux x86_64; rv:72.0) Gecko/20100101 Firefox/72.0"
151.106.162.8 - - [11/Apr/2025:22:00:35 +0200] "GET /cron.php?cron_type=tidy_cache&sid=d8722c610946994e09586380e96a5549 HTTP/1.1" 404 290 "-" "Mozilla/5.0 (X11; Ubuntu; Linux x86_64; rv:72.0) Gecko/20100101 Firefox/72.0"
156.59.198.135 - - [11/Apr/2025:22:04:16 +0200] "GET /renault.2web.at/htdocs/export/pdf/emuc_document/12493053.pdf HTTP/1.0" 404 319 "-" "Mozilla/5.0 (Linux; Android 5.0) AppleWebKit/537.36 (KHTML, like Gecko) Mobile Safari/537.36 (compatible; Bytespider; spider-feedback@bytedance.com)"
156.59.198.135 - - [11/Apr/2025:22:05:55 +0200] "GET /renault.2web.at/htdocs/export/pdf/emuc_document/11037546.pdf HTTP/1.0" 404 319 "-" "Mozilla/5.0 (Linux; Android 5.0) AppleWebKit/537.36 (KHTML, like Gecko) Mobile Safari/537.36 (compatible; Bytespider; spider-feedback@bytedance.com)"
