156.59.198.135 - - [12/Apr/2025:05:47:29 +0200] "GET /renault.2web.at/htdocs/export/pdf/emuc_document/10430418.pdf HTTP/1.0" 404 318 "-" "Mozilla/5.0 (Linux; Android 5.0) AppleWebKit/537.36 (KHTML, like Gecko) Mobile Safari/537.36 (compatible; Bytespider; spider-feedback@bytedance.com)"
151.106.169.76 - - [12/Apr/2025:05:48:37 +0200] "GET /download/file.php?id=250&sid=bd71b09cf2747b62212fa64764280903 HTTP/1.1" 404 297 "-" "Mozilla/5.0 (X11; Ubuntu; Linux x86_64; rv:72.0) Gecko/20100101 Firefox/72.0"
151.106.169.76 - - [12/Apr/2025:05:48:37 +0200] "GET /download/file.php?id=250&sid=bd71b09cf2747b62212fa64764280903 HTTP/1.1" 404 297 "-" "Mozilla/5.0 (X11; Ubuntu; Linux x86_64; rv:72.0) Gecko/20100101 Firefox/72.0"
151.106.169.76 - - [12/Apr/2025:05:48:38 +0200] "GET /download/file.php?id=250&sid=bd71b09cf2747b62212fa64764280903 HTTP/1.1" 404 297 "-" "Mozilla/5.0 (X11; Ubuntu; Linux x86_64; rv:72.0) Gecko/20100101 Firefox/72.0"
151.106.164.53 - - [12/Apr/2025:05:49:25 +0200] "GET /cron.php?cron_type=tidy_warnings&sid=87b573db916d6c72c256479baad88853 HTTP/1.1" 404 290 "-" "Mozilla/5.0 (X11; Ubuntu; Linux x86_64; rv:72.0) Gecko/20100101 Firefox/72.0"
151.106.164.53 - - [12/Apr/2025:05:49:25 +0200] "GET /cron.php?cron_type=tidy_warnings&sid=87b573db916d6c72c256479baad88853 HTTP/1.1" 404 290 "-" "Mozilla/5.0 (X11; Ubuntu; Linux x86_64; rv:72.0) Gecko/20100101 Firefox/72.0"
151.106.164.53 - - [12/Apr/2025:05:49:25 +0200] "GET /cron.php?cron_type=tidy_warnings&sid=87b573db916d6c72c256479baad88853 HTTP/1.1" 404 290 "-" "Mozilla/5.0 (X11; Ubuntu; Linux x86_64; rv:72.0) Gecko/20100101 Firefox/72.0"
156.59.198.135 - - [12/Apr/2025:05:52:08 +0200] "GET /renault.activities.at/htdocs/export/pdf/emuc_document/11148739.pdf HTTP/1.0" 404 322 "-" "Mozilla/5.0 (Linux; Android 5.0) AppleWebKit/537.36 (KHTML, like Gecko) Mobile Safari/537.36 (compatible; Bytespider; spider-feedback@bytedance.com)"
156.59.198.135 - - [12/Apr/2025:05:52:17 +0200] "GET /renault.activities.at/htdocs/export/pdf/emuc_document/10998581.pdf HTTP/1.0" 404 322 "-" "Mozilla/5.0 (Linux; Android 5.0) AppleWebKit/537.36 (KHTML, like Gecko) Mobile Safari/537.36 (compatible; Bytespider; spider-feedback@bytedance.com)"
156.59.198.136 - - [12/Apr/2025:05:52:26 +0200] "GET /renault.2web.at/htdocs/export/pdf/emuc_document/11536822.pdf HTTP/1.0" 404 318 "-" "Mozilla/5.0 (Linux; Android 5.0) AppleWebKit/537.36 (KHTML, like Gecko) Mobile Safari/537.36 (compatible; Bytespider; spider-feedback@bytedance.com)"
156.59.198.135 - - [12/Apr/2025:05:52:34 +0200] "GET /renault.activities.at/htdocs/export/pdf/emuc_document/12135544.pdf HTTP/1.0" 404 322 "-" "Mozilla/5.0 (Linux; Android 5.0) AppleWebKit/537.36 (KHTML, like Gecko) Mobile Safari/537.36 (compatible; Bytespider; spider-feedback@bytedance.com)"
156.59.198.135 - - [12/Apr/2025:05:52:44 +0200] "GET /renault.activities.at/htdocs/export/pdf/emuc_document/10949102.pdf HTTP/1.0" 404 321 "-" "Mozilla/5.0 (Linux; Android 5.0) AppleWebKit/537.36 (KHTML, like Gecko) Mobile Safari/537.36 (compatible; Bytespider; spider-feedback@bytedance.com)"
156.59.198.135 - - [12/Apr/2025:05:52:52 +0200] "GET /renault.2web.at/htdocs/export/pdf/emuc_document/10608506.pdf HTTP/1.0" 404 318 "-" "Mozilla/5.0 (Linux; Android 5.0) AppleWebKit/537.36 (KHTML, like Gecko) Mobile Safari/537.36 (compatible; Bytespider; spider-feedback@bytedance.com)"
185.242.226.116 - - [12/Apr/2025:05:53:43 +0200] "\x16\x03\x01\x02" 400 383 "-" "-"
151.106.169.76 - - [12/Apr/2025:05:55:06 +0200] "GET /download/file.php?id=253&sid=8ed97c090a0d95f4c7d82e6f7f7dab86 HTTP/1.1" 404 297 "-" "Mozilla/5.0 (X11; Ubuntu; Linux x86_64; rv:72.0) Gecko/20100101 Firefox/72.0"
151.106.169.76 - - [12/Apr/2025:05:55:07 +0200] "GET /download/file.php?id=253&sid=8ed97c090a0d95f4c7d82e6f7f7dab86 HTTP/1.1" 404 297 "-" "Mozilla/5.0 (X11; Ubuntu; Linux x86_64; rv:72.0) Gecko/20100101 Firefox/72.0"
151.106.169.76 - - [12/Apr/2025:05:55:07 +0200] "GET /download/file.php?id=253&sid=8ed97c090a0d95f4c7d82e6f7f7dab86 HTTP/1.1" 404 297 "-" "Mozilla/5.0 (X11; Ubuntu; Linux x86_64; rv:72.0) Gecko/20100101 Firefox/72.0"
154.81.156.54 - - [12/Apr/2025:05:55:55 +0200] "GET / HTTP/1.1" 200 274 "-" "Mozilla/5.0 (Windows NT 10.0; Win64; x64) AppleWebKit/537.36 (KHTML, like Gecko) Chrome/90.0.4430.85 Safari/537.36 Edg/90.0.818.46"
151.106.177.184 - - [12/Apr/2025:05:56:29 +0200] "GET /cron.php?cron_type=tidy_sessions&sid=5c152e5c49883cf384e09aec46a2ee3e HTTP/1.1" 404 290 "-" "Mozilla/5.0 (X11; Ubuntu; Linux x86_64; rv:72.0) Gecko/20100101 Firefox/72.0"
151.106.177.184 - - [12/Apr/2025:05:56:30 +0200] "GET /cron.php?cron_type=tidy_sessions&sid=5c152e5c49883cf384e09aec46a2ee3e HTTP/1.1" 404 290 "-" "Mozilla/5.0 (X11; Ubuntu; Linux x86_64; rv:72.0) Gecko/20100101 Firefox/72.0"
151.106.177.184 - - [12/Apr/2025:05:56:30 +0200] "GET /cron.php?cron_type=tidy_sessions&sid=5c152e5c49883cf384e09aec46a2ee3e HTTP/1.1" 404 290 "-" "Mozilla/5.0 (X11; Ubuntu; Linux x86_64; rv:72.0) Gecko/20100101 Firefox/72.0"
156.59.198.135 - - [12/Apr/2025:05:57:21 +0200] "GET /renault.activities.at/htdocs/export/pdf/emuc_document/11549092.pdf HTTP/1.0" 404 321 "-" "Mozilla/5.0 (Linux; Android 5.0) AppleWebKit/537.36 (KHTML, like Gecko) Mobile Safari/537.36 (compatible; Bytespider; spider-feedback@bytedance.com)"
156.59.198.135 - - [12/Apr/2025:05:57:29 +0200] "GET /renault.2web.at/htdocs/export/pdf/emuc_document/11810905.pdf HTTP/1.0" 404 318 "-" "Mozilla/5.0 (Linux; Android 5.0) AppleWebKit/537.36 (KHTML, like Gecko) Mobile Safari/537.36 (compatible; Bytespider; spider-feedback@bytedance.com)"
156.59.198.135 - - [12/Apr/2025:05:57:38 +0200] "GET /renault.activities.at/htdocs/export/pdf/emuc_document/11907517.pdf HTTP/1.0" 404 322 "-" "Mozilla/5.0 (Linux; Android 5.0) AppleWebKit/537.36 (KHTML, like Gecko) Mobile Safari/537.36 (compatible; Bytespider; spider-feedback@bytedance.com)"
156.59.198.135 - - [12/Apr/2025:05:57:48 +0200] "GET /renault.activities.at/htdocs/export/pdf/emuc_document/11851396.pdf HTTP/1.0" 404 322 "-" "Mozilla/5.0 (Linux; Android 5.0) AppleWebKit/537.36 (KHTML, like Gecko) Mobile Safari/537.36 (compatible; Bytespider; spider-feedback@bytedance.com)"
156.59.198.135 - - [12/Apr/2025:06:04:03 +0200] "GET /renault.2web.at/htdocs/export/pdf/emuc_document/12431313.pdf HTTP/1.0" 404 317 "-" "Mozilla/5.0 (Linux; Android 5.0) AppleWebKit/537.36 (KHTML, like Gecko) Mobile Safari/537.36 (compatible; Bytespider; spider-feedback@bytedance.com)"
154.81.156.34 - - [12/Apr/2025:06:04:06 +0200] "GET / HTTP/1.1" 200 274 "-" "Mozilla/5.0 (Windows NT 10.0; Win64; x64) AppleWebKit/537.36 (KHTML, like Gecko) Chrome/90.0.4430.85 Safari/537.36 Edg/90.0.818.46"
156.59.198.135 - - [12/Apr/2025:06:04:12 +0200] "GET /renault.activities.at/htdocs/export/pdf/emuc_document/12251609.pdf HTTP/1.0" 404 321 "-" "Mozilla/5.0 (Linux; Android 5.0) AppleWebKit/537.36 (KHTML, like Gecko) Mobile Safari/537.36 (compatible; Bytespider; spider-feedback@bytedance.com)"
151.106.163.149 - - [12/Apr/2025:06:05:18 +0200] "GET /cron.php?cron_type=tidy_warnings&sid=7cd64a2935e20205a00f4632d94552ea HTTP/1.1" 404 290 "-" "Mozilla/5.0 (X11; Ubuntu; Linux x86_64; rv:72.0) Gecko/20100101 Firefox/72.0"
151.106.163.149 - - [12/Apr/2025:06:05:18 +0200] "GET /cron.php?cron_type=tidy_warnings&sid=7cd64a2935e20205a00f4632d94552ea HTTP/1.1" 404 290 "-" "Mozilla/5.0 (X11; Ubuntu; Linux x86_64; rv:72.0) Gecko/20100101 Firefox/72.0"
151.106.163.149 - - [12/Apr/2025:06:05:19 +0200] "GET /cron.php?cron_type=tidy_warnings&sid=7cd64a2935e20205a00f4632d94552ea HTTP/1.1" 404 290 "-" "Mozilla/5.0 (X11; Ubuntu; Linux x86_64; rv:72.0) Gecko/20100101 Firefox/72.0"
156.59.198.136 - - [12/Apr/2025:06:05:23 +0200] "GET /renault.activities.at/htdocs/export/pdf/emuc_document/11502419.pdf HTTP/1.0" 404 321 "-" "Mozilla/5.0 (Linux; Android 5.0) AppleWebKit/537.36 (KHTML, like Gecko) Mobile Safari/537.36 (compatible; Bytespider; spider-feedback@bytedance.com)"
156.59.198.136 - - [12/Apr/2025:06:05:32 +0200] "GET /renault.activities.at/htdocs/export/pdf/emuc_document/11126951.pdf HTTP/1.0" 404 321 "-" "Mozilla/5.0 (Linux; Android 5.0) AppleWebKit/537.36 (KHTML, like Gecko) Mobile Safari/537.36 (compatible; Bytespider; spider-feedback@bytedance.com)"
156.59.198.135 - - [12/Apr/2025:06:05:41 +0200] "GET /renault.2web.at/htdocs/export/pdf/emuc_document/12102917.pdf HTTP/1.0" 404 318 "-" "Mozilla/5.0 (Linux; Android 5.0) AppleWebKit/537.36 (KHTML, like Gecko) Mobile Safari/537.36 (compatible; Bytespider; spider-feedback@bytedance.com)"
156.59.198.136 - - [12/Apr/2025:06:05:49 +0200] "GET /renault.2web.at/htdocs/export/pdf/emuc_document/12430553.pdf HTTP/1.0" 404 319 "-" "Mozilla/5.0 (Linux; Android 5.0) AppleWebKit/537.36 (KHTML, like Gecko) Mobile Safari/537.36 (compatible; Bytespider; spider-feedback@bytedance.com)"
151.106.173.252 - - [12/Apr/2025:06:05:52 +0200] "GET /gallery/image.php?mode=thumbnail&album_id=1&image_id=113&sid=5ce9dedad4b0055b958f5e2d22bcbe2e HTTP/1.1" 404 297 "-" "Mozilla/5.0 (X11; Ubuntu; Linux x86_64; rv:72.0) Gecko/20100101 Firefox/72.0"
151.106.173.252 - - [12/Apr/2025:06:05:52 +0200] "GET /gallery/image.php?mode=thumbnail&album_id=1&image_id=113&sid=5ce9dedad4b0055b958f5e2d22bcbe2e HTTP/1.1" 404 297 "-" "Mozilla/5.0 (X11; Ubuntu; Linux x86_64; rv:72.0) Gecko/20100101 Firefox/72.0"
151.106.173.252 - - [12/Apr/2025:06:05:52 +0200] "GET /gallery/image.php?mode=thumbnail&album_id=1&image_id=113&sid=5ce9dedad4b0055b958f5e2d22bcbe2e HTTP/1.1" 404 297 "-" "Mozilla/5.0 (X11; Ubuntu; Linux x86_64; rv:72.0) Gecko/20100101 Firefox/72.0"
156.59.198.135 - - [12/Apr/2025:06:05:58 +0200] "GET /renault.2web.at/htdocs/export/pdf/emuc_document/12493138.pdf HTTP/1.0" 404 319 "-" "Mozilla/5.0 (Linux; Android 5.0) AppleWebKit/537.36 (KHTML, like Gecko) Mobile Safari/537.36 (compatible; Bytespider; spider-feedback@bytedance.com)"
156.59.198.135 - - [12/Apr/2025:06:06:08 +0200] "GET /renault.2web.at/htdocs/export/pdf/emuc_document/12202022.pdf HTTP/1.0" 404 317 "-" "Mozilla/5.0 (Linux; Android 5.0) AppleWebKit/537.36 (KHTML, like Gecko) Mobile Safari/537.36 (compatible; Bytespider; spider-feedback@bytedance.com)"
198.235.24.204 - - [12/Apr/2025:06:08:26 +0200] "\x16\x03\x01" 400 383 "-" "-"
198.235.24.204 - - [12/Apr/2025:06:08:26 +0200] "\x16\x03\x01" 400 383 "-" "-"
151.106.177.184 - - [12/Apr/2025:06:08:52 +0200] "GET /gallery/image.php?mode=thumbnail&album_id=3&image_id=90&sid=eb7ba6cd64f040a3456bcdfc3c43d7cd HTTP/1.1" 404 297 "-" "Mozilla/5.0 (X11; Ubuntu; Linux x86_64; rv:72.0) Gecko/20100101 Firefox/72.0"
151.106.177.184 - - [12/Apr/2025:06:08:52 +0200] "GET /gallery/image.php?mode=thumbnail&album_id=3&image_id=90&sid=eb7ba6cd64f040a3456bcdfc3c43d7cd HTTP/1.1" 404 297 "-" "Mozilla/5.0 (X11; Ubuntu; Linux x86_64; rv:72.0) Gecko/20100101 Firefox/72.0"
151.106.177.184 - - [12/Apr/2025:06:08:53 +0200] "GET /gallery/image.php?mode=thumbnail&album_id=3&image_id=90&sid=eb7ba6cd64f040a3456bcdfc3c43d7cd HTTP/1.1" 404 297 "-" "Mozilla/5.0 (X11; Ubuntu; Linux x86_64; rv:72.0) Gecko/20100101 Firefox/72.0"
151.106.177.184 - - [12/Apr/2025:06:10:32 +0200] "GET /cron.php?cron_type=tidy_cache&sid=3049fc2b0f34e9200ea5ff2951b1163a HTTP/1.1" 404 290 "-" "Mozilla/5.0 (X11; Ubuntu; Linux x86_64; rv:72.0) Gecko/20100101 Firefox/72.0"
151.106.177.184 - - [12/Apr/2025:06:10:32 +0200] "GET /cron.php?cron_type=tidy_cache&sid=3049fc2b0f34e9200ea5ff2951b1163a HTTP/1.1" 404 290 "-" "Mozilla/5.0 (X11; Ubuntu; Linux x86_64; rv:72.0) Gecko/20100101 Firefox/72.0"
151.106.177.184 - - [12/Apr/2025:06:10:33 +0200] "GET /cron.php?cron_type=tidy_cache&sid=3049fc2b0f34e9200ea5ff2951b1163a HTTP/1.1" 404 290 "-" "Mozilla/5.0 (X11; Ubuntu; Linux x86_64; rv:72.0) Gecko/20100101 Firefox/72.0"
151.106.167.56 - - [12/Apr/2025:06:10:46 +0200] "GET /download/file.php?id=256&sid=f3fec9edac1a87ef3685d7d4e740b119 HTTP/1.1" 404 297 "-" "Mozilla/5.0 (X11; Ubuntu; Linux x86_64; rv:72.0) Gecko/20100101 Firefox/72.0"
151.106.167.56 - - [12/Apr/2025:06:10:47 +0200] "GET /download/file.php?id=256&sid=f3fec9edac1a87ef3685d7d4e740b119 HTTP/1.1" 404 297 "-" "Mozilla/5.0 (X11; Ubuntu; Linux x86_64; rv:72.0) Gecko/20100101 Firefox/72.0"
151.106.167.56 - - [12/Apr/2025:06:10:47 +0200] "GET /download/file.php?id=256&sid=f3fec9edac1a87ef3685d7d4e740b119 HTTP/1.1" 404 297 "-" "Mozilla/5.0 (X11; Ubuntu; Linux x86_64; rv:72.0) Gecko/20100101 Firefox/72.0"
156.59.198.135 - - [12/Apr/2025:06:10:53 +0200] "GET /renault.2web.at/htdocs/export/pdf/emuc_document/11850846.pdf HTTP/1.0" 404 318 "-" "Mozilla/5.0 (Linux; Android 5.0) AppleWebKit/537.36 (KHTML, like Gecko) Mobile Safari/537.36 (compatible; Bytespider; spider-feedback@bytedance.com)"
156.59.198.135 - - [12/Apr/2025:06:11:02 +0200] "GET /renault.2web.at/htdocs/export/pdf/emuc_document/11038638.pdf HTTP/1.0" 404 318 "-" "Mozilla/5.0 (Linux; Android 5.0) AppleWebKit/537.36 (KHTML, like Gecko) Mobile Safari/537.36 (compatible; Bytespider; spider-feedback@bytedance.com)"
156.59.198.135 - - [12/Apr/2025:06:11:10 +0200] "GET /renault.activities.at/htdocs/export/pdf/emuc_document/10957451.pdf HTTP/1.0" 404 322 "-" "Mozilla/5.0 (Linux; Android 5.0) AppleWebKit/537.36 (KHTML, like Gecko) Mobile Safari/537.36 (compatible; Bytespider; spider-feedback@bytedance.com)"
156.59.198.136 - - [12/Apr/2025:06:11:19 +0200] "GET /renault.2web.at/htdocs/export/pdf/emuc_document/12076176.pdf HTTP/1.0" 404 319 "-" "Mozilla/5.0 (Linux; Android 5.0) AppleWebKit/537.36 (KHTML, like Gecko) Mobile Safari/537.36 (compatible; Bytespider; spider-feedback@bytedance.com)"
156.59.198.136 - - [12/Apr/2025:06:11:27 +0200] "GET /renault.activities.at/htdocs/export/pdf/emuc_document/10847478.pdf HTTP/1.0" 404 322 "-" "Mozilla/5.0 (Linux; Android 5.0) AppleWebKit/537.36 (KHTML, like Gecko) Mobile Safari/537.36 (compatible; Bytespider; spider-feedback@bytedance.com)"
151.106.160.247 - - [12/Apr/2025:06:17:17 +0200] "GET /cron.php?cron_type=tidy_cache&sid=1c40dd6e24ffb0d63c9d6dac2746ee46 HTTP/1.1" 404 290 "-" "Mozilla/5.0 (X11; Ubuntu; Linux x86_64; rv:72.0) Gecko/20100101 Firefox/72.0"
151.106.160.247 - - [12/Apr/2025:06:17:18 +0200] "GET /cron.php?cron_type=tidy_cache&sid=1c40dd6e24ffb0d63c9d6dac2746ee46 HTTP/1.1" 404 290 "-" "Mozilla/5.0 (X11; Ubuntu; Linux x86_64; rv:72.0) Gecko/20100101 Firefox/72.0"
151.106.160.247 - - [12/Apr/2025:06:17:18 +0200] "GET /cron.php?cron_type=tidy_cache&sid=1c40dd6e24ffb0d63c9d6dac2746ee46 HTTP/1.1" 404 290 "-" "Mozilla/5.0 (X11; Ubuntu; Linux x86_64; rv:72.0) Gecko/20100101 Firefox/72.0"
156.59.198.136 - - [12/Apr/2025:06:17:18 +0200] "GET /renault.2web.at/htdocs/export/pdf/emuc_document/12076201.pdf HTTP/1.0" 404 318 "-" "Mozilla/5.0 (Linux; Android 5.0) AppleWebKit/537.36 (KHTML, like Gecko) Mobile Safari/537.36 (compatible; Bytespider; spider-feedback@bytedance.com)"
156.59.198.135 - - [12/Apr/2025:06:17:27 +0200] "GET /renault.activities.at/htdocs/export/pdf/emuc_document/10548942.pdf HTTP/1.0" 404 322 "-" "Mozilla/5.0 (Linux; Android 5.0) AppleWebKit/537.36 (KHTML, like Gecko) Mobile Safari/537.36 (compatible; Bytespider; spider-feedback@bytedance.com)"
156.59.198.135 - - [12/Apr/2025:06:17:37 +0200] "GET /renault.2web.at/htdocs/export/pdf/emuc_document/10424592.pdf HTTP/1.0" 404 318 "-" "Mozilla/5.0 (Linux; Android 5.0) AppleWebKit/537.36 (KHTML, like Gecko) Mobile Safari/537.36 (compatible; Bytespider; spider-feedback@bytedance.com)"
156.59.198.136 - - [12/Apr/2025:06:17:45 +0200] "GET /renault.2web.at/htdocs/export/pdf/emuc_document/10430441.pdf HTTP/1.0" 404 318 "-" "Mozilla/5.0 (Linux; Android 5.0) AppleWebKit/537.36 (KHTML, like Gecko) Mobile Safari/537.36 (compatible; Bytespider; spider-feedback@bytedance.com)"
156.59.198.135 - - [12/Apr/2025:06:17:54 +0200] "GET /renault.2web.at/htdocs/export/pdf/emuc_document/11642111.pdf HTTP/1.0" 404 318 "-" "Mozilla/5.0 (Linux; Android 5.0) AppleWebKit/537.36 (KHTML, like Gecko) Mobile Safari/537.36 (compatible; Bytespider; spider-feedback@bytedance.com)"
156.59.198.136 - - [12/Apr/2025:06:18:03 +0200] "GET /renault.2web.at/htdocs/export/pdf/emuc_document/11449582.pdf HTTP/1.0" 404 318 "-" "Mozilla/5.0 (Linux; Android 5.0) AppleWebKit/537.36 (KHTML, like Gecko) Mobile Safari/537.36 (compatible; Bytespider; spider-feedback@bytedance.com)"
156.59.198.136 - - [12/Apr/2025:06:18:12 +0200] "GET /renault.activities.at/htdocs/export/pdf/emuc_document/11744379.pdf HTTP/1.0" 404 322 "-" "Mozilla/5.0 (Linux; Android 5.0) AppleWebKit/537.36 (KHTML, like Gecko) Mobile Safari/537.36 (compatible; Bytespider; spider-feedback@bytedance.com)"
156.59.198.135 - - [12/Apr/2025:06:18:20 +0200] "GET /renault.activities.at/htdocs/export/pdf/emuc_document/11730078.pdf HTTP/1.0" 404 322 "-" "Mozilla/5.0 (Linux; Android 5.0) AppleWebKit/537.36 (KHTML, like Gecko) Mobile Safari/537.36 (compatible; Bytespider; spider-feedback@bytedance.com)"
156.59.198.136 - - [12/Apr/2025:06:18:29 +0200] "GET /renault.activities.at/htdocs/export/pdf/emuc_document/12251564.pdf HTTP/1.0" 404 322 "-" "Mozilla/5.0 (Linux; Android 5.0) AppleWebKit/537.36 (KHTML, like Gecko) Mobile Safari/537.36 (compatible; Bytespider; spider-feedback@bytedance.com)"
156.59.198.135 - - [12/Apr/2025:06:18:37 +0200] "GET /renault.2web.at/htdocs/export/pdf/emuc_document/11214440.pdf HTTP/1.0" 404 318 "-" "Mozilla/5.0 (Linux; Android 5.0) AppleWebKit/537.36 (KHTML, like Gecko) Mobile Safari/537.36 (compatible; Bytespider; spider-feedback@bytedance.com)"
154.81.156.54 - - [12/Apr/2025:06:20:06 +0200] "GET / HTTP/1.1" 200 274 "-" "Mozilla/5.0 (Windows NT 10.0; Win64; x64) AppleWebKit/537.36 (KHTML, like Gecko) Chrome/90.0.4430.85 Safari/537.36 Edg/90.0.818.46"
154.81.156.54 - - [12/Apr/2025:06:23:16 +0200] "GET / HTTP/1.1" 200 274 "-" "Mozilla/5.0 (Windows NT 10.0; Win64; x64) AppleWebKit/537.36 (KHTML, like Gecko) Chrome/90.0.4430.85 Safari/537.36 Edg/90.0.818.46"
81.17.20.106 - - [12/Apr/2025:06:23:50 +0200] "\x16\x03\x01" 400 383 "-" "-"
81.17.20.106 - - [12/Apr/2025:06:23:50 +0200] "GET / HTTP/1.1" 400 383 "-" "-"
81.17.20.106 - - [12/Apr/2025:06:23:50 +0200] "GET / HTTP/1.1" 200 423 "-" "l9tcpid/v1.1.0"
81.17.20.106 - - [12/Apr/2025:06:23:50 +0200] "GET /.git/config HTTP/1.1" 404 285 "-" "l9explore/1.2.2"
151.106.164.42 - - [12/Apr/2025:06:24:19 +0200] "GET /styles/Factions/theme/images/tabstrip_forum.png HTTP/1.1" 404 318 "-" "Mozilla/5.0 (X11; Ubuntu; Linux x86_64; rv:72.0) Gecko/20100101 Firefox/72.0"
151.106.164.42 - - [12/Apr/2025:06:24:20 +0200] "GET /styles/Factions/theme/images/tabstrip_forum.png HTTP/1.1" 404 318 "-" "Mozilla/5.0 (X11; Ubuntu; Linux x86_64; rv:72.0) Gecko/20100101 Firefox/72.0"
151.106.164.42 - - [12/Apr/2025:06:24:20 +0200] "GET /styles/Factions/theme/images/tabstrip_forum.png HTTP/1.1" 404 318 "-" "Mozilla/5.0 (X11; Ubuntu; Linux x86_64; rv:72.0) Gecko/20100101 Firefox/72.0"
151.106.160.247 - - [12/Apr/2025:06:25:59 +0200] "GET /cron.php?cron_type=tidy_cache&sid=9750f7ac0568e533693cade0df63812d HTTP/1.1" 404 290 "-" "Mozilla/5.0 (X11; Ubuntu; Linux x86_64; rv:72.0) Gecko/20100101 Firefox/72.0"
151.106.160.247 - - [12/Apr/2025:06:25:59 +0200] "GET /cron.php?cron_type=tidy_cache&sid=9750f7ac0568e533693cade0df63812d HTTP/1.1" 404 290 "-" "Mozilla/5.0 (X11; Ubuntu; Linux x86_64; rv:72.0) Gecko/20100101 Firefox/72.0"
151.106.160.247 - - [12/Apr/2025:06:25:59 +0200] "GET /cron.php?cron_type=tidy_cache&sid=9750f7ac0568e533693cade0df63812d HTTP/1.1" 404 290 "-" "Mozilla/5.0 (X11; Ubuntu; Linux x86_64; rv:72.0) Gecko/20100101 Firefox/72.0"
152.32.142.138 - - [12/Apr/2025:06:30:15 +0200] "\x16\x03\x01\x01\x17\x01" 400 383 "-" "-"
152.32.142.138 - - [12/Apr/2025:06:30:25 +0200] "GET / HTTP/1.1" 200 423 "-" "Mozilla/5.0 (Macintosh; Intel Mac OS X 10_15_7) AppleWebKit/537.36 (KHTML, like Gecko) Chrome/120.0.0.0 Safari/537.36 Edg/120.0.0.0"
152.32.142.138 - - [12/Apr/2025:06:30:25 +0200] "GET /activities.ico HTTP/1.1" 200 1406 "-" "Mozilla/5.0 (Macintosh; Intel Mac OS X 10_7_0) AppleWebKit/535.11 (KHTML, like Gecko) Chrome/17.0.963.56 Safari/535.11"
152.32.142.138 - - [12/Apr/2025:06:30:26 +0200] "GET /robots.txt HTTP/1.1" 404 284 "-" "Mozilla/5.0 (Macintosh; Intel Mac OS X 10_7_0) AppleWebKit/535.11 (KHTML, like Gecko) Chrome/17.0.963.56 Safari/535.11"
152.32.142.138 - - [12/Apr/2025:06:30:26 +0200] "GET /sitemap.xml HTTP/1.1" 404 285 "-" "Mozilla/5.0 (Macintosh; Intel Mac OS X 10_7_0) AppleWebKit/535.11 (KHTML, like Gecko) Chrome/17.0.963.56 Safari/535.11"
152.32.142.138 - - [12/Apr/2025:06:30:26 +0200] "GET /config.json HTTP/1.1" 404 285 "-" "Mozilla/5.0 (Macintosh; Intel Mac OS X 10_7_0) AppleWebKit/535.11 (KHTML, like Gecko) Chrome/17.0.963.56 Safari/535.11"
198.235.24.65 - - [12/Apr/2025:06:34:01 +0200] "GET / HTTP/1.0" 200 423 "-" "Expanse, a Palo Alto Networks company, searches across the global IPv4 space multiple times per day to identify customers' presences on the Internet. If you would like to be excluded from our scans, please send IP addresses/domains to: scaninfo@paloaltonetworks.com"
151.106.167.56 - - [12/Apr/2025:06:42:43 +0200] "GET /cron.php?cron_type=tidy_cache&sid=61e19ae5555ddb7d94f6362718c2d0b7 HTTP/1.1" 404 290 "-" "Mozilla/5.0 (X11; Ubuntu; Linux x86_64; rv:72.0) Gecko/20100101 Firefox/72.0"
151.106.167.56 - - [12/Apr/2025:06:42:43 +0200] "GET /cron.php?cron_type=tidy_cache&sid=61e19ae5555ddb7d94f6362718c2d0b7 HTTP/1.1" 404 290 "-" "Mozilla/5.0 (X11; Ubuntu; Linux x86_64; rv:72.0) Gecko/20100101 Firefox/72.0"
151.106.167.56 - - [12/Apr/2025:06:42:43 +0200] "GET /cron.php?cron_type=tidy_cache&sid=61e19ae5555ddb7d94f6362718c2d0b7 HTTP/1.1" 404 290 "-" "Mozilla/5.0 (X11; Ubuntu; Linux x86_64; rv:72.0) Gecko/20100101 Firefox/72.0"
156.59.198.135 - - [12/Apr/2025:06:47:16 +0200] "GET /renault.2web.at/htdocs/export/pdf/emuc_document/11537989.pdf HTTP/1.0" 404 319 "-" "Mozilla/5.0 (Linux; Android 5.0) AppleWebKit/537.36 (KHTML, like Gecko) Mobile Safari/537.36 (compatible; Bytespider; spider-feedback@bytedance.com)"
156.59.198.135 - - [12/Apr/2025:06:47:24 +0200] "GET /renault.activities.at/htdocs/export/pdf/emuc_document/10839744.pdf HTTP/1.0" 404 323 "-" "Mozilla/5.0 (Linux; Android 5.0) AppleWebKit/537.36 (KHTML, like Gecko) Mobile Safari/537.36 (compatible; Bytespider; spider-feedback@bytedance.com)"
156.59.198.135 - - [12/Apr/2025:06:47:33 +0200] "GET /renault.2web.at/htdocs/export/pdf/emuc_document/10349407.pdf HTTP/1.0" 404 319 "-" "Mozilla/5.0 (Linux; Android 5.0) AppleWebKit/537.36 (KHTML, like Gecko) Mobile Safari/537.36 (compatible; Bytespider; spider-feedback@bytedance.com)"
156.59.198.136 - - [12/Apr/2025:06:47:42 +0200] "GET /renault.activities.at/htdocs/export/pdf/emuc_document/10969145.pdf HTTP/1.0" 404 321 "-" "Mozilla/5.0 (Linux; Android 5.0) AppleWebKit/537.36 (KHTML, like Gecko) Mobile Safari/537.36 (compatible; Bytespider; spider-feedback@bytedance.com)"
156.59.198.136 - - [12/Apr/2025:06:47:51 +0200] "GET /renault.activities.at/htdocs/export/pdf/emuc_document/11504477.pdf HTTP/1.0" 404 322 "-" "Mozilla/5.0 (Linux; Android 5.0) AppleWebKit/537.36 (KHTML, like Gecko) Mobile Safari/537.36 (compatible; Bytespider; spider-feedback@bytedance.com)"
156.59.198.136 - - [12/Apr/2025:06:48:00 +0200] "GET /renault.2web.at/htdocs/export/pdf/emuc_document/12127293.pdf HTTP/1.0" 404 319 "-" "Mozilla/5.0 (Linux; Android 5.0) AppleWebKit/537.36 (KHTML, like Gecko) Mobile Safari/537.36 (compatible; Bytespider; spider-feedback@bytedance.com)"
156.59.198.136 - - [12/Apr/2025:06:48:08 +0200] "GET /docs/contadino/2017/RE17-000014.pdf HTTP/1.0" 404 302 "-" "Mozilla/5.0 (Linux; Android 5.0) AppleWebKit/537.36 (KHTML, like Gecko) Mobile Safari/537.36 (compatible; Bytespider; spider-feedback@bytedance.com)"
156.59.198.135 - - [12/Apr/2025:06:48:17 +0200] "GET /renault.2web.at/htdocs/export/pdf/emuc_document/12239874.pdf HTTP/1.0" 404 319 "-" "Mozilla/5.0 (Linux; Android 5.0) AppleWebKit/537.36 (KHTML, like Gecko) Mobile Safari/537.36 (compatible; Bytespider; spider-feedback@bytedance.com)"
156.59.198.136 - - [12/Apr/2025:06:48:26 +0200] "GET /renault.2web.at/htdocs/export/pdf/emuc_document/11167502.pdf HTTP/1.0" 404 318 "-" "Mozilla/5.0 (Linux; Android 5.0) AppleWebKit/537.36 (KHTML, like Gecko) Mobile Safari/537.36 (compatible; Bytespider; spider-feedback@bytedance.com)"
156.59.198.136 - - [12/Apr/2025:06:48:35 +0200] "GET /renault.activities.at/htdocs/export/pdf/emuc_document/10959087.pdf HTTP/1.0" 404 322 "-" "Mozilla/5.0 (Linux; Android 5.0) AppleWebKit/537.36 (KHTML, like Gecko) Mobile Safari/537.36 (compatible; Bytespider; spider-feedback@bytedance.com)"
156.59.198.136 - - [12/Apr/2025:06:48:44 +0200] "GET /renault.2web.at/htdocs/export/pdf/emuc_document/10742414.pdf HTTP/1.0" 404 318 "-" "Mozilla/5.0 (Linux; Android 5.0) AppleWebKit/537.36 (KHTML, like Gecko) Mobile Safari/537.36 (compatible; Bytespider; spider-feedback@bytedance.com)"
154.81.156.54 - - [12/Apr/2025:06:48:51 +0200] "GET / HTTP/1.1" 200 274 "-" "Mozilla/5.0 (Windows NT 10.0; Win64; x64) AppleWebKit/537.36 (KHTML, like Gecko) Chrome/90.0.4430.85 Safari/537.36 Edg/90.0.818.46"
154.81.156.35 - - [12/Apr/2025:06:49:53 +0200] "GET / HTTP/1.1" 200 274 "-" "Mozilla/5.0 (Windows NT 10.0; Win64; x64) AppleWebKit/537.36 (KHTML, like Gecko) Chrome/90.0.4430.85 Safari/537.36 Edg/90.0.818.46"
151.106.165.0 - - [12/Apr/2025:06:51:05 +0200] "GET /cron.php?cron_type=tidy_cache&sid=27c11a74d9a217ce1ae5898f36206e88 HTTP/1.1" 404 290 "-" "Mozilla/5.0 (X11; Ubuntu; Linux x86_64; rv:72.0) Gecko/20100101 Firefox/72.0"
151.106.165.0 - - [12/Apr/2025:06:51:05 +0200] "GET /cron.php?cron_type=tidy_cache&sid=27c11a74d9a217ce1ae5898f36206e88 HTTP/1.1" 404 290 "-" "Mozilla/5.0 (X11; Ubuntu; Linux x86_64; rv:72.0) Gecko/20100101 Firefox/72.0"
151.106.165.0 - - [12/Apr/2025:06:51:06 +0200] "GET /cron.php?cron_type=tidy_cache&sid=27c11a74d9a217ce1ae5898f36206e88 HTTP/1.1" 404 290 "-" "Mozilla/5.0 (X11; Ubuntu; Linux x86_64; rv:72.0) Gecko/20100101 Firefox/72.0"
156.59.198.135 - - [12/Apr/2025:06:54:03 +0200] "GET /renault.2web.at/htdocs/export/pdf/emuc_document/10843208.pdf HTTP/1.0" 404 319 "-" "Mozilla/5.0 (Linux; Android 5.0) AppleWebKit/537.36 (KHTML, like Gecko) Mobile Safari/537.36 (compatible; Bytespider; spider-feedback@bytedance.com)"
156.59.198.136 - - [12/Apr/2025:06:54:12 +0200] "GET /renault.2web.at/htdocs/export/pdf/emuc_document/12493132.pdf HTTP/1.0" 404 318 "-" "Mozilla/5.0 (Linux; Android 5.0) AppleWebKit/537.36 (KHTML, like Gecko) Mobile Safari/537.36 (compatible; Bytespider; spider-feedback@bytedance.com)"
156.59.198.136 - - [12/Apr/2025:06:54:21 +0200] "GET /renault.2web.at/htdocs/export/pdf/emuc_document/12033223.pdf HTTP/1.0" 404 319 "-" "Mozilla/5.0 (Linux; Android 5.0) AppleWebKit/537.36 (KHTML, like Gecko) Mobile Safari/537.36 (compatible; Bytespider; spider-feedback@bytedance.com)"
156.59.198.135 - - [12/Apr/2025:06:54:31 +0200] "GET /renault.2web.at/htdocs/export/pdf/emuc_document/10672758.pdf HTTP/1.0" 404 319 "-" "Mozilla/5.0 (Linux; Android 5.0) AppleWebKit/537.36 (KHTML, like Gecko) Mobile Safari/537.36 (compatible; Bytespider; spider-feedback@bytedance.com)"
156.59.198.135 - - [12/Apr/2025:06:54:40 +0200] "GET /renault.2web.at/htdocs/export/pdf/emuc_document/11581942.pdf HTTP/1.0" 404 318 "-" "Mozilla/5.0 (Linux; Android 5.0) AppleWebKit/537.36 (KHTML, like Gecko) Mobile Safari/537.36 (compatible; Bytespider; spider-feedback@bytedance.com)"
156.59.198.135 - - [12/Apr/2025:06:54:49 +0200] "GET /renault.2web.at/htdocs/export/pdf/emuc_document/10930886.pdf HTTP/1.0" 404 319 "-" "Mozilla/5.0 (Linux; Android 5.0) AppleWebKit/537.36 (KHTML, like Gecko) Mobile Safari/537.36 (compatible; Bytespider; spider-feedback@bytedance.com)"
156.59.198.135 - - [12/Apr/2025:06:54:57 +0200] "GET /renault.activities.at/htdocs/export/pdf/emuc_document/11013172.pdf HTTP/1.0" 404 322 "-" "Mozilla/5.0 (Linux; Android 5.0) AppleWebKit/537.36 (KHTML, like Gecko) Mobile Safari/537.36 (compatible; Bytespider; spider-feedback@bytedance.com)"
156.59.198.135 - - [12/Apr/2025:06:55:07 +0200] "GET /renault.2web.at/htdocs/export/pdf/emuc_document/10396374.pdf HTTP/1.0" 404 319 "-" "Mozilla/5.0 (Linux; Android 5.0) AppleWebKit/537.36 (KHTML, like Gecko) Mobile Safari/537.36 (compatible; Bytespider; spider-feedback@bytedance.com)"
46.21.91.183 - - [12/Apr/2025:06:55:38 +0200] "GET / HTTP/1.1" 200 423 "-" "Mozilla/5.0 (Windows NT 10.0; WOW64) AppleWebKit/537.36 (KHTML, like Gecko) Chrome/51.0.2704.103 Safari/537.36"
151.106.180.26 - - [12/Apr/2025:06:56:17 +0200] "GET /cron.php?cron_type=tidy_cache&sid=8cfd46d7dea4f83a2ab3ffa863d29358 HTTP/1.1" 404 290 "-" "Mozilla/5.0 (X11; Ubuntu; Linux x86_64; rv:72.0) Gecko/20100101 Firefox/72.0"
151.106.180.26 - - [12/Apr/2025:06:56:17 +0200] "GET /cron.php?cron_type=tidy_cache&sid=8cfd46d7dea4f83a2ab3ffa863d29358 HTTP/1.1" 404 290 "-" "Mozilla/5.0 (X11; Ubuntu; Linux x86_64; rv:72.0) Gecko/20100101 Firefox/72.0"
151.106.180.26 - - [12/Apr/2025:06:56:17 +0200] "GET /cron.php?cron_type=tidy_cache&sid=8cfd46d7dea4f83a2ab3ffa863d29358 HTTP/1.1" 404 290 "-" "Mozilla/5.0 (X11; Ubuntu; Linux x86_64; rv:72.0) Gecko/20100101 Firefox/72.0"
156.59.198.136 - - [12/Apr/2025:06:58:42 +0200] "GET /renault.2web.at/htdocs/export/pdf/emuc_document/11578722.pdf HTTP/1.0" 404 318 "-" "Mozilla/5.0 (Linux; Android 5.0) AppleWebKit/537.36 (KHTML, like Gecko) Mobile Safari/537.36 (compatible; Bytespider; spider-feedback@bytedance.com)"
156.59.198.135 - - [12/Apr/2025:06:58:50 +0200] "GET /renault.activities.at/htdocs/export/pdf/emuc_document/12243449.pdf HTTP/1.0" 404 322 "-" "Mozilla/5.0 (Linux; Android 5.0) AppleWebKit/537.36 (KHTML, like Gecko) Mobile Safari/537.36 (compatible; Bytespider; spider-feedback@bytedance.com)"
156.59.198.136 - - [12/Apr/2025:06:58:59 +0200] "GET /renault.2web.at/htdocs/export/pdf/emuc_document/10847632.pdf HTTP/1.0" 404 319 "-" "Mozilla/5.0 (Linux; Android 5.0) AppleWebKit/537.36 (KHTML, like Gecko) Mobile Safari/537.36 (compatible; Bytespider; spider-feedback@bytedance.com)"
156.59.198.135 - - [12/Apr/2025:06:59:08 +0200] "GET /renault.activities.at/htdocs/export/pdf/emuc_document/10608680.pdf HTTP/1.0" 404 322 "-" "Mozilla/5.0 (Linux; Android 5.0) AppleWebKit/537.36 (KHTML, like Gecko) Mobile Safari/537.36 (compatible; Bytespider; spider-feedback@bytedance.com)"
156.59.198.135 - - [12/Apr/2025:06:59:17 +0200] "GET /renault.activities.at/htdocs/export/pdf/emuc_document/12021214.pdf HTTP/1.0" 404 321 "-" "Mozilla/5.0 (Linux; Android 5.0) AppleWebKit/537.36 (KHTML, like Gecko) Mobile Safari/537.36 (compatible; Bytespider; spider-feedback@bytedance.com)"
156.59.198.135 - - [12/Apr/2025:07:00:30 +0200] "GET /renault.2web.at/htdocs/export/pdf/emuc_document/12243444.pdf HTTP/1.0" 404 318 "-" "Mozilla/5.0 (Linux; Android 5.0) AppleWebKit/537.36 (KHTML, like Gecko) Mobile Safari/537.36 (compatible; Bytespider; spider-feedback@bytedance.com)"
156.59.198.136 - - [12/Apr/2025:07:00:38 +0200] "GET /renault.activities.at/htdocs/export/pdf/emuc_document/11758279.pdf HTTP/1.0" 404 322 "-" "Mozilla/5.0 (Linux; Android 5.0) AppleWebKit/537.36 (KHTML, like Gecko) Mobile Safari/537.36 (compatible; Bytespider; spider-feedback@bytedance.com)"
156.59.198.135 - - [12/Apr/2025:07:00:47 +0200] "GET /renault.2web.at/htdocs/export/pdf/emuc_document/11430210.pdf HTTP/1.0" 404 318 "-" "Mozilla/5.0 (Linux; Android 5.0) AppleWebKit/537.36 (KHTML, like Gecko) Mobile Safari/537.36 (compatible; Bytespider; spider-feedback@bytedance.com)"
156.59.198.136 - - [12/Apr/2025:07:00:56 +0200] "GET /renault.activities.at/htdocs/export/pdf/emuc_document/11548319.pdf HTTP/1.0" 404 322 "-" "Mozilla/5.0 (Linux; Android 5.0) AppleWebKit/537.36 (KHTML, like Gecko) Mobile Safari/537.36 (compatible; Bytespider; spider-feedback@bytedance.com)"
156.59.198.136 - - [12/Apr/2025:07:07:12 +0200] "GET /renault.2web.at/htdocs/export/pdf/emuc_document/11829666.pdf HTTP/1.0" 404 318 "-" "Mozilla/5.0 (Linux; Android 5.0) AppleWebKit/537.36 (KHTML, like Gecko) Mobile Safari/537.36 (compatible; Bytespider; spider-feedback@bytedance.com)"
156.59.198.135 - - [12/Apr/2025:07:07:21 +0200] "GET /renault.activities.at/htdocs/export/pdf/emuc_document/11868031.pdf HTTP/1.0" 404 322 "-" "Mozilla/5.0 (Linux; Android 5.0) AppleWebKit/537.36 (KHTML, like Gecko) Mobile Safari/537.36 (compatible; Bytespider; spider-feedback@bytedance.com)"
156.59.198.135 - - [12/Apr/2025:07:07:30 +0200] "GET /renault.activities.at/htdocs/export/pdf/emuc_document/12323253.pdf HTTP/1.0" 404 321 "-" "Mozilla/5.0 (Linux; Android 5.0) AppleWebKit/537.36 (KHTML, like Gecko) Mobile Safari/537.36 (compatible; Bytespider; spider-feedback@bytedance.com)"
156.59.198.136 - - [12/Apr/2025:07:07:39 +0200] "GET /renault.activities.at/htdocs/export/pdf/emuc_document/12383141.pdf HTTP/1.0" 404 322 "-" "Mozilla/5.0 (Linux; Android 5.0) AppleWebKit/537.36 (KHTML, like Gecko) Mobile Safari/537.36 (compatible; Bytespider; spider-feedback@bytedance.com)"
154.81.156.54 - - [12/Apr/2025:07:09:18 +0200] "GET / HTTP/1.1" 200 274 "-" "Mozilla/5.0 (Windows NT 10.0; Win64; x64) AppleWebKit/537.36 (KHTML, like Gecko) Chrome/90.0.4430.85 Safari/537.36 Edg/90.0.818.46"
151.106.183.52 - - [12/Apr/2025:07:09:37 +0200] "GET /download/file.php?id=255&sid=c4e1e26759b6251e689d28360a695c03 HTTP/1.1" 404 297 "-" "Mozilla/5.0 (X11; Ubuntu; Linux x86_64; rv:72.0) Gecko/20100101 Firefox/72.0"
151.106.183.52 - - [12/Apr/2025:07:09:38 +0200] "GET /download/file.php?id=255&sid=c4e1e26759b6251e689d28360a695c03 HTTP/1.1" 404 297 "-" "Mozilla/5.0 (X11; Ubuntu; Linux x86_64; rv:72.0) Gecko/20100101 Firefox/72.0"
151.106.183.52 - - [12/Apr/2025:07:09:38 +0200] "GET /download/file.php?id=255&sid=c4e1e26759b6251e689d28360a695c03 HTTP/1.1" 404 297 "-" "Mozilla/5.0 (X11; Ubuntu; Linux x86_64; rv:72.0) Gecko/20100101 Firefox/72.0"
154.81.156.34 - - [12/Apr/2025:07:14:04 +0200] "GET / HTTP/1.1" 200 274 "-" "Mozilla/5.0 (Windows NT 10.0; Win64; x64) AppleWebKit/537.36 (KHTML, like Gecko) Chrome/90.0.4430.85 Safari/537.36 Edg/90.0.818.46"
35.203.211.219 - - [12/Apr/2025:07:16:56 +0200] "GET / HTTP/1.1" 200 274 "-" "Expanse, a Palo Alto Networks company, searches across the global IPv4 space multiple times per day to identify customers' presences on the Internet. If you would like to be excluded from our scans, please send IP addresses/domains to: scaninfo@paloaltonetworks.com"
156.59.198.136 - - [12/Apr/2025:07:25:24 +0200] "GET /renault.2web.at/htdocs/export/pdf/emuc_document/11013220.pdf HTTP/1.0" 404 318 "-" "Mozilla/5.0 (Linux; Android 5.0) AppleWebKit/537.36 (KHTML, like Gecko) Mobile Safari/537.36 (compatible; Bytespider; spider-feedback@bytedance.com)"
156.59.198.136 - - [12/Apr/2025:07:25:33 +0200] "GET /renault.2web.at/htdocs/export/pdf/emuc_document/10404877.pdf HTTP/1.0" 404 318 "-" "Mozilla/5.0 (Linux; Android 5.0) AppleWebKit/537.36 (KHTML, like Gecko) Mobile Safari/537.36 (compatible; Bytespider; spider-feedback@bytedance.com)"
156.59.198.136 - - [12/Apr/2025:07:25:42 +0200] "GET /renault.2web.at/htdocs/export/pdf/emuc_document/10777735.pdf HTTP/1.0" 404 318 "-" "Mozilla/5.0 (Linux; Android 5.0) AppleWebKit/537.36 (KHTML, like Gecko) Mobile Safari/537.36 (compatible; Bytespider; spider-feedback@bytedance.com)"
156.59.198.135 - - [12/Apr/2025:07:25:51 +0200] "GET /renault.2web.at/htdocs/export/pdf/emuc_document/11578740.pdf HTTP/1.0" 404 318 "-" "Mozilla/5.0 (Linux; Android 5.0) AppleWebKit/537.36 (KHTML, like Gecko) Mobile Safari/537.36 (compatible; Bytespider; spider-feedback@bytedance.com)"
156.59.198.136 - - [12/Apr/2025:07:26:00 +0200] "GET /renault.2web.at/htdocs/export/pdf/emuc_document/12001502.pdf HTTP/1.0" 404 318 "-" "Mozilla/5.0 (Linux; Android 5.0) AppleWebKit/537.36 (KHTML, like Gecko) Mobile Safari/537.36 (compatible; Bytespider; spider-feedback@bytedance.com)"
156.59.198.136 - - [12/Apr/2025:07:26:09 +0200] "GET /renault.activities.at/htdocs/export/pdf/emuc_document/11087317.pdf HTTP/1.0" 404 322 "-" "Mozilla/5.0 (Linux; Android 5.0) AppleWebKit/537.36 (KHTML, like Gecko) Mobile Safari/537.36 (compatible; Bytespider; spider-feedback@bytedance.com)"
156.59.198.136 - - [12/Apr/2025:07:26:17 +0200] "GET /renault.2web.at/htdocs/export/pdf/emuc_document/11354032.pdf HTTP/1.0" 404 318 "-" "Mozilla/5.0 (Linux; Android 5.0) AppleWebKit/537.36 (KHTML, like Gecko) Mobile Safari/537.36 (compatible; Bytespider; spider-feedback@bytedance.com)"
156.59.198.135 - - [12/Apr/2025:07:26:26 +0200] "GET /renault.activities.at/htdocs/export/pdf/emuc_document/11907326.pdf HTTP/1.0" 404 322 "-" "Mozilla/5.0 (Linux; Android 5.0) AppleWebKit/537.36 (KHTML, like Gecko) Mobile Safari/537.36 (compatible; Bytespider; spider-feedback@bytedance.com)"
156.59.198.136 - - [12/Apr/2025:07:26:35 +0200] "GET /renault.2web.at/htdocs/export/pdf/emuc_document/12226709.pdf HTTP/1.0" 404 319 "-" "Mozilla/5.0 (Linux; Android 5.0) AppleWebKit/537.36 (KHTML, like Gecko) Mobile Safari/537.36 (compatible; Bytespider; spider-feedback@bytedance.com)"
156.59.198.135 - - [12/Apr/2025:07:26:44 +0200] "GET /renault.activities.at/htdocs/export/pdf/emuc_document/11918337.pdf HTTP/1.0" 404 322 "-" "Mozilla/5.0 (Linux; Android 5.0) AppleWebKit/537.36 (KHTML, like Gecko) Mobile Safari/537.36 (compatible; Bytespider; spider-feedback@bytedance.com)"
156.59.198.136 - - [12/Apr/2025:07:26:53 +0200] "GET /renault.2web.at/htdocs/export/pdf/emuc_document/10770601.pdf HTTP/1.0" 404 318 "-" "Mozilla/5.0 (Linux; Android 5.0) AppleWebKit/537.36 (KHTML, like Gecko) Mobile Safari/537.36 (compatible; Bytespider; spider-feedback@bytedance.com)"
156.59.198.135 - - [12/Apr/2025:07:27:02 +0200] "GET /renault.2web.at/htdocs/export/pdf/emuc_document/12021239.pdf HTTP/1.0" 404 318 "-" "Mozilla/5.0 (Linux; Android 5.0) AppleWebKit/537.36 (KHTML, like Gecko) Mobile Safari/537.36 (compatible; Bytespider; spider-feedback@bytedance.com)"
156.59.198.135 - - [12/Apr/2025:07:27:10 +0200] "GET /renault.activities.at/htdocs/export/pdf/emuc_document/10354915.pdf HTTP/1.0" 404 322 "-" "Mozilla/5.0 (Linux; Android 5.0) AppleWebKit/537.36 (KHTML, like Gecko) Mobile Safari/537.36 (compatible; Bytespider; spider-feedback@bytedance.com)"
156.59.198.135 - - [12/Apr/2025:07:27:19 +0200] "GET /renault.2web.at/htdocs/export/pdf/emuc_document/11907320.pdf HTTP/1.0" 404 319 "-" "Mozilla/5.0 (Linux; Android 5.0) AppleWebKit/537.36 (KHTML, like Gecko) Mobile Safari/537.36 (compatible; Bytespider; spider-feedback@bytedance.com)"
156.59.198.135 - - [12/Apr/2025:07:27:28 +0200] "GET /renault.2web.at/htdocs/export/pdf/emuc_document/12076110.pdf HTTP/1.0" 404 318 "-" "Mozilla/5.0 (Linux; Android 5.0) AppleWebKit/537.36 (KHTML, like Gecko) Mobile Safari/537.36 (compatible; Bytespider; spider-feedback@bytedance.com)"
151.106.186.76 - - [12/Apr/2025:07:39:59 +0200] "GET /cron.php?cron_type=tidy_cache&sid=ba0194857554d1e1cb6b36dc6cd09f6f HTTP/1.1" 404 290 "-" "Mozilla/5.0 (X11; Ubuntu; Linux x86_64; rv:72.0) Gecko/20100101 Firefox/72.0"
151.106.186.76 - - [12/Apr/2025:07:40:00 +0200] "GET /cron.php?cron_type=tidy_cache&sid=ba0194857554d1e1cb6b36dc6cd09f6f HTTP/1.1" 404 290 "-" "Mozilla/5.0 (X11; Ubuntu; Linux x86_64; rv:72.0) Gecko/20100101 Firefox/72.0"
151.106.186.76 - - [12/Apr/2025:07:40:00 +0200] "GET /cron.php?cron_type=tidy_cache&sid=ba0194857554d1e1cb6b36dc6cd09f6f HTTP/1.1" 404 290 "-" "Mozilla/5.0 (X11; Ubuntu; Linux x86_64; rv:72.0) Gecko/20100101 Firefox/72.0"
154.81.156.54 - - [12/Apr/2025:07:40:49 +0200] "GET / HTTP/1.1" 200 274 "-" "Mozilla/5.0 (Windows NT 10.0; Win64; x64) AppleWebKit/537.36 (KHTML, like Gecko) Chrome/90.0.4430.85 Safari/537.36 Edg/90.0.818.46"
156.59.198.135 - - [12/Apr/2025:07:45:08 +0200] "GET /renault.activities.at/htdocs/export/pdf/emuc_document/10253551.pdf HTTP/1.0" 404 322 "-" "Mozilla/5.0 (Linux; Android 5.0) AppleWebKit/537.36 (KHTML, like Gecko) Mobile Safari/537.36 (compatible; Bytespider; spider-feedback@bytedance.com)"
156.59.198.136 - - [12/Apr/2025:07:45:17 +0200] "GET /renault.2web.at/htdocs/export/pdf/emuc_document/12465036.pdf HTTP/1.0" 404 319 "-" "Mozilla/5.0 (Linux; Android 5.0) AppleWebKit/537.36 (KHTML, like Gecko) Mobile Safari/537.36 (compatible; Bytespider; spider-feedback@bytedance.com)"
156.59.198.136 - - [12/Apr/2025:07:45:26 +0200] "GET /renault.activities.at/htdocs/export/pdf/emuc_document/10776217.pdf HTTP/1.0" 404 322 "-" "Mozilla/5.0 (Linux; Android 5.0) AppleWebKit/537.36 (KHTML, like Gecko) Mobile Safari/537.36 (compatible; Bytespider; spider-feedback@bytedance.com)"
156.59.198.135 - - [12/Apr/2025:07:45:34 +0200] "GET /renault.2web.at/htdocs/export/pdf/emuc_document/11753963.pdf HTTP/1.0" 404 319 "-" "Mozilla/5.0 (Linux; Android 5.0) AppleWebKit/537.36 (KHTML, like Gecko) Mobile Safari/537.36 (compatible; Bytespider; spider-feedback@bytedance.com)"
156.59.198.135 - - [12/Apr/2025:07:45:44 +0200] "GET /renault.activities.at/htdocs/export/pdf/emuc_document/12022649.pdf HTTP/1.0" 404 321 "-" "Mozilla/5.0 (Linux; Android 5.0) AppleWebKit/537.36 (KHTML, like Gecko) Mobile Safari/537.36 (compatible; Bytespider; spider-feedback@bytedance.com)"
156.59.198.135 - - [12/Apr/2025:07:45:52 +0200] "GET /renault.2web.at/htdocs/export/pdf/emuc_document/10789929.pdf HTTP/1.0" 404 319 "-" "Mozilla/5.0 (Linux; Android 5.0) AppleWebKit/537.36 (KHTML, like Gecko) Mobile Safari/537.36 (compatible; Bytespider; spider-feedback@bytedance.com)"
156.59.198.136 - - [12/Apr/2025:07:46:01 +0200] "GET /renault.2web.at/htdocs/export/pdf/emuc_document/11482932.pdf HTTP/1.0" 404 318 "-" "Mozilla/5.0 (Linux; Android 5.0) AppleWebKit/537.36 (KHTML, like Gecko) Mobile Safari/537.36 (compatible; Bytespider; spider-feedback@bytedance.com)"
156.59.198.136 - - [12/Apr/2025:07:46:10 +0200] "GET /renault.2web.at/htdocs/export/pdf/emuc_document/12102869.pdf HTTP/1.0" 404 318 "-" "Mozilla/5.0 (Linux; Android 5.0) AppleWebKit/537.36 (KHTML, like Gecko) Mobile Safari/537.36 (compatible; Bytespider; spider-feedback@bytedance.com)"
156.59.198.135 - - [12/Apr/2025:07:46:19 +0200] "GET /renault.2web.at/htdocs/export/pdf/emuc_document/11985213.pdf HTTP/1.0" 404 318 "-" "Mozilla/5.0 (Linux; Android 5.0) AppleWebKit/537.36 (KHTML, like Gecko) Mobile Safari/537.36 (compatible; Bytespider; spider-feedback@bytedance.com)"
156.59.198.136 - - [12/Apr/2025:07:46:28 +0200] "GET /renault.activities.at/htdocs/export/pdf/emuc_document/12414591.pdf HTTP/1.0" 404 321 "-" "Mozilla/5.0 (Linux; Android 5.0) AppleWebKit/537.36 (KHTML, like Gecko) Mobile Safari/537.36 (compatible; Bytespider; spider-feedback@bytedance.com)"
156.59.198.135 - - [12/Apr/2025:07:46:36 +0200] "GET /renault.2web.at/htdocs/export/pdf/emuc_document/11951739.pdf HTTP/1.0" 404 319 "-" "Mozilla/5.0 (Linux; Android 5.0) AppleWebKit/537.36 (KHTML, like Gecko) Mobile Safari/537.36 (compatible; Bytespider; spider-feedback@bytedance.com)"
156.59.198.136 - - [12/Apr/2025:07:46:45 +0200] "GET /renault.2web.at/htdocs/export/pdf/emuc_document/10922479.pdf HTTP/1.0" 404 319 "-" "Mozilla/5.0 (Linux; Android 5.0) AppleWebKit/537.36 (KHTML, like Gecko) Mobile Safari/537.36 (compatible; Bytespider; spider-feedback@bytedance.com)"
154.81.156.35 - - [12/Apr/2025:07:47:20 +0200] "GET / HTTP/1.1" 200 274 "-" "Mozilla/5.0 (Windows NT 10.0; Win64; x64) AppleWebKit/537.36 (KHTML, like Gecko) Chrome/90.0.4430.85 Safari/537.36 Edg/90.0.818.46"
154.81.156.54 - - [12/Apr/2025:07:51:12 +0200] "GET / HTTP/1.1" 200 274 "-" "Mozilla/5.0 (Windows NT 10.0; Win64; x64) AppleWebKit/537.36 (KHTML, like Gecko) Chrome/90.0.4430.85 Safari/537.36 Edg/90.0.818.46"
156.59.198.135 - - [12/Apr/2025:07:51:34 +0200] "GET /renault.2web.at/htdocs/export/pdf/emuc_document/10637318.pdf HTTP/1.0" 404 319 "-" "Mozilla/5.0 (Linux; Android 5.0) AppleWebKit/537.36 (KHTML, like Gecko) Mobile Safari/537.36 (compatible; Bytespider; spider-feedback@bytedance.com)"
156.59.198.136 - - [12/Apr/2025:07:51:43 +0200] "GET /renault.activities.at/htdocs/export/pdf/emuc_document/11483347.pdf HTTP/1.0" 404 322 "-" "Mozilla/5.0 (Linux; Android 5.0) AppleWebKit/537.36 (KHTML, like Gecko) Mobile Safari/537.36 (compatible; Bytespider; spider-feedback@bytedance.com)"
156.59.198.136 - - [12/Apr/2025:07:52:17 +0200] "GET /renault.activities.at/htdocs/export/pdf/emuc_document/12491061.pdf HTTP/1.0" 404 321 "-" "Mozilla/5.0 (Linux; Android 5.0) AppleWebKit/537.36 (KHTML, like Gecko) Mobile Safari/537.36 (compatible; Bytespider; spider-feedback@bytedance.com)"
156.59.198.136 - - [12/Apr/2025:07:52:26 +0200] "GET /renault.2web.at/htdocs/export/pdf/emuc_document/11177565.pdf HTTP/1.0" 404 318 "-" "Mozilla/5.0 (Linux; Android 5.0) AppleWebKit/537.36 (KHTML, like Gecko) Mobile Safari/537.36 (compatible; Bytespider; spider-feedback@bytedance.com)"
151.106.161.79 - - [12/Apr/2025:07:57:21 +0200] "GET /download/file.php?id=252&sid=0577dfc7128ebbb68d59527b673a8137 HTTP/1.1" 404 297 "-" "Mozilla/5.0 (X11; Ubuntu; Linux x86_64; rv:72.0) Gecko/20100101 Firefox/72.0"
151.106.161.79 - - [12/Apr/2025:07:57:21 +0200] "GET /download/file.php?id=252&sid=0577dfc7128ebbb68d59527b673a8137 HTTP/1.1" 404 297 "-" "Mozilla/5.0 (X11; Ubuntu; Linux x86_64; rv:72.0) Gecko/20100101 Firefox/72.0"
151.106.161.79 - - [12/Apr/2025:07:57:22 +0200] "GET /download/file.php?id=252&sid=0577dfc7128ebbb68d59527b673a8137 HTTP/1.1" 404 297 "-" "Mozilla/5.0 (X11; Ubuntu; Linux x86_64; rv:72.0) Gecko/20100101 Firefox/72.0"
156.59.198.135 - - [12/Apr/2025:07:58:26 +0200] "GET /renault.2web.at/htdocs/export/pdf/emuc_document/12205368.pdf HTTP/1.0" 404 319 "-" "Mozilla/5.0 (Linux; Android 5.0) AppleWebKit/537.36 (KHTML, like Gecko) Mobile Safari/537.36 (compatible; Bytespider; spider-feedback@bytedance.com)"
156.59.198.135 - - [12/Apr/2025:07:58:36 +0200] "GET /renault.activities.at/htdocs/export/pdf/emuc_document/11789652.pdf HTTP/1.0" 404 322 "-" "Mozilla/5.0 (Linux; Android 5.0) AppleWebKit/537.36 (KHTML, like Gecko) Mobile Safari/537.36 (compatible; Bytespider; spider-feedback@bytedance.com)"
156.59.198.135 - - [12/Apr/2025:07:58:44 +0200] "GET /renault.2web.at/htdocs/export/pdf/emuc_document/12465231.pdf HTTP/1.0" 404 318 "-" "Mozilla/5.0 (Linux; Android 5.0) AppleWebKit/537.36 (KHTML, like Gecko) Mobile Safari/537.36 (compatible; Bytespider; spider-feedback@bytedance.com)"
156.59.198.135 - - [12/Apr/2025:07:58:54 +0200] "GET /renault.2web.at/htdocs/export/pdf/emuc_document/12468760.pdf HTTP/1.0" 404 319 "-" "Mozilla/5.0 (Linux; Android 5.0) AppleWebKit/537.36 (KHTML, like Gecko) Mobile Safari/537.36 (compatible; Bytespider; spider-feedback@bytedance.com)"
151.106.160.158 - - [12/Apr/2025:07:58:57 +0200] "GET /cron.php?cron_type=tidy_cache&sid=0d39b6fdecab20d5765ad347c018c31b HTTP/1.1" 404 290 "-" "Mozilla/5.0 (X11; Ubuntu; Linux x86_64; rv:72.0) Gecko/20100101 Firefox/72.0"
151.106.160.158 - - [12/Apr/2025:07:58:58 +0200] "GET /cron.php?cron_type=tidy_cache&sid=0d39b6fdecab20d5765ad347c018c31b HTTP/1.1" 404 290 "-" "Mozilla/5.0 (X11; Ubuntu; Linux x86_64; rv:72.0) Gecko/20100101 Firefox/72.0"
151.106.160.158 - - [12/Apr/2025:07:58:58 +0200] "GET /cron.php?cron_type=tidy_cache&sid=0d39b6fdecab20d5765ad347c018c31b HTTP/1.1" 404 290 "-" "Mozilla/5.0 (X11; Ubuntu; Linux x86_64; rv:72.0) Gecko/20100101 Firefox/72.0"
156.59.198.136 - - [12/Apr/2025:07:59:02 +0200] "GET /renault.activities.at/htdocs/export/pdf/emuc_document/11723624.pdf HTTP/1.0" 404 322 "-" "Mozilla/5.0 (Linux; Android 5.0) AppleWebKit/537.36 (KHTML, like Gecko) Mobile Safari/537.36 (compatible; Bytespider; spider-feedback@bytedance.com)"
156.59.198.136 - - [12/Apr/2025:07:59:11 +0200] "GET /renault.2web.at/htdocs/export/pdf/emuc_document/11951623.pdf HTTP/1.0" 404 318 "-" "Mozilla/5.0 (Linux; Android 5.0) AppleWebKit/537.36 (KHTML, like Gecko) Mobile Safari/537.36 (compatible; Bytespider; spider-feedback@bytedance.com)"
156.59.198.136 - - [12/Apr/2025:07:59:20 +0200] "GET /renault.2web.at/htdocs/export/pdf/emuc_document/10623373.pdf HTTP/1.0" 404 319 "-" "Mozilla/5.0 (Linux; Android 5.0) AppleWebKit/537.36 (KHTML, like Gecko) Mobile Safari/537.36 (compatible; Bytespider; spider-feedback@bytedance.com)"
156.59.198.135 - - [12/Apr/2025:07:59:28 +0200] "GET /renault.2web.at/htdocs/export/pdf/emuc_document/11282200.pdf HTTP/1.0" 404 318 "-" "Mozilla/5.0 (Linux; Android 5.0) AppleWebKit/537.36 (KHTML, like Gecko) Mobile Safari/537.36 (compatible; Bytespider; spider-feedback@bytedance.com)"
156.59.198.135 - - [12/Apr/2025:07:59:37 +0200] "GET /renault.activities.at/htdocs/export/pdf/emuc_document/11072142.pdf HTTP/1.0" 404 322 "-" "Mozilla/5.0 (Linux; Android 5.0) AppleWebKit/537.36 (KHTML, like Gecko) Mobile Safari/537.36 (compatible; Bytespider; spider-feedback@bytedance.com)"
156.59.198.136 - - [12/Apr/2025:07:59:45 +0200] "GET /renault.activities.at/htdocs/export/pdf/emuc_document/11470772.pdf HTTP/1.0" 404 322 "-" "Mozilla/5.0 (Linux; Android 5.0) AppleWebKit/537.36 (KHTML, like Gecko) Mobile Safari/537.36 (compatible; Bytespider; spider-feedback@bytedance.com)"
156.59.198.135 - - [12/Apr/2025:07:59:55 +0200] "GET /renault.activities.at/htdocs/export/pdf/emuc_document/11038388.pdf HTTP/1.0" 404 322 "-" "Mozilla/5.0 (Linux; Android 5.0) AppleWebKit/537.36 (KHTML, like Gecko) Mobile Safari/537.36 (compatible; Bytespider; spider-feedback@bytedance.com)"
156.59.198.136 - - [12/Apr/2025:08:00:03 +0200] "GET /renault.2web.at/htdocs/export/pdf/emuc_document/11628908.pdf HTTP/1.0" 404 318 "-" "Mozilla/5.0 (Linux; Android 5.0) AppleWebKit/537.36 (KHTML, like Gecko) Mobile Safari/537.36 (compatible; Bytespider; spider-feedback@bytedance.com)"
156.59.198.135 - - [12/Apr/2025:08:00:12 +0200] "GET /renault.activities.at/htdocs/export/pdf/emuc_document/11772878.pdf HTTP/1.0" 404 322 "-" "Mozilla/5.0 (Linux; Android 5.0) AppleWebKit/537.36 (KHTML, like Gecko) Mobile Safari/537.36 (compatible; Bytespider; spider-feedback@bytedance.com)"
156.59.198.135 - - [12/Apr/2025:08:00:21 +0200] "GET /renault.activities.at/htdocs/export/pdf/emuc_document/10314978.pdf HTTP/1.0" 404 322 "-" "Mozilla/5.0 (Linux; Android 5.0) AppleWebKit/537.36 (KHTML, like Gecko) Mobile Safari/537.36 (compatible; Bytespider; spider-feedback@bytedance.com)"
