178.165.172.18 - - [14/Apr/2025:16:04:00 +0200] "GET /entry.php?id=10676&&title=Artikelverwaltung HTTP/1.1" 200 1395 "http://hausegger.activities.at/entry.php?id=10712" "Mozilla/5.0 (Windows NT 10.0; Win64; x64; rv:137.0) Gecko/20100101 Firefox/137.0"
178.165.172.18 - - [14/Apr/2025:16:04:00 +0200] "GET /gui/javascript/form_form.js?1744639440 HTTP/1.1" 200 16206 "http://hausegger.activities.at/entry.php?id=10676&&title=Artikelverwaltung" "Mozilla/5.0 (Windows NT 10.0; Win64; x64; rv:137.0) Gecko/20100101 Firefox/137.0"
178.165.172.18 - - [14/Apr/2025:16:04:00 +0200] "GET /entry.php?id=10716& HTTP/1.1" 200 4900 "http://hausegger.activities.at/entry.php?id=10712" "Mozilla/5.0 (Windows NT 10.0; Win64; x64; rv:137.0) Gecko/20100101 Firefox/137.0"
178.165.172.18 - - [14/Apr/2025:16:04:00 +0200] "GET /entry.php?id=10715& HTTP/1.1" 200 2536 "http://hausegger.activities.at/entry.php?id=10712" "Mozilla/5.0 (Windows NT 10.0; Win64; x64; rv:137.0) Gecko/20100101 Firefox/137.0"
178.165.172.18 - - [14/Apr/2025:16:04:00 +0200] "GET /entry.php?id=10776&form=10560&name=list& HTTP/1.1" 200 2179 "http://hausegger.activities.at/entry.php?id=10715&" "Mozilla/5.0 (Windows NT 10.0; Win64; x64; rv:137.0) Gecko/20100101 Firefox/137.0"
178.165.172.18 - - [14/Apr/2025:16:04:00 +0200] "GET /entry.php?id=10778&form=10560&name=list& HTTP/1.1" 200 2691 "http://hausegger.activities.at/entry.php?id=10715&" "Mozilla/5.0 (Windows NT 10.0; Win64; x64; rv:137.0) Gecko/20100101 Firefox/137.0"
178.165.172.18 - - [14/Apr/2025:16:04:00 +0200] "GET /entry.php?id=10714&checksegmentation=false& HTTP/1.1" 200 4180 "http://hausegger.activities.at/entry.php?id=10712" "Mozilla/5.0 (Windows NT 10.0; Win64; x64; rv:137.0) Gecko/20100101 Firefox/137.0"
178.165.172.18 - - [14/Apr/2025:16:04:01 +0200] "GET /activities/framework/KoolControls/KoolAjax/koolajax.php?8436e354c842500aba3cbaf0584c0c24 HTTP/1.1" 200 4079 "http://hausegger.activities.at/entry.php?id=10714&checksegmentation=false&" "Mozilla/5.0 (Windows NT 10.0; Win64; x64; rv:137.0) Gecko/20100101 Firefox/137.0"
178.165.172.18 - - [14/Apr/2025:16:04:01 +0200] "GET /activities/framework/KoolControls/KoolTreeView/kooltreeview.php?c7cd9180e88ffef8e70f13526bb4f5f7 HTTP/1.1" 200 5055 "http://hausegger.activities.at/entry.php?id=10714&checksegmentation=false&" "Mozilla/5.0 (Windows NT 10.0; Win64; x64; rv:137.0) Gecko/20100101 Firefox/137.0"
154.81.156.54 - - [14/Apr/2025:16:04:16 +0200] "GET / HTTP/1.1" 200 274 "-" "Mozilla/5.0 (Windows NT 10.0; Win64; x64) AppleWebKit/537.36 (KHTML, like Gecko) Chrome/90.0.4430.85 Safari/537.36 Edg/90.0.818.46"
178.165.172.18 - - [14/Apr/2025:16:04:26 +0200] "GET /entry.php?id=10271&&ser=639406 HTTP/1.1" 200 987 "http://hausegger.activities.at/entry.php?id=10271&&ser=639346" "Mozilla/5.0 (Windows NT 10.0; Win64; x64; rv:137.0) Gecko/20100101 Firefox/137.0"
178.165.172.18 - - [14/Apr/2025:16:04:27 +0200] "GET /gui/javascript/form_form.js?1744639467 HTTP/1.1" 200 16206 "http://hausegger.activities.at/entry.php?id=10271&&ser=639406" "Mozilla/5.0 (Windows NT 10.0; Win64; x64; rv:137.0) Gecko/20100101 Firefox/137.0"
178.165.172.18 - - [14/Apr/2025:16:05:00 +0200] "POST /entry.php?id=10716 HTTP/1.1" 200 7175 "http://hausegger.activities.at/entry.php?id=10716&" "Mozilla/5.0 (Windows NT 10.0; Win64; x64; rv:137.0) Gecko/20100101 Firefox/137.0"
178.165.172.18 - - [14/Apr/2025:16:05:00 +0200] "GET /gui/javascript/form_form.js?1744639500 HTTP/1.1" 200 16206 "http://hausegger.activities.at/entry.php?id=10716" "Mozilla/5.0 (Windows NT 10.0; Win64; x64; rv:137.0) Gecko/20100101 Firefox/137.0"
178.165.172.18 - - [14/Apr/2025:16:05:00 +0200] "GET /activities/framework/KoolControls/KoolAjax/koolajax.php?8436e354c842500aba3cbaf0584c0c24 HTTP/1.1" 200 4079 "http://hausegger.activities.at/entry.php?id=10716" "Mozilla/5.0 (Windows NT 10.0; Win64; x64; rv:137.0) Gecko/20100101 Firefox/137.0"
178.165.172.18 - - [14/Apr/2025:16:05:00 +0200] "GET /activities/framework/KoolControls/KoolComboBox/koolcombobox.php?32981a13284db7a021131df49e6cd203 HTTP/1.1" 200 4607 "http://hausegger.activities.at/entry.php?id=10716" "Mozilla/5.0 (Windows NT 10.0; Win64; x64; rv:137.0) Gecko/20100101 Firefox/137.0"
178.165.172.18 - - [14/Apr/2025:16:05:00 +0200] "GET /activities/framework/KoolControls/KoolTreeView/kooltreeview.php?c7cd9180e88ffef8e70f13526bb4f5f7 HTTP/1.1" 200 5055 "http://hausegger.activities.at/entry.php?id=10716" "Mozilla/5.0 (Windows NT 10.0; Win64; x64; rv:137.0) Gecko/20100101 Firefox/137.0"
178.165.172.18 - - [14/Apr/2025:16:05:27 +0200] "GET /entry.php?id=10271&&ser=639467 HTTP/1.1" 200 987 "http://hausegger.activities.at/entry.php?id=10271&&ser=639406" "Mozilla/5.0 (Windows NT 10.0; Win64; x64; rv:137.0) Gecko/20100101 Firefox/137.0"
178.165.172.18 - - [14/Apr/2025:16:05:27 +0200] "GET /gui/javascript/form_form.js?1744639527 HTTP/1.1" 200 16206 "http://hausegger.activities.at/entry.php?id=10271&&ser=639467" "Mozilla/5.0 (Windows NT 10.0; Win64; x64; rv:137.0) Gecko/20100101 Firefox/137.0"
151.106.164.42 - - [14/Apr/2025:16:05:50 +0200] "GET /cron.php?cron_type=tidy_cache&sid=0ce7a7dbe21ce45f42f2f4d756d3f357 HTTP/1.1" 404 290 "-" "Mozilla/5.0 (X11; Ubuntu; Linux x86_64; rv:72.0) Gecko/20100101 Firefox/72.0"
151.106.164.42 - - [14/Apr/2025:16:05:50 +0200] "GET /cron.php?cron_type=tidy_cache&sid=0ce7a7dbe21ce45f42f2f4d756d3f357 HTTP/1.1" 404 290 "-" "Mozilla/5.0 (X11; Ubuntu; Linux x86_64; rv:72.0) Gecko/20100101 Firefox/72.0"
151.106.164.42 - - [14/Apr/2025:16:05:50 +0200] "GET /cron.php?cron_type=tidy_cache&sid=0ce7a7dbe21ce45f42f2f4d756d3f357 HTTP/1.1" 404 290 "-" "Mozilla/5.0 (X11; Ubuntu; Linux x86_64; rv:72.0) Gecko/20100101 Firefox/72.0"
178.165.172.18 - - [14/Apr/2025:16:06:27 +0200] "GET /entry.php?id=10271&&ser=639527 HTTP/1.1" 200 986 "http://hausegger.activities.at/entry.php?id=10271&&ser=639467" "Mozilla/5.0 (Windows NT 10.0; Win64; x64; rv:137.0) Gecko/20100101 Firefox/137.0"
178.165.172.18 - - [14/Apr/2025:16:06:27 +0200] "GET /gui/javascript/form_form.js?1744639587 HTTP/1.1" 200 16206 "http://hausegger.activities.at/entry.php?id=10271&&ser=639527" "Mozilla/5.0 (Windows NT 10.0; Win64; x64; rv:137.0) Gecko/20100101 Firefox/137.0"
178.165.172.18 - - [14/Apr/2025:16:07:27 +0200] "GET /entry.php?id=10271&&ser=639587 HTTP/1.1" 200 987 "http://hausegger.activities.at/entry.php?id=10271&&ser=639527" "Mozilla/5.0 (Windows NT 10.0; Win64; x64; rv:137.0) Gecko/20100101 Firefox/137.0"
178.165.172.18 - - [14/Apr/2025:16:07:28 +0200] "GET /gui/javascript/form_form.js?1744639647 HTTP/1.1" 200 16206 "http://hausegger.activities.at/entry.php?id=10271&&ser=639587" "Mozilla/5.0 (Windows NT 10.0; Win64; x64; rv:137.0) Gecko/20100101 Firefox/137.0"
178.165.172.18 - - [14/Apr/2025:16:08:28 +0200] "GET /entry.php?id=10271&&ser=639647 HTTP/1.1" 200 986 "http://hausegger.activities.at/entry.php?id=10271&&ser=639587" "Mozilla/5.0 (Windows NT 10.0; Win64; x64; rv:137.0) Gecko/20100101 Firefox/137.0"
178.165.172.18 - - [14/Apr/2025:16:08:28 +0200] "GET /gui/javascript/form_form.js?1744639708 HTTP/1.1" 200 16206 "http://hausegger.activities.at/entry.php?id=10271&&ser=639647" "Mozilla/5.0 (Windows NT 10.0; Win64; x64; rv:137.0) Gecko/20100101 Firefox/137.0"
178.165.172.18 - - [14/Apr/2025:16:09:28 +0200] "GET /entry.php?id=10271&&ser=639708 HTTP/1.1" 200 986 "http://hausegger.activities.at/entry.php?id=10271&&ser=639647" "Mozilla/5.0 (Windows NT 10.0; Win64; x64; rv:137.0) Gecko/20100101 Firefox/137.0"
178.165.172.18 - - [14/Apr/2025:16:09:28 +0200] "GET /gui/javascript/form_form.js?1744639768 HTTP/1.1" 200 16206 "http://hausegger.activities.at/entry.php?id=10271&&ser=639708" "Mozilla/5.0 (Windows NT 10.0; Win64; x64; rv:137.0) Gecko/20100101 Firefox/137.0"
194.165.16.162 - - [14/Apr/2025:16:09:42 +0200] "\x03" 400 383 "-" "-"
178.165.172.18 - - [14/Apr/2025:16:10:28 +0200] "GET /entry.php?id=10271&&ser=639768 HTTP/1.1" 200 987 "http://hausegger.activities.at/entry.php?id=10271&&ser=639708" "Mozilla/5.0 (Windows NT 10.0; Win64; x64; rv:137.0) Gecko/20100101 Firefox/137.0"
178.165.172.18 - - [14/Apr/2025:16:10:28 +0200] "GET /gui/javascript/form_form.js?1744639828 HTTP/1.1" 200 16206 "http://hausegger.activities.at/entry.php?id=10271&&ser=639768" "Mozilla/5.0 (Windows NT 10.0; Win64; x64; rv:137.0) Gecko/20100101 Firefox/137.0"
178.165.172.18 - - [14/Apr/2025:16:11:30 +0200] "GET /entry.php?id=10271&&ser=639828 HTTP/1.1" 200 986 "http://hausegger.activities.at/entry.php?id=10271&&ser=639768" "Mozilla/5.0 (Windows NT 10.0; Win64; x64; rv:137.0) Gecko/20100101 Firefox/137.0"
178.165.172.18 - - [14/Apr/2025:16:11:30 +0200] "GET /gui/javascript/form_form.js?1744639890 HTTP/1.1" 200 16206 "http://hausegger.activities.at/entry.php?id=10271&&ser=639828" "Mozilla/5.0 (Windows NT 10.0; Win64; x64; rv:137.0) Gecko/20100101 Firefox/137.0"
178.165.172.18 - - [14/Apr/2025:16:12:30 +0200] "GET /entry.php?id=10271&&ser=639890 HTTP/1.1" 200 986 "http://hausegger.activities.at/entry.php?id=10271&&ser=639828" "Mozilla/5.0 (Windows NT 10.0; Win64; x64; rv:137.0) Gecko/20100101 Firefox/137.0"
178.165.172.18 - - [14/Apr/2025:16:12:30 +0200] "GET /gui/javascript/form_form.js?1744639950 HTTP/1.1" 200 16206 "http://hausegger.activities.at/entry.php?id=10271&&ser=639890" "Mozilla/5.0 (Windows NT 10.0; Win64; x64; rv:137.0) Gecko/20100101 Firefox/137.0"
151.106.164.42 - - [14/Apr/2025:16:12:57 +0200] "GET /download/file.php?id=255&sid=aca3283b7000fad638637dc4318c4d6d HTTP/1.1" 404 297 "-" "Mozilla/5.0 (X11; Ubuntu; Linux x86_64; rv:72.0) Gecko/20100101 Firefox/72.0"
151.106.164.42 - - [14/Apr/2025:16:12:57 +0200] "GET /download/file.php?id=255&sid=aca3283b7000fad638637dc4318c4d6d HTTP/1.1" 404 297 "-" "Mozilla/5.0 (X11; Ubuntu; Linux x86_64; rv:72.0) Gecko/20100101 Firefox/72.0"
151.106.164.42 - - [14/Apr/2025:16:12:58 +0200] "GET /download/file.php?id=255&sid=aca3283b7000fad638637dc4318c4d6d HTTP/1.1" 404 297 "-" "Mozilla/5.0 (X11; Ubuntu; Linux x86_64; rv:72.0) Gecko/20100101 Firefox/72.0"
178.165.172.18 - - [14/Apr/2025:16:13:30 +0200] "GET /entry.php?id=10271&&ser=639950 HTTP/1.1" 200 986 "http://hausegger.activities.at/entry.php?id=10271&&ser=639890" "Mozilla/5.0 (Windows NT 10.0; Win64; x64; rv:137.0) Gecko/20100101 Firefox/137.0"
178.165.172.18 - - [14/Apr/2025:16:13:31 +0200] "GET /gui/javascript/form_form.js?1744640011 HTTP/1.1" 200 16206 "http://hausegger.activities.at/entry.php?id=10271&&ser=639950" "Mozilla/5.0 (Windows NT 10.0; Win64; x64; rv:137.0) Gecko/20100101 Firefox/137.0"
178.165.172.18 - - [14/Apr/2025:16:14:31 +0200] "GET /entry.php?id=10271&&ser=640011 HTTP/1.1" 200 986 "http://hausegger.activities.at/entry.php?id=10271&&ser=639950" "Mozilla/5.0 (Windows NT 10.0; Win64; x64; rv:137.0) Gecko/20100101 Firefox/137.0"
178.165.172.18 - - [14/Apr/2025:16:14:31 +0200] "GET /gui/javascript/form_form.js?1744640071 HTTP/1.1" 200 16206 "http://hausegger.activities.at/entry.php?id=10271&&ser=640011" "Mozilla/5.0 (Windows NT 10.0; Win64; x64; rv:137.0) Gecko/20100101 Firefox/137.0"
178.165.172.18 - - [14/Apr/2025:16:15:31 +0200] "GET /entry.php?id=10271&&ser=640071 HTTP/1.1" 200 986 "http://hausegger.activities.at/entry.php?id=10271&&ser=640011" "Mozilla/5.0 (Windows NT 10.0; Win64; x64; rv:137.0) Gecko/20100101 Firefox/137.0"
178.165.172.18 - - [14/Apr/2025:16:15:31 +0200] "GET /gui/javascript/form_form.js?1744640131 HTTP/1.1" 200 16206 "http://hausegger.activities.at/entry.php?id=10271&&ser=640071" "Mozilla/5.0 (Windows NT 10.0; Win64; x64; rv:137.0) Gecko/20100101 Firefox/137.0"
178.165.172.18 - - [14/Apr/2025:16:16:31 +0200] "GET /entry.php?id=10271&&ser=640131 HTTP/1.1" 200 986 "http://hausegger.activities.at/entry.php?id=10271&&ser=640071" "Mozilla/5.0 (Windows NT 10.0; Win64; x64; rv:137.0) Gecko/20100101 Firefox/137.0"
178.165.172.18 - - [14/Apr/2025:16:16:32 +0200] "GET /gui/javascript/form_form.js?1744640192 HTTP/1.1" 200 16206 "http://hausegger.activities.at/entry.php?id=10271&&ser=640131" "Mozilla/5.0 (Windows NT 10.0; Win64; x64; rv:137.0) Gecko/20100101 Firefox/137.0"
178.165.172.18 - - [14/Apr/2025:16:17:32 +0200] "GET /entry.php?id=10271&&ser=640192 HTTP/1.1" 200 986 "http://hausegger.activities.at/entry.php?id=10271&&ser=640131" "Mozilla/5.0 (Windows NT 10.0; Win64; x64; rv:137.0) Gecko/20100101 Firefox/137.0"
178.165.172.18 - - [14/Apr/2025:16:17:32 +0200] "GET /gui/javascript/form_form.js?1744640252 HTTP/1.1" 200 16206 "http://hausegger.activities.at/entry.php?id=10271&&ser=640192" "Mozilla/5.0 (Windows NT 10.0; Win64; x64; rv:137.0) Gecko/20100101 Firefox/137.0"
178.165.172.18 - - [14/Apr/2025:16:18:32 +0200] "GET /entry.php?id=10271&&ser=640252 HTTP/1.1" 200 986 "http://hausegger.activities.at/entry.php?id=10271&&ser=640192" "Mozilla/5.0 (Windows NT 10.0; Win64; x64; rv:137.0) Gecko/20100101 Firefox/137.0"
178.165.172.18 - - [14/Apr/2025:16:18:32 +0200] "GET /gui/javascript/form_form.js?1744640312 HTTP/1.1" 200 16206 "http://hausegger.activities.at/entry.php?id=10271&&ser=640252" "Mozilla/5.0 (Windows NT 10.0; Win64; x64; rv:137.0) Gecko/20100101 Firefox/137.0"
151.106.173.252 - - [14/Apr/2025:16:19:32 +0200] "GET /cron.php?cron_type=tidy_cache&sid=97545725a24fb4f955dc43c42cffbefe HTTP/1.1" 404 290 "-" "Mozilla/5.0 (X11; Ubuntu; Linux x86_64; rv:72.0) Gecko/20100101 Firefox/72.0"
151.106.173.252 - - [14/Apr/2025:16:19:32 +0200] "GET /cron.php?cron_type=tidy_cache&sid=97545725a24fb4f955dc43c42cffbefe HTTP/1.1" 404 290 "-" "Mozilla/5.0 (X11; Ubuntu; Linux x86_64; rv:72.0) Gecko/20100101 Firefox/72.0"
151.106.173.252 - - [14/Apr/2025:16:19:33 +0200] "GET /cron.php?cron_type=tidy_cache&sid=97545725a24fb4f955dc43c42cffbefe HTTP/1.1" 404 290 "-" "Mozilla/5.0 (X11; Ubuntu; Linux x86_64; rv:72.0) Gecko/20100101 Firefox/72.0"
178.165.172.18 - - [14/Apr/2025:16:19:34 +0200] "GET /entry.php?id=10271&&ser=640312 HTTP/1.1" 200 986 "http://hausegger.activities.at/entry.php?id=10271&&ser=640252" "Mozilla/5.0 (Windows NT 10.0; Win64; x64; rv:137.0) Gecko/20100101 Firefox/137.0"
178.165.172.18 - - [14/Apr/2025:16:19:34 +0200] "GET /gui/javascript/form_form.js?1744640374 HTTP/1.1" 200 16206 "http://hausegger.activities.at/entry.php?id=10271&&ser=640312" "Mozilla/5.0 (Windows NT 10.0; Win64; x64; rv:137.0) Gecko/20100101 Firefox/137.0"
178.165.172.18 - - [14/Apr/2025:16:20:34 +0200] "GET /entry.php?id=10271&&ser=640374 HTTP/1.1" 200 986 "http://hausegger.activities.at/entry.php?id=10271&&ser=640312" "Mozilla/5.0 (Windows NT 10.0; Win64; x64; rv:137.0) Gecko/20100101 Firefox/137.0"
178.165.172.18 - - [14/Apr/2025:16:20:34 +0200] "GET /gui/javascript/form_form.js?1744640434 HTTP/1.1" 200 16206 "http://hausegger.activities.at/entry.php?id=10271&&ser=640374" "Mozilla/5.0 (Windows NT 10.0; Win64; x64; rv:137.0) Gecko/20100101 Firefox/137.0"
178.165.172.18 - - [14/Apr/2025:16:21:34 +0200] "GET /entry.php?id=10271&&ser=640434 HTTP/1.1" 200 986 "http://hausegger.activities.at/entry.php?id=10271&&ser=640374" "Mozilla/5.0 (Windows NT 10.0; Win64; x64; rv:137.0) Gecko/20100101 Firefox/137.0"
178.165.172.18 - - [14/Apr/2025:16:21:34 +0200] "GET /gui/javascript/form_form.js?1744640494 HTTP/1.1" 200 16206 "http://hausegger.activities.at/entry.php?id=10271&&ser=640434" "Mozilla/5.0 (Windows NT 10.0; Win64; x64; rv:137.0) Gecko/20100101 Firefox/137.0"
178.165.172.18 - - [14/Apr/2025:16:22:35 +0200] "GET /entry.php?id=10271&&ser=640494 HTTP/1.1" 200 987 "http://hausegger.activities.at/entry.php?id=10271&&ser=640434" "Mozilla/5.0 (Windows NT 10.0; Win64; x64; rv:137.0) Gecko/20100101 Firefox/137.0"
178.165.172.18 - - [14/Apr/2025:16:22:35 +0200] "GET /gui/javascript/form_form.js?1744640555 HTTP/1.1" 200 16206 "http://hausegger.activities.at/entry.php?id=10271&&ser=640494" "Mozilla/5.0 (Windows NT 10.0; Win64; x64; rv:137.0) Gecko/20100101 Firefox/137.0"
178.165.172.18 - - [14/Apr/2025:16:23:35 +0200] "GET /entry.php?id=10271&&ser=640555 HTTP/1.1" 200 986 "http://hausegger.activities.at/entry.php?id=10271&&ser=640494" "Mozilla/5.0 (Windows NT 10.0; Win64; x64; rv:137.0) Gecko/20100101 Firefox/137.0"
178.165.172.18 - - [14/Apr/2025:16:23:35 +0200] "GET /gui/javascript/form_form.js?1744640615 HTTP/1.1" 200 16206 "http://hausegger.activities.at/entry.php?id=10271&&ser=640555" "Mozilla/5.0 (Windows NT 10.0; Win64; x64; rv:137.0) Gecko/20100101 Firefox/137.0"
195.211.191.76 - - [14/Apr/2025:16:24:31 +0200] "GET /.env HTTP/1.1" 404 280 "-" "Mozilla/5.0 (X11; Linux x86_64) AppleWebKit/537.36 (KHTML, like Gecko) Chrome/47.0.2526.80 Safari/537.36 Vivaldi/1.0.344.37"
178.165.172.18 - - [14/Apr/2025:16:24:35 +0200] "GET /entry.php?id=10271&&ser=640615 HTTP/1.1" 200 986 "http://hausegger.activities.at/entry.php?id=10271&&ser=640555" "Mozilla/5.0 (Windows NT 10.0; Win64; x64; rv:137.0) Gecko/20100101 Firefox/137.0"
178.165.172.18 - - [14/Apr/2025:16:24:35 +0200] "GET /gui/javascript/form_form.js?1744640675 HTTP/1.1" 200 16206 "http://hausegger.activities.at/entry.php?id=10271&&ser=640615" "Mozilla/5.0 (Windows NT 10.0; Win64; x64; rv:137.0) Gecko/20100101 Firefox/137.0"
178.165.172.18 - - [14/Apr/2025:16:25:42 +0200] "GET /entry.php?id=10271&&ser=640675 HTTP/1.1" 200 986 "http://hausegger.activities.at/entry.php?id=10271&&ser=640615" "Mozilla/5.0 (Windows NT 10.0; Win64; x64; rv:137.0) Gecko/20100101 Firefox/137.0"
178.165.172.18 - - [14/Apr/2025:16:25:42 +0200] "GET /gui/javascript/form_form.js?1744640742 HTTP/1.1" 200 16206 "http://hausegger.activities.at/entry.php?id=10271&&ser=640675" "Mozilla/5.0 (Windows NT 10.0; Win64; x64; rv:137.0) Gecko/20100101 Firefox/137.0"
178.165.172.18 - - [14/Apr/2025:16:26:42 +0200] "GET /entry.php?id=10271&&ser=640742 HTTP/1.1" 200 986 "http://hausegger.activities.at/entry.php?id=10271&&ser=640675" "Mozilla/5.0 (Windows NT 10.0; Win64; x64; rv:137.0) Gecko/20100101 Firefox/137.0"
178.165.172.18 - - [14/Apr/2025:16:26:42 +0200] "GET /gui/javascript/form_form.js?1744640802 HTTP/1.1" 200 16206 "http://hausegger.activities.at/entry.php?id=10271&&ser=640742" "Mozilla/5.0 (Windows NT 10.0; Win64; x64; rv:137.0) Gecko/20100101 Firefox/137.0"
154.81.156.54 - - [14/Apr/2025:16:26:50 +0200] "GET / HTTP/1.1" 200 274 "-" "Mozilla/5.0 (Windows NT 10.0; Win64; x64) AppleWebKit/537.36 (KHTML, like Gecko) Chrome/90.0.4430.85 Safari/537.36 Edg/90.0.818.46"
178.165.172.18 - - [14/Apr/2025:16:27:42 +0200] "GET /entry.php?id=10271&&ser=640802 HTTP/1.1" 200 986 "http://hausegger.activities.at/entry.php?id=10271&&ser=640742" "Mozilla/5.0 (Windows NT 10.0; Win64; x64; rv:137.0) Gecko/20100101 Firefox/137.0"
178.165.172.18 - - [14/Apr/2025:16:27:42 +0200] "GET /gui/javascript/form_form.js?1744640862 HTTP/1.1" 200 16206 "http://hausegger.activities.at/entry.php?id=10271&&ser=640802" "Mozilla/5.0 (Windows NT 10.0; Win64; x64; rv:137.0) Gecko/20100101 Firefox/137.0"
178.165.172.18 - - [14/Apr/2025:16:28:43 +0200] "GET /entry.php?id=10271&&ser=640862 HTTP/1.1" 200 986 "http://hausegger.activities.at/entry.php?id=10271&&ser=640802" "Mozilla/5.0 (Windows NT 10.0; Win64; x64; rv:137.0) Gecko/20100101 Firefox/137.0"
178.165.172.18 - - [14/Apr/2025:16:28:43 +0200] "GET /gui/javascript/form_form.js?1744640923 HTTP/1.1" 200 16206 "http://hausegger.activities.at/entry.php?id=10271&&ser=640862" "Mozilla/5.0 (Windows NT 10.0; Win64; x64; rv:137.0) Gecko/20100101 Firefox/137.0"
154.81.156.34 - - [14/Apr/2025:16:29:38 +0200] "GET / HTTP/1.1" 200 274 "-" "Mozilla/5.0 (Windows NT 10.0; Win64; x64) AppleWebKit/537.36 (KHTML, like Gecko) Chrome/90.0.4430.85 Safari/537.36 Edg/90.0.818.46"
178.165.172.18 - - [14/Apr/2025:16:29:43 +0200] "GET /entry.php?id=10271&&ser=640923 HTTP/1.1" 200 986 "http://hausegger.activities.at/entry.php?id=10271&&ser=640862" "Mozilla/5.0 (Windows NT 10.0; Win64; x64; rv:137.0) Gecko/20100101 Firefox/137.0"
178.165.172.18 - - [14/Apr/2025:16:29:43 +0200] "GET /gui/javascript/form_form.js?1744640983 HTTP/1.1" 200 16206 "http://hausegger.activities.at/entry.php?id=10271&&ser=640923" "Mozilla/5.0 (Windows NT 10.0; Win64; x64; rv:137.0) Gecko/20100101 Firefox/137.0"
178.165.172.18 - - [14/Apr/2025:16:30:46 +0200] "GET /entry.php?id=10271&&ser=640983 HTTP/1.1" 200 986 "http://hausegger.activities.at/entry.php?id=10271&&ser=640923" "Mozilla/5.0 (Windows NT 10.0; Win64; x64; rv:137.0) Gecko/20100101 Firefox/137.0"
178.165.172.18 - - [14/Apr/2025:16:30:47 +0200] "GET /gui/javascript/form_form.js?1744641047 HTTP/1.1" 200 16206 "http://hausegger.activities.at/entry.php?id=10271&&ser=640983" "Mozilla/5.0 (Windows NT 10.0; Win64; x64; rv:137.0) Gecko/20100101 Firefox/137.0"
154.81.156.54 - - [14/Apr/2025:16:31:23 +0200] "GET / HTTP/1.1" 200 274 "-" "Mozilla/5.0 (Windows NT 10.0; Win64; x64) AppleWebKit/537.36 (KHTML, like Gecko) Chrome/90.0.4430.85 Safari/537.36 Edg/90.0.818.46"
178.165.172.18 - - [14/Apr/2025:16:31:51 +0200] "GET /entry.php?id=10271&&ser=641047 HTTP/1.1" 200 985 "http://hausegger.activities.at/entry.php?id=10271&&ser=640983" "Mozilla/5.0 (Windows NT 10.0; Win64; x64; rv:137.0) Gecko/20100101 Firefox/137.0"
178.165.172.18 - - [14/Apr/2025:16:31:51 +0200] "GET /gui/javascript/form_form.js?1744641111 HTTP/1.1" 200 16206 "http://hausegger.activities.at/entry.php?id=10271&&ser=641047" "Mozilla/5.0 (Windows NT 10.0; Win64; x64; rv:137.0) Gecko/20100101 Firefox/137.0"
178.165.172.18 - - [14/Apr/2025:16:32:51 +0200] "GET /entry.php?id=10271&&ser=641111 HTTP/1.1" 200 986 "http://hausegger.activities.at/entry.php?id=10271&&ser=641047" "Mozilla/5.0 (Windows NT 10.0; Win64; x64; rv:137.0) Gecko/20100101 Firefox/137.0"
178.165.172.18 - - [14/Apr/2025:16:32:51 +0200] "GET /gui/javascript/form_form.js?1744641171 HTTP/1.1" 200 16206 "http://hausegger.activities.at/entry.php?id=10271&&ser=641111" "Mozilla/5.0 (Windows NT 10.0; Win64; x64; rv:137.0) Gecko/20100101 Firefox/137.0"
178.165.172.18 - - [14/Apr/2025:16:33:51 +0200] "GET /entry.php?id=10271&&ser=641171 HTTP/1.1" 200 986 "http://hausegger.activities.at/entry.php?id=10271&&ser=641111" "Mozilla/5.0 (Windows NT 10.0; Win64; x64; rv:137.0) Gecko/20100101 Firefox/137.0"
178.165.172.18 - - [14/Apr/2025:16:33:51 +0200] "GET /gui/javascript/form_form.js?1744641231 HTTP/1.1" 200 16206 "http://hausegger.activities.at/entry.php?id=10271&&ser=641171" "Mozilla/5.0 (Windows NT 10.0; Win64; x64; rv:137.0) Gecko/20100101 Firefox/137.0"
151.106.171.1 - - [14/Apr/2025:16:34:34 +0200] "GET /download/file.php?id=255&sid=72cb00d476cef618abcbd36f50d112da HTTP/1.1" 404 297 "-" "Mozilla/5.0 (X11; Ubuntu; Linux x86_64; rv:72.0) Gecko/20100101 Firefox/72.0"
151.106.171.1 - - [14/Apr/2025:16:34:34 +0200] "GET /download/file.php?id=255&sid=72cb00d476cef618abcbd36f50d112da HTTP/1.1" 404 297 "-" "Mozilla/5.0 (X11; Ubuntu; Linux x86_64; rv:72.0) Gecko/20100101 Firefox/72.0"
151.106.171.1 - - [14/Apr/2025:16:34:34 +0200] "GET /download/file.php?id=255&sid=72cb00d476cef618abcbd36f50d112da HTTP/1.1" 404 297 "-" "Mozilla/5.0 (X11; Ubuntu; Linux x86_64; rv:72.0) Gecko/20100101 Firefox/72.0"
178.165.172.18 - - [14/Apr/2025:16:34:52 +0200] "GET /entry.php?id=10271&&ser=641231 HTTP/1.1" 200 986 "http://hausegger.activities.at/entry.php?id=10271&&ser=641171" "Mozilla/5.0 (Windows NT 10.0; Win64; x64; rv:137.0) Gecko/20100101 Firefox/137.0"
178.165.172.18 - - [14/Apr/2025:16:34:52 +0200] "GET /gui/javascript/form_form.js?1744641292 HTTP/1.1" 200 16206 "http://hausegger.activities.at/entry.php?id=10271&&ser=641231" "Mozilla/5.0 (Windows NT 10.0; Win64; x64; rv:137.0) Gecko/20100101 Firefox/137.0"
151.106.171.1 - - [14/Apr/2025:16:35:11 +0200] "GET /download/file.php?id=251&sid=9601a6042b024961c6607cbeeee78b17 HTTP/1.1" 404 297 "-" "Mozilla/5.0 (X11; Ubuntu; Linux x86_64; rv:72.0) Gecko/20100101 Firefox/72.0"
151.106.171.1 - - [14/Apr/2025:16:35:11 +0200] "GET /download/file.php?id=251&sid=9601a6042b024961c6607cbeeee78b17 HTTP/1.1" 404 297 "-" "Mozilla/5.0 (X11; Ubuntu; Linux x86_64; rv:72.0) Gecko/20100101 Firefox/72.0"
151.106.171.1 - - [14/Apr/2025:16:35:11 +0200] "GET /download/file.php?id=251&sid=9601a6042b024961c6607cbeeee78b17 HTTP/1.1" 404 297 "-" "Mozilla/5.0 (X11; Ubuntu; Linux x86_64; rv:72.0) Gecko/20100101 Firefox/72.0"
178.165.172.18 - - [14/Apr/2025:16:35:52 +0200] "GET /entry.php?id=10271&&ser=641292 HTTP/1.1" 200 986 "http://hausegger.activities.at/entry.php?id=10271&&ser=641231" "Mozilla/5.0 (Windows NT 10.0; Win64; x64; rv:137.0) Gecko/20100101 Firefox/137.0"
178.165.172.18 - - [14/Apr/2025:16:35:52 +0200] "GET /gui/javascript/form_form.js?1744641352 HTTP/1.1" 200 16206 "http://hausegger.activities.at/entry.php?id=10271&&ser=641292" "Mozilla/5.0 (Windows NT 10.0; Win64; x64; rv:137.0) Gecko/20100101 Firefox/137.0"
178.165.172.18 - - [14/Apr/2025:16:36:52 +0200] "GET /entry.php?id=10271&&ser=641352 HTTP/1.1" 200 986 "http://hausegger.activities.at/entry.php?id=10271&&ser=641292" "Mozilla/5.0 (Windows NT 10.0; Win64; x64; rv:137.0) Gecko/20100101 Firefox/137.0"
178.165.172.18 - - [14/Apr/2025:16:36:52 +0200] "GET /gui/javascript/form_form.js?1744641412 HTTP/1.1" 200 16206 "http://hausegger.activities.at/entry.php?id=10271&&ser=641352" "Mozilla/5.0 (Windows NT 10.0; Win64; x64; rv:137.0) Gecko/20100101 Firefox/137.0"
178.165.172.18 - - [14/Apr/2025:16:37:53 +0200] "GET /entry.php?id=10271&&ser=641412 HTTP/1.1" 200 986 "http://hausegger.activities.at/entry.php?id=10271&&ser=641352" "Mozilla/5.0 (Windows NT 10.0; Win64; x64; rv:137.0) Gecko/20100101 Firefox/137.0"
178.165.172.18 - - [14/Apr/2025:16:37:53 +0200] "GET /gui/javascript/form_form.js?1744641473 HTTP/1.1" 200 16206 "http://hausegger.activities.at/entry.php?id=10271&&ser=641412" "Mozilla/5.0 (Windows NT 10.0; Win64; x64; rv:137.0) Gecko/20100101 Firefox/137.0"
178.165.172.18 - - [14/Apr/2025:16:38:53 +0200] "GET /entry.php?id=10271&&ser=641473 HTTP/1.1" 200 986 "http://hausegger.activities.at/entry.php?id=10271&&ser=641412" "Mozilla/5.0 (Windows NT 10.0; Win64; x64; rv:137.0) Gecko/20100101 Firefox/137.0"
178.165.172.18 - - [14/Apr/2025:16:38:53 +0200] "GET /gui/javascript/form_form.js?1744641533 HTTP/1.1" 200 16206 "http://hausegger.activities.at/entry.php?id=10271&&ser=641473" "Mozilla/5.0 (Windows NT 10.0; Win64; x64; rv:137.0) Gecko/20100101 Firefox/137.0"
45.135.193.65 - - [14/Apr/2025:16:39:09 +0200] "GET /.env HTTP/1.1" 404 280 "-" "Mozilla/5.0 (SymbianOS/9.4; Series60/5.0 NokiaN97-1/10.0.012; Profile/MIDP-2.1 Configuration/CLDC-1.1; en-us) AppleWebKit/525 (KHTML, like Gecko) WicKed/7.1.12344"
151.106.176.244 - - [14/Apr/2025:16:39:20 +0200] "GET /cron.php?cron_type=tidy_cache&sid=4dbf8ec29401a6ae2e1eeea0df43d0cc HTTP/1.1" 404 290 "-" "Mozilla/5.0 (X11; Ubuntu; Linux x86_64; rv:72.0) Gecko/20100101 Firefox/72.0"
151.106.176.244 - - [14/Apr/2025:16:39:20 +0200] "GET /cron.php?cron_type=tidy_cache&sid=4dbf8ec29401a6ae2e1eeea0df43d0cc HTTP/1.1" 404 290 "-" "Mozilla/5.0 (X11; Ubuntu; Linux x86_64; rv:72.0) Gecko/20100101 Firefox/72.0"
151.106.176.244 - - [14/Apr/2025:16:39:20 +0200] "GET /cron.php?cron_type=tidy_cache&sid=4dbf8ec29401a6ae2e1eeea0df43d0cc HTTP/1.1" 404 290 "-" "Mozilla/5.0 (X11; Ubuntu; Linux x86_64; rv:72.0) Gecko/20100101 Firefox/72.0"
178.165.172.18 - - [14/Apr/2025:16:39:53 +0200] "GET /entry.php?id=10271&&ser=641533 HTTP/1.1" 200 986 "http://hausegger.activities.at/entry.php?id=10271&&ser=641473" "Mozilla/5.0 (Windows NT 10.0; Win64; x64; rv:137.0) Gecko/20100101 Firefox/137.0"
178.165.172.18 - - [14/Apr/2025:16:39:53 +0200] "GET /gui/javascript/form_form.js?1744641593 HTTP/1.1" 200 16206 "http://hausegger.activities.at/entry.php?id=10271&&ser=641533" "Mozilla/5.0 (Windows NT 10.0; Win64; x64; rv:137.0) Gecko/20100101 Firefox/137.0"
178.165.172.18 - - [14/Apr/2025:16:40:54 +0200] "GET /entry.php?id=10271&&ser=641593 HTTP/1.1" 200 986 "http://hausegger.activities.at/entry.php?id=10271&&ser=641533" "Mozilla/5.0 (Windows NT 10.0; Win64; x64; rv:137.0) Gecko/20100101 Firefox/137.0"
178.165.172.18 - - [14/Apr/2025:16:40:54 +0200] "GET /gui/javascript/form_form.js?1744641654 HTTP/1.1" 200 16206 "http://hausegger.activities.at/entry.php?id=10271&&ser=641593" "Mozilla/5.0 (Windows NT 10.0; Win64; x64; rv:137.0) Gecko/20100101 Firefox/137.0"
151.106.186.76 - - [14/Apr/2025:16:41:33 +0200] "GET /gallery/image.php?mode=thumbnail&album_id=3&image_id=90&sid=81c786b33e75f1f2d072b95b9f6ee604 HTTP/1.1" 404 297 "-" "Mozilla/5.0 (X11; Ubuntu; Linux x86_64; rv:72.0) Gecko/20100101 Firefox/72.0"
151.106.186.76 - - [14/Apr/2025:16:41:34 +0200] "GET /gallery/image.php?mode=thumbnail&album_id=3&image_id=90&sid=81c786b33e75f1f2d072b95b9f6ee604 HTTP/1.1" 404 297 "-" "Mozilla/5.0 (X11; Ubuntu; Linux x86_64; rv:72.0) Gecko/20100101 Firefox/72.0"
151.106.186.76 - - [14/Apr/2025:16:41:34 +0200] "GET /gallery/image.php?mode=thumbnail&album_id=3&image_id=90&sid=81c786b33e75f1f2d072b95b9f6ee604 HTTP/1.1" 404 297 "-" "Mozilla/5.0 (X11; Ubuntu; Linux x86_64; rv:72.0) Gecko/20100101 Firefox/72.0"
154.81.156.35 - - [14/Apr/2025:16:41:43 +0200] "GET / HTTP/1.1" 200 274 "-" "Mozilla/5.0 (Windows NT 10.0; Win64; x64) AppleWebKit/537.36 (KHTML, like Gecko) Chrome/90.0.4430.85 Safari/537.36 Edg/90.0.818.46"
178.165.172.18 - - [14/Apr/2025:16:41:55 +0200] "GET /entry.php?id=10271&&ser=641654 HTTP/1.1" 200 986 "http://hausegger.activities.at/entry.php?id=10271&&ser=641593" "Mozilla/5.0 (Windows NT 10.0; Win64; x64; rv:137.0) Gecko/20100101 Firefox/137.0"
178.165.172.18 - - [14/Apr/2025:16:41:55 +0200] "GET /gui/javascript/form_form.js?1744641715 HTTP/1.1" 200 16206 "http://hausegger.activities.at/entry.php?id=10271&&ser=641654" "Mozilla/5.0 (Windows NT 10.0; Win64; x64; rv:137.0) Gecko/20100101 Firefox/137.0"
178.165.172.18 - - [14/Apr/2025:16:42:55 +0200] "GET /entry.php?id=10271&&ser=641715 HTTP/1.1" 200 986 "http://hausegger.activities.at/entry.php?id=10271&&ser=641654" "Mozilla/5.0 (Windows NT 10.0; Win64; x64; rv:137.0) Gecko/20100101 Firefox/137.0"
178.165.172.18 - - [14/Apr/2025:16:42:55 +0200] "GET /gui/javascript/form_form.js?1744641775 HTTP/1.1" 200 16206 "http://hausegger.activities.at/entry.php?id=10271&&ser=641715" "Mozilla/5.0 (Windows NT 10.0; Win64; x64; rv:137.0) Gecko/20100101 Firefox/137.0"
178.165.172.18 - - [14/Apr/2025:16:43:55 +0200] "GET /entry.php?id=10271&&ser=641775 HTTP/1.1" 200 986 "http://hausegger.activities.at/entry.php?id=10271&&ser=641715" "Mozilla/5.0 (Windows NT 10.0; Win64; x64; rv:137.0) Gecko/20100101 Firefox/137.0"
178.165.172.18 - - [14/Apr/2025:16:43:55 +0200] "GET /gui/javascript/form_form.js?1744641835 HTTP/1.1" 200 16206 "http://hausegger.activities.at/entry.php?id=10271&&ser=641775" "Mozilla/5.0 (Windows NT 10.0; Win64; x64; rv:137.0) Gecko/20100101 Firefox/137.0"
142.93.168.165 - - [14/Apr/2025:16:44:53 +0200] "GET /robots.txt HTTP/1.1" 404 370 "-" "Mozilla/5.0 (compatible; SeekportBot; +https://bot.seekport.com)"
142.93.168.165 - - [14/Apr/2025:16:44:54 +0200] "GET /robots.txt HTTP/1.1" 404 370 "-" "Mozilla/5.0 (compatible; SeekportBot; +https://bot.seekport.com)"
142.93.168.165 - - [14/Apr/2025:16:44:54 +0200] "GET / HTTP/1.1" 200 423 "-" "Mozilla/5.0 (compatible; SeekportBot; +https://bot.seekport.com)"
178.165.172.18 - - [14/Apr/2025:16:44:55 +0200] "GET /entry.php?id=10271&&ser=641835 HTTP/1.1" 200 986 "http://hausegger.activities.at/entry.php?id=10271&&ser=641775" "Mozilla/5.0 (Windows NT 10.0; Win64; x64; rv:137.0) Gecko/20100101 Firefox/137.0"
178.165.172.18 - - [14/Apr/2025:16:44:56 +0200] "GET /gui/javascript/form_form.js?1744641895 HTTP/1.1" 200 16206 "http://hausegger.activities.at/entry.php?id=10271&&ser=641835" "Mozilla/5.0 (Windows NT 10.0; Win64; x64; rv:137.0) Gecko/20100101 Firefox/137.0"
178.165.172.18 - - [14/Apr/2025:16:45:56 +0200] "GET /entry.php?id=10271&&ser=641895 HTTP/1.1" 200 986 "http://hausegger.activities.at/entry.php?id=10271&&ser=641835" "Mozilla/5.0 (Windows NT 10.0; Win64; x64; rv:137.0) Gecko/20100101 Firefox/137.0"
178.165.172.18 - - [14/Apr/2025:16:45:56 +0200] "GET /gui/javascript/form_form.js?1744641956 HTTP/1.1" 200 16206 "http://hausegger.activities.at/entry.php?id=10271&&ser=641895" "Mozilla/5.0 (Windows NT 10.0; Win64; x64; rv:137.0) Gecko/20100101 Firefox/137.0"
178.165.172.18 - - [14/Apr/2025:16:46:56 +0200] "GET /entry.php?id=10271&&ser=641956 HTTP/1.1" 200 986 "http://hausegger.activities.at/entry.php?id=10271&&ser=641895" "Mozilla/5.0 (Windows NT 10.0; Win64; x64; rv:137.0) Gecko/20100101 Firefox/137.0"
178.165.172.18 - - [14/Apr/2025:16:46:56 +0200] "GET /gui/javascript/form_form.js?1744642016 HTTP/1.1" 200 16206 "http://hausegger.activities.at/entry.php?id=10271&&ser=641956" "Mozilla/5.0 (Windows NT 10.0; Win64; x64; rv:137.0) Gecko/20100101 Firefox/137.0"
178.165.172.18 - - [14/Apr/2025:16:47:56 +0200] "GET /entry.php?id=10271&&ser=642016 HTTP/1.1" 200 986 "http://hausegger.activities.at/entry.php?id=10271&&ser=641956" "Mozilla/5.0 (Windows NT 10.0; Win64; x64; rv:137.0) Gecko/20100101 Firefox/137.0"
178.165.172.18 - - [14/Apr/2025:16:47:56 +0200] "GET /gui/javascript/form_form.js?1744642076 HTTP/1.1" 200 16206 "http://hausegger.activities.at/entry.php?id=10271&&ser=642016" "Mozilla/5.0 (Windows NT 10.0; Win64; x64; rv:137.0) Gecko/20100101 Firefox/137.0"
178.165.172.18 - - [14/Apr/2025:16:48:57 +0200] "GET /entry.php?id=10271&&ser=642076 HTTP/1.1" 200 986 "http://hausegger.activities.at/entry.php?id=10271&&ser=642016" "Mozilla/5.0 (Windows NT 10.0; Win64; x64; rv:137.0) Gecko/20100101 Firefox/137.0"
178.165.172.18 - - [14/Apr/2025:16:48:57 +0200] "GET /gui/javascript/form_form.js?1744642137 HTTP/1.1" 200 16206 "http://hausegger.activities.at/entry.php?id=10271&&ser=642076" "Mozilla/5.0 (Windows NT 10.0; Win64; x64; rv:137.0) Gecko/20100101 Firefox/137.0"
185.242.226.116 - - [14/Apr/2025:16:49:28 +0200] "\x16\x03\x01" 400 383 "-" "-"
178.165.172.18 - - [14/Apr/2025:16:49:57 +0200] "GET /entry.php?id=10271&&ser=642137 HTTP/1.1" 200 986 "http://hausegger.activities.at/entry.php?id=10271&&ser=642076" "Mozilla/5.0 (Windows NT 10.0; Win64; x64; rv:137.0) Gecko/20100101 Firefox/137.0"
178.165.172.18 - - [14/Apr/2025:16:49:57 +0200] "GET /gui/javascript/form_form.js?1744642197 HTTP/1.1" 200 16206 "http://hausegger.activities.at/entry.php?id=10271&&ser=642137" "Mozilla/5.0 (Windows NT 10.0; Win64; x64; rv:137.0) Gecko/20100101 Firefox/137.0"
178.165.172.18 - - [14/Apr/2025:16:50:57 +0200] "GET /entry.php?id=10271&&ser=642197 HTTP/1.1" 200 986 "http://hausegger.activities.at/entry.php?id=10271&&ser=642137" "Mozilla/5.0 (Windows NT 10.0; Win64; x64; rv:137.0) Gecko/20100101 Firefox/137.0"
178.165.172.18 - - [14/Apr/2025:16:50:57 +0200] "GET /gui/javascript/form_form.js?1744642257 HTTP/1.1" 200 16206 "http://hausegger.activities.at/entry.php?id=10271&&ser=642197" "Mozilla/5.0 (Windows NT 10.0; Win64; x64; rv:137.0) Gecko/20100101 Firefox/137.0"
178.165.172.18 - - [14/Apr/2025:16:51:58 +0200] "GET /entry.php?id=10271&&ser=642257 HTTP/1.1" 200 986 "http://hausegger.activities.at/entry.php?id=10271&&ser=642197" "Mozilla/5.0 (Windows NT 10.0; Win64; x64; rv:137.0) Gecko/20100101 Firefox/137.0"
178.165.172.18 - - [14/Apr/2025:16:51:58 +0200] "GET /gui/javascript/form_form.js?1744642318 HTTP/1.1" 200 16206 "http://hausegger.activities.at/entry.php?id=10271&&ser=642257" "Mozilla/5.0 (Windows NT 10.0; Win64; x64; rv:137.0) Gecko/20100101 Firefox/137.0"
151.106.166.60 - - [14/Apr/2025:16:52:38 +0200] "GET /download/file.php?id=242&sid=3f600b0e9c23426464fec73545460769 HTTP/1.1" 404 297 "-" "Mozilla/5.0 (X11; Ubuntu; Linux x86_64; rv:72.0) Gecko/20100101 Firefox/72.0"
151.106.166.60 - - [14/Apr/2025:16:52:38 +0200] "GET /download/file.php?id=242&sid=3f600b0e9c23426464fec73545460769 HTTP/1.1" 404 297 "-" "Mozilla/5.0 (X11; Ubuntu; Linux x86_64; rv:72.0) Gecko/20100101 Firefox/72.0"
151.106.166.60 - - [14/Apr/2025:16:52:38 +0200] "GET /download/file.php?id=242&sid=3f600b0e9c23426464fec73545460769 HTTP/1.1" 404 297 "-" "Mozilla/5.0 (X11; Ubuntu; Linux x86_64; rv:72.0) Gecko/20100101 Firefox/72.0"
178.165.172.18 - - [14/Apr/2025:16:52:58 +0200] "GET /entry.php?id=10271&&ser=642318 HTTP/1.1" 200 986 "http://hausegger.activities.at/entry.php?id=10271&&ser=642257" "Mozilla/5.0 (Windows NT 10.0; Win64; x64; rv:137.0) Gecko/20100101 Firefox/137.0"
178.165.172.18 - - [14/Apr/2025:16:52:58 +0200] "GET /gui/javascript/form_form.js?1744642378 HTTP/1.1" 200 16206 "http://hausegger.activities.at/entry.php?id=10271&&ser=642318" "Mozilla/5.0 (Windows NT 10.0; Win64; x64; rv:137.0) Gecko/20100101 Firefox/137.0"
178.165.172.18 - - [14/Apr/2025:16:53:58 +0200] "GET /entry.php?id=10271&&ser=642378 HTTP/1.1" 200 986 "http://hausegger.activities.at/entry.php?id=10271&&ser=642318" "Mozilla/5.0 (Windows NT 10.0; Win64; x64; rv:137.0) Gecko/20100101 Firefox/137.0"
178.165.172.18 - - [14/Apr/2025:16:53:58 +0200] "GET /gui/javascript/form_form.js?1744642438 HTTP/1.1" 200 16206 "http://hausegger.activities.at/entry.php?id=10271&&ser=642378" "Mozilla/5.0 (Windows NT 10.0; Win64; x64; rv:137.0) Gecko/20100101 Firefox/137.0"
45.140.17.52 - - [14/Apr/2025:16:54:12 +0200] "\x03" 400 383 "-" "-"
178.165.172.18 - - [14/Apr/2025:16:54:59 +0200] "GET /entry.php?id=10271&&ser=642438 HTTP/1.1" 200 987 "http://hausegger.activities.at/entry.php?id=10271&&ser=642378" "Mozilla/5.0 (Windows NT 10.0; Win64; x64; rv:137.0) Gecko/20100101 Firefox/137.0"
178.165.172.18 - - [14/Apr/2025:16:54:59 +0200] "GET /gui/javascript/form_form.js?1744642499 HTTP/1.1" 200 16206 "http://hausegger.activities.at/entry.php?id=10271&&ser=642438" "Mozilla/5.0 (Windows NT 10.0; Win64; x64; rv:137.0) Gecko/20100101 Firefox/137.0"
178.165.172.18 - - [14/Apr/2025:16:55:59 +0200] "GET /entry.php?id=10271&&ser=642499 HTTP/1.1" 200 987 "http://hausegger.activities.at/entry.php?id=10271&&ser=642438" "Mozilla/5.0 (Windows NT 10.0; Win64; x64; rv:137.0) Gecko/20100101 Firefox/137.0"
178.165.172.18 - - [14/Apr/2025:16:55:59 +0200] "GET /gui/javascript/form_form.js?1744642559 HTTP/1.1" 200 16206 "http://hausegger.activities.at/entry.php?id=10271&&ser=642499" "Mozilla/5.0 (Windows NT 10.0; Win64; x64; rv:137.0) Gecko/20100101 Firefox/137.0"
178.165.172.18 - - [14/Apr/2025:16:56:59 +0200] "GET /entry.php?id=10271&&ser=642559 HTTP/1.1" 200 986 "http://hausegger.activities.at/entry.php?id=10271&&ser=642499" "Mozilla/5.0 (Windows NT 10.0; Win64; x64; rv:137.0) Gecko/20100101 Firefox/137.0"
178.165.172.18 - - [14/Apr/2025:16:56:59 +0200] "GET /gui/javascript/form_form.js?1744642619 HTTP/1.1" 200 16206 "http://hausegger.activities.at/entry.php?id=10271&&ser=642559" "Mozilla/5.0 (Windows NT 10.0; Win64; x64; rv:137.0) Gecko/20100101 Firefox/137.0"
178.165.172.18 - - [14/Apr/2025:16:57:59 +0200] "GET /entry.php?id=10271&&ser=642619 HTTP/1.1" 200 986 "http://hausegger.activities.at/entry.php?id=10271&&ser=642559" "Mozilla/5.0 (Windows NT 10.0; Win64; x64; rv:137.0) Gecko/20100101 Firefox/137.0"
178.165.172.18 - - [14/Apr/2025:16:58:00 +0200] "GET /gui/javascript/form_form.js?1744642680 HTTP/1.1" 200 16206 "http://hausegger.activities.at/entry.php?id=10271&&ser=642619" "Mozilla/5.0 (Windows NT 10.0; Win64; x64; rv:137.0) Gecko/20100101 Firefox/137.0"
178.165.172.18 - - [14/Apr/2025:16:59:00 +0200] "GET /entry.php?id=10271&&ser=642680 HTTP/1.1" 200 986 "http://hausegger.activities.at/entry.php?id=10271&&ser=642619" "Mozilla/5.0 (Windows NT 10.0; Win64; x64; rv:137.0) Gecko/20100101 Firefox/137.0"
178.165.172.18 - - [14/Apr/2025:16:59:00 +0200] "GET /gui/javascript/form_form.js?1744642740 HTTP/1.1" 200 16206 "http://hausegger.activities.at/entry.php?id=10271&&ser=642680" "Mozilla/5.0 (Windows NT 10.0; Win64; x64; rv:137.0) Gecko/20100101 Firefox/137.0"
5.183.209.244 - - [14/Apr/2025:16:59:50 +0200] "GET / HTTP/1.1" 200 423 "-" "-"
178.165.172.18 - - [14/Apr/2025:17:00:00 +0200] "GET /entry.php?id=10271&&ser=642740 HTTP/1.1" 200 986 "http://hausegger.activities.at/entry.php?id=10271&&ser=642680" "Mozilla/5.0 (Windows NT 10.0; Win64; x64; rv:137.0) Gecko/20100101 Firefox/137.0"
178.165.172.18 - - [14/Apr/2025:17:00:00 +0200] "GET /gui/javascript/form_form.js?1744642800 HTTP/1.1" 200 16206 "http://hausegger.activities.at/entry.php?id=10271&&ser=642740" "Mozilla/5.0 (Windows NT 10.0; Win64; x64; rv:137.0) Gecko/20100101 Firefox/137.0"
178.165.172.18 - - [14/Apr/2025:17:01:00 +0200] "GET /entry.php?id=10271&&ser=642800 HTTP/1.1" 200 986 "http://hausegger.activities.at/entry.php?id=10271&&ser=642740" "Mozilla/5.0 (Windows NT 10.0; Win64; x64; rv:137.0) Gecko/20100101 Firefox/137.0"
178.165.172.18 - - [14/Apr/2025:17:01:01 +0200] "GET /gui/javascript/form_form.js?1744642861 HTTP/1.1" 200 16206 "http://hausegger.activities.at/entry.php?id=10271&&ser=642800" "Mozilla/5.0 (Windows NT 10.0; Win64; x64; rv:137.0) Gecko/20100101 Firefox/137.0"
151.106.165.0 - - [14/Apr/2025:17:01:08 +0200] "GET /download/file.php?id=255&sid=16df65a13b05d087846f52adc46a40e1 HTTP/1.1" 404 297 "-" "Mozilla/5.0 (X11; Ubuntu; Linux x86_64; rv:72.0) Gecko/20100101 Firefox/72.0"
151.106.165.0 - - [14/Apr/2025:17:01:09 +0200] "GET /download/file.php?id=255&sid=16df65a13b05d087846f52adc46a40e1 HTTP/1.1" 404 297 "-" "Mozilla/5.0 (X11; Ubuntu; Linux x86_64; rv:72.0) Gecko/20100101 Firefox/72.0"
151.106.165.0 - - [14/Apr/2025:17:01:09 +0200] "GET /download/file.php?id=255&sid=16df65a13b05d087846f52adc46a40e1 HTTP/1.1" 404 297 "-" "Mozilla/5.0 (X11; Ubuntu; Linux x86_64; rv:72.0) Gecko/20100101 Firefox/72.0"
156.59.198.136 - - [14/Apr/2025:17:01:10 +0200] "GET /renault.activities.at/htdocs/binaries/10008563.pdf HTTP/1.0" 404 311 "-" "Mozilla/5.0 (Linux; Android 5.0) AppleWebKit/537.36 (KHTML, like Gecko) Mobile Safari/537.36 (compatible; Bytespider; spider-feedback@bytedance.com)"
178.165.172.18 - - [14/Apr/2025:17:02:01 +0200] "GET /entry.php?id=10271&&ser=642861 HTTP/1.1" 200 986 "http://hausegger.activities.at/entry.php?id=10271&&ser=642800" "Mozilla/5.0 (Windows NT 10.0; Win64; x64; rv:137.0) Gecko/20100101 Firefox/137.0"
178.165.172.18 - - [14/Apr/2025:17:02:01 +0200] "GET /gui/javascript/form_form.js?1744642921 HTTP/1.1" 200 16206 "http://hausegger.activities.at/entry.php?id=10271&&ser=642861" "Mozilla/5.0 (Windows NT 10.0; Win64; x64; rv:137.0) Gecko/20100101 Firefox/137.0"
178.165.172.18 - - [14/Apr/2025:17:03:01 +0200] "GET /entry.php?id=10271&&ser=642921 HTTP/1.1" 200 986 "http://hausegger.activities.at/entry.php?id=10271&&ser=642861" "Mozilla/5.0 (Windows NT 10.0; Win64; x64; rv:137.0) Gecko/20100101 Firefox/137.0"
178.165.172.18 - - [14/Apr/2025:17:03:01 +0200] "GET /gui/javascript/form_form.js?1744642981 HTTP/1.1" 200 16206 "http://hausegger.activities.at/entry.php?id=10271&&ser=642921" "Mozilla/5.0 (Windows NT 10.0; Win64; x64; rv:137.0) Gecko/20100101 Firefox/137.0"
178.165.172.18 - - [14/Apr/2025:17:04:01 +0200] "GET /entry.php?id=10271&&ser=642981 HTTP/1.1" 200 986 "http://hausegger.activities.at/entry.php?id=10271&&ser=642921" "Mozilla/5.0 (Windows NT 10.0; Win64; x64; rv:137.0) Gecko/20100101 Firefox/137.0"
178.165.172.18 - - [14/Apr/2025:17:04:02 +0200] "GET /gui/javascript/form_form.js?1744643042 HTTP/1.1" 200 16206 "http://hausegger.activities.at/entry.php?id=10271&&ser=642981" "Mozilla/5.0 (Windows NT 10.0; Win64; x64; rv:137.0) Gecko/20100101 Firefox/137.0"
178.165.172.18 - - [14/Apr/2025:17:05:02 +0200] "GET /entry.php?id=10271&&ser=643042 HTTP/1.1" 200 986 "http://hausegger.activities.at/entry.php?id=10271&&ser=642981" "Mozilla/5.0 (Windows NT 10.0; Win64; x64; rv:137.0) Gecko/20100101 Firefox/137.0"
178.165.172.18 - - [14/Apr/2025:17:05:02 +0200] "GET /gui/javascript/form_form.js?1744643102 HTTP/1.1" 200 16206 "http://hausegger.activities.at/entry.php?id=10271&&ser=643042" "Mozilla/5.0 (Windows NT 10.0; Win64; x64; rv:137.0) Gecko/20100101 Firefox/137.0"
125.106.150.172 - - [14/Apr/2025:17:05:07 +0200] "GET / HTTP/1.1" 200 274 "-" "Mozilla/5.0 (Windows NT 10.0; Win64; x64) AppleWebKit/537.36 (KHTML, like Gecko) Chrome/58.0.3029.110 Safari/537.3"
178.165.172.18 - - [14/Apr/2025:17:06:02 +0200] "GET /entry.php?id=10271&&ser=643102 HTTP/1.1" 200 986 "http://hausegger.activities.at/entry.php?id=10271&&ser=643042" "Mozilla/5.0 (Windows NT 10.0; Win64; x64; rv:137.0) Gecko/20100101 Firefox/137.0"
178.165.172.18 - - [14/Apr/2025:17:06:02 +0200] "GET /gui/javascript/form_form.js?1744643162 HTTP/1.1" 200 16206 "http://hausegger.activities.at/entry.php?id=10271&&ser=643102" "Mozilla/5.0 (Windows NT 10.0; Win64; x64; rv:137.0) Gecko/20100101 Firefox/137.0"
156.59.198.135 - - [14/Apr/2025:17:06:27 +0200] "GET /renault.activities.at/htdocs/binaries/10269838.pdf HTTP/1.0" 404 312 "-" "Mozilla/5.0 (Linux; Android 5.0) AppleWebKit/537.36 (KHTML, like Gecko) Mobile Safari/537.36 (compatible; Bytespider; spider-feedback@bytedance.com)"
178.165.172.18 - - [14/Apr/2025:17:07:02 +0200] "GET /entry.php?id=10271&&ser=643162 HTTP/1.1" 200 986 "http://hausegger.activities.at/entry.php?id=10271&&ser=643102" "Mozilla/5.0 (Windows NT 10.0; Win64; x64; rv:137.0) Gecko/20100101 Firefox/137.0"
178.165.172.18 - - [14/Apr/2025:17:07:03 +0200] "GET /gui/javascript/form_form.js?1744643223 HTTP/1.1" 200 16206 "http://hausegger.activities.at/entry.php?id=10271&&ser=643162" "Mozilla/5.0 (Windows NT 10.0; Win64; x64; rv:137.0) Gecko/20100101 Firefox/137.0"
154.81.156.54 - - [14/Apr/2025:17:07:43 +0200] "GET / HTTP/1.1" 200 274 "-" "Mozilla/5.0 (Windows NT 10.0; Win64; x64) AppleWebKit/537.36 (KHTML, like Gecko) Chrome/90.0.4430.85 Safari/537.36 Edg/90.0.818.46"
178.165.172.18 - - [14/Apr/2025:17:08:03 +0200] "GET /entry.php?id=10271&&ser=643223 HTTP/1.1" 200 986 "http://hausegger.activities.at/entry.php?id=10271&&ser=643162" "Mozilla/5.0 (Windows NT 10.0; Win64; x64; rv:137.0) Gecko/20100101 Firefox/137.0"
178.165.172.18 - - [14/Apr/2025:17:08:03 +0200] "GET /gui/javascript/form_form.js?1744643283 HTTP/1.1" 200 16206 "http://hausegger.activities.at/entry.php?id=10271&&ser=643223" "Mozilla/5.0 (Windows NT 10.0; Win64; x64; rv:137.0) Gecko/20100101 Firefox/137.0"
178.165.172.18 - - [14/Apr/2025:17:09:03 +0200] "GET /entry.php?id=10271&&ser=643283 HTTP/1.1" 200 987 "http://hausegger.activities.at/entry.php?id=10271&&ser=643223" "Mozilla/5.0 (Windows NT 10.0; Win64; x64; rv:137.0) Gecko/20100101 Firefox/137.0"
178.165.172.18 - - [14/Apr/2025:17:09:03 +0200] "GET /gui/javascript/form_form.js?1744643343 HTTP/1.1" 200 16206 "http://hausegger.activities.at/entry.php?id=10271&&ser=643283" "Mozilla/5.0 (Windows NT 10.0; Win64; x64; rv:137.0) Gecko/20100101 Firefox/137.0"
178.165.172.18 - - [14/Apr/2025:17:10:03 +0200] "GET /entry.php?id=10271&&ser=643343 HTTP/1.1" 200 988 "http://hausegger.activities.at/entry.php?id=10271&&ser=643283" "Mozilla/5.0 (Windows NT 10.0; Win64; x64; rv:137.0) Gecko/20100101 Firefox/137.0"
178.165.172.18 - - [14/Apr/2025:17:10:04 +0200] "GET /gui/javascript/form_form.js?1744643404 HTTP/1.1" 200 16206 "http://hausegger.activities.at/entry.php?id=10271&&ser=643343" "Mozilla/5.0 (Windows NT 10.0; Win64; x64; rv:137.0) Gecko/20100101 Firefox/137.0"
178.165.172.18 - - [14/Apr/2025:17:11:04 +0200] "GET /entry.php?id=10271&&ser=643403 HTTP/1.1" 200 986 "http://hausegger.activities.at/entry.php?id=10271&&ser=643343" "Mozilla/5.0 (Windows NT 10.0; Win64; x64; rv:137.0) Gecko/20100101 Firefox/137.0"
178.165.172.18 - - [14/Apr/2025:17:11:04 +0200] "GET /gui/javascript/form_form.js?1744643464 HTTP/1.1" 200 16206 "http://hausegger.activities.at/entry.php?id=10271&&ser=643403" "Mozilla/5.0 (Windows NT 10.0; Win64; x64; rv:137.0) Gecko/20100101 Firefox/137.0"
178.165.172.18 - - [14/Apr/2025:17:12:05 +0200] "GET /entry.php?id=10271&&ser=643464 HTTP/1.1" 200 987 "http://hausegger.activities.at/entry.php?id=10271&&ser=643403" "Mozilla/5.0 (Windows NT 10.0; Win64; x64; rv:137.0) Gecko/20100101 Firefox/137.0"
178.165.172.18 - - [14/Apr/2025:17:12:05 +0200] "GET /gui/javascript/form_form.js?1744643525 HTTP/1.1" 200 16206 "http://hausegger.activities.at/entry.php?id=10271&&ser=643464" "Mozilla/5.0 (Windows NT 10.0; Win64; x64; rv:137.0) Gecko/20100101 Firefox/137.0"
178.165.172.18 - - [14/Apr/2025:17:13:05 +0200] "GET /entry.php?id=10271&&ser=643525 HTTP/1.1" 200 987 "http://hausegger.activities.at/entry.php?id=10271&&ser=643464" "Mozilla/5.0 (Windows NT 10.0; Win64; x64; rv:137.0) Gecko/20100101 Firefox/137.0"
178.165.172.18 - - [14/Apr/2025:17:13:05 +0200] "GET /gui/javascript/form_form.js?1744643585 HTTP/1.1" 200 16206 "http://hausegger.activities.at/entry.php?id=10271&&ser=643525" "Mozilla/5.0 (Windows NT 10.0; Win64; x64; rv:137.0) Gecko/20100101 Firefox/137.0"
178.165.172.18 - - [14/Apr/2025:17:14:05 +0200] "GET /entry.php?id=10271&&ser=643585 HTTP/1.1" 200 987 "http://hausegger.activities.at/entry.php?id=10271&&ser=643525" "Mozilla/5.0 (Windows NT 10.0; Win64; x64; rv:137.0) Gecko/20100101 Firefox/137.0"
178.165.172.18 - - [14/Apr/2025:17:14:05 +0200] "GET /gui/javascript/form_form.js?1744643645 HTTP/1.1" 200 16206 "http://hausegger.activities.at/entry.php?id=10271&&ser=643585" "Mozilla/5.0 (Windows NT 10.0; Win64; x64; rv:137.0) Gecko/20100101 Firefox/137.0"
185.218.86.4 - - [14/Apr/2025:17:15:05 +0200] "GET / HTTP/1.1" 200 274 "-" "Mozilla/5.0 (Windows NT 10.0; Win64; x64) AppleWebKit/537.36 (KHTML, like Gecko) Chrome/90.0.4430.85 Safari/537.36 Edg/90.0.818.46"
178.165.172.18 - - [14/Apr/2025:17:15:06 +0200] "GET /entry.php?id=10271&&ser=643645 HTTP/1.1" 200 986 "http://hausegger.activities.at/entry.php?id=10271&&ser=643585" "Mozilla/5.0 (Windows NT 10.0; Win64; x64; rv:137.0) Gecko/20100101 Firefox/137.0"
178.165.172.18 - - [14/Apr/2025:17:15:06 +0200] "GET /gui/javascript/form_form.js?1744643706 HTTP/1.1" 200 16206 "http://hausegger.activities.at/entry.php?id=10271&&ser=643645" "Mozilla/5.0 (Windows NT 10.0; Win64; x64; rv:137.0) Gecko/20100101 Firefox/137.0"
178.165.172.18 - - [14/Apr/2025:17:16:06 +0200] "GET /entry.php?id=10271&&ser=643706 HTTP/1.1" 200 987 "http://hausegger.activities.at/entry.php?id=10271&&ser=643645" "Mozilla/5.0 (Windows NT 10.0; Win64; x64; rv:137.0) Gecko/20100101 Firefox/137.0"
178.165.172.18 - - [14/Apr/2025:17:16:06 +0200] "GET /gui/javascript/form_form.js?1744643766 HTTP/1.1" 200 16206 "http://hausegger.activities.at/entry.php?id=10271&&ser=643706" "Mozilla/5.0 (Windows NT 10.0; Win64; x64; rv:137.0) Gecko/20100101 Firefox/137.0"
