151.106.180.26 - - [14/Apr/2025:07:37:53 +0200] "GET /cron.php?cron_type=tidy_cache&sid=b3a24d0d556ac034bf249531e3f59988 HTTP/1.1" 404 290 "-" "Mozilla/5.0 (X11; Ubuntu; Linux x86_64; rv:72.0) Gecko/20100101 Firefox/72.0"
151.106.180.26 - - [14/Apr/2025:07:37:53 +0200] "GET /cron.php?cron_type=tidy_cache&sid=b3a24d0d556ac034bf249531e3f59988 HTTP/1.1" 404 290 "-" "Mozilla/5.0 (X11; Ubuntu; Linux x86_64; rv:72.0) Gecko/20100101 Firefox/72.0"
135.119.108.114 - - [14/Apr/2025:07:42:13 +0200] "GET /manager/text/list HTTP/1.1" 404 289 "-" "Mozilla/5.0 zgrab/0.x"
5.183.209.244 - - [14/Apr/2025:07:50:06 +0200] "GET / HTTP/1.1" 200 423 "-" "-"
35.203.211.140 - - [14/Apr/2025:07:52:38 +0200] "GET / HTTP/1.1" 200 274 "-" "Expanse, a Palo Alto Networks company, searches across the global IPv4 space multiple times per day to identify customers' presences on the Internet. If you would like to be excluded from our scans, please send IP addresses/domains to: scaninfo@paloaltonetworks.com"
154.81.156.54 - - [14/Apr/2025:07:52:56 +0200] "GET / HTTP/1.1" 200 274 "-" "Mozilla/5.0 (Windows NT 10.0; Win64; x64) AppleWebKit/537.36 (KHTML, like Gecko) Chrome/90.0.4430.85 Safari/537.36 Edg/90.0.818.46"
151.106.162.30 - - [14/Apr/2025:07:56:39 +0200] "GET /gallery/image.php?mode=thumbnail&album_id=3&image_id=90&sid=fbf61c710348699c269281f85d38b363 HTTP/1.1" 404 297 "-" "Mozilla/5.0 (X11; Ubuntu; Linux x86_64; rv:72.0) Gecko/20100101 Firefox/72.0"
151.106.162.30 - - [14/Apr/2025:07:56:40 +0200] "GET /gallery/image.php?mode=thumbnail&album_id=3&image_id=90&sid=fbf61c710348699c269281f85d38b363 HTTP/1.1" 404 297 "-" "Mozilla/5.0 (X11; Ubuntu; Linux x86_64; rv:72.0) Gecko/20100101 Firefox/72.0"
156.59.198.135 - - [14/Apr/2025:08:00:09 +0200] "GET /renault.activities.at/htdocs/binaries/10069856.pdf HTTP/1.0" 404 311 "-" "Mozilla/5.0 (Linux; Android 5.0) AppleWebKit/537.36 (KHTML, like Gecko) Mobile Safari/537.36 (compatible; Bytespider; spider-feedback@bytedance.com)"
78.153.140.151 - - [14/Apr/2025:08:02:24 +0200] "GET /.env HTTP/1.1" 404 349 "-" "Mozilla/5.0 (Windows NT 6.3; ARM; Trident/7.0; Touch; ARMBJS; rv:11.0) like Gecko"
78.153.140.151 - - [14/Apr/2025:08:02:24 +0200] "\x16\x03\x01" 400 383 "-" "-"
78.153.140.151 - - [14/Apr/2025:08:02:25 +0200] "GET /conf/config.ini HTTP/1.1" 404 360 "-" "Mozilla/4.0 (compatible; MSIE 8.0; Windows NT 6.1; Trident/4.0; SLCC2; .NET CLR 3.5.30729; .NET CLR 3.0.30729; .NET CLR 2.0.50727)"
78.153.140.151 - - [14/Apr/2025:08:02:25 +0200] "GET /config/cache.php HTTP/1.1" 404 361 "-" "Mozilla/5.0 (X11; U; Linux i686; en-US; rv:1.9.0.2) Gecko/2008091816 Red Hat/3.0.2-3.el5 Firefox/3.0.2"
154.81.156.54 - - [14/Apr/2025:08:07:43 +0200] "GET / HTTP/1.1" 200 274 "-" "Mozilla/5.0 (Windows NT 10.0; Win64; x64) AppleWebKit/537.36 (KHTML, like Gecko) Chrome/90.0.4430.85 Safari/537.36 Edg/90.0.818.46"
151.106.171.1 - - [14/Apr/2025:08:08:58 +0200] "GET /gallery/image.php?mode=medium&album_id=1&image_id=114&sid=b3c0f6d77ec1ac829a1794f91ba77750 HTTP/1.1" 404 297 "-" "Mozilla/5.0 (X11; Ubuntu; Linux x86_64; rv:72.0) Gecko/20100101 Firefox/72.0"
151.106.171.1 - - [14/Apr/2025:08:08:59 +0200] "GET /gallery/image.php?mode=medium&album_id=1&image_id=114&sid=b3c0f6d77ec1ac829a1794f91ba77750 HTTP/1.1" 404 297 "-" "Mozilla/5.0 (X11; Ubuntu; Linux x86_64; rv:72.0) Gecko/20100101 Firefox/72.0"
151.106.171.1 - - [14/Apr/2025:08:08:59 +0200] "GET /gallery/image.php?mode=medium&album_id=1&image_id=114&sid=b3c0f6d77ec1ac829a1794f91ba77750 HTTP/1.1" 404 297 "-" "Mozilla/5.0 (X11; Ubuntu; Linux x86_64; rv:72.0) Gecko/20100101 Firefox/72.0"
151.106.167.56 - - [14/Apr/2025:08:09:24 +0200] "GET /gallery/image.php?mode=thumbnail&album_id=1&image_id=114&sid=ba9aa32efebca7190ef7f73342cbbe84 HTTP/1.1" 404 297 "-" "Mozilla/5.0 (X11; Ubuntu; Linux x86_64; rv:72.0) Gecko/20100101 Firefox/72.0"
151.106.167.56 - - [14/Apr/2025:08:09:24 +0200] "GET /gallery/image.php?mode=thumbnail&album_id=1&image_id=114&sid=ba9aa32efebca7190ef7f73342cbbe84 HTTP/1.1" 404 297 "-" "Mozilla/5.0 (X11; Ubuntu; Linux x86_64; rv:72.0) Gecko/20100101 Firefox/72.0"
151.106.167.56 - - [14/Apr/2025:08:09:25 +0200] "GET /gallery/image.php?mode=thumbnail&album_id=1&image_id=114&sid=ba9aa32efebca7190ef7f73342cbbe84 HTTP/1.1" 404 297 "-" "Mozilla/5.0 (X11; Ubuntu; Linux x86_64; rv:72.0) Gecko/20100101 Firefox/72.0"
151.106.168.134 - - [14/Apr/2025:08:23:03 +0200] "GET /download/file.php?id=212&sid=900525a0aea7fb81e2000899f24c9274 HTTP/1.1" 404 297 "-" "Mozilla/5.0 (X11; Ubuntu; Linux x86_64; rv:72.0) Gecko/20100101 Firefox/72.0"
151.106.168.134 - - [14/Apr/2025:08:23:04 +0200] "GET /download/file.php?id=212&sid=900525a0aea7fb81e2000899f24c9274 HTTP/1.1" 404 297 "-" "Mozilla/5.0 (X11; Ubuntu; Linux x86_64; rv:72.0) Gecko/20100101 Firefox/72.0"
151.106.168.134 - - [14/Apr/2025:08:23:04 +0200] "GET /download/file.php?id=212&sid=900525a0aea7fb81e2000899f24c9274 HTTP/1.1" 404 297 "-" "Mozilla/5.0 (X11; Ubuntu; Linux x86_64; rv:72.0) Gecko/20100101 Firefox/72.0"
195.211.191.127 - - [14/Apr/2025:08:26:51 +0200] "GET /.git/config HTTP/1.1" 404 285 "-" "Mozilla/5.0 (X11; Linux x86_64) AppleWebKit/537.36 (KHTML, like Gecko) Chrome/81.0.4044.129 Safari/537.36"
154.81.156.54 - - [14/Apr/2025:08:31:03 +0200] "GET / HTTP/1.1" 200 274 "-" "Mozilla/5.0 (Windows NT 10.0; Win64; x64) AppleWebKit/537.36 (KHTML, like Gecko) Chrome/90.0.4430.85 Safari/537.36 Edg/90.0.818.46"
154.81.156.35 - - [14/Apr/2025:08:37:18 +0200] "GET / HTTP/1.1" 200 274 "-" "Mozilla/5.0 (Windows NT 10.0; Win64; x64) AppleWebKit/537.36 (KHTML, like Gecko) Chrome/90.0.4430.85 Safari/537.36 Edg/90.0.818.46"
151.106.190.62 - - [14/Apr/2025:08:52:22 +0200] "GET /cron.php?cron_type=tidy_cache&sid=e994939556fa6d4d4d49d8d50da288b2 HTTP/1.1" 404 290 "-" "Mozilla/5.0 (X11; Ubuntu; Linux x86_64; rv:72.0) Gecko/20100101 Firefox/72.0"
151.106.190.62 - - [14/Apr/2025:08:52:22 +0200] "GET /cron.php?cron_type=tidy_cache&sid=e994939556fa6d4d4d49d8d50da288b2 HTTP/1.1" 404 290 "-" "Mozilla/5.0 (X11; Ubuntu; Linux x86_64; rv:72.0) Gecko/20100101 Firefox/72.0"
151.106.190.62 - - [14/Apr/2025:08:52:22 +0200] "GET /cron.php?cron_type=tidy_cache&sid=e994939556fa6d4d4d49d8d50da288b2 HTTP/1.1" 404 290 "-" "Mozilla/5.0 (X11; Ubuntu; Linux x86_64; rv:72.0) Gecko/20100101 Firefox/72.0"
151.106.181.99 - - [14/Apr/2025:08:53:18 +0200] "GET /cron.php?cron_type=tidy_cache&sid=3f29d331f94b1787e560404096508c27 HTTP/1.1" 404 290 "-" "Mozilla/5.0 (X11; Ubuntu; Linux x86_64; rv:72.0) Gecko/20100101 Firefox/72.0"
151.106.181.99 - - [14/Apr/2025:08:53:18 +0200] "GET /cron.php?cron_type=tidy_cache&sid=3f29d331f94b1787e560404096508c27 HTTP/1.1" 404 290 "-" "Mozilla/5.0 (X11; Ubuntu; Linux x86_64; rv:72.0) Gecko/20100101 Firefox/72.0"
151.106.181.99 - - [14/Apr/2025:08:53:18 +0200] "GET /cron.php?cron_type=tidy_cache&sid=3f29d331f94b1787e560404096508c27 HTTP/1.1" 404 290 "-" "Mozilla/5.0 (X11; Ubuntu; Linux x86_64; rv:72.0) Gecko/20100101 Firefox/72.0"
151.106.160.247 - - [14/Apr/2025:08:53:54 +0200] "GET /cron.php?cron_type=tidy_cache&sid=a94bab38d52932f0004895e5234d6248 HTTP/1.1" 404 290 "-" "Mozilla/5.0 (X11; Ubuntu; Linux x86_64; rv:72.0) Gecko/20100101 Firefox/72.0"
151.106.160.247 - - [14/Apr/2025:08:53:54 +0200] "GET /cron.php?cron_type=tidy_cache&sid=a94bab38d52932f0004895e5234d6248 HTTP/1.1" 404 290 "-" "Mozilla/5.0 (X11; Ubuntu; Linux x86_64; rv:72.0) Gecko/20100101 Firefox/72.0"
151.106.160.247 - - [14/Apr/2025:08:53:54 +0200] "GET /cron.php?cron_type=tidy_cache&sid=a94bab38d52932f0004895e5234d6248 HTTP/1.1" 404 290 "-" "Mozilla/5.0 (X11; Ubuntu; Linux x86_64; rv:72.0) Gecko/20100101 Firefox/72.0"
151.106.186.76 - - [14/Apr/2025:08:56:18 +0200] "GET /cron.php?cron_type=tidy_cache&sid=429d7555403da149c8d463071facde13 HTTP/1.1" 404 290 "-" "Mozilla/5.0 (X11; Ubuntu; Linux x86_64; rv:72.0) Gecko/20100101 Firefox/72.0"
151.106.186.76 - - [14/Apr/2025:08:56:18 +0200] "GET /cron.php?cron_type=tidy_cache&sid=429d7555403da149c8d463071facde13 HTTP/1.1" 404 290 "-" "Mozilla/5.0 (X11; Ubuntu; Linux x86_64; rv:72.0) Gecko/20100101 Firefox/72.0"
151.106.186.76 - - [14/Apr/2025:08:56:18 +0200] "GET /cron.php?cron_type=tidy_cache&sid=429d7555403da149c8d463071facde13 HTTP/1.1" 404 290 "-" "Mozilla/5.0 (X11; Ubuntu; Linux x86_64; rv:72.0) Gecko/20100101 Firefox/72.0"
154.81.156.54 - - [14/Apr/2025:08:57:46 +0200] "GET / HTTP/1.1" 200 274 "-" "Mozilla/5.0 (Windows NT 10.0; Win64; x64) AppleWebKit/537.36 (KHTML, like Gecko) Chrome/90.0.4430.85 Safari/537.36 Edg/90.0.818.46"
20.171.31.34 - - [14/Apr/2025:09:03:44 +0200] "GET /druid/index.html HTTP/1.1" 404 287 "-" "Mozilla/5.0 zgrab/0.x"
114.132.236.84 - - [14/Apr/2025:09:04:41 +0200] "GET / HTTP/1.1" 200 274 "-" "Mozilla/5.0 (Linux; Android 11; KB2003) AppleWebKit/537.36 (KHTML, like Gecko) Chrome/101.0.4951.61 Mobile Safari/537.36"
154.81.156.34 - - [14/Apr/2025:09:04:43 +0200] "GET / HTTP/1.1" 200 274 "-" "Mozilla/5.0 (Windows NT 10.0; Win64; x64) AppleWebKit/537.36 (KHTML, like Gecko) Chrome/90.0.4430.85 Safari/537.36 Edg/90.0.818.46"
114.132.236.84 - - [14/Apr/2025:09:13:45 +0200] "GET / HTTP/1.1" 200 274 "-" "Mozilla/5.0 (Windows NT 6.1; WOW64) AppleWebKit/537.36 (KHTML, like Gecko) Chrome/100.0.4896.60 Safari/537.36"
154.81.156.54 - - [14/Apr/2025:09:14:30 +0200] "GET / HTTP/1.1" 200 274 "-" "Mozilla/5.0 (Windows NT 10.0; Win64; x64) AppleWebKit/537.36 (KHTML, like Gecko) Chrome/90.0.4430.85 Safari/537.36 Edg/90.0.818.46"
135.233.99.88 - - [14/Apr/2025:09:14:58 +0200] "GET /manager/text/list HTTP/1.1" 404 289 "-" "Mozilla/5.0 zgrab/0.x"
125.118.56.204 - - [14/Apr/2025:09:16:37 +0200] "GET / HTTP/1.1" 200 274 "-" "Mozilla/5.0 (Windows NT 10.0; Win64; x64) AppleWebKit/537.36 (KHTML, like Gecko) Chrome/58.0.3029.110 Safari/537.3"
5.183.209.244 - - [14/Apr/2025:09:22:54 +0200] "GET / HTTP/1.1" 200 423 "-" "-"
154.81.156.54 - - [14/Apr/2025:09:33:31 +0200] "GET / HTTP/1.1" 200 274 "-" "Mozilla/5.0 (Windows NT 10.0; Win64; x64) AppleWebKit/537.36 (KHTML, like Gecko) Chrome/90.0.4430.85 Safari/537.36 Edg/90.0.818.46"
154.81.156.35 - - [14/Apr/2025:09:38:18 +0200] "GET / HTTP/1.1" 200 274 "-" "Mozilla/5.0 (Windows NT 10.0; Win64; x64) AppleWebKit/537.36 (KHTML, like Gecko) Chrome/90.0.4430.85 Safari/537.36 Edg/90.0.818.46"
151.106.166.243 - - [14/Apr/2025:09:41:55 +0200] "GET /cron.php?cron_type=tidy_cache&sid=05aac574aba17f9a35ab2270698003f5 HTTP/1.1" 404 290 "-" "Mozilla/5.0 (X11; Ubuntu; Linux x86_64; rv:72.0) Gecko/20100101 Firefox/72.0"
151.106.166.243 - - [14/Apr/2025:09:41:56 +0200] "GET /cron.php?cron_type=tidy_cache&sid=05aac574aba17f9a35ab2270698003f5 HTTP/1.1" 404 290 "-" "Mozilla/5.0 (X11; Ubuntu; Linux x86_64; rv:72.0) Gecko/20100101 Firefox/72.0"
151.106.166.243 - - [14/Apr/2025:09:41:56 +0200] "GET /cron.php?cron_type=tidy_cache&sid=05aac574aba17f9a35ab2270698003f5 HTTP/1.1" 404 290 "-" "Mozilla/5.0 (X11; Ubuntu; Linux x86_64; rv:72.0) Gecko/20100101 Firefox/72.0"
156.59.198.136 - - [14/Apr/2025:09:42:18 +0200] "GET /renault.activities.at/htdocs/binaries/10015817.pdf HTTP/1.0" 404 311 "-" "Mozilla/5.0 (Linux; Android 5.0) AppleWebKit/537.36 (KHTML, like Gecko) Mobile Safari/537.36 (compatible; Bytespider; spider-feedback@bytedance.com)"
47.128.45.91 - - [14/Apr/2025:09:42:27 +0200] "GET /robots.txt HTTP/1.1" 404 284 "-" "Mozilla/5.0 (Linux; Android 5.0) AppleWebKit/537.36 (KHTML, like Gecko) Mobile Safari/537.36 (compatible; Bytespider; spider-feedback@bytedance.com)"
47.128.19.106 - - [14/Apr/2025:09:42:36 +0200] "GET /robots.txt HTTP/1.1" 404 284 "-" "Mozilla/5.0 (Linux; Android 5.0) AppleWebKit/537.36 (KHTML, like Gecko) Mobile Safari/537.36 (compatible; Bytespider; spider-feedback@bytedance.com)"
47.128.63.141 - - [14/Apr/2025:09:42:55 +0200] "GET /robots.txt HTTP/1.1" 404 284 "-" "Mozilla/5.0 (Linux; Android 5.0) AppleWebKit/537.36 (KHTML, like Gecko) Mobile Safari/537.36 (compatible; Bytespider; spider-feedback@bytedance.com)"
47.128.44.20 - - [14/Apr/2025:09:43:03 +0200] "GET /robots.txt HTTP/1.1" 404 284 "-" "Mozilla/5.0 (Linux; Android 5.0) AppleWebKit/537.36 (KHTML, like Gecko) Mobile Safari/537.36 (compatible; Bytespider; spider-feedback@bytedance.com)"
151.106.181.25 - - [14/Apr/2025:09:45:58 +0200] "GET /download/file.php?id=250&sid=cc14204617fcb8f5011767584e747357 HTTP/1.1" 404 297 "-" "Mozilla/5.0 (X11; Ubuntu; Linux x86_64; rv:72.0) Gecko/20100101 Firefox/72.0"
151.106.181.25 - - [14/Apr/2025:09:45:59 +0200] "GET /download/file.php?id=250&sid=cc14204617fcb8f5011767584e747357 HTTP/1.1" 404 297 "-" "Mozilla/5.0 (X11; Ubuntu; Linux x86_64; rv:72.0) Gecko/20100101 Firefox/72.0"
151.106.181.25 - - [14/Apr/2025:09:45:59 +0200] "GET /download/file.php?id=250&sid=cc14204617fcb8f5011767584e747357 HTTP/1.1" 404 297 "-" "Mozilla/5.0 (X11; Ubuntu; Linux x86_64; rv:72.0) Gecko/20100101 Firefox/72.0"
151.106.171.1 - - [14/Apr/2025:09:46:41 +0200] "GET /cron.php?cron_type=tidy_cache&sid=f08ceea6974a4fed1447a458bacebcf6 HTTP/1.1" 404 290 "-" "Mozilla/5.0 (X11; Ubuntu; Linux x86_64; rv:72.0) Gecko/20100101 Firefox/72.0"
151.106.171.1 - - [14/Apr/2025:09:46:41 +0200] "GET /cron.php?cron_type=tidy_cache&sid=f08ceea6974a4fed1447a458bacebcf6 HTTP/1.1" 404 290 "-" "Mozilla/5.0 (X11; Ubuntu; Linux x86_64; rv:72.0) Gecko/20100101 Firefox/72.0"
151.106.171.1 - - [14/Apr/2025:09:46:41 +0200] "GET /cron.php?cron_type=tidy_cache&sid=f08ceea6974a4fed1447a458bacebcf6 HTTP/1.1" 404 290 "-" "Mozilla/5.0 (X11; Ubuntu; Linux x86_64; rv:72.0) Gecko/20100101 Firefox/72.0"
93.174.93.12 - - [14/Apr/2025:09:47:23 +0200] "GET / HTTP/1.0" 200 423 "-" "Mozilla/5.0 (OS/2; Warp 4.5; rv:31.0) Gecko/20100101 Firefox/31.0 SeaMonkey/2.28"
185.40.4.51 - - [14/Apr/2025:09:50:25 +0200] "GET / HTTP/1.1" 200 274 "-" "Mozilla/5.0 (Windows NT 10.0; Win64; x64) AppleWebKit/537.36 (KHTML, like Gecko) Chrome/90.0.4430.85 Safari/537.36 Edg/90.0.818.46"
78.153.140.177 - - [14/Apr/2025:09:50:42 +0200] "GET /.env HTTP/1.1" 404 349 "-" "Opera/9.80 (Windows NT 6.1; Win64; x64) Presto/2.12.388 Version/12.17"
78.153.140.177 - - [14/Apr/2025:09:50:43 +0200] "GET /config/secrets.yml HTTP/1.1" 404 363 "-" "Mozilla/5.0 (Macintosh; Intel Mac OS X 10_12_5) AppleWebKit/537.36 (KHTML, like Gecko) Chrome/58.0.3029.110 Safari/537.36 OPR/45.0.2552.888"
78.153.140.177 - - [14/Apr/2025:09:50:43 +0200] "GET /.env.1 HTTP/1.1" 404 351 "-" "Mozilla/5.0 (X11; U; OpenBSD i386; en-US; rv:1.8.0.8) Gecko/20061110 Firefox/1.5.0.8"
151.106.161.79 - - [14/Apr/2025:09:52:14 +0200] "GET /download/file.php?id=251&sid=2523b3a88996141b071034532d56351a HTTP/1.1" 404 297 "-" "Mozilla/5.0 (X11; Ubuntu; Linux x86_64; rv:72.0) Gecko/20100101 Firefox/72.0"
151.106.161.79 - - [14/Apr/2025:09:52:14 +0200] "GET /download/file.php?id=251&sid=2523b3a88996141b071034532d56351a HTTP/1.1" 404 297 "-" "Mozilla/5.0 (X11; Ubuntu; Linux x86_64; rv:72.0) Gecko/20100101 Firefox/72.0"
151.106.161.79 - - [14/Apr/2025:09:52:14 +0200] "GET /download/file.php?id=251&sid=2523b3a88996141b071034532d56351a HTTP/1.1" 404 297 "-" "Mozilla/5.0 (X11; Ubuntu; Linux x86_64; rv:72.0) Gecko/20100101 Firefox/72.0"
156.59.198.136 - - [14/Apr/2025:10:02:04 +0200] "GET /renault.activities.at/htdocs/binaries/10073812.pdf HTTP/1.0" 404 312 "-" "Mozilla/5.0 (Linux; Android 5.0) AppleWebKit/537.36 (KHTML, like Gecko) Mobile Safari/537.36 (compatible; Bytespider; spider-feedback@bytedance.com)"
154.81.156.54 - - [14/Apr/2025:10:04:12 +0200] "GET / HTTP/1.1" 200 274 "-" "Mozilla/5.0 (Windows NT 10.0; Win64; x64) AppleWebKit/537.36 (KHTML, like Gecko) Chrome/90.0.4430.85 Safari/537.36 Edg/90.0.818.46"
5.183.209.244 - - [14/Apr/2025:10:10:39 +0200] "GET / HTTP/1.1" 200 423 "-" "-"
151.106.161.79 - - [14/Apr/2025:10:11:09 +0200] "GET /cron.php?cron_type=tidy_cache&sid=78b56b319420e8de3ea07af8bc237243 HTTP/1.1" 404 290 "-" "Mozilla/5.0 (X11; Ubuntu; Linux x86_64; rv:72.0) Gecko/20100101 Firefox/72.0"
151.106.161.79 - - [14/Apr/2025:10:11:09 +0200] "GET /cron.php?cron_type=tidy_cache&sid=78b56b319420e8de3ea07af8bc237243 HTTP/1.1" 404 290 "-" "Mozilla/5.0 (X11; Ubuntu; Linux x86_64; rv:72.0) Gecko/20100101 Firefox/72.0"
151.106.161.79 - - [14/Apr/2025:10:11:10 +0200] "GET /cron.php?cron_type=tidy_cache&sid=78b56b319420e8de3ea07af8bc237243 HTTP/1.1" 404 290 "-" "Mozilla/5.0 (X11; Ubuntu; Linux x86_64; rv:72.0) Gecko/20100101 Firefox/72.0"
154.81.156.54 - - [14/Apr/2025:10:16:31 +0200] "GET / HTTP/1.1" 200 274 "-" "Mozilla/5.0 (Windows NT 10.0; Win64; x64) AppleWebKit/537.36 (KHTML, like Gecko) Chrome/90.0.4430.85 Safari/537.36 Edg/90.0.818.46"
8.209.97.27 - - [14/Apr/2025:10:16:42 +0200] "GET / HTTP/1.1" 200 423 "-" "curl/7.64.1"
123.160.223.74 - - [14/Apr/2025:10:17:01 +0200] "GET / HTTP/1.1" 200 274 "-" "Mozilla/5.0 (Macintosh; Intel Mac OS X 10_15_7) AppleWebKit/537.36 (KHTML, like Gecko) Chrome/96.0.4664.110 Safari/537.36"
123.160.223.73 - - [14/Apr/2025:10:17:02 +0200] "GET / HTTP/1.1" 200 274 "-" "Mozilla/5.0 (Macintosh; Intel Mac OS X 10_15_7) AppleWebKit/537.36 (KHTML, like Gecko) Chrome/96.0.4664.110 Safari/537.36"
123.160.223.74 - - [14/Apr/2025:10:17:02 +0200] "GET / HTTP/1.1" 200 274 "-" "Mozilla/5.0 (Macintosh; Intel Mac OS X 11_0_0) AppleWebKit/537.36 (KHTML, like Gecko) Chrome/87.0.4280.88 Safari/537.36"
123.160.223.74 - - [14/Apr/2025:10:17:02 +0200] "GET / HTTP/1.1" 200 274 "-" "Mozilla/5.0 (Macintosh; Intel Mac OS X 11_0_0) AppleWebKit/537.36 (KHTML, like Gecko) Chrome/87.0.4280.88 Safari/537.36"
123.160.223.73 - - [14/Apr/2025:10:17:03 +0200] "GET /layout.php HTTP/1.1" 200 816 "http://212.69.160.11/" "Mozilla/5.0 (X11; Linux x86_64) AppleWebKit/537.36 (KHTML, like Gecko) HeadlessChrome/114.0.5720.0 Safari/537.36"
123.160.223.73 - - [14/Apr/2025:10:17:04 +0200] "GET /gui/javascript/form_form.js HTTP/1.1" 200 16206 "http://212.69.160.11/layout.php" "Mozilla/5.0 (X11; Linux x86_64) AppleWebKit/537.36 (KHTML, like Gecko) HeadlessChrome/114.0.5720.0 Safari/537.36"
123.160.223.72 - - [14/Apr/2025:10:17:05 +0200] "GET /entry.php?id=10273 HTTP/1.1" 200 1902 "http://212.69.160.11/layout.php" "Mozilla/5.0 (X11; Linux x86_64) AppleWebKit/537.36 (KHTML, like Gecko) HeadlessChrome/114.0.5720.0 Safari/537.36"
123.160.223.73 - - [14/Apr/2025:10:17:05 +0200] "GET /entry.php?id=11412 HTTP/1.1" 200 1759 "http://212.69.160.11/layout.php" "Mozilla/5.0 (X11; Linux x86_64) AppleWebKit/537.36 (KHTML, like Gecko) HeadlessChrome/114.0.5720.0 Safari/537.36"
123.160.223.73 - - [14/Apr/2025:10:17:05 +0200] "GET /entry.php?id=10270 HTTP/1.1" 200 908 "http://212.69.160.11/layout.php" "Mozilla/5.0 (X11; Linux x86_64) AppleWebKit/537.36 (KHTML, like Gecko) HeadlessChrome/114.0.5720.0 Safari/537.36"
123.160.223.74 - - [14/Apr/2025:10:17:06 +0200] "GET /layout.php HTTP/1.1" 200 818 "http://smtpo.financetrainer.com/" "Mozilla/5.0 (X11; Linux x86_64) AppleWebKit/537.36 (KHTML, like Gecko) HeadlessChrome/114.0.5720.0 Safari/537.36"
123.160.223.72 - - [14/Apr/2025:10:17:06 +0200] "GET /entry.php?id=10272 HTTP/1.1" 200 1158 "http://212.69.160.11/layout.php" "Mozilla/5.0 (X11; Linux x86_64) AppleWebKit/537.36 (KHTML, like Gecko) HeadlessChrome/114.0.5720.0 Safari/537.36"
123.160.223.74 - - [14/Apr/2025:10:17:06 +0200] "GET /gui/javascript/form_form.js HTTP/1.1" 200 16206 "http://smtpo.financetrainer.com/layout.php" "Mozilla/5.0 (X11; Linux x86_64) AppleWebKit/537.36 (KHTML, like Gecko) HeadlessChrome/114.0.5720.0 Safari/537.36"
123.160.223.72 - - [14/Apr/2025:10:17:06 +0200] "GET /gui/javascript/jquery/css/gui-themes/custom.min.css HTTP/1.1" 200 5618 "http://212.69.160.11/entry.php?id=10273" "Mozilla/5.0 (X11; Linux x86_64) AppleWebKit/537.36 (KHTML, like Gecko) HeadlessChrome/114.0.5720.0 Safari/537.36"
123.160.223.72 - - [14/Apr/2025:10:17:06 +0200] "GET /gui/javascript/jquery/css/gui-themes/ui.spinner.css HTTP/1.1" 200 350 "http://212.69.160.11/entry.php?id=10273" "Mozilla/5.0 (X11; Linux x86_64) AppleWebKit/537.36 (KHTML, like Gecko) HeadlessChrome/114.0.5720.0 Safari/537.36"
123.160.223.72 - - [14/Apr/2025:10:17:06 +0200] "GET /gui/javascript/jquery/css/gui-themes/jquery.tooltip.css HTTP/1.1" 200 246 "http://212.69.160.11/entry.php?id=10273" "Mozilla/5.0 (X11; Linux x86_64) AppleWebKit/537.36 (KHTML, like Gecko) HeadlessChrome/114.0.5720.0 Safari/537.36"
123.160.223.73 - - [14/Apr/2025:10:17:07 +0200] "GET /framework/webfx/style/toolbar/cb2.css HTTP/1.1" 200 793 "http://212.69.160.11/entry.php?id=10273" "Mozilla/5.0 (X11; Linux x86_64) AppleWebKit/537.36 (KHTML, like Gecko) HeadlessChrome/114.0.5720.0 Safari/537.36"
123.160.223.72 - - [14/Apr/2025:10:17:07 +0200] "GET /gui/styles/tmplDefault.css HTTP/1.1" 200 2135 "http://212.69.160.11/entry.php?id=11412" "Mozilla/5.0 (X11; Linux x86_64) AppleWebKit/537.36 (KHTML, like Gecko) HeadlessChrome/114.0.5720.0 Safari/537.36"
123.160.223.74 - - [14/Apr/2025:10:17:07 +0200] "GET /activities.ico HTTP/1.1" 200 1406 "-" "Mozilla/5.0 (Macintosh; Intel Mac OS X 10_15_7) AppleWebKit/537.36 (KHTML, like Gecko) Chrome/96.0.4664.110 Safari/537.36"
123.160.223.74 - - [14/Apr/2025:10:17:07 +0200] "GET /entry.php?id=10270 HTTP/1.1" 200 908 "http://smtpo.financetrainer.com/layout.php" "Mozilla/5.0 (X11; Linux x86_64) AppleWebKit/537.36 (KHTML, like Gecko) HeadlessChrome/114.0.5720.0 Safari/537.36"
123.160.223.75 - - [14/Apr/2025:10:17:07 +0200] "GET /entry.php?id=10273 HTTP/1.1" 200 1902 "http://smtpo.financetrainer.com/layout.php" "Mozilla/5.0 (X11; Linux x86_64) AppleWebKit/537.36 (KHTML, like Gecko) HeadlessChrome/114.0.5720.0 Safari/537.36"
123.160.223.75 - - [14/Apr/2025:10:17:07 +0200] "GET /entry.php?id=10272 HTTP/1.1" 200 1158 "http://smtpo.financetrainer.com/layout.php" "Mozilla/5.0 (X11; Linux x86_64) AppleWebKit/537.36 (KHTML, like Gecko) HeadlessChrome/114.0.5720.0 Safari/537.36"
123.160.223.75 - - [14/Apr/2025:10:17:07 +0200] "GET /gui/javascript/jquery/css/gui-themes/custom.min.css HTTP/1.1" 200 5618 "http://smtpo.financetrainer.com/entry.php?id=10273" "Mozilla/5.0 (X11; Linux x86_64) AppleWebKit/537.36 (KHTML, like Gecko) HeadlessChrome/114.0.5720.0 Safari/537.36"
123.160.223.74 - - [14/Apr/2025:10:17:07 +0200] "GET /gui/javascript/jquery/css/gui-themes/ui.spinner.css HTTP/1.1" 200 350 "http://smtpo.financetrainer.com/entry.php?id=10273" "Mozilla/5.0 (X11; Linux x86_64) AppleWebKit/537.36 (KHTML, like Gecko) HeadlessChrome/114.0.5720.0 Safari/537.36"
123.160.223.74 - - [14/Apr/2025:10:17:07 +0200] "GET /gui/javascript/jquery/css/gui-themes/jquery.tooltip.css HTTP/1.1" 200 246 "http://smtpo.financetrainer.com/entry.php?id=10273" "Mozilla/5.0 (X11; Linux x86_64) AppleWebKit/537.36 (KHTML, like Gecko) HeadlessChrome/114.0.5720.0 Safari/537.36"
123.160.223.74 - - [14/Apr/2025:10:17:07 +0200] "GET /activities.ico HTTP/1.1" 200 1406 "-" "Mozilla/5.0 (Macintosh; Intel Mac OS X 10_15_7) AppleWebKit/537.36 (KHTML, like Gecko) Chrome/96.0.4664.110 Safari/537.36"
123.160.223.75 - - [14/Apr/2025:10:17:07 +0200] "GET /framework/webfx/style/toolbar/cb2.css HTTP/1.1" 200 793 "http://smtpo.financetrainer.com/entry.php?id=10273" "Mozilla/5.0 (X11; Linux x86_64) AppleWebKit/537.36 (KHTML, like Gecko) HeadlessChrome/114.0.5720.0 Safari/537.36"
123.160.223.74 - - [14/Apr/2025:10:17:08 +0200] "GET /gui/styles/tmplDefault.css HTTP/1.1" 200 2135 "http://smtpo.financetrainer.com/entry.php?id=10272" "Mozilla/5.0 (X11; Linux x86_64) AppleWebKit/537.36 (KHTML, like Gecko) HeadlessChrome/114.0.5720.0 Safari/537.36"
123.160.223.75 - - [14/Apr/2025:10:17:08 +0200] "GET /gui/javascript/form_form.js?1744618627 HTTP/1.1" 200 16206 "http://smtpo.financetrainer.com/entry.php?id=10273" "Mozilla/5.0 (X11; Linux x86_64) AppleWebKit/537.36 (KHTML, like Gecko) HeadlessChrome/114.0.5720.0 Safari/537.36"
123.160.223.72 - - [14/Apr/2025:10:17:07 +0200] "GET /gui/javascript/form_form.js?1744618625 HTTP/1.1" 200 16206 "http://212.69.160.11/entry.php?id=10273" "Mozilla/5.0 (X11; Linux x86_64) AppleWebKit/537.36 (KHTML, like Gecko) HeadlessChrome/114.0.5720.0 Safari/537.36"
123.160.223.75 - - [14/Apr/2025:10:17:08 +0200] "GET /gui/javascript/jquery/jquery-tooltip/jquery.tooltip.min.js HTTP/1.1" 200 1982 "http://smtpo.financetrainer.com/entry.php?id=10273" "Mozilla/5.0 (X11; Linux x86_64) AppleWebKit/537.36 (KHTML, like Gecko) HeadlessChrome/114.0.5720.0 Safari/537.36"
123.160.223.74 - - [14/Apr/2025:10:17:08 +0200] "GET /framework/webfx/javascript/toolbar/ieemu.js HTTP/1.1" 200 2366 "http://smtpo.financetrainer.com/entry.php?id=10273" "Mozilla/5.0 (X11; Linux x86_64) AppleWebKit/537.36 (KHTML, like Gecko) HeadlessChrome/114.0.5720.0 Safari/537.36"
123.160.223.74 - - [14/Apr/2025:10:17:08 +0200] "GET /gui/javascript/jquery/js/jquery-ui-1.9.0.custom.min.js HTTP/1.1" 200 51286 "http://smtpo.financetrainer.com/entry.php?id=10273" "Mozilla/5.0 (X11; Linux x86_64) AppleWebKit/537.36 (KHTML, like Gecko) HeadlessChrome/114.0.5720.0 Safari/537.36"
123.160.223.72 - - [14/Apr/2025:10:17:08 +0200] "GET /gui/javascript/jquery/js/jquery-ui-1.9.0.custom.min.js HTTP/1.1" 200 51286 "http://212.69.160.11/entry.php?id=10273" "Mozilla/5.0 (X11; Linux x86_64) AppleWebKit/537.36 (KHTML, like Gecko) HeadlessChrome/114.0.5720.0 Safari/537.36"
123.160.223.74 - - [14/Apr/2025:10:17:09 +0200] "GET /framework/webfx/javascript/toolbar/cb2.js HTTP/1.1" 200 1686 "http://smtpo.financetrainer.com/entry.php?id=10273" "Mozilla/5.0 (X11; Linux x86_64) AppleWebKit/537.36 (KHTML, like Gecko) HeadlessChrome/114.0.5720.0 Safari/537.36"
123.160.223.74 - - [14/Apr/2025:10:17:08 +0200] "GET /gui/javascript/jquery/js/jquery-1.8.2.js HTTP/1.1" 200 35391 "http://smtpo.financetrainer.com/entry.php?id=10273" "Mozilla/5.0 (X11; Linux x86_64) AppleWebKit/537.36 (KHTML, like Gecko) HeadlessChrome/114.0.5720.0 Safari/537.36"
123.160.223.72 - - [14/Apr/2025:10:17:09 +0200] "GET /gui/javascript/jquery/jquery-tooltip/jquery.tooltip.min.js HTTP/1.1" 200 1982 "http://212.69.160.11/entry.php?id=10273" "Mozilla/5.0 (X11; Linux x86_64) AppleWebKit/537.36 (KHTML, like Gecko) HeadlessChrome/114.0.5720.0 Safari/537.36"
123.160.223.72 - - [14/Apr/2025:10:17:09 +0200] "GET /framework/webfx/javascript/toolbar/ieemu.js HTTP/1.1" 200 2366 "http://212.69.160.11/entry.php?id=10273" "Mozilla/5.0 (X11; Linux x86_64) AppleWebKit/537.36 (KHTML, like Gecko) HeadlessChrome/114.0.5720.0 Safari/537.36"
123.160.223.72 - - [14/Apr/2025:10:17:10 +0200] "GET /framework/webfx/javascript/toolbar/cb2.js HTTP/1.1" 200 1686 "http://212.69.160.11/entry.php?id=10273" "Mozilla/5.0 (X11; Linux x86_64) AppleWebKit/537.36 (KHTML, like Gecko) HeadlessChrome/114.0.5720.0 Safari/537.36"
123.160.223.75 - - [14/Apr/2025:10:17:11 +0200] "GET / HTTP/1.1" 200 274 "-" "Mozilla/5.0 (Macintosh; Intel Mac OS X 10_15_7) AppleWebKit/537.36 (KHTML, like Gecko) Chrome/96.0.4664.110 Safari/537.36"
123.160.223.75 - - [14/Apr/2025:10:17:11 +0200] "GET / HTTP/1.1" 200 274 "-" "Mozilla/5.0 (Macintosh; Intel Mac OS X 10_15_7) AppleWebKit/537.36 (KHTML, like Gecko) Chrome/96.0.4664.110 Safari/537.36"
123.160.223.74 - - [14/Apr/2025:10:17:11 +0200] "GET / HTTP/1.1" 200 274 "-" "Mozilla/5.0 (Macintosh; Intel Mac OS X 10_15_7) AppleWebKit/537.36 (KHTML, like Gecko) Chrome/96.0.4664.110 Safari/537.36"
123.160.223.74 - - [14/Apr/2025:10:17:11 +0200] "GET / HTTP/1.1" 200 274 "-" "Mozilla/5.0 (Macintosh; Intel Mac OS X 10_15_7) AppleWebKit/537.36 (KHTML, like Gecko) Chrome/96.0.4664.110 Safari/537.36"
123.160.223.74 - - [14/Apr/2025:10:17:12 +0200] "GET / HTTP/1.1" 200 274 "-" "Mozilla/5.0 (Macintosh; Intel Mac OS X 11_0_0) AppleWebKit/537.36 (KHTML, like Gecko) Chrome/87.0.4280.88 Safari/537.36"
123.160.223.73 - - [14/Apr/2025:10:17:12 +0200] "GET / HTTP/1.1" 200 274 "-" "Mozilla/5.0 (Macintosh; Intel Mac OS X 10_15_7) AppleWebKit/537.36 (KHTML, like Gecko) Chrome/96.0.4664.110 Safari/537.36"
111.7.96.176 - - [14/Apr/2025:10:17:12 +0200] "GET / HTTP/1.1" 200 274 "-" "Mozilla/5.0 (Macintosh; Intel Mac OS X 10_15_7) AppleWebKit/537.36 (KHTML, like Gecko) Chrome/96.0.4664.110 Safari/537.36"
123.160.223.73 - - [14/Apr/2025:10:17:12 +0200] "GET / HTTP/1.1" 200 274 "-" "Mozilla/5.0 (Macintosh; Intel Mac OS X 10_15_7) AppleWebKit/537.36 (KHTML, like Gecko) Chrome/96.0.4664.110 Safari/537.36"
123.160.223.74 - - [14/Apr/2025:10:17:12 +0200] "GET / HTTP/1.1" 200 274 "-" "Mozilla/5.0 (Macintosh; Intel Mac OS X 11_0_0) AppleWebKit/537.36 (KHTML, like Gecko) Chrome/87.0.4280.88 Safari/537.36"
123.160.223.74 - - [14/Apr/2025:10:17:12 +0200] "GET / HTTP/1.1" 200 274 "-" "Mozilla/5.0 (Macintosh; Intel Mac OS X 11_0_0) AppleWebKit/537.36 (KHTML, like Gecko) Chrome/87.0.4280.88 Safari/537.36"
111.7.96.176 - - [14/Apr/2025:10:17:12 +0200] "GET / HTTP/1.1" 200 274 "-" "Mozilla/5.0 (Macintosh; Intel Mac OS X 11_0_0) AppleWebKit/537.36 (KHTML, like Gecko) Chrome/87.0.4280.88 Safari/537.36"
123.160.223.72 - - [14/Apr/2025:10:17:13 +0200] "GET / HTTP/1.1" 200 274 "-" "Mozilla/5.0 (Macintosh; Intel Mac OS X 11_0_0) AppleWebKit/537.36 (KHTML, like Gecko) Chrome/87.0.4280.88 Safari/537.36"
123.160.223.74 - - [14/Apr/2025:10:17:13 +0200] "GET /framework/webfx/javascript/statusbar/statusBar.js HTTP/1.1" 200 649 "http://smtpo.financetrainer.com/entry.php?id=10272" "Mozilla/5.0 (X11; Linux x86_64) AppleWebKit/537.36 (KHTML, like Gecko) HeadlessChrome/114.0.5720.0 Safari/537.36"
123.160.223.74 - - [14/Apr/2025:10:17:13 +0200] "GET /entry.php?id=10271& HTTP/1.1" 200 934 "http://smtpo.financetrainer.com/entry.php?id=10272" "Mozilla/5.0 (X11; Linux x86_64) AppleWebKit/537.36 (KHTML, like Gecko) HeadlessChrome/114.0.5720.0 Safari/537.36"
111.7.96.176 - - [14/Apr/2025:10:17:13 +0200] "GET /layout.php HTTP/1.1" 200 817 "http://zafi.castlegem.co.uk/" "Mozilla/5.0 (X11; Linux x86_64) AppleWebKit/537.36 (KHTML, like Gecko) HeadlessChrome/120.0.6099.199 Safari/537.36"
111.7.96.176 - - [14/Apr/2025:10:17:13 +0200] "GET /gui/javascript/form_form.js HTTP/1.1" 200 16206 "http://zafi.castlegem.co.uk/layout.php" "Mozilla/5.0 (X11; Linux x86_64) AppleWebKit/537.36 (KHTML, like Gecko) HeadlessChrome/120.0.6099.199 Safari/537.36"
123.160.223.74 - - [14/Apr/2025:10:17:14 +0200] "GET /layout.php HTTP/1.1" 200 819 "http://staff.castlegem.co.uk/" "Mozilla/5.0 (X11; Linux x86_64) AppleWebKit/537.36 (KHTML, like Gecko) HeadlessChrome/114.0.5720.0 Safari/537.36"
123.160.223.72 - - [14/Apr/2025:10:17:14 +0200] "GET /layout.php HTTP/1.1" 200 820 "http://triadian.castlegem.co.uk/" "Mozilla/5.0 (X11; Linux x86_64) AppleWebKit/537.36 (KHTML, like Gecko) HeadlessChrome/114.0.5720.0 Safari/537.36"
123.160.223.74 - - [14/Apr/2025:10:17:14 +0200] "GET /gui/javascript/form_form.js?1744618633 HTTP/1.1" 200 16206 "http://smtpo.financetrainer.com/entry.php?id=10271&" "Mozilla/5.0 (X11; Linux x86_64) AppleWebKit/537.36 (KHTML, like Gecko) HeadlessChrome/114.0.5720.0 Safari/537.36"
111.7.96.176 - - [14/Apr/2025:10:17:14 +0200] "GET /entry.php?id=10270 HTTP/1.1" 200 908 "http://zafi.castlegem.co.uk/layout.php" "Mozilla/5.0 (X11; Linux x86_64) AppleWebKit/537.36 (KHTML, like Gecko) HeadlessChrome/120.0.6099.199 Safari/537.36"
111.7.96.176 - - [14/Apr/2025:10:17:14 +0200] "GET /entry.php?id=10273 HTTP/1.1" 200 1903 "http://zafi.castlegem.co.uk/layout.php" "Mozilla/5.0 (X11; Linux x86_64) AppleWebKit/537.36 (KHTML, like Gecko) HeadlessChrome/120.0.6099.199 Safari/537.36"
123.160.223.75 - - [14/Apr/2025:10:17:14 +0200] "GET /gui/javascript/form_form.js HTTP/1.1" 200 16206 "http://staff.castlegem.co.uk/layout.php" "Mozilla/5.0 (X11; Linux x86_64) AppleWebKit/537.36 (KHTML, like Gecko) HeadlessChrome/114.0.5720.0 Safari/537.36"
111.7.96.176 - - [14/Apr/2025:10:17:14 +0200] "GET /entry.php?id=11412 HTTP/1.1" 200 1759 "http://zafi.castlegem.co.uk/layout.php" "Mozilla/5.0 (X11; Linux x86_64) AppleWebKit/537.36 (KHTML, like Gecko) HeadlessChrome/120.0.6099.199 Safari/537.36"
111.7.96.176 - - [14/Apr/2025:10:17:14 +0200] "GET /entry.php?id=10272 HTTP/1.1" 200 1158 "http://zafi.castlegem.co.uk/layout.php" "Mozilla/5.0 (X11; Linux x86_64) AppleWebKit/537.36 (KHTML, like Gecko) HeadlessChrome/120.0.6099.199 Safari/537.36"
111.7.96.176 - - [14/Apr/2025:10:17:14 +0200] "GET /gui/javascript/jquery/css/gui-themes/custom.min.css HTTP/1.1" 200 5618 "http://zafi.castlegem.co.uk/entry.php?id=10270" "Mozilla/5.0 (X11; Linux x86_64) AppleWebKit/537.36 (KHTML, like Gecko) HeadlessChrome/120.0.6099.199 Safari/537.36"
111.7.96.176 - - [14/Apr/2025:10:17:14 +0200] "GET /gui/javascript/jquery/css/gui-themes/ui.spinner.css HTTP/1.1" 200 350 "http://zafi.castlegem.co.uk/entry.php?id=10270" "Mozilla/5.0 (X11; Linux x86_64) AppleWebKit/537.36 (KHTML, like Gecko) HeadlessChrome/120.0.6099.199 Safari/537.36"
111.7.96.176 - - [14/Apr/2025:10:17:14 +0200] "GET /gui/javascript/jquery/css/gui-themes/jquery.tooltip.css HTTP/1.1" 200 246 "http://zafi.castlegem.co.uk/entry.php?id=10270" "Mozilla/5.0 (X11; Linux x86_64) AppleWebKit/537.36 (KHTML, like Gecko) HeadlessChrome/120.0.6099.199 Safari/537.36"
111.7.96.176 - - [14/Apr/2025:10:17:15 +0200] "GET /framework/webfx/style/toolbar/cb2.css HTTP/1.1" 200 793 "http://zafi.castlegem.co.uk/entry.php?id=10273" "Mozilla/5.0 (X11; Linux x86_64) AppleWebKit/537.36 (KHTML, like Gecko) HeadlessChrome/120.0.6099.199 Safari/537.36"
123.160.223.75 - - [14/Apr/2025:10:17:15 +0200] "GET /entry.php?id=10273 HTTP/1.1" 200 1903 "http://staff.castlegem.co.uk/layout.php" "Mozilla/5.0 (X11; Linux x86_64) AppleWebKit/537.36 (KHTML, like Gecko) HeadlessChrome/114.0.5720.0 Safari/537.36"
123.160.223.72 - - [14/Apr/2025:10:17:14 +0200] "GET /gui/javascript/form_form.js HTTP/1.1" 200 16206 "http://triadian.castlegem.co.uk/layout.php" "Mozilla/5.0 (X11; Linux x86_64) AppleWebKit/537.36 (KHTML, like Gecko) HeadlessChrome/114.0.5720.0 Safari/537.36"
123.160.223.74 - - [14/Apr/2025:10:17:15 +0200] "GET /entry.php?id=10272 HTTP/1.1" 200 1158 "http://staff.castlegem.co.uk/layout.php" "Mozilla/5.0 (X11; Linux x86_64) AppleWebKit/537.36 (KHTML, like Gecko) HeadlessChrome/114.0.5720.0 Safari/537.36"
123.160.223.75 - - [14/Apr/2025:10:17:15 +0200] "GET /entry.php?id=10270 HTTP/1.1" 200 908 "http://staff.castlegem.co.uk/layout.php" "Mozilla/5.0 (X11; Linux x86_64) AppleWebKit/537.36 (KHTML, like Gecko) HeadlessChrome/114.0.5720.0 Safari/537.36"
123.160.223.74 - - [14/Apr/2025:10:17:15 +0200] "GET /entry.php?id=11412 HTTP/1.1" 200 1759 "http://staff.castlegem.co.uk/layout.php" "Mozilla/5.0 (X11; Linux x86_64) AppleWebKit/537.36 (KHTML, like Gecko) HeadlessChrome/114.0.5720.0 Safari/537.36"
111.7.96.176 - - [14/Apr/2025:10:17:15 +0200] "GET /gui/styles/tmplDefault.css HTTP/1.1" 200 2135 "http://zafi.castlegem.co.uk/entry.php?id=11412" "Mozilla/5.0 (X11; Linux x86_64) AppleWebKit/537.36 (KHTML, like Gecko) HeadlessChrome/120.0.6099.199 Safari/537.36"
111.7.96.176 - - [14/Apr/2025:10:17:15 +0200] "GET /gui/javascript/jquery/jquery-tooltip/jquery.tooltip.min.js HTTP/1.1" 200 1982 "http://zafi.castlegem.co.uk/entry.php?id=10270" "Mozilla/5.0 (X11; Linux x86_64) AppleWebKit/537.36 (KHTML, like Gecko) HeadlessChrome/120.0.6099.199 Safari/537.36"
111.7.96.176 - - [14/Apr/2025:10:17:15 +0200] "GET /gui/javascript/jquery/js/jquery-1.8.2.js HTTP/1.1" 200 35391 "http://zafi.castlegem.co.uk/entry.php?id=10270" "Mozilla/5.0 (X11; Linux x86_64) AppleWebKit/537.36 (KHTML, like Gecko) HeadlessChrome/120.0.6099.199 Safari/537.36"
111.7.96.176 - - [14/Apr/2025:10:17:15 +0200] "GET /framework/webfx/javascript/toolbar/ieemu.js HTTP/1.1" 200 2366 "http://zafi.castlegem.co.uk/entry.php?id=10273" "Mozilla/5.0 (X11; Linux x86_64) AppleWebKit/537.36 (KHTML, like Gecko) HeadlessChrome/120.0.6099.199 Safari/537.36"
111.7.96.176 - - [14/Apr/2025:10:17:15 +0200] "GET /gui/javascript/form_form.js?1744618634 HTTP/1.1" 200 16206 "http://zafi.castlegem.co.uk/entry.php?id=10270" "Mozilla/5.0 (X11; Linux x86_64) AppleWebKit/537.36 (KHTML, like Gecko) HeadlessChrome/120.0.6099.199 Safari/537.36"
123.160.223.74 - - [14/Apr/2025:10:17:15 +0200] "GET /gui/javascript/jquery/css/gui-themes/custom.min.css HTTP/1.1" 200 5618 "http://staff.castlegem.co.uk/entry.php?id=10273" "Mozilla/5.0 (X11; Linux x86_64) AppleWebKit/537.36 (KHTML, like Gecko) HeadlessChrome/114.0.5720.0 Safari/537.36"
123.160.223.74 - - [14/Apr/2025:10:17:15 +0200] "GET /gui/javascript/jquery/css/gui-themes/ui.spinner.css HTTP/1.1" 200 350 "http://staff.castlegem.co.uk/entry.php?id=10273" "Mozilla/5.0 (X11; Linux x86_64) AppleWebKit/537.36 (KHTML, like Gecko) HeadlessChrome/114.0.5720.0 Safari/537.36"
123.160.223.75 - - [14/Apr/2025:10:17:15 +0200] "GET /gui/javascript/jquery/css/gui-themes/jquery.tooltip.css HTTP/1.1" 200 246 "http://staff.castlegem.co.uk/entry.php?id=10273" "Mozilla/5.0 (X11; Linux x86_64) AppleWebKit/537.36 (KHTML, like Gecko) HeadlessChrome/114.0.5720.0 Safari/537.36"
123.160.223.74 - - [14/Apr/2025:10:17:15 +0200] "GET /framework/webfx/style/toolbar/cb2.css HTTP/1.1" 200 793 "http://staff.castlegem.co.uk/entry.php?id=10273" "Mozilla/5.0 (X11; Linux x86_64) AppleWebKit/537.36 (KHTML, like Gecko) HeadlessChrome/114.0.5720.0 Safari/537.36"
123.160.223.74 - - [14/Apr/2025:10:17:15 +0200] "GET /gui/styles/tmplDefault.css HTTP/1.1" 200 2135 "http://staff.castlegem.co.uk/entry.php?id=10272" "Mozilla/5.0 (X11; Linux x86_64) AppleWebKit/537.36 (KHTML, like Gecko) HeadlessChrome/114.0.5720.0 Safari/537.36"
111.7.96.176 - - [14/Apr/2025:10:17:15 +0200] "GET /framework/webfx/javascript/statusbar/statusBar.js HTTP/1.1" 200 649 "http://zafi.castlegem.co.uk/entry.php?id=10272" "Mozilla/5.0 (X11; Linux x86_64) AppleWebKit/537.36 (KHTML, like Gecko) HeadlessChrome/120.0.6099.199 Safari/537.36"
111.7.96.176 - - [14/Apr/2025:10:17:16 +0200] "GET /framework/webfx/javascript/toolbar/cb2.js HTTP/1.1" 200 1686 "http://zafi.castlegem.co.uk/entry.php?id=10273" "Mozilla/5.0 (X11; Linux x86_64) AppleWebKit/537.36 (KHTML, like Gecko) HeadlessChrome/120.0.6099.199 Safari/537.36"
111.7.96.176 - - [14/Apr/2025:10:17:15 +0200] "GET /gui/javascript/jquery/js/jquery-ui-1.9.0.custom.min.js HTTP/1.1" 200 51286 "http://zafi.castlegem.co.uk/entry.php?id=10270" "Mozilla/5.0 (X11; Linux x86_64) AppleWebKit/537.36 (KHTML, like Gecko) HeadlessChrome/120.0.6099.199 Safari/537.36"
123.160.223.75 - - [14/Apr/2025:10:17:16 +0200] "GET /gui/javascript/jquery/jquery-tooltip/jquery.tooltip.min.js HTTP/1.1" 200 1982 "http://staff.castlegem.co.uk/entry.php?id=10273" "Mozilla/5.0 (X11; Linux x86_64) AppleWebKit/537.36 (KHTML, like Gecko) HeadlessChrome/114.0.5720.0 Safari/537.36"
123.160.223.74 - - [14/Apr/2025:10:17:16 +0200] "GET /framework/webfx/javascript/toolbar/ieemu.js HTTP/1.1" 200 2366 "http://staff.castlegem.co.uk/entry.php?id=10273" "Mozilla/5.0 (X11; Linux x86_64) AppleWebKit/537.36 (KHTML, like Gecko) HeadlessChrome/114.0.5720.0 Safari/537.36"
123.160.223.75 - - [14/Apr/2025:10:17:16 +0200] "GET /gui/javascript/form_form.js?1744618635 HTTP/1.1" 200 16206 "http://staff.castlegem.co.uk/entry.php?id=10273" "Mozilla/5.0 (X11; Linux x86_64) AppleWebKit/537.36 (KHTML, like Gecko) HeadlessChrome/114.0.5720.0 Safari/537.36"
123.160.223.75 - - [14/Apr/2025:10:17:16 +0200] "GET /gui/javascript/jquery/js/jquery-1.8.2.js HTTP/1.1" 200 35391 "http://staff.castlegem.co.uk/entry.php?id=10273" "Mozilla/5.0 (X11; Linux x86_64) AppleWebKit/537.36 (KHTML, like Gecko) HeadlessChrome/114.0.5720.0 Safari/537.36"
123.160.223.73 - - [14/Apr/2025:10:17:16 +0200] "GET /entry.php?id=10273 HTTP/1.1" 200 1903 "http://triadian.castlegem.co.uk/layout.php" "Mozilla/5.0 (X11; Linux x86_64) AppleWebKit/537.36 (KHTML, like Gecko) HeadlessChrome/114.0.5720.0 Safari/537.36"
123.160.223.72 - - [14/Apr/2025:10:17:16 +0200] "GET /entry.php?id=10270 HTTP/1.1" 200 908 "http://triadian.castlegem.co.uk/layout.php" "Mozilla/5.0 (X11; Linux x86_64) AppleWebKit/537.36 (KHTML, like Gecko) HeadlessChrome/114.0.5720.0 Safari/537.36"
123.160.223.73 - - [14/Apr/2025:10:17:16 +0200] "GET /entry.php?id=11412 HTTP/1.1" 200 1759 "http://triadian.castlegem.co.uk/layout.php" "Mozilla/5.0 (X11; Linux x86_64) AppleWebKit/537.36 (KHTML, like Gecko) HeadlessChrome/114.0.5720.0 Safari/537.36"
123.160.223.74 - - [14/Apr/2025:10:17:16 +0200] "GET /framework/webfx/javascript/toolbar/cb2.js HTTP/1.1" 200 1686 "http://staff.castlegem.co.uk/entry.php?id=10273" "Mozilla/5.0 (X11; Linux x86_64) AppleWebKit/537.36 (KHTML, like Gecko) HeadlessChrome/114.0.5720.0 Safari/537.36"
123.160.223.73 - - [14/Apr/2025:10:17:16 +0200] "GET /entry.php?id=10272 HTTP/1.1" 200 1158 "http://triadian.castlegem.co.uk/layout.php" "Mozilla/5.0 (X11; Linux x86_64) AppleWebKit/537.36 (KHTML, like Gecko) HeadlessChrome/114.0.5720.0 Safari/537.36"
111.7.96.176 - - [14/Apr/2025:10:17:16 +0200] "GET /entry.php?id=10287 HTTP/1.1" 200 2386 "http://zafi.castlegem.co.uk/entry.php?id=11412" "Mozilla/5.0 (X11; Linux x86_64) AppleWebKit/537.36 (KHTML, like Gecko) HeadlessChrome/120.0.6099.199 Safari/537.36"
111.7.96.176 - - [14/Apr/2025:10:17:16 +0200] "GET /entry.php?id=10271& HTTP/1.1" 200 934 "http://zafi.castlegem.co.uk/entry.php?id=10272" "Mozilla/5.0 (X11; Linux x86_64) AppleWebKit/537.36 (KHTML, like Gecko) HeadlessChrome/120.0.6099.199 Safari/537.36"
123.160.223.74 - - [14/Apr/2025:10:17:16 +0200] "GET /gui/javascript/jquery/js/jquery-ui-1.9.0.custom.min.js HTTP/1.1" 200 51286 "http://staff.castlegem.co.uk/entry.php?id=10273" "Mozilla/5.0 (X11; Linux x86_64) AppleWebKit/537.36 (KHTML, like Gecko) HeadlessChrome/114.0.5720.0 Safari/537.36"
111.7.96.176 - - [14/Apr/2025:10:17:17 +0200] "GET /gui/javascript/form_form.js?1744618636 HTTP/1.1" 200 16206 "http://zafi.castlegem.co.uk/entry.php?id=10287" "Mozilla/5.0 (X11; Linux x86_64) AppleWebKit/537.36 (KHTML, like Gecko) HeadlessChrome/120.0.6099.199 Safari/537.36"
123.160.223.72 - - [14/Apr/2025:10:17:17 +0200] "GET /gui/javascript/jquery/css/gui-themes/custom.min.css HTTP/1.1" 200 5618 "http://triadian.castlegem.co.uk/entry.php?id=10273" "Mozilla/5.0 (X11; Linux x86_64) AppleWebKit/537.36 (KHTML, like Gecko) HeadlessChrome/114.0.5720.0 Safari/537.36"
123.160.223.72 - - [14/Apr/2025:10:17:17 +0200] "GET /gui/javascript/jquery/css/gui-themes/ui.spinner.css HTTP/1.1" 200 350 "http://triadian.castlegem.co.uk/entry.php?id=10273" "Mozilla/5.0 (X11; Linux x86_64) AppleWebKit/537.36 (KHTML, like Gecko) HeadlessChrome/114.0.5720.0 Safari/537.36"
123.160.223.72 - - [14/Apr/2025:10:17:17 +0200] "GET /gui/javascript/jquery/css/gui-themes/jquery.tooltip.css HTTP/1.1" 200 246 "http://triadian.castlegem.co.uk/entry.php?id=10273" "Mozilla/5.0 (X11; Linux x86_64) AppleWebKit/537.36 (KHTML, like Gecko) HeadlessChrome/114.0.5720.0 Safari/537.36"
123.160.223.73 - - [14/Apr/2025:10:17:17 +0200] "GET /framework/webfx/style/toolbar/cb2.css HTTP/1.1" 200 793 "http://triadian.castlegem.co.uk/entry.php?id=10273" "Mozilla/5.0 (X11; Linux x86_64) AppleWebKit/537.36 (KHTML, like Gecko) HeadlessChrome/114.0.5720.0 Safari/537.36"
111.7.96.176 - - [14/Apr/2025:10:17:17 +0200] "GET /activities.ico HTTP/1.1" 200 1406 "-" "Mozilla/5.0 (Macintosh; Intel Mac OS X 10_15_7) AppleWebKit/537.36 (KHTML, like Gecko) Chrome/96.0.4664.110 Safari/537.36"
123.160.223.73 - - [14/Apr/2025:10:17:17 +0200] "GET /gui/styles/tmplDefault.css HTTP/1.1" 200 2135 "http://triadian.castlegem.co.uk/entry.php?id=11412" "Mozilla/5.0 (X11; Linux x86_64) AppleWebKit/537.36 (KHTML, like Gecko) HeadlessChrome/114.0.5720.0 Safari/537.36"
123.160.223.75 - - [14/Apr/2025:10:17:17 +0200] "GET /activities.ico HTTP/1.1" 200 1406 "-" "Mozilla/5.0 (Macintosh; Intel Mac OS X 10_15_7) AppleWebKit/537.36 (KHTML, like Gecko) Chrome/96.0.4664.110 Safari/537.36"
123.160.223.72 - - [14/Apr/2025:10:17:17 +0200] "GET /activities.ico HTTP/1.1" 200 1406 "-" "Mozilla/5.0 (Macintosh; Intel Mac OS X 10_15_7) AppleWebKit/537.36 (KHTML, like Gecko) Chrome/96.0.4664.110 Safari/537.36"
111.7.96.176 - - [14/Apr/2025:10:17:17 +0200] "GET /entry.php?id=10273& HTTP/1.1" 200 1902 "http://zafi.castlegem.co.uk/entry.php?id=10287" "Mozilla/5.0 (X11; Linux x86_64) AppleWebKit/537.36 (KHTML, like Gecko) HeadlessChrome/120.0.6099.199 Safari/537.36"
123.160.223.74 - - [14/Apr/2025:10:17:18 +0200] "GET /activities.ico HTTP/1.1" 200 1406 "-" "Mozilla/5.0 (Macintosh; Intel Mac OS X 10_15_7) AppleWebKit/537.36 (KHTML, like Gecko) Chrome/96.0.4664.110 Safari/537.36"
111.7.96.176 - - [14/Apr/2025:10:17:18 +0200] "GET /entry.php?id=10270& HTTP/1.1" 200 908 "http://zafi.castlegem.co.uk/entry.php?id=10287" "Mozilla/5.0 (X11; Linux x86_64) AppleWebKit/537.36 (KHTML, like Gecko) HeadlessChrome/120.0.6099.199 Safari/537.36"
123.160.223.75 - - [14/Apr/2025:10:17:18 +0200] "GET /entry.php?id=10287 HTTP/1.1" 200 2386 "http://staff.castlegem.co.uk/entry.php?id=11412" "Mozilla/5.0 (X11; Linux x86_64) AppleWebKit/537.36 (KHTML, like Gecko) HeadlessChrome/114.0.5720.0 Safari/537.36"
111.7.96.176 - - [14/Apr/2025:10:17:18 +0200] "GET /gui/javascript/form_form.js?1744618638 HTTP/1.1" 200 16206 "http://zafi.castlegem.co.uk/entry.php?id=10273&" "Mozilla/5.0 (X11; Linux x86_64) AppleWebKit/537.36 (KHTML, like Gecko) HeadlessChrome/120.0.6099.199 Safari/537.36"
45.15.18.72 - - [14/Apr/2025:10:17:18 +0200] "GET / HTTP/1.1" 200 274 "-" "Mozilla/5.0 (Macintosh; Intel Mac OS X 11_0_0) AppleWebKit/537.36 (KHTML, like Gecko) Chrome/87.0.4280.88 Safari/537.36"
123.160.223.74 - - [14/Apr/2025:10:17:18 +0200] "GET /activities.ico HTTP/1.1" 200 1406 "-" "Mozilla/5.0 (Macintosh; Intel Mac OS X 10_15_7) AppleWebKit/537.36 (KHTML, like Gecko) Chrome/96.0.4664.110 Safari/537.36"
123.160.223.75 - - [14/Apr/2025:10:17:18 +0200] "GET /framework/webfx/javascript/statusbar/statusBar.js HTTP/1.1" 200 649 "http://staff.castlegem.co.uk/entry.php?id=10272" "Mozilla/5.0 (X11; Linux x86_64) AppleWebKit/537.36 (KHTML, like Gecko) HeadlessChrome/114.0.5720.0 Safari/537.36"
123.160.223.72 - - [14/Apr/2025:10:17:18 +0200] "GET /gui/javascript/jquery/jquery-tooltip/jquery.tooltip.min.js HTTP/1.1" 200 1982 "http://triadian.castlegem.co.uk/entry.php?id=10273" "Mozilla/5.0 (X11; Linux x86_64) AppleWebKit/537.36 (KHTML, like Gecko) HeadlessChrome/114.0.5720.0 Safari/537.36"
123.160.223.72 - - [14/Apr/2025:10:17:18 +0200] "GET /gui/javascript/form_form.js?1744618636 HTTP/1.1" 200 16206 "http://triadian.castlegem.co.uk/entry.php?id=10273" "Mozilla/5.0 (X11; Linux x86_64) AppleWebKit/537.36 (KHTML, like Gecko) HeadlessChrome/114.0.5720.0 Safari/537.36"
123.160.223.75 - - [14/Apr/2025:10:17:19 +0200] "GET /entry.php?id=10271& HTTP/1.1" 200 934 "http://staff.castlegem.co.uk/entry.php?id=10272" "Mozilla/5.0 (X11; Linux x86_64) AppleWebKit/537.36 (KHTML, like Gecko) HeadlessChrome/114.0.5720.0 Safari/537.36"
123.160.223.73 - - [14/Apr/2025:10:17:18 +0200] "GET /gui/javascript/jquery/js/jquery-1.8.2.js HTTP/1.1" 200 35391 "http://triadian.castlegem.co.uk/entry.php?id=10273" "Mozilla/5.0 (X11; Linux x86_64) AppleWebKit/537.36 (KHTML, like Gecko) HeadlessChrome/114.0.5720.0 Safari/537.36"
123.160.223.72 - - [14/Apr/2025:10:17:19 +0200] "GET /framework/webfx/javascript/toolbar/ieemu.js HTTP/1.1" 200 2366 "http://triadian.castlegem.co.uk/entry.php?id=10273" "Mozilla/5.0 (X11; Linux x86_64) AppleWebKit/537.36 (KHTML, like Gecko) HeadlessChrome/114.0.5720.0 Safari/537.36"
123.160.223.74 - - [14/Apr/2025:10:17:19 +0200] "GET /gui/javascript/form_form.js?1744618638 HTTP/1.1" 200 16206 "http://staff.castlegem.co.uk/entry.php?id=10287" "Mozilla/5.0 (X11; Linux x86_64) AppleWebKit/537.36 (KHTML, like Gecko) HeadlessChrome/114.0.5720.0 Safari/537.36"
123.160.223.72 - - [14/Apr/2025:10:17:19 +0200] "GET /framework/webfx/javascript/toolbar/cb2.js HTTP/1.1" 200 1686 "http://triadian.castlegem.co.uk/entry.php?id=10273" "Mozilla/5.0 (X11; Linux x86_64) AppleWebKit/537.36 (KHTML, like Gecko) HeadlessChrome/114.0.5720.0 Safari/537.36"
123.160.223.74 - - [14/Apr/2025:10:17:20 +0200] "GET /entry.php?id=10273& HTTP/1.1" 200 1902 "http://staff.castlegem.co.uk/entry.php?id=10287" "Mozilla/5.0 (X11; Linux x86_64) AppleWebKit/537.36 (KHTML, like Gecko) HeadlessChrome/114.0.5720.0 Safari/537.36"
123.160.223.74 - - [14/Apr/2025:10:17:20 +0200] "GET /entry.php?id=10270& HTTP/1.1" 200 908 "http://staff.castlegem.co.uk/entry.php?id=10287" "Mozilla/5.0 (X11; Linux x86_64) AppleWebKit/537.36 (KHTML, like Gecko) HeadlessChrome/114.0.5720.0 Safari/537.36"
123.160.223.72 - - [14/Apr/2025:10:17:18 +0200] "GET /gui/javascript/jquery/js/jquery-ui-1.9.0.custom.min.js HTTP/1.1" 200 51286 "http://triadian.castlegem.co.uk/entry.php?id=10273" "Mozilla/5.0 (X11; Linux x86_64) AppleWebKit/537.36 (KHTML, like Gecko) HeadlessChrome/114.0.5720.0 Safari/537.36"
123.160.223.73 - - [14/Apr/2025:10:17:20 +0200] "GET /layout.php HTTP/1.1" 200 814 "http://mail.creativecube.at/" "Mozilla/5.0 (X11; Linux x86_64) AppleWebKit/537.36 (KHTML, like Gecko) HeadlessChrome/114.0.5720.0 Safari/537.36"
123.160.223.75 - - [14/Apr/2025:10:17:20 +0200] "GET /gui/javascript/form_form.js?1744618639 HTTP/1.1" 200 16206 "http://staff.castlegem.co.uk/entry.php?id=10271&" "Mozilla/5.0 (X11; Linux x86_64) AppleWebKit/537.36 (KHTML, like Gecko) HeadlessChrome/114.0.5720.0 Safari/537.36"
123.160.223.72 - - [14/Apr/2025:10:17:21 +0200] "GET /gui/javascript/form_form.js HTTP/1.1" 200 16206 "http://mail.creativecube.at/layout.php" "Mozilla/5.0 (X11; Linux x86_64) AppleWebKit/537.36 (KHTML, like Gecko) HeadlessChrome/114.0.5720.0 Safari/537.36"
123.160.223.74 - - [14/Apr/2025:10:17:21 +0200] "GET /activities.ico HTTP/1.1" 200 1406 "-" "Mozilla/5.0 (Macintosh; Intel Mac OS X 10_15_7) AppleWebKit/537.36 (KHTML, like Gecko) Chrome/96.0.4664.110 Safari/537.36"
123.160.223.73 - - [14/Apr/2025:10:17:22 +0200] "GET /entry.php?id=10270 HTTP/1.1" 200 908 "http://mail.creativecube.at/layout.php" "Mozilla/5.0 (X11; Linux x86_64) AppleWebKit/537.36 (KHTML, like Gecko) HeadlessChrome/114.0.5720.0 Safari/537.36"
123.160.223.72 - - [14/Apr/2025:10:17:22 +0200] "GET /entry.php?id=10273 HTTP/1.1" 200 1902 "http://mail.creativecube.at/layout.php" "Mozilla/5.0 (X11; Linux x86_64) AppleWebKit/537.36 (KHTML, like Gecko) HeadlessChrome/114.0.5720.0 Safari/537.36"
123.160.223.73 - - [14/Apr/2025:10:17:22 +0200] "GET /entry.php?id=10272 HTTP/1.1" 200 1158 "http://mail.creativecube.at/layout.php" "Mozilla/5.0 (X11; Linux x86_64) AppleWebKit/537.36 (KHTML, like Gecko) HeadlessChrome/114.0.5720.0 Safari/537.36"
