66.249.70.141 - - [15/Apr/2025:02:03:46 +0200] "GET /robots.txt HTTP/1.1" 404 298 "-" "Mozilla/5.0 (compatible; Googlebot/2.1; +http://www.google.com/bot.html)"
83.222.190.190 - - [15/Apr/2025:02:07:25 +0200] "CONNECT www.google.com:443 HTTP/1.1" 200 423 "-" "Go-http-client/1.1"
154.81.156.54 - - [15/Apr/2025:02:17:19 +0200] "GET / HTTP/1.1" 200 274 "-" "Mozilla/5.0 (Windows NT 10.0; Win64; x64) AppleWebKit/537.36 (KHTML, like Gecko) Chrome/90.0.4430.85 Safari/537.36 Edg/90.0.818.46"
196.251.71.168 - - [15/Apr/2025:02:23:06 +0200] "GET /.env HTTP/1.1" 404 280 "-" "Mozilla/5.0 (Windows NT 10.0; WOW64) AppleWebKit/537.36 (KHTML, like Gecko) Chrome/74.0.3724.8 Safari/537.36"
154.81.156.34 - - [15/Apr/2025:02:31:19 +0200] "GET / HTTP/1.1" 200 274 "-" "Mozilla/5.0 (Windows NT 10.0; Win64; x64) AppleWebKit/537.36 (KHTML, like Gecko) Chrome/90.0.4430.85 Safari/537.36 Edg/90.0.818.46"
154.81.156.54 - - [15/Apr/2025:02:37:59 +0200] "GET / HTTP/1.1" 200 274 "-" "Mozilla/5.0 (Windows NT 10.0; Win64; x64) AppleWebKit/537.36 (KHTML, like Gecko) Chrome/90.0.4430.85 Safari/537.36 Edg/90.0.818.46"
151.106.161.79 - - [15/Apr/2025:02:42:38 +0200] "GET /download/file.php?id=252&sid=9601a6042b024961c6607cbeeee78b17 HTTP/1.1" 404 297 "-" "Mozilla/5.0 (X11; Ubuntu; Linux x86_64; rv:72.0) Gecko/20100101 Firefox/72.0"
151.106.161.79 - - [15/Apr/2025:02:42:38 +0200] "GET /download/file.php?id=252&sid=9601a6042b024961c6607cbeeee78b17 HTTP/1.1" 404 297 "-" "Mozilla/5.0 (X11; Ubuntu; Linux x86_64; rv:72.0) Gecko/20100101 Firefox/72.0"
151.106.161.79 - - [15/Apr/2025:02:42:38 +0200] "GET /download/file.php?id=252&sid=9601a6042b024961c6607cbeeee78b17 HTTP/1.1" 404 297 "-" "Mozilla/5.0 (X11; Ubuntu; Linux x86_64; rv:72.0) Gecko/20100101 Firefox/72.0"
151.106.160.247 - - [15/Apr/2025:02:43:01 +0200] "GET /cron.php?cron_type=tidy_cache&sid=ed1db84ed2dfc667d7370927541ccc18 HTTP/1.1" 404 290 "-" "Mozilla/5.0 (X11; Ubuntu; Linux x86_64; rv:72.0) Gecko/20100101 Firefox/72.0"
151.106.160.247 - - [15/Apr/2025:02:43:02 +0200] "GET /cron.php?cron_type=tidy_cache&sid=ed1db84ed2dfc667d7370927541ccc18 HTTP/1.1" 404 290 "-" "Mozilla/5.0 (X11; Ubuntu; Linux x86_64; rv:72.0) Gecko/20100101 Firefox/72.0"
151.106.160.247 - - [15/Apr/2025:02:43:02 +0200] "GET /cron.php?cron_type=tidy_cache&sid=ed1db84ed2dfc667d7370927541ccc18 HTTP/1.1" 404 290 "-" "Mozilla/5.0 (X11; Ubuntu; Linux x86_64; rv:72.0) Gecko/20100101 Firefox/72.0"
156.59.198.136 - - [15/Apr/2025:02:47:24 +0200] "GET /renault.activities.at/htdocs/export/pdf/emuc_document/12243430.pdf HTTP/1.0" 404 322 "-" "Mozilla/5.0 (Linux; Android 5.0) AppleWebKit/537.36 (KHTML, like Gecko) Mobile Safari/537.36 (compatible; Bytespider; spider-feedback@bytedance.com)"
156.59.198.135 - - [15/Apr/2025:02:47:33 +0200] "GET /renault.activities.at/htdocs/export/pdf/emuc_document/12060281.pdf HTTP/1.0" 404 321 "-" "Mozilla/5.0 (Linux; Android 5.0) AppleWebKit/537.36 (KHTML, like Gecko) Mobile Safari/537.36 (compatible; Bytespider; spider-feedback@bytedance.com)"
151.106.169.76 - - [15/Apr/2025:02:47:51 +0200] "GET /cron.php?cron_type=tidy_cache&sid=cc5ca7d7ef1205521f1c0f8069911461 HTTP/1.1" 404 290 "-" "Mozilla/5.0 (X11; Ubuntu; Linux x86_64; rv:72.0) Gecko/20100101 Firefox/72.0"
151.106.169.76 - - [15/Apr/2025:02:47:51 +0200] "GET /cron.php?cron_type=tidy_cache&sid=cc5ca7d7ef1205521f1c0f8069911461 HTTP/1.1" 404 290 "-" "Mozilla/5.0 (X11; Ubuntu; Linux x86_64; rv:72.0) Gecko/20100101 Firefox/72.0"
151.106.169.76 - - [15/Apr/2025:02:47:51 +0200] "GET /cron.php?cron_type=tidy_cache&sid=cc5ca7d7ef1205521f1c0f8069911461 HTTP/1.1" 404 290 "-" "Mozilla/5.0 (X11; Ubuntu; Linux x86_64; rv:72.0) Gecko/20100101 Firefox/72.0"
93.174.93.12 - - [15/Apr/2025:02:52:31 +0200] "\x16\x03\x02\x01o\x01" 400 383 "-" "-"
162.142.125.219 - - [15/Apr/2025:02:52:31 +0200] "GET / HTTP/1.1" 200 274 "-" "Mozilla/5.0 (compatible; CensysInspect/1.1; +https://about.censys.io/)"
162.142.125.219 - - [15/Apr/2025:02:52:35 +0200] "GET /activities.ico HTTP/1.1" 200 1406 "-" "Mozilla/5.0 (compatible; CensysInspect/1.1; +https://about.censys.io/)"
162.142.125.219 - - [15/Apr/2025:02:52:38 +0200] "GET /favicon.ico HTTP/1.1" 404 284 "-" "Mozilla/5.0 (compatible; CensysInspect/1.1; +https://about.censys.io/)"
162.142.125.219 - - [15/Apr/2025:02:52:42 +0200] "PRI * HTTP/2.0" 400 383 "-" "-"
162.142.125.219 - - [15/Apr/2025:02:52:55 +0200] "GET /favicon.ico HTTP/1.1" 404 284 "-" "Mozilla/5.0 (compatible; CensysInspect/1.1; +https://about.censys.io/)"
162.142.125.219 - - [15/Apr/2025:02:52:58 +0200] "\x16\x03\x01" 400 383 "-" "-"
156.59.198.136 - - [15/Apr/2025:03:02:46 +0200] "GET /renault.activities.at/htdocs/export/pdf/emuc_document/10790273.pdf HTTP/1.0" 404 322 "-" "Mozilla/5.0 (Linux; Android 5.0) AppleWebKit/537.36 (KHTML, like Gecko) Mobile Safari/537.36 (compatible; Bytespider; spider-feedback@bytedance.com)"
156.59.198.136 - - [15/Apr/2025:03:05:42 +0200] "GET /renault.activities.at/htdocs/export/pdf/emuc_document/10961187.pdf HTTP/1.0" 404 322 "-" "Mozilla/5.0 (Linux; Android 5.0) AppleWebKit/537.36 (KHTML, like Gecko) Mobile Safari/537.36 (compatible; Bytespider; spider-feedback@bytedance.com)"
154.81.156.35 - - [15/Apr/2025:03:09:00 +0200] "GET / HTTP/1.1" 200 274 "-" "Mozilla/5.0 (Windows NT 10.0; Win64; x64) AppleWebKit/537.36 (KHTML, like Gecko) Chrome/90.0.4430.85 Safari/537.36 Edg/90.0.818.46"
151.106.186.76 - - [15/Apr/2025:03:09:46 +0200] "GET /download/file.php?id=254&sid=fa17fddf85970b0e3f5251c611a58af0 HTTP/1.1" 404 297 "-" "Mozilla/5.0 (X11; Ubuntu; Linux x86_64; rv:72.0) Gecko/20100101 Firefox/72.0"
151.106.186.76 - - [15/Apr/2025:03:09:46 +0200] "GET /download/file.php?id=254&sid=fa17fddf85970b0e3f5251c611a58af0 HTTP/1.1" 404 297 "-" "Mozilla/5.0 (X11; Ubuntu; Linux x86_64; rv:72.0) Gecko/20100101 Firefox/72.0"
151.106.186.76 - - [15/Apr/2025:03:09:46 +0200] "GET /download/file.php?id=254&sid=fa17fddf85970b0e3f5251c611a58af0 HTTP/1.1" 404 297 "-" "Mozilla/5.0 (X11; Ubuntu; Linux x86_64; rv:72.0) Gecko/20100101 Firefox/72.0"
154.81.156.54 - - [15/Apr/2025:03:09:51 +0200] "GET / HTTP/1.1" 200 274 "-" "Mozilla/5.0 (Windows NT 10.0; Win64; x64) AppleWebKit/537.36 (KHTML, like Gecko) Chrome/90.0.4430.85 Safari/537.36 Edg/90.0.818.46"
152.53.124.57 - - [15/Apr/2025:03:12:01 +0200] "GET /wp-content/uploads/2013/03/01.Batthyany-Strattmann01.jpg HTTP/1.1" 404 329 "-" "Mozilla/5.0 (Windows NT 10.0; Win64; x64) AppleWebKit/537.36 (KHTML, like Gecko) Chrome/100.0.4751.548 Safari/537.36"
124.221.61.110 - - [15/Apr/2025:03:17:02 +0200] "GET /phpmyadmin/index.php HTTP/1.1" 404 365 "-" "Mozilla/5.0 (Windows NT 10.0; WOW64) AppleWebKit/537.36 (KHTML, like Gecko) Chrome/69.0.3464.0 Safari/537.36"
124.221.61.110 - - [15/Apr/2025:03:17:02 +0200] "GET /pmd/index.php HTTP/1.1" 404 358 "-" "Mozilla/5.0 (Windows NT 10.0; WOW64) AppleWebKit/537.36 (KHTML, like Gecko) Chrome/69.0.3464.0 Safari/537.36"
124.221.61.110 - - [15/Apr/2025:03:17:03 +0200] "GET /phpmyadmin4.8.5/index.php HTTP/1.1" 404 370 "-" "Mozilla/5.0 (Windows NT 10.0; WOW64) AppleWebKit/537.36 (KHTML, like Gecko) Chrome/69.0.3464.0 Safari/537.36"
154.81.156.54 - - [15/Apr/2025:03:26:12 +0200] "GET / HTTP/1.1" 200 274 "-" "Mozilla/5.0 (Windows NT 10.0; Win64; x64) AppleWebKit/537.36 (KHTML, like Gecko) Chrome/90.0.4430.85 Safari/537.36 Edg/90.0.818.46"
57.129.64.237 - - [15/Apr/2025:03:31:54 +0200] "GET / HTTP/1.1" 200 274 "-" "Mozilla/5.0 zgrab/0.x"
5.183.209.244 - - [15/Apr/2025:03:33:56 +0200] "GET / HTTP/1.1" 200 423 "-" "-"
151.106.161.79 - - [15/Apr/2025:03:41:10 +0200] "GET /download/file.php?id=256&sid=9499a0ea86126f6e233484a6eaed9e32 HTTP/1.1" 404 297 "-" "Mozilla/5.0 (X11; Ubuntu; Linux x86_64; rv:72.0) Gecko/20100101 Firefox/72.0"
151.106.161.79 - - [15/Apr/2025:03:41:10 +0200] "GET /download/file.php?id=256&sid=9499a0ea86126f6e233484a6eaed9e32 HTTP/1.1" 404 297 "-" "Mozilla/5.0 (X11; Ubuntu; Linux x86_64; rv:72.0) Gecko/20100101 Firefox/72.0"
151.106.161.79 - - [15/Apr/2025:03:41:11 +0200] "GET /download/file.php?id=256&sid=9499a0ea86126f6e233484a6eaed9e32 HTTP/1.1" 404 297 "-" "Mozilla/5.0 (X11; Ubuntu; Linux x86_64; rv:72.0) Gecko/20100101 Firefox/72.0"
151.106.163.149 - - [15/Apr/2025:03:45:42 +0200] "GET /cron.php?cron_type=tidy_cache&sid=24a9b63ceffeb4e9ffbc91e15a6d022d HTTP/1.1" 404 290 "-" "Mozilla/5.0 (X11; Ubuntu; Linux x86_64; rv:72.0) Gecko/20100101 Firefox/72.0"
151.106.163.149 - - [15/Apr/2025:03:45:42 +0200] "GET /cron.php?cron_type=tidy_cache&sid=24a9b63ceffeb4e9ffbc91e15a6d022d HTTP/1.1" 404 290 "-" "Mozilla/5.0 (X11; Ubuntu; Linux x86_64; rv:72.0) Gecko/20100101 Firefox/72.0"
151.106.163.149 - - [15/Apr/2025:03:45:42 +0200] "GET /cron.php?cron_type=tidy_cache&sid=24a9b63ceffeb4e9ffbc91e15a6d022d HTTP/1.1" 404 290 "-" "Mozilla/5.0 (X11; Ubuntu; Linux x86_64; rv:72.0) Gecko/20100101 Firefox/72.0"
154.81.156.34 - - [15/Apr/2025:03:46:03 +0200] "GET / HTTP/1.1" 200 274 "-" "Mozilla/5.0 (Windows NT 10.0; Win64; x64) AppleWebKit/537.36 (KHTML, like Gecko) Chrome/90.0.4430.85 Safari/537.36 Edg/90.0.818.46"
69.167.29.7 - - [15/Apr/2025:03:50:11 +0200] "GET / HTTP/1.0" 200 423 "http://food-and-drink.vienna-lodgings.at/" "Mozilla/5.0 (Windows NT 10.0; Win64; x64) AppleWebKit/537.36 (KHTML, like Gecko) Chrome/129.0.0.0 Safari/537.36"
154.81.156.54 - - [15/Apr/2025:03:52:17 +0200] "GET / HTTP/1.1" 200 274 "-" "Mozilla/5.0 (Windows NT 10.0; Win64; x64) AppleWebKit/537.36 (KHTML, like Gecko) Chrome/90.0.4430.85 Safari/537.36 Edg/90.0.818.46"
151.238.72.54 - - [15/Apr/2025:03:56:38 +0200] "GET / HTTP/1.1" 200 423 "-" "Mozilla/5.0 (Windows NT 10.0; WOW64) AppleWebKit/537.36 (KHTML, like Gecko) Chrome/51.0.2704.103 Safari/537.36"
151.106.163.240 - - [15/Apr/2025:04:00:07 +0200] "GET /download/file.php?id=256&sid=8ed97c090a0d95f4c7d82e6f7f7dab86 HTTP/1.1" 404 297 "-" "Mozilla/5.0 (X11; Ubuntu; Linux x86_64; rv:72.0) Gecko/20100101 Firefox/72.0"
151.106.163.240 - - [15/Apr/2025:04:00:07 +0200] "GET /download/file.php?id=256&sid=8ed97c090a0d95f4c7d82e6f7f7dab86 HTTP/1.1" 404 297 "-" "Mozilla/5.0 (X11; Ubuntu; Linux x86_64; rv:72.0) Gecko/20100101 Firefox/72.0"
151.106.163.240 - - [15/Apr/2025:04:00:08 +0200] "GET /download/file.php?id=256&sid=8ed97c090a0d95f4c7d82e6f7f7dab86 HTTP/1.1" 404 297 "-" "Mozilla/5.0 (X11; Ubuntu; Linux x86_64; rv:72.0) Gecko/20100101 Firefox/72.0"
151.106.173.252 - - [15/Apr/2025:04:01:05 +0200] "GET /download/file.php?id=254&sid=59cc6c83161c7d0c37841f9bea340fae HTTP/1.1" 404 297 "-" "Mozilla/5.0 (X11; Ubuntu; Linux x86_64; rv:72.0) Gecko/20100101 Firefox/72.0"
151.106.173.252 - - [15/Apr/2025:04:01:06 +0200] "GET /download/file.php?id=254&sid=59cc6c83161c7d0c37841f9bea340fae HTTP/1.1" 404 297 "-" "Mozilla/5.0 (X11; Ubuntu; Linux x86_64; rv:72.0) Gecko/20100101 Firefox/72.0"
151.106.173.252 - - [15/Apr/2025:04:01:06 +0200] "GET /download/file.php?id=254&sid=59cc6c83161c7d0c37841f9bea340fae HTTP/1.1" 404 297 "-" "Mozilla/5.0 (X11; Ubuntu; Linux x86_64; rv:72.0) Gecko/20100101 Firefox/72.0"
194.156.102.137 - - [15/Apr/2025:04:06:01 +0200] "GET / HTTP/1.1" 200 274 "-" "Mozilla/5.0 zgrab/0.x"
151.106.173.252 - - [15/Apr/2025:04:07:45 +0200] "GET /cron.php?cron_type=tidy_cache&sid=0fcb3a65573115c7d41b392fe00fc10b HTTP/1.1" 404 290 "-" "Mozilla/5.0 (X11; Ubuntu; Linux x86_64; rv:72.0) Gecko/20100101 Firefox/72.0"
151.106.173.252 - - [15/Apr/2025:04:07:45 +0200] "GET /cron.php?cron_type=tidy_cache&sid=0fcb3a65573115c7d41b392fe00fc10b HTTP/1.1" 404 290 "-" "Mozilla/5.0 (X11; Ubuntu; Linux x86_64; rv:72.0) Gecko/20100101 Firefox/72.0"
151.106.173.252 - - [15/Apr/2025:04:07:45 +0200] "GET /cron.php?cron_type=tidy_cache&sid=0fcb3a65573115c7d41b392fe00fc10b HTTP/1.1" 404 290 "-" "Mozilla/5.0 (X11; Ubuntu; Linux x86_64; rv:72.0) Gecko/20100101 Firefox/72.0"
154.81.156.54 - - [15/Apr/2025:04:11:38 +0200] "GET / HTTP/1.1" 200 274 "-" "Mozilla/5.0 (Windows NT 10.0; Win64; x64) AppleWebKit/537.36 (KHTML, like Gecko) Chrome/90.0.4430.85 Safari/537.36 Edg/90.0.818.46"
94.181.149.142 - - [15/Apr/2025:04:14:45 +0200] "GET / HTTP/1.0" 200 423 "http://triadian.castlegem.co.uk/" "Mozilla/5.0 (Windows NT 10.0; Win64; x64) AppleWebKit/537.36 (KHTML, like Gecko) Chrome/90.0.4430.93 Safari/537.36"
92.255.57.58 - - [15/Apr/2025:04:16:05 +0200] "GET /?XDEBUG_SESSION_START=phpstorm HTTP/1.1" 200 274 "-" "Mozilla/5.0 (Windows NT 10.0; Win64; x64) AppleWebKit/537.36 (KHTML, like Gecko) Chrome/78.0.3904.108 Safari/537.36"
195.178.110.159 - - [15/Apr/2025:04:17:32 +0200] "\x16\x03\x01" 400 383 "-" "-"
195.178.110.159 - - [15/Apr/2025:04:17:32 +0200] "GET / HTTP/1.1" 400 383 "-" "-"
195.178.110.159 - - [15/Apr/2025:04:17:32 +0200] "GET / HTTP/1.1" 200 423 "-" "l9tcpid/v1.1.0"
195.178.110.159 - - [15/Apr/2025:04:17:32 +0200] "GET /git/.git/config HTTP/1.1" 404 287 "-" "l9explore/1.2.2"
195.178.110.159 - - [15/Apr/2025:04:17:32 +0200] "GET /samples/.git/config HTTP/1.1" 404 290 "-" "l9explore/1.2.2"
195.178.110.159 - - [15/Apr/2025:04:17:32 +0200] "GET /shop/.git/config HTTP/1.1" 404 288 "-" "l9explore/1.2.2"
195.178.110.159 - - [15/Apr/2025:04:17:32 +0200] "GET /wp-content/plugins/.git/config HTTP/1.1" 404 298 "-" "l9explore/1.2.2"
195.178.110.159 - - [15/Apr/2025:04:17:32 +0200] "GET /public/.git/config HTTP/1.1" 404 290 "-" "l9explore/1.2.2"
195.178.110.159 - - [15/Apr/2025:04:17:33 +0200] "GET /static/.git/config HTTP/1.1" 404 290 "-" "l9explore/1.2.2"
195.178.110.159 - - [15/Apr/2025:04:17:33 +0200] "GET /store/.git/config HTTP/1.1" 404 289 "-" "l9explore/1.2.2"
195.178.110.159 - - [15/Apr/2025:04:17:33 +0200] "GET /web/.git/config HTTP/1.1" 404 288 "-" "l9explore/1.2.2"
195.178.110.159 - - [15/Apr/2025:04:17:33 +0200] "GET /api/.git/config HTTP/1.1" 404 288 "-" "l9explore/1.2.2"
195.178.110.159 - - [15/Apr/2025:04:17:33 +0200] "GET /app/.git/config HTTP/1.1" 404 288 "-" "l9explore/1.2.2"
195.178.110.159 - - [15/Apr/2025:04:17:33 +0200] "GET /blog/wp-content/themes/.git/config HTTP/1.1" 404 300 "-" "l9explore/1.2.2"
195.178.110.159 - - [15/Apr/2025:04:17:33 +0200] "GET /live/.git/config HTTP/1.1" 404 288 "-" "l9explore/1.2.2"
195.178.110.159 - - [15/Apr/2025:04:17:33 +0200] "GET /site/.git/config HTTP/1.1" 404 288 "-" "l9explore/1.2.2"
195.178.110.159 - - [15/Apr/2025:04:17:33 +0200] "GET /wp-includes/js/.git/config HTTP/1.1" 404 297 "-" "l9explore/1.2.2"
195.178.110.159 - - [15/Apr/2025:04:17:33 +0200] "GET /aomanalyzer/.git/config HTTP/1.1" 404 295 "-" "l9explore/1.2.2"
195.178.110.159 - - [15/Apr/2025:04:17:33 +0200] "GET /awsconf.git/config HTTP/1.1" 404 289 "-" "l9explore/1.2.2"
195.178.110.159 - - [15/Apr/2025:04:17:33 +0200] "GET /data/.git/config HTTP/1.1" 404 288 "-" "l9explore/1.2.2"
195.178.110.159 - - [15/Apr/2025:04:17:33 +0200] "GET /dot.git/config HTTP/1.1" 404 287 "-" "l9explore/1.2.2"
195.178.110.159 - - [15/Apr/2025:04:17:33 +0200] "GET /wp-content/themes/.git/config HTTP/1.1" 404 297 "-" "l9explore/1.2.2"
195.178.110.159 - - [15/Apr/2025:04:17:33 +0200] "GET /common/.git/config HTTP/1.1" 404 290 "-" "l9explore/1.2.2"
195.178.110.159 - - [15/Apr/2025:04:17:33 +0200] "GET /developer/.git/config HTTP/1.1" 404 292 "-" "l9explore/1.2.2"
195.178.110.159 - - [15/Apr/2025:04:17:33 +0200] "GET /qa/.git/config HTTP/1.1" 404 287 "-" "l9explore/1.2.2"
195.178.110.159 - - [15/Apr/2025:04:17:33 +0200] "GET /wiki/.git/config HTTP/1.1" 404 289 "-" "l9explore/1.2.2"
195.178.110.159 - - [15/Apr/2025:04:17:33 +0200] "GET /beta/.git/config HTTP/1.1" 404 288 "-" "l9explore/1.2.2"
195.178.110.159 - - [15/Apr/2025:04:17:33 +0200] "GET /dev/.git/config HTTP/1.1" 404 288 "-" "l9explore/1.2.2"
195.178.110.159 - - [15/Apr/2025:04:17:34 +0200] "GET /repository/.git/config HTTP/1.1" 404 292 "-" "l9explore/1.2.2"
195.178.110.159 - - [15/Apr/2025:04:17:34 +0200] "GET /vendor/.git/config HTTP/1.1" 404 290 "-" "l9explore/1.2.2"
195.178.110.159 - - [15/Apr/2025:04:17:34 +0200] "GET /.git/configf HTTP/1.1" 404 286 "-" "l9explore/1.2.2"
195.178.110.159 - - [15/Apr/2025:04:17:34 +0200] "GET //.git/config HTTP/1.1" 404 285 "-" "l9explore/1.2.2"
195.178.110.159 - - [15/Apr/2025:04:17:34 +0200] "GET /a/.git/config HTTP/1.1" 404 286 "-" "l9explore/1.2.2"
195.178.110.159 - - [15/Apr/2025:04:17:34 +0200] "GET /backup/.git/config HTTP/1.1" 404 291 "-" "l9explore/1.2.2"
195.178.110.159 - - [15/Apr/2025:04:17:34 +0200] "GET /flock/.git/config HTTP/1.1" 404 290 "-" "l9explore/1.2.2"
195.178.110.159 - - [15/Apr/2025:04:17:34 +0200] "GET /repos/.git/config HTTP/1.1" 404 289 "-" "l9explore/1.2.2"
195.178.110.159 - - [15/Apr/2025:04:17:34 +0200] "GET /s3/.git/config HTTP/1.1" 404 288 "-" "l9explore/1.2.2"
195.178.110.159 - - [15/Apr/2025:04:17:34 +0200] "GET /.git/config HTTP/1.1" 404 285 "-" "l9explore/1.2.2"
195.178.110.159 - - [15/Apr/2025:04:17:34 +0200] "GET /blog/.git/config HTTP/1.1" 404 289 "-" "l9explore/1.2.2"
195.178.110.159 - - [15/Apr/2025:04:17:34 +0200] "GET /build/.git/config HTTP/1.1" 404 289 "-" "l9explore/1.2.2"
195.178.110.159 - - [15/Apr/2025:04:17:34 +0200] "GET /cms/.git/config HTTP/1.1" 404 288 "-" "l9explore/1.2.2"
195.178.110.159 - - [15/Apr/2025:04:17:34 +0200] "GET /staging/.git/config HTTP/1.1" 404 291 "-" "l9explore/1.2.2"
195.178.110.159 - - [15/Apr/2025:04:17:34 +0200] "GET /__macosx/.git/config HTTP/1.1" 404 292 "-" "l9explore/1.2.2"
195.178.110.159 - - [15/Apr/2025:04:17:34 +0200] "GET /amphtml/.git/config HTTP/1.1" 404 290 "-" "l9explore/1.2.2"
195.178.110.159 - - [15/Apr/2025:04:17:34 +0200] "GET /demo/.git/config HTTP/1.1" 404 288 "-" "l9explore/1.2.2"
195.178.110.159 - - [15/Apr/2025:04:17:34 +0200] "GET /old-cuburn/.git/config HTTP/1.1" 404 294 "-" "l9explore/1.2.2"
195.178.110.159 - - [15/Apr/2025:04:17:34 +0200] "GET /new/.git/config HTTP/1.1" 404 288 "-" "l9explore/1.2.2"
195.178.110.159 - - [15/Apr/2025:04:17:35 +0200] "GET /prod.git/config HTTP/1.1" 404 288 "-" "l9explore/1.2.2"
195.178.110.159 - - [15/Apr/2025:04:17:35 +0200] "GET /wp-content/.git/config HTTP/1.1" 404 292 "-" "l9explore/1.2.2"
195.178.110.159 - - [15/Apr/2025:04:17:35 +0200] "GET /admin/.git/config HTTP/1.1" 404 289 "-" "l9explore/1.2.2"
195.178.110.159 - - [15/Apr/2025:04:17:35 +0200] "GET /application/.git/config HTTP/1.1" 404 294 "-" "l9explore/1.2.2"
195.178.110.159 - - [15/Apr/2025:04:17:35 +0200] "GET /database/.git/config HTTP/1.1" 404 291 "-" "l9explore/1.2.2"
195.178.110.159 - - [15/Apr/2025:04:17:35 +0200] "GET /m/.git/config HTTP/1.1" 404 287 "-" "l9explore/1.2.2"
58.209.222.57 - - [15/Apr/2025:04:19:58 +0200] "GET / HTTP/1.1" 200 274 "-" "Mozilla/5.0 (Windows NT 10.0; Win64; x64) AppleWebKit/537.36 (KHTML, like Gecko) Chrome/58.0.3029.110 Safari/537.3"
154.81.156.35 - - [15/Apr/2025:04:21:25 +0200] "GET / HTTP/1.1" 200 274 "-" "Mozilla/5.0 (Windows NT 10.0; Win64; x64) AppleWebKit/537.36 (KHTML, like Gecko) Chrome/90.0.4430.85 Safari/537.36 Edg/90.0.818.46"
154.81.156.54 - - [15/Apr/2025:04:26:18 +0200] "GET / HTTP/1.1" 200 274 "-" "Mozilla/5.0 (Windows NT 10.0; Win64; x64) AppleWebKit/537.36 (KHTML, like Gecko) Chrome/90.0.4430.85 Safari/537.36 Edg/90.0.818.46"
185.91.127.81 - - [15/Apr/2025:04:28:00 +0200] "CONNECT pro.ip-api.com:443 HTTP/1.1" 200 423 "-" "Mozilla/5.0"
151.106.169.235 - - [15/Apr/2025:04:29:22 +0200] "GET /cron.php?cron_type=tidy_cache&sid=437d7934c1d31e6d6e76de5b92521ea0 HTTP/1.1" 404 290 "-" "Mozilla/5.0 (X11; Ubuntu; Linux x86_64; rv:72.0) Gecko/20100101 Firefox/72.0"
151.106.169.235 - - [15/Apr/2025:04:29:22 +0200] "GET /cron.php?cron_type=tidy_cache&sid=437d7934c1d31e6d6e76de5b92521ea0 HTTP/1.1" 404 290 "-" "Mozilla/5.0 (X11; Ubuntu; Linux x86_64; rv:72.0) Gecko/20100101 Firefox/72.0"
151.106.169.235 - - [15/Apr/2025:04:29:23 +0200] "GET /cron.php?cron_type=tidy_cache&sid=437d7934c1d31e6d6e76de5b92521ea0 HTTP/1.1" 404 290 "-" "Mozilla/5.0 (X11; Ubuntu; Linux x86_64; rv:72.0) Gecko/20100101 Firefox/72.0"
52.255.204.147 - - [15/Apr/2025:04:31:07 +0200] "GET /.env HTTP/1.1" 404 280 "-" "Mozilla/5.0 (X11; Linux x86_64) AppleWebKit/537.36 (KHTML, like Gecko) Chrome/81.0.4044.129 Safari/537.36"
52.255.204.147 - - [15/Apr/2025:04:31:07 +0200] "POST / HTTP/1.1" 200 274 "-" "Mozilla/5.0 (X11; Linux x86_64) AppleWebKit/537.36 (KHTML, like Gecko) Chrome/81.0.4044.129 Safari/537.36"
52.255.204.147 - - [15/Apr/2025:04:31:08 +0200] "GET /sendgrid/.env HTTP/1.1" 404 286 "-" "Mozilla/5.0 (X11; Linux x86_64) AppleWebKit/537.36 (KHTML, like Gecko) Chrome/81.0.4044.129 Safari/537.36"
52.255.204.147 - - [15/Apr/2025:04:31:09 +0200] "POST / HTTP/1.1" 200 274 "-" "Mozilla/5.0 (X11; Linux x86_64) AppleWebKit/537.36 (KHTML, like Gecko) Chrome/81.0.4044.129 Safari/537.36"
151.106.162.30 - - [15/Apr/2025:04:32:08 +0200] "GET /download/file.php?id=256&sid=e71b571cd907b1cebc6db341ce45ea5c HTTP/1.1" 404 297 "-" "Mozilla/5.0 (X11; Ubuntu; Linux x86_64; rv:72.0) Gecko/20100101 Firefox/72.0"
151.106.162.30 - - [15/Apr/2025:04:32:08 +0200] "GET /download/file.php?id=256&sid=e71b571cd907b1cebc6db341ce45ea5c HTTP/1.1" 404 297 "-" "Mozilla/5.0 (X11; Ubuntu; Linux x86_64; rv:72.0) Gecko/20100101 Firefox/72.0"
151.106.162.30 - - [15/Apr/2025:04:32:08 +0200] "GET /download/file.php?id=256&sid=e71b571cd907b1cebc6db341ce45ea5c HTTP/1.1" 404 297 "-" "Mozilla/5.0 (X11; Ubuntu; Linux x86_64; rv:72.0) Gecko/20100101 Firefox/72.0"
195.211.191.76 - - [15/Apr/2025:04:35:41 +0200] "GET /.git/index HTTP/1.1" 404 285 "-" "Mozilla/5.0 (Linux; Android 4.4.2; GT-N8000) AppleWebKit/537.36 (KHTML, like Gecko) Chrome/71.0.3578.99 Safari/537.36"
151.106.162.30 - - [15/Apr/2025:04:42:34 +0200] "GET /cron.php?cron_type=tidy_cache&sid=07d2667e5de1c49f1ecbe57ad56a9ecc HTTP/1.1" 404 290 "-" "Mozilla/5.0 (X11; Ubuntu; Linux x86_64; rv:72.0) Gecko/20100101 Firefox/72.0"
151.106.162.30 - - [15/Apr/2025:04:42:34 +0200] "GET /cron.php?cron_type=tidy_cache&sid=07d2667e5de1c49f1ecbe57ad56a9ecc HTTP/1.1" 404 290 "-" "Mozilla/5.0 (X11; Ubuntu; Linux x86_64; rv:72.0) Gecko/20100101 Firefox/72.0"
154.81.156.54 - - [15/Apr/2025:04:53:33 +0200] "GET / HTTP/1.1" 200 274 "-" "Mozilla/5.0 (Windows NT 10.0; Win64; x64) AppleWebKit/537.36 (KHTML, like Gecko) Chrome/90.0.4430.85 Safari/537.36 Edg/90.0.818.46"
156.59.198.136 - - [15/Apr/2025:05:00:29 +0200] "GET /renault.activities.at/htdocs/export/pdf/emuc_document/11013188.pdf HTTP/1.0" 404 321 "-" "Mozilla/5.0 (Linux; Android 5.0) AppleWebKit/537.36 (KHTML, like Gecko) Mobile Safari/537.36 (compatible; Bytespider; spider-feedback@bytedance.com)"
115.74.225.201 - - [15/Apr/2025:05:04:01 +0200] "GET / HTTP/1.1" 200 423 "-" "Mozilla/5.0 (Windows NT 6.1; Win64; x64; rv:77.0) Gecko/20100101 Firefox/77.0"
75.211.182.150 - - [15/Apr/2025:05:05:51 +0200] "GET / HTTP/1.1" 200 423 "-" "Mozilla/5.0 (Windows NT 10.0; WOW64) AppleWebKit/537.36 (KHTML, like Gecko) Chrome/52.0.2743.116 Safari/537.36"
151.106.162.8 - - [15/Apr/2025:05:07:49 +0200] "GET /gallery/image.php?mode=thumbnail&album_id=1&image_id=113&sid=e5051ba9473c282fecf5745c1acf77e8 HTTP/1.1" 404 297 "-" "Mozilla/5.0 (X11; Ubuntu; Linux x86_64; rv:72.0) Gecko/20100101 Firefox/72.0"
151.106.162.8 - - [15/Apr/2025:05:07:49 +0200] "GET /gallery/image.php?mode=thumbnail&album_id=1&image_id=113&sid=e5051ba9473c282fecf5745c1acf77e8 HTTP/1.1" 404 297 "-" "Mozilla/5.0 (X11; Ubuntu; Linux x86_64; rv:72.0) Gecko/20100101 Firefox/72.0"
151.106.162.8 - - [15/Apr/2025:05:07:50 +0200] "GET /gallery/image.php?mode=thumbnail&album_id=1&image_id=113&sid=e5051ba9473c282fecf5745c1acf77e8 HTTP/1.1" 404 297 "-" "Mozilla/5.0 (X11; Ubuntu; Linux x86_64; rv:72.0) Gecko/20100101 Firefox/72.0"
185.218.86.4 - - [15/Apr/2025:05:09:25 +0200] "GET / HTTP/1.1" 200 274 "-" "Mozilla/5.0 (Windows NT 10.0; Win64; x64) AppleWebKit/537.36 (KHTML, like Gecko) Chrome/90.0.4430.85 Safari/537.36 Edg/90.0.818.46"
151.106.162.214 - - [15/Apr/2025:05:12:33 +0200] "GET /cron.php?cron_type=tidy_sessions&sid=b167dec85b06f70a6ccf02cc7f75b185 HTTP/1.1" 404 290 "-" "Mozilla/5.0 (X11; Ubuntu; Linux x86_64; rv:72.0) Gecko/20100101 Firefox/72.0"
151.106.162.214 - - [15/Apr/2025:05:12:33 +0200] "GET /cron.php?cron_type=tidy_sessions&sid=b167dec85b06f70a6ccf02cc7f75b185 HTTP/1.1" 404 290 "-" "Mozilla/5.0 (X11; Ubuntu; Linux x86_64; rv:72.0) Gecko/20100101 Firefox/72.0"
151.106.162.214 - - [15/Apr/2025:05:12:34 +0200] "GET /cron.php?cron_type=tidy_sessions&sid=b167dec85b06f70a6ccf02cc7f75b185 HTTP/1.1" 404 290 "-" "Mozilla/5.0 (X11; Ubuntu; Linux x86_64; rv:72.0) Gecko/20100101 Firefox/72.0"
154.81.156.54 - - [15/Apr/2025:05:13:10 +0200] "GET / HTTP/1.1" 200 274 "-" "Mozilla/5.0 (Windows NT 10.0; Win64; x64) AppleWebKit/537.36 (KHTML, like Gecko) Chrome/90.0.4430.85 Safari/537.36 Edg/90.0.818.46"
151.106.166.243 - - [15/Apr/2025:05:15:13 +0200] "GET /cron.php?cron_type=tidy_cache&sid=3ce4dba55eef583a9c44dceeac261c3b HTTP/1.1" 404 290 "-" "Mozilla/5.0 (X11; Ubuntu; Linux x86_64; rv:72.0) Gecko/20100101 Firefox/72.0"
151.106.166.243 - - [15/Apr/2025:05:15:13 +0200] "GET /cron.php?cron_type=tidy_cache&sid=3ce4dba55eef583a9c44dceeac261c3b HTTP/1.1" 404 290 "-" "Mozilla/5.0 (X11; Ubuntu; Linux x86_64; rv:72.0) Gecko/20100101 Firefox/72.0"
151.106.166.243 - - [15/Apr/2025:05:15:13 +0200] "GET /cron.php?cron_type=tidy_cache&sid=3ce4dba55eef583a9c44dceeac261c3b HTTP/1.1" 404 290 "-" "Mozilla/5.0 (X11; Ubuntu; Linux x86_64; rv:72.0) Gecko/20100101 Firefox/72.0"
151.106.184.192 - - [15/Apr/2025:05:16:33 +0200] "GET /download/file.php?id=212&sid=e00ecfdeedb6f919004059270e62d3e3 HTTP/1.1" 404 297 "-" "Mozilla/5.0 (X11; Ubuntu; Linux x86_64; rv:72.0) Gecko/20100101 Firefox/72.0"
151.106.184.192 - - [15/Apr/2025:05:16:33 +0200] "GET /download/file.php?id=212&sid=e00ecfdeedb6f919004059270e62d3e3 HTTP/1.1" 404 297 "-" "Mozilla/5.0 (X11; Ubuntu; Linux x86_64; rv:72.0) Gecko/20100101 Firefox/72.0"
151.106.184.192 - - [15/Apr/2025:05:16:33 +0200] "GET /download/file.php?id=212&sid=e00ecfdeedb6f919004059270e62d3e3 HTTP/1.1" 404 297 "-" "Mozilla/5.0 (X11; Ubuntu; Linux x86_64; rv:72.0) Gecko/20100101 Firefox/72.0"
154.81.156.34 - - [15/Apr/2025:05:22:11 +0200] "GET / HTTP/1.1" 200 274 "-" "Mozilla/5.0 (Windows NT 10.0; Win64; x64) AppleWebKit/537.36 (KHTML, like Gecko) Chrome/90.0.4430.85 Safari/537.36 Edg/90.0.818.46"
154.81.156.35 - - [15/Apr/2025:05:25:58 +0200] "GET / HTTP/1.1" 200 274 "-" "Mozilla/5.0 (Windows NT 10.0; Win64; x64) AppleWebKit/537.36 (KHTML, like Gecko) Chrome/90.0.4430.85 Safari/537.36 Edg/90.0.818.46"
92.255.57.58 - - [15/Apr/2025:05:28:50 +0200] "GET /actuator/gateway/routes HTTP/1.1" 404 293 "-" "Mozilla/5.0 (Windows NT 10.0; Win64; x64) AppleWebKit/537.36 (KHTML, like Gecko) Chrome/78.0.3904.108 Safari/537.36"
205.210.31.242 - - [15/Apr/2025:05:29:49 +0200] "\x16\x03\x01" 400 383 "-" "-"
205.210.31.242 - - [15/Apr/2025:05:29:50 +0200] "\x16\x03\x01" 400 383 "-" "-"
154.81.156.54 - - [15/Apr/2025:05:32:49 +0200] "GET / HTTP/1.1" 200 274 "-" "Mozilla/5.0 (Windows NT 10.0; Win64; x64) AppleWebKit/537.36 (KHTML, like Gecko) Chrome/90.0.4430.85 Safari/537.36 Edg/90.0.818.46"
151.106.162.30 - - [15/Apr/2025:05:34:45 +0200] "GET /cron.php?cron_type=tidy_warnings&sid=975ebfda14486de5edba4ad5b6e91224 HTTP/1.1" 404 290 "-" "Mozilla/5.0 (X11; Ubuntu; Linux x86_64; rv:72.0) Gecko/20100101 Firefox/72.0"
151.106.162.30 - - [15/Apr/2025:05:34:46 +0200] "GET /cron.php?cron_type=tidy_warnings&sid=975ebfda14486de5edba4ad5b6e91224 HTTP/1.1" 404 290 "-" "Mozilla/5.0 (X11; Ubuntu; Linux x86_64; rv:72.0) Gecko/20100101 Firefox/72.0"
151.106.162.30 - - [15/Apr/2025:05:34:46 +0200] "GET /cron.php?cron_type=tidy_warnings&sid=975ebfda14486de5edba4ad5b6e91224 HTTP/1.1" 404 290 "-" "Mozilla/5.0 (X11; Ubuntu; Linux x86_64; rv:72.0) Gecko/20100101 Firefox/72.0"
151.106.160.247 - - [15/Apr/2025:05:40:30 +0200] "GET /download/file.php?id=256&sid=10d3d02f0322641468f51be19c82ee0b HTTP/1.1" 404 297 "-" "Mozilla/5.0 (X11; Ubuntu; Linux x86_64; rv:72.0) Gecko/20100101 Firefox/72.0"
151.106.160.247 - - [15/Apr/2025:05:40:30 +0200] "GET /download/file.php?id=256&sid=10d3d02f0322641468f51be19c82ee0b HTTP/1.1" 404 297 "-" "Mozilla/5.0 (X11; Ubuntu; Linux x86_64; rv:72.0) Gecko/20100101 Firefox/72.0"
151.106.160.247 - - [15/Apr/2025:05:40:31 +0200] "GET /download/file.php?id=256&sid=10d3d02f0322641468f51be19c82ee0b HTTP/1.1" 404 297 "-" "Mozilla/5.0 (X11; Ubuntu; Linux x86_64; rv:72.0) Gecko/20100101 Firefox/72.0"
92.27.209.120 - - [15/Apr/2025:05:46:11 +0200] "GET / HTTP/1.0" 200 423 "-" "curl/7.88.1"
154.81.156.54 - - [15/Apr/2025:05:51:06 +0200] "GET / HTTP/1.1" 200 274 "-" "Mozilla/5.0 (Windows NT 10.0; Win64; x64) AppleWebKit/537.36 (KHTML, like Gecko) Chrome/90.0.4430.85 Safari/537.36 Edg/90.0.818.46"
92.255.57.58 - - [15/Apr/2025:05:54:55 +0200] "\x16\x03\x01\x05\xa8\x01" 400 383 "-" "-"
185.180.140.105 - - [15/Apr/2025:06:02:34 +0200] "GET / HTTP/1.1" 200 274 "-" "Mozilla/5.0 (Windows NT 10.0; Win64; x64) AppleWebKit/537.36 (KHTML, like Gecko) Chrome/60.0.3112.113 Safari/537.36"
185.180.140.107 - - [15/Apr/2025:06:02:35 +0200] "GET / HTTP/1.1" 200 274 "-" "Mozilla/5.0 (Windows NT 10.0; Win64; x64) AppleWebKit/537.36 (KHTML, like Gecko) Chrome/60.0.3112.113 Safari/537.36"
185.180.140.5 - - [15/Apr/2025:06:02:35 +0200] "GET /login.html HTTP/1.1" 404 284 "-" "Mozilla/5.0 (Windows NT 10.0; Win64; x64) AppleWebKit/537.36 (KHTML, like Gecko) Chrome/60.0.3112.113 Safari/537.36"
185.180.140.106 - - [15/Apr/2025:06:02:36 +0200] "GET /jasperserver/login.html HTTP/1.1" 404 291 "-" "Mozilla/5.0 (Windows NT 10.0; Win64; x64) AppleWebKit/537.36 (KHTML, like Gecko) Chrome/60.0.3112.113 Safari/537.36"
185.180.140.5 - - [15/Apr/2025:06:02:36 +0200] "GET /jasperserver-pro/login.html HTTP/1.1" 404 294 "-" "Mozilla/5.0 (Windows NT 10.0; Win64; x64) AppleWebKit/537.36 (KHTML, like Gecko) Chrome/60.0.3112.113 Safari/537.36"
151.106.184.192 - - [15/Apr/2025:06:13:10 +0200] "GET /cron.php?cron_type=tidy_cache&sid=923502e3c01c5c51a0e92144e16969a2 HTTP/1.1" 404 290 "-" "Mozilla/5.0 (X11; Ubuntu; Linux x86_64; rv:72.0) Gecko/20100101 Firefox/72.0"
151.106.184.192 - - [15/Apr/2025:06:13:10 +0200] "GET /cron.php?cron_type=tidy_cache&sid=923502e3c01c5c51a0e92144e16969a2 HTTP/1.1" 404 290 "-" "Mozilla/5.0 (X11; Ubuntu; Linux x86_64; rv:72.0) Gecko/20100101 Firefox/72.0"
151.106.184.192 - - [15/Apr/2025:06:13:11 +0200] "GET /cron.php?cron_type=tidy_cache&sid=923502e3c01c5c51a0e92144e16969a2 HTTP/1.1" 404 290 "-" "Mozilla/5.0 (X11; Ubuntu; Linux x86_64; rv:72.0) Gecko/20100101 Firefox/72.0"
154.81.156.54 - - [15/Apr/2025:06:13:47 +0200] "GET / HTTP/1.1" 200 274 "-" "Mozilla/5.0 (Windows NT 10.0; Win64; x64) AppleWebKit/537.36 (KHTML, like Gecko) Chrome/90.0.4430.85 Safari/537.36 Edg/90.0.818.46"
78.153.140.179 - - [15/Apr/2025:06:24:24 +0200] "GET /.env HTTP/1.1" 404 349 "-" "Mozilla/4.0 (compatible; MSIE 8.0; Windows NT 6.1; Trident/5.0; .NET CLR 2.0.50727; .NET CLR 3.0.30729; .NET CLR 3.5.30729; .NET4.0C; .NET4.0E)"
78.153.140.179 - - [15/Apr/2025:06:24:24 +0200] "\x16\x03\x01" 400 383 "-" "-"
78.153.140.179 - - [15/Apr/2025:06:24:24 +0200] "GET /Dev/.env HTTP/1.1" 404 353 "-" "Mozilla/5.0 (Windows; U; Windows NT 5.1; ko; rv:1.9.1.3) Gecko/20090824 Firefox/3.5.3 (.NET CLR 3.5.30729)"
151.106.163.240 - - [15/Apr/2025:06:35:13 +0200] "GET /cron.php?cron_type=tidy_sessions&sid=8af3836b455132e3c9d506542edfb931 HTTP/1.1" 404 290 "-" "Mozilla/5.0 (X11; Ubuntu; Linux x86_64; rv:72.0) Gecko/20100101 Firefox/72.0"
151.106.163.240 - - [15/Apr/2025:06:35:13 +0200] "GET /cron.php?cron_type=tidy_sessions&sid=8af3836b455132e3c9d506542edfb931 HTTP/1.1" 404 290 "-" "Mozilla/5.0 (X11; Ubuntu; Linux x86_64; rv:72.0) Gecko/20100101 Firefox/72.0"
151.106.163.240 - - [15/Apr/2025:06:35:14 +0200] "GET /cron.php?cron_type=tidy_sessions&sid=8af3836b455132e3c9d506542edfb931 HTTP/1.1" 404 290 "-" "Mozilla/5.0 (X11; Ubuntu; Linux x86_64; rv:72.0) Gecko/20100101 Firefox/72.0"
196.251.81.194 - - [15/Apr/2025:06:39:14 +0200] "GET /.env HTTP/1.1" 404 280 "-" "Mozilla/5.0 (Linux; Android 9; SM-M305F) AppleWebKit/537.36 (KHTML, like Gecko) Chrome/76.0.3809.111 Mobile Safari/537.36"
151.106.173.252 - - [15/Apr/2025:06:40:46 +0200] "GET /images/smilies/icon_e_confused.gif HTTP/1.1" 404 308 "-" "Mozilla/5.0 (X11; Ubuntu; Linux x86_64; rv:72.0) Gecko/20100101 Firefox/72.0"
151.106.173.252 - - [15/Apr/2025:06:40:47 +0200] "GET /images/smilies/icon_e_confused.gif HTTP/1.1" 404 308 "-" "Mozilla/5.0 (X11; Ubuntu; Linux x86_64; rv:72.0) Gecko/20100101 Firefox/72.0"
151.106.173.252 - - [15/Apr/2025:06:40:47 +0200] "GET /images/smilies/icon_e_confused.gif HTTP/1.1" 404 308 "-" "Mozilla/5.0 (X11; Ubuntu; Linux x86_64; rv:72.0) Gecko/20100101 Firefox/72.0"
154.81.156.34 - - [15/Apr/2025:06:41:30 +0200] "GET / HTTP/1.1" 200 274 "-" "Mozilla/5.0 (Windows NT 10.0; Win64; x64) AppleWebKit/537.36 (KHTML, like Gecko) Chrome/90.0.4430.85 Safari/537.36 Edg/90.0.818.46"
151.106.169.76 - - [15/Apr/2025:06:43:44 +0200] "GET /gallery/image.php?mode=thumbnail&album_id=1&image_id=114&sid=3ce4dba55eef583a9c44dceeac261c3b HTTP/1.1" 404 297 "-" "Mozilla/5.0 (X11; Ubuntu; Linux x86_64; rv:72.0) Gecko/20100101 Firefox/72.0"
151.106.169.76 - - [15/Apr/2025:06:43:44 +0200] "GET /gallery/image.php?mode=thumbnail&album_id=1&image_id=114&sid=3ce4dba55eef583a9c44dceeac261c3b HTTP/1.1" 404 297 "-" "Mozilla/5.0 (X11; Ubuntu; Linux x86_64; rv:72.0) Gecko/20100101 Firefox/72.0"
151.106.169.76 - - [15/Apr/2025:06:43:44 +0200] "GET /gallery/image.php?mode=thumbnail&album_id=1&image_id=114&sid=3ce4dba55eef583a9c44dceeac261c3b HTTP/1.1" 404 297 "-" "Mozilla/5.0 (X11; Ubuntu; Linux x86_64; rv:72.0) Gecko/20100101 Firefox/72.0"
104.248.15.138 - - [15/Apr/2025:06:47:57 +0200] "GET / HTTP/1.1" 200 274 "-" "Mozilla/5.0 (compatible)"
104.248.15.138 - - [15/Apr/2025:06:47:57 +0200] "GET /activities.ico HTTP/1.1" 200 1406 "http://212.69.160.11/" "Mozilla/5.0 (compatible)"
154.81.156.54 - - [15/Apr/2025:06:48:25 +0200] "GET / HTTP/1.1" 200 274 "-" "Mozilla/5.0 (Windows NT 10.0; Win64; x64) AppleWebKit/537.36 (KHTML, like Gecko) Chrome/90.0.4430.85 Safari/537.36 Edg/90.0.818.46"
154.81.156.35 - - [15/Apr/2025:06:48:34 +0200] "GET / HTTP/1.1" 200 274 "-" "Mozilla/5.0 (Windows NT 10.0; Win64; x64) AppleWebKit/537.36 (KHTML, like Gecko) Chrome/90.0.4430.85 Safari/537.36 Edg/90.0.818.46"
154.81.156.54 - - [15/Apr/2025:06:55:54 +0200] "GET / HTTP/1.1" 200 274 "-" "Mozilla/5.0 (Windows NT 10.0; Win64; x64) AppleWebKit/537.36 (KHTML, like Gecko) Chrome/90.0.4430.85 Safari/537.36 Edg/90.0.818.46"
151.106.177.184 - - [15/Apr/2025:06:55:56 +0200] "GET /download/file.php?id=251&sid=5a7bc231c4871d518f5a8b7e186e70be HTTP/1.1" 404 297 "-" "Mozilla/5.0 (X11; Ubuntu; Linux x86_64; rv:72.0) Gecko/20100101 Firefox/72.0"
151.106.177.184 - - [15/Apr/2025:06:55:56 +0200] "GET /download/file.php?id=251&sid=5a7bc231c4871d518f5a8b7e186e70be HTTP/1.1" 404 297 "-" "Mozilla/5.0 (X11; Ubuntu; Linux x86_64; rv:72.0) Gecko/20100101 Firefox/72.0"
151.106.177.184 - - [15/Apr/2025:06:55:56 +0200] "GET /download/file.php?id=251&sid=5a7bc231c4871d518f5a8b7e186e70be HTTP/1.1" 404 297 "-" "Mozilla/5.0 (X11; Ubuntu; Linux x86_64; rv:72.0) Gecko/20100101 Firefox/72.0"
80.82.77.202 - - [15/Apr/2025:07:05:00 +0200] "GET / HTTP/1.0" 200 423 "-" "Mozilla/5.0 (Linux; Android 9; LM-G710) AppleWebKit/537.36 (KHTML, like Gecko) Chrome/76.0.3809.111 Mobile Safari/537.36"
151.106.176.244 - - [15/Apr/2025:07:05:15 +0200] "GET /gallery/image.php?mode=thumbnail&album_id=1&image_id=114&sid=ea6576966946c070a6a3830835fd509b HTTP/1.1" 404 297 "-" "Mozilla/5.0 (X11; Ubuntu; Linux x86_64; rv:72.0) Gecko/20100101 Firefox/72.0"
151.106.176.244 - - [15/Apr/2025:07:05:15 +0200] "GET /gallery/image.php?mode=thumbnail&album_id=1&image_id=114&sid=ea6576966946c070a6a3830835fd509b HTTP/1.1" 404 297 "-" "Mozilla/5.0 (X11; Ubuntu; Linux x86_64; rv:72.0) Gecko/20100101 Firefox/72.0"
151.106.176.244 - - [15/Apr/2025:07:05:15 +0200] "GET /gallery/image.php?mode=thumbnail&album_id=1&image_id=114&sid=ea6576966946c070a6a3830835fd509b HTTP/1.1" 404 297 "-" "Mozilla/5.0 (X11; Ubuntu; Linux x86_64; rv:72.0) Gecko/20100101 Firefox/72.0"
93.174.93.12 - - [15/Apr/2025:07:10:19 +0200] "\x16\x03\x02\x01o\x01" 400 383 "-" "-"
170.106.161.78 - - [15/Apr/2025:07:19:01 +0200] "GET / HTTP/1.1" 200 274 "-" "Mozilla/5.0 (iPhone; CPU iPhone OS 13_2_3 like Mac OS X) AppleWebKit/605.1.15 (KHTML, like Gecko) Version/13.0.3 Mobile/15E148 Safari/604.1"
151.106.163.240 - - [15/Apr/2025:07:25:31 +0200] "GET /cron.php?cron_type=tidy_cache&sid=e886af99ec333319509a417837465d2c HTTP/1.1" 404 290 "-" "Mozilla/5.0 (X11; Ubuntu; Linux x86_64; rv:72.0) Gecko/20100101 Firefox/72.0"
151.106.163.240 - - [15/Apr/2025:07:25:31 +0200] "GET /cron.php?cron_type=tidy_cache&sid=e886af99ec333319509a417837465d2c HTTP/1.1" 404 290 "-" "Mozilla/5.0 (X11; Ubuntu; Linux x86_64; rv:72.0) Gecko/20100101 Firefox/72.0"
151.106.163.240 - - [15/Apr/2025:07:25:32 +0200] "GET /cron.php?cron_type=tidy_cache&sid=e886af99ec333319509a417837465d2c HTTP/1.1" 404 290 "-" "Mozilla/5.0 (X11; Ubuntu; Linux x86_64; rv:72.0) Gecko/20100101 Firefox/72.0"
154.81.156.54 - - [15/Apr/2025:07:28:09 +0200] "GET / HTTP/1.1" 200 274 "-" "Mozilla/5.0 (Windows NT 10.0; Win64; x64) AppleWebKit/537.36 (KHTML, like Gecko) Chrome/90.0.4430.85 Safari/537.36 Edg/90.0.818.46"
151.106.162.214 - - [15/Apr/2025:07:31:02 +0200] "GET /cron.php?cron_type=tidy_sessions&sid=8fbe0b59afe4b0c038a4a22cfcfd182d HTTP/1.1" 404 290 "-" "Mozilla/5.0 (X11; Ubuntu; Linux x86_64; rv:72.0) Gecko/20100101 Firefox/72.0"
151.106.162.214 - - [15/Apr/2025:07:31:02 +0200] "GET /cron.php?cron_type=tidy_sessions&sid=8fbe0b59afe4b0c038a4a22cfcfd182d HTTP/1.1" 404 290 "-" "Mozilla/5.0 (X11; Ubuntu; Linux x86_64; rv:72.0) Gecko/20100101 Firefox/72.0"
151.106.162.214 - - [15/Apr/2025:07:31:02 +0200] "GET /cron.php?cron_type=tidy_sessions&sid=8fbe0b59afe4b0c038a4a22cfcfd182d HTTP/1.1" 404 290 "-" "Mozilla/5.0 (X11; Ubuntu; Linux x86_64; rv:72.0) Gecko/20100101 Firefox/72.0"
154.81.156.54 - - [15/Apr/2025:07:37:17 +0200] "GET / HTTP/1.1" 200 274 "-" "Mozilla/5.0 (Windows NT 10.0; Win64; x64) AppleWebKit/537.36 (KHTML, like Gecko) Chrome/90.0.4430.85 Safari/537.36 Edg/90.0.818.46"
151.106.181.25 - - [15/Apr/2025:07:37:20 +0200] "GET /cron.php?cron_type=tidy_cache&sid=56b4f06bdec0473c39966f66e193cbed HTTP/1.1" 404 290 "-" "Mozilla/5.0 (X11; Ubuntu; Linux x86_64; rv:72.0) Gecko/20100101 Firefox/72.0"
151.106.181.25 - - [15/Apr/2025:07:37:20 +0200] "GET /cron.php?cron_type=tidy_cache&sid=56b4f06bdec0473c39966f66e193cbed HTTP/1.1" 404 290 "-" "Mozilla/5.0 (X11; Ubuntu; Linux x86_64; rv:72.0) Gecko/20100101 Firefox/72.0"
151.106.181.25 - - [15/Apr/2025:07:37:20 +0200] "GET /cron.php?cron_type=tidy_cache&sid=56b4f06bdec0473c39966f66e193cbed HTTP/1.1" 404 290 "-" "Mozilla/5.0 (X11; Ubuntu; Linux x86_64; rv:72.0) Gecko/20100101 Firefox/72.0"
46.101.157.195 - - [15/Apr/2025:07:43:41 +0200] "GET / HTTP/1.1" 200 423 "-" "Mozilla/5.0 (Windows NT 10.0; Win64; x64; rv:109.0) Gecko/20100101 Firefox/118.0"
57.129.64.237 - - [15/Apr/2025:07:45:51 +0200] "GET / HTTP/1.1" 200 274 "-" "Mozilla/5.0 (compatible; ModatScanner/1.0; +https://modat.io/)"
20.150.201.102 - - [15/Apr/2025:07:54:03 +0200] "GET / HTTP/1.1" 200 274 "-" "Mozilla/5.0 zgrab/0.x"
154.81.156.35 - - [15/Apr/2025:07:56:38 +0200] "GET / HTTP/1.1" 200 274 "-" "Mozilla/5.0 (Windows NT 10.0; Win64; x64) AppleWebKit/537.36 (KHTML, like Gecko) Chrome/90.0.4430.85 Safari/537.36 Edg/90.0.818.46"
216.218.206.69 - - [15/Apr/2025:07:58:42 +0200] "GET / HTTP/1.1" 200 274 "-" "Mozilla/5.0 (Windows NT 10.0; Win64; x64) AppleWebKit/537.36 (KHTML, like Gecko) Chrome/124.0.0.0 Safari/537.36"
151.106.166.201 - - [15/Apr/2025:08:01:29 +0200] "GET /gallery/image.php?mode=thumbnail&album_id=1&image_id=114&sid=b8b95ed4c1fdb25f94ef0ee438672e5c HTTP/1.1" 404 297 "-" "Mozilla/5.0 (X11; Ubuntu; Linux x86_64; rv:72.0) Gecko/20100101 Firefox/72.0"
151.106.166.201 - - [15/Apr/2025:08:01:29 +0200] "GET /gallery/image.php?mode=thumbnail&album_id=1&image_id=114&sid=b8b95ed4c1fdb25f94ef0ee438672e5c HTTP/1.1" 404 297 "-" "Mozilla/5.0 (X11; Ubuntu; Linux x86_64; rv:72.0) Gecko/20100101 Firefox/72.0"
151.106.166.201 - - [15/Apr/2025:08:01:30 +0200] "GET /gallery/image.php?mode=thumbnail&album_id=1&image_id=114&sid=b8b95ed4c1fdb25f94ef0ee438672e5c HTTP/1.1" 404 297 "-" "Mozilla/5.0 (X11; Ubuntu; Linux x86_64; rv:72.0) Gecko/20100101 Firefox/72.0"
216.218.206.69 - - [15/Apr/2025:08:01:48 +0200] "GET /favicon.ico HTTP/1.1" 404 284 "-" "Mozilla/5.0 (X11; Linux x86_64) AppleWebKit/537.36 (KHTML, like Gecko) Chrome/110.0.0.0 Safari/537.36"
216.218.206.69 - - [15/Apr/2025:08:02:32 +0200] "GET /geoserver/web/ HTTP/1.1" 404 284 "-" "Mozilla/5.0 (Windows NT 10.0; Win64; x64) AppleWebKit/537.36 (KHTML, like Gecko) Chrome/124.0.0.0 Safari/537.36"
154.81.156.54 - - [15/Apr/2025:08:02:55 +0200] "GET / HTTP/1.1" 200 274 "-" "Mozilla/5.0 (Windows NT 10.0; Win64; x64) AppleWebKit/537.36 (KHTML, like Gecko) Chrome/90.0.4430.85 Safari/537.36 Edg/90.0.818.46"
20.168.122.18 - - [15/Apr/2025:08:02:58 +0200] "MGLNDD_212.69.160.11_80" 400 383 "-" "-"
216.218.206.69 - - [15/Apr/2025:08:03:07 +0200] "GET /info.php HTTP/1.1" 404 283 "-" "Mozilla/5.0 (Windows NT 10.0; Win64; x64) AppleWebKit/537.36 (KHTML, like Gecko) Chrome/124.0.0.0 Safari/537.36"
216.218.206.69 - - [15/Apr/2025:08:03:10 +0200] "GET /phpinfo.php HTTP/1.1" 200 10243 "-" "Mozilla/5.0 (Macintosh; Intel Mac OS X 10_15_7) AppleWebKit/605.1.15 (KHTML, like Gecko) Version/17.4.1 Safari/605.1.15"
216.218.206.69 - - [15/Apr/2025:08:03:12 +0200] "GET /dashboard/phpinfo.php HTTP/1.1" 404 290 "-" "Mozilla/5.0 (Windows NT 10.0; Win64; x64) AppleWebKit/537.36 (KHTML, like Gecko) Chrome/119.0.6045.160 Safari/537.36"
156.59.198.136 - - [15/Apr/2025:08:12:56 +0200] "GET /renault.activities.at/htdocs/binaries/10122735.pdf HTTP/1.0" 404 312 "-" "Mozilla/5.0 (Linux; Android 5.0) AppleWebKit/537.36 (KHTML, like Gecko) Mobile Safari/537.36 (compatible; Bytespider; spider-feedback@bytedance.com)"
5.183.209.244 - - [15/Apr/2025:08:16:42 +0200] "GET / HTTP/1.1" 200 423 "-" "-"
154.81.156.34 - - [15/Apr/2025:08:18:22 +0200] "GET / HTTP/1.1" 200 274 "-" "Mozilla/5.0 (Windows NT 10.0; Win64; x64) AppleWebKit/537.36 (KHTML, like Gecko) Chrome/90.0.4430.85 Safari/537.36 Edg/90.0.818.46"
154.81.156.54 - - [15/Apr/2025:08:19:23 +0200] "GET / HTTP/1.1" 200 274 "-" "Mozilla/5.0 (Windows NT 10.0; Win64; x64) AppleWebKit/537.36 (KHTML, like Gecko) Chrome/90.0.4430.85 Safari/537.36 Edg/90.0.818.46"
151.106.171.1 - - [15/Apr/2025:08:19:33 +0200] "GET /download/file.php?id=251&sid=669dcccb4fff914fd75ea914085b5814 HTTP/1.1" 404 297 "-" "Mozilla/5.0 (X11; Ubuntu; Linux x86_64; rv:72.0) Gecko/20100101 Firefox/72.0"
151.106.171.1 - - [15/Apr/2025:08:19:33 +0200] "GET /download/file.php?id=251&sid=669dcccb4fff914fd75ea914085b5814 HTTP/1.1" 404 297 "-" "Mozilla/5.0 (X11; Ubuntu; Linux x86_64; rv:72.0) Gecko/20100101 Firefox/72.0"
151.106.171.1 - - [15/Apr/2025:08:19:34 +0200] "GET /download/file.php?id=251&sid=669dcccb4fff914fd75ea914085b5814 HTTP/1.1" 404 297 "-" "Mozilla/5.0 (X11; Ubuntu; Linux x86_64; rv:72.0) Gecko/20100101 Firefox/72.0"
31.220.40.210 - - [15/Apr/2025:08:35:16 +0200] "GET /.git/config HTTP/1.1" 404 296 "-" "Mozilla/5.0 (Macintosh; Intel Mac OS X 10.16; rv:85.0) Gecko/20100101 Firefox/85.0"
151.106.160.247 - - [15/Apr/2025:08:45:42 +0200] "GET /download/file.php?id=166&sid=ad5974e6a85e65e030858e93e1b425a7 HTTP/1.1" 404 297 "-" "Mozilla/5.0 (X11; Ubuntu; Linux x86_64; rv:72.0) Gecko/20100101 Firefox/72.0"
151.106.160.247 - - [15/Apr/2025:08:45:42 +0200] "GET /download/file.php?id=166&sid=ad5974e6a85e65e030858e93e1b425a7 HTTP/1.1" 404 297 "-" "Mozilla/5.0 (X11; Ubuntu; Linux x86_64; rv:72.0) Gecko/20100101 Firefox/72.0"
151.106.160.247 - - [15/Apr/2025:08:45:42 +0200] "GET /download/file.php?id=166&sid=ad5974e6a85e65e030858e93e1b425a7 HTTP/1.1" 404 297 "-" "Mozilla/5.0 (X11; Ubuntu; Linux x86_64; rv:72.0) Gecko/20100101 Firefox/72.0"
151.106.173.252 - - [15/Apr/2025:08:48:08 +0200] "GET /cron.php?cron_type=tidy_warnings&sid=88769a54b096d915e34ac466b10d2992 HTTP/1.1" 404 290 "-" "Mozilla/5.0 (X11; Ubuntu; Linux x86_64; rv:72.0) Gecko/20100101 Firefox/72.0"
151.106.173.252 - - [15/Apr/2025:08:48:09 +0200] "GET /cron.php?cron_type=tidy_warnings&sid=88769a54b096d915e34ac466b10d2992 HTTP/1.1" 404 290 "-" "Mozilla/5.0 (X11; Ubuntu; Linux x86_64; rv:72.0) Gecko/20100101 Firefox/72.0"
151.106.173.252 - - [15/Apr/2025:08:48:09 +0200] "GET /cron.php?cron_type=tidy_warnings&sid=88769a54b096d915e34ac466b10d2992 HTTP/1.1" 404 290 "-" "Mozilla/5.0 (X11; Ubuntu; Linux x86_64; rv:72.0) Gecko/20100101 Firefox/72.0"
185.242.226.116 - - [15/Apr/2025:08:52:21 +0200] "\x16\x03\x01" 400 383 "-" "-"
154.81.156.54 - - [15/Apr/2025:08:52:33 +0200] "GET / HTTP/1.1" 200 274 "-" "Mozilla/5.0 (Windows NT 10.0; Win64; x64) AppleWebKit/537.36 (KHTML, like Gecko) Chrome/90.0.4430.85 Safari/537.36 Edg/90.0.818.46"
151.106.163.240 - - [15/Apr/2025:08:54:59 +0200] "GET /download/file.php?id=253&sid=fac9f86390e27881c82b1e0938db5b79 HTTP/1.1" 404 297 "-" "Mozilla/5.0 (X11; Ubuntu; Linux x86_64; rv:72.0) Gecko/20100101 Firefox/72.0"
151.106.163.240 - - [15/Apr/2025:08:54:59 +0200] "GET /download/file.php?id=253&sid=fac9f86390e27881c82b1e0938db5b79 HTTP/1.1" 404 297 "-" "Mozilla/5.0 (X11; Ubuntu; Linux x86_64; rv:72.0) Gecko/20100101 Firefox/72.0"
151.106.163.240 - - [15/Apr/2025:08:55:00 +0200] "GET /download/file.php?id=253&sid=fac9f86390e27881c82b1e0938db5b79 HTTP/1.1" 404 297 "-" "Mozilla/5.0 (X11; Ubuntu; Linux x86_64; rv:72.0) Gecko/20100101 Firefox/72.0"
151.106.162.214 - - [15/Apr/2025:08:56:32 +0200] "GET /styles/Factions/theme/images/tabstrip_faq.png HTTP/1.1" 404 316 "-" "Mozilla/5.0 (X11; Ubuntu; Linux x86_64; rv:72.0) Gecko/20100101 Firefox/72.0"
151.106.162.214 - - [15/Apr/2025:08:56:32 +0200] "GET /styles/Factions/theme/images/tabstrip_faq.png HTTP/1.1" 404 316 "-" "Mozilla/5.0 (X11; Ubuntu; Linux x86_64; rv:72.0) Gecko/20100101 Firefox/72.0"
151.106.162.214 - - [15/Apr/2025:08:56:33 +0200] "GET /styles/Factions/theme/images/tabstrip_faq.png HTTP/1.1" 404 316 "-" "Mozilla/5.0 (X11; Ubuntu; Linux x86_64; rv:72.0) Gecko/20100101 Firefox/72.0"
154.81.156.35 - - [15/Apr/2025:08:58:16 +0200] "GET / HTTP/1.1" 200 274 "-" "Mozilla/5.0 (Windows NT 10.0; Win64; x64) AppleWebKit/537.36 (KHTML, like Gecko) Chrome/90.0.4430.85 Safari/537.36 Edg/90.0.818.46"
112.194.91.6 - - [15/Apr/2025:08:59:52 +0200] "GET / HTTP/1.1" 200 274 "-" "Mozilla/5.0 (Windows NT 10.0; Win64; x64) AppleWebKit/537.36 (KHTML, like Gecko) Chrome/58.0.3029.110 Safari/537.3"
93.174.93.12 - - [15/Apr/2025:09:00:13 +0200] "GET / HTTP/1.0" 200 423 "-" "Mozilla/5.0 (X11; Linux x86_64) AppleWebKit/537.21 (KHTML, like Gecko) konqueror/4.14.10 Safari/537.21"
151.106.163.240 - - [15/Apr/2025:09:00:31 +0200] "GET /download/file.php?id=254&sid=a64ee32341bd27d175c1b2e2bc4968ca HTTP/1.1" 404 297 "-" "Mozilla/5.0 (X11; Ubuntu; Linux x86_64; rv:72.0) Gecko/20100101 Firefox/72.0"
151.106.163.240 - - [15/Apr/2025:09:00:32 +0200] "GET /download/file.php?id=254&sid=a64ee32341bd27d175c1b2e2bc4968ca HTTP/1.1" 404 297 "-" "Mozilla/5.0 (X11; Ubuntu; Linux x86_64; rv:72.0) Gecko/20100101 Firefox/72.0"
151.106.163.240 - - [15/Apr/2025:09:00:32 +0200] "GET /download/file.php?id=254&sid=a64ee32341bd27d175c1b2e2bc4968ca HTTP/1.1" 404 297 "-" "Mozilla/5.0 (X11; Ubuntu; Linux x86_64; rv:72.0) Gecko/20100101 Firefox/72.0"
154.81.156.54 - - [15/Apr/2025:09:14:46 +0200] "GET / HTTP/1.1" 200 274 "-" "Mozilla/5.0 (Windows NT 10.0; Win64; x64) AppleWebKit/537.36 (KHTML, like Gecko) Chrome/90.0.4430.85 Safari/537.36 Edg/90.0.818.46"
179.43.175.246 - - [15/Apr/2025:09:18:47 +0200] "GET / HTTP/1.1" 200 274 "-" "Mozilla/5.0 (Windows NT 10.0; Win64; x64) AppleWebKit/537.36 (KHTML, like Gecko) Chrome/115.0.0.0 Safari/537.36"
151.106.163.240 - - [15/Apr/2025:09:19:38 +0200] "GET /cron.php?cron_type=tidy_sessions&sid=17d2bbed982a739b18b8f5cfe4100453 HTTP/1.1" 404 290 "-" "Mozilla/5.0 (X11; Ubuntu; Linux x86_64; rv:72.0) Gecko/20100101 Firefox/72.0"
151.106.163.240 - - [15/Apr/2025:09:19:38 +0200] "GET /cron.php?cron_type=tidy_sessions&sid=17d2bbed982a739b18b8f5cfe4100453 HTTP/1.1" 404 290 "-" "Mozilla/5.0 (X11; Ubuntu; Linux x86_64; rv:72.0) Gecko/20100101 Firefox/72.0"
151.106.163.240 - - [15/Apr/2025:09:19:38 +0200] "GET /cron.php?cron_type=tidy_sessions&sid=17d2bbed982a739b18b8f5cfe4100453 HTTP/1.1" 404 290 "-" "Mozilla/5.0 (X11; Ubuntu; Linux x86_64; rv:72.0) Gecko/20100101 Firefox/72.0"
151.106.169.235 - - [15/Apr/2025:09:23:30 +0200] "GET /download/file.php?id=243&sid=c3ec394369796a26e3978757e76849c2 HTTP/1.1" 404 297 "-" "Mozilla/5.0 (X11; Ubuntu; Linux x86_64; rv:72.0) Gecko/20100101 Firefox/72.0"
151.106.169.235 - - [15/Apr/2025:09:23:30 +0200] "GET /download/file.php?id=243&sid=c3ec394369796a26e3978757e76849c2 HTTP/1.1" 404 297 "-" "Mozilla/5.0 (X11; Ubuntu; Linux x86_64; rv:72.0) Gecko/20100101 Firefox/72.0"
151.106.169.235 - - [15/Apr/2025:09:23:31 +0200] "GET /download/file.php?id=243&sid=c3ec394369796a26e3978757e76849c2 HTTP/1.1" 404 297 "-" "Mozilla/5.0 (X11; Ubuntu; Linux x86_64; rv:72.0) Gecko/20100101 Firefox/72.0"
154.81.156.54 - - [15/Apr/2025:09:25:25 +0200] "GET / HTTP/1.1" 200 274 "-" "Mozilla/5.0 (Windows NT 10.0; Win64; x64) AppleWebKit/537.36 (KHTML, like Gecko) Chrome/90.0.4430.85 Safari/537.36 Edg/90.0.818.46"
162.216.150.105 - - [15/Apr/2025:09:28:05 +0200] "GET / HTTP/1.1" 200 274 "-" "Expanse, a Palo Alto Networks company, searches across the global IPv4 space multiple times per day to identify customers' presences on the Internet. If you would like to be excluded from our scans, please send IP addresses/domains to: scaninfo@paloaltonetworks.com"
124.159.83.247 - - [15/Apr/2025:09:43:37 +0200] "GET / HTTP/1.0" 200 423 "-" "curl/7.88.1"
178.165.172.18 - - [15/Apr/2025:09:44:06 +0200] "GET /layout.php HTTP/1.1" 200 815 "-" "Mozilla/5.0 (Windows NT 10.0; Win64; x64; rv:137.0) Gecko/20100101 Firefox/137.0"
178.165.172.18 - - [15/Apr/2025:09:44:06 +0200] "GET /entry.php?id=10270 HTTP/1.1" 200 907 "http://hausegger.activities.at/layout.php" "Mozilla/5.0 (Windows NT 10.0; Win64; x64; rv:137.0) Gecko/20100101 Firefox/137.0"
