178.165.172.18 - - [15/Apr/2025:10:42:33 +0200] "GET /gui/javascript/form_form.js?1744706553 HTTP/1.1" 200 16206 "http://hausegger.activities.at/entry.php?id=10271&&ser=706493" "Mozilla/5.0 (Windows NT 10.0; Win64; x64; rv:137.0) Gecko/20100101 Firefox/137.0"
178.165.172.18 - - [15/Apr/2025:10:43:33 +0200] "GET /entry.php?id=10271&&ser=706553 HTTP/1.1" 200 986 "http://hausegger.activities.at/entry.php?id=10271&&ser=706493" "Mozilla/5.0 (Windows NT 10.0; Win64; x64; rv:137.0) Gecko/20100101 Firefox/137.0"
178.165.172.18 - - [15/Apr/2025:10:43:34 +0200] "GET /gui/javascript/form_form.js?1744706613 HTTP/1.1" 200 16206 "http://hausegger.activities.at/entry.php?id=10271&&ser=706553" "Mozilla/5.0 (Windows NT 10.0; Win64; x64; rv:137.0) Gecko/20100101 Firefox/137.0"
178.165.172.18 - - [15/Apr/2025:10:44:34 +0200] "GET /entry.php?id=10271&&ser=706613 HTTP/1.1" 200 986 "http://hausegger.activities.at/entry.php?id=10271&&ser=706553" "Mozilla/5.0 (Windows NT 10.0; Win64; x64; rv:137.0) Gecko/20100101 Firefox/137.0"
178.165.172.18 - - [15/Apr/2025:10:44:34 +0200] "GET /gui/javascript/form_form.js?1744706674 HTTP/1.1" 200 16206 "http://hausegger.activities.at/entry.php?id=10271&&ser=706613" "Mozilla/5.0 (Windows NT 10.0; Win64; x64; rv:137.0) Gecko/20100101 Firefox/137.0"
178.165.172.18 - - [15/Apr/2025:10:45:34 +0200] "GET /entry.php?id=10271&&ser=706674 HTTP/1.1" 200 986 "http://hausegger.activities.at/entry.php?id=10271&&ser=706613" "Mozilla/5.0 (Windows NT 10.0; Win64; x64; rv:137.0) Gecko/20100101 Firefox/137.0"
178.165.172.18 - - [15/Apr/2025:10:45:34 +0200] "GET /gui/javascript/form_form.js?1744706734 HTTP/1.1" 200 16206 "http://hausegger.activities.at/entry.php?id=10271&&ser=706674" "Mozilla/5.0 (Windows NT 10.0; Win64; x64; rv:137.0) Gecko/20100101 Firefox/137.0"
178.165.172.18 - - [15/Apr/2025:10:46:34 +0200] "GET /entry.php?id=10271&&ser=706734 HTTP/1.1" 200 986 "http://hausegger.activities.at/entry.php?id=10271&&ser=706674" "Mozilla/5.0 (Windows NT 10.0; Win64; x64; rv:137.0) Gecko/20100101 Firefox/137.0"
178.165.172.18 - - [15/Apr/2025:10:46:34 +0200] "GET /gui/javascript/form_form.js?1744706794 HTTP/1.1" 200 16206 "http://hausegger.activities.at/entry.php?id=10271&&ser=706734" "Mozilla/5.0 (Windows NT 10.0; Win64; x64; rv:137.0) Gecko/20100101 Firefox/137.0"
178.165.172.18 - - [15/Apr/2025:10:47:35 +0200] "GET /entry.php?id=10271&&ser=706794 HTTP/1.1" 200 986 "http://hausegger.activities.at/entry.php?id=10271&&ser=706734" "Mozilla/5.0 (Windows NT 10.0; Win64; x64; rv:137.0) Gecko/20100101 Firefox/137.0"
178.165.172.18 - - [15/Apr/2025:10:47:35 +0200] "GET /gui/javascript/form_form.js?1744706855 HTTP/1.1" 200 16206 "http://hausegger.activities.at/entry.php?id=10271&&ser=706794" "Mozilla/5.0 (Windows NT 10.0; Win64; x64; rv:137.0) Gecko/20100101 Firefox/137.0"
178.165.172.18 - - [15/Apr/2025:10:48:35 +0200] "GET /entry.php?id=10271&&ser=706855 HTTP/1.1" 200 985 "http://hausegger.activities.at/entry.php?id=10271&&ser=706794" "Mozilla/5.0 (Windows NT 10.0; Win64; x64; rv:137.0) Gecko/20100101 Firefox/137.0"
178.165.172.18 - - [15/Apr/2025:10:48:35 +0200] "GET /gui/javascript/form_form.js?1744706915 HTTP/1.1" 200 16206 "http://hausegger.activities.at/entry.php?id=10271&&ser=706855" "Mozilla/5.0 (Windows NT 10.0; Win64; x64; rv:137.0) Gecko/20100101 Firefox/137.0"
178.165.172.18 - - [15/Apr/2025:10:49:35 +0200] "GET /entry.php?id=10271&&ser=706915 HTTP/1.1" 200 985 "http://hausegger.activities.at/entry.php?id=10271&&ser=706855" "Mozilla/5.0 (Windows NT 10.0; Win64; x64; rv:137.0) Gecko/20100101 Firefox/137.0"
178.165.172.18 - - [15/Apr/2025:10:49:35 +0200] "GET /gui/javascript/form_form.js?1744706975 HTTP/1.1" 200 16206 "http://hausegger.activities.at/entry.php?id=10271&&ser=706915" "Mozilla/5.0 (Windows NT 10.0; Win64; x64; rv:137.0) Gecko/20100101 Firefox/137.0"
154.81.156.54 - - [15/Apr/2025:10:49:52 +0200] "GET / HTTP/1.1" 200 274 "-" "Mozilla/5.0 (Windows NT 10.0; Win64; x64) AppleWebKit/537.36 (KHTML, like Gecko) Chrome/90.0.4430.85 Safari/537.36 Edg/90.0.818.46"
178.165.172.18 - - [15/Apr/2025:10:50:36 +0200] "GET /entry.php?id=10271&&ser=706975 HTTP/1.1" 200 985 "http://hausegger.activities.at/entry.php?id=10271&&ser=706915" "Mozilla/5.0 (Windows NT 10.0; Win64; x64; rv:137.0) Gecko/20100101 Firefox/137.0"
178.165.172.18 - - [15/Apr/2025:10:50:36 +0200] "GET /gui/javascript/form_form.js?1744707036 HTTP/1.1" 200 16206 "http://hausegger.activities.at/entry.php?id=10271&&ser=706975" "Mozilla/5.0 (Windows NT 10.0; Win64; x64; rv:137.0) Gecko/20100101 Firefox/137.0"
178.165.172.18 - - [15/Apr/2025:10:51:36 +0200] "GET /entry.php?id=10271&&ser=707036 HTTP/1.1" 200 986 "http://hausegger.activities.at/entry.php?id=10271&&ser=706975" "Mozilla/5.0 (Windows NT 10.0; Win64; x64; rv:137.0) Gecko/20100101 Firefox/137.0"
178.165.172.18 - - [15/Apr/2025:10:51:36 +0200] "GET /gui/javascript/form_form.js?1744707096 HTTP/1.1" 200 16206 "http://hausegger.activities.at/entry.php?id=10271&&ser=707036" "Mozilla/5.0 (Windows NT 10.0; Win64; x64; rv:137.0) Gecko/20100101 Firefox/137.0"
178.165.172.18 - - [15/Apr/2025:10:52:36 +0200] "GET /entry.php?id=10271&&ser=707096 HTTP/1.1" 200 986 "http://hausegger.activities.at/entry.php?id=10271&&ser=707036" "Mozilla/5.0 (Windows NT 10.0; Win64; x64; rv:137.0) Gecko/20100101 Firefox/137.0"
178.165.172.18 - - [15/Apr/2025:10:52:36 +0200] "GET /gui/javascript/form_form.js?1744707156 HTTP/1.1" 200 16206 "http://hausegger.activities.at/entry.php?id=10271&&ser=707096" "Mozilla/5.0 (Windows NT 10.0; Win64; x64; rv:137.0) Gecko/20100101 Firefox/137.0"
178.165.172.18 - - [15/Apr/2025:10:53:37 +0200] "GET /entry.php?id=10271&&ser=707156 HTTP/1.1" 200 986 "http://hausegger.activities.at/entry.php?id=10271&&ser=707096" "Mozilla/5.0 (Windows NT 10.0; Win64; x64; rv:137.0) Gecko/20100101 Firefox/137.0"
178.165.172.18 - - [15/Apr/2025:10:53:37 +0200] "GET /gui/javascript/form_form.js?1744707217 HTTP/1.1" 200 16206 "http://hausegger.activities.at/entry.php?id=10271&&ser=707156" "Mozilla/5.0 (Windows NT 10.0; Win64; x64; rv:137.0) Gecko/20100101 Firefox/137.0"
178.165.172.18 - - [15/Apr/2025:10:54:37 +0200] "GET /entry.php?id=10271&&ser=707217 HTTP/1.1" 200 986 "http://hausegger.activities.at/entry.php?id=10271&&ser=707156" "Mozilla/5.0 (Windows NT 10.0; Win64; x64; rv:137.0) Gecko/20100101 Firefox/137.0"
178.165.172.18 - - [15/Apr/2025:10:54:37 +0200] "GET /gui/javascript/form_form.js?1744707277 HTTP/1.1" 200 16206 "http://hausegger.activities.at/entry.php?id=10271&&ser=707217" "Mozilla/5.0 (Windows NT 10.0; Win64; x64; rv:137.0) Gecko/20100101 Firefox/137.0"
178.165.172.18 - - [15/Apr/2025:10:55:37 +0200] "GET /entry.php?id=10271&&ser=707277 HTTP/1.1" 200 986 "http://hausegger.activities.at/entry.php?id=10271&&ser=707217" "Mozilla/5.0 (Windows NT 10.0; Win64; x64; rv:137.0) Gecko/20100101 Firefox/137.0"
178.165.172.18 - - [15/Apr/2025:10:55:37 +0200] "GET /gui/javascript/form_form.js?1744707337 HTTP/1.1" 200 16206 "http://hausegger.activities.at/entry.php?id=10271&&ser=707277" "Mozilla/5.0 (Windows NT 10.0; Win64; x64; rv:137.0) Gecko/20100101 Firefox/137.0"
154.212.141.138 - - [15/Apr/2025:10:56:36 +0200] "GET / HTTP/1.1" 200 423 "-" "-"
154.212.141.138 - - [15/Apr/2025:10:56:36 +0200] "GET /v1 HTTP/1.1" 404 347 "-" "-"
154.212.141.138 - - [15/Apr/2025:10:56:37 +0200] "GET / HTTP/1.1" 200 423 "-" "-"
178.165.172.18 - - [15/Apr/2025:10:56:38 +0200] "GET /entry.php?id=10271&&ser=707337 HTTP/1.1" 200 986 "http://hausegger.activities.at/entry.php?id=10271&&ser=707277" "Mozilla/5.0 (Windows NT 10.0; Win64; x64; rv:137.0) Gecko/20100101 Firefox/137.0"
178.165.172.18 - - [15/Apr/2025:10:56:38 +0200] "GET /gui/javascript/form_form.js?1744707398 HTTP/1.1" 200 16206 "http://hausegger.activities.at/entry.php?id=10271&&ser=707337" "Mozilla/5.0 (Windows NT 10.0; Win64; x64; rv:137.0) Gecko/20100101 Firefox/137.0"
178.165.172.18 - - [15/Apr/2025:10:57:38 +0200] "GET /entry.php?id=10271&&ser=707398 HTTP/1.1" 200 986 "http://hausegger.activities.at/entry.php?id=10271&&ser=707337" "Mozilla/5.0 (Windows NT 10.0; Win64; x64; rv:137.0) Gecko/20100101 Firefox/137.0"
178.165.172.18 - - [15/Apr/2025:10:57:38 +0200] "GET /gui/javascript/form_form.js?1744707458 HTTP/1.1" 200 16206 "http://hausegger.activities.at/entry.php?id=10271&&ser=707398" "Mozilla/5.0 (Windows NT 10.0; Win64; x64; rv:137.0) Gecko/20100101 Firefox/137.0"
151.106.164.42 - - [15/Apr/2025:10:57:39 +0200] "GET /download/file.php?id=254&sid=4af7780528aa77dddb0404880afd95b6 HTTP/1.1" 404 297 "-" "Mozilla/5.0 (X11; Ubuntu; Linux x86_64; rv:72.0) Gecko/20100101 Firefox/72.0"
151.106.164.42 - - [15/Apr/2025:10:57:39 +0200] "GET /download/file.php?id=254&sid=4af7780528aa77dddb0404880afd95b6 HTTP/1.1" 404 297 "-" "Mozilla/5.0 (X11; Ubuntu; Linux x86_64; rv:72.0) Gecko/20100101 Firefox/72.0"
151.106.164.42 - - [15/Apr/2025:10:57:40 +0200] "GET /download/file.php?id=254&sid=4af7780528aa77dddb0404880afd95b6 HTTP/1.1" 404 297 "-" "Mozilla/5.0 (X11; Ubuntu; Linux x86_64; rv:72.0) Gecko/20100101 Firefox/72.0"
151.106.186.76 - - [15/Apr/2025:10:58:10 +0200] "GET /download/file.php?id=253&sid=fb02aa5864cff41d06b093a0164bec7d HTTP/1.1" 404 297 "-" "Mozilla/5.0 (X11; Ubuntu; Linux x86_64; rv:72.0) Gecko/20100101 Firefox/72.0"
151.106.186.76 - - [15/Apr/2025:10:58:11 +0200] "GET /download/file.php?id=253&sid=fb02aa5864cff41d06b093a0164bec7d HTTP/1.1" 404 297 "-" "Mozilla/5.0 (X11; Ubuntu; Linux x86_64; rv:72.0) Gecko/20100101 Firefox/72.0"
151.106.186.76 - - [15/Apr/2025:10:58:11 +0200] "GET /download/file.php?id=253&sid=fb02aa5864cff41d06b093a0164bec7d HTTP/1.1" 404 297 "-" "Mozilla/5.0 (X11; Ubuntu; Linux x86_64; rv:72.0) Gecko/20100101 Firefox/72.0"
178.165.172.18 - - [15/Apr/2025:10:58:38 +0200] "GET /entry.php?id=10271&&ser=707458 HTTP/1.1" 200 985 "http://hausegger.activities.at/entry.php?id=10271&&ser=707398" "Mozilla/5.0 (Windows NT 10.0; Win64; x64; rv:137.0) Gecko/20100101 Firefox/137.0"
178.165.172.18 - - [15/Apr/2025:10:58:38 +0200] "GET /gui/javascript/form_form.js?1744707518 HTTP/1.1" 200 16206 "http://hausegger.activities.at/entry.php?id=10271&&ser=707458" "Mozilla/5.0 (Windows NT 10.0; Win64; x64; rv:137.0) Gecko/20100101 Firefox/137.0"
92.255.57.45 - - [15/Apr/2025:10:58:46 +0200] "\x16\x03\x02\x01o\x01" 400 383 "-" "-"
178.165.172.18 - - [15/Apr/2025:10:59:39 +0200] "GET /entry.php?id=10271&&ser=707518 HTTP/1.1" 200 986 "http://hausegger.activities.at/entry.php?id=10271&&ser=707458" "Mozilla/5.0 (Windows NT 10.0; Win64; x64; rv:137.0) Gecko/20100101 Firefox/137.0"
178.165.172.18 - - [15/Apr/2025:10:59:39 +0200] "GET /gui/javascript/form_form.js?1744707579 HTTP/1.1" 200 16206 "http://hausegger.activities.at/entry.php?id=10271&&ser=707518" "Mozilla/5.0 (Windows NT 10.0; Win64; x64; rv:137.0) Gecko/20100101 Firefox/137.0"
178.165.172.18 - - [15/Apr/2025:11:00:39 +0200] "GET /entry.php?id=10271&&ser=707579 HTTP/1.1" 200 986 "http://hausegger.activities.at/entry.php?id=10271&&ser=707518" "Mozilla/5.0 (Windows NT 10.0; Win64; x64; rv:137.0) Gecko/20100101 Firefox/137.0"
178.165.172.18 - - [15/Apr/2025:11:00:39 +0200] "GET /gui/javascript/form_form.js?1744707639 HTTP/1.1" 200 16206 "http://hausegger.activities.at/entry.php?id=10271&&ser=707579" "Mozilla/5.0 (Windows NT 10.0; Win64; x64; rv:137.0) Gecko/20100101 Firefox/137.0"
156.59.198.135 - - [15/Apr/2025:11:01:14 +0200] "GET /renault.activities.at/htdocs/export/pdf/emuc_document/11053576.pdf HTTP/1.0" 404 323 "-" "Mozilla/5.0 (Linux; Android 5.0) AppleWebKit/537.36 (KHTML, like Gecko) Mobile Safari/537.36 (compatible; Bytespider; spider-feedback@bytedance.com)"
47.128.44.243 - - [15/Apr/2025:11:01:23 +0200] "GET /robots.txt HTTP/1.1" 404 284 "-" "Mozilla/5.0 (Linux; Android 5.0) AppleWebKit/537.36 (KHTML, like Gecko) Mobile Safari/537.36 (compatible; Bytespider; spider-feedback@bytedance.com)"
47.128.49.234 - - [15/Apr/2025:11:01:32 +0200] "GET /robots.txt HTTP/1.1" 404 284 "-" "Mozilla/5.0 (Linux; Android 5.0) AppleWebKit/537.36 (KHTML, like Gecko) Mobile Safari/537.36 (compatible; Bytespider; spider-feedback@bytedance.com)"
178.165.172.18 - - [15/Apr/2025:11:01:39 +0200] "GET /entry.php?id=10271&&ser=707639 HTTP/1.1" 200 986 "http://hausegger.activities.at/entry.php?id=10271&&ser=707579" "Mozilla/5.0 (Windows NT 10.0; Win64; x64; rv:137.0) Gecko/20100101 Firefox/137.0"
178.165.172.18 - - [15/Apr/2025:11:01:39 +0200] "GET /gui/javascript/form_form.js?1744707699 HTTP/1.1" 200 16206 "http://hausegger.activities.at/entry.php?id=10271&&ser=707639" "Mozilla/5.0 (Windows NT 10.0; Win64; x64; rv:137.0) Gecko/20100101 Firefox/137.0"
47.128.97.244 - - [15/Apr/2025:11:01:52 +0200] "GET /robots.txt HTTP/1.1" 404 284 "-" "Mozilla/5.0 (Linux; Android 5.0) AppleWebKit/537.36 (KHTML, like Gecko) Mobile Safari/537.36 (compatible; Bytespider; spider-feedback@bytedance.com)"
47.128.126.248 - - [15/Apr/2025:11:02:02 +0200] "GET /robots.txt HTTP/1.1" 404 284 "-" "Mozilla/5.0 (Linux; Android 5.0) AppleWebKit/537.36 (KHTML, like Gecko) Mobile Safari/537.36 (compatible; Bytespider; spider-feedback@bytedance.com)"
178.165.172.18 - - [15/Apr/2025:11:02:40 +0200] "GET /entry.php?id=10271&&ser=707699 HTTP/1.1" 200 986 "http://hausegger.activities.at/entry.php?id=10271&&ser=707639" "Mozilla/5.0 (Windows NT 10.0; Win64; x64; rv:137.0) Gecko/20100101 Firefox/137.0"
178.165.172.18 - - [15/Apr/2025:11:02:40 +0200] "GET /gui/javascript/form_form.js?1744707760 HTTP/1.1" 200 16206 "http://hausegger.activities.at/entry.php?id=10271&&ser=707699" "Mozilla/5.0 (Windows NT 10.0; Win64; x64; rv:137.0) Gecko/20100101 Firefox/137.0"
154.81.156.34 - - [15/Apr/2025:11:03:34 +0200] "GET / HTTP/1.1" 200 274 "-" "Mozilla/5.0 (Windows NT 10.0; Win64; x64) AppleWebKit/537.36 (KHTML, like Gecko) Chrome/90.0.4430.85 Safari/537.36 Edg/90.0.818.46"
178.165.172.18 - - [15/Apr/2025:11:03:40 +0200] "GET /entry.php?id=10271&&ser=707760 HTTP/1.1" 200 985 "http://hausegger.activities.at/entry.php?id=10271&&ser=707699" "Mozilla/5.0 (Windows NT 10.0; Win64; x64; rv:137.0) Gecko/20100101 Firefox/137.0"
178.165.172.18 - - [15/Apr/2025:11:03:40 +0200] "GET /gui/javascript/form_form.js?1744707820 HTTP/1.1" 200 16206 "http://hausegger.activities.at/entry.php?id=10271&&ser=707760" "Mozilla/5.0 (Windows NT 10.0; Win64; x64; rv:137.0) Gecko/20100101 Firefox/137.0"
178.165.172.18 - - [15/Apr/2025:11:04:40 +0200] "GET /entry.php?id=10271&&ser=707820 HTTP/1.1" 200 985 "http://hausegger.activities.at/entry.php?id=10271&&ser=707760" "Mozilla/5.0 (Windows NT 10.0; Win64; x64; rv:137.0) Gecko/20100101 Firefox/137.0"
178.165.172.18 - - [15/Apr/2025:11:04:40 +0200] "GET /gui/javascript/form_form.js?1744707880 HTTP/1.1" 200 16206 "http://hausegger.activities.at/entry.php?id=10271&&ser=707820" "Mozilla/5.0 (Windows NT 10.0; Win64; x64; rv:137.0) Gecko/20100101 Firefox/137.0"
178.165.172.18 - - [15/Apr/2025:11:05:40 +0200] "GET /entry.php?id=10271&&ser=707880 HTTP/1.1" 200 985 "http://hausegger.activities.at/entry.php?id=10271&&ser=707820" "Mozilla/5.0 (Windows NT 10.0; Win64; x64; rv:137.0) Gecko/20100101 Firefox/137.0"
178.165.172.18 - - [15/Apr/2025:11:05:41 +0200] "GET /gui/javascript/form_form.js?1744707941 HTTP/1.1" 200 16206 "http://hausegger.activities.at/entry.php?id=10271&&ser=707880" "Mozilla/5.0 (Windows NT 10.0; Win64; x64; rv:137.0) Gecko/20100101 Firefox/137.0"
178.165.172.18 - - [15/Apr/2025:11:06:41 +0200] "GET /entry.php?id=10271&&ser=707941 HTTP/1.1" 200 985 "http://hausegger.activities.at/entry.php?id=10271&&ser=707880" "Mozilla/5.0 (Windows NT 10.0; Win64; x64; rv:137.0) Gecko/20100101 Firefox/137.0"
178.165.172.18 - - [15/Apr/2025:11:06:41 +0200] "GET /gui/javascript/form_form.js?1744708001 HTTP/1.1" 200 16206 "http://hausegger.activities.at/entry.php?id=10271&&ser=707941" "Mozilla/5.0 (Windows NT 10.0; Win64; x64; rv:137.0) Gecko/20100101 Firefox/137.0"
178.165.172.18 - - [15/Apr/2025:11:07:41 +0200] "GET /entry.php?id=10271&&ser=708001 HTTP/1.1" 200 985 "http://hausegger.activities.at/entry.php?id=10271&&ser=707941" "Mozilla/5.0 (Windows NT 10.0; Win64; x64; rv:137.0) Gecko/20100101 Firefox/137.0"
178.165.172.18 - - [15/Apr/2025:11:07:41 +0200] "GET /gui/javascript/form_form.js?1744708061 HTTP/1.1" 200 16206 "http://hausegger.activities.at/entry.php?id=10271&&ser=708001" "Mozilla/5.0 (Windows NT 10.0; Win64; x64; rv:137.0) Gecko/20100101 Firefox/137.0"
154.81.156.54 - - [15/Apr/2025:11:08:17 +0200] "GET / HTTP/1.1" 200 274 "-" "Mozilla/5.0 (Windows NT 10.0; Win64; x64) AppleWebKit/537.36 (KHTML, like Gecko) Chrome/90.0.4430.85 Safari/537.36 Edg/90.0.818.46"
178.165.172.18 - - [15/Apr/2025:11:08:41 +0200] "GET /entry.php?id=10271&&ser=708061 HTTP/1.1" 200 985 "http://hausegger.activities.at/entry.php?id=10271&&ser=708001" "Mozilla/5.0 (Windows NT 10.0; Win64; x64; rv:137.0) Gecko/20100101 Firefox/137.0"
178.165.172.18 - - [15/Apr/2025:11:08:42 +0200] "GET /gui/javascript/form_form.js?1744708122 HTTP/1.1" 200 16206 "http://hausegger.activities.at/entry.php?id=10271&&ser=708061" "Mozilla/5.0 (Windows NT 10.0; Win64; x64; rv:137.0) Gecko/20100101 Firefox/137.0"
178.165.172.18 - - [15/Apr/2025:11:09:42 +0200] "GET /entry.php?id=10271&&ser=708122 HTTP/1.1" 200 985 "http://hausegger.activities.at/entry.php?id=10271&&ser=708061" "Mozilla/5.0 (Windows NT 10.0; Win64; x64; rv:137.0) Gecko/20100101 Firefox/137.0"
178.165.172.18 - - [15/Apr/2025:11:09:42 +0200] "GET /gui/javascript/form_form.js?1744708182 HTTP/1.1" 200 16206 "http://hausegger.activities.at/entry.php?id=10271&&ser=708122" "Mozilla/5.0 (Windows NT 10.0; Win64; x64; rv:137.0) Gecko/20100101 Firefox/137.0"
178.165.172.18 - - [15/Apr/2025:11:10:42 +0200] "GET /entry.php?id=10271&&ser=708182 HTTP/1.1" 200 985 "http://hausegger.activities.at/entry.php?id=10271&&ser=708122" "Mozilla/5.0 (Windows NT 10.0; Win64; x64; rv:137.0) Gecko/20100101 Firefox/137.0"
178.165.172.18 - - [15/Apr/2025:11:10:42 +0200] "GET /gui/javascript/form_form.js?1744708242 HTTP/1.1" 200 16206 "http://hausegger.activities.at/entry.php?id=10271&&ser=708182" "Mozilla/5.0 (Windows NT 10.0; Win64; x64; rv:137.0) Gecko/20100101 Firefox/137.0"
178.165.172.18 - - [15/Apr/2025:11:11:42 +0200] "GET /entry.php?id=10271&&ser=708242 HTTP/1.1" 200 985 "http://hausegger.activities.at/entry.php?id=10271&&ser=708182" "Mozilla/5.0 (Windows NT 10.0; Win64; x64; rv:137.0) Gecko/20100101 Firefox/137.0"
178.165.172.18 - - [15/Apr/2025:11:11:43 +0200] "GET /gui/javascript/form_form.js?1744708303 HTTP/1.1" 200 16206 "http://hausegger.activities.at/entry.php?id=10271&&ser=708242" "Mozilla/5.0 (Windows NT 10.0; Win64; x64; rv:137.0) Gecko/20100101 Firefox/137.0"
178.165.172.18 - - [15/Apr/2025:11:12:43 +0200] "GET /entry.php?id=10271&&ser=708303 HTTP/1.1" 200 986 "http://hausegger.activities.at/entry.php?id=10271&&ser=708242" "Mozilla/5.0 (Windows NT 10.0; Win64; x64; rv:137.0) Gecko/20100101 Firefox/137.0"
178.165.172.18 - - [15/Apr/2025:11:12:43 +0200] "GET /gui/javascript/form_form.js?1744708363 HTTP/1.1" 200 16206 "http://hausegger.activities.at/entry.php?id=10271&&ser=708303" "Mozilla/5.0 (Windows NT 10.0; Win64; x64; rv:137.0) Gecko/20100101 Firefox/137.0"
178.165.172.18 - - [15/Apr/2025:11:13:43 +0200] "GET /entry.php?id=10271&&ser=708363 HTTP/1.1" 200 986 "http://hausegger.activities.at/entry.php?id=10271&&ser=708303" "Mozilla/5.0 (Windows NT 10.0; Win64; x64; rv:137.0) Gecko/20100101 Firefox/137.0"
178.165.172.18 - - [15/Apr/2025:11:13:43 +0200] "GET /gui/javascript/form_form.js?1744708423 HTTP/1.1" 200 16206 "http://hausegger.activities.at/entry.php?id=10271&&ser=708363" "Mozilla/5.0 (Windows NT 10.0; Win64; x64; rv:137.0) Gecko/20100101 Firefox/137.0"
178.165.172.18 - - [15/Apr/2025:11:14:43 +0200] "GET /entry.php?id=10271&&ser=708423 HTTP/1.1" 200 985 "http://hausegger.activities.at/entry.php?id=10271&&ser=708363" "Mozilla/5.0 (Windows NT 10.0; Win64; x64; rv:137.0) Gecko/20100101 Firefox/137.0"
178.165.172.18 - - [15/Apr/2025:11:14:44 +0200] "GET /gui/javascript/form_form.js?1744708484 HTTP/1.1" 200 16206 "http://hausegger.activities.at/entry.php?id=10271&&ser=708423" "Mozilla/5.0 (Windows NT 10.0; Win64; x64; rv:137.0) Gecko/20100101 Firefox/137.0"
178.165.172.18 - - [15/Apr/2025:11:15:44 +0200] "GET /entry.php?id=10271&&ser=708484 HTTP/1.1" 200 986 "http://hausegger.activities.at/entry.php?id=10271&&ser=708423" "Mozilla/5.0 (Windows NT 10.0; Win64; x64; rv:137.0) Gecko/20100101 Firefox/137.0"
178.165.172.18 - - [15/Apr/2025:11:15:44 +0200] "GET /gui/javascript/form_form.js?1744708544 HTTP/1.1" 200 16206 "http://hausegger.activities.at/entry.php?id=10271&&ser=708484" "Mozilla/5.0 (Windows NT 10.0; Win64; x64; rv:137.0) Gecko/20100101 Firefox/137.0"
178.165.172.18 - - [15/Apr/2025:11:16:44 +0200] "GET /entry.php?id=10271&&ser=708544 HTTP/1.1" 200 985 "http://hausegger.activities.at/entry.php?id=10271&&ser=708484" "Mozilla/5.0 (Windows NT 10.0; Win64; x64; rv:137.0) Gecko/20100101 Firefox/137.0"
178.165.172.18 - - [15/Apr/2025:11:16:44 +0200] "GET /gui/javascript/form_form.js?1744708604 HTTP/1.1" 200 16206 "http://hausegger.activities.at/entry.php?id=10271&&ser=708544" "Mozilla/5.0 (Windows NT 10.0; Win64; x64; rv:137.0) Gecko/20100101 Firefox/137.0"
178.165.172.18 - - [15/Apr/2025:11:17:44 +0200] "GET /entry.php?id=10271&&ser=708604 HTTP/1.1" 200 986 "http://hausegger.activities.at/entry.php?id=10271&&ser=708544" "Mozilla/5.0 (Windows NT 10.0; Win64; x64; rv:137.0) Gecko/20100101 Firefox/137.0"
178.165.172.18 - - [15/Apr/2025:11:17:45 +0200] "GET /gui/javascript/form_form.js?1744708664 HTTP/1.1" 200 16206 "http://hausegger.activities.at/entry.php?id=10271&&ser=708604" "Mozilla/5.0 (Windows NT 10.0; Win64; x64; rv:137.0) Gecko/20100101 Firefox/137.0"
178.165.172.18 - - [15/Apr/2025:11:18:45 +0200] "GET /entry.php?id=10271&&ser=708664 HTTP/1.1" 200 985 "http://hausegger.activities.at/entry.php?id=10271&&ser=708604" "Mozilla/5.0 (Windows NT 10.0; Win64; x64; rv:137.0) Gecko/20100101 Firefox/137.0"
178.165.172.18 - - [15/Apr/2025:11:18:45 +0200] "GET /gui/javascript/form_form.js?1744708725 HTTP/1.1" 200 16206 "http://hausegger.activities.at/entry.php?id=10271&&ser=708664" "Mozilla/5.0 (Windows NT 10.0; Win64; x64; rv:137.0) Gecko/20100101 Firefox/137.0"
178.165.172.18 - - [15/Apr/2025:11:19:45 +0200] "GET /entry.php?id=10271&&ser=708725 HTTP/1.1" 200 985 "http://hausegger.activities.at/entry.php?id=10271&&ser=708664" "Mozilla/5.0 (Windows NT 10.0; Win64; x64; rv:137.0) Gecko/20100101 Firefox/137.0"
178.165.172.18 - - [15/Apr/2025:11:19:45 +0200] "GET /gui/javascript/form_form.js?1744708785 HTTP/1.1" 200 16206 "http://hausegger.activities.at/entry.php?id=10271&&ser=708725" "Mozilla/5.0 (Windows NT 10.0; Win64; x64; rv:137.0) Gecko/20100101 Firefox/137.0"
178.165.172.18 - - [15/Apr/2025:11:20:45 +0200] "GET /entry.php?id=10271&&ser=708785 HTTP/1.1" 200 985 "http://hausegger.activities.at/entry.php?id=10271&&ser=708725" "Mozilla/5.0 (Windows NT 10.0; Win64; x64; rv:137.0) Gecko/20100101 Firefox/137.0"
178.165.172.18 - - [15/Apr/2025:11:20:46 +0200] "GET /gui/javascript/form_form.js?1744708845 HTTP/1.1" 200 16206 "http://hausegger.activities.at/entry.php?id=10271&&ser=708785" "Mozilla/5.0 (Windows NT 10.0; Win64; x64; rv:137.0) Gecko/20100101 Firefox/137.0"
178.165.172.18 - - [15/Apr/2025:11:21:46 +0200] "GET /entry.php?id=10271&&ser=708845 HTTP/1.1" 200 985 "http://hausegger.activities.at/entry.php?id=10271&&ser=708785" "Mozilla/5.0 (Windows NT 10.0; Win64; x64; rv:137.0) Gecko/20100101 Firefox/137.0"
178.165.172.18 - - [15/Apr/2025:11:21:46 +0200] "GET /gui/javascript/form_form.js?1744708906 HTTP/1.1" 200 16206 "http://hausegger.activities.at/entry.php?id=10271&&ser=708845" "Mozilla/5.0 (Windows NT 10.0; Win64; x64; rv:137.0) Gecko/20100101 Firefox/137.0"
178.165.172.18 - - [15/Apr/2025:11:22:46 +0200] "GET /entry.php?id=10271&&ser=708906 HTTP/1.1" 200 986 "http://hausegger.activities.at/entry.php?id=10271&&ser=708845" "Mozilla/5.0 (Windows NT 10.0; Win64; x64; rv:137.0) Gecko/20100101 Firefox/137.0"
178.165.172.18 - - [15/Apr/2025:11:22:46 +0200] "GET /gui/javascript/form_form.js?1744708966 HTTP/1.1" 200 16206 "http://hausegger.activities.at/entry.php?id=10271&&ser=708906" "Mozilla/5.0 (Windows NT 10.0; Win64; x64; rv:137.0) Gecko/20100101 Firefox/137.0"
178.165.172.18 - - [15/Apr/2025:11:23:46 +0200] "GET /entry.php?id=10271&&ser=708966 HTTP/1.1" 200 986 "http://hausegger.activities.at/entry.php?id=10271&&ser=708906" "Mozilla/5.0 (Windows NT 10.0; Win64; x64; rv:137.0) Gecko/20100101 Firefox/137.0"
178.165.172.18 - - [15/Apr/2025:11:23:46 +0200] "GET /gui/javascript/form_form.js?1744709026 HTTP/1.1" 200 16206 "http://hausegger.activities.at/entry.php?id=10271&&ser=708966" "Mozilla/5.0 (Windows NT 10.0; Win64; x64; rv:137.0) Gecko/20100101 Firefox/137.0"
178.165.172.18 - - [15/Apr/2025:11:24:47 +0200] "GET /entry.php?id=10271&&ser=709026 HTTP/1.1" 200 985 "http://hausegger.activities.at/entry.php?id=10271&&ser=708966" "Mozilla/5.0 (Windows NT 10.0; Win64; x64; rv:137.0) Gecko/20100101 Firefox/137.0"
178.165.172.18 - - [15/Apr/2025:11:24:47 +0200] "GET /gui/javascript/form_form.js?1744709087 HTTP/1.1" 200 16206 "http://hausegger.activities.at/entry.php?id=10271&&ser=709026" "Mozilla/5.0 (Windows NT 10.0; Win64; x64; rv:137.0) Gecko/20100101 Firefox/137.0"
151.106.163.240 - - [15/Apr/2025:11:25:02 +0200] "GET /cron.php?cron_type=tidy_cache&sid=9a28ea45df9da21d3769718beaf5e174 HTTP/1.1" 404 290 "-" "Mozilla/5.0 (X11; Ubuntu; Linux x86_64; rv:72.0) Gecko/20100101 Firefox/72.0"
151.106.163.240 - - [15/Apr/2025:11:25:02 +0200] "GET /cron.php?cron_type=tidy_cache&sid=9a28ea45df9da21d3769718beaf5e174 HTTP/1.1" 404 290 "-" "Mozilla/5.0 (X11; Ubuntu; Linux x86_64; rv:72.0) Gecko/20100101 Firefox/72.0"
151.106.163.240 - - [15/Apr/2025:11:25:03 +0200] "GET /cron.php?cron_type=tidy_cache&sid=9a28ea45df9da21d3769718beaf5e174 HTTP/1.1" 404 290 "-" "Mozilla/5.0 (X11; Ubuntu; Linux x86_64; rv:72.0) Gecko/20100101 Firefox/72.0"
178.165.172.18 - - [15/Apr/2025:11:25:47 +0200] "GET /entry.php?id=10271&&ser=709087 HTTP/1.1" 200 986 "http://hausegger.activities.at/entry.php?id=10271&&ser=709026" "Mozilla/5.0 (Windows NT 10.0; Win64; x64; rv:137.0) Gecko/20100101 Firefox/137.0"
178.165.172.18 - - [15/Apr/2025:11:25:47 +0200] "GET /gui/javascript/form_form.js?1744709147 HTTP/1.1" 200 16206 "http://hausegger.activities.at/entry.php?id=10271&&ser=709087" "Mozilla/5.0 (Windows NT 10.0; Win64; x64; rv:137.0) Gecko/20100101 Firefox/137.0"
178.165.172.18 - - [15/Apr/2025:11:26:47 +0200] "GET /entry.php?id=10271&&ser=709147 HTTP/1.1" 200 986 "http://hausegger.activities.at/entry.php?id=10271&&ser=709087" "Mozilla/5.0 (Windows NT 10.0; Win64; x64; rv:137.0) Gecko/20100101 Firefox/137.0"
178.165.172.18 - - [15/Apr/2025:11:26:47 +0200] "GET /gui/javascript/form_form.js?1744709207 HTTP/1.1" 200 16206 "http://hausegger.activities.at/entry.php?id=10271&&ser=709147" "Mozilla/5.0 (Windows NT 10.0; Win64; x64; rv:137.0) Gecko/20100101 Firefox/137.0"
178.165.172.18 - - [15/Apr/2025:11:27:48 +0200] "GET /entry.php?id=10271&&ser=709207 HTTP/1.1" 200 986 "http://hausegger.activities.at/entry.php?id=10271&&ser=709147" "Mozilla/5.0 (Windows NT 10.0; Win64; x64; rv:137.0) Gecko/20100101 Firefox/137.0"
178.165.172.18 - - [15/Apr/2025:11:27:48 +0200] "GET /gui/javascript/form_form.js?1744709268 HTTP/1.1" 200 16206 "http://hausegger.activities.at/entry.php?id=10271&&ser=709207" "Mozilla/5.0 (Windows NT 10.0; Win64; x64; rv:137.0) Gecko/20100101 Firefox/137.0"
178.165.172.18 - - [15/Apr/2025:11:28:48 +0200] "GET /entry.php?id=10271&&ser=709268 HTTP/1.1" 200 986 "http://hausegger.activities.at/entry.php?id=10271&&ser=709207" "Mozilla/5.0 (Windows NT 10.0; Win64; x64; rv:137.0) Gecko/20100101 Firefox/137.0"
178.165.172.18 - - [15/Apr/2025:11:28:48 +0200] "GET /gui/javascript/form_form.js?1744709328 HTTP/1.1" 200 16206 "http://hausegger.activities.at/entry.php?id=10271&&ser=709268" "Mozilla/5.0 (Windows NT 10.0; Win64; x64; rv:137.0) Gecko/20100101 Firefox/137.0"
178.165.172.18 - - [15/Apr/2025:11:29:48 +0200] "GET /entry.php?id=10271&&ser=709328 HTTP/1.1" 200 985 "http://hausegger.activities.at/entry.php?id=10271&&ser=709268" "Mozilla/5.0 (Windows NT 10.0; Win64; x64; rv:137.0) Gecko/20100101 Firefox/137.0"
178.165.172.18 - - [15/Apr/2025:11:29:48 +0200] "GET /gui/javascript/form_form.js?1744709388 HTTP/1.1" 200 16206 "http://hausegger.activities.at/entry.php?id=10271&&ser=709328" "Mozilla/5.0 (Windows NT 10.0; Win64; x64; rv:137.0) Gecko/20100101 Firefox/137.0"
178.165.172.18 - - [15/Apr/2025:11:30:49 +0200] "GET /entry.php?id=10271&&ser=709388 HTTP/1.1" 200 986 "http://hausegger.activities.at/entry.php?id=10271&&ser=709328" "Mozilla/5.0 (Windows NT 10.0; Win64; x64; rv:137.0) Gecko/20100101 Firefox/137.0"
178.165.172.18 - - [15/Apr/2025:11:30:49 +0200] "GET /gui/javascript/form_form.js?1744709449 HTTP/1.1" 200 16206 "http://hausegger.activities.at/entry.php?id=10271&&ser=709388" "Mozilla/5.0 (Windows NT 10.0; Win64; x64; rv:137.0) Gecko/20100101 Firefox/137.0"
154.81.156.35 - - [15/Apr/2025:11:31:13 +0200] "GET / HTTP/1.1" 200 274 "-" "Mozilla/5.0 (Windows NT 10.0; Win64; x64) AppleWebKit/537.36 (KHTML, like Gecko) Chrome/90.0.4430.85 Safari/537.36 Edg/90.0.818.46"
178.165.172.18 - - [15/Apr/2025:11:31:49 +0200] "GET /entry.php?id=10271&&ser=709449 HTTP/1.1" 200 986 "http://hausegger.activities.at/entry.php?id=10271&&ser=709388" "Mozilla/5.0 (Windows NT 10.0; Win64; x64; rv:137.0) Gecko/20100101 Firefox/137.0"
178.165.172.18 - - [15/Apr/2025:11:31:49 +0200] "GET /gui/javascript/form_form.js?1744709509 HTTP/1.1" 200 16206 "http://hausegger.activities.at/entry.php?id=10271&&ser=709449" "Mozilla/5.0 (Windows NT 10.0; Win64; x64; rv:137.0) Gecko/20100101 Firefox/137.0"
178.165.172.18 - - [15/Apr/2025:11:32:49 +0200] "GET /entry.php?id=10271&&ser=709509 HTTP/1.1" 200 986 "http://hausegger.activities.at/entry.php?id=10271&&ser=709449" "Mozilla/5.0 (Windows NT 10.0; Win64; x64; rv:137.0) Gecko/20100101 Firefox/137.0"
178.165.172.18 - - [15/Apr/2025:11:32:49 +0200] "GET /gui/javascript/form_form.js?1744709569 HTTP/1.1" 200 16206 "http://hausegger.activities.at/entry.php?id=10271&&ser=709509" "Mozilla/5.0 (Windows NT 10.0; Win64; x64; rv:137.0) Gecko/20100101 Firefox/137.0"
178.165.172.18 - - [15/Apr/2025:11:33:50 +0200] "GET /entry.php?id=10271&&ser=709569 HTTP/1.1" 200 986 "http://hausegger.activities.at/entry.php?id=10271&&ser=709509" "Mozilla/5.0 (Windows NT 10.0; Win64; x64; rv:137.0) Gecko/20100101 Firefox/137.0"
178.165.172.18 - - [15/Apr/2025:11:33:50 +0200] "GET /gui/javascript/form_form.js?1744709630 HTTP/1.1" 200 16206 "http://hausegger.activities.at/entry.php?id=10271&&ser=709569" "Mozilla/5.0 (Windows NT 10.0; Win64; x64; rv:137.0) Gecko/20100101 Firefox/137.0"
178.165.172.18 - - [15/Apr/2025:11:34:50 +0200] "GET /entry.php?id=10271&&ser=709630 HTTP/1.1" 200 986 "http://hausegger.activities.at/entry.php?id=10271&&ser=709569" "Mozilla/5.0 (Windows NT 10.0; Win64; x64; rv:137.0) Gecko/20100101 Firefox/137.0"
178.165.172.18 - - [15/Apr/2025:11:34:50 +0200] "GET /gui/javascript/form_form.js?1744709690 HTTP/1.1" 200 16206 "http://hausegger.activities.at/entry.php?id=10271&&ser=709630" "Mozilla/5.0 (Windows NT 10.0; Win64; x64; rv:137.0) Gecko/20100101 Firefox/137.0"
178.165.172.18 - - [15/Apr/2025:11:35:50 +0200] "GET /entry.php?id=10271&&ser=709690 HTTP/1.1" 200 986 "http://hausegger.activities.at/entry.php?id=10271&&ser=709630" "Mozilla/5.0 (Windows NT 10.0; Win64; x64; rv:137.0) Gecko/20100101 Firefox/137.0"
178.165.172.18 - - [15/Apr/2025:11:35:50 +0200] "GET /gui/javascript/form_form.js?1744709750 HTTP/1.1" 200 16206 "http://hausegger.activities.at/entry.php?id=10271&&ser=709690" "Mozilla/5.0 (Windows NT 10.0; Win64; x64; rv:137.0) Gecko/20100101 Firefox/137.0"
178.165.172.18 - - [15/Apr/2025:11:36:51 +0200] "GET /entry.php?id=10271&&ser=709750 HTTP/1.1" 200 985 "http://hausegger.activities.at/entry.php?id=10271&&ser=709690" "Mozilla/5.0 (Windows NT 10.0; Win64; x64; rv:137.0) Gecko/20100101 Firefox/137.0"
178.165.172.18 - - [15/Apr/2025:11:36:51 +0200] "GET /gui/javascript/form_form.js?1744709811 HTTP/1.1" 200 16206 "http://hausegger.activities.at/entry.php?id=10271&&ser=709750" "Mozilla/5.0 (Windows NT 10.0; Win64; x64; rv:137.0) Gecko/20100101 Firefox/137.0"
178.165.172.18 - - [15/Apr/2025:11:37:56 +0200] "GET /entry.php?id=10271&&ser=709811 HTTP/1.1" 200 986 "http://hausegger.activities.at/entry.php?id=10271&&ser=709750" "Mozilla/5.0 (Windows NT 10.0; Win64; x64; rv:137.0) Gecko/20100101 Firefox/137.0"
178.165.172.18 - - [15/Apr/2025:11:37:56 +0200] "GET /gui/javascript/form_form.js?1744709876 HTTP/1.1" 200 16206 "http://hausegger.activities.at/entry.php?id=10271&&ser=709811" "Mozilla/5.0 (Windows NT 10.0; Win64; x64; rv:137.0) Gecko/20100101 Firefox/137.0"
178.165.172.18 - - [15/Apr/2025:11:38:56 +0200] "GET /entry.php?id=10271&&ser=709876 HTTP/1.1" 200 986 "http://hausegger.activities.at/entry.php?id=10271&&ser=709811" "Mozilla/5.0 (Windows NT 10.0; Win64; x64; rv:137.0) Gecko/20100101 Firefox/137.0"
178.165.172.18 - - [15/Apr/2025:11:38:56 +0200] "GET /gui/javascript/form_form.js?1744709936 HTTP/1.1" 200 16206 "http://hausegger.activities.at/entry.php?id=10271&&ser=709876" "Mozilla/5.0 (Windows NT 10.0; Win64; x64; rv:137.0) Gecko/20100101 Firefox/137.0"
154.81.156.54 - - [15/Apr/2025:11:39:24 +0200] "GET / HTTP/1.1" 200 274 "-" "Mozilla/5.0 (Windows NT 10.0; Win64; x64) AppleWebKit/537.36 (KHTML, like Gecko) Chrome/90.0.4430.85 Safari/537.36 Edg/90.0.818.46"
178.165.172.18 - - [15/Apr/2025:11:39:57 +0200] "GET /entry.php?id=10271&&ser=709936 HTTP/1.1" 200 986 "http://hausegger.activities.at/entry.php?id=10271&&ser=709876" "Mozilla/5.0 (Windows NT 10.0; Win64; x64; rv:137.0) Gecko/20100101 Firefox/137.0"
178.165.172.18 - - [15/Apr/2025:11:39:57 +0200] "GET /gui/javascript/form_form.js?1744709997 HTTP/1.1" 200 16206 "http://hausegger.activities.at/entry.php?id=10271&&ser=709936" "Mozilla/5.0 (Windows NT 10.0; Win64; x64; rv:137.0) Gecko/20100101 Firefox/137.0"
178.165.172.18 - - [15/Apr/2025:11:40:57 +0200] "GET /entry.php?id=10271&&ser=709997 HTTP/1.1" 200 985 "http://hausegger.activities.at/entry.php?id=10271&&ser=709936" "Mozilla/5.0 (Windows NT 10.0; Win64; x64; rv:137.0) Gecko/20100101 Firefox/137.0"
178.165.172.18 - - [15/Apr/2025:11:40:57 +0200] "GET /gui/javascript/form_form.js?1744710057 HTTP/1.1" 200 16206 "http://hausegger.activities.at/entry.php?id=10271&&ser=709997" "Mozilla/5.0 (Windows NT 10.0; Win64; x64; rv:137.0) Gecko/20100101 Firefox/137.0"
151.106.166.201 - - [15/Apr/2025:11:41:08 +0200] "GET /cron.php?cron_type=tidy_cache&sid=0d6e2ea84fa4071ae5e4d765184a4066 HTTP/1.1" 404 290 "-" "Mozilla/5.0 (X11; Ubuntu; Linux x86_64; rv:72.0) Gecko/20100101 Firefox/72.0"
151.106.166.201 - - [15/Apr/2025:11:41:08 +0200] "GET /cron.php?cron_type=tidy_cache&sid=0d6e2ea84fa4071ae5e4d765184a4066 HTTP/1.1" 404 290 "-" "Mozilla/5.0 (X11; Ubuntu; Linux x86_64; rv:72.0) Gecko/20100101 Firefox/72.0"
151.106.166.201 - - [15/Apr/2025:11:41:09 +0200] "GET /cron.php?cron_type=tidy_cache&sid=0d6e2ea84fa4071ae5e4d765184a4066 HTTP/1.1" 404 290 "-" "Mozilla/5.0 (X11; Ubuntu; Linux x86_64; rv:72.0) Gecko/20100101 Firefox/72.0"
178.165.172.18 - - [15/Apr/2025:11:41:57 +0200] "GET /entry.php?id=10271&&ser=710057 HTTP/1.1" 200 985 "http://hausegger.activities.at/entry.php?id=10271&&ser=709997" "Mozilla/5.0 (Windows NT 10.0; Win64; x64; rv:137.0) Gecko/20100101 Firefox/137.0"
178.165.172.18 - - [15/Apr/2025:11:41:57 +0200] "GET /gui/javascript/form_form.js?1744710117 HTTP/1.1" 200 16206 "http://hausegger.activities.at/entry.php?id=10271&&ser=710057" "Mozilla/5.0 (Windows NT 10.0; Win64; x64; rv:137.0) Gecko/20100101 Firefox/137.0"
178.165.172.18 - - [15/Apr/2025:11:42:58 +0200] "GET /entry.php?id=10271&&ser=710117 HTTP/1.1" 200 985 "http://hausegger.activities.at/entry.php?id=10271&&ser=710057" "Mozilla/5.0 (Windows NT 10.0; Win64; x64; rv:137.0) Gecko/20100101 Firefox/137.0"
178.165.172.18 - - [15/Apr/2025:11:42:58 +0200] "GET /gui/javascript/form_form.js?1744710178 HTTP/1.1" 200 16206 "http://hausegger.activities.at/entry.php?id=10271&&ser=710117" "Mozilla/5.0 (Windows NT 10.0; Win64; x64; rv:137.0) Gecko/20100101 Firefox/137.0"
178.165.172.18 - - [15/Apr/2025:11:43:58 +0200] "GET /entry.php?id=10271&&ser=710178 HTTP/1.1" 200 985 "http://hausegger.activities.at/entry.php?id=10271&&ser=710117" "Mozilla/5.0 (Windows NT 10.0; Win64; x64; rv:137.0) Gecko/20100101 Firefox/137.0"
178.165.172.18 - - [15/Apr/2025:11:43:58 +0200] "GET /gui/javascript/form_form.js?1744710238 HTTP/1.1" 200 16206 "http://hausegger.activities.at/entry.php?id=10271&&ser=710178" "Mozilla/5.0 (Windows NT 10.0; Win64; x64; rv:137.0) Gecko/20100101 Firefox/137.0"
178.165.172.18 - - [15/Apr/2025:11:44:58 +0200] "GET /entry.php?id=10271&&ser=710238 HTTP/1.1" 200 985 "http://hausegger.activities.at/entry.php?id=10271&&ser=710178" "Mozilla/5.0 (Windows NT 10.0; Win64; x64; rv:137.0) Gecko/20100101 Firefox/137.0"
178.165.172.18 - - [15/Apr/2025:11:44:58 +0200] "GET /gui/javascript/form_form.js?1744710298 HTTP/1.1" 200 16206 "http://hausegger.activities.at/entry.php?id=10271&&ser=710238" "Mozilla/5.0 (Windows NT 10.0; Win64; x64; rv:137.0) Gecko/20100101 Firefox/137.0"
178.165.172.18 - - [15/Apr/2025:11:45:59 +0200] "GET /entry.php?id=10271&&ser=710298 HTTP/1.1" 200 986 "http://hausegger.activities.at/entry.php?id=10271&&ser=710238" "Mozilla/5.0 (Windows NT 10.0; Win64; x64; rv:137.0) Gecko/20100101 Firefox/137.0"
178.165.172.18 - - [15/Apr/2025:11:45:59 +0200] "GET /gui/javascript/form_form.js?1744710359 HTTP/1.1" 200 16206 "http://hausegger.activities.at/entry.php?id=10271&&ser=710298" "Mozilla/5.0 (Windows NT 10.0; Win64; x64; rv:137.0) Gecko/20100101 Firefox/137.0"
178.165.172.18 - - [15/Apr/2025:11:47:00 +0200] "GET /entry.php?id=10271&&ser=710359 HTTP/1.1" 200 985 "http://hausegger.activities.at/entry.php?id=10271&&ser=710298" "Mozilla/5.0 (Windows NT 10.0; Win64; x64; rv:137.0) Gecko/20100101 Firefox/137.0"
178.165.172.18 - - [15/Apr/2025:11:47:00 +0200] "GET /gui/javascript/form_form.js?1744710420 HTTP/1.1" 200 16206 "http://hausegger.activities.at/entry.php?id=10271&&ser=710359" "Mozilla/5.0 (Windows NT 10.0; Win64; x64; rv:137.0) Gecko/20100101 Firefox/137.0"
156.59.198.135 - - [15/Apr/2025:11:47:12 +0200] "GET /renault.activities.at/htdocs/export/pdf/emuc_document/11271486.pdf HTTP/1.0" 404 322 "-" "Mozilla/5.0 (Linux; Android 5.0) AppleWebKit/537.36 (KHTML, like Gecko) Mobile Safari/537.36 (compatible; Bytespider; spider-feedback@bytedance.com)"
185.91.127.81 - - [15/Apr/2025:11:47:28 +0200] "CONNECT pro.ip-api.com:443 HTTP/1.1" 200 423 "-" "Mozilla/5.0"
151.106.164.42 - - [15/Apr/2025:11:47:32 +0200] "GET /cron.php?cron_type=tidy_cache&sid=6d95202f5c327e2aba086dec5d534f2f HTTP/1.1" 404 290 "-" "Mozilla/5.0 (X11; Ubuntu; Linux x86_64; rv:72.0) Gecko/20100101 Firefox/72.0"
151.106.164.42 - - [15/Apr/2025:11:47:32 +0200] "GET /cron.php?cron_type=tidy_cache&sid=6d95202f5c327e2aba086dec5d534f2f HTTP/1.1" 404 290 "-" "Mozilla/5.0 (X11; Ubuntu; Linux x86_64; rv:72.0) Gecko/20100101 Firefox/72.0"
151.106.164.42 - - [15/Apr/2025:11:47:32 +0200] "GET /cron.php?cron_type=tidy_cache&sid=6d95202f5c327e2aba086dec5d534f2f HTTP/1.1" 404 290 "-" "Mozilla/5.0 (X11; Ubuntu; Linux x86_64; rv:72.0) Gecko/20100101 Firefox/72.0"
178.165.172.18 - - [15/Apr/2025:11:48:00 +0200] "GET /entry.php?id=10271&&ser=710420 HTTP/1.1" 200 985 "http://hausegger.activities.at/entry.php?id=10271&&ser=710359" "Mozilla/5.0 (Windows NT 10.0; Win64; x64; rv:137.0) Gecko/20100101 Firefox/137.0"
178.165.172.18 - - [15/Apr/2025:11:48:00 +0200] "GET /gui/javascript/form_form.js?1744710480 HTTP/1.1" 200 16206 "http://hausegger.activities.at/entry.php?id=10271&&ser=710420" "Mozilla/5.0 (Windows NT 10.0; Win64; x64; rv:137.0) Gecko/20100101 Firefox/137.0"
151.106.162.30 - - [15/Apr/2025:11:48:56 +0200] "GET /cron.php?cron_type=tidy_cache&sid=75f0ffb7279cb2425563cc5d637d8769 HTTP/1.1" 404 290 "-" "Mozilla/5.0 (X11; Ubuntu; Linux x86_64; rv:72.0) Gecko/20100101 Firefox/72.0"
151.106.162.30 - - [15/Apr/2025:11:48:57 +0200] "GET /cron.php?cron_type=tidy_cache&sid=75f0ffb7279cb2425563cc5d637d8769 HTTP/1.1" 404 290 "-" "Mozilla/5.0 (X11; Ubuntu; Linux x86_64; rv:72.0) Gecko/20100101 Firefox/72.0"
151.106.162.30 - - [15/Apr/2025:11:48:57 +0200] "GET /cron.php?cron_type=tidy_cache&sid=75f0ffb7279cb2425563cc5d637d8769 HTTP/1.1" 404 290 "-" "Mozilla/5.0 (X11; Ubuntu; Linux x86_64; rv:72.0) Gecko/20100101 Firefox/72.0"
178.165.172.18 - - [15/Apr/2025:11:49:00 +0200] "GET /entry.php?id=10271&&ser=710480 HTTP/1.1" 200 985 "http://hausegger.activities.at/entry.php?id=10271&&ser=710420" "Mozilla/5.0 (Windows NT 10.0; Win64; x64; rv:137.0) Gecko/20100101 Firefox/137.0"
178.165.172.18 - - [15/Apr/2025:11:49:00 +0200] "GET /gui/javascript/form_form.js?1744710540 HTTP/1.1" 200 16206 "http://hausegger.activities.at/entry.php?id=10271&&ser=710480" "Mozilla/5.0 (Windows NT 10.0; Win64; x64; rv:137.0) Gecko/20100101 Firefox/137.0"
151.106.166.243 - - [15/Apr/2025:11:49:51 +0200] "GET /cron.php?cron_type=tidy_cache&sid=cfc3381406f53a603879b7d973e2a01f HTTP/1.1" 404 290 "-" "Mozilla/5.0 (X11; Ubuntu; Linux x86_64; rv:72.0) Gecko/20100101 Firefox/72.0"
151.106.166.243 - - [15/Apr/2025:11:49:51 +0200] "GET /cron.php?cron_type=tidy_cache&sid=cfc3381406f53a603879b7d973e2a01f HTTP/1.1" 404 290 "-" "Mozilla/5.0 (X11; Ubuntu; Linux x86_64; rv:72.0) Gecko/20100101 Firefox/72.0"
151.106.166.243 - - [15/Apr/2025:11:49:51 +0200] "GET /cron.php?cron_type=tidy_cache&sid=cfc3381406f53a603879b7d973e2a01f HTTP/1.1" 404 290 "-" "Mozilla/5.0 (X11; Ubuntu; Linux x86_64; rv:72.0) Gecko/20100101 Firefox/72.0"
178.165.172.18 - - [15/Apr/2025:11:50:01 +0200] "GET /entry.php?id=10271&&ser=710540 HTTP/1.1" 200 984 "http://hausegger.activities.at/entry.php?id=10271&&ser=710480" "Mozilla/5.0 (Windows NT 10.0; Win64; x64; rv:137.0) Gecko/20100101 Firefox/137.0"
178.165.172.18 - - [15/Apr/2025:11:50:01 +0200] "GET /gui/javascript/form_form.js?1744710601 HTTP/1.1" 200 16206 "http://hausegger.activities.at/entry.php?id=10271&&ser=710540" "Mozilla/5.0 (Windows NT 10.0; Win64; x64; rv:137.0) Gecko/20100101 Firefox/137.0"
178.165.172.18 - - [15/Apr/2025:11:51:01 +0200] "GET /entry.php?id=10271&&ser=710601 HTTP/1.1" 200 985 "http://hausegger.activities.at/entry.php?id=10271&&ser=710540" "Mozilla/5.0 (Windows NT 10.0; Win64; x64; rv:137.0) Gecko/20100101 Firefox/137.0"
178.165.172.18 - - [15/Apr/2025:11:51:01 +0200] "GET /gui/javascript/form_form.js?1744710661 HTTP/1.1" 200 16206 "http://hausegger.activities.at/entry.php?id=10271&&ser=710601" "Mozilla/5.0 (Windows NT 10.0; Win64; x64; rv:137.0) Gecko/20100101 Firefox/137.0"
178.165.172.18 - - [15/Apr/2025:11:52:01 +0200] "GET /entry.php?id=10271&&ser=710661 HTTP/1.1" 200 985 "http://hausegger.activities.at/entry.php?id=10271&&ser=710601" "Mozilla/5.0 (Windows NT 10.0; Win64; x64; rv:137.0) Gecko/20100101 Firefox/137.0"
178.165.172.18 - - [15/Apr/2025:11:52:01 +0200] "GET /gui/javascript/form_form.js?1744710721 HTTP/1.1" 200 16206 "http://hausegger.activities.at/entry.php?id=10271&&ser=710661" "Mozilla/5.0 (Windows NT 10.0; Win64; x64; rv:137.0) Gecko/20100101 Firefox/137.0"
178.165.172.18 - - [15/Apr/2025:11:53:02 +0200] "GET /entry.php?id=10271&&ser=710721 HTTP/1.1" 200 985 "http://hausegger.activities.at/entry.php?id=10271&&ser=710661" "Mozilla/5.0 (Windows NT 10.0; Win64; x64; rv:137.0) Gecko/20100101 Firefox/137.0"
178.165.172.18 - - [15/Apr/2025:11:53:02 +0200] "GET /gui/javascript/form_form.js?1744710782 HTTP/1.1" 200 16206 "http://hausegger.activities.at/entry.php?id=10271&&ser=710721" "Mozilla/5.0 (Windows NT 10.0; Win64; x64; rv:137.0) Gecko/20100101 Firefox/137.0"
178.165.172.18 - - [15/Apr/2025:11:54:02 +0200] "GET /entry.php?id=10271&&ser=710782 HTTP/1.1" 200 985 "http://hausegger.activities.at/entry.php?id=10271&&ser=710721" "Mozilla/5.0 (Windows NT 10.0; Win64; x64; rv:137.0) Gecko/20100101 Firefox/137.0"
178.165.172.18 - - [15/Apr/2025:11:54:02 +0200] "GET /gui/javascript/form_form.js?1744710842 HTTP/1.1" 200 16206 "http://hausegger.activities.at/entry.php?id=10271&&ser=710782" "Mozilla/5.0 (Windows NT 10.0; Win64; x64; rv:137.0) Gecko/20100101 Firefox/137.0"
178.165.172.18 - - [15/Apr/2025:11:55:02 +0200] "GET /entry.php?id=10271&&ser=710842 HTTP/1.1" 200 985 "http://hausegger.activities.at/entry.php?id=10271&&ser=710782" "Mozilla/5.0 (Windows NT 10.0; Win64; x64; rv:137.0) Gecko/20100101 Firefox/137.0"
178.165.172.18 - - [15/Apr/2025:11:55:02 +0200] "GET /gui/javascript/form_form.js?1744710902 HTTP/1.1" 200 16206 "http://hausegger.activities.at/entry.php?id=10271&&ser=710842" "Mozilla/5.0 (Windows NT 10.0; Win64; x64; rv:137.0) Gecko/20100101 Firefox/137.0"
154.81.156.54 - - [15/Apr/2025:11:55:32 +0200] "GET / HTTP/1.1" 200 274 "-" "Mozilla/5.0 (Windows NT 10.0; Win64; x64) AppleWebKit/537.36 (KHTML, like Gecko) Chrome/90.0.4430.85 Safari/537.36 Edg/90.0.818.46"
178.165.172.18 - - [15/Apr/2025:11:56:03 +0200] "GET /entry.php?id=10271&&ser=710902 HTTP/1.1" 200 986 "http://hausegger.activities.at/entry.php?id=10271&&ser=710842" "Mozilla/5.0 (Windows NT 10.0; Win64; x64; rv:137.0) Gecko/20100101 Firefox/137.0"
178.165.172.18 - - [15/Apr/2025:11:56:03 +0200] "GET /gui/javascript/form_form.js?1744710963 HTTP/1.1" 200 16206 "http://hausegger.activities.at/entry.php?id=10271&&ser=710902" "Mozilla/5.0 (Windows NT 10.0; Win64; x64; rv:137.0) Gecko/20100101 Firefox/137.0"
178.165.172.18 - - [15/Apr/2025:11:57:03 +0200] "GET /entry.php?id=10271&&ser=710963 HTTP/1.1" 200 985 "http://hausegger.activities.at/entry.php?id=10271&&ser=710902" "Mozilla/5.0 (Windows NT 10.0; Win64; x64; rv:137.0) Gecko/20100101 Firefox/137.0"
178.165.172.18 - - [15/Apr/2025:11:57:03 +0200] "GET /gui/javascript/form_form.js?1744711023 HTTP/1.1" 200 16206 "http://hausegger.activities.at/entry.php?id=10271&&ser=710963" "Mozilla/5.0 (Windows NT 10.0; Win64; x64; rv:137.0) Gecko/20100101 Firefox/137.0"
178.165.172.18 - - [15/Apr/2025:11:58:03 +0200] "GET /entry.php?id=10271&&ser=711023 HTTP/1.1" 200 985 "http://hausegger.activities.at/entry.php?id=10271&&ser=710963" "Mozilla/5.0 (Windows NT 10.0; Win64; x64; rv:137.0) Gecko/20100101 Firefox/137.0"
178.165.172.18 - - [15/Apr/2025:11:58:03 +0200] "GET /gui/javascript/form_form.js?1744711083 HTTP/1.1" 200 16206 "http://hausegger.activities.at/entry.php?id=10271&&ser=711023" "Mozilla/5.0 (Windows NT 10.0; Win64; x64; rv:137.0) Gecko/20100101 Firefox/137.0"
178.165.172.18 - - [15/Apr/2025:11:59:04 +0200] "GET /entry.php?id=10271&&ser=711083 HTTP/1.1" 200 985 "http://hausegger.activities.at/entry.php?id=10271&&ser=711023" "Mozilla/5.0 (Windows NT 10.0; Win64; x64; rv:137.0) Gecko/20100101 Firefox/137.0"
178.165.172.18 - - [15/Apr/2025:11:59:04 +0200] "GET /gui/javascript/form_form.js?1744711144 HTTP/1.1" 200 16206 "http://hausegger.activities.at/entry.php?id=10271&&ser=711083" "Mozilla/5.0 (Windows NT 10.0; Win64; x64; rv:137.0) Gecko/20100101 Firefox/137.0"
178.165.172.18 - - [15/Apr/2025:12:00:04 +0200] "GET /entry.php?id=10271&&ser=711144 HTTP/1.1" 200 985 "http://hausegger.activities.at/entry.php?id=10271&&ser=711083" "Mozilla/5.0 (Windows NT 10.0; Win64; x64; rv:137.0) Gecko/20100101 Firefox/137.0"
178.165.172.18 - - [15/Apr/2025:12:00:04 +0200] "GET /gui/javascript/form_form.js?1744711204 HTTP/1.1" 200 16206 "http://hausegger.activities.at/entry.php?id=10271&&ser=711144" "Mozilla/5.0 (Windows NT 10.0; Win64; x64; rv:137.0) Gecko/20100101 Firefox/137.0"
178.165.172.18 - - [15/Apr/2025:12:01:04 +0200] "GET /entry.php?id=10271&&ser=711204 HTTP/1.1" 200 986 "http://hausegger.activities.at/entry.php?id=10271&&ser=711144" "Mozilla/5.0 (Windows NT 10.0; Win64; x64; rv:137.0) Gecko/20100101 Firefox/137.0"
178.165.172.18 - - [15/Apr/2025:12:01:04 +0200] "GET /gui/javascript/form_form.js?1744711264 HTTP/1.1" 200 16206 "http://hausegger.activities.at/entry.php?id=10271&&ser=711204" "Mozilla/5.0 (Windows NT 10.0; Win64; x64; rv:137.0) Gecko/20100101 Firefox/137.0"
178.165.172.18 - - [15/Apr/2025:12:02:05 +0200] "GET /entry.php?id=10271&&ser=711264 HTTP/1.1" 200 985 "http://hausegger.activities.at/entry.php?id=10271&&ser=711204" "Mozilla/5.0 (Windows NT 10.0; Win64; x64; rv:137.0) Gecko/20100101 Firefox/137.0"
178.165.172.18 - - [15/Apr/2025:12:02:05 +0200] "GET /gui/javascript/form_form.js?1744711325 HTTP/1.1" 200 16206 "http://hausegger.activities.at/entry.php?id=10271&&ser=711264" "Mozilla/5.0 (Windows NT 10.0; Win64; x64; rv:137.0) Gecko/20100101 Firefox/137.0"
151.106.186.76 - - [15/Apr/2025:12:02:23 +0200] "GET /cron.php?cron_type=tidy_cache&sid=e015896ff4cce9fdd4f69b40d3f0bac6 HTTP/1.1" 404 290 "-" "Mozilla/5.0 (X11; Ubuntu; Linux x86_64; rv:72.0) Gecko/20100101 Firefox/72.0"
151.106.186.76 - - [15/Apr/2025:12:02:23 +0200] "GET /cron.php?cron_type=tidy_cache&sid=e015896ff4cce9fdd4f69b40d3f0bac6 HTTP/1.1" 404 290 "-" "Mozilla/5.0 (X11; Ubuntu; Linux x86_64; rv:72.0) Gecko/20100101 Firefox/72.0"
151.106.186.76 - - [15/Apr/2025:12:02:23 +0200] "GET /cron.php?cron_type=tidy_cache&sid=e015896ff4cce9fdd4f69b40d3f0bac6 HTTP/1.1" 404 290 "-" "Mozilla/5.0 (X11; Ubuntu; Linux x86_64; rv:72.0) Gecko/20100101 Firefox/72.0"
178.165.172.18 - - [15/Apr/2025:12:03:05 +0200] "GET /entry.php?id=10271&&ser=711325 HTTP/1.1" 200 985 "http://hausegger.activities.at/entry.php?id=10271&&ser=711264" "Mozilla/5.0 (Windows NT 10.0; Win64; x64; rv:137.0) Gecko/20100101 Firefox/137.0"
178.165.172.18 - - [15/Apr/2025:12:03:05 +0200] "GET /gui/javascript/form_form.js?1744711385 HTTP/1.1" 200 16206 "http://hausegger.activities.at/entry.php?id=10271&&ser=711325" "Mozilla/5.0 (Windows NT 10.0; Win64; x64; rv:137.0) Gecko/20100101 Firefox/137.0"
178.165.172.18 - - [15/Apr/2025:12:04:05 +0200] "GET /entry.php?id=10271&&ser=711385 HTTP/1.1" 200 985 "http://hausegger.activities.at/entry.php?id=10271&&ser=711325" "Mozilla/5.0 (Windows NT 10.0; Win64; x64; rv:137.0) Gecko/20100101 Firefox/137.0"
