45.156.129.131 - - [25/Apr/2025:02:00:53 +0200] "GET / HTTP/1.1" 200 274 "-" "Mozilla/5.0 (Windows NT 10.0; Win64; x64) AppleWebKit/537.36 (KHTML, like Gecko) Chrome/60.0.3112.113 Safari/537.36"
83.150.218.92 - - [25/Apr/2025:02:14:38 +0200] "GET / HTTP/1.1" 200 423 "-" "-"
154.81.156.54 - - [25/Apr/2025:02:21:14 +0200] "GET / HTTP/1.1" 200 274 "-" "Mozilla/5.0 (Windows NT 10.0; Win64; x64) AppleWebKit/537.36 (KHTML, like Gecko) Chrome/90.0.4430.85 Safari/537.36 Edg/90.0.818.46"
185.255.122.19 - - [25/Apr/2025:02:26:52 +0200] "GET / HTTP/1.1" 200 274 "-" "Mozilla/5.0 (Windows NT 10.0; Win64; x64) AppleWebKit/537.36 (KHTML, like Gecko) Chrome/90.0.4430.85 Safari/537.36 Edg/90.0.818.46"
147.93.131.117 - - [25/Apr/2025:02:27:16 +0200] "GET /admin/.env HTTP/1.1" 404 284 "-" "Mozilla/5.0 (Windows NT 10.0; Win64; x64) AppleWebKit/537.36 (KHTML, like Gecko) Chrome/91.0.4472.124 Safari/537.36"
147.93.131.117 - - [25/Apr/2025:02:27:17 +0200] "GET /public/.env HTTP/1.1" 404 285 "-" "Mozilla/5.0 (Windows NT 10.0; Win64; x64) AppleWebKit/537.36 (KHTML, like Gecko) Chrome/91.0.4472.124 Safari/537.36"
147.93.131.117 - - [25/Apr/2025:02:27:17 +0200] "GET /app/.env HTTP/1.1" 404 282 "-" "Mozilla/5.0 (Windows NT 10.0; Win64; x64) AppleWebKit/537.36 (KHTML, like Gecko) Chrome/91.0.4472.124 Safari/537.36"
147.93.131.117 - - [25/Apr/2025:02:27:17 +0200] "GET /api/.env HTTP/1.1" 404 282 "-" "Mozilla/5.0 (Windows NT 10.0; Win64; x64) AppleWebKit/537.36 (KHTML, like Gecko) Chrome/91.0.4472.124 Safari/537.36"
147.93.131.117 - - [25/Apr/2025:02:27:17 +0200] "GET /backend/.env HTTP/1.1" 404 286 "-" "Mozilla/5.0 (Windows NT 10.0; Win64; x64) AppleWebKit/537.36 (KHTML, like Gecko) Chrome/91.0.4472.124 Safari/537.36"
147.93.131.117 - - [25/Apr/2025:02:27:17 +0200] "GET /laravel/.env HTTP/1.1" 404 285 "-" "Mozilla/5.0 (Windows NT 10.0; Win64; x64) AppleWebKit/537.36 (KHTML, like Gecko) Chrome/91.0.4472.124 Safari/537.36"
147.93.131.117 - - [25/Apr/2025:02:27:17 +0200] "GET /src/.env HTTP/1.1" 404 282 "-" "Mozilla/5.0 (Windows NT 10.0; Win64; x64) AppleWebKit/537.36 (KHTML, like Gecko) Chrome/91.0.4472.124 Safari/537.36"
147.93.131.117 - - [25/Apr/2025:02:27:17 +0200] "GET /.env HTTP/1.1" 404 280 "-" "Mozilla/5.0 (Windows NT 10.0; Win64; x64) AppleWebKit/537.36 (KHTML, like Gecko) Chrome/91.0.4472.124 Safari/537.36"
147.93.131.117 - - [25/Apr/2025:02:27:18 +0200] "GET /config/.env HTTP/1.1" 404 285 "-" "Mozilla/5.0 (Windows NT 10.0; Win64; x64) AppleWebKit/537.36 (KHTML, like Gecko) Chrome/91.0.4472.124 Safari/537.36"
147.93.131.117 - - [25/Apr/2025:02:27:19 +0200] "GET /v1/.env HTTP/1.1" 404 282 "-" "Mozilla/5.0 (Windows NT 10.0; Win64; x64) AppleWebKit/537.36 (KHTML, like Gecko) Chrome/91.0.4472.124 Safari/537.36"
147.93.131.117 - - [25/Apr/2025:02:27:19 +0200] "GET /v2/.env HTTP/1.1" 404 282 "-" "Mozilla/5.0 (Windows NT 10.0; Win64; x64) AppleWebKit/537.36 (KHTML, like Gecko) Chrome/91.0.4472.124 Safari/537.36"
147.93.131.117 - - [25/Apr/2025:02:27:19 +0200] "GET /storage/.env HTTP/1.1" 404 285 "-" "Mozilla/5.0 (Windows NT 10.0; Win64; x64) AppleWebKit/537.36 (KHTML, like Gecko) Chrome/91.0.4472.124 Safari/537.36"
147.93.131.117 - - [25/Apr/2025:02:27:19 +0200] "GET /www/.env HTTP/1.1" 404 282 "-" "Mozilla/5.0 (Windows NT 10.0; Win64; x64) AppleWebKit/537.36 (KHTML, like Gecko) Chrome/91.0.4472.124 Safari/537.36"
147.93.131.117 - - [25/Apr/2025:02:27:19 +0200] "GET /html/.env HTTP/1.1" 404 281 "-" "Mozilla/5.0 (Windows NT 10.0; Win64; x64) AppleWebKit/537.36 (KHTML, like Gecko) Chrome/91.0.4472.124 Safari/537.36"
147.93.131.117 - - [25/Apr/2025:02:27:20 +0200] "GET /dev/.env HTTP/1.1" 404 282 "-" "Mozilla/5.0 (Windows NT 10.0; Win64; x64) AppleWebKit/537.36 (KHTML, like Gecko) Chrome/91.0.4472.124 Safari/537.36"
147.93.131.117 - - [25/Apr/2025:02:27:20 +0200] "GET /development/.env HTTP/1.1" 404 287 "-" "Mozilla/5.0 (Windows NT 10.0; Win64; x64) AppleWebKit/537.36 (KHTML, like Gecko) Chrome/91.0.4472.124 Safari/537.36"
147.93.131.117 - - [25/Apr/2025:02:27:20 +0200] "GET /production/.env HTTP/1.1" 404 287 "-" "Mozilla/5.0 (Windows NT 10.0; Win64; x64) AppleWebKit/537.36 (KHTML, like Gecko) Chrome/91.0.4472.124 Safari/537.36"
147.93.131.117 - - [25/Apr/2025:02:27:20 +0200] "GET /api/v1/.env HTTP/1.1" 404 284 "-" "Mozilla/5.0 (Windows NT 10.0; Win64; x64) AppleWebKit/537.36 (KHTML, like Gecko) Chrome/91.0.4472.124 Safari/537.36"
147.93.131.117 - - [25/Apr/2025:02:27:20 +0200] "GET /system/.env HTTP/1.1" 404 284 "-" "Mozilla/5.0 (Windows NT 10.0; Win64; x64) AppleWebKit/537.36 (KHTML, like Gecko) Chrome/91.0.4472.124 Safari/537.36"
147.93.131.117 - - [25/Apr/2025:02:27:20 +0200] "GET /web/.env HTTP/1.1" 404 282 "-" "Mozilla/5.0 (Windows NT 10.0; Win64; x64) AppleWebKit/537.36 (KHTML, like Gecko) Chrome/91.0.4472.124 Safari/537.36"
147.93.131.117 - - [25/Apr/2025:02:27:21 +0200] "GET /api/v2/.env HTTP/1.1" 404 284 "-" "Mozilla/5.0 (Windows NT 10.0; Win64; x64) AppleWebKit/537.36 (KHTML, like Gecko) Chrome/91.0.4472.124 Safari/537.36"
147.93.131.117 - - [25/Apr/2025:02:27:21 +0200] "GET /core/.env HTTP/1.1" 404 283 "-" "Mozilla/5.0 (Windows NT 10.0; Win64; x64) AppleWebKit/537.36 (KHTML, like Gecko) Chrome/91.0.4472.124 Safari/537.36"
147.93.131.117 - - [25/Apr/2025:02:27:21 +0200] "GET /dashboard/.env HTTP/1.1" 404 286 "-" "Mozilla/5.0 (Windows NT 10.0; Win64; x64) AppleWebKit/537.36 (KHTML, like Gecko) Chrome/91.0.4472.124 Safari/537.36"
147.93.131.117 - - [25/Apr/2025:02:27:21 +0200] "GET /app/config/.env HTTP/1.1" 404 288 "-" "Mozilla/5.0 (Windows NT 10.0; Win64; x64) AppleWebKit/537.36 (KHTML, like Gecko) Chrome/91.0.4472.124 Safari/537.36"
147.93.131.117 - - [25/Apr/2025:02:27:21 +0200] "GET /stage/.env HTTP/1.1" 404 284 "-" "Mozilla/5.0 (Windows NT 10.0; Win64; x64) AppleWebKit/537.36 (KHTML, like Gecko) Chrome/91.0.4472.124 Safari/537.36"
147.93.131.117 - - [25/Apr/2025:02:27:21 +0200] "GET /staging/.env HTTP/1.1" 404 285 "-" "Mozilla/5.0 (Windows NT 10.0; Win64; x64) AppleWebKit/537.36 (KHTML, like Gecko) Chrome/91.0.4472.124 Safari/537.36"
147.93.131.117 - - [25/Apr/2025:02:27:21 +0200] "GET /panel/.env HTTP/1.1" 404 283 "-" "Mozilla/5.0 (Windows NT 10.0; Win64; x64) AppleWebKit/537.36 (KHTML, like Gecko) Chrome/91.0.4472.124 Safari/537.36"
147.93.131.117 - - [25/Apr/2025:02:27:22 +0200] "GET /test/.env HTTP/1.1" 404 282 "-" "Mozilla/5.0 (Windows NT 10.0; Win64; x64) AppleWebKit/537.36 (KHTML, like Gecko) Chrome/91.0.4472.124 Safari/537.36"
147.93.131.117 - - [25/Apr/2025:02:27:22 +0200] "GET /main/.env HTTP/1.1" 404 283 "-" "Mozilla/5.0 (Windows NT 10.0; Win64; x64) AppleWebKit/537.36 (KHTML, like Gecko) Chrome/91.0.4472.124 Safari/537.36"
147.93.131.117 - - [25/Apr/2025:02:27:23 +0200] "GET /site/.env HTTP/1.1" 404 283 "-" "Mozilla/5.0 (Windows NT 10.0; Win64; x64) AppleWebKit/537.36 (KHTML, like Gecko) Chrome/91.0.4472.124 Safari/537.36"
196.251.69.118 - - [25/Apr/2025:02:55:55 +0200] "GET /wp-content/plugins/suretriggers/readme.txt HTTP/1.1" 404 313 "www.google.com" "Mozilla/6.4 (Windows NT 11.1) Gecko/2010102 Firefox/99.0"
71.6.134.234 - - [25/Apr/2025:02:58:14 +0200] "\x16\x03\x01" 400 383 "-" "-"
154.81.156.54 - - [25/Apr/2025:02:58:24 +0200] "GET / HTTP/1.1" 200 274 "-" "Mozilla/5.0 (Windows NT 10.0; Win64; x64) AppleWebKit/537.36 (KHTML, like Gecko) Chrome/90.0.4430.85 Safari/537.36 Edg/90.0.818.46"
154.81.156.35 - - [25/Apr/2025:03:04:13 +0200] "GET / HTTP/1.1" 200 274 "-" "Mozilla/5.0 (Windows NT 10.0; Win64; x64) AppleWebKit/537.36 (KHTML, like Gecko) Chrome/90.0.4430.85 Safari/537.36 Edg/90.0.818.46"
71.6.134.234 - - [25/Apr/2025:03:15:17 +0200] "GET / HTTP/1.1" 200 274 "-" "Mozilla/5.0 (Windows NT 10.0; Win64; x64) AppleWebKit/537.36 (KHTML, like Gecko) Chrome/133.0.0.0 Safari/537.36"
202.61.239.40 - - [25/Apr/2025:03:15:26 +0200] "GET /wp-content/uploads/2016/12/logo3.png HTTP/1.1" 404 310 "-" "Mozilla/5.0 (Windows NT 10.0; Win64; x64) AppleWebKit/537.36 (KHTML, like Gecko) Chrome/100.0.4094.947 Safari/537.36"
71.6.134.234 - - [25/Apr/2025:03:16:32 +0200] "GET /activities.ico HTTP/1.1" 200 1406 "-" "Mozilla/5.0 (Windows NT 10.0; Win64; x64) AppleWebKit/537.36 (KHTML, like Gecko) Chrome/133.0.0.0 Safari/537.36"
115.49.127.57 - - [25/Apr/2025:03:25:02 +0200] "GET /boaform/admin/formLogin?username=admin&psd=admin HTTP/1.0" 404 378 "-" "-"
154.81.156.54 - - [25/Apr/2025:03:30:13 +0200] "GET / HTTP/1.1" 200 274 "-" "Mozilla/5.0 (Windows NT 10.0; Win64; x64) AppleWebKit/537.36 (KHTML, like Gecko) Chrome/90.0.4430.85 Safari/537.36 Edg/90.0.818.46"
147.185.132.102 - - [25/Apr/2025:03:31:00 +0200] "GET / HTTP/1.1" 200 274 "-" "Expanse, a Palo Alto Networks company, searches across the global IPv4 space multiple times per day to identify customers' presences on the Internet. If you would like to be excluded from our scans, please send IP addresses/domains to: scaninfo@paloaltonetworks.com"
185.255.122.19 - - [25/Apr/2025:03:34:01 +0200] "GET / HTTP/1.1" 200 274 "-" "Mozilla/5.0 (Windows NT 10.0; Win64; x64) AppleWebKit/537.36 (KHTML, like Gecko) Chrome/90.0.4430.85 Safari/537.36 Edg/90.0.818.46"
93.174.93.12 - - [25/Apr/2025:03:46:08 +0200] "GET / HTTP/1.0" 200 423 "-" "Mozilla/5.0 (Linux; Android 9; RMX1801) AppleWebKit/537.36 (KHTML, like Gecko) Chrome/76.0.3809.111 Mobile Safari/537.36"
154.81.156.54 - - [25/Apr/2025:04:02:37 +0200] "GET / HTTP/1.1" 200 274 "-" "Mozilla/5.0 (Windows NT 10.0; Win64; x64) AppleWebKit/537.36 (KHTML, like Gecko) Chrome/90.0.4430.85 Safari/537.36 Edg/90.0.818.46"
154.81.156.35 - - [25/Apr/2025:04:18:05 +0200] "GET / HTTP/1.1" 200 274 "-" "Mozilla/5.0 (Windows NT 10.0; Win64; x64) AppleWebKit/537.36 (KHTML, like Gecko) Chrome/90.0.4430.85 Safari/537.36 Edg/90.0.818.46"
185.255.122.19 - - [25/Apr/2025:04:36:19 +0200] "GET / HTTP/1.1" 200 274 "-" "Mozilla/5.0 (Windows NT 10.0; Win64; x64) AppleWebKit/537.36 (KHTML, like Gecko) Chrome/90.0.4430.85 Safari/537.36 Edg/90.0.818.46"
154.81.156.34 - - [25/Apr/2025:04:39:46 +0200] "GET / HTTP/1.1" 200 274 "-" "Mozilla/5.0 (Windows NT 10.0; Win64; x64) AppleWebKit/537.36 (KHTML, like Gecko) Chrome/90.0.4430.85 Safari/537.36 Edg/90.0.818.46"
154.81.156.54 - - [25/Apr/2025:04:46:36 +0200] "GET / HTTP/1.1" 200 274 "-" "Mozilla/5.0 (Windows NT 10.0; Win64; x64) AppleWebKit/537.36 (KHTML, like Gecko) Chrome/90.0.4430.85 Safari/537.36 Edg/90.0.818.46"
5.183.209.244 - - [25/Apr/2025:04:50:23 +0200] "GET / HTTP/1.1" 200 274 "-" "Mozilla/5.0 (Windows NT 10.0; Win64; x64) AppleWebKit/537.36 (KHTML, like Gecko) Chrome/90.0.4430.85 Safari/537.36 Edg/90.0.818.46"
185.255.122.19 - - [25/Apr/2025:04:56:10 +0200] "GET / HTTP/1.1" 200 274 "-" "Mozilla/5.0 (Windows NT 10.0; Win64; x64) AppleWebKit/537.36 (KHTML, like Gecko) Chrome/90.0.4430.85 Safari/537.36 Edg/90.0.818.46"
185.218.86.4 - - [25/Apr/2025:05:08:29 +0200] "GET / HTTP/1.1" 200 274 "-" "Mozilla/5.0 (Windows NT 10.0; Win64; x64) AppleWebKit/537.36 (KHTML, like Gecko) Chrome/90.0.4430.85 Safari/537.36 Edg/90.0.818.46"
185.191.127.222 - - [25/Apr/2025:05:14:27 +0200] "GET / HTTP/1.1" 200 423 "-" "-"
154.81.156.54 - - [25/Apr/2025:05:20:39 +0200] "GET / HTTP/1.1" 200 274 "-" "Mozilla/5.0 (Windows NT 10.0; Win64; x64) AppleWebKit/537.36 (KHTML, like Gecko) Chrome/90.0.4430.85 Safari/537.36 Edg/90.0.818.46"
98.115.53.192 - - [25/Apr/2025:05:23:37 +0200] "GET / HTTP/1.0" 200 423 "-" "curl/7.88.1"
43.159.152.187 - - [25/Apr/2025:05:48:07 +0200] "GET / HTTP/1.1" 200 274 "-" "Mozilla/5.0 (iPhone; CPU iPhone OS 13_2_3 like Mac OS X) AppleWebKit/605.1.15 (KHTML, like Gecko) Version/13.0.3 Mobile/15E148 Safari/604.1"
209.38.142.14 - - [25/Apr/2025:05:48:27 +0200] "GET /.git/config HTTP/1.1" 404 285 "-" "Mozilla/5.0 (X11; Linux x86_64) AppleWebKit/537.36 (KHTML, like Gecko) Chrome/81.0.4044.129 Safari/537.36"
154.81.156.54 - - [25/Apr/2025:05:59:57 +0200] "GET / HTTP/1.1" 200 274 "-" "Mozilla/5.0 (Windows NT 10.0; Win64; x64) AppleWebKit/537.36 (KHTML, like Gecko) Chrome/90.0.4430.85 Safari/537.36 Edg/90.0.818.46"
196.251.80.2 - - [25/Apr/2025:06:11:41 +0200] "GET /.env HTTP/1.1" 404 280 "-" "Mozilla/5.0 (Linux; U; Android 1.5; en-us; htc_bahamas Build/CRB17) AppleWebKit/528.5 (KHTML, like Gecko) Version/3.1.2 Mobile Safari/525.20.1"
205.210.31.153 - - [25/Apr/2025:06:22:22 +0200] "GET / HTTP/1.1" 200 423 "-" "Expanse, a Palo Alto Networks company, searches across the global IPv4 space multiple times per day to identify customers' presences on the Internet. If you would like to be excluded from our scans, please send IP addresses/domains to: scaninfo@paloaltonetworks.com"
205.210.31.86 - - [25/Apr/2025:06:23:21 +0200] "GET / HTTP/1.0" 200 423 "-" "Expanse, a Palo Alto Networks company, searches across the global IPv4 space multiple times per day to identify customers' presences on the Internet. If you would like to be excluded from our scans, please send IP addresses/domains to: scaninfo@paloaltonetworks.com"
205.210.31.169 - - [25/Apr/2025:06:23:29 +0200] "\x16\x03\x01" 400 383 "-" "-"
205.210.31.169 - - [25/Apr/2025:06:23:29 +0200] "\x16\x03\x01" 400 383 "-" "-"
154.81.156.35 - - [25/Apr/2025:06:35:48 +0200] "GET / HTTP/1.1" 200 274 "-" "Mozilla/5.0 (Windows NT 10.0; Win64; x64) AppleWebKit/537.36 (KHTML, like Gecko) Chrome/90.0.4430.85 Safari/537.36 Edg/90.0.818.46"
154.81.156.54 - - [25/Apr/2025:06:36:04 +0200] "GET / HTTP/1.1" 200 274 "-" "Mozilla/5.0 (Windows NT 10.0; Win64; x64) AppleWebKit/537.36 (KHTML, like Gecko) Chrome/90.0.4430.85 Safari/537.36 Edg/90.0.818.46"
162.216.149.128 - - [25/Apr/2025:06:41:03 +0200] "GET / HTTP/1.1" 200 274 "-" "Expanse, a Palo Alto Networks company, searches across the global IPv4 space multiple times per day to identify customers' presences on the Internet. If you would like to be excluded from our scans, please send IP addresses/domains to: scaninfo@paloaltonetworks.com"
154.81.156.34 - - [25/Apr/2025:06:50:13 +0200] "GET / HTTP/1.1" 200 274 "-" "Mozilla/5.0 (Windows NT 10.0; Win64; x64) AppleWebKit/537.36 (KHTML, like Gecko) Chrome/90.0.4430.85 Safari/537.36 Edg/90.0.818.46"
185.255.122.19 - - [25/Apr/2025:06:52:37 +0200] "GET / HTTP/1.1" 200 274 "-" "Mozilla/5.0 (Windows NT 10.0; Win64; x64) AppleWebKit/537.36 (KHTML, like Gecko) Chrome/90.0.4430.85 Safari/537.36 Edg/90.0.818.46"
154.81.156.54 - - [25/Apr/2025:07:12:39 +0200] "GET / HTTP/1.1" 200 274 "-" "Mozilla/5.0 (Windows NT 10.0; Win64; x64) AppleWebKit/537.36 (KHTML, like Gecko) Chrome/90.0.4430.85 Safari/537.36 Edg/90.0.818.46"
185.255.122.19 - - [25/Apr/2025:07:19:09 +0200] "GET / HTTP/1.1" 200 274 "-" "Mozilla/5.0 (Windows NT 10.0; Win64; x64) AppleWebKit/537.36 (KHTML, like Gecko) Chrome/90.0.4430.85 Safari/537.36 Edg/90.0.818.46"
49.232.170.77 - - [25/Apr/2025:07:21:05 +0200] "GET /phpmyadmin/index.php HTTP/1.1" 404 365 "-" "Mozilla/5.0 (Windows NT 10.0; WOW64) AppleWebKit/537.36 (KHTML, like Gecko) Chrome/69.0.3464.0 Safari/537.36"
49.232.170.77 - - [25/Apr/2025:07:21:05 +0200] "GET /pmd/index.php HTTP/1.1" 404 358 "-" "Mozilla/5.0 (Windows NT 10.0; WOW64) AppleWebKit/537.36 (KHTML, like Gecko) Chrome/69.0.3464.0 Safari/537.36"
5.183.209.244 - - [25/Apr/2025:07:25:11 +0200] "GET / HTTP/1.1" 200 274 "-" "Mozilla/5.0 (Windows NT 10.0; Win64; x64) AppleWebKit/537.36 (KHTML, like Gecko) Chrome/90.0.4430.85 Safari/537.36 Edg/90.0.818.46"
194.165.16.164 - - [25/Apr/2025:07:44:27 +0200] "\x03" 400 383 "-" "-"
154.81.156.54 - - [25/Apr/2025:07:45:39 +0200] "GET / HTTP/1.1" 200 274 "-" "Mozilla/5.0 (Windows NT 10.0; Win64; x64) AppleWebKit/537.36 (KHTML, like Gecko) Chrome/90.0.4430.85 Safari/537.36 Edg/90.0.818.46"
203.75.213.2 - - [25/Apr/2025:07:53:21 +0200] "GET / HTTP/1.1" 200 274 "-" "Python/3.8 aiohttp/3.8.4"
172.202.117.179 - - [25/Apr/2025:08:05:24 +0200] "GET /manager/html HTTP/1.1" 404 283 "-" "Mozilla/5.0 zgrab/0.x"
154.81.156.34 - - [25/Apr/2025:08:15:38 +0200] "GET / HTTP/1.1" 200 274 "-" "Mozilla/5.0 (Windows NT 10.0; Win64; x64) AppleWebKit/537.36 (KHTML, like Gecko) Chrome/90.0.4430.85 Safari/537.36 Edg/90.0.818.46"
154.81.156.54 - - [25/Apr/2025:08:27:44 +0200] "GET / HTTP/1.1" 200 274 "-" "Mozilla/5.0 (Windows NT 10.0; Win64; x64) AppleWebKit/537.36 (KHTML, like Gecko) Chrome/90.0.4430.85 Safari/537.36 Edg/90.0.818.46"
80.82.77.202 - - [25/Apr/2025:08:31:31 +0200] "GET / HTTP/1.0" 200 423 "-" "Mozilla/5.0 (Macintosh; Intel Mac OS X 10_14_6) AppleWebKit/537.36 (KHTML, like Gecko) Chrome/72.0.3626.121 Safari/537.36"
185.3.95.34 - - [25/Apr/2025:08:36:08 +0200] "GET / HTTP/1.1" 200 274 "-" "Mozilla/5.0 (Windows NT 6.1; WOW64; rv:8.0) Gecko/20100101 Firefox/8.0"
185.3.95.34 - - [25/Apr/2025:08:36:08 +0200] "\x16\x03\x01" 400 383 "-" "-"
185.3.95.34 - - [25/Apr/2025:08:36:08 +0200] "\x16\x03\x01" 400 383 "-" "-"
185.3.95.34 - - [25/Apr/2025:08:36:08 +0200] "\x16\x03\x01" 400 383 "-" "-"
185.255.122.19 - - [25/Apr/2025:08:36:31 +0200] "GET / HTTP/1.1" 200 274 "-" "Mozilla/5.0 (Windows NT 10.0; Win64; x64) AppleWebKit/537.36 (KHTML, like Gecko) Chrome/90.0.4430.85 Safari/537.36 Edg/90.0.818.46"
49.51.52.250 - - [25/Apr/2025:08:51:13 +0200] "GET / HTTP/1.1" 200 274 "-" "Mozilla/5.0 (iPhone; CPU iPhone OS 13_2_3 like Mac OS X) AppleWebKit/605.1.15 (KHTML, like Gecko) Version/13.0.3 Mobile/15E148 Safari/604.1"
154.81.156.54 - - [25/Apr/2025:08:56:45 +0200] "GET / HTTP/1.1" 200 274 "-" "Mozilla/5.0 (Windows NT 10.0; Win64; x64) AppleWebKit/537.36 (KHTML, like Gecko) Chrome/90.0.4430.85 Safari/537.36 Edg/90.0.818.46"
185.255.122.19 - - [25/Apr/2025:09:08:12 +0200] "GET / HTTP/1.1" 200 274 "-" "Mozilla/5.0 (Windows NT 10.0; Win64; x64) AppleWebKit/537.36 (KHTML, like Gecko) Chrome/90.0.4430.85 Safari/537.36 Edg/90.0.818.46"
154.81.156.35 - - [25/Apr/2025:09:08:16 +0200] "GET / HTTP/1.1" 200 274 "-" "Mozilla/5.0 (Windows NT 10.0; Win64; x64) AppleWebKit/537.36 (KHTML, like Gecko) Chrome/90.0.4430.85 Safari/537.36 Edg/90.0.818.46"
5.183.209.244 - - [25/Apr/2025:09:20:35 +0200] "GET / HTTP/1.1" 200 274 "-" "Mozilla/5.0 (Windows NT 10.0; Win64; x64) AppleWebKit/537.36 (KHTML, like Gecko) Chrome/90.0.4430.85 Safari/537.36 Edg/90.0.818.46"
154.81.156.54 - - [25/Apr/2025:09:29:38 +0200] "GET / HTTP/1.1" 200 274 "-" "Mozilla/5.0 (Windows NT 10.0; Win64; x64) AppleWebKit/537.36 (KHTML, like Gecko) Chrome/90.0.4430.85 Safari/537.36 Edg/90.0.818.46"
77.119.161.159 - - [25/Apr/2025:09:31:21 +0200] "GET /layout.php HTTP/1.1" 200 815 "-" "Mozilla/5.0 (Windows NT 10.0; Win64; x64; rv:137.0) Gecko/20100101 Firefox/137.0"
77.119.161.159 - - [25/Apr/2025:09:31:21 +0200] "GET /entry.php?id=10273 HTTP/1.1" 200 1903 "http://hausegger.activities.at/layout.php" "Mozilla/5.0 (Windows NT 10.0; Win64; x64; rv:137.0) Gecko/20100101 Firefox/137.0"
77.119.161.159 - - [25/Apr/2025:09:31:21 +0200] "GET /entry.php?id=10270 HTTP/1.1" 200 909 "http://hausegger.activities.at/layout.php" "Mozilla/5.0 (Windows NT 10.0; Win64; x64; rv:137.0) Gecko/20100101 Firefox/137.0"
77.119.161.159 - - [25/Apr/2025:09:31:21 +0200] "GET /entry.php?id=10272 HTTP/1.1" 200 1159 "http://hausegger.activities.at/layout.php" "Mozilla/5.0 (Windows NT 10.0; Win64; x64; rv:137.0) Gecko/20100101 Firefox/137.0"
77.119.161.159 - - [25/Apr/2025:09:31:21 +0200] "GET /entry.php?id=11412 HTTP/1.1" 200 1760 "http://hausegger.activities.at/layout.php" "Mozilla/5.0 (Windows NT 10.0; Win64; x64; rv:137.0) Gecko/20100101 Firefox/137.0"
77.119.161.159 - - [25/Apr/2025:09:31:21 +0200] "GET /gui/javascript/jquery/css/gui-themes/ui.spinner.css HTTP/1.1" 200 350 "http://hausegger.activities.at/entry.php?id=10273" "Mozilla/5.0 (Windows NT 10.0; Win64; x64; rv:137.0) Gecko/20100101 Firefox/137.0"
77.119.161.159 - - [25/Apr/2025:09:31:21 +0200] "GET /gui/javascript/jquery/css/gui-themes/custom.min.css HTTP/1.1" 200 5618 "http://hausegger.activities.at/entry.php?id=10273" "Mozilla/5.0 (Windows NT 10.0; Win64; x64; rv:137.0) Gecko/20100101 Firefox/137.0"
77.119.161.159 - - [25/Apr/2025:09:31:21 +0200] "GET /gui/javascript/form_form.js?1745566281 HTTP/1.1" 200 16206 "http://hausegger.activities.at/entry.php?id=10273" "Mozilla/5.0 (Windows NT 10.0; Win64; x64; rv:137.0) Gecko/20100101 Firefox/137.0"
77.119.161.159 - - [25/Apr/2025:09:31:21 +0200] "GET /gui/javascript/form_form.js?1745566281 HTTP/1.1" 200 16206 "http://hausegger.activities.at/entry.php?id=10272" "Mozilla/5.0 (Windows NT 10.0; Win64; x64; rv:137.0) Gecko/20100101 Firefox/137.0"
77.119.161.159 - - [25/Apr/2025:09:31:21 +0200] "GET /entry.php?id=10271& HTTP/1.1" 200 934 "http://hausegger.activities.at/entry.php?id=10272" "Mozilla/5.0 (Windows NT 10.0; Win64; x64; rv:137.0) Gecko/20100101 Firefox/137.0"
77.119.161.159 - - [25/Apr/2025:09:31:21 +0200] "GET /entry.php?id=10287 HTTP/1.1" 200 2419 "http://hausegger.activities.at/entry.php?id=11412" "Mozilla/5.0 (Windows NT 10.0; Win64; x64; rv:137.0) Gecko/20100101 Firefox/137.0"
77.119.161.159 - - [25/Apr/2025:09:31:22 +0200] "GET /gui/javascript/form_form.js?1745566282 HTTP/1.1" 200 16206 "http://hausegger.activities.at/entry.php?id=10287" "Mozilla/5.0 (Windows NT 10.0; Win64; x64; rv:137.0) Gecko/20100101 Firefox/137.0"
77.119.161.159 - - [25/Apr/2025:09:31:22 +0200] "GET /entry.php?id=10270& HTTP/1.1" 200 909 "http://hausegger.activities.at/entry.php?id=10287" "Mozilla/5.0 (Windows NT 10.0; Win64; x64; rv:137.0) Gecko/20100101 Firefox/137.0"
77.119.161.159 - - [25/Apr/2025:09:31:22 +0200] "GET /entry.php?id=10273& HTTP/1.1" 200 1903 "http://hausegger.activities.at/entry.php?id=10287" "Mozilla/5.0 (Windows NT 10.0; Win64; x64; rv:137.0) Gecko/20100101 Firefox/137.0"
196.251.69.118 - - [25/Apr/2025:09:31:23 +0200] "GET /wp-content/plugins/suretriggers/readme.txt HTTP/1.1" 404 319 "www.google.com" "Mozilla/6.4 (Windows NT 11.1) Gecko/2010102 Firefox/99.0"
77.119.161.159 - - [25/Apr/2025:09:31:23 +0200] "GET /gui/images/progressbar.gif HTTP/1.1" 200 2157 "http://hausegger.activities.at/entry.php?id=10272" "Mozilla/5.0 (Windows NT 10.0; Win64; x64; rv:137.0) Gecko/20100101 Firefox/137.0"
77.119.161.159 - - [25/Apr/2025:09:31:23 +0200] "POST /entry.php?id=10287& HTTP/1.1" 200 1968 "http://hausegger.activities.at/entry.php?id=10287" "Mozilla/5.0 (Windows NT 10.0; Win64; x64; rv:137.0) Gecko/20100101 Firefox/137.0"
77.119.161.159 - - [25/Apr/2025:09:32:27 +0200] "GET /gui/javascript/form_form.js?1745566347 HTTP/1.1" 200 16206 "http://hausegger.activities.at/entry.php?id=10287&" "Mozilla/5.0 (Windows NT 10.0; Win64; x64; rv:137.0) Gecko/20100101 Firefox/137.0"
77.119.161.159 - - [25/Apr/2025:09:32:27 +0200] "GET /entry.php?id=10271& HTTP/1.1" 200 988 "http://hausegger.activities.at/entry.php?id=10272" "Mozilla/5.0 (Windows NT 10.0; Win64; x64; rv:137.0) Gecko/20100101 Firefox/137.0"
77.119.161.159 - - [25/Apr/2025:09:32:27 +0200] "GET /entry.php?id=10273& HTTP/1.1" 200 2012 "http://hausegger.activities.at/entry.php?id=10287&" "Mozilla/5.0 (Windows NT 10.0; Win64; x64; rv:137.0) Gecko/20100101 Firefox/137.0"
77.119.161.159 - - [25/Apr/2025:09:32:27 +0200] "GET /framework/webfx/style/toolbar/images/cbback.gif HTTP/1.1" 404 318 "http://hausegger.activities.at/framework/webfx/style/toolbar/cb2.css" "Mozilla/5.0 (Windows NT 10.0; Win64; x64; rv:137.0) Gecko/20100101 Firefox/137.0"
77.119.161.159 - - [25/Apr/2025:09:32:27 +0200] "GET /entry.php?id=10270&__app__=10006038 HTTP/1.1" 200 2231 "http://hausegger.activities.at/entry.php?id=10273&" "Mozilla/5.0 (Windows NT 10.0; Win64; x64; rv:137.0) Gecko/20100101 Firefox/137.0"
77.119.161.159 - - [25/Apr/2025:09:32:27 +0200] "GET /undefined HTTP/1.1" 404 289 "http://hausegger.activities.at/entry.php?id=10270&__app__=10006038" "Mozilla/5.0 (Windows NT 10.0; Win64; x64; rv:137.0) Gecko/20100101 Firefox/137.0"
77.119.161.159 - - [25/Apr/2025:09:33:27 +0200] "GET /entry.php?id=10271&&ser=566347 HTTP/1.1" 200 988 "http://hausegger.activities.at/entry.php?id=10271&" "Mozilla/5.0 (Windows NT 10.0; Win64; x64; rv:137.0) Gecko/20100101 Firefox/137.0"
77.119.161.159 - - [25/Apr/2025:09:33:27 +0200] "GET /gui/javascript/form_form.js?1745566407 HTTP/1.1" 200 16206 "http://hausegger.activities.at/entry.php?id=10271&&ser=566347" "Mozilla/5.0 (Windows NT 10.0; Win64; x64; rv:137.0) Gecko/20100101 Firefox/137.0"
77.119.161.159 - - [25/Apr/2025:09:34:28 +0200] "GET /entry.php?id=10271&&ser=566407 HTTP/1.1" 200 988 "http://hausegger.activities.at/entry.php?id=10271&&ser=566347" "Mozilla/5.0 (Windows NT 10.0; Win64; x64; rv:137.0) Gecko/20100101 Firefox/137.0"
77.119.161.159 - - [25/Apr/2025:09:34:28 +0200] "GET /gui/javascript/form_form.js?1745566468 HTTP/1.1" 200 16206 "http://hausegger.activities.at/entry.php?id=10271&&ser=566407" "Mozilla/5.0 (Windows NT 10.0; Win64; x64; rv:137.0) Gecko/20100101 Firefox/137.0"
185.191.127.222 - - [25/Apr/2025:09:34:46 +0200] "GET / HTTP/1.1" 200 423 "-" "-"
77.119.161.159 - - [25/Apr/2025:09:35:28 +0200] "GET /entry.php?id=10271&&ser=566468 HTTP/1.1" 200 988 "http://hausegger.activities.at/entry.php?id=10271&&ser=566407" "Mozilla/5.0 (Windows NT 10.0; Win64; x64; rv:137.0) Gecko/20100101 Firefox/137.0"
77.119.161.159 - - [25/Apr/2025:09:35:28 +0200] "GET /gui/javascript/form_form.js?1745566528 HTTP/1.1" 200 16206 "http://hausegger.activities.at/entry.php?id=10271&&ser=566468" "Mozilla/5.0 (Windows NT 10.0; Win64; x64; rv:137.0) Gecko/20100101 Firefox/137.0"
77.119.161.159 - - [25/Apr/2025:09:36:28 +0200] "GET /entry.php?id=10271&&ser=566528 HTTP/1.1" 200 989 "http://hausegger.activities.at/entry.php?id=10271&&ser=566468" "Mozilla/5.0 (Windows NT 10.0; Win64; x64; rv:137.0) Gecko/20100101 Firefox/137.0"
77.119.161.159 - - [25/Apr/2025:09:36:29 +0200] "GET /gui/javascript/form_form.js?1745566589 HTTP/1.1" 200 16206 "http://hausegger.activities.at/entry.php?id=10271&&ser=566528" "Mozilla/5.0 (Windows NT 10.0; Win64; x64; rv:137.0) Gecko/20100101 Firefox/137.0"
77.119.161.159 - - [25/Apr/2025:09:37:29 +0200] "GET /entry.php?id=10271&&ser=566588 HTTP/1.1" 200 988 "http://hausegger.activities.at/entry.php?id=10271&&ser=566528" "Mozilla/5.0 (Windows NT 10.0; Win64; x64; rv:137.0) Gecko/20100101 Firefox/137.0"
77.119.161.159 - - [25/Apr/2025:09:37:29 +0200] "GET /gui/javascript/form_form.js?1745566649 HTTP/1.1" 200 16206 "http://hausegger.activities.at/entry.php?id=10271&&ser=566588" "Mozilla/5.0 (Windows NT 10.0; Win64; x64; rv:137.0) Gecko/20100101 Firefox/137.0"
77.119.161.159 - - [25/Apr/2025:09:38:29 +0200] "GET /entry.php?id=10271&&ser=566649 HTTP/1.1" 200 988 "http://hausegger.activities.at/entry.php?id=10271&&ser=566588" "Mozilla/5.0 (Windows NT 10.0; Win64; x64; rv:137.0) Gecko/20100101 Firefox/137.0"
77.119.161.159 - - [25/Apr/2025:09:38:29 +0200] "GET /gui/javascript/form_form.js?1745566709 HTTP/1.1" 200 16206 "http://hausegger.activities.at/entry.php?id=10271&&ser=566649" "Mozilla/5.0 (Windows NT 10.0; Win64; x64; rv:137.0) Gecko/20100101 Firefox/137.0"
77.119.161.159 - - [25/Apr/2025:09:39:29 +0200] "GET /entry.php?id=10271&&ser=566709 HTTP/1.1" 200 988 "http://hausegger.activities.at/entry.php?id=10271&&ser=566649" "Mozilla/5.0 (Windows NT 10.0; Win64; x64; rv:137.0) Gecko/20100101 Firefox/137.0"
77.119.161.159 - - [25/Apr/2025:09:39:30 +0200] "GET /gui/javascript/form_form.js?1745566769 HTTP/1.1" 200 16206 "http://hausegger.activities.at/entry.php?id=10271&&ser=566709" "Mozilla/5.0 (Windows NT 10.0; Win64; x64; rv:137.0) Gecko/20100101 Firefox/137.0"
77.119.161.159 - - [25/Apr/2025:09:40:30 +0200] "GET /entry.php?id=10271&&ser=566769 HTTP/1.1" 200 988 "http://hausegger.activities.at/entry.php?id=10271&&ser=566709" "Mozilla/5.0 (Windows NT 10.0; Win64; x64; rv:137.0) Gecko/20100101 Firefox/137.0"
77.119.161.159 - - [25/Apr/2025:09:40:30 +0200] "GET /gui/javascript/form_form.js?1745566830 HTTP/1.1" 200 16206 "http://hausegger.activities.at/entry.php?id=10271&&ser=566769" "Mozilla/5.0 (Windows NT 10.0; Win64; x64; rv:137.0) Gecko/20100101 Firefox/137.0"
77.119.161.159 - - [25/Apr/2025:09:41:30 +0200] "GET /entry.php?id=10271&&ser=566830 HTTP/1.1" 200 988 "http://hausegger.activities.at/entry.php?id=10271&&ser=566769" "Mozilla/5.0 (Windows NT 10.0; Win64; x64; rv:137.0) Gecko/20100101 Firefox/137.0"
77.119.161.159 - - [25/Apr/2025:09:41:30 +0200] "GET /gui/javascript/form_form.js?1745566890 HTTP/1.1" 200 16206 "http://hausegger.activities.at/entry.php?id=10271&&ser=566830" "Mozilla/5.0 (Windows NT 10.0; Win64; x64; rv:137.0) Gecko/20100101 Firefox/137.0"
77.119.161.159 - - [25/Apr/2025:09:42:30 +0200] "GET /entry.php?id=10271&&ser=566890 HTTP/1.1" 200 988 "http://hausegger.activities.at/entry.php?id=10271&&ser=566830" "Mozilla/5.0 (Windows NT 10.0; Win64; x64; rv:137.0) Gecko/20100101 Firefox/137.0"
77.119.161.159 - - [25/Apr/2025:09:42:30 +0200] "GET /gui/javascript/form_form.js?1745566950 HTTP/1.1" 200 16206 "http://hausegger.activities.at/entry.php?id=10271&&ser=566890" "Mozilla/5.0 (Windows NT 10.0; Win64; x64; rv:137.0) Gecko/20100101 Firefox/137.0"
77.119.161.159 - - [25/Apr/2025:09:43:31 +0200] "GET /entry.php?id=10271&&ser=566950 HTTP/1.1" 200 987 "http://hausegger.activities.at/entry.php?id=10271&&ser=566890" "Mozilla/5.0 (Windows NT 10.0; Win64; x64; rv:137.0) Gecko/20100101 Firefox/137.0"
77.119.161.159 - - [25/Apr/2025:09:43:31 +0200] "GET /gui/javascript/form_form.js?1745567011 HTTP/1.1" 200 16206 "http://hausegger.activities.at/entry.php?id=10271&&ser=566950" "Mozilla/5.0 (Windows NT 10.0; Win64; x64; rv:137.0) Gecko/20100101 Firefox/137.0"
77.119.161.159 - - [25/Apr/2025:09:44:31 +0200] "GET /entry.php?id=10271&&ser=567011 HTTP/1.1" 200 987 "http://hausegger.activities.at/entry.php?id=10271&&ser=566950" "Mozilla/5.0 (Windows NT 10.0; Win64; x64; rv:137.0) Gecko/20100101 Firefox/137.0"
77.119.161.159 - - [25/Apr/2025:09:44:31 +0200] "GET /gui/javascript/form_form.js?1745567071 HTTP/1.1" 200 16206 "http://hausegger.activities.at/entry.php?id=10271&&ser=567011" "Mozilla/5.0 (Windows NT 10.0; Win64; x64; rv:137.0) Gecko/20100101 Firefox/137.0"
77.119.161.159 - - [25/Apr/2025:09:45:31 +0200] "GET /entry.php?id=10271&&ser=567071 HTTP/1.1" 200 987 "http://hausegger.activities.at/entry.php?id=10271&&ser=567011" "Mozilla/5.0 (Windows NT 10.0; Win64; x64; rv:137.0) Gecko/20100101 Firefox/137.0"
77.119.161.159 - - [25/Apr/2025:09:45:31 +0200] "GET /gui/javascript/form_form.js?1745567131 HTTP/1.1" 200 16206 "http://hausegger.activities.at/entry.php?id=10271&&ser=567071" "Mozilla/5.0 (Windows NT 10.0; Win64; x64; rv:137.0) Gecko/20100101 Firefox/137.0"
77.119.161.159 - - [25/Apr/2025:09:46:31 +0200] "GET /entry.php?id=10271&&ser=567131 HTTP/1.1" 200 988 "http://hausegger.activities.at/entry.php?id=10271&&ser=567071" "Mozilla/5.0 (Windows NT 10.0; Win64; x64; rv:137.0) Gecko/20100101 Firefox/137.0"
77.119.161.159 - - [25/Apr/2025:09:46:32 +0200] "GET /gui/javascript/form_form.js?1745567192 HTTP/1.1" 200 16206 "http://hausegger.activities.at/entry.php?id=10271&&ser=567131" "Mozilla/5.0 (Windows NT 10.0; Win64; x64; rv:137.0) Gecko/20100101 Firefox/137.0"
77.119.161.159 - - [25/Apr/2025:09:47:32 +0200] "GET /entry.php?id=10271&&ser=567192 HTTP/1.1" 200 988 "http://hausegger.activities.at/entry.php?id=10271&&ser=567131" "Mozilla/5.0 (Windows NT 10.0; Win64; x64; rv:137.0) Gecko/20100101 Firefox/137.0"
77.119.161.159 - - [25/Apr/2025:09:47:32 +0200] "GET /gui/javascript/form_form.js?1745567252 HTTP/1.1" 200 16206 "http://hausegger.activities.at/entry.php?id=10271&&ser=567192" "Mozilla/5.0 (Windows NT 10.0; Win64; x64; rv:137.0) Gecko/20100101 Firefox/137.0"
77.119.161.159 - - [25/Apr/2025:09:48:32 +0200] "GET /entry.php?id=10271&&ser=567252 HTTP/1.1" 200 988 "http://hausegger.activities.at/entry.php?id=10271&&ser=567192" "Mozilla/5.0 (Windows NT 10.0; Win64; x64; rv:137.0) Gecko/20100101 Firefox/137.0"
77.119.161.159 - - [25/Apr/2025:09:48:32 +0200] "GET /gui/javascript/form_form.js?1745567312 HTTP/1.1" 200 16206 "http://hausegger.activities.at/entry.php?id=10271&&ser=567252" "Mozilla/5.0 (Windows NT 10.0; Win64; x64; rv:137.0) Gecko/20100101 Firefox/137.0"
77.119.161.159 - - [25/Apr/2025:09:49:33 +0200] "GET /entry.php?id=10271&&ser=567312 HTTP/1.1" 200 988 "http://hausegger.activities.at/entry.php?id=10271&&ser=567252" "Mozilla/5.0 (Windows NT 10.0; Win64; x64; rv:137.0) Gecko/20100101 Firefox/137.0"
77.119.161.159 - - [25/Apr/2025:09:49:33 +0200] "GET /gui/javascript/form_form.js?1745567373 HTTP/1.1" 200 16206 "http://hausegger.activities.at/entry.php?id=10271&&ser=567312" "Mozilla/5.0 (Windows NT 10.0; Win64; x64; rv:137.0) Gecko/20100101 Firefox/137.0"
77.119.161.159 - - [25/Apr/2025:09:50:33 +0200] "GET /entry.php?id=10271&&ser=567373 HTTP/1.1" 200 987 "http://hausegger.activities.at/entry.php?id=10271&&ser=567312" "Mozilla/5.0 (Windows NT 10.0; Win64; x64; rv:137.0) Gecko/20100101 Firefox/137.0"
77.119.161.159 - - [25/Apr/2025:09:50:33 +0200] "GET /gui/javascript/form_form.js?1745567433 HTTP/1.1" 200 16206 "http://hausegger.activities.at/entry.php?id=10271&&ser=567373" "Mozilla/5.0 (Windows NT 10.0; Win64; x64; rv:137.0) Gecko/20100101 Firefox/137.0"
185.242.226.116 - - [25/Apr/2025:09:50:48 +0200] "GET / HTTP/1.1" 200 274 "-" "Mozilla/5.0 (Windows NT 10.0; Win64; x64) AppleWebKit/537.36 (KHTML, like Gecko) Chrome/88.0.4324.190 Safari/537.36"
77.119.161.159 - - [25/Apr/2025:09:51:33 +0200] "GET /entry.php?id=10271&&ser=567433 HTTP/1.1" 200 988 "http://hausegger.activities.at/entry.php?id=10271&&ser=567373" "Mozilla/5.0 (Windows NT 10.0; Win64; x64; rv:137.0) Gecko/20100101 Firefox/137.0"
77.119.161.159 - - [25/Apr/2025:09:51:33 +0200] "GET /gui/javascript/form_form.js?1745567493 HTTP/1.1" 200 16206 "http://hausegger.activities.at/entry.php?id=10271&&ser=567433" "Mozilla/5.0 (Windows NT 10.0; Win64; x64; rv:137.0) Gecko/20100101 Firefox/137.0"
185.242.226.116 - - [25/Apr/2025:09:51:46 +0200] "GET /activities.ico HTTP/1.1" 200 1406 "-" "Python/3.7 aiohttp/3.8.1"
77.119.161.159 - - [25/Apr/2025:09:52:34 +0200] "GET /entry.php?id=10271&&ser=567493 HTTP/1.1" 200 988 "http://hausegger.activities.at/entry.php?id=10271&&ser=567433" "Mozilla/5.0 (Windows NT 10.0; Win64; x64; rv:137.0) Gecko/20100101 Firefox/137.0"
77.119.161.159 - - [25/Apr/2025:09:52:34 +0200] "GET /gui/javascript/form_form.js?1745567554 HTTP/1.1" 200 16206 "http://hausegger.activities.at/entry.php?id=10271&&ser=567493" "Mozilla/5.0 (Windows NT 10.0; Win64; x64; rv:137.0) Gecko/20100101 Firefox/137.0"
77.119.161.159 - - [25/Apr/2025:09:53:34 +0200] "GET /entry.php?id=10271&&ser=567554 HTTP/1.1" 200 988 "http://hausegger.activities.at/entry.php?id=10271&&ser=567493" "Mozilla/5.0 (Windows NT 10.0; Win64; x64; rv:137.0) Gecko/20100101 Firefox/137.0"
77.119.161.159 - - [25/Apr/2025:09:53:34 +0200] "GET /gui/javascript/form_form.js?1745567614 HTTP/1.1" 200 16206 "http://hausegger.activities.at/entry.php?id=10271&&ser=567554" "Mozilla/5.0 (Windows NT 10.0; Win64; x64; rv:137.0) Gecko/20100101 Firefox/137.0"
77.119.161.159 - - [25/Apr/2025:09:54:38 +0200] "GET /entry.php?id=10271&&ser=567614 HTTP/1.1" 200 988 "http://hausegger.activities.at/entry.php?id=10271&&ser=567554" "Mozilla/5.0 (Windows NT 10.0; Win64; x64; rv:137.0) Gecko/20100101 Firefox/137.0"
77.119.161.159 - - [25/Apr/2025:09:54:39 +0200] "GET /gui/javascript/form_form.js?1745567678 HTTP/1.1" 200 16206 "http://hausegger.activities.at/entry.php?id=10271&&ser=567614" "Mozilla/5.0 (Windows NT 10.0; Win64; x64; rv:137.0) Gecko/20100101 Firefox/137.0"
77.119.161.159 - - [25/Apr/2025:09:55:39 +0200] "GET /entry.php?id=10271&&ser=567678 HTTP/1.1" 200 988 "http://hausegger.activities.at/entry.php?id=10271&&ser=567614" "Mozilla/5.0 (Windows NT 10.0; Win64; x64; rv:137.0) Gecko/20100101 Firefox/137.0"
77.119.161.159 - - [25/Apr/2025:09:55:39 +0200] "GET /gui/javascript/form_form.js?1745567739 HTTP/1.1" 200 16206 "http://hausegger.activities.at/entry.php?id=10271&&ser=567678" "Mozilla/5.0 (Windows NT 10.0; Win64; x64; rv:137.0) Gecko/20100101 Firefox/137.0"
77.119.161.159 - - [25/Apr/2025:09:56:40 +0200] "GET /entry.php?id=10271&&ser=567739 HTTP/1.1" 200 988 "http://hausegger.activities.at/entry.php?id=10271&&ser=567678" "Mozilla/5.0 (Windows NT 10.0; Win64; x64; rv:137.0) Gecko/20100101 Firefox/137.0"
77.119.161.159 - - [25/Apr/2025:09:56:40 +0200] "GET /gui/javascript/form_form.js?1745567800 HTTP/1.1" 200 16206 "http://hausegger.activities.at/entry.php?id=10271&&ser=567739" "Mozilla/5.0 (Windows NT 10.0; Win64; x64; rv:137.0) Gecko/20100101 Firefox/137.0"
205.169.39.57 - - [25/Apr/2025:09:57:26 +0200] "GET / HTTP/1.1" 200 274 "-" "Mozilla/5.0 (Windows NT 10.0) AppleWebKit/537.36 (KHTML, like Gecko) Chrome/106.0.0.0 Safari/537.36"
77.119.161.159 - - [25/Apr/2025:09:57:40 +0200] "GET /entry.php?id=10271&&ser=567800 HTTP/1.1" 200 988 "http://hausegger.activities.at/entry.php?id=10271&&ser=567739" "Mozilla/5.0 (Windows NT 10.0; Win64; x64; rv:137.0) Gecko/20100101 Firefox/137.0"
77.119.161.159 - - [25/Apr/2025:09:57:40 +0200] "GET /gui/javascript/form_form.js?1745567860 HTTP/1.1" 200 16206 "http://hausegger.activities.at/entry.php?id=10271&&ser=567800" "Mozilla/5.0 (Windows NT 10.0; Win64; x64; rv:137.0) Gecko/20100101 Firefox/137.0"
77.119.161.159 - - [25/Apr/2025:09:58:40 +0200] "GET /entry.php?id=10271&&ser=567860 HTTP/1.1" 200 988 "http://hausegger.activities.at/entry.php?id=10271&&ser=567800" "Mozilla/5.0 (Windows NT 10.0; Win64; x64; rv:137.0) Gecko/20100101 Firefox/137.0"
77.119.161.159 - - [25/Apr/2025:09:58:40 +0200] "GET /gui/javascript/form_form.js?1745567920 HTTP/1.1" 200 16206 "http://hausegger.activities.at/entry.php?id=10271&&ser=567860" "Mozilla/5.0 (Windows NT 10.0; Win64; x64; rv:137.0) Gecko/20100101 Firefox/137.0"
77.119.161.159 - - [25/Apr/2025:09:59:41 +0200] "GET /entry.php?id=10271&&ser=567920 HTTP/1.1" 200 987 "http://hausegger.activities.at/entry.php?id=10271&&ser=567860" "Mozilla/5.0 (Windows NT 10.0; Win64; x64; rv:137.0) Gecko/20100101 Firefox/137.0"
77.119.161.159 - - [25/Apr/2025:09:59:41 +0200] "GET /gui/javascript/form_form.js?1745567981 HTTP/1.1" 200 16206 "http://hausegger.activities.at/entry.php?id=10271&&ser=567920" "Mozilla/5.0 (Windows NT 10.0; Win64; x64; rv:137.0) Gecko/20100101 Firefox/137.0"
77.119.161.159 - - [25/Apr/2025:10:00:41 +0200] "GET /entry.php?id=10271&&ser=567981 HTTP/1.1" 200 987 "http://hausegger.activities.at/entry.php?id=10271&&ser=567920" "Mozilla/5.0 (Windows NT 10.0; Win64; x64; rv:137.0) Gecko/20100101 Firefox/137.0"
77.119.161.159 - - [25/Apr/2025:10:00:41 +0200] "GET /gui/javascript/form_form.js?1745568041 HTTP/1.1" 200 16206 "http://hausegger.activities.at/entry.php?id=10271&&ser=567981" "Mozilla/5.0 (Windows NT 10.0; Win64; x64; rv:137.0) Gecko/20100101 Firefox/137.0"
77.119.161.159 - - [25/Apr/2025:10:01:41 +0200] "GET /entry.php?id=10271&&ser=568041 HTTP/1.1" 200 987 "http://hausegger.activities.at/entry.php?id=10271&&ser=567981" "Mozilla/5.0 (Windows NT 10.0; Win64; x64; rv:137.0) Gecko/20100101 Firefox/137.0"
77.119.161.159 - - [25/Apr/2025:10:01:41 +0200] "GET /gui/javascript/form_form.js?1745568101 HTTP/1.1" 200 16206 "http://hausegger.activities.at/entry.php?id=10271&&ser=568041" "Mozilla/5.0 (Windows NT 10.0; Win64; x64; rv:137.0) Gecko/20100101 Firefox/137.0"
77.119.161.159 - - [25/Apr/2025:10:02:42 +0200] "GET /entry.php?id=10271&&ser=568101 HTTP/1.1" 200 987 "http://hausegger.activities.at/entry.php?id=10271&&ser=568041" "Mozilla/5.0 (Windows NT 10.0; Win64; x64; rv:137.0) Gecko/20100101 Firefox/137.0"
77.119.161.159 - - [25/Apr/2025:10:02:42 +0200] "GET /gui/javascript/form_form.js?1745568162 HTTP/1.1" 200 16206 "http://hausegger.activities.at/entry.php?id=10271&&ser=568101" "Mozilla/5.0 (Windows NT 10.0; Win64; x64; rv:137.0) Gecko/20100101 Firefox/137.0"
77.119.161.159 - - [25/Apr/2025:10:03:42 +0200] "GET /entry.php?id=10271&&ser=568162 HTTP/1.1" 200 987 "http://hausegger.activities.at/entry.php?id=10271&&ser=568101" "Mozilla/5.0 (Windows NT 10.0; Win64; x64; rv:137.0) Gecko/20100101 Firefox/137.0"
77.119.161.159 - - [25/Apr/2025:10:03:42 +0200] "GET /gui/javascript/form_form.js?1745568222 HTTP/1.1" 200 16206 "http://hausegger.activities.at/entry.php?id=10271&&ser=568162" "Mozilla/5.0 (Windows NT 10.0; Win64; x64; rv:137.0) Gecko/20100101 Firefox/137.0"
77.119.161.159 - - [25/Apr/2025:10:04:42 +0200] "GET /entry.php?id=10271&&ser=568222 HTTP/1.1" 200 987 "http://hausegger.activities.at/entry.php?id=10271&&ser=568162" "Mozilla/5.0 (Windows NT 10.0; Win64; x64; rv:137.0) Gecko/20100101 Firefox/137.0"
77.119.161.159 - - [25/Apr/2025:10:04:43 +0200] "GET /gui/javascript/form_form.js?1745568282 HTTP/1.1" 200 16206 "http://hausegger.activities.at/entry.php?id=10271&&ser=568222" "Mozilla/5.0 (Windows NT 10.0; Win64; x64; rv:137.0) Gecko/20100101 Firefox/137.0"
154.81.156.34 - - [25/Apr/2025:10:05:20 +0200] "GET / HTTP/1.1" 200 274 "-" "Mozilla/5.0 (Windows NT 10.0; Win64; x64) AppleWebKit/537.36 (KHTML, like Gecko) Chrome/90.0.4430.85 Safari/537.36 Edg/90.0.818.46"
77.119.161.159 - - [25/Apr/2025:10:05:43 +0200] "GET /entry.php?id=10271&&ser=568282 HTTP/1.1" 200 988 "http://hausegger.activities.at/entry.php?id=10271&&ser=568222" "Mozilla/5.0 (Windows NT 10.0; Win64; x64; rv:137.0) Gecko/20100101 Firefox/137.0"
77.119.161.159 - - [25/Apr/2025:10:05:43 +0200] "GET /gui/javascript/form_form.js?1745568343 HTTP/1.1" 200 16206 "http://hausegger.activities.at/entry.php?id=10271&&ser=568282" "Mozilla/5.0 (Windows NT 10.0; Win64; x64; rv:137.0) Gecko/20100101 Firefox/137.0"
77.119.161.159 - - [25/Apr/2025:10:06:43 +0200] "GET /entry.php?id=10271&&ser=568343 HTTP/1.1" 200 988 "http://hausegger.activities.at/entry.php?id=10271&&ser=568282" "Mozilla/5.0 (Windows NT 10.0; Win64; x64; rv:137.0) Gecko/20100101 Firefox/137.0"
77.119.161.159 - - [25/Apr/2025:10:06:43 +0200] "GET /gui/javascript/form_form.js?1745568403 HTTP/1.1" 200 16206 "http://hausegger.activities.at/entry.php?id=10271&&ser=568343" "Mozilla/5.0 (Windows NT 10.0; Win64; x64; rv:137.0) Gecko/20100101 Firefox/137.0"
77.119.161.159 - - [25/Apr/2025:10:07:44 +0200] "GET /entry.php?id=10271&&ser=568403 HTTP/1.1" 200 988 "http://hausegger.activities.at/entry.php?id=10271&&ser=568343" "Mozilla/5.0 (Windows NT 10.0; Win64; x64; rv:137.0) Gecko/20100101 Firefox/137.0"
77.119.161.159 - - [25/Apr/2025:10:07:44 +0200] "GET /gui/javascript/form_form.js?1745568464 HTTP/1.1" 200 16206 "http://hausegger.activities.at/entry.php?id=10271&&ser=568403" "Mozilla/5.0 (Windows NT 10.0; Win64; x64; rv:137.0) Gecko/20100101 Firefox/137.0"
77.119.161.159 - - [25/Apr/2025:10:08:44 +0200] "GET /entry.php?id=10271&&ser=568464 HTTP/1.1" 200 988 "http://hausegger.activities.at/entry.php?id=10271&&ser=568403" "Mozilla/5.0 (Windows NT 10.0; Win64; x64; rv:137.0) Gecko/20100101 Firefox/137.0"
77.119.161.159 - - [25/Apr/2025:10:08:44 +0200] "GET /gui/javascript/form_form.js?1745568524 HTTP/1.1" 200 16206 "http://hausegger.activities.at/entry.php?id=10271&&ser=568464" "Mozilla/5.0 (Windows NT 10.0; Win64; x64; rv:137.0) Gecko/20100101 Firefox/137.0"
77.119.161.159 - - [25/Apr/2025:10:09:44 +0200] "GET /entry.php?id=10271&&ser=568524 HTTP/1.1" 200 988 "http://hausegger.activities.at/entry.php?id=10271&&ser=568464" "Mozilla/5.0 (Windows NT 10.0; Win64; x64; rv:137.0) Gecko/20100101 Firefox/137.0"
77.119.161.159 - - [25/Apr/2025:10:09:44 +0200] "GET /gui/javascript/form_form.js?1745568584 HTTP/1.1" 200 16206 "http://hausegger.activities.at/entry.php?id=10271&&ser=568524" "Mozilla/5.0 (Windows NT 10.0; Win64; x64; rv:137.0) Gecko/20100101 Firefox/137.0"
77.119.161.159 - - [25/Apr/2025:10:10:45 +0200] "GET /entry.php?id=10271&&ser=568584 HTTP/1.1" 200 988 "http://hausegger.activities.at/entry.php?id=10271&&ser=568524" "Mozilla/5.0 (Windows NT 10.0; Win64; x64; rv:137.0) Gecko/20100101 Firefox/137.0"
77.119.161.159 - - [25/Apr/2025:10:10:45 +0200] "GET /gui/javascript/form_form.js?1745568645 HTTP/1.1" 200 16206 "http://hausegger.activities.at/entry.php?id=10271&&ser=568584" "Mozilla/5.0 (Windows NT 10.0; Win64; x64; rv:137.0) Gecko/20100101 Firefox/137.0"
165.154.182.182 - - [25/Apr/2025:10:11:30 +0200] "GET / HTTP/1.1" 200 423 "-" "curl/7.29.0"
165.154.182.182 - - [25/Apr/2025:10:11:31 +0200] "\x16\x03\x01" 400 383 "-" "-"
165.154.182.182 - - [25/Apr/2025:10:11:31 +0200] "t3 12.1.2" 400 383 "-" "-"
77.119.161.159 - - [25/Apr/2025:10:11:45 +0200] "GET /entry.php?id=10271&&ser=568645 HTTP/1.1" 200 987 "http://hausegger.activities.at/entry.php?id=10271&&ser=568584" "Mozilla/5.0 (Windows NT 10.0; Win64; x64; rv:137.0) Gecko/20100101 Firefox/137.0"
77.119.161.159 - - [25/Apr/2025:10:11:45 +0200] "GET /gui/javascript/form_form.js?1745568705 HTTP/1.1" 200 16206 "http://hausegger.activities.at/entry.php?id=10271&&ser=568645" "Mozilla/5.0 (Windows NT 10.0; Win64; x64; rv:137.0) Gecko/20100101 Firefox/137.0"
118.193.45.235 - - [25/Apr/2025:10:12:30 +0200] "GET / HTTP/1.1" 200 274 "-" "Mozilla/5.0 (X11; Linux x86_64) AppleWebKit/544.39 (KHTML, like Gecko) Chrome/74.0.730 Safari/537.36"
118.193.45.235 - - [25/Apr/2025:10:12:31 +0200] "GET /activities.ico HTTP/1.1" 200 1406 "-" "Go-http-client/1.1"
118.193.45.235 - - [25/Apr/2025:10:12:31 +0200] "GET /sitemap.xml HTTP/1.1" 404 285 "-" "Go-http-client/1.1"
118.193.45.235 - - [25/Apr/2025:10:12:31 +0200] "GET /robots.txt HTTP/1.1" 404 284 "-" "Go-http-client/1.1"
77.119.161.159 - - [25/Apr/2025:10:12:45 +0200] "GET /entry.php?id=10271&&ser=568705 HTTP/1.1" 200 987 "http://hausegger.activities.at/entry.php?id=10271&&ser=568645" "Mozilla/5.0 (Windows NT 10.0; Win64; x64; rv:137.0) Gecko/20100101 Firefox/137.0"
77.119.161.159 - - [25/Apr/2025:10:12:45 +0200] "GET /gui/javascript/form_form.js?1745568765 HTTP/1.1" 200 16206 "http://hausegger.activities.at/entry.php?id=10271&&ser=568705" "Mozilla/5.0 (Windows NT 10.0; Win64; x64; rv:137.0) Gecko/20100101 Firefox/137.0"
185.255.122.19 - - [25/Apr/2025:10:13:19 +0200] "GET / HTTP/1.1" 200 274 "-" "Mozilla/5.0 (Windows NT 10.0; Win64; x64) AppleWebKit/537.36 (KHTML, like Gecko) Chrome/90.0.4430.85 Safari/537.36 Edg/90.0.818.46"
77.119.161.159 - - [25/Apr/2025:10:13:46 +0200] "GET /entry.php?id=10271&&ser=568765 HTTP/1.1" 200 988 "http://hausegger.activities.at/entry.php?id=10271&&ser=568705" "Mozilla/5.0 (Windows NT 10.0; Win64; x64; rv:137.0) Gecko/20100101 Firefox/137.0"
77.119.161.159 - - [25/Apr/2025:10:13:46 +0200] "GET /gui/javascript/form_form.js?1745568826 HTTP/1.1" 200 16206 "http://hausegger.activities.at/entry.php?id=10271&&ser=568765" "Mozilla/5.0 (Windows NT 10.0; Win64; x64; rv:137.0) Gecko/20100101 Firefox/137.0"
154.81.156.54 - - [25/Apr/2025:10:14:29 +0200] "GET / HTTP/1.1" 200 274 "-" "Mozilla/5.0 (Windows NT 10.0; Win64; x64) AppleWebKit/537.36 (KHTML, like Gecko) Chrome/90.0.4430.85 Safari/537.36 Edg/90.0.818.46"
77.119.161.159 - - [25/Apr/2025:10:14:46 +0200] "GET /entry.php?id=10271&&ser=568826 HTTP/1.1" 200 988 "http://hausegger.activities.at/entry.php?id=10271&&ser=568765" "Mozilla/5.0 (Windows NT 10.0; Win64; x64; rv:137.0) Gecko/20100101 Firefox/137.0"
77.119.161.159 - - [25/Apr/2025:10:14:46 +0200] "GET /gui/javascript/form_form.js?1745568886 HTTP/1.1" 200 16206 "http://hausegger.activities.at/entry.php?id=10271&&ser=568826" "Mozilla/5.0 (Windows NT 10.0; Win64; x64; rv:137.0) Gecko/20100101 Firefox/137.0"
77.119.161.159 - - [25/Apr/2025:10:15:46 +0200] "GET /entry.php?id=10271&&ser=568886 HTTP/1.1" 200 988 "http://hausegger.activities.at/entry.php?id=10271&&ser=568826" "Mozilla/5.0 (Windows NT 10.0; Win64; x64; rv:137.0) Gecko/20100101 Firefox/137.0"
77.119.161.159 - - [25/Apr/2025:10:15:46 +0200] "GET /gui/javascript/form_form.js?1745568946 HTTP/1.1" 200 16206 "http://hausegger.activities.at/entry.php?id=10271&&ser=568886" "Mozilla/5.0 (Windows NT 10.0; Win64; x64; rv:137.0) Gecko/20100101 Firefox/137.0"
77.119.161.159 - - [25/Apr/2025:10:16:47 +0200] "GET /entry.php?id=10271&&ser=568946 HTTP/1.1" 200 988 "http://hausegger.activities.at/entry.php?id=10271&&ser=568886" "Mozilla/5.0 (Windows NT 10.0; Win64; x64; rv:137.0) Gecko/20100101 Firefox/137.0"
77.119.161.159 - - [25/Apr/2025:10:16:47 +0200] "GET /gui/javascript/form_form.js?1745569007 HTTP/1.1" 200 16206 "http://hausegger.activities.at/entry.php?id=10271&&ser=568946" "Mozilla/5.0 (Windows NT 10.0; Win64; x64; rv:137.0) Gecko/20100101 Firefox/137.0"
77.119.161.159 - - [25/Apr/2025:10:17:47 +0200] "GET /entry.php?id=10271&&ser=569007 HTTP/1.1" 200 988 "http://hausegger.activities.at/entry.php?id=10271&&ser=568946" "Mozilla/5.0 (Windows NT 10.0; Win64; x64; rv:137.0) Gecko/20100101 Firefox/137.0"
77.119.161.159 - - [25/Apr/2025:10:17:47 +0200] "GET /gui/javascript/form_form.js?1745569067 HTTP/1.1" 200 16206 "http://hausegger.activities.at/entry.php?id=10271&&ser=569007" "Mozilla/5.0 (Windows NT 10.0; Win64; x64; rv:137.0) Gecko/20100101 Firefox/137.0"
77.119.161.159 - - [25/Apr/2025:10:18:48 +0200] "GET /entry.php?id=10271&&ser=569067 HTTP/1.1" 200 988 "http://hausegger.activities.at/entry.php?id=10271&&ser=569007" "Mozilla/5.0 (Windows NT 10.0; Win64; x64; rv:137.0) Gecko/20100101 Firefox/137.0"
77.119.161.159 - - [25/Apr/2025:10:18:48 +0200] "GET /gui/javascript/form_form.js?1745569128 HTTP/1.1" 200 16206 "http://hausegger.activities.at/entry.php?id=10271&&ser=569067" "Mozilla/5.0 (Windows NT 10.0; Win64; x64; rv:137.0) Gecko/20100101 Firefox/137.0"
77.119.161.159 - - [25/Apr/2025:10:19:48 +0200] "GET /entry.php?id=10271&&ser=569128 HTTP/1.1" 200 987 "http://hausegger.activities.at/entry.php?id=10271&&ser=569067" "Mozilla/5.0 (Windows NT 10.0; Win64; x64; rv:137.0) Gecko/20100101 Firefox/137.0"
77.119.161.159 - - [25/Apr/2025:10:19:48 +0200] "GET /gui/javascript/form_form.js?1745569188 HTTP/1.1" 200 16206 "http://hausegger.activities.at/entry.php?id=10271&&ser=569128" "Mozilla/5.0 (Windows NT 10.0; Win64; x64; rv:137.0) Gecko/20100101 Firefox/137.0"
77.119.161.159 - - [25/Apr/2025:10:20:48 +0200] "GET /entry.php?id=10271&&ser=569188 HTTP/1.1" 200 987 "http://hausegger.activities.at/entry.php?id=10271&&ser=569128" "Mozilla/5.0 (Windows NT 10.0; Win64; x64; rv:137.0) Gecko/20100101 Firefox/137.0"
77.119.161.159 - - [25/Apr/2025:10:20:49 +0200] "GET /gui/javascript/form_form.js?1745569248 HTTP/1.1" 200 16206 "http://hausegger.activities.at/entry.php?id=10271&&ser=569188" "Mozilla/5.0 (Windows NT 10.0; Win64; x64; rv:137.0) Gecko/20100101 Firefox/137.0"
