178.128.198.52 - - [19/Jun/2025:14:04:33 +0200] "GET /geoip/ HTTP/1.1" 404 281 "-" "Mozilla/5.0 (Windows NT 10.0; Win64; x64) AppleWebKit/537.36 (KHTML, like Gecko) Chrome/108.0.0.0 Safari/537.36"
178.128.198.52 - - [19/Jun/2025:14:04:33 +0200] "GET /1.php HTTP/1.1" 404 280 "-" "Mozilla/5.0 (Windows NT 10.0; Win64; x64) AppleWebKit/537.36 (KHTML, like Gecko) Chrome/108.0.0.0 Safari/537.36"
178.128.198.52 - - [19/Jun/2025:14:04:33 +0200] "GET /systembc/password.php HTTP/1.1" 404 291 "-" "Mozilla/5.0 (Windows NT 10.0; Win64; x64) AppleWebKit/537.36 (KHTML, like Gecko) Chrome/108.0.0.0 Safari/537.36"
178.128.198.52 - - [19/Jun/2025:14:04:33 +0200] "GET /favicon.ico HTTP/1.1" 404 284 "-" "Mozilla/5.0 (Windows NT 10.0; Win64; x64) AppleWebKit/537.36 (KHTML, like Gecko) Chrome/108.0.0.0 Safari/537.36"
178.128.198.52 - - [19/Jun/2025:14:04:33 +0200] "\x16\x03\x01" 400 383 "-" "-"
178.128.198.52 - - [19/Jun/2025:14:04:33 +0200] "\x16\x03\x01" 400 383 "-" "-"
178.128.198.52 - - [19/Jun/2025:14:04:33 +0200] "\x16\x03\x01" 400 383 "-" "-"
178.128.198.52 - - [19/Jun/2025:14:04:33 +0200] "GET /form.html HTTP/1.1" 404 283 "-" "curl/8.1.2"
178.128.198.52 - - [19/Jun/2025:14:04:33 +0200] "GET /t4 HTTP/1.1" 404 278 "-" "Mozilla/5.0"
95.214.53.84 - - [19/Jun/2025:14:17:04 +0200] "GET / HTTP/1.1" 200 274 "-" "Mozilla/5.0 (Windows NT 10.0; Win64; x64) AppleWebKit/537.36 (KHTML, like Gecko) Chrome/131.0.6778.140 Safari/537.36"
20.84.117.189 - - [19/Jun/2025:14:29:36 +0200] "MGLNDD_212.69.160.11_80" 400 383 "-" "-"
47.82.60.110 - - [19/Jun/2025:14:39:51 +0200] "GET / HTTP/1.1" 200 274 "http://coffeenostra.castlegem.co.uk" "Mozilla/5.0 (Windows NT 10.0; Win64; x64) AppleWebKit/537.36 (KHTML, like Gecko) Chrome/114.0.0.0 Safari/537.36 Edg/114.0.1823.43"
79.124.58.198 - - [19/Jun/2025:14:46:30 +0200] "GET /actuator/gateway/routes HTTP/1.1" 404 293 "-" "Mozilla/5.0 (Windows NT 10.0; Win64; x64) AppleWebKit/537.36 (KHTML, like Gecko) Chrome/78.0.3904.108 Safari/537.36"
196.251.85.74 - - [19/Jun/2025:14:55:37 +0200] "GET /.c9/metadata/environment/.env HTTP/1.1" 404 296 "-" "Mozilla/5.0 (Linux; Android 7.1.2; FP2) AppleWebKit/537.36 (KHTML, like Gecko) Chrome/78.0.3880.0 Mobile Safari/537.36"
119.116.180.113 - - [19/Jun/2025:15:06:16 +0200] "GET / HTTP/1.1" 200 423 "-" "Hello-World/1.0"
43.130.139.177 - - [19/Jun/2025:15:23:25 +0200] "GET / HTTP/1.1" 200 274 "-" "Mozilla/5.0 (iPhone; CPU iPhone OS 13_2_3 like Mac OS X) AppleWebKit/605.1.15 (KHTML, like Gecko) Version/13.0.3 Mobile/15E148 Safari/604.1"
185.218.84.178 - - [19/Jun/2025:15:26:19 +0200] "GET / HTTP/1.1" 200 274 "-" "Mozilla/5.0 (Windows NT 10.0; Win64; x64) AppleWebKit/537.36 (KHTML, like Gecko) Chrome/90.0.4430.85 Safari/537.36 Edg/90.0.818.46"
149.50.103.48 - - [19/Jun/2025:15:34:21 +0200] "GET / HTTP/1.1" 200 274 "-" "Mozilla/5.0 (Windows NT 10.0; Win64; x64) AppleWebKit/537.36 (KHTML, like Gecko) Chrome/90.0.4430.85 Safari/537.36 Edg/90.0.818.46"
5.183.209.244 - - [19/Jun/2025:15:35:03 +0200] "GET / HTTP/1.1" 200 274 "-" "Mozilla/5.0 (Windows NT 10.0; Win64; x64) AppleWebKit/537.36 (KHTML, like Gecko) Chrome/90.0.4430.85 Safari/537.36 Edg/90.0.818.46"
146.19.215.12 - - [19/Jun/2025:15:41:24 +0200] "GET /administrator/ HTTP/1.1" 404 297 "-" "Mozilla/5.0 (Windows NT 10.0; Win64; x64) AppleWebKit/537.36 (KHTML, like Gecko) Chrome/121.0.0.0 Safari/537.36"
146.19.215.12 - - [19/Jun/2025:15:41:25 +0200] "GET /administrator/index.php HTTP/1.1" 404 303 "-" "Mozilla/5.0 (Windows NT 10.0; Win64; x64) AppleWebKit/537.36 (KHTML, like Gecko) Chrome/121.0.0.0 Safari/537.36"
167.99.211.47 - - [19/Jun/2025:15:43:33 +0200] "GET /.git/config HTTP/1.1" 404 285 "-" "Mozilla/5.0; Keydrop.io/1.0(onlyscans.com/about);"
167.99.211.47 - - [19/Jun/2025:15:43:33 +0200] "GET /.env HTTP/1.1" 404 280 "-" "Mozilla/5.0; Keydrop.io/1.0(onlyscans.com/about);"
66.249.64.130 - - [19/Jun/2025:15:51:45 +0200] "GET /robots.txt HTTP/1.1" 404 291 "-" "Mozilla/5.0 (compatible; Googlebot/2.1; +http://www.google.com/bot.html)"
66.249.64.128 - - [19/Jun/2025:15:51:45 +0200] "GET /gui/javascript/form_form.js HTTP/1.1" 200 16206 "http://zafi.castlegem.co.uk/layout.php" "Mozilla/5.0 (Linux; Android 6.0.1; Nexus 5X Build/MMB29P) AppleWebKit/537.36 (KHTML, like Gecko) Chrome/137.0.7151.68 Mobile Safari/537.36 (compatible; Googlebot/2.1; +http://www.google.com/bot.html)"
66.249.64.130 - - [19/Jun/2025:15:51:46 +0200] "GET /entry.php?id=10270 HTTP/1.1" 200 909 "http://zafi.castlegem.co.uk/layout.php" "Mozilla/5.0 (Linux; Android 6.0.1; Nexus 5X Build/MMB29P) AppleWebKit/537.36 (KHTML, like Gecko) Chrome/137.0.7151.68 Mobile Safari/537.36 (compatible; Googlebot/2.1; +http://www.google.com/bot.html)"
66.249.64.128 - - [19/Jun/2025:15:51:46 +0200] "GET /entry.php?id=10272 HTTP/1.1" 200 1159 "http://zafi.castlegem.co.uk/layout.php" "Mozilla/5.0 (Linux; Android 6.0.1; Nexus 5X Build/MMB29P) AppleWebKit/537.36 (KHTML, like Gecko) Chrome/137.0.7151.68 Mobile Safari/537.36 (compatible; Googlebot/2.1; +http://www.google.com/bot.html)"
66.249.64.128 - - [19/Jun/2025:15:51:47 +0200] "GET /entry.php?id=11412 HTTP/1.1" 200 1759 "http://zafi.castlegem.co.uk/layout.php" "Mozilla/5.0 (Linux; Android 6.0.1; Nexus 5X Build/MMB29P) AppleWebKit/537.36 (KHTML, like Gecko) Chrome/137.0.7151.68 Mobile Safari/537.36 (compatible; Googlebot/2.1; +http://www.google.com/bot.html)"
66.249.64.130 - - [19/Jun/2025:15:51:47 +0200] "GET /entry.php?id=10273 HTTP/1.1" 200 1902 "http://zafi.castlegem.co.uk/layout.php" "Mozilla/5.0 (Linux; Android 6.0.1; Nexus 5X Build/MMB29P) AppleWebKit/537.36 (KHTML, like Gecko) Chrome/137.0.7151.68 Mobile Safari/537.36 (compatible; Googlebot/2.1; +http://www.google.com/bot.html)"
66.249.64.128 - - [19/Jun/2025:15:51:48 +0200] "GET /entry.php?id=10271& HTTP/1.1" 200 934 "http://zafi.castlegem.co.uk/entry.php?id=10272" "Mozilla/5.0 (Linux; Android 6.0.1; Nexus 5X Build/MMB29P) AppleWebKit/537.36 (KHTML, like Gecko) Chrome/137.0.7151.68 Mobile Safari/537.36 (compatible; Googlebot/2.1; +http://www.google.com/bot.html)"
66.249.64.129 - - [19/Jun/2025:15:51:48 +0200] "GET /entry.php?id=10287 HTTP/1.1" 200 2385 "http://zafi.castlegem.co.uk/entry.php?id=11412" "Mozilla/5.0 (Linux; Android 6.0.1; Nexus 5X Build/MMB29P) AppleWebKit/537.36 (KHTML, like Gecko) Chrome/137.0.7151.68 Mobile Safari/537.36 (compatible; Googlebot/2.1; +http://www.google.com/bot.html)"
66.249.64.128 - - [19/Jun/2025:15:51:49 +0200] "GET /entry.php?id=10270& HTTP/1.1" 200 909 "http://zafi.castlegem.co.uk/entry.php?id=10287" "Mozilla/5.0 (Linux; Android 6.0.1; Nexus 5X Build/MMB29P) AppleWebKit/537.36 (KHTML, like Gecko) Chrome/137.0.7151.68 Mobile Safari/537.36 (compatible; Googlebot/2.1; +http://www.google.com/bot.html)"
66.249.64.128 - - [19/Jun/2025:15:51:49 +0200] "GET /entry.php?id=10273& HTTP/1.1" 200 1902 "http://zafi.castlegem.co.uk/entry.php?id=10287" "Mozilla/5.0 (Linux; Android 6.0.1; Nexus 5X Build/MMB29P) AppleWebKit/537.36 (KHTML, like Gecko) Chrome/137.0.7151.68 Mobile Safari/537.36 (compatible; Googlebot/2.1; +http://www.google.com/bot.html)"
69.167.7.40 - - [19/Jun/2025:15:53:34 +0200] "GET /index.php HTTP/1.0" 200 423 "http://triadian.castlegem.co.uk/index.php" "Mozilla/5.0 (Windows NT 10.0; Win64; x64) AppleWebKit/537.36 (KHTML, like Gecko) Chrome/131.0.0.0 Safari/537.36"
172.190.222.40 - - [19/Jun/2025:15:58:32 +0200] "GET / HTTP/1.1" 200 423 "-" "Mozilla/5.0 (Windows NT 10.0; Win64; x64) AppleWebKit/537.36 (KHTML, like Gecko) Chrome/89.0.4389.114 Safari/537.36"
172.190.222.40 - - [19/Jun/2025:15:58:33 +0200] "GET / HTTP/1.1" 200 423 "-" "Mozilla/5.0 (Windows NT 10.0; Win64; x64) AppleWebKit/537.36 (KHTML, like Gecko) Chrome/89.0.4389.114 Safari/537.36"
172.190.222.40 - - [19/Jun/2025:15:58:33 +0200] "GET /wp-includes/wlwmanifest.xml HTTP/1.1" 404 387 "-" "Mozilla/5.0 (Windows NT 10.0; Win64; x64) AppleWebKit/537.36 (KHTML, like Gecko) Chrome/89.0.4389.114 Safari/537.36"
172.190.222.40 - - [19/Jun/2025:15:58:33 +0200] "GET /xmlrpc.php?rsd HTTP/1.1" 404 370 "-" "Mozilla/5.0 (Windows NT 10.0; Win64; x64) AppleWebKit/537.36 (KHTML, like Gecko) Chrome/89.0.4389.114 Safari/537.36"
172.190.222.40 - - [19/Jun/2025:15:58:33 +0200] "GET / HTTP/1.1" 200 423 "-" "Mozilla/5.0 (Windows NT 10.0; Win64; x64) AppleWebKit/537.36 (KHTML, like Gecko) Chrome/89.0.4389.114 Safari/537.36"
172.190.222.40 - - [19/Jun/2025:15:58:34 +0200] "GET /blog/wp-includes/wlwmanifest.xml HTTP/1.1" 404 392 "-" "Mozilla/5.0 (Windows NT 10.0; Win64; x64) AppleWebKit/537.36 (KHTML, like Gecko) Chrome/89.0.4389.114 Safari/537.36"
172.190.222.40 - - [19/Jun/2025:15:58:34 +0200] "GET /web/wp-includes/wlwmanifest.xml HTTP/1.1" 404 391 "-" "Mozilla/5.0 (Windows NT 10.0; Win64; x64) AppleWebKit/537.36 (KHTML, like Gecko) Chrome/89.0.4389.114 Safari/537.36"
172.190.222.40 - - [19/Jun/2025:15:58:34 +0200] "GET /wordpress/wp-includes/wlwmanifest.xml HTTP/1.1" 404 397 "-" "Mozilla/5.0 (Windows NT 10.0; Win64; x64) AppleWebKit/537.36 (KHTML, like Gecko) Chrome/89.0.4389.114 Safari/537.36"
172.190.222.40 - - [19/Jun/2025:15:58:34 +0200] "GET /website/wp-includes/wlwmanifest.xml HTTP/1.1" 404 395 "-" "Mozilla/5.0 (Windows NT 10.0; Win64; x64) AppleWebKit/537.36 (KHTML, like Gecko) Chrome/89.0.4389.114 Safari/537.36"
172.190.222.40 - - [19/Jun/2025:15:58:34 +0200] "GET /wp/wp-includes/wlwmanifest.xml HTTP/1.1" 404 390 "-" "Mozilla/5.0 (Windows NT 10.0; Win64; x64) AppleWebKit/537.36 (KHTML, like Gecko) Chrome/89.0.4389.114 Safari/537.36"
172.190.222.40 - - [19/Jun/2025:15:58:35 +0200] "GET /news/wp-includes/wlwmanifest.xml HTTP/1.1" 404 392 "-" "Mozilla/5.0 (Windows NT 10.0; Win64; x64) AppleWebKit/537.36 (KHTML, like Gecko) Chrome/89.0.4389.114 Safari/537.36"
172.190.222.40 - - [19/Jun/2025:15:58:35 +0200] "GET /2020/wp-includes/wlwmanifest.xml HTTP/1.1" 404 392 "-" "Mozilla/5.0 (Windows NT 10.0; Win64; x64) AppleWebKit/537.36 (KHTML, like Gecko) Chrome/89.0.4389.114 Safari/537.36"
172.190.222.40 - - [19/Jun/2025:15:58:35 +0200] "GET /2019/wp-includes/wlwmanifest.xml HTTP/1.1" 404 392 "-" "Mozilla/5.0 (Windows NT 10.0; Win64; x64) AppleWebKit/537.36 (KHTML, like Gecko) Chrome/89.0.4389.114 Safari/537.36"
172.190.222.40 - - [19/Jun/2025:15:58:35 +0200] "GET /shop/wp-includes/wlwmanifest.xml HTTP/1.1" 404 392 "-" "Mozilla/5.0 (Windows NT 10.0; Win64; x64) AppleWebKit/537.36 (KHTML, like Gecko) Chrome/89.0.4389.114 Safari/537.36"
172.190.222.40 - - [19/Jun/2025:15:58:36 +0200] "GET /wp1/wp-includes/wlwmanifest.xml HTTP/1.1" 404 391 "-" "Mozilla/5.0 (Windows NT 10.0; Win64; x64) AppleWebKit/537.36 (KHTML, like Gecko) Chrome/89.0.4389.114 Safari/537.36"
172.190.222.40 - - [19/Jun/2025:15:58:36 +0200] "GET /test/wp-includes/wlwmanifest.xml HTTP/1.1" 404 392 "-" "Mozilla/5.0 (Windows NT 10.0; Win64; x64) AppleWebKit/537.36 (KHTML, like Gecko) Chrome/89.0.4389.114 Safari/537.36"
172.190.222.40 - - [19/Jun/2025:15:58:36 +0200] "GET /wp2/wp-includes/wlwmanifest.xml HTTP/1.1" 404 391 "-" "Mozilla/5.0 (Windows NT 10.0; Win64; x64) AppleWebKit/537.36 (KHTML, like Gecko) Chrome/89.0.4389.114 Safari/537.36"
172.190.222.40 - - [19/Jun/2025:15:58:36 +0200] "GET /site/wp-includes/wlwmanifest.xml HTTP/1.1" 404 392 "-" "Mozilla/5.0 (Windows NT 10.0; Win64; x64) AppleWebKit/537.36 (KHTML, like Gecko) Chrome/89.0.4389.114 Safari/537.36"
172.190.222.40 - - [19/Jun/2025:15:58:36 +0200] "GET /cms/wp-includes/wlwmanifest.xml HTTP/1.1" 404 391 "-" "Mozilla/5.0 (Windows NT 10.0; Win64; x64) AppleWebKit/537.36 (KHTML, like Gecko) Chrome/89.0.4389.114 Safari/537.36"
172.190.222.40 - - [19/Jun/2025:15:58:37 +0200] "GET /sito/wp-includes/wlwmanifest.xml HTTP/1.1" 404 392 "-" "Mozilla/5.0 (Windows NT 10.0; Win64; x64) AppleWebKit/537.36 (KHTML, like Gecko) Chrome/89.0.4389.114 Safari/537.36"
66.249.64.171 - - [19/Jun/2025:16:02:30 +0200] "GET /robots.txt HTTP/1.1" 404 291 "-" "Mozilla/5.0 (compatible; Googlebot/2.1; +http://www.google.com/bot.html)"
66.249.64.171 - - [19/Jun/2025:16:02:30 +0200] "GET /entry.php?id=10271&&ser=710754 HTTP/1.1" 200 933 "-" "Mozilla/5.0 (Linux; Android 6.0.1; Nexus 5X Build/MMB29P) AppleWebKit/537.36 (KHTML, like Gecko) Chrome/137.0.7151.103 Mobile Safari/537.36 (compatible; Googlebot/2.1; +http://www.google.com/bot.html)"
66.249.64.169 - - [19/Jun/2025:16:21:00 +0200] "GET /gui/javascript/jquery/jquery-tooltip/jquery.tooltip.min.js HTTP/1.1" 200 1982 "http://hausegger.activities.at/entry.php?id=10271&&ser=710754" "Mozilla/5.0 (Linux; Android 6.0.1; Nexus 5X Build/MMB29P) AppleWebKit/537.36 (KHTML, like Gecko) Chrome/137.0.7151.68 Mobile Safari/537.36 (compatible; Googlebot/2.1; +http://www.google.com/bot.html)"
79.124.58.198 - - [19/Jun/2025:16:28:07 +0200] "\x16\x03\x01\x05\xa8\x01" 400 383 "-" "-"
47.82.60.110 - - [19/Jun/2025:16:28:36 +0200] "GET / HTTP/1.1" 200 274 "http://food-and-drink.vienna-lodgings.at" "Mozilla/5.0 (Windows NT 10.0; Win64; x64) AppleWebKit/537.36 (KHTML, like Gecko) Chrome/114.0.0.0 Safari/537.36 Edg/114.0.1823.43"
196.251.85.66 - - [19/Jun/2025:16:33:23 +0200] "GET /_static/.env HTTP/1.1" 404 285 "-" "Mozilla/5.0 (X11; Fedora; Linux x86_64; rv:49.0) Gecko/20100101 Firefox/49.0"
143.110.179.113 - - [19/Jun/2025:16:35:08 +0200] "GET / HTTP/1.1" 200 274 "-" "Mozilla/5.0 (X11; Linux x86_64) AppleWebKit/537.36 (KHTML, like Gecko) Chrome/137.0.0.0 Safari/537.36"
143.110.179.113 - - [19/Jun/2025:16:35:08 +0200] "GET /activities.ico HTTP/1.1" 200 1406 "http://smtp.universimed.pl/" "Mozilla/5.0 (X11; Linux x86_64) AppleWebKit/537.36 (KHTML, like Gecko) Chrome/137.0.0.0 Safari/537.36"
143.110.179.113 - - [19/Jun/2025:16:35:08 +0200] "GET /ads.txt HTTP/1.1" 404 285 "-" "Mozilla/5.0 (X11; Linux x86_64) AppleWebKit/537.36 (KHTML, like Gecko) Chrome/137.0.0.0 Safari/537.36"
185.242.226.116 - - [19/Jun/2025:16:36:22 +0200] "\x16\x03\x01" 400 383 "-" "-"
66.249.64.170 - - [19/Jun/2025:16:47:30 +0200] "GET /entry.php?id=10271&&ser=342150 HTTP/1.1" 200 935 "-" "Mozilla/5.0 (Linux; Android 6.0.1; Nexus 5X Build/MMB29P) AppleWebKit/537.36 (KHTML, like Gecko) Chrome/137.0.7151.103 Mobile Safari/537.36 (compatible; Googlebot/2.1; +http://www.google.com/bot.html)"
93.174.93.12 - - [19/Jun/2025:16:54:57 +0200] "\x16\x03\x02\x01o\x01" 400 383 "-" "-"
185.218.84.178 - - [19/Jun/2025:17:25:54 +0200] "GET / HTTP/1.1" 200 274 "-" "Mozilla/5.0 (Windows NT 10.0; Win64; x64) AppleWebKit/537.36 (KHTML, like Gecko) Chrome/90.0.4430.85 Safari/537.36 Edg/90.0.818.46"
66.249.64.129 - - [19/Jun/2025:17:32:33 +0200] "GET /entry.php?id=10271& HTTP/1.1" 200 935 "-" "Mozilla/5.0 (Linux; Android 6.0.1; Nexus 5X Build/MMB29P) AppleWebKit/537.36 (KHTML, like Gecko) Chrome/137.0.7151.103 Mobile Safari/537.36 (compatible; Googlebot/2.1; +http://www.google.com/bot.html)"
66.249.64.129 - - [19/Jun/2025:17:32:40 +0200] "GET /gui/javascript/jquery/css/gui-themes/jquery.tooltip.css HTTP/1.1" 200 246 "http://zafi.castlegem.co.uk/entry.php?id=10271&" "Mozilla/5.0 (Linux; Android 6.0.1; Nexus 5X Build/MMB29P) AppleWebKit/537.36 (KHTML, like Gecko) Chrome/137.0.7151.68 Mobile Safari/537.36 (compatible; Googlebot/2.1; +http://www.google.com/bot.html)"
66.249.64.128 - - [19/Jun/2025:17:32:41 +0200] "GET /gui/javascript/jquery/css/gui-themes/ui.spinner.css HTTP/1.1" 200 350 "http://zafi.castlegem.co.uk/entry.php?id=10271&" "Mozilla/5.0 (Linux; Android 6.0.1; Nexus 5X Build/MMB29P) AppleWebKit/537.36 (KHTML, like Gecko) Chrome/137.0.7151.68 Mobile Safari/537.36 (compatible; Googlebot/2.1; +http://www.google.com/bot.html)"
66.249.64.129 - - [19/Jun/2025:17:32:41 +0200] "GET /gui/javascript/jquery/css/gui-themes/custom.min.css HTTP/1.1" 200 5618 "http://zafi.castlegem.co.uk/entry.php?id=10271&" "Mozilla/5.0 (Linux; Android 6.0.1; Nexus 5X Build/MMB29P) AppleWebKit/537.36 (KHTML, like Gecko) Chrome/137.0.7151.68 Mobile Safari/537.36 (compatible; Googlebot/2.1; +http://www.google.com/bot.html)"
66.249.64.128 - - [19/Jun/2025:17:32:41 +0200] "GET /gui/javascript/form_form.js?1749600000 HTTP/1.1" 200 16206 "http://zafi.castlegem.co.uk/entry.php?id=10271&" "Mozilla/5.0 (Linux; Android 6.0.1; Nexus 5X Build/MMB29P) AppleWebKit/537.36 (KHTML, like Gecko) Chrome/137.0.7151.68 Mobile Safari/537.36 (compatible; Googlebot/2.1; +http://www.google.com/bot.html)"
66.249.64.129 - - [19/Jun/2025:17:32:42 +0200] "GET /gui/javascript/jquery/js/jquery-1.8.2.js HTTP/1.1" 200 35391 "http://zafi.castlegem.co.uk/entry.php?id=10271&" "Mozilla/5.0 (Linux; Android 6.0.1; Nexus 5X Build/MMB29P) AppleWebKit/537.36 (KHTML, like Gecko) Chrome/137.0.7151.68 Mobile Safari/537.36 (compatible; Googlebot/2.1; +http://www.google.com/bot.html)"
66.249.64.128 - - [19/Jun/2025:17:32:42 +0200] "GET /gui/javascript/jquery/jquery-tooltip/jquery.tooltip.min.js HTTP/1.1" 200 1982 "http://zafi.castlegem.co.uk/entry.php?id=10271&" "Mozilla/5.0 (Linux; Android 6.0.1; Nexus 5X Build/MMB29P) AppleWebKit/537.36 (KHTML, like Gecko) Chrome/137.0.7151.68 Mobile Safari/537.36 (compatible; Googlebot/2.1; +http://www.google.com/bot.html)"
66.249.64.129 - - [19/Jun/2025:17:32:43 +0200] "GET /gui/javascript/jquery/js/jquery-ui-1.9.0.custom.min.js HTTP/1.1" 200 51286 "http://zafi.castlegem.co.uk/entry.php?id=10271&" "Mozilla/5.0 (Linux; Android 6.0.1; Nexus 5X Build/MMB29P) AppleWebKit/537.36 (KHTML, like Gecko) Chrome/137.0.7151.68 Mobile Safari/537.36 (compatible; Googlebot/2.1; +http://www.google.com/bot.html)"
67.205.158.126 - - [19/Jun/2025:17:41:21 +0200] "GET / HTTP/1.1" 200 274 "-" "Mozilla/5.0 (X11; Linux x86_64) AppleWebKit/537.36 (KHTML, like Gecko) Chrome/137.0.0.0 Safari/537.36"
67.205.158.126 - - [19/Jun/2025:17:41:21 +0200] "GET /activities.ico HTTP/1.1" 200 1406 "http://212.69.160.11/" "Mozilla/5.0 (X11; Linux x86_64) AppleWebKit/537.36 (KHTML, like Gecko) Chrome/137.0.0.0 Safari/537.36"
93.174.93.12 - - [19/Jun/2025:17:42:52 +0200] "GET / HTTP/1.0" 200 423 "-" "Mozilla/5.0 (Linux; Android 9; SM-M305F) AppleWebKit/537.36 (KHTML, like Gecko) Chrome/76.0.3809.111 Mobile Safari/537.36"
43.135.144.81 - - [19/Jun/2025:17:45:56 +0200] "GET / HTTP/1.1" 200 274 "-" "Mozilla/5.0 (iPhone; CPU iPhone OS 13_2_3 like Mac OS X) AppleWebKit/605.1.15 (KHTML, like Gecko) Version/13.0.3 Mobile/15E148 Safari/604.1"
196.251.117.233 - - [19/Jun/2025:17:51:29 +0200] "GET /.env HTTP/1.1" 404 280 "-" "Mozilla/5.0 (X11; Linux x86_64) AppleWebKit/537.36 (KHTML, like Gecko) Chrome/81.0.4044.129 Safari/537.36"
204.76.203.206 - - [19/Jun/2025:17:56:23 +0200] "GET / HTTP/1.1" 200 423 "-" "-"
66.249.64.169 - - [19/Jun/2025:18:00:51 +0200] "GET /entry.php?id=10271&&ser=302657 HTTP/1.1" 200 934 "-" "Mozilla/5.0 (Linux; Android 6.0.1; Nexus 5X Build/MMB29P) AppleWebKit/537.36 (KHTML, like Gecko) Chrome/137.0.7151.103 Mobile Safari/537.36 (compatible; Googlebot/2.1; +http://www.google.com/bot.html)"
66.249.64.169 - - [19/Jun/2025:18:01:02 +0200] "GET /entry.php?id=10271&&ser=603272 HTTP/1.1" 200 934 "-" "Mozilla/5.0 (Linux; Android 6.0.1; Nexus 5X Build/MMB29P) AppleWebKit/537.36 (KHTML, like Gecko) Chrome/137.0.7151.103 Mobile Safari/537.36 (compatible; Googlebot/2.1; +http://www.google.com/bot.html)"
66.249.70.138 - - [19/Jun/2025:18:01:13 +0200] "GET /layout.php HTTP/1.1" 200 814 "-" "Mozilla/5.0 (Linux; Android 6.0.1; Nexus 5X Build/MMB29P) AppleWebKit/537.36 (KHTML, like Gecko) Chrome/137.0.7151.103 Mobile Safari/537.36 (compatible; Googlebot/2.1; +http://www.google.com/bot.html)"
66.249.70.70 - - [19/Jun/2025:18:01:24 +0200] "GET /robots.txt HTTP/1.1" 404 291 "-" "Mozilla/5.0 (compatible; Googlebot/2.1; +http://www.google.com/bot.html)"
66.249.70.71 - - [19/Jun/2025:18:01:24 +0200] "GET / HTTP/1.1" 200 274 "-" "Mozilla/5.0 (Linux; Android 6.0.1; Nexus 5X Build/MMB29P) AppleWebKit/537.36 (KHTML, like Gecko) Chrome/137.0.7151.103 Mobile Safari/537.36 (compatible; Googlebot/2.1; +http://www.google.com/bot.html)"
66.249.64.67 - - [19/Jun/2025:18:01:35 +0200] "GET /robots.txt HTTP/1.1" 404 291 "-" "Mozilla/5.0 (compatible; Googlebot/2.1; +http://www.google.com/bot.html)"
66.249.64.67 - - [19/Jun/2025:18:01:35 +0200] "GET / HTTP/1.1" 200 274 "-" "Mozilla/5.0 (Linux; Android 6.0.1; Nexus 5X Build/MMB29P) AppleWebKit/537.36 (KHTML, like Gecko) Chrome/137.0.7151.103 Mobile Safari/537.36 (compatible; Googlebot/2.1; +http://www.google.com/bot.html)"
192.178.4.105 - - [19/Jun/2025:18:01:46 +0200] "GET /robots.txt HTTP/1.1" 404 287 "-" "Mozilla/5.0 (compatible; Googlebot/2.1; +http://www.google.com/bot.html)"
192.178.4.104 - - [19/Jun/2025:18:01:46 +0200] "GET /entry.php?id=11412 HTTP/1.1" 200 1759 "-" "Mozilla/5.0 (Linux; Android 6.0.1; Nexus 5X Build/MMB29P) AppleWebKit/537.36 (KHTML, like Gecko) Chrome/137.0.7151.103 Mobile Safari/537.36 (compatible; Googlebot/2.1; +http://www.google.com/bot.html)"
66.249.70.138 - - [19/Jun/2025:18:02:01 +0200] "GET /gui/javascript/form_form.js HTTP/1.1" 200 16206 "http://mail.creativecube.at/layout.php" "Mozilla/5.0 (Linux; Android 6.0.1; Nexus 5X Build/MMB29P) AppleWebKit/537.36 (KHTML, like Gecko) Chrome/137.0.7151.68 Mobile Safari/537.36 (compatible; Googlebot/2.1; +http://www.google.com/bot.html)"
66.249.70.140 - - [19/Jun/2025:18:02:01 +0200] "GET /entry.php?id=10272 HTTP/1.1" 200 1159 "http://mail.creativecube.at/layout.php" "Mozilla/5.0 (Linux; Android 6.0.1; Nexus 5X Build/MMB29P) AppleWebKit/537.36 (KHTML, like Gecko) Chrome/137.0.7151.68 Mobile Safari/537.36 (compatible; Googlebot/2.1; +http://www.google.com/bot.html)"
66.249.70.140 - - [19/Jun/2025:18:02:02 +0200] "GET /entry.php?id=10270 HTTP/1.1" 200 909 "http://mail.creativecube.at/layout.php" "Mozilla/5.0 (Linux; Android 6.0.1; Nexus 5X Build/MMB29P) AppleWebKit/537.36 (KHTML, like Gecko) Chrome/137.0.7151.68 Mobile Safari/537.36 (compatible; Googlebot/2.1; +http://www.google.com/bot.html)"
66.249.70.139 - - [19/Jun/2025:18:02:02 +0200] "GET /entry.php?id=11412 HTTP/1.1" 200 1759 "http://mail.creativecube.at/layout.php" "Mozilla/5.0 (Linux; Android 6.0.1; Nexus 5X Build/MMB29P) AppleWebKit/537.36 (KHTML, like Gecko) Chrome/137.0.7151.68 Mobile Safari/537.36 (compatible; Googlebot/2.1; +http://www.google.com/bot.html)"
66.249.70.140 - - [19/Jun/2025:18:02:03 +0200] "GET /entry.php?id=10273 HTTP/1.1" 200 1903 "http://mail.creativecube.at/layout.php" "Mozilla/5.0 (Linux; Android 6.0.1; Nexus 5X Build/MMB29P) AppleWebKit/537.36 (KHTML, like Gecko) Chrome/137.0.7151.68 Mobile Safari/537.36 (compatible; Googlebot/2.1; +http://www.google.com/bot.html)"
66.249.70.139 - - [19/Jun/2025:18:02:03 +0200] "GET /framework/webfx/javascript/statusbar/statusBar.js HTTP/1.1" 200 649 "http://mail.creativecube.at/entry.php?id=10272" "Mozilla/5.0 (Linux; Android 6.0.1; Nexus 5X Build/MMB29P) AppleWebKit/537.36 (KHTML, like Gecko) Chrome/137.0.7151.68 Mobile Safari/537.36 (compatible; Googlebot/2.1; +http://www.google.com/bot.html)"
66.249.70.138 - - [19/Jun/2025:18:02:04 +0200] "GET /gui/styles/tmplDefault.css HTTP/1.1" 200 2135 "http://mail.creativecube.at/entry.php?id=10272" "Mozilla/5.0 (Linux; Android 6.0.1; Nexus 5X Build/MMB29P) AppleWebKit/537.36 (KHTML, like Gecko) Chrome/137.0.7151.68 Mobile Safari/537.36 (compatible; Googlebot/2.1; +http://www.google.com/bot.html)"
66.249.70.138 - - [19/Jun/2025:18:02:04 +0200] "GET /gui/styles/tmplDefault.css HTTP/1.1" 200 2135 "http://mail.creativecube.at/entry.php?id=11412" "Mozilla/5.0 (Linux; Android 6.0.1; Nexus 5X Build/MMB29P) AppleWebKit/537.36 (KHTML, like Gecko) Chrome/137.0.7151.68 Mobile Safari/537.36 (compatible; Googlebot/2.1; +http://www.google.com/bot.html)"
66.249.70.139 - - [19/Jun/2025:18:02:05 +0200] "GET /entry.php?id=10271& HTTP/1.1" 200 934 "http://mail.creativecube.at/entry.php?id=10272" "Mozilla/5.0 (Linux; Android 6.0.1; Nexus 5X Build/MMB29P) AppleWebKit/537.36 (KHTML, like Gecko) Chrome/137.0.7151.68 Mobile Safari/537.36 (compatible; Googlebot/2.1; +http://www.google.com/bot.html)"
66.249.70.138 - - [19/Jun/2025:18:02:05 +0200] "GET /entry.php?id=10287 HTTP/1.1" 200 2386 "http://mail.creativecube.at/entry.php?id=11412" "Mozilla/5.0 (Linux; Android 6.0.1; Nexus 5X Build/MMB29P) AppleWebKit/537.36 (KHTML, like Gecko) Chrome/137.0.7151.68 Mobile Safari/537.36 (compatible; Googlebot/2.1; +http://www.google.com/bot.html)"
66.249.70.139 - - [19/Jun/2025:18:02:06 +0200] "GET /entry.php?id=10273& HTTP/1.1" 200 1903 "http://mail.creativecube.at/entry.php?id=10287" "Mozilla/5.0 (Linux; Android 6.0.1; Nexus 5X Build/MMB29P) AppleWebKit/537.36 (KHTML, like Gecko) Chrome/137.0.7151.68 Mobile Safari/537.36 (compatible; Googlebot/2.1; +http://www.google.com/bot.html)"
66.249.70.139 - - [19/Jun/2025:18:02:06 +0200] "GET /entry.php?id=10270& HTTP/1.1" 200 909 "http://mail.creativecube.at/entry.php?id=10287" "Mozilla/5.0 (Linux; Android 6.0.1; Nexus 5X Build/MMB29P) AppleWebKit/537.36 (KHTML, like Gecko) Chrome/137.0.7151.68 Mobile Safari/537.36 (compatible; Googlebot/2.1; +http://www.google.com/bot.html)"
192.178.4.103 - - [19/Jun/2025:18:02:07 +0200] "GET /layout.php HTTP/1.1" 200 816 "-" "Mozilla/5.0 (Linux; Android 6.0.1; Nexus 5X Build/MMB29P) AppleWebKit/537.36 (KHTML, like Gecko) Chrome/137.0.7151.103 Mobile Safari/537.36 (compatible; Googlebot/2.1; +http://www.google.com/bot.html)"
66.249.64.130 - - [19/Jun/2025:18:02:31 +0200] "GET / HTTP/1.1" 200 274 "-" "Mozilla/5.0 (Linux; Android 6.0.1; Nexus 5X Build/MMB29P) AppleWebKit/537.36 (KHTML, like Gecko) Chrome/137.0.7151.103 Mobile Safari/537.36 (compatible; Googlebot/2.1; +http://www.google.com/bot.html)"
66.249.64.169 - - [19/Jun/2025:18:02:51 +0200] "GET /entry.php?id=10271&&ser=328318 HTTP/1.1" 200 935 "-" "Mozilla/5.0 (Linux; Android 6.0.1; Nexus 5X Build/MMB29P) AppleWebKit/537.36 (KHTML, like Gecko) Chrome/137.0.7151.103 Mobile Safari/537.36 (compatible; Googlebot/2.1; +http://www.google.com/bot.html)"
66.249.64.169 - - [19/Jun/2025:18:03:13 +0200] "GET /entry.php?id=10271&&ser=330742 HTTP/1.1" 200 935 "-" "Mozilla/5.0 (Linux; Android 6.0.1; Nexus 5X Build/MMB29P) AppleWebKit/537.36 (KHTML, like Gecko) Chrome/137.0.7151.103 Mobile Safari/537.36 (compatible; Googlebot/2.1; +http://www.google.com/bot.html)"
66.249.66.200 - - [19/Jun/2025:18:03:13 +0200] "GET /robots.txt HTTP/1.1" 404 284 "-" "Mozilla/5.0 (compatible; Googlebot/2.1; +http://www.google.com/bot.html)"
66.249.92.200 - - [19/Jun/2025:18:03:13 +0200] "GET /renault.activities.at/htdocs/log/ HTTP/1.1" 404 300 "-" "Mozilla/5.0 (Linux; Android 6.0.1; Nexus 5X Build/MMB29P) AppleWebKit/537.36 (KHTML, like Gecko) Chrome/137.0.7151.103 Mobile Safari/537.36 (compatible; AdsBot-Google-Mobile; +http://www.google.com/mobile/adsbot.html)"
66.249.64.170 - - [19/Jun/2025:18:03:58 +0200] "GET /entry.php?id=10271&&ser=332137 HTTP/1.1" 200 934 "-" "Mozilla/5.0 (Linux; Android 6.0.1; Nexus 5X Build/MMB29P) AppleWebKit/537.36 (KHTML, like Gecko) Chrome/137.0.7151.103 Mobile Safari/537.36 (compatible; Googlebot/2.1; +http://www.google.com/bot.html)"
64.62.156.71 - - [19/Jun/2025:18:06:33 +0200] "GET / HTTP/1.1" 200 274 "-" "Mozilla/5.0 (X11; Linux x86_64) AppleWebKit/537.36 (KHTML, like Gecko) HeadlessChrome/120.0.6099.28 Safari/537.36"
66.249.64.68 - - [19/Jun/2025:18:06:34 +0200] "GET /activities.ico HTTP/1.1" 304 - "-" "Googlebot-Image/1.0"
66.249.64.169 - - [19/Jun/2025:18:07:34 +0200] "GET /entry.php?id=10271&&ser=344581 HTTP/1.1" 200 935 "-" "Mozilla/5.0 (Linux; Android 6.0.1; Nexus 5X Build/MMB29P) AppleWebKit/537.36 (KHTML, like Gecko) Chrome/137.0.7151.103 Mobile Safari/537.36 (compatible; Googlebot/2.1; +http://www.google.com/bot.html)"
66.249.64.169 - - [19/Jun/2025:18:07:35 +0200] "GET /entry.php?id=10271&&ser=329046 HTTP/1.1" 200 934 "-" "Mozilla/5.0 (Linux; Android 6.0.1; Nexus 5X Build/MMB29P) AppleWebKit/537.36 (KHTML, like Gecko) Chrome/137.0.7151.103 Mobile Safari/537.36 (compatible; Googlebot/2.1; +http://www.google.com/bot.html)"
66.249.64.169 - - [19/Jun/2025:18:07:36 +0200] "GET /entry.php?id=10271&&ser=330318 HTTP/1.1" 200 935 "-" "Mozilla/5.0 (Linux; Android 6.0.1; Nexus 5X Build/MMB29P) AppleWebKit/537.36 (KHTML, like Gecko) Chrome/137.0.7151.103 Mobile Safari/537.36 (compatible; Googlebot/2.1; +http://www.google.com/bot.html)"
66.249.64.169 - - [19/Jun/2025:18:07:45 +0200] "GET /entry.php?id=10271&&ser=342819 HTTP/1.1" 200 935 "-" "Mozilla/5.0 (Linux; Android 6.0.1; Nexus 5X Build/MMB29P) AppleWebKit/537.36 (KHTML, like Gecko) Chrome/137.0.7151.103 Mobile Safari/537.36 (compatible; Googlebot/2.1; +http://www.google.com/bot.html)"
66.249.64.169 - - [19/Jun/2025:18:07:56 +0200] "GET /entry.php?id=10271&&ser=343487 HTTP/1.1" 200 935 "-" "Mozilla/5.0 (Linux; Android 6.0.1; Nexus 5X Build/MMB29P) AppleWebKit/537.36 (KHTML, like Gecko) Chrome/137.0.7151.103 Mobile Safari/537.36 (compatible; Googlebot/2.1; +http://www.google.com/bot.html)"
66.249.64.169 - - [19/Jun/2025:18:08:07 +0200] "GET /entry.php?id=10271&&ser=333957 HTTP/1.1" 200 935 "-" "Mozilla/5.0 (Linux; Android 6.0.1; Nexus 5X Build/MMB29P) AppleWebKit/537.36 (KHTML, like Gecko) Chrome/137.0.7151.103 Mobile Safari/537.36 (compatible; Googlebot/2.1; +http://www.google.com/bot.html)"
66.249.64.169 - - [19/Jun/2025:18:08:18 +0200] "GET /entry.php?id=10271&&ser=333775 HTTP/1.1" 200 935 "-" "Mozilla/5.0 (Linux; Android 6.0.1; Nexus 5X Build/MMB29P) AppleWebKit/537.36 (KHTML, like Gecko) Chrome/137.0.7151.103 Mobile Safari/537.36 (compatible; Googlebot/2.1; +http://www.google.com/bot.html)"
66.249.64.170 - - [19/Jun/2025:18:08:29 +0200] "GET /entry.php?id=10271&&ser=336626 HTTP/1.1" 200 935 "-" "Mozilla/5.0 (Linux; Android 6.0.1; Nexus 5X Build/MMB29P) AppleWebKit/537.36 (KHTML, like Gecko) Chrome/137.0.7151.103 Mobile Safari/537.36 (compatible; Googlebot/2.1; +http://www.google.com/bot.html)"
66.249.64.169 - - [19/Jun/2025:18:08:40 +0200] "GET /entry.php?id=10271&&ser=337476 HTTP/1.1" 200 934 "-" "Mozilla/5.0 (Linux; Android 6.0.1; Nexus 5X Build/MMB29P) AppleWebKit/537.36 (KHTML, like Gecko) Chrome/137.0.7151.103 Mobile Safari/537.36 (compatible; Googlebot/2.1; +http://www.google.com/bot.html)"
66.249.64.73 - - [19/Jun/2025:18:09:08 +0200] "GET /robots.txt HTTP/1.1" 404 295 "-" "Mozilla/5.0 (compatible; Googlebot/2.1; +http://www.google.com/bot.html)"
66.249.64.74 - - [19/Jun/2025:18:09:08 +0200] "GET /entry.php?id=10272 HTTP/1.1" 200 1190 "-" "Mozilla/5.0 (Linux; Android 6.0.1; Nexus 5X Build/MMB29P) AppleWebKit/537.36 (KHTML, like Gecko) Chrome/137.0.7151.103 Mobile Safari/537.36 (compatible; Googlebot/2.1; +http://www.google.com/bot.html)"
64.62.156.66 - - [19/Jun/2025:18:09:14 +0200] "GET /favicon.ico HTTP/1.1" 404 284 "-" "Mozilla/5.0 (Windows NT 10.0; Win64; x64) AppleWebKit/537.36 (KHTML, like Gecko) Chrome/103.0.0.0 Safari/537.36"
66.249.64.171 - - [19/Jun/2025:18:09:23 +0200] "GET /entry.php?id=10271&&ser=339845 HTTP/1.1" 200 935 "-" "Mozilla/5.0 (Linux; Android 6.0.1; Nexus 5X Build/MMB29P) AppleWebKit/537.36 (KHTML, like Gecko) Chrome/137.0.7151.103 Mobile Safari/537.36 (compatible; Googlebot/2.1; +http://www.google.com/bot.html)"
64.62.156.67 - - [19/Jun/2025:18:09:42 +0200] "GET /geoserver/web/ HTTP/1.1" 404 284 "-" "Mozilla/5.0 (X11; Linux x86_64) AppleWebKit/537.36 (KHTML, like Gecko) HeadlessChrome/120.0.6099.28 Safari/537.36"
66.249.64.170 - - [19/Jun/2025:18:09:45 +0200] "GET /entry.php?id=10271&&ser=337173 HTTP/1.1" 200 935 "-" "Mozilla/5.0 (Linux; Android 6.0.1; Nexus 5X Build/MMB29P) AppleWebKit/537.36 (KHTML, like Gecko) Chrome/137.0.7151.103 Mobile Safari/537.36 (compatible; Googlebot/2.1; +http://www.google.com/bot.html)"
66.249.64.169 - - [19/Jun/2025:18:10:07 +0200] "GET /entry.php?id=10271&&ser=331227 HTTP/1.1" 200 935 "-" "Mozilla/5.0 (Linux; Android 6.0.1; Nexus 5X Build/MMB29P) AppleWebKit/537.36 (KHTML, like Gecko) Chrome/137.0.7151.103 Mobile Safari/537.36 (compatible; Googlebot/2.1; +http://www.google.com/bot.html)"
64.62.156.71 - - [19/Jun/2025:18:10:19 +0200] "GET /info.php HTTP/1.1" 404 283 "-" "Mozilla/5.0 (X11; Linux x86_64) AppleWebKit/537.36 (KHTML, like Gecko) HeadlessChrome/120.0.6099.28 Safari/537.36"
66.249.64.170 - - [19/Jun/2025:18:10:29 +0200] "GET /entry.php?id=10271&&ser=330681 HTTP/1.1" 200 935 "-" "Mozilla/5.0 (Linux; Android 6.0.1; Nexus 5X Build/MMB29P) AppleWebKit/537.36 (KHTML, like Gecko) Chrome/137.0.7151.103 Mobile Safari/537.36 (compatible; Googlebot/2.1; +http://www.google.com/bot.html)"
64.62.156.67 - - [19/Jun/2025:18:10:29 +0200] "GET /phpinfo.php HTTP/1.1" 200 10253 "-" "Mozilla/5.0 (Macintosh; Intel Mac OS X 10_15_7) AppleWebKit/537.36 (KHTML, like Gecko) Chrome/109.0.0.0 Safari/537.36"
64.62.156.72 - - [19/Jun/2025:18:10:31 +0200] "GET /dashboard/phpinfo.php HTTP/1.1" 404 290 "-" "Mozilla/5.0 (Macintosh; Intel Mac OS X 10_15_7) AppleWebKit/605.1.15 (KHTML, like Gecko) Version/15.6.1 Safari/605.1.15"
66.249.64.170 - - [19/Jun/2025:18:10:51 +0200] "GET /entry.php?id=10271&&ser=343305 HTTP/1.1" 200 934 "-" "Mozilla/5.0 (Linux; Android 6.0.1; Nexus 5X Build/MMB29P) AppleWebKit/537.36 (KHTML, like Gecko) Chrome/137.0.7151.103 Mobile Safari/537.36 (compatible; Googlebot/2.1; +http://www.google.com/bot.html)"
66.249.64.169 - - [19/Jun/2025:18:11:12 +0200] "GET /entry.php?id=10271&&ser=330560 HTTP/1.1" 200 935 "-" "Mozilla/5.0 (Linux; Android 6.0.1; Nexus 5X Build/MMB29P) AppleWebKit/537.36 (KHTML, like Gecko) Chrome/137.0.7151.103 Mobile Safari/537.36 (compatible; Googlebot/2.1; +http://www.google.com/bot.html)"
66.249.64.170 - - [19/Jun/2025:18:11:34 +0200] "GET /entry.php?id=10271&&ser=334564 HTTP/1.1" 200 934 "-" "Mozilla/5.0 (Linux; Android 6.0.1; Nexus 5X Build/MMB29P) AppleWebKit/537.36 (KHTML, like Gecko) Chrome/137.0.7151.103 Mobile Safari/537.36 (compatible; Googlebot/2.1; +http://www.google.com/bot.html)"
66.249.64.169 - - [19/Jun/2025:18:11:56 +0200] "GET /entry.php?id=10271&&ser=331955 HTTP/1.1" 200 935 "-" "Mozilla/5.0 (Linux; Android 6.0.1; Nexus 5X Build/MMB29P) AppleWebKit/537.36 (KHTML, like Gecko) Chrome/137.0.7151.103 Mobile Safari/537.36 (compatible; Googlebot/2.1; +http://www.google.com/bot.html)"
66.249.64.12 - - [19/Jun/2025:18:12:18 +0200] "GET /entry.php?id=10273& HTTP/1.1" 200 1935 "-" "Mozilla/5.0 (Linux; Android 6.0.1; Nexus 5X Build/MMB29P) AppleWebKit/537.36 (KHTML, like Gecko) Chrome/137.0.7151.103 Mobile Safari/537.36 (compatible; Googlebot/2.1; +http://www.google.com/bot.html)"
66.249.64.170 - - [19/Jun/2025:18:12:48 +0200] "GET /entry.php?id=10271&&ser=335292 HTTP/1.1" 200 935 "-" "Mozilla/5.0 (Linux; Android 6.0.1; Nexus 5X Build/MMB29P) AppleWebKit/537.36 (KHTML, like Gecko) Chrome/137.0.7151.103 Mobile Safari/537.36 (compatible; Googlebot/2.1; +http://www.google.com/bot.html)"
66.249.64.169 - - [19/Jun/2025:18:13:02 +0200] "GET /entry.php?id=10271&&ser=338022 HTTP/1.1" 200 934 "-" "Mozilla/5.0 (Linux; Android 6.0.1; Nexus 5X Build/MMB29P) AppleWebKit/537.36 (KHTML, like Gecko) Chrome/137.0.7151.103 Mobile Safari/537.36 (compatible; Googlebot/2.1; +http://www.google.com/bot.html)"
66.249.64.171 - - [19/Jun/2025:18:13:23 +0200] "GET /entry.php?id=10271&&ser=327893 HTTP/1.1" 200 934 "-" "Mozilla/5.0 (Linux; Android 6.0.1; Nexus 5X Build/MMB29P) AppleWebKit/537.36 (KHTML, like Gecko) Chrome/137.0.7151.103 Mobile Safari/537.36 (compatible; Googlebot/2.1; +http://www.google.com/bot.html)"
66.249.64.75 - - [19/Jun/2025:18:13:35 +0200] "GET /gui/styles/tmplDefault.css HTTP/1.1" 200 2135 "http://coffeenostra.castlegem.co.uk/entry.php?id=10272" "Mozilla/5.0 (Linux; Android 6.0.1; Nexus 5X Build/MMB29P) AppleWebKit/537.36 (KHTML, like Gecko) Chrome/137.0.7151.68 Mobile Safari/537.36 (compatible; Googlebot/2.1; +http://www.google.com/bot.html)"
66.249.64.74 - - [19/Jun/2025:18:13:36 +0200] "GET /framework/webfx/javascript/statusbar/statusBar.js HTTP/1.1" 200 649 "http://coffeenostra.castlegem.co.uk/entry.php?id=10272" "Mozilla/5.0 (Linux; Android 6.0.1; Nexus 5X Build/MMB29P) AppleWebKit/537.36 (KHTML, like Gecko) Chrome/137.0.7151.68 Mobile Safari/537.36 (compatible; Googlebot/2.1; +http://www.google.com/bot.html)"
66.249.64.75 - - [19/Jun/2025:18:13:36 +0200] "GET /gui/javascript/jquery/js/jquery-ui-1.9.0.custom.min.js HTTP/1.1" 200 51286 "http://coffeenostra.castlegem.co.uk/entry.php?id=10272" "Mozilla/5.0 (Linux; Android 6.0.1; Nexus 5X Build/MMB29P) AppleWebKit/537.36 (KHTML, like Gecko) Chrome/137.0.7151.68 Mobile Safari/537.36 (compatible; Googlebot/2.1; +http://www.google.com/bot.html)"
66.249.64.75 - - [19/Jun/2025:18:13:37 +0200] "GET /entry.php?id=10271&UIN=ca4eb65da95e501ec285842e12d1dcf2 HTTP/1.1" 200 935 "http://coffeenostra.castlegem.co.uk/entry.php?id=10272" "Mozilla/5.0 (Linux; Android 6.0.1; Nexus 5X Build/MMB29P) AppleWebKit/537.36 (KHTML, like Gecko) Chrome/137.0.7151.68 Mobile Safari/537.36 (compatible; Googlebot/2.1; +http://www.google.com/bot.html)"
66.249.64.169 - - [19/Jun/2025:18:13:45 +0200] "GET /entry.php?id=10271&&ser=334686 HTTP/1.1" 200 935 "-" "Mozilla/5.0 (Linux; Android 6.0.1; Nexus 5X Build/MMB29P) AppleWebKit/537.36 (KHTML, like Gecko) Chrome/137.0.7151.103 Mobile Safari/537.36 (compatible; Googlebot/2.1; +http://www.google.com/bot.html)"
66.249.64.169 - - [19/Jun/2025:18:14:07 +0200] "GET /entry.php?id=10271&&ser=332076 HTTP/1.1" 200 935 "-" "Mozilla/5.0 (Linux; Android 6.0.1; Nexus 5X Build/MMB29P) AppleWebKit/537.36 (KHTML, like Gecko) Chrome/137.0.7151.103 Mobile Safari/537.36 (compatible; Googlebot/2.1; +http://www.google.com/bot.html)"
66.249.64.171 - - [19/Jun/2025:18:14:29 +0200] "GET /entry.php?id=10271&&ser=341725 HTTP/1.1" 200 935 "-" "Mozilla/5.0 (Linux; Android 6.0.1; Nexus 5X Build/MMB29P) AppleWebKit/537.36 (KHTML, like Gecko) Chrome/137.0.7151.103 Mobile Safari/537.36 (compatible; Googlebot/2.1; +http://www.google.com/bot.html)"
66.249.64.170 - - [19/Jun/2025:18:14:51 +0200] "GET /entry.php?id=10271&&ser=328803 HTTP/1.1" 200 935 "-" "Mozilla/5.0 (Linux; Android 6.0.1; Nexus 5X Build/MMB29P) AppleWebKit/537.36 (KHTML, like Gecko) Chrome/137.0.7151.103 Mobile Safari/537.36 (compatible; Googlebot/2.1; +http://www.google.com/bot.html)"
66.249.64.169 - - [19/Jun/2025:18:15:12 +0200] "GET /entry.php?id=10271&&ser=331045 HTTP/1.1" 200 935 "-" "Mozilla/5.0 (Linux; Android 6.0.1; Nexus 5X Build/MMB29P) AppleWebKit/537.36 (KHTML, like Gecko) Chrome/137.0.7151.103 Mobile Safari/537.36 (compatible; Googlebot/2.1; +http://www.google.com/bot.html)"
66.249.64.75 - - [19/Jun/2025:18:15:34 +0200] "GET /entry.php?id=10273& HTTP/1.1" 200 1932 "-" "Mozilla/5.0 (Linux; Android 6.0.1; Nexus 5X Build/MMB29P) AppleWebKit/537.36 (KHTML, like Gecko) Chrome/137.0.7151.103 Mobile Safari/537.36 (compatible; Googlebot/2.1; +http://www.google.com/bot.html)"
66.249.64.169 - - [19/Jun/2025:18:15:56 +0200] "GET /entry.php?id=10271&&ser=346341 HTTP/1.1" 200 935 "-" "Mozilla/5.0 (Linux; Android 6.0.1; Nexus 5X Build/MMB29P) AppleWebKit/537.36 (KHTML, like Gecko) Chrome/137.0.7151.103 Mobile Safari/537.36 (compatible; Googlebot/2.1; +http://www.google.com/bot.html)"
66.249.64.170 - - [19/Jun/2025:18:16:18 +0200] "GET /entry.php?id=10271&&ser=338811 HTTP/1.1" 200 935 "-" "Mozilla/5.0 (Linux; Android 6.0.1; Nexus 5X Build/MMB29P) AppleWebKit/537.36 (KHTML, like Gecko) Chrome/137.0.7151.103 Mobile Safari/537.36 (compatible; Googlebot/2.1; +http://www.google.com/bot.html)"
66.249.64.170 - - [19/Jun/2025:18:16:40 +0200] "GET /entry.php?id=10271&&ser=331409 HTTP/1.1" 200 935 "-" "Mozilla/5.0 (Linux; Android 6.0.1; Nexus 5X Build/MMB29P) AppleWebKit/537.36 (KHTML, like Gecko) Chrome/137.0.7151.103 Mobile Safari/537.36 (compatible; Googlebot/2.1; +http://www.google.com/bot.html)"
129.153.223.252 - - [19/Jun/2025:18:16:40 +0200] "GET / HTTP/1.1" 200 423 "-" "Mozilla/5.0 (X11; FC Linux i686; rv:24.0) Gecko/20100101 Firefox/24.0"
66.249.64.169 - - [19/Jun/2025:18:17:02 +0200] "GET /entry.php?id=10271&&ser=342454 HTTP/1.1" 200 934 "-" "Mozilla/5.0 (Linux; Android 6.0.1; Nexus 5X Build/MMB29P) AppleWebKit/537.36 (KHTML, like Gecko) Chrome/137.0.7151.103 Mobile Safari/537.36 (compatible; Googlebot/2.1; +http://www.google.com/bot.html)"
66.249.64.169 - - [19/Jun/2025:18:17:23 +0200] "GET /entry.php?id=10271&&ser=342637 HTTP/1.1" 200 934 "-" "Mozilla/5.0 (Linux; Android 6.0.1; Nexus 5X Build/MMB29P) AppleWebKit/537.36 (KHTML, like Gecko) Chrome/137.0.7151.103 Mobile Safari/537.36 (compatible; Googlebot/2.1; +http://www.google.com/bot.html)"
66.249.64.170 - - [19/Jun/2025:18:17:45 +0200] "GET /entry.php?id=10271&&ser=327589 HTTP/1.1" 200 935 "-" "Mozilla/5.0 (Linux; Android 6.0.1; Nexus 5X Build/MMB29P) AppleWebKit/537.36 (KHTML, like Gecko) Chrome/137.0.7151.103 Mobile Safari/537.36 (compatible; Googlebot/2.1; +http://www.google.com/bot.html)"
66.249.64.169 - - [19/Jun/2025:18:18:07 +0200] "GET /entry.php?id=10271&&ser=327650 HTTP/1.1" 200 935 "-" "Mozilla/5.0 (Linux; Android 6.0.1; Nexus 5X Build/MMB29P) AppleWebKit/537.36 (KHTML, like Gecko) Chrome/137.0.7151.103 Mobile Safari/537.36 (compatible; Googlebot/2.1; +http://www.google.com/bot.html)"
66.249.64.170 - - [19/Jun/2025:18:18:29 +0200] "GET /entry.php?id=10271&&ser=329894 HTTP/1.1" 200 934 "-" "Mozilla/5.0 (Linux; Android 6.0.1; Nexus 5X Build/MMB29P) AppleWebKit/537.36 (KHTML, like Gecko) Chrome/137.0.7151.103 Mobile Safari/537.36 (compatible; Googlebot/2.1; +http://www.google.com/bot.html)"
66.249.64.169 - - [19/Jun/2025:18:18:51 +0200] "GET /entry.php?id=10271&&ser=328378 HTTP/1.1" 200 935 "-" "Mozilla/5.0 (Linux; Android 6.0.1; Nexus 5X Build/MMB29P) AppleWebKit/537.36 (KHTML, like Gecko) Chrome/137.0.7151.103 Mobile Safari/537.36 (compatible; Googlebot/2.1; +http://www.google.com/bot.html)"
66.249.64.73 - - [19/Jun/2025:18:18:58 +0200] "GET /gui/javascript/jquery/js/jquery-ui-1.9.0.custom.min.js HTTP/1.1" 200 51286 "http://coffeenostra.castlegem.co.uk/entry.php?id=10273&" "Mozilla/5.0 (Linux; Android 6.0.1; Nexus 5X Build/MMB29P) AppleWebKit/537.36 (KHTML, like Gecko) Chrome/137.0.7151.68 Mobile Safari/537.36 (compatible; Googlebot/2.1; +http://www.google.com/bot.html)"
66.249.64.169 - - [19/Jun/2025:18:19:12 +0200] "GET /entry.php?id=10271&&ser=334200 HTTP/1.1" 200 935 "-" "Mozilla/5.0 (Linux; Android 6.0.1; Nexus 5X Build/MMB29P) AppleWebKit/537.36 (KHTML, like Gecko) Chrome/137.0.7151.103 Mobile Safari/537.36 (compatible; Googlebot/2.1; +http://www.google.com/bot.html)"
66.249.64.170 - - [19/Jun/2025:18:19:34 +0200] "GET /entry.php?id=10271&&ser=339299 HTTP/1.1" 200 935 "-" "Mozilla/5.0 (Linux; Android 6.0.1; Nexus 5X Build/MMB29P) AppleWebKit/537.36 (KHTML, like Gecko) Chrome/137.0.7151.103 Mobile Safari/537.36 (compatible; Googlebot/2.1; +http://www.google.com/bot.html)"
66.249.64.169 - - [19/Jun/2025:18:19:56 +0200] "GET /entry.php?id=10271&&ser=336748 HTTP/1.1" 200 934 "-" "Mozilla/5.0 (Linux; Android 6.0.1; Nexus 5X Build/MMB29P) AppleWebKit/537.36 (KHTML, like Gecko) Chrome/137.0.7151.103 Mobile Safari/537.36 (compatible; Googlebot/2.1; +http://www.google.com/bot.html)"
66.249.75.105 - - [19/Jun/2025:18:20:18 +0200] "GET /entry.php?id=10271&&ser=344338 HTTP/1.1" 200 934 "-" "Mozilla/5.0 (Linux; Android 6.0.1; Nexus 5X Build/MMB29P) AppleWebKit/537.36 (KHTML, like Gecko) Chrome/137.0.7151.103 Mobile Safari/537.36 (compatible; Googlebot/2.1; +http://www.google.com/bot.html)"
66.249.64.170 - - [19/Jun/2025:18:20:40 +0200] "GET /entry.php?id=10271&&ser=334504 HTTP/1.1" 200 934 "-" "Mozilla/5.0 (Linux; Android 6.0.1; Nexus 5X Build/MMB29P) AppleWebKit/537.36 (KHTML, like Gecko) Chrome/137.0.7151.103 Mobile Safari/537.36 (compatible; Googlebot/2.1; +http://www.google.com/bot.html)"
66.249.64.169 - - [19/Jun/2025:18:21:02 +0200] "GET /entry.php?id=10271&&ser=334443 HTTP/1.1" 200 934 "-" "Mozilla/5.0 (Linux; Android 6.0.1; Nexus 5X Build/MMB29P) AppleWebKit/537.36 (KHTML, like Gecko) Chrome/137.0.7151.103 Mobile Safari/537.36 (compatible; Googlebot/2.1; +http://www.google.com/bot.html)"
66.249.64.169 - - [19/Jun/2025:18:21:23 +0200] "GET /entry.php?id=10271&&ser=346038 HTTP/1.1" 200 934 "-" "Mozilla/5.0 (Linux; Android 6.0.1; Nexus 5X Build/MMB29P) AppleWebKit/537.36 (KHTML, like Gecko) Chrome/137.0.7151.103 Mobile Safari/537.36 (compatible; Googlebot/2.1; +http://www.google.com/bot.html)"
47.82.60.148 - - [19/Jun/2025:18:21:37 +0200] "GET / HTTP/1.1" 200 274 "http://triadian.castlegem.co.uk" "Mozilla/5.0 (Windows NT 10.0; Win64; x64) AppleWebKit/537.36 (KHTML, like Gecko) Chrome/114.0.0.0 Safari/537.36 Edg/114.0.1823.43"
66.249.64.170 - - [19/Jun/2025:18:21:45 +0200] "GET /entry.php?id=10271&&ser=335353 HTTP/1.1" 200 934 "-" "Mozilla/5.0 (Linux; Android 6.0.1; Nexus 5X Build/MMB29P) AppleWebKit/537.36 (KHTML, like Gecko) Chrome/137.0.7151.103 Mobile Safari/537.36 (compatible; Googlebot/2.1; +http://www.google.com/bot.html)"
66.249.64.169 - - [19/Jun/2025:18:22:07 +0200] "GET /entry.php?id=10271&&ser=337961 HTTP/1.1" 200 934 "-" "Mozilla/5.0 (Linux; Android 6.0.1; Nexus 5X Build/MMB29P) AppleWebKit/537.36 (KHTML, like Gecko) Chrome/137.0.7151.103 Mobile Safari/537.36 (compatible; Googlebot/2.1; +http://www.google.com/bot.html)"
66.249.64.171 - - [19/Jun/2025:18:22:29 +0200] "GET /entry.php?id=10271&&ser=337719 HTTP/1.1" 200 935 "-" "Mozilla/5.0 (Linux; Android 6.0.1; Nexus 5X Build/MMB29P) AppleWebKit/537.36 (KHTML, like Gecko) Chrome/137.0.7151.103 Mobile Safari/537.36 (compatible; Googlebot/2.1; +http://www.google.com/bot.html)"
66.249.64.170 - - [19/Jun/2025:18:22:51 +0200] "GET /entry.php?id=10271&&ser=328621 HTTP/1.1" 200 934 "-" "Mozilla/5.0 (Linux; Android 6.0.1; Nexus 5X Build/MMB29P) AppleWebKit/537.36 (KHTML, like Gecko) Chrome/137.0.7151.103 Mobile Safari/537.36 (compatible; Googlebot/2.1; +http://www.google.com/bot.html)"
66.249.64.169 - - [19/Jun/2025:18:23:12 +0200] "GET /entry.php?id=10271&&ser=343366 HTTP/1.1" 200 934 "-" "Mozilla/5.0 (Linux; Android 6.0.1; Nexus 5X Build/MMB29P) AppleWebKit/537.36 (KHTML, like Gecko) Chrome/137.0.7151.103 Mobile Safari/537.36 (compatible; Googlebot/2.1; +http://www.google.com/bot.html)"
66.249.64.169 - - [19/Jun/2025:18:23:34 +0200] "GET /entry.php?id=10889&document_id=10296058& HTTP/1.1" 200 2420 "-" "Mozilla/5.0 (Linux; Android 6.0.1; Nexus 5X Build/MMB29P) AppleWebKit/537.36 (KHTML, like Gecko) Chrome/137.0.7151.103 Mobile Safari/537.36 (compatible; Googlebot/2.1; +http://www.google.com/bot.html)"
66.249.64.170 - - [19/Jun/2025:18:23:56 +0200] "GET /entry.php?id=10271&&ser=327043 HTTP/1.1" 200 934 "-" "Mozilla/5.0 (Linux; Android 6.0.1; Nexus 5X Build/MMB29P) AppleWebKit/537.36 (KHTML, like Gecko) Chrome/137.0.7151.103 Mobile Safari/537.36 (compatible; Googlebot/2.1; +http://www.google.com/bot.html)"
66.249.64.169 - - [19/Jun/2025:18:24:18 +0200] "GET /entry.php?id=10271&&ser=338143 HTTP/1.1" 200 934 "-" "Mozilla/5.0 (Linux; Android 6.0.1; Nexus 5X Build/MMB29P) AppleWebKit/537.36 (KHTML, like Gecko) Chrome/137.0.7151.103 Mobile Safari/537.36 (compatible; Googlebot/2.1; +http://www.google.com/bot.html)"
66.249.64.169 - - [19/Jun/2025:18:24:40 +0200] "GET /entry.php?id=10271&&ser=337840 HTTP/1.1" 200 934 "-" "Mozilla/5.0 (Linux; Android 6.0.1; Nexus 5X Build/MMB29P) AppleWebKit/537.36 (KHTML, like Gecko) Chrome/137.0.7151.103 Mobile Safari/537.36 (compatible; Googlebot/2.1; +http://www.google.com/bot.html)"
66.249.64.169 - - [19/Jun/2025:18:25:01 +0200] "GET /entry.php?id=10271&&ser=333714 HTTP/1.1" 200 934 "-" "Mozilla/5.0 (Linux; Android 6.0.1; Nexus 5X Build/MMB29P) AppleWebKit/537.36 (KHTML, like Gecko) Chrome/137.0.7151.103 Mobile Safari/537.36 (compatible; Googlebot/2.1; +http://www.google.com/bot.html)"
66.249.64.171 - - [19/Jun/2025:18:25:23 +0200] "GET /entry.php?id=10271&&ser=335535 HTTP/1.1" 200 933 "-" "Mozilla/5.0 (Linux; Android 6.0.1; Nexus 5X Build/MMB29P) AppleWebKit/537.36 (KHTML, like Gecko) Chrome/137.0.7151.103 Mobile Safari/537.36 (compatible; Googlebot/2.1; +http://www.google.com/bot.html)"
66.249.64.169 - - [19/Jun/2025:18:25:45 +0200] "GET /entry.php?id=10271&&ser=336505 HTTP/1.1" 200 934 "-" "Mozilla/5.0 (Linux; Android 6.0.1; Nexus 5X Build/MMB29P) AppleWebKit/537.36 (KHTML, like Gecko) Chrome/137.0.7151.103 Mobile Safari/537.36 (compatible; Googlebot/2.1; +http://www.google.com/bot.html)"
66.249.64.169 - - [19/Jun/2025:18:26:07 +0200] "GET /entry.php?id=10271&&ser=332440 HTTP/1.1" 200 934 "-" "Mozilla/5.0 (Linux; Android 6.0.1; Nexus 5X Build/MMB29P) AppleWebKit/537.36 (KHTML, like Gecko) Chrome/137.0.7151.103 Mobile Safari/537.36 (compatible; Googlebot/2.1; +http://www.google.com/bot.html)"
66.249.64.171 - - [19/Jun/2025:18:26:29 +0200] "GET /entry.php?id=10271&&ser=343427 HTTP/1.1" 200 934 "-" "Mozilla/5.0 (Linux; Android 6.0.1; Nexus 5X Build/MMB29P) AppleWebKit/537.36 (KHTML, like Gecko) Chrome/137.0.7151.103 Mobile Safari/537.36 (compatible; Googlebot/2.1; +http://www.google.com/bot.html)"
66.249.64.169 - - [19/Jun/2025:18:26:51 +0200] "GET /entry.php?id=10271&&ser=329954 HTTP/1.1" 200 934 "-" "Mozilla/5.0 (Linux; Android 6.0.1; Nexus 5X Build/MMB29P) AppleWebKit/537.36 (KHTML, like Gecko) Chrome/137.0.7151.103 Mobile Safari/537.36 (compatible; Googlebot/2.1; +http://www.google.com/bot.html)"
66.249.64.169 - - [19/Jun/2025:18:27:12 +0200] "GET /entry.php?id=10271&&ser=330379 HTTP/1.1" 200 934 "-" "Mozilla/5.0 (Linux; Android 6.0.1; Nexus 5X Build/MMB29P) AppleWebKit/537.36 (KHTML, like Gecko) Chrome/137.0.7151.103 Mobile Safari/537.36 (compatible; Googlebot/2.1; +http://www.google.com/bot.html)"
66.249.64.169 - - [19/Jun/2025:18:27:34 +0200] "GET /entry.php?id=10271&&ser=341786 HTTP/1.1" 200 935 "-" "Mozilla/5.0 (Linux; Android 6.0.1; Nexus 5X Build/MMB29P) AppleWebKit/537.36 (KHTML, like Gecko) Chrome/137.0.7151.103 Mobile Safari/537.36 (compatible; Googlebot/2.1; +http://www.google.com/bot.html)"
66.249.64.170 - - [19/Jun/2025:18:27:56 +0200] "GET /entry.php?id=10271&&ser=335171 HTTP/1.1" 200 935 "-" "Mozilla/5.0 (Linux; Android 6.0.1; Nexus 5X Build/MMB29P) AppleWebKit/537.36 (KHTML, like Gecko) Chrome/137.0.7151.103 Mobile Safari/537.36 (compatible; Googlebot/2.1; +http://www.google.com/bot.html)"
66.249.64.171 - - [19/Jun/2025:18:28:18 +0200] "GET /entry.php?id=10271&&ser=334322 HTTP/1.1" 200 935 "-" "Mozilla/5.0 (Linux; Android 6.0.1; Nexus 5X Build/MMB29P) AppleWebKit/537.36 (KHTML, like Gecko) Chrome/137.0.7151.103 Mobile Safari/537.36 (compatible; Googlebot/2.1; +http://www.google.com/bot.html)"
