185.177.72.236 - - [24/Jun/2025:13:15:43 +0200] "GET /api/php/secret.log HTTP/1.1" 404 289 "-" "Mozilla/5.0 (Windows NT 10.0; Win64; x64) AppleWebKit/537.36 (KHTML, like Gecko) Chrome/91.0.4472.124 Safari/537.36"
185.177.72.236 - - [24/Jun/2025:13:15:45 +0200] "GET /:5000/examples/.env HTTP/1.1" 404 291 "-" "Mozilla/5.0 (Windows NT 10.0; Win64; x64) AppleWebKit/537.36 (KHTML, like Gecko) Chrome/91.0.4472.124 Safari/537.36"
185.177.72.236 - - [24/Jun/2025:13:15:48 +0200] "GET /config/env/info.sql HTTP/1.1" 404 291 "-" "Mozilla/5.0 (Windows NT 10.0; Win64; x64) AppleWebKit/537.36 (KHTML, like Gecko) Chrome/91.0.4472.124 Safari/537.36"
185.177.72.236 - - [24/Jun/2025:13:15:50 +0200] "GET /core/config/env.cfg HTTP/1.1" 404 290 "-" "Mozilla/5.0 (Windows NT 10.0; Win64; x64) AppleWebKit/537.36 (KHTML, like Gecko) Chrome/91.0.4472.124 Safari/537.36"
71.6.134.230 - - [24/Jun/2025:13:15:51 +0200] "GET / HTTP/1.1" 200 274 "-" "Mozilla/5.0 (Windows NT 10.0; Win64; x64) AppleWebKit/537.36 (KHTML, like Gecko) Chrome/133.0.0.0 Safari/537.36"
185.177.72.236 - - [24/Jun/2025:13:15:52 +0200] "GET /\xe3\x83\xa1\xe3\x83\xbc\xe3\x83\xab/php\xe3\x83\x90\xe3\x83\xbc\xe3\x82\xb8\xe3\x83\xa7\xe3\x83\xb3.php HTTP/1.1" 404 317 "-" "Mozilla/5.0 (Windows NT 10.0; Win64; x64) AppleWebKit/537.36 (KHTML, like Gecko) Chrome/91.0.4472.124 Safari/537.36"
185.177.72.236 - - [24/Jun/2025:13:15:54 +0200] "GET /conf/helper/phpinfo.php HTTP/1.1" 404 292 "-" "Mozilla/5.0 (Windows NT 10.0; Win64; x64) AppleWebKit/537.36 (KHTML, like Gecko) Chrome/91.0.4472.124 Safari/537.36"
185.177.72.236 - - [24/Jun/2025:13:15:55 +0200] "GET /config/keys/database.zip HTTP/1.1" 404 296 "-" "Mozilla/5.0 (Windows NT 10.0; Win64; x64) AppleWebKit/537.36 (KHTML, like Gecko) Chrome/91.0.4472.124 Safari/537.36"
185.177.72.236 - - [24/Jun/2025:13:15:57 +0200] "GET /api/keys/database.old HTTP/1.1" 404 291 "-" "Mozilla/5.0 (Windows NT 10.0; Win64; x64) AppleWebKit/537.36 (KHTML, like Gecko) Chrome/91.0.4472.124 Safari/537.36"
185.177.72.236 - - [24/Jun/2025:13:15:58 +0200] "GET /:10000/marketing/helper/phpinfo.php HTTP/1.1" 404 301 "-" "Mozilla/5.0 (Windows NT 10.0; Win64; x64) AppleWebKit/537.36 (KHTML, like Gecko) Chrome/91.0.4472.124 Safari/537.36"
185.177.72.236 - - [24/Jun/2025:13:16:00 +0200] "GET /tmp/.gitlab-ci.yml HTTP/1.1" 404 290 "-" "Mozilla/5.0 (Windows NT 10.0; Win64; x64) AppleWebKit/537.36 (KHTML, like Gecko) Chrome/91.0.4472.124 Safari/537.36"
185.177.72.236 - - [24/Jun/2025:13:16:01 +0200] "GET /api/env/index.ini HTTP/1.1" 404 288 "-" "Mozilla/5.0 (Windows NT 10.0; Win64; x64) AppleWebKit/537.36 (KHTML, like Gecko) Chrome/91.0.4472.124 Safari/537.36"
185.177.72.236 - - [24/Jun/2025:13:16:02 +0200] "GET /:8443/configura/.env HTTP/1.1" 404 293 "-" "Mozilla/5.0 (Windows NT 10.0; Win64; x64) AppleWebKit/537.36 (KHTML, like Gecko) Chrome/91.0.4472.124 Safari/537.36"
185.177.72.236 - - [24/Jun/2025:13:16:03 +0200] "GET /users/.env.dist HTTP/1.1" 404 286 "-" "Mozilla/5.0 (Windows NT 10.0; Win64; x64) AppleWebKit/537.36 (KHTML, like Gecko) Chrome/91.0.4472.124 Safari/537.36"
185.177.72.236 - - [24/Jun/2025:13:16:05 +0200] "GET /api/cmd.crt HTTP/1.1" 404 285 "-" "Mozilla/5.0 (Windows NT 10.0; Win64; x64) AppleWebKit/537.36 (KHTML, like Gecko) Chrome/91.0.4472.124 Safari/537.36"
185.177.72.236 - - [24/Jun/2025:13:16:06 +0200] "GET /:8000/wp-admin/install.php HTTP/1.1" 404 296 "-" "Mozilla/5.0 (Windows NT 10.0; Win64; x64) AppleWebKit/537.36 (KHTML, like Gecko) Chrome/91.0.4472.124 Safari/537.36"
178.115.58.73 - - [24/Jun/2025:13:16:23 +0200] "GET /entry.php?id=10271&&ser=763722 HTTP/1.1" 200 987 "http://hausegger.activities.at/entry.php?id=10271&&ser=763661" "Mozilla/5.0 (Windows NT 10.0; Win64; x64) AppleWebKit/537.36 (KHTML, like Gecko) Chrome/137.0.0.0 Safari/537.36"
178.115.58.73 - - [24/Jun/2025:13:16:23 +0200] "GET /gui/javascript/form_form.js?1750763783 HTTP/1.1" 200 16206 "http://hausegger.activities.at/entry.php?id=10271&&ser=763722" "Mozilla/5.0 (Windows NT 10.0; Win64; x64) AppleWebKit/537.36 (KHTML, like Gecko) Chrome/137.0.0.0 Safari/537.36"
178.115.58.73 - - [24/Jun/2025:13:16:25 +0200] "GET /entry.php?id=10271&&ser=763725 HTTP/1.1" 200 988 "http://hausegger.activities.at/entry.php?id=10271&&ser=763665" "Mozilla/5.0 (Windows NT 10.0; Win64; x64; rv:139.0) Gecko/20100101 Firefox/139.0"
178.115.58.73 - - [24/Jun/2025:13:16:26 +0200] "GET /gui/javascript/form_form.js?1750763785 HTTP/1.1" 200 16206 "http://hausegger.activities.at/entry.php?id=10271&&ser=763725" "Mozilla/5.0 (Windows NT 10.0; Win64; x64; rv:139.0) Gecko/20100101 Firefox/139.0"
185.177.72.236 - - [24/Jun/2025:13:16:27 +0200] "GET /:10000/configuras/db.env HTTP/1.1" 404 295 "-" "Mozilla/5.0 (Windows NT 10.0; Win64; x64) AppleWebKit/537.36 (KHTML, like Gecko) Chrome/91.0.4472.124 Safari/537.36"
185.177.72.236 - - [24/Jun/2025:13:16:27 +0200] "GET /wp-config.php.sav HTTP/1.1" 404 290 "-" "Mozilla/5.0 (Windows NT 10.0; Win64; x64) AppleWebKit/537.36 (KHTML, like Gecko) Chrome/91.0.4472.124 Safari/537.36"
185.177.72.236 - - [24/Jun/2025:13:16:28 +0200] "GET /:8000/_profiler/phpinfo.php HTTP/1.1" 404 296 "-" "Mozilla/5.0 (Windows NT 10.0; Win64; x64) AppleWebKit/537.36 (KHTML, like Gecko) Chrome/91.0.4472.124 Safari/537.36"
185.177.72.236 - - [24/Jun/2025:13:16:28 +0200] "GET /core/old/info.zip HTTP/1.1" 404 289 "-" "Mozilla/5.0 (Windows NT 10.0; Win64; x64) AppleWebKit/537.36 (KHTML, like Gecko) Chrome/91.0.4472.124 Safari/537.36"
185.177.72.236 - - [24/Jun/2025:13:16:56 +0200] "GET /:8008/wordpress/wp-konfig.php.b HTTP/1.1" 404 300 "-" "Mozilla/5.0 (Windows NT 10.0; Win64; x64) AppleWebKit/537.36 (KHTML, like Gecko) Chrome/91.0.4472.124 Safari/537.36"
185.177.72.236 - - [24/Jun/2025:13:17:18 +0200] "GET /resources/configurationtion/aws_param\xc3\xa8tres.json HTTP/1.1" 404 314 "-" "Mozilla/5.0 (Windows NT 10.0; Win64; x64) AppleWebKit/537.36 (KHTML, like Gecko) Chrome/91.0.4472.124 Safari/537.36"
185.177.72.236 - - [24/Jun/2025:13:17:18 +0200] "GET /core/public/settings.tar.gz HTTP/1.1" 404 297 "-" "Mozilla/5.0 (Windows NT 10.0; Win64; x64) AppleWebKit/537.36 (KHTML, like Gecko) Chrome/91.0.4472.124 Safari/537.36"
185.177.72.236 - - [24/Jun/2025:13:17:18 +0200] "GET /:5000/\xe3\x83\xa6\xe3\x83\xbc\xe3\x82\xb6\xe3\x83\xbc\xe9\x9b\x86/laravel/\xe6\x83\x85\xe5\xa0\xb1.php HTTP/1.1" 404 326 "-" "Mozilla/5.0 (Windows NT 10.0; Win64; x64) AppleWebKit/537.36 (KHTML, like Gecko) Chrome/91.0.4472.124 Safari/537.36"
185.177.72.236 - - [24/Jun/2025:13:17:18 +0200] "GET /:8880/assets/js/app.js HTTP/1.1" 404 293 "-" "Mozilla/5.0 (Windows NT 10.0; Win64; x64) AppleWebKit/537.36 (KHTML, like Gecko) Chrome/91.0.4472.124 Safari/537.36"
185.177.72.236 - - [24/Jun/2025:13:17:19 +0200] "GET /:8000/api/\xe7\x99\xbb\xe9\x8c\xb2/ HTTP/1.1" 404 301 "-" "Mozilla/5.0 (Windows NT 10.0; Win64; x64) AppleWebKit/537.36 (KHTML, like Gecko) Chrome/91.0.4472.124 Safari/537.36"
185.177.72.236 - - [24/Jun/2025:13:17:19 +0200] "GET /env/aws_configurationtion.js HTTP/1.1" 404 297 "-" "Mozilla/5.0 (Windows NT 10.0; Win64; x64) AppleWebKit/537.36 (KHTML, like Gecko) Chrome/91.0.4472.124 Safari/537.36"
185.177.72.236 - - [24/Jun/2025:13:17:19 +0200] "GET /:8880/donn\xc3\xa9es/env.txt HTTP/1.1" 404 298 "-" "Mozilla/5.0 (Windows NT 10.0; Win64; x64) AppleWebKit/537.36 (KHTML, like Gecko) Chrome/91.0.4472.124 Safari/537.36"
185.177.72.236 - - [24/Jun/2025:13:17:19 +0200] "GET /:8008/admins/crm/info.php HTTP/1.1" 404 296 "-" "Mozilla/5.0 (Windows NT 10.0; Win64; x64) AppleWebKit/537.36 (KHTML, like Gecko) Chrome/91.0.4472.124 Safari/537.36"
185.177.72.236 - - [24/Jun/2025:13:17:19 +0200] "GET /:5000/common/develop/dadozin.php HTTP/1.1" 404 301 "-" "Mozilla/5.0 (Windows NT 10.0; Win64; x64) AppleWebKit/537.36 (KHTML, like Gecko) Chrome/91.0.4472.124 Safari/537.36"
178.115.58.73 - - [24/Jun/2025:13:17:24 +0200] "GET /entry.php?id=10271&&ser=763783 HTTP/1.1" 200 987 "http://hausegger.activities.at/entry.php?id=10271&&ser=763722" "Mozilla/5.0 (Windows NT 10.0; Win64; x64) AppleWebKit/537.36 (KHTML, like Gecko) Chrome/137.0.0.0 Safari/537.36"
178.115.58.73 - - [24/Jun/2025:13:17:24 +0200] "GET /gui/javascript/form_form.js?1750763844 HTTP/1.1" 200 16206 "http://hausegger.activities.at/entry.php?id=10271&&ser=763783" "Mozilla/5.0 (Windows NT 10.0; Win64; x64) AppleWebKit/537.36 (KHTML, like Gecko) Chrome/137.0.0.0 Safari/537.36"
178.115.58.73 - - [24/Jun/2025:13:17:26 +0200] "GET /entry.php?id=10271&&ser=763785 HTTP/1.1" 200 987 "http://hausegger.activities.at/entry.php?id=10271&&ser=763725" "Mozilla/5.0 (Windows NT 10.0; Win64; x64; rv:139.0) Gecko/20100101 Firefox/139.0"
178.115.58.73 - - [24/Jun/2025:13:17:26 +0200] "GET /gui/javascript/form_form.js?1750763846 HTTP/1.1" 200 16206 "http://hausegger.activities.at/entry.php?id=10271&&ser=763785" "Mozilla/5.0 (Windows NT 10.0; Win64; x64; rv:139.0) Gecko/20100101 Firefox/139.0"
185.177.72.236 - - [24/Jun/2025:13:17:38 +0200] "GET /core/old/users.conf HTTP/1.1" 404 289 "-" "Mozilla/5.0 (Windows NT 10.0; Win64; x64) AppleWebKit/537.36 (KHTML, like Gecko) Chrome/91.0.4472.124 Safari/537.36"
185.177.72.236 - - [24/Jun/2025:13:17:39 +0200] "GET /:5000/tmp/erreur.log HTTP/1.1" 404 292 "-" "Mozilla/5.0 (Windows NT 10.0; Win64; x64) AppleWebKit/537.36 (KHTML, like Gecko) Chrome/91.0.4472.124 Safari/537.36"
185.177.72.236 - - [24/Jun/2025:13:17:40 +0200] "GET /erp/backend/info.php HTTP/1.1" 404 291 "-" "Mozilla/5.0 (Windows NT 10.0; Win64; x64) AppleWebKit/537.36 (KHTML, like Gecko) Chrome/91.0.4472.124 Safari/537.36"
185.177.72.236 - - [24/Jun/2025:13:17:41 +0200] "GET /api/secrets/wp-config.env HTTP/1.1" 404 295 "-" "Mozilla/5.0 (Windows NT 10.0; Win64; x64) AppleWebKit/537.36 (KHTML, like Gecko) Chrome/91.0.4472.124 Safari/537.36"
185.177.72.236 - - [24/Jun/2025:13:17:53 +0200] "GET /img/.env HTTP/1.1" 404 283 "-" "Mozilla/5.0 (Windows NT 10.0; Win64; x64) AppleWebKit/537.36 (KHTML, like Gecko) Chrome/91.0.4472.124 Safari/537.36"
185.177.72.236 - - [24/Jun/2025:13:17:53 +0200] "GET /\xe5\x85\xac\xe9\x96\x8b/.\xe7\x92\xb0\xe5\xa2\x83 HTTP/1.1" 404 305 "-" "Mozilla/5.0 (Windows NT 10.0; Win64; x64) AppleWebKit/537.36 (KHTML, like Gecko) Chrome/91.0.4472.124 Safari/537.36"
185.177.72.236 - - [24/Jun/2025:13:17:54 +0200] "GET /config/mandrill.json HTTP/1.1" 404 292 "-" "Mozilla/5.0 (Windows NT 10.0; Win64; x64) AppleWebKit/537.36 (KHTML, like Gecko) Chrome/91.0.4472.124 Safari/537.36"
185.177.72.236 - - [24/Jun/2025:13:17:54 +0200] "GET /core/php/main.conf HTTP/1.1" 404 289 "-" "Mozilla/5.0 (Windows NT 10.0; Win64; x64) AppleWebKit/537.36 (KHTML, like Gecko) Chrome/91.0.4472.124 Safari/537.36"
71.6.134.230 - - [24/Jun/2025:13:17:55 +0200] "GET /activities.ico HTTP/1.1" 200 1406 "-" "Mozilla/5.0 (Windows NT 10.0; Win64; x64) AppleWebKit/537.36 (KHTML, like Gecko) Chrome/133.0.0.0 Safari/537.36"
185.177.72.236 - - [24/Jun/2025:13:17:56 +0200] "GET /frontend/web/debug/ HTTP/1.1" 404 290 "-" "Mozilla/5.0 (Windows NT 10.0; Win64; x64) AppleWebKit/537.36 (KHTML, like Gecko) Chrome/91.0.4472.124 Safari/537.36"
185.177.72.236 - - [24/Jun/2025:13:17:57 +0200] "GET /:9000/\xe3\x83\x99\xe3\x83\xb3\xe3\x83\x80\xe3\x83\xbc HTTP/1.1" 404 303 "-" "Mozilla/5.0 (Windows NT 10.0; Win64; x64) AppleWebKit/537.36 (KHTML, like Gecko) Chrome/91.0.4472.124 Safari/537.36"
185.177.72.236 - - [24/Jun/2025:13:18:09 +0200] "GET /\xe3\x83\x86\xe3\x82\xb9\xe3\x83\x88123.php HTTP/1.1" 404 299 "-" "Mozilla/5.0 (Windows NT 10.0; Win64; x64) AppleWebKit/537.36 (KHTML, like Gecko) Chrome/91.0.4472.124 Safari/537.36"
185.177.72.236 - - [24/Jun/2025:13:18:10 +0200] "GET /config/backup/settings.zip HTTP/1.1" 404 298 "-" "Mozilla/5.0 (Windows NT 10.0; Win64; x64) AppleWebKit/537.36 (KHTML, like Gecko) Chrome/91.0.4472.124 Safari/537.36"
178.115.58.73 - - [24/Jun/2025:13:18:25 +0200] "GET /entry.php?id=10271&&ser=763844 HTTP/1.1" 200 987 "http://hausegger.activities.at/entry.php?id=10271&&ser=763783" "Mozilla/5.0 (Windows NT 10.0; Win64; x64) AppleWebKit/537.36 (KHTML, like Gecko) Chrome/137.0.0.0 Safari/537.36"
178.115.58.73 - - [24/Jun/2025:13:18:25 +0200] "GET /gui/javascript/form_form.js?1750763905 HTTP/1.1" 200 16206 "http://hausegger.activities.at/entry.php?id=10271&&ser=763844" "Mozilla/5.0 (Windows NT 10.0; Win64; x64) AppleWebKit/537.36 (KHTML, like Gecko) Chrome/137.0.0.0 Safari/537.36"
178.115.58.73 - - [24/Jun/2025:13:18:26 +0200] "GET /entry.php?id=10271&&ser=763846 HTTP/1.1" 200 987 "http://hausegger.activities.at/entry.php?id=10271&&ser=763785" "Mozilla/5.0 (Windows NT 10.0; Win64; x64; rv:139.0) Gecko/20100101 Firefox/139.0"
178.115.58.73 - - [24/Jun/2025:13:18:26 +0200] "GET /gui/javascript/form_form.js?1750763906 HTTP/1.1" 200 16206 "http://hausegger.activities.at/entry.php?id=10271&&ser=763846" "Mozilla/5.0 (Windows NT 10.0; Win64; x64; rv:139.0) Gecko/20100101 Firefox/139.0"
185.177.72.236 - - [24/Jun/2025:13:18:28 +0200] "GET /api/json/database.txt HTTP/1.1" 404 292 "-" "Mozilla/5.0 (Windows NT 10.0; Win64; x64) AppleWebKit/537.36 (KHTML, like Gecko) Chrome/91.0.4472.124 Safari/537.36"
185.177.72.236 - - [24/Jun/2025:13:18:49 +0200] "GET /config/env/log.json HTTP/1.1" 404 291 "-" "Mozilla/5.0 (Windows NT 10.0; Win64; x64) AppleWebKit/537.36 (KHTML, like Gecko) Chrome/91.0.4472.124 Safari/537.36"
185.177.72.236 - - [24/Jun/2025:13:18:50 +0200] "GET /node/api/phpinfo.php HTTP/1.1" 404 290 "-" "Mozilla/5.0 (Windows NT 10.0; Win64; x64) AppleWebKit/537.36 (KHTML, like Gecko) Chrome/91.0.4472.124 Safari/537.36"
185.177.72.236 - - [24/Jun/2025:13:18:51 +0200] "GET /core/private/site.sql HTTP/1.1" 404 291 "-" "Mozilla/5.0 (Windows NT 10.0; Win64; x64) AppleWebKit/537.36 (KHTML, like Gecko) Chrome/91.0.4472.124 Safari/537.36"
185.177.72.236 - - [24/Jun/2025:13:18:52 +0200] "GET /config/config/test.cfg HTTP/1.1" 404 289 "-" "Mozilla/5.0 (Windows NT 10.0; Win64; x64) AppleWebKit/537.36 (KHTML, like Gecko) Chrome/91.0.4472.124 Safari/537.36"
185.177.72.236 - - [24/Jun/2025:13:18:53 +0200] "GET /config/sample.xml HTTP/1.1" 404 290 "-" "Mozilla/5.0 (Windows NT 10.0; Win64; x64) AppleWebKit/537.36 (KHTML, like Gecko) Chrome/91.0.4472.124 Safari/537.36"
185.177.72.236 - - [24/Jun/2025:13:18:54 +0200] "GET /server/laravel/info.php HTTP/1.1" 404 291 "-" "Mozilla/5.0 (Windows NT 10.0; Win64; x64) AppleWebKit/537.36 (KHTML, like Gecko) Chrome/91.0.4472.124 Safari/537.36"
185.177.72.236 - - [24/Jun/2025:13:19:05 +0200] "GET /:9000/\xe3\x83\x87\xe3\x83\xbc\xe3\x82\xbf/\xe8\xa8\xad\xe5\xae\x9a.\xe7\x92\xb0\xe5\xa2\x83 HTTP/1.1" 404 323 "-" "Mozilla/5.0 (Windows NT 10.0; Win64; x64) AppleWebKit/537.36 (KHTML, like Gecko) Chrome/91.0.4472.124 Safari/537.36"
185.177.72.236 - - [24/Jun/2025:13:19:06 +0200] "GET /:9000/backend/.env HTTP/1.1" 404 290 "-" "Mozilla/5.0 (Windows NT 10.0; Win64; x64) AppleWebKit/537.36 (KHTML, like Gecko) Chrome/91.0.4472.124 Safari/537.36"
185.177.72.236 - - [24/Jun/2025:13:19:08 +0200] "GET /core/backup/db.ts HTTP/1.1" 404 289 "-" "Mozilla/5.0 (Windows NT 10.0; Win64; x64) AppleWebKit/537.36 (KHTML, like Gecko) Chrome/91.0.4472.124 Safari/537.36"
178.115.58.73 - - [24/Jun/2025:13:19:26 +0200] "GET /entry.php?id=10271&&ser=763905 HTTP/1.1" 200 987 "http://hausegger.activities.at/entry.php?id=10271&&ser=763844" "Mozilla/5.0 (Windows NT 10.0; Win64; x64) AppleWebKit/537.36 (KHTML, like Gecko) Chrome/137.0.0.0 Safari/537.36"
178.115.58.73 - - [24/Jun/2025:13:19:26 +0200] "GET /gui/javascript/form_form.js?1750763966 HTTP/1.1" 200 16206 "http://hausegger.activities.at/entry.php?id=10271&&ser=763905" "Mozilla/5.0 (Windows NT 10.0; Win64; x64) AppleWebKit/537.36 (KHTML, like Gecko) Chrome/137.0.0.0 Safari/537.36"
178.115.58.73 - - [24/Jun/2025:13:19:26 +0200] "GET /entry.php?id=10271&&ser=763906 HTTP/1.1" 200 987 "http://hausegger.activities.at/entry.php?id=10271&&ser=763846" "Mozilla/5.0 (Windows NT 10.0; Win64; x64; rv:139.0) Gecko/20100101 Firefox/139.0"
178.115.58.73 - - [24/Jun/2025:13:19:27 +0200] "GET /gui/javascript/form_form.js?1750763966 HTTP/1.1" 200 16206 "http://hausegger.activities.at/entry.php?id=10271&&ser=763906" "Mozilla/5.0 (Windows NT 10.0; Win64; x64; rv:139.0) Gecko/20100101 Firefox/139.0"
185.177.72.236 - - [24/Jun/2025:13:19:29 +0200] "GET /stage/current/phpinfo.php HTTP/1.1" 404 294 "-" "Mozilla/5.0 (Windows NT 10.0; Win64; x64) AppleWebKit/537.36 (KHTML, like Gecko) Chrome/91.0.4472.124 Safari/537.36"
185.177.72.236 - - [24/Jun/2025:13:19:30 +0200] "GET /:8880/.editorkonfig HTTP/1.1" 404 292 "-" "Mozilla/5.0 (Windows NT 10.0; Win64; x64) AppleWebKit/537.36 (KHTML, like Gecko) Chrome/91.0.4472.124 Safari/537.36"
185.177.72.236 - - [24/Jun/2025:13:19:30 +0200] "GET /admin/tmp/main.conf HTTP/1.1" 404 290 "-" "Mozilla/5.0 (Windows NT 10.0; Win64; x64) AppleWebKit/537.36 (KHTML, like Gecko) Chrome/91.0.4472.124 Safari/537.36"
185.177.72.236 - - [24/Jun/2025:13:19:31 +0200] "GET /config/upload/info.json HTTP/1.1" 404 294 "-" "Mozilla/5.0 (Windows NT 10.0; Win64; x64) AppleWebKit/537.36 (KHTML, like Gecko) Chrome/91.0.4472.124 Safari/537.36"
185.177.72.236 - - [24/Jun/2025:13:19:31 +0200] "GET /:8008/\xe3\x83\x89\xe3\x83\x83\xe3\x82\xab\xe3\x83\xbc-\xe3\x82\xb3\xe3\x83\xb3\xe3\x83\x9d\xe3\x83\xbc\xe3\x82\xba.yml HTTP/1.1" 404 322 "-" "Mozilla/5.0 (Windows NT 10.0; Win64; x64) AppleWebKit/537.36 (KHTML, like Gecko) Chrome/91.0.4472.124 Safari/537.36"
185.177.72.236 - - [24/Jun/2025:13:19:32 +0200] "GET /:8443/app/konfig.yaml HTTP/1.1" 404 295 "-" "Mozilla/5.0 (Windows NT 10.0; Win64; x64) AppleWebKit/537.36 (KHTML, like Gecko) Chrome/91.0.4472.124 Safari/537.36"
185.177.72.236 - - [24/Jun/2025:13:19:32 +0200] "GET /config/tmp/users.json HTTP/1.1" 404 292 "-" "Mozilla/5.0 (Windows NT 10.0; Win64; x64) AppleWebKit/537.36 (KHTML, like Gecko) Chrome/91.0.4472.124 Safari/537.36"
185.177.72.236 - - [24/Jun/2025:13:19:33 +0200] "GET /\xe3\x82\xb9\xe3\x83\x86\xe3\x83\xbc\xe3\x82\xb8\xe3\x83\xb3\xe3\x82\xb02/.\xe7\x92\xb0\xe5\xa2\x83 HTTP/1.1" 404 318 "-" "Mozilla/5.0 (Windows NT 10.0; Win64; x64) AppleWebKit/537.36 (KHTML, like Gecko) Chrome/91.0.4472.124 Safari/537.36"
185.177.72.236 - - [24/Jun/2025:13:19:48 +0200] "GET /api/static/wp-config.conf HTTP/1.1" 404 294 "-" "Mozilla/5.0 (Windows NT 10.0; Win64; x64) AppleWebKit/537.36 (KHTML, like Gecko) Chrome/91.0.4472.124 Safari/537.36"
185.177.72.236 - - [24/Jun/2025:13:19:48 +0200] "GET /:8000/administrateur/configurationtion.php HTTP/1.1" 404 305 "-" "Mozilla/5.0 (Windows NT 10.0; Win64; x64) AppleWebKit/537.36 (KHTML, like Gecko) Chrome/91.0.4472.124 Safari/537.36"
185.177.72.236 - - [24/Jun/2025:13:20:15 +0200] "GET /core/old/debug.bak HTTP/1.1" 404 290 "-" "Mozilla/5.0 (Windows NT 10.0; Win64; x64) AppleWebKit/537.36 (KHTML, like Gecko) Chrome/91.0.4472.124 Safari/537.36"
185.177.72.236 - - [24/Jun/2025:13:20:15 +0200] "GET /:8880/admins/crm/info.php HTTP/1.1" 404 296 "-" "Mozilla/5.0 (Windows NT 10.0; Win64; x64) AppleWebKit/537.36 (KHTML, like Gecko) Chrome/91.0.4472.124 Safari/537.36"
185.177.72.236 - - [24/Jun/2025:13:20:16 +0200] "GET /x.php HTTP/1.1" 404 281 "-" "Mozilla/5.0 (Windows NT 10.0; Win64; x64) AppleWebKit/537.36 (KHTML, like Gecko) Chrome/91.0.4472.124 Safari/537.36"
185.177.72.236 - - [24/Jun/2025:13:20:16 +0200] "GET /config/log.log HTTP/1.1" 404 286 "-" "Mozilla/5.0 (Windows NT 10.0; Win64; x64) AppleWebKit/537.36 (KHTML, like Gecko) Chrome/91.0.4472.124 Safari/537.36"
185.177.72.236 - - [24/Jun/2025:13:20:16 +0200] "GET /test2.php HTTP/1.1" 404 283 "-" "Mozilla/5.0 (Windows NT 10.0; Win64; x64) AppleWebKit/537.36 (KHTML, like Gecko) Chrome/91.0.4472.124 Safari/537.36"
178.115.58.73 - - [24/Jun/2025:13:20:27 +0200] "GET /entry.php?id=10271&&ser=763966 HTTP/1.1" 200 986 "http://hausegger.activities.at/entry.php?id=10271&&ser=763905" "Mozilla/5.0 (Windows NT 10.0; Win64; x64) AppleWebKit/537.36 (KHTML, like Gecko) Chrome/137.0.0.0 Safari/537.36"
178.115.58.73 - - [24/Jun/2025:13:20:27 +0200] "GET /entry.php?id=10271&&ser=763966 HTTP/1.1" 200 986 "http://hausegger.activities.at/entry.php?id=10271&&ser=763906" "Mozilla/5.0 (Windows NT 10.0; Win64; x64; rv:139.0) Gecko/20100101 Firefox/139.0"
178.115.58.73 - - [24/Jun/2025:13:20:27 +0200] "GET /gui/javascript/form_form.js?1750764027 HTTP/1.1" 200 16206 "http://hausegger.activities.at/entry.php?id=10271&&ser=763966" "Mozilla/5.0 (Windows NT 10.0; Win64; x64) AppleWebKit/537.36 (KHTML, like Gecko) Chrome/137.0.0.0 Safari/537.36"
178.115.58.73 - - [24/Jun/2025:13:20:27 +0200] "GET /gui/javascript/form_form.js?1750764027 HTTP/1.1" 200 16206 "http://hausegger.activities.at/entry.php?id=10271&&ser=763966" "Mozilla/5.0 (Windows NT 10.0; Win64; x64; rv:139.0) Gecko/20100101 Firefox/139.0"
185.177.72.236 - - [24/Jun/2025:13:20:37 +0200] "GET /admin/static/database.zip HTTP/1.1" 404 295 "-" "Mozilla/5.0 (Windows NT 10.0; Win64; x64) AppleWebKit/537.36 (KHTML, like Gecko) Chrome/91.0.4472.124 Safari/537.36"
185.177.72.236 - - [24/Jun/2025:13:20:38 +0200] "GET /:5000/app/configura/cloud/aws.php HTTP/1.1" 404 302 "-" "Mozilla/5.0 (Windows NT 10.0; Win64; x64) AppleWebKit/537.36 (KHTML, like Gecko) Chrome/91.0.4472.124 Safari/537.36"
185.177.72.236 - - [24/Jun/2025:13:20:39 +0200] "GET /admin/private/info.cfg HTTP/1.1" 404 293 "-" "Mozilla/5.0 (Windows NT 10.0; Win64; x64) AppleWebKit/537.36 (KHTML, like Gecko) Chrome/91.0.4472.124 Safari/537.36"
185.177.72.236 - - [24/Jun/2025:13:20:40 +0200] "GET /config/public/users.env HTTP/1.1" 404 294 "-" "Mozilla/5.0 (Windows NT 10.0; Win64; x64) AppleWebKit/537.36 (KHTML, like Gecko) Chrome/91.0.4472.124 Safari/537.36"
185.177.72.236 - - [24/Jun/2025:13:20:42 +0200] "GET /apis/.env.dist HTTP/1.1" 404 286 "-" "Mozilla/5.0 (Windows NT 10.0; Win64; x64) AppleWebKit/537.36 (KHTML, like Gecko) Chrome/91.0.4472.124 Safari/537.36"
185.177.72.236 - - [24/Jun/2025:13:20:44 +0200] "GET /admin/php/secret.ini HTTP/1.1" 404 290 "-" "Mozilla/5.0 (Windows NT 10.0; Win64; x64) AppleWebKit/537.36 (KHTML, like Gecko) Chrome/91.0.4472.124 Safari/537.36"
185.177.72.236 - - [24/Jun/2025:13:20:45 +0200] "GET /:8008/phpinfo.php HTTP/1.1" 404 289 "-" "Mozilla/5.0 (Windows NT 10.0; Win64; x64) AppleWebKit/537.36 (KHTML, like Gecko) Chrome/91.0.4472.124 Safari/537.36"
185.177.72.236 - - [24/Jun/2025:13:20:47 +0200] "GET /:8443/aws.env HTTP/1.1" 404 287 "-" "Mozilla/5.0 (Windows NT 10.0; Win64; x64) AppleWebKit/537.36 (KHTML, like Gecko) Chrome/91.0.4472.124 Safari/537.36"
185.177.72.236 - - [24/Jun/2025:13:20:48 +0200] "GET /dev/dev/info.php HTTP/1.1" 404 286 "-" "Mozilla/5.0 (Windows NT 10.0; Win64; x64) AppleWebKit/537.36 (KHTML, like Gecko) Chrome/91.0.4472.124 Safari/537.36"
185.177.72.236 - - [24/Jun/2025:13:20:49 +0200] "GET /api/site.bak HTTP/1.1" 404 285 "-" "Mozilla/5.0 (Windows NT 10.0; Win64; x64) AppleWebKit/537.36 (KHTML, like Gecko) Chrome/91.0.4472.124 Safari/537.36"
185.177.72.236 - - [24/Jun/2025:13:20:50 +0200] "GET /:8888/aws/aws_secret_config.php HTTP/1.1" 404 299 "-" "Mozilla/5.0 (Windows NT 10.0; Win64; x64) AppleWebKit/537.36 (KHTML, like Gecko) Chrome/91.0.4472.124 Safari/537.36"
185.177.72.236 - - [24/Jun/2025:13:20:56 +0200] "GET /:8880/komponist.json HTTP/1.1" 404 293 "-" "Mozilla/5.0 (Windows NT 10.0; Win64; x64) AppleWebKit/537.36 (KHTML, like Gecko) Chrome/91.0.4472.124 Safari/537.36"
185.177.72.236 - - [24/Jun/2025:13:20:57 +0200] "GET /:8443/sauvegarde/xampp/infoss_php.php HTTP/1.1" 404 305 "-" "Mozilla/5.0 (Windows NT 10.0; Win64; x64) AppleWebKit/537.36 (KHTML, like Gecko) Chrome/91.0.4472.124 Safari/537.36"
185.177.72.236 - - [24/Jun/2025:13:20:59 +0200] "GET /:8880/stage/backend/infoss_php.php HTTP/1.1" 404 302 "-" "Mozilla/5.0 (Windows NT 10.0; Win64; x64) AppleWebKit/537.36 (KHTML, like Gecko) Chrome/91.0.4472.124 Safari/537.36"
185.177.72.236 - - [24/Jun/2025:13:21:00 +0200] "GET /:8181/administrateur/depura.php HTTP/1.1" 404 299 "-" "Mozilla/5.0 (Windows NT 10.0; Win64; x64) AppleWebKit/537.36 (KHTML, like Gecko) Chrome/91.0.4472.124 Safari/537.36"
185.177.72.236 - - [24/Jun/2025:13:21:02 +0200] "GET /config/keys/default.log HTTP/1.1" 404 295 "-" "Mozilla/5.0 (Windows NT 10.0; Win64; x64) AppleWebKit/537.36 (KHTML, like Gecko) Chrome/91.0.4472.124 Safari/537.36"
185.177.72.236 - - [24/Jun/2025:13:21:03 +0200] "GET /:8443/.vscode/param\xc3\xa8tres.json HTTP/1.1" 404 304 "-" "Mozilla/5.0 (Windows NT 10.0; Win64; x64) AppleWebKit/537.36 (KHTML, like Gecko) Chrome/91.0.4472.124 Safari/537.36"
185.177.72.236 - - [24/Jun/2025:13:21:04 +0200] "GET /admin/json/test.cfg HTTP/1.1" 404 290 "-" "Mozilla/5.0 (Windows NT 10.0; Win64; x64) AppleWebKit/537.36 (KHTML, like Gecko) Chrome/91.0.4472.124 Safari/537.36"
185.177.72.236 - - [24/Jun/2025:13:21:05 +0200] "GET /:8443/configurationtionura/aws.php HTTP/1.1" 404 302 "-" "Mozilla/5.0 (Windows NT 10.0; Win64; x64) AppleWebKit/537.36 (KHTML, like Gecko) Chrome/91.0.4472.124 Safari/537.36"
185.177.72.236 - - [24/Jun/2025:13:21:07 +0200] "GET /admin/env/log.zip HTTP/1.1" 404 290 "-" "Mozilla/5.0 (Windows NT 10.0; Win64; x64) AppleWebKit/537.36 (KHTML, like Gecko) Chrome/91.0.4472.124 Safari/537.36"
185.177.72.236 - - [24/Jun/2025:13:21:08 +0200] "GET /config/json/log.conf HTTP/1.1" 404 290 "-" "Mozilla/5.0 (Windows NT 10.0; Win64; x64) AppleWebKit/537.36 (KHTML, like Gecko) Chrome/91.0.4472.124 Safari/537.36"
185.177.72.236 - - [24/Jun/2025:13:21:14 +0200] "GET /config/env/env.old HTTP/1.1" 404 288 "-" "Mozilla/5.0 (Windows NT 10.0; Win64; x64) AppleWebKit/537.36 (KHTML, like Gecko) Chrome/91.0.4472.124 Safari/537.36"
185.177.72.236 - - [24/Jun/2025:13:21:16 +0200] "GET /:5601/_profiler/phpinfo.php HTTP/1.1" 404 296 "-" "Mozilla/5.0 (Windows NT 10.0; Win64; x64) AppleWebKit/537.36 (KHTML, like Gecko) Chrome/91.0.4472.124 Safari/537.36"
185.177.72.236 - - [24/Jun/2025:13:21:17 +0200] "GET /:8080/api/session HTTP/1.1" 404 289 "-" "Mozilla/5.0 (Windows NT 10.0; Win64; x64) AppleWebKit/537.36 (KHTML, like Gecko) Chrome/91.0.4472.124 Safari/537.36"
185.177.72.236 - - [24/Jun/2025:13:21:18 +0200] "GET /admin/backup/default.ini HTTP/1.1" 404 295 "-" "Mozilla/5.0 (Windows NT 10.0; Win64; x64) AppleWebKit/537.36 (KHTML, like Gecko) Chrome/91.0.4472.124 Safari/537.36"
185.177.72.236 - - [24/Jun/2025:13:21:19 +0200] "GET /:5601/\xe3\x82\xa2\xe3\x83\x97\xe3\x83\xaa/\xe3\x83\x95\xe3\x83\xad\xe3\x83\xb3\xe3\x83\x88\xe3\x82\xa8\xe3\x83\xb3\xe3\x83\x89/.\xe7\x92\xb0\xe5\xa2\x83 HTTP/1.1" 404 331 "-" "Mozilla/5.0 (Windows NT 10.0; Win64; x64) AppleWebKit/537.36 (KHTML, like Gecko) Chrome/91.0.4472.124 Safari/537.36"
185.177.72.236 - - [24/Jun/2025:13:21:20 +0200] "GET /:10000/infos03.php HTTP/1.1" 404 289 "-" "Mozilla/5.0 (Windows NT 10.0; Win64; x64) AppleWebKit/537.36 (KHTML, like Gecko) Chrome/91.0.4472.124 Safari/537.36"
185.177.72.236 - - [24/Jun/2025:13:21:21 +0200] "GET /:10000/.\xe3\x82\xb9\xe3\x82\xbf\xe3\x82\xa4\xe3\x83\xab\xe3\x83\xaa\xe3\x83\xb3\xe3\x83\x88rc HTTP/1.1" 404 317 "-" "Mozilla/5.0 (Windows NT 10.0; Win64; x64) AppleWebKit/537.36 (KHTML, like Gecko) Chrome/91.0.4472.124 Safari/537.36"
185.177.72.236 - - [24/Jun/2025:13:21:22 +0200] "GET /:8443/\xe3\x83\x90\xe3\x83\x83\xe3\x82\xaf-\xe3\x82\xa8\xe3\x83\xb3\xe3\x83\x89/\xe3\x82\xa2\xe3\x83\x97\xe3\x83\xaa/.\xe7\x92\xb0\xe5\xa2\x83 HTTP/1.1" 404 331 "-" "Mozilla/5.0 (Windows NT 10.0; Win64; x64) AppleWebKit/537.36 (KHTML, like Gecko) Chrome/91.0.4472.124 Safari/537.36"
185.177.72.236 - - [24/Jun/2025:13:21:23 +0200] "GET /wp-config.php_old2017 HTTP/1.1" 404 294 "-" "Mozilla/5.0 (Windows NT 10.0; Win64; x64) AppleWebKit/537.36 (KHTML, like Gecko) Chrome/91.0.4472.124 Safari/537.36"
185.177.72.236 - - [24/Jun/2025:13:21:23 +0200] "GET /core/public/debug.conf HTTP/1.1" 404 293 "-" "Mozilla/5.0 (Windows NT 10.0; Win64; x64) AppleWebKit/537.36 (KHTML, like Gecko) Chrome/91.0.4472.124 Safari/537.36"
185.177.72.236 - - [24/Jun/2025:13:21:24 +0200] "GET /backup/database.env HTTP/1.1" 404 290 "-" "Mozilla/5.0 (Windows NT 10.0; Win64; x64) AppleWebKit/537.36 (KHTML, like Gecko) Chrome/91.0.4472.124 Safari/537.36"
185.177.72.236 - - [24/Jun/2025:13:21:25 +0200] "GET /api/json/sample.env HTTP/1.1" 404 290 "-" "Mozilla/5.0 (Windows NT 10.0; Win64; x64) AppleWebKit/537.36 (KHTML, like Gecko) Chrome/91.0.4472.124 Safari/537.36"
185.177.72.236 - - [24/Jun/2025:13:21:26 +0200] "GET /:8443/backup/.env HTTP/1.1" 404 291 "-" "Mozilla/5.0 (Windows NT 10.0; Win64; x64) AppleWebKit/537.36 (KHTML, like Gecko) Chrome/91.0.4472.124 Safari/537.36"
185.177.72.236 - - [24/Jun/2025:13:21:27 +0200] "GET /:5000/fehler/ HTTP/1.1" 404 286 "-" "Mozilla/5.0 (Windows NT 10.0; Win64; x64) AppleWebKit/537.36 (KHTML, like Gecko) Chrome/91.0.4472.124 Safari/537.36"
185.177.72.236 - - [24/Jun/2025:13:21:27 +0200] "GET /:8008/stag/.env HTTP/1.1" 404 288 "-" "Mozilla/5.0 (Windows NT 10.0; Win64; x64) AppleWebKit/537.36 (KHTML, like Gecko) Chrome/91.0.4472.124 Safari/537.36"
178.115.58.73 - - [24/Jun/2025:13:21:27 +0200] "GET /entry.php?id=10271&&ser=764027 HTTP/1.1" 200 987 "http://hausegger.activities.at/entry.php?id=10271&&ser=763966" "Mozilla/5.0 (Windows NT 10.0; Win64; x64; rv:139.0) Gecko/20100101 Firefox/139.0"
178.115.58.73 - - [24/Jun/2025:13:21:27 +0200] "GET /gui/javascript/form_form.js?1750764087 HTTP/1.1" 200 16206 "http://hausegger.activities.at/entry.php?id=10271&&ser=764027" "Mozilla/5.0 (Windows NT 10.0; Win64; x64; rv:139.0) Gecko/20100101 Firefox/139.0"
185.177.72.236 - - [24/Jun/2025:13:21:27 +0200] "GET /:5000/logs/system.log HTTP/1.1" 404 291 "-" "Mozilla/5.0 (Windows NT 10.0; Win64; x64) AppleWebKit/537.36 (KHTML, like Gecko) Chrome/91.0.4472.124 Safari/537.36"
178.115.58.73 - - [24/Jun/2025:13:21:28 +0200] "GET /entry.php?id=10271&&ser=764027 HTTP/1.1" 200 987 "http://hausegger.activities.at/entry.php?id=10271&&ser=763966" "Mozilla/5.0 (Windows NT 10.0; Win64; x64) AppleWebKit/537.36 (KHTML, like Gecko) Chrome/137.0.0.0 Safari/537.36"
178.115.58.73 - - [24/Jun/2025:13:21:28 +0200] "GET /gui/javascript/form_form.js?1750764088 HTTP/1.1" 200 16206 "http://hausegger.activities.at/entry.php?id=10271&&ser=764027" "Mozilla/5.0 (Windows NT 10.0; Win64; x64) AppleWebKit/537.36 (KHTML, like Gecko) Chrome/137.0.0.0 Safari/537.36"
185.177.72.236 - - [24/Jun/2025:13:21:28 +0200] "GET /api/php/config.log HTTP/1.1" 404 290 "-" "Mozilla/5.0 (Windows NT 10.0; Win64; x64) AppleWebKit/537.36 (KHTML, like Gecko) Chrome/91.0.4472.124 Safari/537.36"
185.177.72.236 - - [24/Jun/2025:13:21:29 +0200] "GET /static/.git/config HTTP/1.1" 404 290 "-" "Mozilla/5.0 (Windows NT 10.0; Win64; x64) AppleWebKit/537.36 (KHTML, like Gecko) Chrome/91.0.4472.124 Safari/537.36"
185.177.72.236 - - [24/Jun/2025:13:21:33 +0200] "GET /:9000/\xe8\xa8\xad\xe5\xae\x9a.\xe9\x96\x8b\xe7\x99\xba.php HTTP/1.1" 404 312 "-" "Mozilla/5.0 (Windows NT 10.0; Win64; x64) AppleWebKit/537.36 (KHTML, like Gecko) Chrome/91.0.4472.124 Safari/537.36"
185.177.72.236 - - [24/Jun/2025:13:21:34 +0200] "GET /admin/new/sample.log HTTP/1.1" 404 291 "-" "Mozilla/5.0 (Windows NT 10.0; Win64; x64) AppleWebKit/537.36 (KHTML, like Gecko) Chrome/91.0.4472.124 Safari/537.36"
185.177.72.236 - - [24/Jun/2025:13:21:35 +0200] "GET /api/php/env.xml HTTP/1.1" 404 288 "-" "Mozilla/5.0 (Windows NT 10.0; Win64; x64) AppleWebKit/537.36 (KHTML, like Gecko) Chrome/91.0.4472.124 Safari/537.36"
185.177.72.236 - - [24/Jun/2025:13:21:36 +0200] "GET /config/public/test.sql HTTP/1.1" 404 293 "-" "Mozilla/5.0 (Windows NT 10.0; Win64; x64) AppleWebKit/537.36 (KHTML, like Gecko) Chrome/91.0.4472.124 Safari/537.36"
185.177.72.236 - - [24/Jun/2025:13:21:54 +0200] "GET /admin/public/log.txt HTTP/1.1" 404 292 "-" "Mozilla/5.0 (Windows NT 10.0; Win64; x64) AppleWebKit/537.36 (KHTML, like Gecko) Chrome/91.0.4472.124 Safari/537.36"
185.177.72.236 - - [24/Jun/2025:13:21:55 +0200] "GET /:8888/js/\xe7\xa7\x98\xe5\xaf\x86/aws-\xe3\x82\xa8\xe3\x82\xaf\xe3\x82\xb9\xe3\x83\x9d\xe3\x83\xbc\xe3\x83\x88.js HTTP/1.1" 404 328 "-" "Mozilla/5.0 (Windows NT 10.0; Win64; x64) AppleWebKit/537.36 (KHTML, like Gecko) Chrome/91.0.4472.124 Safari/537.36"
185.177.72.236 - - [24/Jun/2025:13:21:56 +0200] "GET /api/tmp/test.sql HTTP/1.1" 404 287 "-" "Mozilla/5.0 (Windows NT 10.0; Win64; x64) AppleWebKit/537.36 (KHTML, like Gecko) Chrome/91.0.4472.124 Safari/537.36"
185.177.72.236 - - [24/Jun/2025:13:21:57 +0200] "GET /:8888/api/\xe5\xbf\x98\xe3\x82\x8c HTTP/1.1" 404 299 "-" "Mozilla/5.0 (Windows NT 10.0; Win64; x64) AppleWebKit/537.36 (KHTML, like Gecko) Chrome/91.0.4472.124 Safari/537.36"
185.177.72.236 - - [24/Jun/2025:13:21:58 +0200] "GET /service/help/info.php HTTP/1.1" 404 291 "-" "Mozilla/5.0 (Windows NT 10.0; Win64; x64) AppleWebKit/537.36 (KHTML, like Gecko) Chrome/91.0.4472.124 Safari/537.36"
185.177.72.236 - - [24/Jun/2025:13:21:58 +0200] "GET /:8080/core HTTP/1.1" 404 285 "-" "Mozilla/5.0 (Windows NT 10.0; Win64; x64) AppleWebKit/537.36 (KHTML, like Gecko) Chrome/91.0.4472.124 Safari/537.36"
185.177.72.236 - - [24/Jun/2025:13:21:59 +0200] "GET /api/old/login.ts HTTP/1.1" 404 288 "-" "Mozilla/5.0 (Windows NT 10.0; Win64; x64) AppleWebKit/537.36 (KHTML, like Gecko) Chrome/91.0.4472.124 Safari/537.36"
185.177.72.236 - - [24/Jun/2025:13:22:00 +0200] "GET /:9000/.stylelintignore HTTP/1.1" 404 293 "-" "Mozilla/5.0 (Windows NT 10.0; Win64; x64) AppleWebKit/537.36 (KHTML, like Gecko) Chrome/91.0.4472.124 Safari/537.36"
185.177.72.236 - - [24/Jun/2025:13:22:09 +0200] "GET /api/static/users.bak HTTP/1.1" 404 291 "-" "Mozilla/5.0 (Windows NT 10.0; Win64; x64) AppleWebKit/537.36 (KHTML, like Gecko) Chrome/91.0.4472.124 Safari/537.36"
178.115.58.73 - - [24/Jun/2025:13:22:27 +0200] "GET /entry.php?id=10271&&ser=764087 HTTP/1.1" 200 987 "http://hausegger.activities.at/entry.php?id=10271&&ser=764027" "Mozilla/5.0 (Windows NT 10.0; Win64; x64; rv:139.0) Gecko/20100101 Firefox/139.0"
178.115.58.73 - - [24/Jun/2025:13:22:28 +0200] "GET /gui/javascript/form_form.js?1750764147 HTTP/1.1" 200 16206 "http://hausegger.activities.at/entry.php?id=10271&&ser=764087" "Mozilla/5.0 (Windows NT 10.0; Win64; x64; rv:139.0) Gecko/20100101 Firefox/139.0"
178.115.58.73 - - [24/Jun/2025:13:22:29 +0200] "GET /entry.php?id=10271&&ser=764088 HTTP/1.1" 200 987 "http://hausegger.activities.at/entry.php?id=10271&&ser=764027" "Mozilla/5.0 (Windows NT 10.0; Win64; x64) AppleWebKit/537.36 (KHTML, like Gecko) Chrome/137.0.0.0 Safari/537.36"
178.115.58.73 - - [24/Jun/2025:13:22:29 +0200] "GET /gui/javascript/form_form.js?1750764149 HTTP/1.1" 200 16206 "http://hausegger.activities.at/entry.php?id=10271&&ser=764088" "Mozilla/5.0 (Windows NT 10.0; Win64; x64) AppleWebKit/537.36 (KHTML, like Gecko) Chrome/137.0.0.0 Safari/537.36"
185.177.72.236 - - [24/Jun/2025:13:22:30 +0200] "GET /config/php/secret.old HTTP/1.1" 404 292 "-" "Mozilla/5.0 (Windows NT 10.0; Win64; x64) AppleWebKit/537.36 (KHTML, like Gecko) Chrome/91.0.4472.124 Safari/537.36"
185.177.72.236 - - [24/Jun/2025:13:22:31 +0200] "GET /:8080/d\xc3\xa9boguerbar HTTP/1.1" 404 296 "-" "Mozilla/5.0 (Windows NT 10.0; Win64; x64) AppleWebKit/537.36 (KHTML, like Gecko) Chrome/91.0.4472.124 Safari/537.36"
185.177.72.236 - - [24/Jun/2025:13:22:32 +0200] "GET /:8000/adm/\xe6\x83\x85\xe5\xa0\xb1.php HTTP/1.1" 404 302 "-" "Mozilla/5.0 (Windows NT 10.0; Win64; x64) AppleWebKit/537.36 (KHTML, like Gecko) Chrome/91.0.4472.124 Safari/537.36"
185.177.72.236 - - [24/Jun/2025:13:22:33 +0200] "GET /:8181/\xe3\x83\x86\xe3\x82\xb9\xe3\x83\x881.php HTTP/1.1" 404 302 "-" "Mozilla/5.0 (Windows NT 10.0; Win64; x64) AppleWebKit/537.36 (KHTML, like Gecko) Chrome/91.0.4472.124 Safari/537.36"
185.177.72.236 - - [24/Jun/2025:13:22:34 +0200] "GET /admin/sql/settings.xml HTTP/1.1" 404 293 "-" "Mozilla/5.0 (Windows NT 10.0; Win64; x64) AppleWebKit/537.36 (KHTML, like Gecko) Chrome/91.0.4472.124 Safari/537.36"
185.177.72.236 - - [24/Jun/2025:13:22:35 +0200] "GET /core/db/main.txt HTTP/1.1" 404 288 "-" "Mozilla/5.0 (Windows NT 10.0; Win64; x64) AppleWebKit/537.36 (KHTML, like Gecko) Chrome/91.0.4472.124 Safari/537.36"
185.177.72.236 - - [24/Jun/2025:13:22:36 +0200] "GET /app/.env.dev HTTP/1.1" 404 285 "-" "Mozilla/5.0 (Windows NT 10.0; Win64; x64) AppleWebKit/537.36 (KHTML, like Gecko) Chrome/91.0.4472.124 Safari/537.36"
185.177.72.236 - - [24/Jun/2025:13:22:37 +0200] "GET /current/crm/info.php HTTP/1.1" 404 291 "-" "Mozilla/5.0 (Windows NT 10.0; Win64; x64) AppleWebKit/537.36 (KHTML, like Gecko) Chrome/91.0.4472.124 Safari/537.36"
185.177.72.236 - - [24/Jun/2025:13:22:38 +0200] "GET /examples/.env HTTP/1.1" 404 286 "-" "Mozilla/5.0 (Windows NT 10.0; Win64; x64) AppleWebKit/537.36 (KHTML, like Gecko) Chrome/91.0.4472.124 Safari/537.36"
185.177.72.236 - - [24/Jun/2025:13:22:39 +0200] "GET /api/upload/index.sql HTTP/1.1" 404 291 "-" "Mozilla/5.0 (Windows NT 10.0; Win64; x64) AppleWebKit/537.36 (KHTML, like Gecko) Chrome/91.0.4472.124 Safari/537.36"
185.177.72.236 - - [24/Jun/2025:13:22:39 +0200] "GET /api/json/site.ts HTTP/1.1" 404 288 "-" "Mozilla/5.0 (Windows NT 10.0; Win64; x64) AppleWebKit/537.36 (KHTML, like Gecko) Chrome/91.0.4472.124 Safari/537.36"
185.177.72.236 - - [24/Jun/2025:13:22:40 +0200] "GET /:10000/app/configurationtion/aws_sdk.php HTTP/1.1" 404 304 "-" "Mozilla/5.0 (Windows NT 10.0; Win64; x64) AppleWebKit/537.36 (KHTML, like Gecko) Chrome/91.0.4472.124 Safari/537.36"
93.174.93.12 - - [24/Jun/2025:13:23:03 +0200] "GET / HTTP/1.0" 200 423 "-" "Mozilla/5.0 (Linux; U; Android 2.2; en-us; SCH-I800 Build/FROYO) AppleWebKit/533.1 (KHTML, like Gecko) Version/4.0 Mobile Safari/533.1"
185.177.72.236 - - [24/Jun/2025:13:23:07 +0200] "GET /:10000/\xe3\x82\xb5\xe3\x83\xbc\xe3\x83\x90\xe3\x83\xbc\xe3\x83\xac\xe3\x82\xb9/aws-\xe8\xa8\xad\xe5\xae\x9a.yml HTTP/1.1" 404 325 "-" "Mozilla/5.0 (Windows NT 10.0; Win64; x64) AppleWebKit/537.36 (KHTML, like Gecko) Chrome/91.0.4472.124 Safari/537.36"
185.177.72.236 - - [24/Jun/2025:13:23:08 +0200] "GET /:8181/app/configurationtionura/aws_sdk.php HTTP/1.1" 404 306 "-" "Mozilla/5.0 (Windows NT 10.0; Win64; x64) AppleWebKit/537.36 (KHTML, like Gecko) Chrome/91.0.4472.124 Safari/537.36"
178.115.58.73 - - [24/Jun/2025:13:23:28 +0200] "GET /entry.php?id=10271&&ser=764147 HTTP/1.1" 200 987 "http://hausegger.activities.at/entry.php?id=10271&&ser=764087" "Mozilla/5.0 (Windows NT 10.0; Win64; x64; rv:139.0) Gecko/20100101 Firefox/139.0"
178.115.58.73 - - [24/Jun/2025:13:23:29 +0200] "GET /gui/javascript/form_form.js?1750764209 HTTP/1.1" 200 16206 "http://hausegger.activities.at/entry.php?id=10271&&ser=764147" "Mozilla/5.0 (Windows NT 10.0; Win64; x64; rv:139.0) Gecko/20100101 Firefox/139.0"
178.115.58.73 - - [24/Jun/2025:13:23:30 +0200] "GET /entry.php?id=10271&&ser=764149 HTTP/1.1" 200 987 "http://hausegger.activities.at/entry.php?id=10271&&ser=764088" "Mozilla/5.0 (Windows NT 10.0; Win64; x64) AppleWebKit/537.36 (KHTML, like Gecko) Chrome/137.0.0.0 Safari/537.36"
178.115.58.73 - - [24/Jun/2025:13:23:30 +0200] "GET /gui/javascript/form_form.js?1750764210 HTTP/1.1" 200 16206 "http://hausegger.activities.at/entry.php?id=10271&&ser=764149" "Mozilla/5.0 (Windows NT 10.0; Win64; x64) AppleWebKit/537.36 (KHTML, like Gecko) Chrome/137.0.0.0 Safari/537.36"
185.177.72.236 - - [24/Jun/2025:13:23:33 +0200] "GET /:8880/time.php HTTP/1.1" 404 287 "-" "Mozilla/5.0 (Windows NT 10.0; Win64; x64) AppleWebKit/537.36 (KHTML, like Gecko) Chrome/91.0.4472.124 Safari/537.36"
185.177.72.236 - - [24/Jun/2025:13:23:34 +0200] "GET /:8181/python\xe3\x83\x97\xe3\x83\xad\xe3\x82\xb8\xe3\x82\xa7\xe3\x82\xaf\xe3\x83\x88.toml HTTP/1.1" 404 320 "-" "Mozilla/5.0 (Windows NT 10.0; Win64; x64) AppleWebKit/537.36 (KHTML, like Gecko) Chrome/91.0.4472.124 Safari/537.36"
185.177.72.236 - - [24/Jun/2025:13:23:35 +0200] "GET /config/site.ts HTTP/1.1" 404 287 "-" "Mozilla/5.0 (Windows NT 10.0; Win64; x64) AppleWebKit/537.36 (KHTML, like Gecko) Chrome/91.0.4472.124 Safari/537.36"
185.177.72.236 - - [24/Jun/2025:13:23:35 +0200] "GET /:8080/oubli HTTP/1.1" 404 286 "-" "Mozilla/5.0 (Windows NT 10.0; Win64; x64) AppleWebKit/537.36 (KHTML, like Gecko) Chrome/91.0.4472.124 Safari/537.36"
185.177.72.236 - - [24/Jun/2025:13:23:36 +0200] "GET /config/data/database.conf HTTP/1.1" 404 292 "-" "Mozilla/5.0 (Windows NT 10.0; Win64; x64) AppleWebKit/537.36 (KHTML, like Gecko) Chrome/91.0.4472.124 Safari/537.36"
185.177.72.236 - - [24/Jun/2025:13:23:37 +0200] "GET /admin/default.js HTTP/1.1" 404 288 "-" "Mozilla/5.0 (Windows NT 10.0; Win64; x64) AppleWebKit/537.36 (KHTML, like Gecko) Chrome/91.0.4472.124 Safari/537.36"
185.177.72.236 - - [24/Jun/2025:13:23:37 +0200] "GET /prod/backend/info.php HTTP/1.1" 404 292 "-" "Mozilla/5.0 (Windows NT 10.0; Win64; x64) AppleWebKit/537.36 (KHTML, like Gecko) Chrome/91.0.4472.124 Safari/537.36"
185.177.72.236 - - [24/Jun/2025:13:23:38 +0200] "GET /:8000/api/\xe8\xa8\xad\xe5\xae\x9a.php HTTP/1.1" 404 303 "-" "Mozilla/5.0 (Windows NT 10.0; Win64; x64) AppleWebKit/537.36 (KHTML, like Gecko) Chrome/91.0.4472.124 Safari/537.36"
185.177.72.236 - - [24/Jun/2025:13:23:38 +0200] "GET /config/test/index.php HTTP/1.1" 404 292 "-" "Mozilla/5.0 (Windows NT 10.0; Win64; x64) AppleWebKit/537.36 (KHTML, like Gecko) Chrome/91.0.4472.124 Safari/537.36"
185.177.72.236 - - [24/Jun/2025:13:23:39 +0200] "GET /config/mail.js HTTP/1.1" 404 288 "-" "Mozilla/5.0 (Windows NT 10.0; Win64; x64) AppleWebKit/537.36 (KHTML, like Gecko) Chrome/91.0.4472.124 Safari/537.36"
185.177.72.236 - - [24/Jun/2025:13:23:40 +0200] "GET /:5601/installer.php HTTP/1.1" 404 290 "-" "Mozilla/5.0 (Windows NT 10.0; Win64; x64) AppleWebKit/537.36 (KHTML, like Gecko) Chrome/91.0.4472.124 Safari/537.36"
185.177.72.236 - - [24/Jun/2025:13:23:41 +0200] "GET /wp-config.php_old2014 HTTP/1.1" 404 293 "-" "Mozilla/5.0 (Windows NT 10.0; Win64; x64) AppleWebKit/537.36 (KHTML, like Gecko) Chrome/91.0.4472.124 Safari/537.36"
185.177.72.236 - - [24/Jun/2025:13:23:42 +0200] "GET /core/db/settings.bak HTTP/1.1" 404 291 "-" "Mozilla/5.0 (Windows NT 10.0; Win64; x64) AppleWebKit/537.36 (KHTML, like Gecko) Chrome/91.0.4472.124 Safari/537.36"
185.177.72.236 - - [24/Jun/2025:13:24:01 +0200] "GET /api/data/env.env HTTP/1.1" 404 286 "-" "Mozilla/5.0 (Windows NT 10.0; Win64; x64) AppleWebKit/537.36 (KHTML, like Gecko) Chrome/91.0.4472.124 Safari/537.36"
185.177.72.236 - - [24/Jun/2025:13:24:02 +0200] "GET /:8080/\xe3\x83\x95\xe3\x83\xad\xe3\x83\xb3\xe3\x83\x88-\xe3\x82\xa8\xe3\x83\xb3\xe3\x83\x91\xe3\x82\xb7\xe3\x83\xbc/.\xe7\x92\xb0\xe5\xa2\x83 HTTP/1.1" 404 331 "-" "Mozilla/5.0 (Windows NT 10.0; Win64; x64) AppleWebKit/537.36 (KHTML, like Gecko) Chrome/91.0.4472.124 Safari/537.36"
185.177.72.236 - - [24/Jun/2025:13:24:02 +0200] "GET /:5601/data/ambienzinho.bak HTTP/1.1" 404 297 "-" "Mozilla/5.0 (Windows NT 10.0; Win64; x64) AppleWebKit/537.36 (KHTML, like Gecko) Chrome/91.0.4472.124 Safari/537.36"
185.177.72.236 - - [24/Jun/2025:13:24:03 +0200] "GET /:8080/\xe3\x82\xa8\xe3\x83\xa9\xe3\x83\xbc/ HTTP/1.1" 404 300 "-" "Mozilla/5.0 (Windows NT 10.0; Win64; x64) AppleWebKit/537.36 (KHTML, like Gecko) Chrome/91.0.4472.124 Safari/537.36"
185.177.72.236 - - [24/Jun/2025:13:24:03 +0200] "GET /config/environments/development.rb HTTP/1.1" 404 300 "-" "Mozilla/5.0 (Windows NT 10.0; Win64; x64) AppleWebKit/537.36 (KHTML, like Gecko) Chrome/91.0.4472.124 Safari/537.36"
185.177.72.236 - - [24/Jun/2025:13:24:04 +0200] "GET /admin/tmp/wp-config.bak HTTP/1.1" 404 295 "-" "Mozilla/5.0 (Windows NT 10.0; Win64; x64) AppleWebKit/537.36 (KHTML, like Gecko) Chrome/91.0.4472.124 Safari/537.36"
185.177.72.236 - - [24/Jun/2025:13:24:04 +0200] "GET /:8008/_\xe3\x83\x97\xe3\x83\xad\xe3\x83\x95\xe3\x82\xa1\xe3\x82\xa4\xe3\x83\xa9\xe3\x83\xbc/php\xe6\x83\x85\xe5\xa0\xb1 HTTP/1.1" 404 328 "-" "Mozilla/5.0 (Windows NT 10.0; Win64; x64) AppleWebKit/537.36 (KHTML, like Gecko) Chrome/91.0.4472.124 Safari/537.36"
185.177.72.236 - - [24/Jun/2025:13:24:05 +0200] "GET /admin/config/index.ts HTTP/1.1" 404 292 "-" "Mozilla/5.0 (Windows NT 10.0; Win64; x64) AppleWebKit/537.36 (KHTML, like Gecko) Chrome/91.0.4472.124 Safari/537.36"
185.177.72.236 - - [24/Jun/2025:13:24:05 +0200] "GET /config/php/settings.txt HTTP/1.1" 404 294 "-" "Mozilla/5.0 (Windows NT 10.0; Win64; x64) AppleWebKit/537.36 (KHTML, like Gecko) Chrome/91.0.4472.124 Safari/537.36"
185.177.72.236 - - [24/Jun/2025:13:24:06 +0200] "GET /core/old/default.yaml HTTP/1.1" 404 291 "-" "Mozilla/5.0 (Windows NT 10.0; Win64; x64) AppleWebKit/537.36 (KHTML, like Gecko) Chrome/91.0.4472.124 Safari/537.36"
185.177.72.236 - - [24/Jun/2025:13:24:06 +0200] "GET /admin/db/debug.json HTTP/1.1" 404 290 "-" "Mozilla/5.0 (Windows NT 10.0; Win64; x64) AppleWebKit/537.36 (KHTML, like Gecko) Chrome/91.0.4472.124 Safari/537.36"
185.177.72.236 - - [24/Jun/2025:13:24:07 +0200] "GET /core/backup/test.yaml HTTP/1.1" 404 292 "-" "Mozilla/5.0 (Windows NT 10.0; Win64; x64) AppleWebKit/537.36 (KHTML, like Gecko) Chrome/91.0.4472.124 Safari/537.36"
185.177.72.236 - - [24/Jun/2025:13:24:07 +0200] "GET /config/static/site.js HTTP/1.1" 404 292 "-" "Mozilla/5.0 (Windows NT 10.0; Win64; x64) AppleWebKit/537.36 (KHTML, like Gecko) Chrome/91.0.4472.124 Safari/537.36"
185.177.72.236 - - [24/Jun/2025:13:24:08 +0200] "GET /api/secrets/db.txt HTTP/1.1" 404 289 "-" "Mozilla/5.0 (Windows NT 10.0; Win64; x64) AppleWebKit/537.36 (KHTML, like Gecko) Chrome/91.0.4472.124 Safari/537.36"
185.177.72.236 - - [24/Jun/2025:13:24:08 +0200] "GET /cms/lara/phpinfo.php HTTP/1.1" 404 290 "-" "Mozilla/5.0 (Windows NT 10.0; Win64; x64) AppleWebKit/537.36 (KHTML, like Gecko) Chrome/91.0.4472.124 Safari/537.36"
185.177.72.236 - - [24/Jun/2025:13:24:09 +0200] "GET /:8008/symfony/phpinfo.php HTTP/1.1" 404 296 "-" "Mozilla/5.0 (Windows NT 10.0; Win64; x64) AppleWebKit/537.36 (KHTML, like Gecko) Chrome/91.0.4472.124 Safari/537.36"
185.177.72.236 - - [24/Jun/2025:13:24:09 +0200] "GET /:8880/settings.yml HTTP/1.1" 404 291 "-" "Mozilla/5.0 (Windows NT 10.0; Win64; x64) AppleWebKit/537.36 (KHTML, like Gecko) Chrome/91.0.4472.124 Safari/537.36"
185.177.72.236 - - [24/Jun/2025:13:24:10 +0200] "GET /:8443/\xe3\x83\xad\xe3\x82\xb0 HTTP/1.1" 404 296 "-" "Mozilla/5.0 (Windows NT 10.0; Win64; x64) AppleWebKit/537.36 (KHTML, like Gecko) Chrome/91.0.4472.124 Safari/537.36"
185.177.72.236 - - [24/Jun/2025:13:24:10 +0200] "GET /:10000/server HTTP/1.1" 404 283 "-" "Mozilla/5.0 (Windows NT 10.0; Win64; x64) AppleWebKit/537.36 (KHTML, like Gecko) Chrome/91.0.4472.124 Safari/537.36"
185.177.72.236 - - [24/Jun/2025:13:24:11 +0200] "GET /admin/keys/settings.js HTTP/1.1" 404 293 "-" "Mozilla/5.0 (Windows NT 10.0; Win64; x64) AppleWebKit/537.36 (KHTML, like Gecko) Chrome/91.0.4472.124 Safari/537.36"
185.177.72.236 - - [24/Jun/2025:13:24:12 +0200] "GET /config/old/info.old HTTP/1.1" 404 290 "-" "Mozilla/5.0 (Windows NT 10.0; Win64; x64) AppleWebKit/537.36 (KHTML, like Gecko) Chrome/91.0.4472.124 Safari/537.36"
185.177.72.236 - - [24/Jun/2025:13:24:12 +0200] "GET /higlass-website/.env HTTP/1.1" 404 291 "-" "Mozilla/5.0 (Windows NT 10.0; Win64; x64) AppleWebKit/537.36 (KHTML, like Gecko) Chrome/91.0.4472.124 Safari/537.36"
185.177.72.236 - - [24/Jun/2025:13:24:13 +0200] "GET /core/json/db.js HTTP/1.1" 404 288 "-" "Mozilla/5.0 (Windows NT 10.0; Win64; x64) AppleWebKit/537.36 (KHTML, like Gecko) Chrome/91.0.4472.124 Safari/537.36"
185.177.72.236 - - [24/Jun/2025:13:24:13 +0200] "GET /config/secrets/log.php HTTP/1.1" 404 293 "-" "Mozilla/5.0 (Windows NT 10.0; Win64; x64) AppleWebKit/537.36 (KHTML, like Gecko) Chrome/91.0.4472.124 Safari/537.36"
185.177.72.236 - - [24/Jun/2025:13:24:14 +0200] "GET /\xe3\x82\xb9\xe3\x83\x86\xe3\x83\xbc\xe3\x82\xb8/api/php\xe6\x83\x85\xe5\xa0\xb1.php HTTP/1.1" 404 316 "-" "Mozilla/5.0 (Windows NT 10.0; Win64; x64) AppleWebKit/537.36 (KHTML, like Gecko) Chrome/91.0.4472.124 Safari/537.36"
185.177.72.236 - - [24/Jun/2025:13:24:14 +0200] "GET /core/keys/secret.cfg HTTP/1.1" 404 292 "-" "Mozilla/5.0 (Windows NT 10.0; Win64; x64) AppleWebKit/537.36 (KHTML, like Gecko) Chrome/91.0.4472.124 Safari/537.36"
185.177.72.236 - - [24/Jun/2025:13:24:15 +0200] "GET /p.php HTTP/1.1" 404 280 "-" "Mozilla/5.0 (Windows NT 10.0; Win64; x64) AppleWebKit/537.36 (KHTML, like Gecko) Chrome/91.0.4472.124 Safari/537.36"
185.177.72.236 - - [24/Jun/2025:13:24:15 +0200] "GET /settings.php.dist HTTP/1.1" 404 289 "-" "Mozilla/5.0 (Windows NT 10.0; Win64; x64) AppleWebKit/537.36 (KHTML, like Gecko) Chrome/91.0.4472.124 Safari/537.36"
185.177.72.236 - - [24/Jun/2025:13:24:16 +0200] "GET /configurationtion/aws-credentials.php HTTP/1.1" 404 302 "-" "Mozilla/5.0 (Windows NT 10.0; Win64; x64) AppleWebKit/537.36 (KHTML, like Gecko) Chrome/91.0.4472.124 Safari/537.36"
185.177.72.236 - - [24/Jun/2025:13:24:16 +0200] "GET /api/secrets/wp-config.zip HTTP/1.1" 404 296 "-" "Mozilla/5.0 (Windows NT 10.0; Win64; x64) AppleWebKit/537.36 (KHTML, like Gecko) Chrome/91.0.4472.124 Safari/537.36"
185.177.72.236 - - [24/Jun/2025:13:24:17 +0200] "GET /:8880/\xe3\x83\x9e\xe3\x83\xbc\xe3\x82\xb1\xe3\x83\x83\xe3\x83\x88/\xe9\x96\x8b\xe7\x99\xba/php\xe6\x83\x85\xe5\xa0\xb1.php HTTP/1.1" 404 331 "-" "Mozilla/5.0 (Windows NT 10.0; Win64; x64) AppleWebKit/537.36 (KHTML, like Gecko) Chrome/91.0.4472.124 Safari/537.36"
185.177.72.236 - - [24/Jun/2025:13:24:29 +0200] "GET /api/static/default.xml HTTP/1.1" 404 293 "-" "Mozilla/5.0 (Windows NT 10.0; Win64; x64) AppleWebKit/537.36 (KHTML, like Gecko) Chrome/91.0.4472.124 Safari/537.36"
178.115.58.73 - - [24/Jun/2025:13:24:29 +0200] "GET /entry.php?id=10271&&ser=764209 HTTP/1.1" 200 987 "http://hausegger.activities.at/entry.php?id=10271&&ser=764147" "Mozilla/5.0 (Windows NT 10.0; Win64; x64; rv:139.0) Gecko/20100101 Firefox/139.0"
178.115.58.73 - - [24/Jun/2025:13:24:29 +0200] "GET /gui/javascript/form_form.js?1750764269 HTTP/1.1" 200 16206 "http://hausegger.activities.at/entry.php?id=10271&&ser=764209" "Mozilla/5.0 (Windows NT 10.0; Win64; x64; rv:139.0) Gecko/20100101 Firefox/139.0"
185.177.72.236 - - [24/Jun/2025:13:24:29 +0200] "GET /api/php/login.env HTTP/1.1" 404 289 "-" "Mozilla/5.0 (Windows NT 10.0; Win64; x64) AppleWebKit/537.36 (KHTML, like Gecko) Chrome/91.0.4472.124 Safari/537.36"
